80.123.221.50 - - [26/Sep/2017:11:37:09 +0200] "GET /loadthumbnail.php?id=11342067&width=113 HTTP/1.1" 200 21913 "http://renault.2web.at/result?dir=DESC&mode=grid&order=name&limit=15&page=2&search=ZOE" "Mozilla/5.0 (Windows NT 6.1; WOW64; rv:55.0) Gecko/20100101 Firefox/55.0"
193.194.132.78 - - [26/Sep/2017:11:37:30 +0200] "GET /reload?ser=1506418650489 HTTP/1.1" 200 28 "http://renault.2web.at/account?loadrequest=true" "Mozilla/5.0 (Windows NT 6.1; WOW64; Trident/7.0; rv:11.0) like Gecko"
80.123.221.50 - - [26/Sep/2017:11:37:54 +0200] "GET /css/themes/alphacube/top_mid.gif HTTP/1.1" 200 833 "http://renault.2web.at/css/themes/alphacube.css" "Mozilla/5.0 (Windows NT 6.1; WOW64; rv:55.0) Gecko/20100101 Firefox/55.0"
80.123.221.50 - - [26/Sep/2017:11:37:54 +0200] "GET /css/themes/alphacube/bottom_middle.gif HTTP/1.1" 200 44 "http://renault.2web.at/css/themes/alphacube.css" "Mozilla/5.0 (Windows NT 6.1; WOW64; rv:55.0) Gecko/20100101 Firefox/55.0"
80.123.221.50 - - [26/Sep/2017:11:37:54 +0200] "GET /css/themes/alphacube/frame_right.gif HTTP/1.1" 200 64 "http://renault.2web.at/css/themes/alphacube.css" "Mozilla/5.0 (Windows NT 6.1; WOW64; rv:55.0) Gecko/20100101 Firefox/55.0"
80.123.221.50 - - [26/Sep/2017:11:37:54 +0200] "GET /css/themes/alphacube/frame_left.gif HTTP/1.1" 200 64 "http://renault.2web.at/css/themes/alphacube.css" "Mozilla/5.0 (Windows NT 6.1; WOW64; rv:55.0) Gecko/20100101 Firefox/55.0"
80.123.221.50 - - [26/Sep/2017:11:37:54 +0200] "GET /css/themes/alphacube/button-close-focus.gif HTTP/1.1" 200 699 "http://renault.2web.at/css/themes/alphacube.css" "Mozilla/5.0 (Windows NT 6.1; WOW64; rv:55.0) Gecko/20100101 Firefox/55.0"
80.123.221.50 - - [26/Sep/2017:11:37:54 +0200] "GET /css/themes/alphacube/top_right.gif HTTP/1.1" 200 972 "http://renault.2web.at/css/themes/alphacube.css" "Mozilla/5.0 (Windows NT 6.1; WOW64; rv:55.0) Gecko/20100101 Firefox/55.0"
80.123.221.50 - - [26/Sep/2017:11:37:54 +0200] "GET /css/themes/alphacube/bottom_left-c.gif HTTP/1.1" 200 62 "http://renault.2web.at/css/themes/alphacube.css" "Mozilla/5.0 (Windows NT 6.1; WOW64; rv:55.0) Gecko/20100101 Firefox/55.0"
80.123.221.50 - - [26/Sep/2017:11:37:54 +0200] "GET /css/themes/alphacube/bottom_right-c.gif HTTP/1.1" 200 62 "http://renault.2web.at/css/themes/alphacube.css" "Mozilla/5.0 (Windows NT 6.1; WOW64; rv:55.0) Gecko/20100101 Firefox/55.0"
80.123.221.50 - - [26/Sep/2017:11:37:54 +0200] "GET /css/themes/alphacube/top_left.gif HTTP/1.1" 200 973 "http://renault.2web.at/css/themes/alphacube.css" "Mozilla/5.0 (Windows NT 6.1; WOW64; rv:55.0) Gecko/20100101 Firefox/55.0"
80.123.221.50 - - [26/Sep/2017:11:37:54 +0200] "GET /11351108?print=true HTTP/1.1" 200 2638 "http://renault.2web.at/result?dir=DESC&mode=grid&order=name&limit=15&page=2&search=ZOE" "Mozilla/5.0 (Windows NT 6.1; WOW64; rv:55.0) Gecko/20100101 Firefox/55.0"
80.123.221.50 - - [26/Sep/2017:11:37:57 +0200] "GET /js/magiczoom/magiczoom.css HTTP/1.1" 304 - "http://renault.2web.at/11351108?print=true" "Mozilla/5.0 (Windows NT 6.1; WOW64; rv:55.0) Gecko/20100101 Firefox/55.0"
80.123.221.50 - - [26/Sep/2017:11:37:57 +0200] "GET /js/Produkt.js HTTP/1.1" 304 - "http://renault.2web.at/11351108?print=true" "Mozilla/5.0 (Windows NT 6.1; WOW64; rv:55.0) Gecko/20100101 Firefox/55.0"
80.123.221.50 - - [26/Sep/2017:11:37:57 +0200] "GET /js/magiczoom/magiczoom.js HTTP/1.1" 304 - "http://renault.2web.at/11351108?print=true" "Mozilla/5.0 (Windows NT 6.1; WOW64; rv:55.0) Gecko/20100101 Firefox/55.0"
80.123.221.50 - - [26/Sep/2017:11:37:57 +0200] "GET /loadthumbnail.php?id=11361004&width=250 HTTP/1.1" 200 9799 "http://renault.2web.at/11351108?print=true" "Mozilla/5.0 (Windows NT 6.1; WOW64; rv:55.0) Gecko/20100101 Firefox/55.0"
80.123.221.50 - - [26/Sep/2017:11:37:57 +0200] "GET /loadthumbnail.php?id=11361004&width=250 HTTP/1.1" 200 9799 "http://renault.2web.at/11351108?print=true" "Mozilla/5.0 (Windows NT 6.1; WOW64; rv:55.0) Gecko/20100101 Firefox/55.0"
80.123.221.50 - - [26/Sep/2017:11:37:57 +0200] "GET /loadthumbnail.php?id=11361004&width=900&height=900 HTTP/1.1" 200 74403 "http://renault.2web.at/11351108?print=true" "Mozilla/5.0 (Windows NT 6.1; WOW64; rv:55.0) Gecko/20100101 Firefox/55.0"
80.123.221.50 - - [26/Sep/2017:11:37:58 +0200] "GET /js/magiczoom/graphics/hint.gif HTTP/1.1" 304 - "http://renault.2web.at/js/magiczoom/magiczoom.css" "Mozilla/5.0 (Windows NT 6.1; WOW64; rv:55.0) Gecko/20100101 Firefox/55.0"
80.123.221.50 - - [26/Sep/2017:11:37:58 +0200] "GET /js/magiczoom/graphics/zoomin.cur HTTP/1.1" 304 - "http://renault.2web.at/js/magiczoom/magiczoom.css" "Mozilla/5.0 (Windows NT 6.1; WOW64; rv:55.0) Gecko/20100101 Firefox/55.0"
80.123.221.50 - - [26/Sep/2017:11:38:10 +0200] "GET /reload?ser=1506418691900 HTTP/1.1" 200 28 "http://renault.2web.at/result?dir=DESC&mode=grid&order=name&limit=15&page=2&search=ZOE" "Mozilla/5.0 (Windows NT 6.1; WOW64; rv:55.0) Gecko/20100101 Firefox/55.0"
80.123.221.50 - - [26/Sep/2017:11:38:12 +0200] "POST /axjaxrequest?mode=suggest HTTP/1.1" 200 129 "http://renault.2web.at/result?dir=DESC&mode=grid&order=name&limit=15&page=2&search=ZOE" "Mozilla/5.0 (Windows NT 6.1; WOW64; rv:55.0) Gecko/20100101 Firefox/55.0"
80.123.221.50 - - [26/Sep/2017:11:38:14 +0200] "POST /axjaxrequest?mode=suggest HTTP/1.1" 200 108 "http://renault.2web.at/result?dir=DESC&mode=grid&order=name&limit=15&page=2&search=ZOE" "Mozilla/5.0 (Windows NT 6.1; WOW64; rv:55.0) Gecko/20100101 Firefox/55.0"
80.123.221.50 - - [26/Sep/2017:11:38:14 +0200] "GET /result?searchterm=true&search=ZOE+z HTTP/1.1" 200 9218 "http://renault.2web.at/result?dir=DESC&mode=grid&order=name&limit=15&page=2&search=ZOE" "Mozilla/5.0 (Windows NT 6.1; WOW64; rv:55.0) Gecko/20100101 Firefox/55.0"
193.194.132.79 - - [26/Sep/2017:11:38:26 +0200] "GET / HTTP/1.1" 200 3749 "-" "Mozilla/5.0 (Windows NT 6.1; WOW64; Trident/7.0; rv:11.0) like Gecko"
193.194.132.79 - - [26/Sep/2017:11:38:27 +0200] "GET /js/flashdetection.js HTTP/1.1" 200 1059 "http://renault.2web.at/" "Mozilla/5.0 (Windows NT 6.1; WOW64; Trident/7.0; rv:11.0) like Gecko"
193.194.132.79 - - [26/Sep/2017:11:38:27 +0200] "GET /js/default.js HTTP/1.1" 200 14698 "http://renault.2web.at/" "Mozilla/5.0 (Windows NT 6.1; WOW64; Trident/7.0; rv:11.0) like Gecko"
193.194.132.79 - - [26/Sep/2017:11:38:27 +0200] "GET /css/clears.css HTTP/1.1" 200 851 "http://renault.2web.at/" "Mozilla/5.0 (Windows NT 6.1; WOW64; Trident/7.0; rv:11.0) like Gecko"
193.194.132.79 - - [26/Sep/2017:11:38:27 +0200] "GET /js/checkout.css HTTP/1.1" 200 359 "http://renault.2web.at/" "Mozilla/5.0 (Windows NT 6.1; WOW64; Trident/7.0; rv:11.0) like Gecko"
193.194.132.79 - - [26/Sep/2017:11:38:27 +0200] "GET /css/reset.css HTTP/1.1" 200 1356 "http://renault.2web.at/" "Mozilla/5.0 (Windows NT 6.1; WOW64; Trident/7.0; rv:11.0) like Gecko"
193.194.132.79 - - [26/Sep/2017:11:38:27 +0200] "GET /css/prototip.css HTTP/1.1" 200 968 "http://renault.2web.at/" "Mozilla/5.0 (Windows NT 6.1; WOW64; Trident/7.0; rv:11.0) like Gecko"
193.194.132.79 - - [26/Sep/2017:11:38:27 +0200] "GET /css/styles.css HTTP/1.1" 200 14664 "http://renault.2web.at/" "Mozilla/5.0 (Windows NT 6.1; WOW64; Trident/7.0; rv:11.0) like Gecko"
193.194.132.79 - - [26/Sep/2017:11:38:27 +0200] "GET /css/print.css HTTP/1.1" 200 543 "http://renault.2web.at/" "Mozilla/5.0 (Windows NT 6.1; WOW64; Trident/7.0; rv:11.0) like Gecko"
193.194.132.79 - - [26/Sep/2017:11:38:27 +0200] "GET /css/themes/alphacube.css HTTP/1.1" 200 743 "http://renault.2web.at/" "Mozilla/5.0 (Windows NT 6.1; WOW64; Trident/7.0; rv:11.0) like Gecko"
193.194.132.79 - - [26/Sep/2017:11:38:27 +0200] "GET /css/themes/default.css HTTP/1.1" 200 769 "http://renault.2web.at/" "Mozilla/5.0 (Windows NT 6.1; WOW64; Trident/7.0; rv:11.0) like Gecko"
193.194.132.79 - - [26/Sep/2017:11:38:27 +0200] "GET /js/index.php?c=auto&f=,prototype/prototype.js,prototype/validation.js,scriptaculous/builder.js,scriptaculous/effects.js,scriptaculous/dragdrop.js,scriptaculous/controls.js,scriptaculous/slider.js,varien/js.js,varien/form.js,varien/menu.js,mage/translate.js,mage/cookies.js,varien/product.js,spinner/SpinnerControl.jsmin.js,prototype/window.js,prototype/window_ext.js HTTP/1.1" 200 94182 "http://renault.2web.at/" "Mozilla/5.0 (Windows NT 6.1; WOW64; Trident/7.0; rv:11.0) like Gecko"
193.194.132.79 - - [26/Sep/2017:11:38:28 +0200] "GET /images/main_block_border.gif HTTP/1.1" 200 43 "http://renault.2web.at/" "Mozilla/5.0 (Windows NT 6.1; WOW64; Trident/7.0; rv:11.0) like Gecko"
193.194.132.79 - - [26/Sep/2017:11:38:28 +0200] "GET /images/main_block_corner_left_bot.gif HTTP/1.1" 200 159 "http://renault.2web.at/" "Mozilla/5.0 (Windows NT 6.1; WOW64; Trident/7.0; rv:11.0) like Gecko"
193.194.132.79 - - [26/Sep/2017:11:38:28 +0200] "GET /images/main_block_corner_right_bot.gif HTTP/1.1" 200 158 "http://renault.2web.at/" "Mozilla/5.0 (Windows NT 6.1; WOW64; Trident/7.0; rv:11.0) like Gecko"
193.194.132.79 - - [26/Sep/2017:11:38:28 +0200] "GET /images/header_block_corner_left_top.gif HTTP/1.1" 200 160 "http://renault.2web.at/" "Mozilla/5.0 (Windows NT 6.1; WOW64; Trident/7.0; rv:11.0) like Gecko"
193.194.132.79 - - [26/Sep/2017:11:38:28 +0200] "GET /images/header_block_border.gif HTTP/1.1" 200 43 "http://renault.2web.at/" "Mozilla/5.0 (Windows NT 6.1; WOW64; Trident/7.0; rv:11.0) like Gecko"
193.194.132.79 - - [26/Sep/2017:11:38:28 +0200] "GET /images/title_border.jpg HTTP/1.1" 200 304 "http://renault.2web.at/" "Mozilla/5.0 (Windows NT 6.1; WOW64; Trident/7.0; rv:11.0) like Gecko"
193.194.132.79 - - [26/Sep/2017:11:38:28 +0200] "GET /images/header_block_corner_right_top.gif HTTP/1.1" 200 160 "http://renault.2web.at/" "Mozilla/5.0 (Windows NT 6.1; WOW64; Trident/7.0; rv:11.0) like Gecko"
193.194.132.79 - - [26/Sep/2017:11:38:28 +0200] "GET /images/main_block_corner_left_top.gif HTTP/1.1" 200 159 "http://renault.2web.at/" "Mozilla/5.0 (Windows NT 6.1; WOW64; Trident/7.0; rv:11.0) like Gecko"
193.194.132.79 - - [26/Sep/2017:11:38:28 +0200] "GET /images/title_border_top.jpg HTTP/1.1" 200 336 "http://renault.2web.at/" "Mozilla/5.0 (Windows NT 6.1; WOW64; Trident/7.0; rv:11.0) like Gecko"
193.194.132.79 - - [26/Sep/2017:11:38:28 +0200] "GET /images/main_block_corner_right_top.gif HTTP/1.1" 200 159 "http://renault.2web.at/" "Mozilla/5.0 (Windows NT 6.1; WOW64; Trident/7.0; rv:11.0) like Gecko"
193.194.132.79 - - [26/Sep/2017:11:38:28 +0200] "GET /images/title_corner_left_top.jpg HTTP/1.1" 200 372 "http://renault.2web.at/" "Mozilla/5.0 (Windows NT 6.1; WOW64; Trident/7.0; rv:11.0) like Gecko"
193.194.132.79 - - [26/Sep/2017:11:38:28 +0200] "GET /images/title_corner_right_top.jpg HTTP/1.1" 200 389 "http://renault.2web.at/" "Mozilla/5.0 (Windows NT 6.1; WOW64; Trident/7.0; rv:11.0) like Gecko"
193.194.132.79 - - [26/Sep/2017:11:38:28 +0200] "GET /loadthumbnail.php?id=11127982 HTTP/1.1" 200 399614 "http://renault.2web.at/" "Mozilla/5.0 (Windows NT 6.1; WOW64; Trident/7.0; rv:11.0) like Gecko"
193.194.132.78 - - [26/Sep/2017:11:38:31 +0200] "GET /reload?ser=1506418711637 HTTP/1.1" 200 28 "http://renault.2web.at/account?loadrequest=true" "Mozilla/5.0 (Windows NT 6.1; WOW64; Trident/7.0; rv:11.0) like Gecko"
80.123.221.50 - - [26/Sep/2017:11:38:30 +0200] "GET /result?dir=DESC&mode=grid&order=name&limit=15&page=2&search=ZOE%20z HTTP/1.1" 200 8032 "http://renault.2web.at/result?searchterm=true&search=ZOE+z" "Mozilla/5.0 (Windows NT 6.1; WOW64; rv:55.0) Gecko/20100101 Firefox/55.0"
193.194.132.79 - - [26/Sep/2017:11:38:41 +0200] "GET /login HTTP/1.1" 200 2086 "http://renault.2web.at/" "Mozilla/5.0 (Windows NT 6.1; WOW64; Trident/7.0; rv:11.0) like Gecko"
193.194.132.79 - - [26/Sep/2017:11:38:42 +0200] "GET /images/button_bg.gif HTTP/1.1" 200 151 "http://renault.2web.at/login" "Mozilla/5.0 (Windows NT 6.1; WOW64; Trident/7.0; rv:11.0) like Gecko"
193.194.132.79 - - [26/Sep/2017:11:38:42 +0200] "GET /images/button_left_bg.gif HTTP/1.1" 200 564 "http://renault.2web.at/login" "Mozilla/5.0 (Windows NT 6.1; WOW64; Trident/7.0; rv:11.0) like Gecko"
193.194.132.79 - - [26/Sep/2017:11:38:42 +0200] "GET /images/button_right_bg.gif HTTP/1.1" 200 561 "http://renault.2web.at/login" "Mozilla/5.0 (Windows NT 6.1; WOW64; Trident/7.0; rv:11.0) like Gecko"
193.194.132.79 - - [26/Sep/2017:11:39:04 +0200] "POST /login HTTP/1.1" 302 137 "http://renault.2web.at/login" "Mozilla/5.0 (Windows NT 6.1; WOW64; Trident/7.0; rv:11.0) like Gecko"
193.194.132.79 - - [26/Sep/2017:11:39:06 +0200] "GET /account HTTP/1.1" 200 6852 "http://renault.2web.at/login" "Mozilla/5.0 (Windows NT 6.1; WOW64; Trident/7.0; rv:11.0) like Gecko"
193.194.132.79 - - [26/Sep/2017:11:39:09 +0200] "GET /js/account.js HTTP/1.1" 200 953 "http://renault.2web.at/account" "Mozilla/5.0 (Windows NT 6.1; WOW64; Trident/7.0; rv:11.0) like Gecko"
193.194.132.79 - - [26/Sep/2017:11:39:10 +0200] "GET /images/ajax_loading.gif HTTP/1.1" 200 1542 "http://renault.2web.at/account" "Mozilla/5.0 (Windows NT 6.1; WOW64; Trident/7.0; rv:11.0) like Gecko"
193.194.132.79 - - [26/Sep/2017:11:39:10 +0200] "GET /images/search_bg.gif HTTP/1.1" 200 1726 "http://renault.2web.at/account" "Mozilla/5.0 (Windows NT 6.1; WOW64; Trident/7.0; rv:11.0) like Gecko"
193.194.132.79 - - [26/Sep/2017:11:39:10 +0200] "GET /images/top_links_divider.gif HTTP/1.1" 200 44 "http://renault.2web.at/account" "Mozilla/5.0 (Windows NT 6.1; WOW64; Trident/7.0; rv:11.0) like Gecko"
193.194.132.79 - - [26/Sep/2017:11:39:10 +0200] "GET /images/menu_button_bg.jpg HTTP/1.1" 200 322 "http://renault.2web.at/account" "Mozilla/5.0 (Windows NT 6.1; WOW64; Trident/7.0; rv:11.0) like Gecko"
193.194.132.79 - - [26/Sep/2017:11:39:10 +0200] "GET /images/menu_divider.gif HTTP/1.1" 200 176 "http://renault.2web.at/account" "Mozilla/5.0 (Windows NT 6.1; WOW64; Trident/7.0; rv:11.0) like Gecko"
193.194.132.79 - - [26/Sep/2017:11:39:10 +0200] "GET /images/nav_divider.gif HTTP/1.1" 200 43 "http://renault.2web.at/account" "Mozilla/5.0 (Windows NT 6.1; WOW64; Trident/7.0; rv:11.0) like Gecko"
193.194.132.79 - - [26/Sep/2017:11:39:10 +0200] "GET /images/sidebar_title_corner_right_top.gif HTTP/1.1" 200 383 "http://renault.2web.at/account" "Mozilla/5.0 (Windows NT 6.1; WOW64; Trident/7.0; rv:11.0) like Gecko"
193.194.132.79 - - [26/Sep/2017:11:39:10 +0200] "GET /images/sidebar_title_border.gif HTTP/1.1" 200 43 "http://renault.2web.at/account" "Mozilla/5.0 (Windows NT 6.1; WOW64; Trident/7.0; rv:11.0) like Gecko"
193.194.132.79 - - [26/Sep/2017:11:39:10 +0200] "GET /images/sidebar_title_border_top.gif HTTP/1.1" 200 155 "http://renault.2web.at/account" "Mozilla/5.0 (Windows NT 6.1; WOW64; Trident/7.0; rv:11.0) like Gecko"
193.194.132.79 - - [26/Sep/2017:11:39:10 +0200] "GET /images/sidebar_title_corner_left_top.gif HTTP/1.1" 200 1124 "http://renault.2web.at/account" "Mozilla/5.0 (Windows NT 6.1; WOW64; Trident/7.0; rv:11.0) like Gecko"
193.194.132.79 - - [26/Sep/2017:11:39:10 +0200] "GET /images/reset_bg.gif HTTP/1.1" 200 785 "http://renault.2web.at/account" "Mozilla/5.0 (Windows NT 6.1; WOW64; Trident/7.0; rv:11.0) like Gecko"
193.194.132.79 - - [26/Sep/2017:11:39:10 +0200] "GET /images/validation_advice_bg.gif HTTP/1.1" 200 134 "http://renault.2web.at/account" "Mozilla/5.0 (Windows NT 6.1; WOW64; Trident/7.0; rv:11.0) like Gecko"
193.194.132.79 - - [26/Sep/2017:11:39:10 +0200] "GET /images/footer_divider.gif HTTP/1.1" 200 44 "http://renault.2web.at/account" "Mozilla/5.0 (Windows NT 6.1; WOW64; Trident/7.0; rv:11.0) like Gecko"
193.194.132.79 - - [26/Sep/2017:11:39:10 +0200] "GET /loadthumbnail.php?id=10624996&width=50&height=50 HTTP/1.1" 200 1479 "http://renault.2web.at/account" "Mozilla/5.0 (Windows NT 6.1; WOW64; Trident/7.0; rv:11.0) like Gecko"
193.194.132.79 - - [26/Sep/2017:11:39:22 +0200] "GET /10201442 HTTP/1.1" 200 8954 "http://renault.2web.at/account" "Mozilla/5.0 (Windows NT 6.1; WOW64; Trident/7.0; rv:11.0) like Gecko"
193.194.132.79 - - [26/Sep/2017:11:39:26 +0200] "GET /js/prototip.js HTTP/1.1" 200 4588 "http://renault.2web.at/10201442" "Mozilla/5.0 (Windows NT 6.1; WOW64; Trident/7.0; rv:11.0) like Gecko"
193.194.132.79 - - [26/Sep/2017:11:39:26 +0200] "GET /js/ProduktGrp.js HTTP/1.1" 200 1569 "http://renault.2web.at/10201442" "Mozilla/5.0 (Windows NT 6.1; WOW64; Trident/7.0; rv:11.0) like Gecko"
193.194.132.79 - - [26/Sep/2017:11:39:26 +0200] "GET /images/loading.gif HTTP/1.1" 200 3208 "http://renault.2web.at/10201442" "Mozilla/5.0 (Windows NT 6.1; WOW64; Trident/7.0; rv:11.0) like Gecko"
193.194.132.79 - - [26/Sep/2017:11:39:26 +0200] "GET /loadthumbnail.php?id=10203255 HTTP/1.1" 200 137 "http://renault.2web.at/10201442" "Mozilla/5.0 (Windows NT 6.1; WOW64; Trident/7.0; rv:11.0) like Gecko"
193.194.132.79 - - [26/Sep/2017:11:39:26 +0200] "GET /loadthumbnail.php?id=11387762&width=113 HTTP/1.1" 200 5822 "http://renault.2web.at/10201442" "Mozilla/5.0 (Windows NT 6.1; WOW64; Trident/7.0; rv:11.0) like Gecko"
193.194.132.79 - - [26/Sep/2017:11:39:26 +0200] "GET /loadthumbnail.php?id=11387745&width=113 HTTP/1.1" 200 5645 "http://renault.2web.at/10201442" "Mozilla/5.0 (Windows NT 6.1; WOW64; Trident/7.0; rv:11.0) like Gecko"
193.194.132.79 - - [26/Sep/2017:11:39:26 +0200] "GET /loadthumbnail.php?id=10203276 HTTP/1.1" 200 75 "http://renault.2web.at/10201442" "Mozilla/5.0 (Windows NT 6.1; WOW64; Trident/7.0; rv:11.0) like Gecko"
193.194.132.79 - - [26/Sep/2017:11:39:26 +0200] "GET /loadthumbnail.php?id=11387737&width=113 HTTP/1.1" 200 6421 "http://renault.2web.at/10201442" "Mozilla/5.0 (Windows NT 6.1; WOW64; Trident/7.0; rv:11.0) like Gecko"
193.194.132.79 - - [26/Sep/2017:11:39:26 +0200] "GET /loadthumbnail.php?id=11387770&width=113 HTTP/1.1" 200 6670 "http://renault.2web.at/10201442" "Mozilla/5.0 (Windows NT 6.1; WOW64; Trident/7.0; rv:11.0) like Gecko"
193.194.132.79 - - [26/Sep/2017:11:39:26 +0200] "GET /loadthumbnail.php?id=11423572&width=113 HTTP/1.1" 200 5797 "http://renault.2web.at/10201442" "Mozilla/5.0 (Windows NT 6.1; WOW64; Trident/7.0; rv:11.0) like Gecko"
193.194.132.79 - - [26/Sep/2017:11:39:26 +0200] "GET /images/sub_title_bg.jpg HTTP/1.1" 200 314 "http://renault.2web.at/10201442" "Mozilla/5.0 (Windows NT 6.1; WOW64; Trident/7.0; rv:11.0) like Gecko"
193.194.132.79 - - [26/Sep/2017:11:39:26 +0200] "GET /loadthumbnail.php?id=11522269&width=113 HTTP/1.1" 200 33316 "http://renault.2web.at/10201442" "Mozilla/5.0 (Windows NT 6.1; WOW64; Trident/7.0; rv:11.0) like Gecko"
193.194.132.79 - - [26/Sep/2017:11:39:26 +0200] "GET /images/pager_bg.gif HTTP/1.1" 200 150 "http://renault.2web.at/10201442" "Mozilla/5.0 (Windows NT 6.1; WOW64; Trident/7.0; rv:11.0) like Gecko"
193.194.132.79 - - [26/Sep/2017:11:39:26 +0200] "GET /images/vista-up.gif HTTP/1.1" 200 131 "http://renault.2web.at/10201442" "Mozilla/5.0 (Windows NT 6.1; WOW64; Trident/7.0; rv:11.0) like Gecko"
193.194.132.79 - - [26/Sep/2017:11:39:26 +0200] "GET /images/vista-dn.gif HTTP/1.1" 200 128 "http://renault.2web.at/10201442" "Mozilla/5.0 (Windows NT 6.1; WOW64; Trident/7.0; rv:11.0) like Gecko"
193.194.132.79 - - [26/Sep/2017:11:39:26 +0200] "GET /loadthumbnail.php?id=11387758&width=113 HTTP/1.1" 200 6282 "http://renault.2web.at/10201442" "Mozilla/5.0 (Windows NT 6.1; WOW64; Trident/7.0; rv:11.0) like Gecko"
193.194.132.79 - - [26/Sep/2017:11:39:26 +0200] "GET /loadthumbnail.php?id=11423576&width=113 HTTP/1.1" 200 5647 "http://renault.2web.at/10201442" "Mozilla/5.0 (Windows NT 6.1; WOW64; Trident/7.0; rv:11.0) like Gecko"
193.194.132.79 - - [26/Sep/2017:11:39:26 +0200] "GET /loadthumbnail.php?id=11387741&width=113 HTTP/1.1" 200 6104 "http://renault.2web.at/10201442" "Mozilla/5.0 (Windows NT 6.1; WOW64; Trident/7.0; rv:11.0) like Gecko"
193.194.132.79 - - [26/Sep/2017:11:39:26 +0200] "GET /loadthumbnail.php?id=11387774&width=113 HTTP/1.1" 200 5957 "http://renault.2web.at/10201442" "Mozilla/5.0 (Windows NT 6.1; WOW64; Trident/7.0; rv:11.0) like Gecko"
193.194.132.79 - - [26/Sep/2017:11:39:26 +0200] "GET /loadthumbnail.php?id=11387778&width=113 HTTP/1.1" 200 6234 "http://renault.2web.at/10201442" "Mozilla/5.0 (Windows NT 6.1; WOW64; Trident/7.0; rv:11.0) like Gecko"
193.194.132.79 - - [26/Sep/2017:11:39:26 +0200] "GET /loadthumbnail.php?id=11423580&width=113 HTTP/1.1" 200 5704 "http://renault.2web.at/10201442" "Mozilla/5.0 (Windows NT 6.1; WOW64; Trident/7.0; rv:11.0) like Gecko"
193.194.132.79 - - [26/Sep/2017:11:39:26 +0200] "GET /loadthumbnail.php?id=11423584&width=113 HTTP/1.1" 200 5981 "http://renault.2web.at/10201442" "Mozilla/5.0 (Windows NT 6.1; WOW64; Trident/7.0; rv:11.0) like Gecko"
193.194.132.79 - - [26/Sep/2017:11:39:26 +0200] "GET /loadthumbnail.php?id=11387752&width=113 HTTP/1.1" 200 6332 "http://renault.2web.at/10201442" "Mozilla/5.0 (Windows NT 6.1; WOW64; Trident/7.0; rv:11.0) like Gecko"
193.194.132.79 - - [26/Sep/2017:11:39:26 +0200] "GET /loadthumbnail.php?id=11522274&width=113 HTTP/1.1" 200 32478 "http://renault.2web.at/10201442" "Mozilla/5.0 (Windows NT 6.1; WOW64; Trident/7.0; rv:11.0) like Gecko"
193.194.132.78 - - [26/Sep/2017:11:39:32 +0200] "GET /reload?ser=1506418772665 HTTP/1.1" 200 28 "http://renault.2web.at/account?loadrequest=true" "Mozilla/5.0 (Windows NT 6.1; WOW64; Trident/7.0; rv:11.0) like Gecko"
80.123.221.50 - - [26/Sep/2017:11:39:33 +0200] "GET /reload?ser=1506418774881 HTTP/1.1" 200 28 "http://renault.2web.at/result?dir=DESC&mode=grid&order=name&limit=15&page=2&search=ZOE%20z" "Mozilla/5.0 (Windows NT 6.1; WOW64; rv:55.0) Gecko/20100101 Firefox/55.0"
80.123.221.50 - - [26/Sep/2017:11:39:54 +0200] "POST /result?dir=DESC&mode=grid&order=name&limit=15&page=2&search=ZOE%20z HTTP/1.1" 200 8159 "http://renault.2web.at/result?dir=DESC&mode=grid&order=name&limit=15&page=2&search=ZOE%20z" "Mozilla/5.0 (Windows NT 6.1; WOW64; rv:55.0) Gecko/20100101 Firefox/55.0"
80.123.221.50 - - [26/Sep/2017:11:40:08 +0200] "POST /axjaxrequest?mode=suggest HTTP/1.1" 200 319 "http://renault.2web.at/result?dir=DESC&mode=grid&order=name&limit=15&page=2&search=ZOE%20z" "Mozilla/5.0 (Windows NT 6.1; WOW64; rv:55.0) Gecko/20100101 Firefox/55.0"
80.123.221.50 - - [26/Sep/2017:11:40:09 +0200] "POST /axjaxrequest?mode=suggest HTTP/1.1" 200 111 "http://renault.2web.at/result?dir=DESC&mode=grid&order=name&limit=15&page=2&search=ZOE%20z" "Mozilla/5.0 (Windows NT 6.1; WOW64; rv:55.0) Gecko/20100101 Firefox/55.0"
80.123.221.50 - - [26/Sep/2017:11:40:09 +0200] "POST /axjaxrequest?mode=suggest HTTP/1.1" 200 21 "http://renault.2web.at/result?dir=DESC&mode=grid&order=name&limit=15&page=2&search=ZOE%20z" "Mozilla/5.0 (Windows NT 6.1; WOW64; rv:55.0) Gecko/20100101 Firefox/55.0"
193.194.132.79 - - [26/Sep/2017:11:40:10 +0200] "GET /result?searchterm=true&search=POS892 HTTP/1.1" 200 6091 "http://renault.2web.at/10201442" "Mozilla/5.0 (Windows NT 6.1; WOW64; Trident/7.0; rv:11.0) like Gecko"
193.194.132.79 - - [26/Sep/2017:11:40:12 +0200] "GET /loadthumbnail.php?id=11543815&width=113 HTTP/1.1" 200 1975 "http://renault.2web.at/result?searchterm=true&search=POS892" "Mozilla/5.0 (Windows NT 6.1; WOW64; Trident/7.0; rv:11.0) like Gecko"
80.123.221.50 - - [26/Sep/2017:11:40:12 +0200] "POST /axjaxrequest?mode=suggest HTTP/1.1" 200 21 "http://renault.2web.at/result?dir=DESC&mode=grid&order=name&limit=15&page=2&search=ZOE%20z" "Mozilla/5.0 (Windows NT 6.1; WOW64; rv:55.0) Gecko/20100101 Firefox/55.0"
80.123.221.50 - - [26/Sep/2017:11:40:13 +0200] "POST /axjaxrequest?mode=suggest HTTP/1.1" 200 21 "http://renault.2web.at/result?dir=DESC&mode=grid&order=name&limit=15&page=2&search=ZOE%20z" "Mozilla/5.0 (Windows NT 6.1; WOW64; rv:55.0) Gecko/20100101 Firefox/55.0"
80.123.221.50 - - [26/Sep/2017:11:40:18 +0200] "POST /axjaxrequest?mode=suggest HTTP/1.1" 200 21 "http://renault.2web.at/result?dir=DESC&mode=grid&order=name&limit=15&page=2&search=ZOE%20z" "Mozilla/5.0 (Windows NT 6.1; WOW64; rv:55.0) Gecko/20100101 Firefox/55.0"
80.123.221.50 - - [26/Sep/2017:11:40:18 +0200] "GET /result?searchterm=true&search=kankoo+ze HTTP/1.1" 200 5489 "http://renault.2web.at/result?dir=DESC&mode=grid&order=name&limit=15&page=2&search=ZOE%20z" "Mozilla/5.0 (Windows NT 6.1; WOW64; rv:55.0) Gecko/20100101 Firefox/55.0"
80.123.221.50 - - [26/Sep/2017:11:40:25 +0200] "POST /axjaxrequest?mode=suggest HTTP/1.1" 200 21 "http://renault.2web.at/result?searchterm=true&search=kankoo+ze" "Mozilla/5.0 (Windows NT 6.1; WOW64; rv:55.0) Gecko/20100101 Firefox/55.0"
80.123.221.50 - - [26/Sep/2017:11:40:30 +0200] "POST /axjaxrequest?mode=suggest HTTP/1.1" 200 21 "http://renault.2web.at/result?searchterm=true&search=kankoo+ze" "Mozilla/5.0 (Windows NT 6.1; WOW64; rv:55.0) Gecko/20100101 Firefox/55.0"
80.123.221.50 - - [26/Sep/2017:11:40:31 +0200] "POST /axjaxrequest?mode=suggest HTTP/1.1" 200 111 "http://renault.2web.at/result?searchterm=true&search=kankoo+ze" "Mozilla/5.0 (Windows NT 6.1; WOW64; rv:55.0) Gecko/20100101 Firefox/55.0"
193.194.132.78 - - [26/Sep/2017:11:40:33 +0200] "GET /reload?ser=1506418833752 HTTP/1.1" 200 28 "http://renault.2web.at/account?loadrequest=true" "Mozilla/5.0 (Windows NT 6.1; WOW64; Trident/7.0; rv:11.0) like Gecko"
80.123.221.50 - - [26/Sep/2017:11:40:35 +0200] "GET /result?searchterm=true&search=Kangoo HTTP/1.1" 200 9229 "http://renault.2web.at/result?searchterm=true&search=kankoo+ze" "Mozilla/5.0 (Windows NT 6.1; WOW64; rv:55.0) Gecko/20100101 Firefox/55.0"
80.123.221.50 - - [26/Sep/2017:11:40:38 +0200] "GET /loadthumbnail.php?id=11186457&width=113 HTTP/1.1" 200 1278 "http://renault.2web.at/result?searchterm=true&search=Kangoo" "Mozilla/5.0 (Windows NT 6.1; WOW64; rv:55.0) Gecko/20100101 Firefox/55.0"
80.123.221.50 - - [26/Sep/2017:11:40:38 +0200] "GET /loadthumbnail.php?id=11194717&width=113 HTTP/1.1" 200 1278 "http://renault.2web.at/result?searchterm=true&search=Kangoo" "Mozilla/5.0 (Windows NT 6.1; WOW64; rv:55.0) Gecko/20100101 Firefox/55.0"
80.123.221.50 - - [26/Sep/2017:11:40:38 +0200] "GET /loadthumbnail.php?id=10259928&width=113 HTTP/1.1" 200 2768 "http://renault.2web.at/result?searchterm=true&search=Kangoo" "Mozilla/5.0 (Windows NT 6.1; WOW64; rv:55.0) Gecko/20100101 Firefox/55.0"
80.123.221.50 - - [26/Sep/2017:11:40:38 +0200] "GET /loadthumbnail.php?id=11186479&width=113 HTTP/1.1" 200 1083 "http://renault.2web.at/result?searchterm=true&search=Kangoo" "Mozilla/5.0 (Windows NT 6.1; WOW64; rv:55.0) Gecko/20100101 Firefox/55.0"
80.123.221.50 - - [26/Sep/2017:11:40:38 +0200] "GET /loadthumbnail.php?id=11387741&width=113 HTTP/1.1" 200 6104 "http://renault.2web.at/result?searchterm=true&search=Kangoo" "Mozilla/5.0 (Windows NT 6.1; WOW64; rv:55.0) Gecko/20100101 Firefox/55.0"
80.123.221.50 - - [26/Sep/2017:11:40:38 +0200] "GET /loadthumbnail.php?id=11564187&width=113 HTTP/1.1" 200 22491 "http://renault.2web.at/result?searchterm=true&search=Kangoo" "Mozilla/5.0 (Windows NT 6.1; WOW64; rv:55.0) Gecko/20100101 Firefox/55.0"
80.123.221.50 - - [26/Sep/2017:11:40:38 +0200] "GET /loadthumbnail.php?id=11194721&width=113 HTTP/1.1" 200 1083 "http://renault.2web.at/result?searchterm=true&search=Kangoo" "Mozilla/5.0 (Windows NT 6.1; WOW64; rv:55.0) Gecko/20100101 Firefox/55.0"
80.123.221.50 - - [26/Sep/2017:11:40:38 +0200] "GET /loadthumbnail.php?id=11186475&width=113 HTTP/1.1" 200 1083 "http://renault.2web.at/result?searchterm=true&search=Kangoo" "Mozilla/5.0 (Windows NT 6.1; WOW64; rv:55.0) Gecko/20100101 Firefox/55.0"
80.123.221.50 - - [26/Sep/2017:11:41:08 +0200] "POST /result?searchterm=true&search=Kangoo HTTP/1.1" 200 9333 "http://renault.2web.at/result?searchterm=true&search=Kangoo" "Mozilla/5.0 (Windows NT 6.1; WOW64; rv:55.0) Gecko/20100101 Firefox/55.0"
193.194.132.79 - - [26/Sep/2017:11:41:13 +0200] "GET /reload?ser=1506418873134 HTTP/1.1" 200 28 "http://renault.2web.at/result?searchterm=true&search=POS892" "Mozilla/5.0 (Windows NT 6.1; WOW64; Trident/7.0; rv:11.0) like Gecko"
80.123.221.50 - - [26/Sep/2017:11:41:26 +0200] "GET /result?dir=DESC&mode=grid&order=name&limit=15&page=2&search=Kangoo HTTP/1.1" 200 8908 "http://renault.2web.at/result?searchterm=true&search=Kangoo" "Mozilla/5.0 (Windows NT 6.1; WOW64; rv:55.0) Gecko/20100101 Firefox/55.0"
80.123.221.50 - - [26/Sep/2017:11:41:29 +0200] "GET /loadthumbnail.php?id=11213910&width=113 HTTP/1.1" 200 2091 "http://renault.2web.at/result?dir=DESC&mode=grid&order=name&limit=15&page=2&search=Kangoo" "Mozilla/5.0 (Windows NT 6.1; WOW64; rv:55.0) Gecko/20100101 Firefox/55.0"
80.123.221.50 - - [26/Sep/2017:11:41:29 +0200] "GET /loadthumbnail.php?id=11334756&width=113 HTTP/1.1" 200 24626 "http://renault.2web.at/result?dir=DESC&mode=grid&order=name&limit=15&page=2&search=Kangoo" "Mozilla/5.0 (Windows NT 6.1; WOW64; rv:55.0) Gecko/20100101 Firefox/55.0"
80.123.221.50 - - [26/Sep/2017:11:41:29 +0200] "GET /loadthumbnail.php?id=11590243&width=113 HTTP/1.1" 200 3639 "http://renault.2web.at/result?dir=DESC&mode=grid&order=name&limit=15&page=2&search=Kangoo" "Mozilla/5.0 (Windows NT 6.1; WOW64; rv:55.0) Gecko/20100101 Firefox/55.0"
80.123.221.50 - - [26/Sep/2017:11:41:29 +0200] "GET /loadthumbnail.php?id=11590242&width=113 HTTP/1.1" 200 3202 "http://renault.2web.at/result?dir=DESC&mode=grid&order=name&limit=15&page=2&search=Kangoo" "Mozilla/5.0 (Windows NT 6.1; WOW64; rv:55.0) Gecko/20100101 Firefox/55.0"
193.194.132.78 - - [26/Sep/2017:11:41:34 +0200] "GET /reload?ser=1506418894808 HTTP/1.1" 200 28 "http://renault.2web.at/account?loadrequest=true" "Mozilla/5.0 (Windows NT 6.1; WOW64; Trident/7.0; rv:11.0) like Gecko"
80.123.221.50 - - [26/Sep/2017:11:41:52 +0200] "POST /result?dir=DESC&mode=grid&order=name&limit=15&page=2&search=Kangoo HTTP/1.1" 200 9005 "http://renault.2web.at/result?dir=DESC&mode=grid&order=name&limit=15&page=2&search=Kangoo" "Mozilla/5.0 (Windows NT 6.1; WOW64; rv:55.0) Gecko/20100101 Firefox/55.0"
80.123.221.50 - - [26/Sep/2017:11:42:09 +0200] "GET /result?dir=DESC&mode=grid&order=name&limit=15&page=1&search=Kangoo HTTP/1.1" 200 9231 "http://renault.2web.at/result?dir=DESC&mode=grid&order=name&limit=15&page=2&search=Kangoo" "Mozilla/5.0 (Windows NT 6.1; WOW64; rv:55.0) Gecko/20100101 Firefox/55.0"
193.194.132.79 - - [26/Sep/2017:11:42:14 +0200] "GET /reload?ser=1506418934193 HTTP/1.1" 200 28 "http://renault.2web.at/result?searchterm=true&search=POS892" "Mozilla/5.0 (Windows NT 6.1; WOW64; Trident/7.0; rv:11.0) like Gecko"
80.123.221.50 - - [26/Sep/2017:11:42:26 +0200] "POST /axjaxrequest?mode=suggest HTTP/1.1" 200 352 "http://renault.2web.at/result?dir=DESC&mode=grid&order=name&limit=15&page=1&search=Kangoo" "Mozilla/5.0 (Windows NT 6.1; WOW64; rv:55.0) Gecko/20100101 Firefox/55.0"
80.123.221.50 - - [26/Sep/2017:11:42:27 +0200] "POST /axjaxrequest?mode=suggest HTTP/1.1" 200 21 "http://renault.2web.at/result?dir=DESC&mode=grid&order=name&limit=15&page=1&search=Kangoo" "Mozilla/5.0 (Windows NT 6.1; WOW64; rv:55.0) Gecko/20100101 Firefox/55.0"
80.123.221.50 - - [26/Sep/2017:11:42:28 +0200] "POST /axjaxrequest?mode=suggest HTTP/1.1" 200 21 "http://renault.2web.at/result?dir=DESC&mode=grid&order=name&limit=15&page=1&search=Kangoo" "Mozilla/5.0 (Windows NT 6.1; WOW64; rv:55.0) Gecko/20100101 Firefox/55.0"
80.123.221.50 - - [26/Sep/2017:11:42:28 +0200] "POST /axjaxrequest?mode=suggest HTTP/1.1" 200 21 "http://renault.2web.at/result?dir=DESC&mode=grid&order=name&limit=15&page=1&search=Kangoo" "Mozilla/5.0 (Windows NT 6.1; WOW64; rv:55.0) Gecko/20100101 Firefox/55.0"
80.123.221.50 - - [26/Sep/2017:11:42:29 +0200] "POST /axjaxrequest?mode=suggest HTTP/1.1" 200 21 "http://renault.2web.at/result?dir=DESC&mode=grid&order=name&limit=15&page=1&search=Kangoo" "Mozilla/5.0 (Windows NT 6.1; WOW64; rv:55.0) Gecko/20100101 Firefox/55.0"
193.194.132.78 - - [26/Sep/2017:11:42:36 +0200] "GET /reload?ser=1506418955902 HTTP/1.1" 200 28 "http://renault.2web.at/account?loadrequest=true" "Mozilla/5.0 (Windows NT 6.1; WOW64; Trident/7.0; rv:11.0) like Gecko"
80.123.221.50 - - [26/Sep/2017:11:43:07 +0200] "GET /checkout HTTP/1.1" 200 10259 "http://renault.2web.at/result?dir=DESC&mode=grid&order=name&limit=15&page=1&search=Kangoo" "Mozilla/5.0 (Windows NT 6.1; WOW64; rv:55.0) Gecko/20100101 Firefox/55.0"
80.123.221.50 - - [26/Sep/2017:11:43:13 +0200] "GET /js/checkout2.js HTTP/1.1" 304 - "http://renault.2web.at/checkout" "Mozilla/5.0 (Windows NT 6.1; WOW64; rv:55.0) Gecko/20100101 Firefox/55.0"
80.123.221.50 - - [26/Sep/2017:11:43:13 +0200] "GET /images/ajax_loading.gif HTTP/1.1" 304 - "http://renault.2web.at/checkout" "Mozilla/5.0 (Windows NT 6.1; WOW64; rv:55.0) Gecko/20100101 Firefox/55.0"
80.123.221.50 - - [26/Sep/2017:11:43:13 +0200] "GET /images/step_bg.jpg HTTP/1.1" 304 - "http://renault.2web.at/css/styles.css" "Mozilla/5.0 (Windows NT 6.1; WOW64; rv:55.0) Gecko/20100101 Firefox/55.0"
80.123.221.50 - - [26/Sep/2017:11:43:13 +0200] "GET /images/checkout_border_top.gif HTTP/1.1" 304 - "http://renault.2web.at/css/styles.css" "Mozilla/5.0 (Windows NT 6.1; WOW64; rv:55.0) Gecko/20100101 Firefox/55.0"
80.123.221.50 - - [26/Sep/2017:11:43:13 +0200] "GET /images/step_marker.gif HTTP/1.1" 304 - "http://renault.2web.at/css/styles.css" "Mozilla/5.0 (Windows NT 6.1; WOW64; rv:55.0) Gecko/20100101 Firefox/55.0"
80.123.221.50 - - [26/Sep/2017:11:43:13 +0200] "GET /images/checkout_border.gif HTTP/1.1" 304 - "http://renault.2web.at/css/styles.css" "Mozilla/5.0 (Windows NT 6.1; WOW64; rv:55.0) Gecko/20100101 Firefox/55.0"
80.123.221.50 - - [26/Sep/2017:11:43:13 +0200] "GET /loadthumbnail.php?id=10201939 HTTP/1.1" 200 201 "http://renault.2web.at/checkout" "Mozilla/5.0 (Windows NT 6.1; WOW64; rv:55.0) Gecko/20100101 Firefox/55.0"
80.123.221.50 - - [26/Sep/2017:11:43:13 +0200] "GET /loadthumbnail.php?id=10202698 HTTP/1.1" 200 16686 "http://renault.2web.at/checkout" "Mozilla/5.0 (Windows NT 6.1; WOW64; rv:55.0) Gecko/20100101 Firefox/55.0"
80.123.221.50 - - [26/Sep/2017:11:43:13 +0200] "GET /reload?ser=1506418994933 HTTP/1.1" 200 28 "http://renault.2web.at/result?dir=DESC&mode=grid&order=name&limit=15&page=1&search=Kangoo" "Mozilla/5.0 (Windows NT 6.1; WOW64; rv:55.0) Gecko/20100101 Firefox/55.0"
193.194.132.79 - - [26/Sep/2017:11:43:15 +0200] "GET /reload?ser=1506418995259 HTTP/1.1" 200 28 "http://renault.2web.at/result?searchterm=true&search=POS892" "Mozilla/5.0 (Windows NT 6.1; WOW64; Trident/7.0; rv:11.0) like Gecko"
80.123.221.50 - - [26/Sep/2017:11:43:30 +0200] "POST /docheckout HTTP/1.1" 200 444 "http://renault.2web.at/checkout" "Mozilla/5.0 (Windows NT 6.1; WOW64; rv:55.0) Gecko/20100101 Firefox/55.0"
80.123.221.50 - - [26/Sep/2017:11:43:33 +0200] "POST /docheckout HTTP/1.1" 200 826 "http://renault.2web.at/checkout" "Mozilla/5.0 (Windows NT 6.1; WOW64; rv:55.0) Gecko/20100101 Firefox/55.0"
80.123.221.50 - - [26/Sep/2017:11:43:36 +0200] "GET /images/error_msg_icon.gif HTTP/1.1" 304 - "http://renault.2web.at/checkout" "Mozilla/5.0 (Windows NT 6.1; WOW64; rv:55.0) Gecko/20100101 Firefox/55.0"
193.194.132.78 - - [26/Sep/2017:11:43:37 +0200] "GET /reload?ser=1506419017104 HTTP/1.1" 200 28 "http://renault.2web.at/account?loadrequest=true" "Mozilla/5.0 (Windows NT 6.1; WOW64; Trident/7.0; rv:11.0) like Gecko"
80.123.221.50 - - [26/Sep/2017:11:43:58 +0200] "POST /docheckout HTTP/1.1" 200 68 "http://renault.2web.at/checkout" "Mozilla/5.0 (Windows NT 6.1; WOW64; rv:55.0) Gecko/20100101 Firefox/55.0"
80.123.221.50 - - [26/Sep/2017:11:44:01 +0200] "GET /success HTTP/1.1" 200 3787 "http://renault.2web.at/checkout" "Mozilla/5.0 (Windows NT 6.1; WOW64; rv:55.0) Gecko/20100101 Firefox/55.0"
80.123.221.50 - - [26/Sep/2017:11:44:11 +0200] "GET /11626830?print=true HTTP/1.1" 200 2224 "http://renault.2web.at/success" "Mozilla/5.0 (Windows NT 6.1; WOW64; rv:55.0) Gecko/20100101 Firefox/55.0"
193.194.132.79 - - [26/Sep/2017:11:44:16 +0200] "GET /reload?ser=1506419056343 HTTP/1.1" 200 28 "http://renault.2web.at/result?searchterm=true&search=POS892" "Mozilla/5.0 (Windows NT 6.1; WOW64; Trident/7.0; rv:11.0) like Gecko"
193.194.132.78 - - [26/Sep/2017:11:44:38 +0200] "GET /reload?ser=1506419078205 HTTP/1.1" 200 28 "http://renault.2web.at/account?loadrequest=true" "Mozilla/5.0 (Windows NT 6.1; WOW64; Trident/7.0; rv:11.0) like Gecko"
80.123.221.50 - - [26/Sep/2017:11:44:48 +0200] "GET /logout HTTP/1.1" 302 136 "http://renault.2web.at/success" "Mozilla/5.0 (Windows NT 6.1; WOW64; rv:55.0) Gecko/20100101 Firefox/55.0"
80.123.221.50 - - [26/Sep/2017:11:44:49 +0200] "GET /logout HTTP/1.1" 200 1583 "http://renault.2web.at/success" "Mozilla/5.0 (Windows NT 6.1; WOW64; rv:55.0) Gecko/20100101 Firefox/55.0"
193.194.132.79 - - [26/Sep/2017:11:45:17 +0200] "GET /reload?ser=1506419117418 HTTP/1.1" 200 28 "http://renault.2web.at/result?searchterm=true&search=POS892" "Mozilla/5.0 (Windows NT 6.1; WOW64; Trident/7.0; rv:11.0) like Gecko"
193.194.132.78 - - [26/Sep/2017:11:45:39 +0200] "GET /reload?ser=1506419139265 HTTP/1.1" 200 28 "http://renault.2web.at/account?loadrequest=true" "Mozilla/5.0 (Windows NT 6.1; WOW64; Trident/7.0; rv:11.0) like Gecko"
193.194.132.79 - - [26/Sep/2017:11:46:18 +0200] "GET /reload?ser=1506419178487 HTTP/1.1" 200 28 "http://renault.2web.at/result?searchterm=true&search=POS892" "Mozilla/5.0 (Windows NT 6.1; WOW64; Trident/7.0; rv:11.0) like Gecko"
193.194.132.78 - - [26/Sep/2017:11:46:40 +0200] "GET /reload?ser=1506419200370 HTTP/1.1" 200 28 "http://renault.2web.at/account?loadrequest=true" "Mozilla/5.0 (Windows NT 6.1; WOW64; Trident/7.0; rv:11.0) like Gecko"
193.194.132.79 - - [26/Sep/2017:11:47:19 +0200] "GET /reload?ser=1506419239570 HTTP/1.1" 200 28 "http://renault.2web.at/result?searchterm=true&search=POS892" "Mozilla/5.0 (Windows NT 6.1; WOW64; Trident/7.0; rv:11.0) like Gecko"
193.194.132.78 - - [26/Sep/2017:11:47:41 +0200] "GET /reload?ser=1506419261483 HTTP/1.1" 200 28 "http://renault.2web.at/account?loadrequest=true" "Mozilla/5.0 (Windows NT 6.1; WOW64; Trident/7.0; rv:11.0) like Gecko"
193.194.132.79 - - [26/Sep/2017:11:48:20 +0200] "GET /reload?ser=1506419300654 HTTP/1.1" 200 28 "http://renault.2web.at/result?searchterm=true&search=POS892" "Mozilla/5.0 (Windows NT 6.1; WOW64; Trident/7.0; rv:11.0) like Gecko"
193.194.132.78 - - [26/Sep/2017:11:48:42 +0200] "GET /reload?ser=1506419322511 HTTP/1.1" 200 28 "http://renault.2web.at/account?loadrequest=true" "Mozilla/5.0 (Windows NT 6.1; WOW64; Trident/7.0; rv:11.0) like Gecko"
193.194.132.79 - - [26/Sep/2017:11:49:21 +0200] "GET /reload?ser=1506419361747 HTTP/1.1" 200 28 "http://renault.2web.at/result?searchterm=true&search=POS892" "Mozilla/5.0 (Windows NT 6.1; WOW64; Trident/7.0; rv:11.0) like Gecko"
193.194.132.78 - - [26/Sep/2017:11:49:43 +0200] "GET /reload?ser=1506419383582 HTTP/1.1" 200 28 "http://renault.2web.at/account?loadrequest=true" "Mozilla/5.0 (Windows NT 6.1; WOW64; Trident/7.0; rv:11.0) like Gecko"
193.194.132.79 - - [26/Sep/2017:11:50:22 +0200] "GET /reload?ser=1506419422841 HTTP/1.1" 200 28 "http://renault.2web.at/result?searchterm=true&search=POS892" "Mozilla/5.0 (Windows NT 6.1; WOW64; Trident/7.0; rv:11.0) like Gecko"
193.194.132.78 - - [26/Sep/2017:11:50:44 +0200] "GET /reload?ser=1506419444685 HTTP/1.1" 200 28 "http://renault.2web.at/account?loadrequest=true" "Mozilla/5.0 (Windows NT 6.1; WOW64; Trident/7.0; rv:11.0) like Gecko"
193.194.132.79 - - [26/Sep/2017:11:51:24 +0200] "GET /reload?ser=1506419483926 HTTP/1.1" 200 28 "http://renault.2web.at/result?searchterm=true&search=POS892" "Mozilla/5.0 (Windows NT 6.1; WOW64; Trident/7.0; rv:11.0) like Gecko"
193.194.132.78 - - [26/Sep/2017:11:51:46 +0200] "GET /reload?ser=1506419505906 HTTP/1.1" 200 28 "http://renault.2web.at/account?loadrequest=true" "Mozilla/5.0 (Windows NT 6.1; WOW64; Trident/7.0; rv:11.0) like Gecko"
193.194.132.79 - - [26/Sep/2017:11:52:25 +0200] "GET /reload?ser=1506419545028 HTTP/1.1" 200 28 "http://renault.2web.at/result?searchterm=true&search=POS892" "Mozilla/5.0 (Windows NT 6.1; WOW64; Trident/7.0; rv:11.0) like Gecko"
193.194.132.78 - - [26/Sep/2017:11:52:47 +0200] "GET /reload?ser=1506419567119 HTTP/1.1" 200 28 "http://renault.2web.at/account?loadrequest=true" "Mozilla/5.0 (Windows NT 6.1; WOW64; Trident/7.0; rv:11.0) like Gecko"
80.123.225.34 - - [26/Sep/2017:11:53:23 +0200] "GET / HTTP/1.1" 200 3745 "-" "Mozilla/5.0 (Windows NT 6.1; WOW64; Trident/7.0; rv:11.0) like Gecko"
80.123.225.34 - - [26/Sep/2017:11:53:24 +0200] "GET /js/default.js HTTP/1.1" 200 14698 "http://renault.activities.at/" "Mozilla/5.0 (Windows NT 6.1; WOW64; Trident/7.0; rv:11.0) like Gecko"
80.123.225.34 - - [26/Sep/2017:11:53:24 +0200] "GET /js/flashdetection.js HTTP/1.1" 200 1059 "http://renault.activities.at/" "Mozilla/5.0 (Windows NT 6.1; WOW64; Trident/7.0; rv:11.0) like Gecko"
80.123.225.34 - - [26/Sep/2017:11:53:24 +0200] "GET /css/reset.css HTTP/1.1" 200 1356 "http://renault.activities.at/" "Mozilla/5.0 (Windows NT 6.1; WOW64; Trident/7.0; rv:11.0) like Gecko"
80.123.225.34 - - [26/Sep/2017:11:53:24 +0200] "GET /css/clears.css HTTP/1.1" 200 851 "http://renault.activities.at/" "Mozilla/5.0 (Windows NT 6.1; WOW64; Trident/7.0; rv:11.0) like Gecko"
80.123.225.34 - - [26/Sep/2017:11:53:24 +0200] "GET /css/styles.css HTTP/1.1" 200 14664 "http://renault.activities.at/" "Mozilla/5.0 (Windows NT 6.1; WOW64; Trident/7.0; rv:11.0) like Gecko"
80.123.225.34 - - [26/Sep/2017:11:53:24 +0200] "GET /css/print.css HTTP/1.1" 200 543 "http://renault.activities.at/" "Mozilla/5.0 (Windows NT 6.1; WOW64; Trident/7.0; rv:11.0) like Gecko"
80.123.225.34 - - [26/Sep/2017:11:53:24 +0200] "GET /js/checkout.css HTTP/1.1" 200 359 "http://renault.activities.at/" "Mozilla/5.0 (Windows NT 6.1; WOW64; Trident/7.0; rv:11.0) like Gecko"
80.123.225.34 - - [26/Sep/2017:11:53:24 +0200] "GET /css/prototip.css HTTP/1.1" 200 968 "http://renault.activities.at/" "Mozilla/5.0 (Windows NT 6.1; WOW64; Trident/7.0; rv:11.0) like Gecko"
80.123.225.34 - - [26/Sep/2017:11:53:24 +0200] "GET /css/themes/default.css HTTP/1.1" 200 769 "http://renault.activities.at/" "Mozilla/5.0 (Windows NT 6.1; WOW64; Trident/7.0; rv:11.0) like Gecko"
80.123.225.34 - - [26/Sep/2017:11:53:24 +0200] "GET /css/themes/alphacube.css HTTP/1.1" 200 743 "http://renault.activities.at/" "Mozilla/5.0 (Windows NT 6.1; WOW64; Trident/7.0; rv:11.0) like Gecko"
80.123.225.34 - - [26/Sep/2017:11:53:24 +0200] "GET /js/index.php?c=auto&f=,prototype/prototype.js,prototype/validation.js,scriptaculous/builder.js,scriptaculous/effects.js,scriptaculous/dragdrop.js,scriptaculous/controls.js,scriptaculous/slider.js,varien/js.js,varien/form.js,varien/menu.js,mage/translate.js,mage/cookies.js,varien/product.js,spinner/SpinnerControl.jsmin.js,prototype/window.js,prototype/window_ext.js HTTP/1.1" 200 94182 "http://renault.activities.at/" "Mozilla/5.0 (Windows NT 6.1; WOW64; Trident/7.0; rv:11.0) like Gecko"
80.123.225.34 - - [26/Sep/2017:11:53:24 +0200] "GET /images/main_block_border.gif HTTP/1.1" 200 43 "http://renault.activities.at/" "Mozilla/5.0 (Windows NT 6.1; WOW64; Trident/7.0; rv:11.0) like Gecko"
80.123.225.34 - - [26/Sep/2017:11:53:24 +0200] "GET /images/main_block_corner_left_bot.gif HTTP/1.1" 200 159 "http://renault.activities.at/" "Mozilla/5.0 (Windows NT 6.1; WOW64; Trident/7.0; rv:11.0) like Gecko"
80.123.225.34 - - [26/Sep/2017:11:53:24 +0200] "GET /images/main_block_corner_right_bot.gif HTTP/1.1" 200 158 "http://renault.activities.at/" "Mozilla/5.0 (Windows NT 6.1; WOW64; Trident/7.0; rv:11.0) like Gecko"
80.123.225.34 - - [26/Sep/2017:11:53:24 +0200] "GET /images/header_block_border.gif HTTP/1.1" 200 43 "http://renault.activities.at/" "Mozilla/5.0 (Windows NT 6.1; WOW64; Trident/7.0; rv:11.0) like Gecko"
80.123.225.34 - - [26/Sep/2017:11:53:24 +0200] "GET /images/header_block_corner_left_top.gif HTTP/1.1" 200 160 "http://renault.activities.at/" "Mozilla/5.0 (Windows NT 6.1; WOW64; Trident/7.0; rv:11.0) like Gecko"
80.123.225.34 - - [26/Sep/2017:11:53:24 +0200] "GET /images/header_block_corner_right_top.gif HTTP/1.1" 200 160 "http://renault.activities.at/" "Mozilla/5.0 (Windows NT 6.1; WOW64; Trident/7.0; rv:11.0) like Gecko"
80.123.225.34 - - [26/Sep/2017:11:53:24 +0200] "GET /images/main_block_corner_left_top.gif HTTP/1.1" 200 159 "http://renault.activities.at/" "Mozilla/5.0 (Windows NT 6.1; WOW64; Trident/7.0; rv:11.0) like Gecko"
80.123.225.34 - - [26/Sep/2017:11:53:24 +0200] "GET /images/main_block_corner_right_top.gif HTTP/1.1" 200 159 "http://renault.activities.at/" "Mozilla/5.0 (Windows NT 6.1; WOW64; Trident/7.0; rv:11.0) like Gecko"
80.123.225.34 - - [26/Sep/2017:11:53:24 +0200] "GET /images/favicon.ico HTTP/1.1" 404 305 "-" "Mozilla/5.0 (Windows NT 6.1; WOW64; Trident/7.0; rv:11.0) like Gecko"
80.123.225.34 - - [26/Sep/2017:11:53:24 +0200] "GET /images/title_border.jpg HTTP/1.1" 200 304 "http://renault.activities.at/" "Mozilla/5.0 (Windows NT 6.1; WOW64; Trident/7.0; rv:11.0) like Gecko"
80.123.225.34 - - [26/Sep/2017:11:53:24 +0200] "GET /images/title_border_top.jpg HTTP/1.1" 200 336 "http://renault.activities.at/" "Mozilla/5.0 (Windows NT 6.1; WOW64; Trident/7.0; rv:11.0) like Gecko"
80.123.225.34 - - [26/Sep/2017:11:53:24 +0200] "GET /images/title_corner_left_top.jpg HTTP/1.1" 200 372 "http://renault.activities.at/" "Mozilla/5.0 (Windows NT 6.1; WOW64; Trident/7.0; rv:11.0) like Gecko"
80.123.225.34 - - [26/Sep/2017:11:53:24 +0200] "GET /images/title_corner_right_top.jpg HTTP/1.1" 200 389 "http://renault.activities.at/" "Mozilla/5.0 (Windows NT 6.1; WOW64; Trident/7.0; rv:11.0) like Gecko"
80.123.225.34 - - [26/Sep/2017:11:53:24 +0200] "GET /loadthumbnail.php?id=11127982 HTTP/1.1" 200 399614 "http://renault.activities.at/" "Mozilla/5.0 (Windows NT 6.1; WOW64; Trident/7.0; rv:11.0) like Gecko"
193.194.132.79 - - [26/Sep/2017:11:53:26 +0200] "GET /reload?ser=1506419606246 HTTP/1.1" 200 28 "http://renault.2web.at/result?searchterm=true&search=POS892" "Mozilla/5.0 (Windows NT 6.1; WOW64; Trident/7.0; rv:11.0) like Gecko"
80.123.225.34 - - [26/Sep/2017:11:53:34 +0200] "GET /login HTTP/1.1" 200 2086 "http://renault.activities.at/" "Mozilla/5.0 (Windows NT 6.1; WOW64; Trident/7.0; rv:11.0) like Gecko"
80.123.225.34 - - [26/Sep/2017:11:53:35 +0200] "GET /js/default.js HTTP/1.1" 200 14698 "http://renault.activities.at/login" "Mozilla/5.0 (Windows NT 6.1; WOW64; Trident/7.0; rv:11.0) like Gecko"
80.123.225.34 - - [26/Sep/2017:11:53:35 +0200] "GET /css/reset.css HTTP/1.1" 200 1356 "http://renault.activities.at/login" "Mozilla/5.0 (Windows NT 6.1; WOW64; Trident/7.0; rv:11.0) like Gecko"
80.123.225.34 - - [26/Sep/2017:11:53:35 +0200] "GET /css/clears.css HTTP/1.1" 200 851 "http://renault.activities.at/login" "Mozilla/5.0 (Windows NT 6.1; WOW64; Trident/7.0; rv:11.0) like Gecko"
80.123.225.34 - - [26/Sep/2017:11:53:35 +0200] "GET /css/print.css HTTP/1.1" 200 543 "http://renault.activities.at/login" "Mozilla/5.0 (Windows NT 6.1; WOW64; Trident/7.0; rv:11.0) like Gecko"
80.123.225.34 - - [26/Sep/2017:11:53:35 +0200] "GET /css/styles.css HTTP/1.1" 200 14664 "http://renault.activities.at/login" "Mozilla/5.0 (Windows NT 6.1; WOW64; Trident/7.0; rv:11.0) like Gecko"
80.123.225.34 - - [26/Sep/2017:11:53:35 +0200] "GET /js/checkout.css HTTP/1.1" 200 359 "http://renault.activities.at/login" "Mozilla/5.0 (Windows NT 6.1; WOW64; Trident/7.0; rv:11.0) like Gecko"
80.123.225.34 - - [26/Sep/2017:11:53:35 +0200] "GET /css/prototip.css HTTP/1.1" 200 968 "http://renault.activities.at/login" "Mozilla/5.0 (Windows NT 6.1; WOW64; Trident/7.0; rv:11.0) like Gecko"
80.123.225.34 - - [26/Sep/2017:11:53:35 +0200] "GET /css/themes/default.css HTTP/1.1" 200 769 "http://renault.activities.at/login" "Mozilla/5.0 (Windows NT 6.1; WOW64; Trident/7.0; rv:11.0) like Gecko"
80.123.225.34 - - [26/Sep/2017:11:53:35 +0200] "GET /css/themes/alphacube.css HTTP/1.1" 200 743 "http://renault.activities.at/login" "Mozilla/5.0 (Windows NT 6.1; WOW64; Trident/7.0; rv:11.0) like Gecko"
80.123.225.34 - - [26/Sep/2017:11:53:35 +0200] "GET /js/index.php?c=auto&f=,prototype/prototype.js,prototype/validation.js,scriptaculous/builder.js,scriptaculous/effects.js,scriptaculous/dragdrop.js,scriptaculous/controls.js,scriptaculous/slider.js,varien/js.js,varien/form.js,varien/menu.js,mage/translate.js,mage/cookies.js,varien/product.js,spinner/SpinnerControl.jsmin.js,prototype/window.js,prototype/window_ext.js HTTP/1.1" 200 94182 "http://renault.activities.at/login" "Mozilla/5.0 (Windows NT 6.1; WOW64; Trident/7.0; rv:11.0) like Gecko"
80.123.225.34 - - [26/Sep/2017:11:53:35 +0200] "GET /images/main_block_corner_left_top.gif HTTP/1.1" 200 159 "http://renault.activities.at/login" "Mozilla/5.0 (Windows NT 6.1; WOW64; Trident/7.0; rv:11.0) like Gecko"
80.123.225.34 - - [26/Sep/2017:11:53:35 +0200] "GET /images/main_block_corner_right_bot.gif HTTP/1.1" 200 158 "http://renault.activities.at/login" "Mozilla/5.0 (Windows NT 6.1; WOW64; Trident/7.0; rv:11.0) like Gecko"
80.123.225.34 - - [26/Sep/2017:11:53:35 +0200] "GET /images/header_block_border.gif HTTP/1.1" 200 43 "http://renault.activities.at/login" "Mozilla/5.0 (Windows NT 6.1; WOW64; Trident/7.0; rv:11.0) like Gecko"
80.123.225.34 - - [26/Sep/2017:11:53:35 +0200] "GET /images/title_corner_left_top.jpg HTTP/1.1" 200 372 "http://renault.activities.at/login" "Mozilla/5.0 (Windows NT 6.1; WOW64; Trident/7.0; rv:11.0) like Gecko"
80.123.225.34 - - [26/Sep/2017:11:53:35 +0200] "GET /images/title_border_top.jpg HTTP/1.1" 200 336 "http://renault.activities.at/login" "Mozilla/5.0 (Windows NT 6.1; WOW64; Trident/7.0; rv:11.0) like Gecko"
80.123.225.34 - - [26/Sep/2017:11:53:35 +0200] "GET /images/title_corner_right_top.jpg HTTP/1.1" 200 389 "http://renault.activities.at/login" "Mozilla/5.0 (Windows NT 6.1; WOW64; Trident/7.0; rv:11.0) like Gecko"
80.123.225.34 - - [26/Sep/2017:11:53:35 +0200] "GET /images/main_block_border.gif HTTP/1.1" 200 43 "http://renault.activities.at/login" "Mozilla/5.0 (Windows NT 6.1; WOW64; Trident/7.0; rv:11.0) like Gecko"
80.123.225.34 - - [26/Sep/2017:11:53:35 +0200] "GET /images/main_block_corner_right_top.gif HTTP/1.1" 200 159 "http://renault.activities.at/login" "Mozilla/5.0 (Windows NT 6.1; WOW64; Trident/7.0; rv:11.0) like Gecko"
80.123.225.34 - - [26/Sep/2017:11:53:35 +0200] "GET /images/main_block_corner_left_bot.gif HTTP/1.1" 200 159 "http://renault.activities.at/login" "Mozilla/5.0 (Windows NT 6.1; WOW64; Trident/7.0; rv:11.0) like Gecko"
