212.152.158.195 - - [03/Oct/2017:09:41:46 +0200] "GET /loadthumbnail.php?id=11308371&width=113 HTTP/1.1" 200 1939 "http://renault.activities.at/result?dir=DESC&mode=grid&order=name&limit=15&page=2&search=renault" "Mozilla/5.0 (Windows NT 6.1; WOW64; Trident/7.0; rv:11.0) like Gecko"
212.152.158.195 - - [03/Oct/2017:09:41:47 +0200] "GET /loadthumbnail.php?id=11194700&width=113 HTTP/1.1" 200 1829 "http://renault.activities.at/result?dir=DESC&mode=grid&order=name&limit=15&page=2&search=renault" "Mozilla/5.0 (Windows NT 6.1; WOW64; Trident/7.0; rv:11.0) like Gecko"
212.152.158.195 - - [03/Oct/2017:09:41:47 +0200] "GET /loadthumbnail.php?id=11181199&width=113 HTTP/1.1" 200 1829 "http://renault.activities.at/result?dir=DESC&mode=grid&order=name&limit=15&page=2&search=renault" "Mozilla/5.0 (Windows NT 6.1; WOW64; Trident/7.0; rv:11.0) like Gecko"
212.152.158.195 - - [03/Oct/2017:09:41:47 +0200] "GET /loadthumbnail.php?id=11181197&width=113 HTTP/1.1" 200 1829 "http://renault.activities.at/result?dir=DESC&mode=grid&order=name&limit=15&page=2&search=renault" "Mozilla/5.0 (Windows NT 6.1; WOW64; Trident/7.0; rv:11.0) like Gecko"
212.152.158.195 - - [03/Oct/2017:09:41:47 +0200] "GET /loadthumbnail.php?id=11186469&width=113 HTTP/1.1" 200 1278 "http://renault.activities.at/result?dir=DESC&mode=grid&order=name&limit=15&page=2&search=renault" "Mozilla/5.0 (Windows NT 6.1; WOW64; Trident/7.0; rv:11.0) like Gecko"
212.152.158.195 - - [03/Oct/2017:09:41:47 +0200] "GET /loadthumbnail.php?id=11186457&width=113 HTTP/1.1" 200 1278 "http://renault.activities.at/result?dir=DESC&mode=grid&order=name&limit=15&page=2&search=renault" "Mozilla/5.0 (Windows NT 6.1; WOW64; Trident/7.0; rv:11.0) like Gecko"
212.152.158.195 - - [03/Oct/2017:09:41:47 +0200] "GET /loadthumbnail.php?id=11194717&width=113 HTTP/1.1" 200 1278 "http://renault.activities.at/result?dir=DESC&mode=grid&order=name&limit=15&page=2&search=renault" "Mozilla/5.0 (Windows NT 6.1; WOW64; Trident/7.0; rv:11.0) like Gecko"
212.152.158.195 - - [03/Oct/2017:09:41:47 +0200] "GET /loadthumbnail.php?id=11181237&width=113 HTTP/1.1" 200 1156 "http://renault.activities.at/result?dir=DESC&mode=grid&order=name&limit=15&page=2&search=renault" "Mozilla/5.0 (Windows NT 6.1; WOW64; Trident/7.0; rv:11.0) like Gecko"
212.152.158.195 - - [03/Oct/2017:09:41:47 +0200] "GET /loadthumbnail.php?id=11195851&width=113 HTTP/1.1" 200 1156 "http://renault.activities.at/result?dir=DESC&mode=grid&order=name&limit=15&page=2&search=renault" "Mozilla/5.0 (Windows NT 6.1; WOW64; Trident/7.0; rv:11.0) like Gecko"
212.152.158.195 - - [03/Oct/2017:09:41:47 +0200] "GET /loadthumbnail.php?id=11181235&width=113 HTTP/1.1" 200 1156 "http://renault.activities.at/result?dir=DESC&mode=grid&order=name&limit=15&page=2&search=renault" "Mozilla/5.0 (Windows NT 6.1; WOW64; Trident/7.0; rv:11.0) like Gecko"
212.152.158.195 - - [03/Oct/2017:09:41:50 +0200] "GET /result?dir=DESC&mode=grid&order=name&limit=15&page=3&search=renault HTTP/1.1" 200 8472 "http://renault.activities.at/result?dir=DESC&mode=grid&order=name&limit=15&page=2&search=renault" "Mozilla/5.0 (Windows NT 6.1; WOW64; Trident/7.0; rv:11.0) like Gecko"
212.152.158.195 - - [03/Oct/2017:09:41:53 +0200] "GET /loadthumbnail.php?id=11186495&width=113 HTTP/1.1" 200 1974 "http://renault.activities.at/result?dir=DESC&mode=grid&order=name&limit=15&page=3&search=renault" "Mozilla/5.0 (Windows NT 6.1; WOW64; Trident/7.0; rv:11.0) like Gecko"
212.152.158.195 - - [03/Oct/2017:09:41:53 +0200] "GET /loadthumbnail.php?id=11186475&width=113 HTTP/1.1" 200 1083 "http://renault.activities.at/result?dir=DESC&mode=grid&order=name&limit=15&page=3&search=renault" "Mozilla/5.0 (Windows NT 6.1; WOW64; Trident/7.0; rv:11.0) like Gecko"
212.152.158.195 - - [03/Oct/2017:09:41:53 +0200] "GET /loadthumbnail.php?id=11186483&width=113 HTTP/1.1" 200 1974 "http://renault.activities.at/result?dir=DESC&mode=grid&order=name&limit=15&page=3&search=renault" "Mozilla/5.0 (Windows NT 6.1; WOW64; Trident/7.0; rv:11.0) like Gecko"
212.152.158.195 - - [03/Oct/2017:09:41:53 +0200] "GET /loadthumbnail.php?id=11186479&width=113 HTTP/1.1" 200 1083 "http://renault.activities.at/result?dir=DESC&mode=grid&order=name&limit=15&page=3&search=renault" "Mozilla/5.0 (Windows NT 6.1; WOW64; Trident/7.0; rv:11.0) like Gecko"
212.152.158.195 - - [03/Oct/2017:09:41:53 +0200] "GET /loadthumbnail.php?id=11194721&width=113 HTTP/1.1" 200 1083 "http://renault.activities.at/result?dir=DESC&mode=grid&order=name&limit=15&page=3&search=renault" "Mozilla/5.0 (Windows NT 6.1; WOW64; Trident/7.0; rv:11.0) like Gecko"
212.152.158.195 - - [03/Oct/2017:09:41:53 +0200] "GET /loadthumbnail.php?id=11181233&width=113 HTTP/1.1" 200 1353 "http://renault.activities.at/result?dir=DESC&mode=grid&order=name&limit=15&page=3&search=renault" "Mozilla/5.0 (Windows NT 6.1; WOW64; Trident/7.0; rv:11.0) like Gecko"
212.152.158.195 - - [03/Oct/2017:09:41:53 +0200] "GET /loadthumbnail.php?id=11194732&width=113 HTTP/1.1" 200 1353 "http://renault.activities.at/result?dir=DESC&mode=grid&order=name&limit=15&page=3&search=renault" "Mozilla/5.0 (Windows NT 6.1; WOW64; Trident/7.0; rv:11.0) like Gecko"
212.152.158.195 - - [03/Oct/2017:09:41:53 +0200] "GET /loadthumbnail.php?id=11181230&width=113 HTTP/1.1" 200 1353 "http://renault.activities.at/result?dir=DESC&mode=grid&order=name&limit=15&page=3&search=renault" "Mozilla/5.0 (Windows NT 6.1; WOW64; Trident/7.0; rv:11.0) like Gecko"
212.152.158.195 - - [03/Oct/2017:09:41:53 +0200] "GET /loadthumbnail.php?id=11181211&width=113 HTTP/1.1" 200 1879 "http://renault.activities.at/result?dir=DESC&mode=grid&order=name&limit=15&page=3&search=renault" "Mozilla/5.0 (Windows NT 6.1; WOW64; Trident/7.0; rv:11.0) like Gecko"
212.152.158.195 - - [03/Oct/2017:09:41:53 +0200] "GET /loadthumbnail.php?id=11181209&width=113 HTTP/1.1" 200 1879 "http://renault.activities.at/result?dir=DESC&mode=grid&order=name&limit=15&page=3&search=renault" "Mozilla/5.0 (Windows NT 6.1; WOW64; Trident/7.0; rv:11.0) like Gecko"
212.152.158.195 - - [03/Oct/2017:09:41:53 +0200] "GET /loadthumbnail.php?id=11308365&width=113 HTTP/1.1" 200 1939 "http://renault.activities.at/result?dir=DESC&mode=grid&order=name&limit=15&page=3&search=renault" "Mozilla/5.0 (Windows NT 6.1; WOW64; Trident/7.0; rv:11.0) like Gecko"
212.152.158.195 - - [03/Oct/2017:09:41:53 +0200] "GET /loadthumbnail.php?id=11308366&width=113 HTTP/1.1" 200 1939 "http://renault.activities.at/result?dir=DESC&mode=grid&order=name&limit=15&page=3&search=renault" "Mozilla/5.0 (Windows NT 6.1; WOW64; Trident/7.0; rv:11.0) like Gecko"
212.152.158.195 - - [03/Oct/2017:09:41:53 +0200] "GET /loadthumbnail.php?id=11181219&width=113 HTTP/1.1" 200 2121 "http://renault.activities.at/result?dir=DESC&mode=grid&order=name&limit=15&page=3&search=renault" "Mozilla/5.0 (Windows NT 6.1; WOW64; Trident/7.0; rv:11.0) like Gecko"
213.90.54.136 - - [03/Oct/2017:09:41:56 +0200] "POST /result?searchterm=true&search=Mobilit%E4tsgarantie HTTP/1.1" 200 6140 "http://renault.activities.at/result?searchterm=true&search=Mobilit%E4tsgarantie" "Mozilla/5.0 (Windows NT 6.1; Win64; x64) AppleWebKit/537.36 (KHTML, like Gecko) Chrome/61.0.3163.100 Safari/537.36"
212.152.158.195 - - [03/Oct/2017:09:41:56 +0200] "GET /result?dir=DESC&mode=grid&order=name&limit=15&page=4&search=renault HTTP/1.1" 200 8455 "http://renault.activities.at/result?dir=DESC&mode=grid&order=name&limit=15&page=3&search=renault" "Mozilla/5.0 (Windows NT 6.1; WOW64; Trident/7.0; rv:11.0) like Gecko"
212.152.158.195 - - [03/Oct/2017:09:41:59 +0200] "GET /loadthumbnail.php?id=11181213&width=113 HTTP/1.1" 200 2121 "http://renault.activities.at/result?dir=DESC&mode=grid&order=name&limit=15&page=4&search=renault" "Mozilla/5.0 (Windows NT 6.1; WOW64; Trident/7.0; rv:11.0) like Gecko"
212.152.158.195 - - [03/Oct/2017:09:41:59 +0200] "GET /loadthumbnail.php?id=11181223&width=113 HTTP/1.1" 200 1171 "http://renault.activities.at/result?dir=DESC&mode=grid&order=name&limit=15&page=4&search=renault" "Mozilla/5.0 (Windows NT 6.1; WOW64; Trident/7.0; rv:11.0) like Gecko"
212.152.158.195 - - [03/Oct/2017:09:41:59 +0200] "GET /loadthumbnail.php?id=11194713&width=113 HTTP/1.1" 200 1171 "http://renault.activities.at/result?dir=DESC&mode=grid&order=name&limit=15&page=4&search=renault" "Mozilla/5.0 (Windows NT 6.1; WOW64; Trident/7.0; rv:11.0) like Gecko"
212.152.158.195 - - [03/Oct/2017:09:41:59 +0200] "GET /loadthumbnail.php?id=11181221&width=113 HTTP/1.1" 200 1171 "http://renault.activities.at/result?dir=DESC&mode=grid&order=name&limit=15&page=4&search=renault" "Mozilla/5.0 (Windows NT 6.1; WOW64; Trident/7.0; rv:11.0) like Gecko"
212.152.158.195 - - [03/Oct/2017:09:41:59 +0200] "GET /loadthumbnail.php?id=11209585&width=113 HTTP/1.1" 200 1909 "http://renault.activities.at/result?dir=DESC&mode=grid&order=name&limit=15&page=4&search=renault" "Mozilla/5.0 (Windows NT 6.1; WOW64; Trident/7.0; rv:11.0) like Gecko"
193.194.132.79 - - [03/Oct/2017:09:42:02 +0200] "GET /reload?ser=1507016521946 HTTP/1.1" 200 28 "http://renault.2web.at/account?loadrequest=true" "Mozilla/5.0 (Windows NT 6.1; WOW64; Trident/7.0; rv:11.0) like Gecko"
212.152.158.195 - - [03/Oct/2017:09:42:03 +0200] "GET /result?dir=DESC&mode=grid&order=name&limit=15&page=5&search=renault HTTP/1.1" 200 8364 "http://renault.activities.at/result?dir=DESC&mode=grid&order=name&limit=15&page=4&search=renault" "Mozilla/5.0 (Windows NT 6.1; WOW64; Trident/7.0; rv:11.0) like Gecko"
213.90.54.136 - - [03/Oct/2017:09:42:04 +0200] "POST /result?searchterm=true&search=Mobilit%E4tsgarantie HTTP/1.1" 200 6143 "http://renault.activities.at/result?searchterm=true&search=Mobilit%E4tsgarantie" "Mozilla/5.0 (Windows NT 6.1; Win64; x64) AppleWebKit/537.36 (KHTML, like Gecko) Chrome/61.0.3163.100 Safari/537.36"
212.152.158.195 - - [03/Oct/2017:09:42:06 +0200] "GET /reload?ser=1507017084490 HTTP/1.1" 200 28 "http://renault.activities.at/" "Mozilla/5.0 (Windows NT 6.1; WOW64; Trident/7.0; rv:11.0) like Gecko"
213.90.54.136 - - [03/Oct/2017:09:42:08 +0200] "GET /717448?print=true HTTP/1.1" 200 2938 "http://renault.activities.at/result?searchterm=true&search=Mobilit%E4tsgarantie" "Mozilla/5.0 (Windows NT 6.1; Win64; x64) AppleWebKit/537.36 (KHTML, like Gecko) Chrome/61.0.3163.100 Safari/537.36"
213.90.54.136 - - [03/Oct/2017:09:42:11 +0200] "GET /js/tabs.js HTTP/1.1" 200 519 "http://renault.activities.at/717448?print=true" "Mozilla/5.0 (Windows NT 6.1; Win64; x64) AppleWebKit/537.36 (KHTML, like Gecko) Chrome/61.0.3163.100 Safari/537.36"
213.90.54.136 - - [03/Oct/2017:09:42:11 +0200] "GET /images/tabs_corner_right_bot.gif HTTP/1.1" 200 99 "http://renault.activities.at/css/styles.css" "Mozilla/5.0 (Windows NT 6.1; Win64; x64) AppleWebKit/537.36 (KHTML, like Gecko) Chrome/61.0.3163.100 Safari/537.36"
213.90.54.136 - - [03/Oct/2017:09:42:11 +0200] "GET /images/tabs_button_corner_right_top_active.gif HTTP/1.1" 200 136 "http://renault.activities.at/css/styles.css" "Mozilla/5.0 (Windows NT 6.1; Win64; x64) AppleWebKit/537.36 (KHTML, like Gecko) Chrome/61.0.3163.100 Safari/537.36"
213.90.54.136 - - [03/Oct/2017:09:42:11 +0200] "GET /images/tabs_border.gif HTTP/1.1" 200 43 "http://renault.activities.at/css/styles.css" "Mozilla/5.0 (Windows NT 6.1; Win64; x64) AppleWebKit/537.36 (KHTML, like Gecko) Chrome/61.0.3163.100 Safari/537.36"
213.90.54.136 - - [03/Oct/2017:09:42:11 +0200] "GET /images/tabs_corner_left_bot.gif HTTP/1.1" 200 98 "http://renault.activities.at/css/styles.css" "Mozilla/5.0 (Windows NT 6.1; Win64; x64) AppleWebKit/537.36 (KHTML, like Gecko) Chrome/61.0.3163.100 Safari/537.36"
213.90.54.136 - - [03/Oct/2017:09:42:11 +0200] "GET /images/tabs_button_corner_left_top_active.gif HTTP/1.1" 200 138 "http://renault.activities.at/css/styles.css" "Mozilla/5.0 (Windows NT 6.1; Win64; x64) AppleWebKit/537.36 (KHTML, like Gecko) Chrome/61.0.3163.100 Safari/537.36"
213.90.54.136 - - [03/Oct/2017:09:42:12 +0200] "GET /images/tabs_corner_left_top.gif HTTP/1.1" 200 99 "http://renault.activities.at/css/styles.css" "Mozilla/5.0 (Windows NT 6.1; Win64; x64) AppleWebKit/537.36 (KHTML, like Gecko) Chrome/61.0.3163.100 Safari/537.36"
213.90.54.136 - - [03/Oct/2017:09:42:12 +0200] "GET /images/tabs_corner_right_top.gif HTTP/1.1" 200 98 "http://renault.activities.at/css/styles.css" "Mozilla/5.0 (Windows NT 6.1; Win64; x64) AppleWebKit/537.36 (KHTML, like Gecko) Chrome/61.0.3163.100 Safari/537.36"
213.90.54.136 - - [03/Oct/2017:09:42:11 +0200] "GET /loadthumbnail.php?id=11351222&width=250 HTTP/1.1" 200 65174 "http://renault.activities.at/717448?print=true" "Mozilla/5.0 (Windows NT 6.1; Win64; x64) AppleWebKit/537.36 (KHTML, like Gecko) Chrome/61.0.3163.100 Safari/537.36"
213.90.54.136 - - [03/Oct/2017:09:42:12 +0200] "GET /loadthumbnail.php?id=11351222&width=900&height=900 HTTP/1.1" 200 42444 "http://renault.activities.at/717448?print=true" "Mozilla/5.0 (Windows NT 6.1; Win64; x64) AppleWebKit/537.36 (KHTML, like Gecko) Chrome/61.0.3163.100 Safari/537.36"
212.152.158.195 - - [03/Oct/2017:09:42:09 +0200] "GET /result?dir=DESC&mode=grid&order=name&limit=15&page=6&search=renault HTTP/1.1" 200 8892 "http://renault.activities.at/result?dir=DESC&mode=grid&order=name&limit=15&page=5&search=renault" "Mozilla/5.0 (Windows NT 6.1; WOW64; Trident/7.0; rv:11.0) like Gecko"
212.152.158.195 - - [03/Oct/2017:09:42:12 +0200] "GET /loadthumbnail.php?id=11504901&width=113 HTTP/1.1" 200 32183 "http://renault.activities.at/result?dir=DESC&mode=grid&order=name&limit=15&page=6&search=renault" "Mozilla/5.0 (Windows NT 6.1; WOW64; Trident/7.0; rv:11.0) like Gecko"
212.152.158.195 - - [03/Oct/2017:09:42:12 +0200] "GET /loadthumbnail.php?id=11090247&width=113 HTTP/1.1" 200 2847 "http://renault.activities.at/result?dir=DESC&mode=grid&order=name&limit=15&page=6&search=renault" "Mozilla/5.0 (Windows NT 6.1; WOW64; Trident/7.0; rv:11.0) like Gecko"
212.152.158.195 - - [03/Oct/2017:09:42:12 +0200] "GET /loadthumbnail.php?id=10930520&width=113 HTTP/1.1" 200 2026 "http://renault.activities.at/result?dir=DESC&mode=grid&order=name&limit=15&page=6&search=renault" "Mozilla/5.0 (Windows NT 6.1; WOW64; Trident/7.0; rv:11.0) like Gecko"
212.152.158.195 - - [03/Oct/2017:09:42:12 +0200] "GET /loadthumbnail.php?id=10930552&width=113 HTTP/1.1" 200 2035 "http://renault.activities.at/result?dir=DESC&mode=grid&order=name&limit=15&page=6&search=renault" "Mozilla/5.0 (Windows NT 6.1; WOW64; Trident/7.0; rv:11.0) like Gecko"
212.152.158.195 - - [03/Oct/2017:09:42:12 +0200] "GET /loadthumbnail.php?id=11504843&width=113 HTTP/1.1" 200 33866 "http://renault.activities.at/result?dir=DESC&mode=grid&order=name&limit=15&page=6&search=renault" "Mozilla/5.0 (Windows NT 6.1; WOW64; Trident/7.0; rv:11.0) like Gecko"
212.152.158.195 - - [03/Oct/2017:09:42:12 +0200] "GET /loadthumbnail.php?id=11340123&width=113 HTTP/1.1" 200 5559 "http://renault.activities.at/result?dir=DESC&mode=grid&order=name&limit=15&page=6&search=renault" "Mozilla/5.0 (Windows NT 6.1; WOW64; Trident/7.0; rv:11.0) like Gecko"
212.152.158.195 - - [03/Oct/2017:09:42:12 +0200] "GET /loadthumbnail.php?id=11461719&width=113 HTTP/1.1" 200 32753 "http://renault.activities.at/result?dir=DESC&mode=grid&order=name&limit=15&page=6&search=renault" "Mozilla/5.0 (Windows NT 6.1; WOW64; Trident/7.0; rv:11.0) like Gecko"
212.152.158.195 - - [03/Oct/2017:09:42:12 +0200] "GET /loadthumbnail.php?id=10309491&width=113 HTTP/1.1" 200 2476 "http://renault.activities.at/result?dir=DESC&mode=grid&order=name&limit=15&page=6&search=renault" "Mozilla/5.0 (Windows NT 6.1; WOW64; Trident/7.0; rv:11.0) like Gecko"
212.152.158.195 - - [03/Oct/2017:09:42:12 +0200] "GET /loadthumbnail.php?id=10260771&width=113 HTTP/1.1" 200 1878 "http://renault.activities.at/result?dir=DESC&mode=grid&order=name&limit=15&page=6&search=renault" "Mozilla/5.0 (Windows NT 6.1; WOW64; Trident/7.0; rv:11.0) like Gecko"
212.152.158.195 - - [03/Oct/2017:09:42:12 +0200] "GET /loadthumbnail.php?id=11461707&width=113 HTTP/1.1" 200 27994 "http://renault.activities.at/result?dir=DESC&mode=grid&order=name&limit=15&page=6&search=renault" "Mozilla/5.0 (Windows NT 6.1; WOW64; Trident/7.0; rv:11.0) like Gecko"
212.152.158.195 - - [03/Oct/2017:09:42:13 +0200] "GET /loadthumbnail.php?id=10746885&width=113 HTTP/1.1" 200 3633 "http://renault.activities.at/result?dir=DESC&mode=grid&order=name&limit=15&page=6&search=renault" "Mozilla/5.0 (Windows NT 6.1; WOW64; Trident/7.0; rv:11.0) like Gecko"
212.152.158.195 - - [03/Oct/2017:09:42:13 +0200] "GET /loadthumbnail.php?id=11146700&width=113 HTTP/1.1" 200 1415 "http://renault.activities.at/result?dir=DESC&mode=grid&order=name&limit=15&page=6&search=renault" "Mozilla/5.0 (Windows NT 6.1; WOW64; Trident/7.0; rv:11.0) like Gecko"
212.152.158.195 - - [03/Oct/2017:09:42:35 +0200] "GET /result?dir=DESC&mode=grid&order=name&limit=15&page=7&search=renault HTTP/1.1" 200 8979 "http://renault.activities.at/result?dir=DESC&mode=grid&order=name&limit=15&page=6&search=renault" "Mozilla/5.0 (Windows NT 6.1; WOW64; Trident/7.0; rv:11.0) like Gecko"
212.152.158.195 - - [03/Oct/2017:09:42:38 +0200] "GET /loadthumbnail.php?id=11532883&width=113 HTTP/1.1" 200 35124 "http://renault.activities.at/result?dir=DESC&mode=grid&order=name&limit=15&page=7&search=renault" "Mozilla/5.0 (Windows NT 6.1; WOW64; Trident/7.0; rv:11.0) like Gecko"
212.152.158.195 - - [03/Oct/2017:09:42:38 +0200] "GET /loadthumbnail.php?id=11489779&width=113 HTTP/1.1" 200 1080 "http://renault.activities.at/result?dir=DESC&mode=grid&order=name&limit=15&page=7&search=renault" "Mozilla/5.0 (Windows NT 6.1; WOW64; Trident/7.0; rv:11.0) like Gecko"
212.152.158.195 - - [03/Oct/2017:09:42:38 +0200] "GET /loadthumbnail.php?id=11340121&width=113 HTTP/1.1" 200 4540 "http://renault.activities.at/result?dir=DESC&mode=grid&order=name&limit=15&page=7&search=renault" "Mozilla/5.0 (Windows NT 6.1; WOW64; Trident/7.0; rv:11.0) like Gecko"
212.152.158.195 - - [03/Oct/2017:09:42:38 +0200] "GET /loadthumbnail.php?id=11100138&width=113 HTTP/1.1" 200 4475 "http://renault.activities.at/result?dir=DESC&mode=grid&order=name&limit=15&page=7&search=renault" "Mozilla/5.0 (Windows NT 6.1; WOW64; Trident/7.0; rv:11.0) like Gecko"
212.152.158.195 - - [03/Oct/2017:09:42:38 +0200] "GET /loadthumbnail.php?id=11434114&width=113 HTTP/1.1" 200 4564 "http://renault.activities.at/result?dir=DESC&mode=grid&order=name&limit=15&page=7&search=renault" "Mozilla/5.0 (Windows NT 6.1; WOW64; Trident/7.0; rv:11.0) like Gecko"
212.152.158.195 - - [03/Oct/2017:09:42:38 +0200] "GET /loadthumbnail.php?id=11592489&width=113 HTTP/1.1" 200 16712 "http://renault.activities.at/result?dir=DESC&mode=grid&order=name&limit=15&page=7&search=renault" "Mozilla/5.0 (Windows NT 6.1; WOW64; Trident/7.0; rv:11.0) like Gecko"
212.152.158.195 - - [03/Oct/2017:09:42:38 +0200] "GET /loadthumbnail.php?id=11211825&width=113 HTTP/1.1" 200 1953 "http://renault.activities.at/result?dir=DESC&mode=grid&order=name&limit=15&page=7&search=renault" "Mozilla/5.0 (Windows NT 6.1; WOW64; Trident/7.0; rv:11.0) like Gecko"
212.152.158.195 - - [03/Oct/2017:09:42:38 +0200] "GET /loadthumbnail.php?id=11489786&width=113 HTTP/1.1" 200 2751 "http://renault.activities.at/result?dir=DESC&mode=grid&order=name&limit=15&page=7&search=renault" "Mozilla/5.0 (Windows NT 6.1; WOW64; Trident/7.0; rv:11.0) like Gecko"
212.152.158.195 - - [03/Oct/2017:09:42:38 +0200] "GET /loadthumbnail.php?id=10260190&width=113 HTTP/1.1" 200 4509 "http://renault.activities.at/result?dir=DESC&mode=grid&order=name&limit=15&page=7&search=renault" "Mozilla/5.0 (Windows NT 6.1; WOW64; Trident/7.0; rv:11.0) like Gecko"
212.152.158.195 - - [03/Oct/2017:09:42:38 +0200] "GET /loadthumbnail.php?id=10271875&width=113 HTTP/1.1" 200 1262 "http://renault.activities.at/result?dir=DESC&mode=grid&order=name&limit=15&page=7&search=renault" "Mozilla/5.0 (Windows NT 6.1; WOW64; Trident/7.0; rv:11.0) like Gecko"
212.152.158.195 - - [03/Oct/2017:09:42:38 +0200] "GET /loadthumbnail.php?id=11460803&width=113 HTTP/1.1" 200 19028 "http://renault.activities.at/result?dir=DESC&mode=grid&order=name&limit=15&page=7&search=renault" "Mozilla/5.0 (Windows NT 6.1; WOW64; Trident/7.0; rv:11.0) like Gecko"
212.152.158.195 - - [03/Oct/2017:09:42:38 +0200] "GET /loadthumbnail.php?id=11171345&width=113 HTTP/1.1" 200 2786 "http://renault.activities.at/result?dir=DESC&mode=grid&order=name&limit=15&page=7&search=renault" "Mozilla/5.0 (Windows NT 6.1; WOW64; Trident/7.0; rv:11.0) like Gecko"
212.152.158.195 - - [03/Oct/2017:09:42:38 +0200] "GET /loadthumbnail.php?id=11171346&width=113 HTTP/1.1" 200 2786 "http://renault.activities.at/result?dir=DESC&mode=grid&order=name&limit=15&page=7&search=renault" "Mozilla/5.0 (Windows NT 6.1; WOW64; Trident/7.0; rv:11.0) like Gecko"
213.90.54.136 - - [03/Oct/2017:09:42:43 +0200] "POST /result?searchterm=true&search=Mobilit%E4tsgarantie HTTP/1.1" 200 6145 "http://renault.activities.at/result?searchterm=true&search=Mobilit%E4tsgarantie" "Mozilla/5.0 (Windows NT 6.1; Win64; x64) AppleWebKit/537.36 (KHTML, like Gecko) Chrome/61.0.3163.100 Safari/537.36"
213.90.54.136 - - [03/Oct/2017:09:42:51 +0200] "GET /cart HTTP/1.1" 200 5199 "http://renault.activities.at/result?searchterm=true&search=Mobilit%E4tsgarantie" "Mozilla/5.0 (Windows NT 6.1; Win64; x64) AppleWebKit/537.36 (KHTML, like Gecko) Chrome/61.0.3163.100 Safari/537.36"
213.90.54.136 - - [03/Oct/2017:09:42:54 +0200] "GET /loadthumbnail.php?id=11351226&width=100 HTTP/1.1" 200 12621 "http://renault.activities.at/cart" "Mozilla/5.0 (Windows NT 6.1; Win64; x64) AppleWebKit/537.36 (KHTML, like Gecko) Chrome/61.0.3163.100 Safari/537.36"
213.90.54.136 - - [03/Oct/2017:09:42:54 +0200] "GET /loadthumbnail.php?id=11351222&width=100 HTTP/1.1" 200 14583 "http://renault.activities.at/cart" "Mozilla/5.0 (Windows NT 6.1; Win64; x64) AppleWebKit/537.36 (KHTML, like Gecko) Chrome/61.0.3163.100 Safari/537.36"
213.90.54.136 - - [03/Oct/2017:09:42:54 +0200] "GET /loadthumbnail.php?id=10232009&width=16&height=16 HTTP/1.1" 200 700 "http://renault.activities.at/cart" "Mozilla/5.0 (Windows NT 6.1; Win64; x64) AppleWebKit/537.36 (KHTML, like Gecko) Chrome/61.0.3163.100 Safari/537.36"
212.152.158.195 - - [03/Oct/2017:09:42:58 +0200] "GET /10272992?print=true HTTP/1.1" 200 2940 "http://renault.activities.at/result?dir=DESC&mode=grid&order=name&limit=15&page=7&search=renault" "Mozilla/5.0 (Windows NT 6.1; WOW64; Trident/7.0; rv:11.0) like Gecko"
212.152.158.195 - - [03/Oct/2017:09:43:01 +0200] "GET /js/tabs.js HTTP/1.1" 200 519 "http://renault.activities.at/10272992?print=true" "Mozilla/5.0 (Windows NT 6.1; WOW64; Trident/7.0; rv:11.0) like Gecko"
212.152.158.195 - - [03/Oct/2017:09:43:01 +0200] "GET /images/tabs_corner_left_top.gif HTTP/1.1" 200 99 "http://renault.activities.at/10272992?print=true" "Mozilla/5.0 (Windows NT 6.1; WOW64; Trident/7.0; rv:11.0) like Gecko"
212.152.158.195 - - [03/Oct/2017:09:43:01 +0200] "GET /images/tabs_button_corner_left_top_active.gif HTTP/1.1" 200 138 "http://renault.activities.at/10272992?print=true" "Mozilla/5.0 (Windows NT 6.1; WOW64; Trident/7.0; rv:11.0) like Gecko"
212.152.158.195 - - [03/Oct/2017:09:43:01 +0200] "GET /images/tabs_button_corner_right_top_active.gif HTTP/1.1" 200 136 "http://renault.activities.at/10272992?print=true" "Mozilla/5.0 (Windows NT 6.1; WOW64; Trident/7.0; rv:11.0) like Gecko"
212.152.158.195 - - [03/Oct/2017:09:43:01 +0200] "GET /images/tabs_border.gif HTTP/1.1" 200 43 "http://renault.activities.at/10272992?print=true" "Mozilla/5.0 (Windows NT 6.1; WOW64; Trident/7.0; rv:11.0) like Gecko"
212.152.158.195 - - [03/Oct/2017:09:43:01 +0200] "GET /images/tabs_corner_left_bot.gif HTTP/1.1" 200 98 "http://renault.activities.at/10272992?print=true" "Mozilla/5.0 (Windows NT 6.1; WOW64; Trident/7.0; rv:11.0) like Gecko"
212.152.158.195 - - [03/Oct/2017:09:43:01 +0200] "GET /images/tabs_corner_right_top.gif HTTP/1.1" 200 98 "http://renault.activities.at/10272992?print=true" "Mozilla/5.0 (Windows NT 6.1; WOW64; Trident/7.0; rv:11.0) like Gecko"
212.152.158.195 - - [03/Oct/2017:09:43:01 +0200] "GET /images/tabs_corner_right_bot.gif HTTP/1.1" 200 99 "http://renault.activities.at/10272992?print=true" "Mozilla/5.0 (Windows NT 6.1; WOW64; Trident/7.0; rv:11.0) like Gecko"
212.152.158.195 - - [03/Oct/2017:09:43:01 +0200] "GET /loadthumbnail.php?id=11211825&width=250 HTTP/1.1" 200 5668 "http://renault.activities.at/10272992?print=true" "Mozilla/5.0 (Windows NT 6.1; WOW64; Trident/7.0; rv:11.0) like Gecko"
212.152.158.195 - - [03/Oct/2017:09:43:01 +0200] "GET /loadthumbnail.php?id=11211825&width=900&height=900 HTTP/1.1" 200 7053 "http://renault.activities.at/10272992?print=true" "Mozilla/5.0 (Windows NT 6.1; WOW64; Trident/7.0; rv:11.0) like Gecko"
213.90.54.136 - - [03/Oct/2017:09:43:00 +0200] "POST /cart HTTP/1.1" 200 5252 "http://renault.activities.at/cart" "Mozilla/5.0 (Windows NT 6.1; Win64; x64) AppleWebKit/537.36 (KHTML, like Gecko) Chrome/61.0.3163.100 Safari/537.36"
193.194.132.79 - - [03/Oct/2017:09:43:03 +0200] "GET /reload?ser=1507016582998 HTTP/1.1" 200 28 "http://renault.2web.at/account?loadrequest=true" "Mozilla/5.0 (Windows NT 6.1; WOW64; Trident/7.0; rv:11.0) like Gecko"
212.152.158.195 - - [03/Oct/2017:09:43:05 +0200] "GET /null HTTP/1.1" 200 3781 "http://renault.activities.at/result?dir=DESC&mode=grid&order=name&limit=15&page=7&search=renault" "Mozilla/5.0 (Windows NT 6.1; WOW64; Trident/7.0; rv:11.0) like Gecko"
213.90.54.136 - - [03/Oct/2017:09:43:03 +0200] "GET /checkout HTTP/1.1" 200 10264 "http://renault.activities.at/cart" "Mozilla/5.0 (Windows NT 6.1; Win64; x64) AppleWebKit/537.36 (KHTML, like Gecko) Chrome/61.0.3163.100 Safari/537.36"
213.90.54.136 - - [03/Oct/2017:09:43:07 +0200] "GET /loadthumbnail.php?id=10201939 HTTP/1.1" 200 201 "http://renault.activities.at/checkout" "Mozilla/5.0 (Windows NT 6.1; Win64; x64) AppleWebKit/537.36 (KHTML, like Gecko) Chrome/61.0.3163.100 Safari/537.36"
213.90.54.136 - - [03/Oct/2017:09:43:07 +0200] "GET /loadthumbnail.php?id=10202698 HTTP/1.1" 200 16686 "http://renault.activities.at/checkout" "Mozilla/5.0 (Windows NT 6.1; Win64; x64) AppleWebKit/537.36 (KHTML, like Gecko) Chrome/61.0.3163.100 Safari/537.36"
212.152.158.195 - - [03/Oct/2017:09:43:07 +0200] "GET /reload?ser=1507017145495 HTTP/1.1" 200 28 "http://renault.activities.at/" "Mozilla/5.0 (Windows NT 6.1; WOW64; Trident/7.0; rv:11.0) like Gecko"
212.152.158.195 - - [03/Oct/2017:09:43:09 +0200] "GET /result?dir=DESC&mode=grid&order=name&limit=15&page=8&search=renault HTTP/1.1" 200 8123 "http://renault.activities.at/result?dir=DESC&mode=grid&order=name&limit=15&page=7&search=renault" "Mozilla/5.0 (Windows NT 6.1; WOW64; Trident/7.0; rv:11.0) like Gecko"
212.152.158.195 - - [03/Oct/2017:09:43:12 +0200] "GET /loadthumbnail.php?id=11500416&width=113 HTTP/1.1" 200 21073 "http://renault.activities.at/result?dir=DESC&mode=grid&order=name&limit=15&page=8&search=renault" "Mozilla/5.0 (Windows NT 6.1; WOW64; Trident/7.0; rv:11.0) like Gecko"
212.152.158.195 - - [03/Oct/2017:09:43:12 +0200] "GET /loadthumbnail.php?id=10925818&width=113 HTTP/1.1" 200 1753 "http://renault.activities.at/result?dir=DESC&mode=grid&order=name&limit=15&page=8&search=renault" "Mozilla/5.0 (Windows NT 6.1; WOW64; Trident/7.0; rv:11.0) like Gecko"
212.152.158.195 - - [03/Oct/2017:09:43:12 +0200] "GET /loadthumbnail.php?id=11500398&width=113 HTTP/1.1" 200 21704 "http://renault.activities.at/result?dir=DESC&mode=grid&order=name&limit=15&page=8&search=renault" "Mozilla/5.0 (Windows NT 6.1; WOW64; Trident/7.0; rv:11.0) like Gecko"
212.152.158.195 - - [03/Oct/2017:09:43:12 +0200] "GET /loadthumbnail.php?id=11340118&width=113 HTTP/1.1" 200 5862 "http://renault.activities.at/result?dir=DESC&mode=grid&order=name&limit=15&page=8&search=renault" "Mozilla/5.0 (Windows NT 6.1; WOW64; Trident/7.0; rv:11.0) like Gecko"
212.152.158.195 - - [03/Oct/2017:09:43:12 +0200] "GET /loadthumbnail.php?id=10925819&width=113 HTTP/1.1" 200 4429 "http://renault.activities.at/result?dir=DESC&mode=grid&order=name&limit=15&page=8&search=renault" "Mozilla/5.0 (Windows NT 6.1; WOW64; Trident/7.0; rv:11.0) like Gecko"
212.152.158.195 - - [03/Oct/2017:09:43:12 +0200] "GET /loadthumbnail.php?id=11340120&width=113 HTTP/1.1" 200 2962 "http://renault.activities.at/result?dir=DESC&mode=grid&order=name&limit=15&page=8&search=renault" "Mozilla/5.0 (Windows NT 6.1; WOW64; Trident/7.0; rv:11.0) like Gecko"
212.152.158.195 - - [03/Oct/2017:09:43:12 +0200] "GET /loadthumbnail.php?id=11253834&width=113 HTTP/1.1" 200 2935 "http://renault.activities.at/result?dir=DESC&mode=grid&order=name&limit=15&page=8&search=renault" "Mozilla/5.0 (Windows NT 6.1; WOW64; Trident/7.0; rv:11.0) like Gecko"
212.152.158.195 - - [03/Oct/2017:09:43:12 +0200] "GET /loadthumbnail.php?id=11351226&width=113 HTTP/1.1" 200 16210 "http://renault.activities.at/result?dir=DESC&mode=grid&order=name&limit=15&page=8&search=renault" "Mozilla/5.0 (Windows NT 6.1; WOW64; Trident/7.0; rv:11.0) like Gecko"
213.90.54.136 - - [03/Oct/2017:09:43:10 +0200] "POST /docheckout HTTP/1.1" 200 453 "http://renault.activities.at/checkout" "Mozilla/5.0 (Windows NT 6.1; Win64; x64) AppleWebKit/537.36 (KHTML, like Gecko) Chrome/61.0.3163.100 Safari/537.36"
213.90.54.136 - - [03/Oct/2017:09:43:14 +0200] "POST /docheckout HTTP/1.1" 200 617 "http://renault.activities.at/checkout" "Mozilla/5.0 (Windows NT 6.1; Win64; x64) AppleWebKit/537.36 (KHTML, like Gecko) Chrome/61.0.3163.100 Safari/537.36"
213.90.54.136 - - [03/Oct/2017:09:43:15 +0200] "POST /docheckout HTTP/1.1" 200 68 "http://renault.activities.at/checkout" "Mozilla/5.0 (Windows NT 6.1; Win64; x64) AppleWebKit/537.36 (KHTML, like Gecko) Chrome/61.0.3163.100 Safari/537.36"
213.90.54.136 - - [03/Oct/2017:09:43:17 +0200] "GET /success HTTP/1.1" 200 3794 "http://renault.activities.at/checkout" "Mozilla/5.0 (Windows NT 6.1; Win64; x64) AppleWebKit/537.36 (KHTML, like Gecko) Chrome/61.0.3163.100 Safari/537.36"
213.90.54.136 - - [03/Oct/2017:09:43:18 +0200] "POST /docheckout HTTP/1.1" 200 81 "http://renault.activities.at/checkout" "Mozilla/5.0 (Windows NT 6.1; Win64; x64) AppleWebKit/537.36 (KHTML, like Gecko) Chrome/61.0.3163.100 Safari/537.36"
212.152.158.195 - - [03/Oct/2017:09:43:36 +0200] "POST /axjaxrequest?mode=suggest HTTP/1.1" 200 21 "http://renault.activities.at/result?dir=DESC&mode=grid&order=name&limit=15&page=8&search=renault" "Mozilla/5.0 (Windows NT 6.1; WOW64; Trident/7.0; rv:11.0) like Gecko"
212.152.158.195 - - [03/Oct/2017:09:43:36 +0200] "GET /result?searchterm=true&search=passion+for HTTP/1.1" 200 4709 "http://renault.activities.at/result?dir=DESC&mode=grid&order=name&limit=15&page=8&search=renault" "Mozilla/5.0 (Windows NT 6.1; WOW64; Trident/7.0; rv:11.0) like Gecko"
212.152.158.195 - - [03/Oct/2017:09:43:38 +0200] "GET /images/note_msg_icon.gif HTTP/1.1" 200 1022 "http://renault.activities.at/result?searchterm=true&search=passion+for" "Mozilla/5.0 (Windows NT 6.1; WOW64; Trident/7.0; rv:11.0) like Gecko"
212.152.158.195 - - [03/Oct/2017:09:43:36 +0200] "POST /axjaxrequest?mode=suggest HTTP/1.1" 200 21 "http://renault.activities.at/result?dir=DESC&mode=grid&order=name&limit=15&page=8&search=renault" "Mozilla/5.0 (Windows NT 6.1; WOW64; Trident/7.0; rv:11.0) like Gecko"
212.152.158.195 - - [03/Oct/2017:09:43:43 +0200] "GET /result?searchterm=true&search=passion+ HTTP/1.1" 200 4707 "http://renault.activities.at/result?searchterm=true&search=passion+for" "Mozilla/5.0 (Windows NT 6.1; WOW64; Trident/7.0; rv:11.0) like Gecko"
212.152.158.195 - - [03/Oct/2017:09:43:50 +0200] "GET /orders HTTP/1.1" 200 5602 "http://renault.activities.at/result?searchterm=true&search=passion+" "Mozilla/5.0 (Windows NT 6.1; WOW64; Trident/7.0; rv:11.0) like Gecko"
212.152.158.195 - - [03/Oct/2017:09:43:59 +0200] "GET /orders?limit=10&page=2 HTTP/1.1" 200 5618 "http://renault.activities.at/orders" "Mozilla/5.0 (Windows NT 6.1; WOW64; Trident/7.0; rv:11.0) like Gecko"
193.194.132.79 - - [03/Oct/2017:09:44:04 +0200] "GET /reload?ser=1507016644100 HTTP/1.1" 200 28 "http://renault.2web.at/account?loadrequest=true" "Mozilla/5.0 (Windows NT 6.1; WOW64; Trident/7.0; rv:11.0) like Gecko"
212.152.158.195 - - [03/Oct/2017:09:44:08 +0200] "GET /reload?ser=1507017206465 HTTP/1.1" 200 28 "http://renault.activities.at/" "Mozilla/5.0 (Windows NT 6.1; WOW64; Trident/7.0; rv:11.0) like Gecko"
212.152.158.195 - - [03/Oct/2017:09:44:12 +0200] "GET /11478618 HTTP/1.1" 200 6009 "http://renault.activities.at/orders?limit=10&page=2" "Mozilla/5.0 (Windows NT 6.1; WOW64; Trident/7.0; rv:11.0) like Gecko"
212.152.158.195 - - [03/Oct/2017:09:44:19 +0200] "GET /orders?limit=10&page=2 HTTP/1.1" 200 5618 "http://renault.activities.at/orders" "Mozilla/5.0 (Windows NT 6.1; WOW64; Trident/7.0; rv:11.0) like Gecko"
212.152.158.195 - - [03/Oct/2017:09:44:24 +0200] "GET /11489505 HTTP/1.1" 200 5980 "http://renault.activities.at/orders?limit=10&page=2" "Mozilla/5.0 (Windows NT 6.1; WOW64; Trident/7.0; rv:11.0) like Gecko"
212.152.158.195 - - [03/Oct/2017:09:44:29 +0200] "GET /orders?limit=10&page=2 HTTP/1.1" 200 5618 "http://renault.activities.at/11489505" "Mozilla/5.0 (Windows NT 6.1; WOW64; Trident/7.0; rv:11.0) like Gecko"
212.152.158.195 - - [03/Oct/2017:09:44:34 +0200] "GET /11500681 HTTP/1.1" 200 6000 "http://renault.activities.at/orders?limit=10&page=2" "Mozilla/5.0 (Windows NT 6.1; WOW64; Trident/7.0; rv:11.0) like Gecko"
212.152.158.195 - - [03/Oct/2017:09:44:39 +0200] "GET /orders?limit=10&page=2 HTTP/1.1" 200 5618 "http://renault.activities.at/11500681" "Mozilla/5.0 (Windows NT 6.1; WOW64; Trident/7.0; rv:11.0) like Gecko"
212.152.158.195 - - [03/Oct/2017:09:44:43 +0200] "GET /11512826 HTTP/1.1" 200 6007 "http://renault.activities.at/orders?limit=10&page=2" "Mozilla/5.0 (Windows NT 6.1; WOW64; Trident/7.0; rv:11.0) like Gecko"
212.152.158.195 - - [03/Oct/2017:09:44:57 +0200] "GET /orders?limit=10&page=2 HTTP/1.1" 200 5618 "http://renault.activities.at/11512826" "Mozilla/5.0 (Windows NT 6.1; WOW64; Trident/7.0; rv:11.0) like Gecko"
193.194.132.79 - - [03/Oct/2017:09:45:05 +0200] "GET /reload?ser=1507016705212 HTTP/1.1" 200 28 "http://renault.2web.at/account?loadrequest=true" "Mozilla/5.0 (Windows NT 6.1; WOW64; Trident/7.0; rv:11.0) like Gecko"
212.152.158.195 - - [03/Oct/2017:09:45:03 +0200] "GET /11513944 HTTP/1.1" 200 5995 "http://renault.activities.at/orders?limit=10&page=2" "Mozilla/5.0 (Windows NT 6.1; WOW64; Trident/7.0; rv:11.0) like Gecko"
212.152.158.195 - - [03/Oct/2017:09:45:09 +0200] "GET /reload?ser=1507017267448 HTTP/1.1" 200 28 "http://renault.activities.at/" "Mozilla/5.0 (Windows NT 6.1; WOW64; Trident/7.0; rv:11.0) like Gecko"
212.152.158.195 - - [03/Oct/2017:09:45:11 +0200] "GET /orders?limit=10&page=2 HTTP/1.1" 200 5618 "http://renault.activities.at/11513944" "Mozilla/5.0 (Windows NT 6.1; WOW64; Trident/7.0; rv:11.0) like Gecko"
212.152.158.195 - - [03/Oct/2017:09:45:15 +0200] "GET /11532263 HTTP/1.1" 200 5998 "http://renault.activities.at/orders?limit=10&page=2" "Mozilla/5.0 (Windows NT 6.1; WOW64; Trident/7.0; rv:11.0) like Gecko"
212.152.158.195 - - [03/Oct/2017:09:45:26 +0200] "GET /orders?limit=10&page=2 HTTP/1.1" 200 5618 "http://renault.activities.at/11532263" "Mozilla/5.0 (Windows NT 6.1; WOW64; Trident/7.0; rv:11.0) like Gecko"
212.152.158.195 - - [03/Oct/2017:09:45:31 +0200] "GET /11548434 HTTP/1.1" 200 5989 "http://renault.activities.at/orders?limit=10&page=2" "Mozilla/5.0 (Windows NT 6.1; WOW64; Trident/7.0; rv:11.0) like Gecko"
212.152.158.195 - - [03/Oct/2017:09:45:44 +0200] "GET /result?searchterm=true&search=REH5140 HTTP/1.1" 200 5948 "http://renault.activities.at/11548434" "Mozilla/5.0 (Windows NT 6.1; WOW64; Trident/7.0; rv:11.0) like Gecko"
212.152.158.195 - - [03/Oct/2017:09:45:48 +0200] "GET /11059204?print=true HTTP/1.1" 200 2696 "http://renault.activities.at/result?searchterm=true&search=REH5140" "Mozilla/5.0 (Windows NT 6.1; WOW64; Trident/7.0; rv:11.0) like Gecko"
212.152.158.195 - - [03/Oct/2017:09:45:50 +0200] "GET /graphics/zoomin.cur HTTP/1.1" 200 3781 "http://renault.activities.at/11059204?print=true" "Mozilla/5.0 (Windows NT 6.1; WOW64; Trident/7.0; rv:11.0) like Gecko"
212.152.158.195 - - [03/Oct/2017:09:45:53 +0200] "GET /null HTTP/1.1" 200 3781 "http://renault.activities.at/result?searchterm=true&search=REH5140" "Mozilla/5.0 (Windows NT 6.1; WOW64; Trident/7.0; rv:11.0) like Gecko"
212.152.158.195 - - [03/Oct/2017:09:46:04 +0200] "GET /result?searchterm=true&search=heft HTTP/1.1" 200 6368 "http://renault.activities.at/result?searchterm=true&search=REH5140" "Mozilla/5.0 (Windows NT 6.1; WOW64; Trident/7.0; rv:11.0) like Gecko"
193.194.132.79 - - [03/Oct/2017:09:46:06 +0200] "GET /reload?ser=1507016766270 HTTP/1.1" 200 28 "http://renault.2web.at/account?loadrequest=true" "Mozilla/5.0 (Windows NT 6.1; WOW64; Trident/7.0; rv:11.0) like Gecko"
212.152.158.195 - - [03/Oct/2017:09:46:05 +0200] "POST /axjaxrequest?mode=suggest HTTP/1.1" 200 160 "http://renault.activities.at/result?searchterm=true&search=REH5140" "Mozilla/5.0 (Windows NT 6.1; WOW64; Trident/7.0; rv:11.0) like Gecko"
212.152.158.195 - - [03/Oct/2017:09:46:10 +0200] "GET /reload?ser=1507017328401 HTTP/1.1" 200 28 "http://renault.activities.at/" "Mozilla/5.0 (Windows NT 6.1; WOW64; Trident/7.0; rv:11.0) like Gecko"
212.152.158.195 - - [03/Oct/2017:09:46:26 +0200] "GET /result?searchterm=true&search=bei HTTP/1.1" 200 7127 "http://renault.activities.at/result?searchterm=true&search=heft" "Mozilla/5.0 (Windows NT 6.1; WOW64; Trident/7.0; rv:11.0) like Gecko"
212.152.158.195 - - [03/Oct/2017:09:46:28 +0200] "GET /loadthumbnail.php?id=11194750&width=113 HTTP/1.1" 200 2347 "http://renault.activities.at/result?searchterm=true&search=bei" "Mozilla/5.0 (Windows NT 6.1; WOW64; Trident/7.0; rv:11.0) like Gecko"
212.152.158.195 - - [03/Oct/2017:09:46:28 +0200] "GET /loadthumbnail.php?id=11228497&width=113 HTTP/1.1" 200 3267 "http://renault.activities.at/result?searchterm=true&search=bei" "Mozilla/5.0 (Windows NT 6.1; WOW64; Trident/7.0; rv:11.0) like Gecko"
212.152.158.195 - - [03/Oct/2017:09:46:28 +0200] "GET /loadthumbnail.php?id=11117056&width=113 HTTP/1.1" 200 2184 "http://renault.activities.at/result?searchterm=true&search=bei" "Mozilla/5.0 (Windows NT 6.1; WOW64; Trident/7.0; rv:11.0) like Gecko"
212.152.158.195 - - [03/Oct/2017:09:46:28 +0200] "GET /loadthumbnail.php?id=11245117&width=113 HTTP/1.1" 200 2832 "http://renault.activities.at/result?searchterm=true&search=bei" "Mozilla/5.0 (Windows NT 6.1; WOW64; Trident/7.0; rv:11.0) like Gecko"
212.152.158.195 - - [03/Oct/2017:09:46:28 +0200] "GET /loadthumbnail.php?id=10562347&width=113 HTTP/1.1" 200 4993 "http://renault.activities.at/result?searchterm=true&search=bei" "Mozilla/5.0 (Windows NT 6.1; WOW64; Trident/7.0; rv:11.0) like Gecko"
212.152.158.195 - - [03/Oct/2017:09:46:28 +0200] "GET /loadthumbnail.php?id=11310683&width=113 HTTP/1.1" 200 1776 "http://renault.activities.at/result?searchterm=true&search=bei" "Mozilla/5.0 (Windows NT 6.1; WOW64; Trident/7.0; rv:11.0) like Gecko"
212.152.158.195 - - [03/Oct/2017:09:46:28 +0200] "GET /loadthumbnail.php?id=10562346&width=113 HTTP/1.1" 200 5314 "http://renault.activities.at/result?searchterm=true&search=bei" "Mozilla/5.0 (Windows NT 6.1; WOW64; Trident/7.0; rv:11.0) like Gecko"
212.152.158.195 - - [03/Oct/2017:09:46:26 +0200] "POST /axjaxrequest?mode=suggest HTTP/1.1" 200 162 "http://renault.activities.at/result?searchterm=true&search=heft" "Mozilla/5.0 (Windows NT 6.1; WOW64; Trident/7.0; rv:11.0) like Gecko"
212.152.158.195 - - [03/Oct/2017:09:46:36 +0200] "GET /result?searchterm=true&search=willkommen HTTP/1.1" 200 6148 "http://renault.activities.at/result?searchterm=true&search=bei" "Mozilla/5.0 (Windows NT 6.1; WOW64; Trident/7.0; rv:11.0) like Gecko"
212.152.158.195 - - [03/Oct/2017:09:46:36 +0200] "POST /axjaxrequest?mode=suggest HTTP/1.1" 200 116 "http://renault.activities.at/result?searchterm=true&search=bei" "Mozilla/5.0 (Windows NT 6.1; WOW64; Trident/7.0; rv:11.0) like Gecko"
212.152.158.195 - - [03/Oct/2017:09:46:53 +0200] "GET /result?searchterm=true&search=willkommen HTTP/1.1" 200 6148 "http://renault.activities.at/result?searchterm=true&search=willkommen" "Mozilla/5.0 (Windows NT 6.1; WOW64; Trident/7.0; rv:11.0) like Gecko"
193.194.132.79 - - [03/Oct/2017:09:47:07 +0200] "GET /reload?ser=1507016827409 HTTP/1.1" 200 28 "http://renault.2web.at/account?loadrequest=true" "Mozilla/5.0 (Windows NT 6.1; WOW64; Trident/7.0; rv:11.0) like Gecko"
212.152.158.195 - - [03/Oct/2017:09:47:11 +0200] "GET /reload?ser=1507017389340 HTTP/1.1" 200 28 "http://renault.activities.at/" "Mozilla/5.0 (Windows NT 6.1; WOW64; Trident/7.0; rv:11.0) like Gecko"
212.152.158.195 - - [03/Oct/2017:09:47:19 +0200] "GET /result?searchterm=true&search=heft HTTP/1.1" 200 6368 "http://renault.activities.at/result?searchterm=true&search=willkommen" "Mozilla/5.0 (Windows NT 6.1; WOW64; Trident/7.0; rv:11.0) like Gecko"
212.152.158.195 - - [03/Oct/2017:09:47:19 +0200] "POST /axjaxrequest?mode=suggest HTTP/1.1" 200 160 "http://renault.activities.at/result?searchterm=true&search=willkommen" "Mozilla/5.0 (Windows NT 6.1; WOW64; Trident/7.0; rv:11.0) like Gecko"
212.152.158.195 - - [03/Oct/2017:09:47:55 +0200] "GET /result?searchterm=true&search=%FCberblick HTTP/1.1" 200 4710 "http://renault.activities.at/result?searchterm=true&search=heft" "Mozilla/5.0 (Windows NT 6.1; WOW64; Trident/7.0; rv:11.0) like Gecko"
212.152.158.195 - - [03/Oct/2017:09:47:56 +0200] "POST /axjaxrequest?mode=suggest HTTP/1.1" 200 21 "http://renault.activities.at/result?searchterm=true&search=heft" "Mozilla/5.0 (Windows NT 6.1; WOW64; Trident/7.0; rv:11.0) like Gecko"
193.194.132.79 - - [03/Oct/2017:09:48:08 +0200] "GET /reload?ser=1507016888519 HTTP/1.1" 200 28 "http://renault.2web.at/account?loadrequest=true" "Mozilla/5.0 (Windows NT 6.1; WOW64; Trident/7.0; rv:11.0) like Gecko"
212.152.158.195 - - [03/Oct/2017:09:48:12 +0200] "GET /reload?ser=1507017450337 HTTP/1.1" 200 28 "http://renault.activities.at/" "Mozilla/5.0 (Windows NT 6.1; WOW64; Trident/7.0; rv:11.0) like Gecko"
212.152.158.195 - - [03/Oct/2017:09:48:19 +0200] "GET /result?searchterm=true&search=renault+heft HTTP/1.1" 200 5960 "http://renault.activities.at/result?searchterm=true&search=%FCberblick" "Mozilla/5.0 (Windows NT 6.1; WOW64; Trident/7.0; rv:11.0) like Gecko"
212.152.158.195 - - [03/Oct/2017:09:48:19 +0200] "POST /axjaxrequest?mode=suggest HTTP/1.1" 200 21 "http://renault.activities.at/result?searchterm=true&search=%FCberblick" "Mozilla/5.0 (Windows NT 6.1; WOW64; Trident/7.0; rv:11.0) like Gecko"
193.194.132.79 - - [03/Oct/2017:09:49:09 +0200] "GET /reload?ser=1507016949593 HTTP/1.1" 200 28 "http://renault.2web.at/account?loadrequest=true" "Mozilla/5.0 (Windows NT 6.1; WOW64; Trident/7.0; rv:11.0) like Gecko"
212.152.158.195 - - [03/Oct/2017:09:49:13 +0200] "GET /reload?ser=1507017511324 HTTP/1.1" 200 28 "http://renault.activities.at/" "Mozilla/5.0 (Windows NT 6.1; WOW64; Trident/7.0; rv:11.0) like Gecko"
212.152.158.195 - - [03/Oct/2017:09:49:21 +0200] "GET /reload?ser=1507017519572 HTTP/1.1" 200 28 "http://renault.activities.at/result?searchterm=true&search=renault+heft" "Mozilla/5.0 (Windows NT 6.1; WOW64; Trident/7.0; rv:11.0) like Gecko"
212.152.158.195 - - [03/Oct/2017:09:49:35 +0200] "GET /result?searchterm=true&search=renault+ HTTP/1.1" 200 8505 "http://renault.activities.at/result?searchterm=true&search=renault+heft" "Mozilla/5.0 (Windows NT 6.1; WOW64; Trident/7.0; rv:11.0) like Gecko"
212.152.158.195 - - [03/Oct/2017:09:49:45 +0200] "GET /result?dir=DESC&mode=grid&order=name&limit=15&page=2&search=renault HTTP/1.1" 200 8528 "http://renault.activities.at/result?searchterm=true&search=renault+" "Mozilla/5.0 (Windows NT 6.1; WOW64; Trident/7.0; rv:11.0) like Gecko"
212.152.158.195 - - [03/Oct/2017:09:49:51 +0200] "GET /images/vista-dn-hover.gif HTTP/1.1" 200 127 "http://renault.activities.at/result?dir=DESC&mode=grid&order=name&limit=15&page=2&search=renault" "Mozilla/5.0 (Windows NT 6.1; WOW64; Trident/7.0; rv:11.0) like Gecko"
212.152.158.195 - - [03/Oct/2017:09:49:52 +0200] "GET /result?dir=DESC&mode=grid&order=name&limit=15&page=3&search=renault HTTP/1.1" 200 8472 "http://renault.activities.at/result?dir=DESC&mode=grid&order=name&limit=15&page=2&search=renault" "Mozilla/5.0 (Windows NT 6.1; WOW64; Trident/7.0; rv:11.0) like Gecko"
212.152.158.195 - - [03/Oct/2017:09:50:02 +0200] "GET /result?dir=DESC&mode=grid&order=name&limit=15&page=4&search=renault HTTP/1.1" 200 8455 "http://renault.activities.at/result?dir=DESC&mode=grid&order=name&limit=15&page=3&search=renault" "Mozilla/5.0 (Windows NT 6.1; WOW64; Trident/7.0; rv:11.0) like Gecko"
193.194.132.79 - - [03/Oct/2017:09:50:10 +0200] "GET /reload?ser=1507017010700 HTTP/1.1" 200 28 "http://renault.2web.at/account?loadrequest=true" "Mozilla/5.0 (Windows NT 6.1; WOW64; Trident/7.0; rv:11.0) like Gecko"
212.152.158.195 - - [03/Oct/2017:09:50:12 +0200] "GET /result?dir=DESC&mode=grid&order=name&limit=15&page=5&search=renault HTTP/1.1" 200 8364 "http://renault.activities.at/result?dir=DESC&mode=grid&order=name&limit=15&page=4&search=renault" "Mozilla/5.0 (Windows NT 6.1; WOW64; Trident/7.0; rv:11.0) like Gecko"
212.152.158.195 - - [03/Oct/2017:09:50:14 +0200] "GET /reload?ser=1507017572374 HTTP/1.1" 200 28 "http://renault.activities.at/" "Mozilla/5.0 (Windows NT 6.1; WOW64; Trident/7.0; rv:11.0) like Gecko"
212.152.158.195 - - [03/Oct/2017:09:50:19 +0200] "GET /result?dir=DESC&mode=grid&order=name&limit=15&page=6&search=renault HTTP/1.1" 200 8892 "http://renault.activities.at/result?dir=DESC&mode=grid&order=name&limit=15&page=5&search=renault" "Mozilla/5.0 (Windows NT 6.1; WOW64; Trident/7.0; rv:11.0) like Gecko"
212.152.158.195 - - [03/Oct/2017:09:50:54 +0200] "GET /717102?print=true HTTP/1.1" 200 2668 "http://renault.activities.at/result?dir=DESC&mode=grid&order=name&limit=15&page=6&search=renault" "Mozilla/5.0 (Windows NT 6.1; WOW64; Trident/7.0; rv:11.0) like Gecko"
212.152.158.195 - - [03/Oct/2017:09:50:57 +0200] "GET /loadthumbnail.php?id=11423689&width=250 HTTP/1.1" 200 3293 "http://renault.activities.at/717102?print=true" "Mozilla/5.0 (Windows NT 6.1; WOW64; Trident/7.0; rv:11.0) like Gecko"
212.152.158.195 - - [03/Oct/2017:09:50:57 +0200] "GET /loadthumbnail.php?id=11423689&width=900&height=900 HTTP/1.1" 200 21629 "http://renault.activities.at/717102?print=true" "Mozilla/5.0 (Windows NT 6.1; WOW64; Trident/7.0; rv:11.0) like Gecko"
212.152.158.195 - - [03/Oct/2017:09:51:02 +0200] "GET /null HTTP/1.1" 200 3781 "http://renault.activities.at/result?dir=DESC&mode=grid&order=name&limit=15&page=6&search=renault" "Mozilla/5.0 (Windows NT 6.1; WOW64; Trident/7.0; rv:11.0) like Gecko"
212.152.158.195 - - [03/Oct/2017:09:51:02 +0200] "GET /result?dir=DESC&mode=grid&order=name&limit=15&page=7&search=renault HTTP/1.1" 200 8979 "http://renault.activities.at/result?dir=DESC&mode=grid&order=name&limit=15&page=6&search=renault" "Mozilla/5.0 (Windows NT 6.1; WOW64; Trident/7.0; rv:11.0) like Gecko"
212.152.158.195 - - [03/Oct/2017:09:51:09 +0200] "GET /result?dir=DESC&mode=grid&order=name&limit=15&page=7&search=renault HTTP/1.1" 200 8979 "http://renault.activities.at/result?dir=DESC&mode=grid&order=name&limit=15&page=6&search=renault" "Mozilla/5.0 (Windows NT 6.1; WOW64; Trident/7.0; rv:11.0) like Gecko"
193.194.132.79 - - [03/Oct/2017:09:51:11 +0200] "GET /reload?ser=1507017071792 HTTP/1.1" 200 28 "http://renault.2web.at/account?loadrequest=true" "Mozilla/5.0 (Windows NT 6.1; WOW64; Trident/7.0; rv:11.0) like Gecko"
212.152.158.195 - - [03/Oct/2017:09:51:12 +0200] "GET /result?dir=DESC&mode=grid&order=name&limit=15&page=7&search=renault HTTP/1.1" 200 8979 "http://renault.activities.at/result?dir=DESC&mode=grid&order=name&limit=15&page=6&search=renault" "Mozilla/5.0 (Windows NT 6.1; WOW64; Trident/7.0; rv:11.0) like Gecko"
212.152.158.195 - - [03/Oct/2017:09:51:16 +0200] "GET /reload?ser=1507017634340 HTTP/1.1" 200 28 "http://renault.activities.at/" "Mozilla/5.0 (Windows NT 6.1; WOW64; Trident/7.0; rv:11.0) like Gecko"
212.152.158.195 - - [03/Oct/2017:09:51:27 +0200] "GET /result?dir=DESC&mode=grid&order=name&limit=15&page=8&search=renault HTTP/1.1" 200 8123 "http://renault.activities.at/result?dir=DESC&mode=grid&order=name&limit=15&page=7&search=renault" "Mozilla/5.0 (Windows NT 6.1; WOW64; Trident/7.0; rv:11.0) like Gecko"
212.152.158.195 - - [03/Oct/2017:09:51:43 +0200] "GET /result?searchterm=true&search=kube HTTP/1.1" 200 6144 "http://renault.activities.at/result?dir=DESC&mode=grid&order=name&limit=15&page=8&search=renault" "Mozilla/5.0 (Windows NT 6.1; WOW64; Trident/7.0; rv:11.0) like Gecko"
212.152.158.195 - - [03/Oct/2017:09:51:43 +0200] "POST /axjaxrequest?mode=suggest HTTP/1.1" 200 110 "http://renault.activities.at/result?dir=DESC&mode=grid&order=name&limit=15&page=8&search=renault" "Mozilla/5.0 (Windows NT 6.1; WOW64; Trident/7.0; rv:11.0) like Gecko"
212.152.158.195 - - [03/Oct/2017:09:51:49 +0200] "POST /axjaxrequest?mode=suggest HTTP/1.1" 200 148 "http://renault.activities.at/result?searchterm=true&search=kube" "Mozilla/5.0 (Windows NT 6.1; WOW64; Trident/7.0; rv:11.0) like Gecko"
212.152.158.195 - - [03/Oct/2017:09:51:49 +0200] "GET /result?searchterm=true&search=angebot HTTP/1.1" 200 6073 "http://renault.activities.at/result?searchterm=true&search=kube" "Mozilla/5.0 (Windows NT 6.1; WOW64; Trident/7.0; rv:11.0) like Gecko"
212.152.158.195 - - [03/Oct/2017:09:51:56 +0200] "GET /10764754?print=true HTTP/1.1" 200 3031 "http://renault.activities.at/result?searchterm=true&search=angebot" "Mozilla/5.0 (Windows NT 6.1; WOW64; Trident/7.0; rv:11.0) like Gecko"
212.152.158.195 - - [03/Oct/2017:09:51:59 +0200] "GET /loadthumbnail.php?id=11423838&width=250 HTTP/1.1" 200 8660 "http://renault.activities.at/10764754?print=true" "Mozilla/5.0 (Windows NT 6.1; WOW64; Trident/7.0; rv:11.0) like Gecko"
212.152.158.195 - - [03/Oct/2017:09:51:59 +0200] "GET /loadthumbnail.php?id=11423839&width=83 HTTP/1.1" 200 1353 "http://renault.activities.at/10764754?print=true" "Mozilla/5.0 (Windows NT 6.1; WOW64; Trident/7.0; rv:11.0) like Gecko"
