212.152.246.130 - - [03/Oct/2017:14:04:55 +0200] "POST /axjaxrequest?mode=suggest HTTP/1.1" 200 184 "http://renault.activities.at/10201637" "Mozilla/5.0 (Windows NT 6.1; WOW64; Trident/7.0; rv:11.0) like Gecko"
212.152.246.130 - - [03/Oct/2017:14:04:58 +0200] "POST /axjaxrequest?mode=suggest HTTP/1.1" 200 21 "http://renault.activities.at/10201637" "Mozilla/5.0 (Windows NT 6.1; WOW64; Trident/7.0; rv:11.0) like Gecko"
212.152.246.130 - - [03/Oct/2017:14:04:59 +0200] "POST /axjaxrequest?mode=suggest HTTP/1.1" 200 21 "http://renault.activities.at/10201637" "Mozilla/5.0 (Windows NT 6.1; WOW64; Trident/7.0; rv:11.0) like Gecko"
212.152.246.130 - - [03/Oct/2017:14:05:00 +0200] "GET /result?searchterm=true&search=serviceheft+dacia HTTP/1.1" 200 5137 "http://renault.activities.at/10201637" "Mozilla/5.0 (Windows NT 6.1; WOW64; Trident/7.0; rv:11.0) like Gecko"
212.152.246.130 - - [03/Oct/2017:14:05:07 +0200] "GET /10201637 HTTP/1.1" 200 9284 "http://renault.activities.at/10201442" "Mozilla/5.0 (Windows NT 6.1; WOW64; Trident/7.0; rv:11.0) like Gecko"
212.186.92.126 - - [03/Oct/2017:14:05:19 +0200] "GET /reload?ser=1507032718391 HTTP/1.1" 200 28 "http://renault.activities.at/logout" "Mozilla/5.0 (Windows NT 6.1; WOW64; Trident/7.0; rv:11.0) like Gecko"
212.152.246.130 - - [03/Oct/2017:14:05:18 +0200] "GET /10201442 HTTP/1.1" 200 9185 "http://renault.activities.at/checkout" "Mozilla/5.0 (Windows NT 6.1; WOW64; Trident/7.0; rv:11.0) like Gecko"
212.152.158.195 - - [03/Oct/2017:14:05:23 +0200] "GET /reload?ser=1507032882052 HTTP/1.1" 200 28 "http://renault.activities.at/result?searchterm=true&search=tasche" "Mozilla/5.0 (Windows NT 6.1; WOW64; Trident/7.0; rv:11.0) like Gecko"
212.152.158.195 - - [03/Oct/2017:14:05:36 +0200] "GET /reload?ser=1507032894963 HTTP/1.1" 200 28 "http://renault.activities.at/account" "Mozilla/5.0 (Windows NT 6.1; WOW64; Trident/7.0; rv:11.0) like Gecko"
212.152.246.130 - - [03/Oct/2017:14:05:42 +0200] "GET /10201442?mode=list HTTP/1.1" 200 8505 "http://renault.activities.at/10201442" "Mozilla/5.0 (Windows NT 6.1; WOW64; Trident/7.0; rv:11.0) like Gecko"
89.16.198.102 - - [03/Oct/2017:14:05:54 +0200] "GET /reload?ser=1507032368677 HTTP/1.1" 200 28 "http://renault.activities.at/result?searchterm=true&search=4austria" "Mozilla/5.0 (Windows NT 6.1; WOW64; rv:50.0) Gecko/20100101 Firefox/50.0"
212.152.246.130 - - [03/Oct/2017:14:06:14 +0200] "GET /10201442 HTTP/1.1" 200 9185 "http://renault.activities.at/checkout" "Mozilla/5.0 (Windows NT 6.1; WOW64; Trident/7.0; rv:11.0) like Gecko"
212.186.92.126 - - [03/Oct/2017:14:06:19 +0200] "GET /reload?ser=1507032779074 HTTP/1.1" 200 28 "http://renault.activities.at/logout" "Mozilla/5.0 (Windows NT 6.1; WOW64; Trident/7.0; rv:11.0) like Gecko"
212.152.158.195 - - [03/Oct/2017:14:06:24 +0200] "GET /reload?ser=1507032943034 HTTP/1.1" 200 28 "http://renault.activities.at/result?searchterm=true&search=tasche" "Mozilla/5.0 (Windows NT 6.1; WOW64; Trident/7.0; rv:11.0) like Gecko"
212.152.246.130 - - [03/Oct/2017:14:06:25 +0200] "POST /axjaxrequest?mode=suggest HTTP/1.1" 200 153 "http://renault.activities.at/10201442" "Mozilla/5.0 (Windows NT 6.1; WOW64; Trident/7.0; rv:11.0) like Gecko"
212.152.246.130 - - [03/Oct/2017:14:06:30 +0200] "POST /axjaxrequest?mode=suggest HTTP/1.1" 200 21 "http://renault.activities.at/10201442" "Mozilla/5.0 (Windows NT 6.1; WOW64; Trident/7.0; rv:11.0) like Gecko"
212.152.246.130 - - [03/Oct/2017:14:06:32 +0200] "GET /result?searchterm=true&search=dacia+my+service+mappe HTTP/1.1" 200 6368 "http://renault.activities.at/10201442" "Mozilla/5.0 (Windows NT 6.1; WOW64; Trident/7.0; rv:11.0) like Gecko"
212.152.158.195 - - [03/Oct/2017:14:06:37 +0200] "GET /reload?ser=1507032955930 HTTP/1.1" 200 28 "http://renault.activities.at/account" "Mozilla/5.0 (Windows NT 6.1; WOW64; Trident/7.0; rv:11.0) like Gecko"
89.16.198.102 - - [03/Oct/2017:14:06:55 +0200] "GET /reload?ser=1507032429643 HTTP/1.1" 200 28 "http://renault.activities.at/result?searchterm=true&search=4austria" "Mozilla/5.0 (Windows NT 6.1; WOW64; rv:50.0) Gecko/20100101 Firefox/50.0"
212.186.92.126 - - [03/Oct/2017:14:07:20 +0200] "GET /reload?ser=1507032839739 HTTP/1.1" 200 28 "http://renault.activities.at/logout" "Mozilla/5.0 (Windows NT 6.1; WOW64; Trident/7.0; rv:11.0) like Gecko"
212.152.158.195 - - [03/Oct/2017:14:07:25 +0200] "GET /reload?ser=1507033004052 HTTP/1.1" 200 28 "http://renault.activities.at/result?searchterm=true&search=tasche" "Mozilla/5.0 (Windows NT 6.1; WOW64; Trident/7.0; rv:11.0) like Gecko"
212.152.246.130 - - [03/Oct/2017:14:07:27 +0200] "POST /axjaxrequest?mode=suggest HTTP/1.1" 200 21 "http://renault.activities.at/result?searchterm=true&search=dacia+my+service+mappe" "Mozilla/5.0 (Windows NT 6.1; WOW64; Trident/7.0; rv:11.0) like Gecko"
212.152.246.130 - - [03/Oct/2017:14:07:27 +0200] "GET /result?searchterm=true&search=dacia+my+service+heft HTTP/1.1" 200 6368 "http://renault.activities.at/result?searchterm=true&search=dacia+my+service+mappe" "Mozilla/5.0 (Windows NT 6.1; WOW64; Trident/7.0; rv:11.0) like Gecko"
212.152.158.195 - - [03/Oct/2017:14:07:38 +0200] "GET /reload?ser=1507033016939 HTTP/1.1" 200 28 "http://renault.activities.at/account" "Mozilla/5.0 (Windows NT 6.1; WOW64; Trident/7.0; rv:11.0) like Gecko"
212.152.246.130 - - [03/Oct/2017:14:07:39 +0200] "GET /checkout HTTP/1.1" 200 10253 "http://renault.activities.at/result?searchterm=true&search=dacia+my+service+heft" "Mozilla/5.0 (Windows NT 6.1; WOW64; Trident/7.0; rv:11.0) like Gecko"
212.152.246.130 - - [03/Oct/2017:14:07:46 +0200] "GET /cart HTTP/1.1" 200 5318 "http://renault.activities.at/checkout" "Mozilla/5.0 (Windows NT 6.1; WOW64; Trident/7.0; rv:11.0) like Gecko"
89.16.198.102 - - [03/Oct/2017:14:07:56 +0200] "GET /reload?ser=1507032490630 HTTP/1.1" 200 28 "http://renault.activities.at/result?searchterm=true&search=4austria" "Mozilla/5.0 (Windows NT 6.1; WOW64; rv:50.0) Gecko/20100101 Firefox/50.0"
212.186.92.126 - - [03/Oct/2017:14:08:21 +0200] "GET /reload?ser=1507032900411 HTTP/1.1" 200 28 "http://renault.activities.at/logout" "Mozilla/5.0 (Windows NT 6.1; WOW64; Trident/7.0; rv:11.0) like Gecko"
212.152.158.195 - - [03/Oct/2017:14:08:26 +0200] "GET /reload?ser=1507033065014 HTTP/1.1" 200 28 "http://renault.activities.at/result?searchterm=true&search=tasche" "Mozilla/5.0 (Windows NT 6.1; WOW64; Trident/7.0; rv:11.0) like Gecko"
212.152.158.195 - - [03/Oct/2017:14:08:39 +0200] "GET /reload?ser=1507033077951 HTTP/1.1" 200 28 "http://renault.activities.at/account" "Mozilla/5.0 (Windows NT 6.1; WOW64; Trident/7.0; rv:11.0) like Gecko"
212.152.246.130 - - [03/Oct/2017:14:08:36 +0200] "GET /checkout HTTP/1.1" 200 10253 "http://renault.activities.at/cart" "Mozilla/5.0 (Windows NT 6.1; WOW64; Trident/7.0; rv:11.0) like Gecko"
212.152.246.130 - - [03/Oct/2017:14:08:49 +0200] "POST /docheckout HTTP/1.1" 200 455 "http://renault.activities.at/checkout" "Mozilla/5.0 (Windows NT 6.1; WOW64; Trident/7.0; rv:11.0) like Gecko"
212.152.246.130 - - [03/Oct/2017:14:08:53 +0200] "POST /docheckout HTTP/1.1" 200 617 "http://renault.activities.at/checkout" "Mozilla/5.0 (Windows NT 6.1; WOW64; Trident/7.0; rv:11.0) like Gecko"
89.16.198.102 - - [03/Oct/2017:14:08:57 +0200] "GET /reload?ser=1507032551595 HTTP/1.1" 200 28 "http://renault.activities.at/result?searchterm=true&search=4austria" "Mozilla/5.0 (Windows NT 6.1; WOW64; rv:50.0) Gecko/20100101 Firefox/50.0"
212.152.246.130 - - [03/Oct/2017:14:09:13 +0200] "GET /logout HTTP/1.1" 302 140 "http://renault.activities.at/checkout" "Mozilla/5.0 (Windows NT 6.1; WOW64; Trident/7.0; rv:11.0) like Gecko"
212.152.246.130 - - [03/Oct/2017:14:09:15 +0200] "GET /logout HTTP/1.1" 200 1583 "http://renault.activities.at/checkout" "Mozilla/5.0 (Windows NT 6.1; WOW64; Trident/7.0; rv:11.0) like Gecko"
212.152.246.130 - - [03/Oct/2017:14:09:20 +0200] "GET / HTTP/1.1" 200 3861 "http://renault.activities.at/logout" "Mozilla/5.0 (Windows NT 6.1; WOW64; Trident/7.0; rv:11.0) like Gecko"
212.186.92.126 - - [03/Oct/2017:14:09:21 +0200] "GET /reload?ser=1507032961078 HTTP/1.1" 200 28 "http://renault.activities.at/logout" "Mozilla/5.0 (Windows NT 6.1; WOW64; Trident/7.0; rv:11.0) like Gecko"
212.152.158.195 - - [03/Oct/2017:14:09:27 +0200] "GET /reload?ser=1507033126022 HTTP/1.1" 200 28 "http://renault.activities.at/result?searchterm=true&search=tasche" "Mozilla/5.0 (Windows NT 6.1; WOW64; Trident/7.0; rv:11.0) like Gecko"
212.152.158.195 - - [03/Oct/2017:14:09:40 +0200] "GET /reload?ser=1507033138944 HTTP/1.1" 200 28 "http://renault.activities.at/account" "Mozilla/5.0 (Windows NT 6.1; WOW64; Trident/7.0; rv:11.0) like Gecko"
212.152.246.130 - - [03/Oct/2017:14:09:53 +0200] "GET /login HTTP/1.1" 200 2086 "http://renault.activities.at/" "Mozilla/5.0 (Windows NT 6.1; WOW64; Trident/7.0; rv:11.0) like Gecko"
89.16.198.102 - - [03/Oct/2017:14:09:58 +0200] "GET /reload?ser=1507032612596 HTTP/1.1" 200 28 "http://renault.activities.at/result?searchterm=true&search=4austria" "Mozilla/5.0 (Windows NT 6.1; WOW64; rv:50.0) Gecko/20100101 Firefox/50.0"
212.152.246.130 - - [03/Oct/2017:14:10:17 +0200] "POST /login HTTP/1.1" 302 140 "http://renault.activities.at/login" "Mozilla/5.0 (Windows NT 6.1; WOW64; Trident/7.0; rv:11.0) like Gecko"
212.152.246.130 - - [03/Oct/2017:14:10:19 +0200] "GET /account HTTP/1.1" 200 6490 "http://renault.activities.at/login" "Mozilla/5.0 (Windows NT 6.1; WOW64; Trident/7.0; rv:11.0) like Gecko"
212.186.92.126 - - [03/Oct/2017:14:10:22 +0200] "GET /reload?ser=1507033021746 HTTP/1.1" 200 28 "http://renault.activities.at/logout" "Mozilla/5.0 (Windows NT 6.1; WOW64; Trident/7.0; rv:11.0) like Gecko"
212.152.158.195 - - [03/Oct/2017:14:10:28 +0200] "GET /reload?ser=1507033186981 HTTP/1.1" 200 28 "http://renault.activities.at/result?searchterm=true&search=tasche" "Mozilla/5.0 (Windows NT 6.1; WOW64; Trident/7.0; rv:11.0) like Gecko"
212.152.158.195 - - [03/Oct/2017:14:10:41 +0200] "GET /reload?ser=1507033199923 HTTP/1.1" 200 28 "http://renault.activities.at/account" "Mozilla/5.0 (Windows NT 6.1; WOW64; Trident/7.0; rv:11.0) like Gecko"
212.152.246.130 - - [03/Oct/2017:14:10:54 +0200] "GET /cart HTTP/1.1" 200 5319 "http://renault.activities.at/account" "Mozilla/5.0 (Windows NT 6.1; WOW64; Trident/7.0; rv:11.0) like Gecko"
89.16.198.102 - - [03/Oct/2017:14:10:59 +0200] "GET /reload?ser=1507032673566 HTTP/1.1" 200 28 "http://renault.activities.at/result?searchterm=true&search=4austria" "Mozilla/5.0 (Windows NT 6.1; WOW64; rv:50.0) Gecko/20100101 Firefox/50.0"
212.152.246.130 - - [03/Oct/2017:14:11:15 +0200] "GET /checkout HTTP/1.1" 200 10253 "http://renault.activities.at/cart" "Mozilla/5.0 (Windows NT 6.1; WOW64; Trident/7.0; rv:11.0) like Gecko"
212.186.92.126 - - [03/Oct/2017:14:11:23 +0200] "GET /reload?ser=1507033082431 HTTP/1.1" 200 28 "http://renault.activities.at/logout" "Mozilla/5.0 (Windows NT 6.1; WOW64; Trident/7.0; rv:11.0) like Gecko"
212.152.246.130 - - [03/Oct/2017:14:11:25 +0200] "POST /docheckout HTTP/1.1" 200 455 "http://renault.activities.at/checkout" "Mozilla/5.0 (Windows NT 6.1; WOW64; Trident/7.0; rv:11.0) like Gecko"
212.152.158.195 - - [03/Oct/2017:14:11:29 +0200] "GET /reload?ser=1507033247934 HTTP/1.1" 200 28 "http://renault.activities.at/result?searchterm=true&search=tasche" "Mozilla/5.0 (Windows NT 6.1; WOW64; Trident/7.0; rv:11.0) like Gecko"
212.152.246.130 - - [03/Oct/2017:14:11:29 +0200] "POST /docheckout HTTP/1.1" 200 617 "http://renault.activities.at/checkout" "Mozilla/5.0 (Windows NT 6.1; WOW64; Trident/7.0; rv:11.0) like Gecko"
212.152.158.195 - - [03/Oct/2017:14:11:45 +0200] "GET /reload?ser=1507033263867 HTTP/1.1" 200 28 "http://renault.activities.at/account" "Mozilla/5.0 (Windows NT 6.1; WOW64; Trident/7.0; rv:11.0) like Gecko"
212.152.246.130 - - [03/Oct/2017:14:11:44 +0200] "GET /cart HTTP/1.1" 200 5318 "http://renault.activities.at/checkout" "Mozilla/5.0 (Windows NT 6.1; WOW64; Trident/7.0; rv:11.0) like Gecko"
89.16.198.102 - - [03/Oct/2017:14:12:00 +0200] "GET /reload?ser=1507032734576 HTTP/1.1" 200 28 "http://renault.activities.at/result?searchterm=true&search=4austria" "Mozilla/5.0 (Windows NT 6.1; WOW64; rv:50.0) Gecko/20100101 Firefox/50.0"
212.186.92.126 - - [03/Oct/2017:14:12:23 +0200] "GET /reload?ser=1507033143092 HTTP/1.1" 200 28 "http://renault.activities.at/logout" "Mozilla/5.0 (Windows NT 6.1; WOW64; Trident/7.0; rv:11.0) like Gecko"
212.152.246.130 - - [03/Oct/2017:14:12:27 +0200] "GET /checkout HTTP/1.1" 200 10253 "http://renault.activities.at/cart" "Mozilla/5.0 (Windows NT 6.1; WOW64; Trident/7.0; rv:11.0) like Gecko"
212.152.158.195 - - [03/Oct/2017:14:12:30 +0200] "GET /reload?ser=1507033308861 HTTP/1.1" 200 28 "http://renault.activities.at/result?searchterm=true&search=tasche" "Mozilla/5.0 (Windows NT 6.1; WOW64; Trident/7.0; rv:11.0) like Gecko"
212.152.246.130 - - [03/Oct/2017:14:12:35 +0200] "POST /docheckout HTTP/1.1" 200 455 "http://renault.activities.at/checkout" "Mozilla/5.0 (Windows NT 6.1; WOW64; Trident/7.0; rv:11.0) like Gecko"
212.152.246.130 - - [03/Oct/2017:14:12:39 +0200] "POST /docheckout HTTP/1.1" 200 617 "http://renault.activities.at/checkout" "Mozilla/5.0 (Windows NT 6.1; WOW64; Trident/7.0; rv:11.0) like Gecko"
212.152.158.195 - - [03/Oct/2017:14:12:46 +0200] "GET /reload?ser=1507033324824 HTTP/1.1" 200 28 "http://renault.activities.at/account" "Mozilla/5.0 (Windows NT 6.1; WOW64; Trident/7.0; rv:11.0) like Gecko"
89.16.198.102 - - [03/Oct/2017:14:13:01 +0200] "GET /reload?ser=1507032795573 HTTP/1.1" 200 28 "http://renault.activities.at/result?searchterm=true&search=4austria" "Mozilla/5.0 (Windows NT 6.1; WOW64; rv:50.0) Gecko/20100101 Firefox/50.0"
212.186.92.126 - - [03/Oct/2017:14:13:24 +0200] "GET /reload?ser=1507033203755 HTTP/1.1" 200 28 "http://renault.activities.at/logout" "Mozilla/5.0 (Windows NT 6.1; WOW64; Trident/7.0; rv:11.0) like Gecko"
212.152.158.195 - - [03/Oct/2017:14:13:31 +0200] "GET /reload?ser=1507033369804 HTTP/1.1" 200 28 "http://renault.activities.at/result?searchterm=true&search=tasche" "Mozilla/5.0 (Windows NT 6.1; WOW64; Trident/7.0; rv:11.0) like Gecko"
212.152.246.130 - - [03/Oct/2017:14:13:31 +0200] "GET /cart HTTP/1.1" 200 5318 "http://renault.activities.at/checkout" "Mozilla/5.0 (Windows NT 6.1; WOW64; Trident/7.0; rv:11.0) like Gecko"
212.152.246.130 - - [03/Oct/2017:14:13:31 +0200] "GET /reload?ser=1507032811595 HTTP/1.1" 200 28 "http://renault.activities.at/checkout" "Mozilla/5.0 (Windows NT 6.1; WOW64; Trident/7.0; rv:11.0) like Gecko"
212.152.158.195 - - [03/Oct/2017:14:13:47 +0200] "GET /reload?ser=1507033385815 HTTP/1.1" 200 28 "http://renault.activities.at/account" "Mozilla/5.0 (Windows NT 6.1; WOW64; Trident/7.0; rv:11.0) like Gecko"
89.16.198.102 - - [03/Oct/2017:14:14:02 +0200] "GET /reload?ser=1507032856557 HTTP/1.1" 200 28 "http://renault.activities.at/result?searchterm=true&search=4austria" "Mozilla/5.0 (Windows NT 6.1; WOW64; rv:50.0) Gecko/20100101 Firefox/50.0"
212.152.246.130 - - [03/Oct/2017:14:14:10 +0200] "GET /checkout HTTP/1.1" 200 10253 "http://renault.activities.at/cart" "Mozilla/5.0 (Windows NT 6.1; WOW64; Trident/7.0; rv:11.0) like Gecko"
212.152.246.130 - - [03/Oct/2017:14:14:20 +0200] "POST /docheckout HTTP/1.1" 200 455 "http://renault.activities.at/checkout" "Mozilla/5.0 (Windows NT 6.1; WOW64; Trident/7.0; rv:11.0) like Gecko"
212.186.92.126 - - [03/Oct/2017:14:14:25 +0200] "GET /reload?ser=1507033264422 HTTP/1.1" 200 28 "http://renault.activities.at/logout" "Mozilla/5.0 (Windows NT 6.1; WOW64; Trident/7.0; rv:11.0) like Gecko"
212.152.246.130 - - [03/Oct/2017:14:14:22 +0200] "POST /docheckout HTTP/1.1" 200 455 "http://renault.activities.at/checkout" "Mozilla/5.0 (Windows NT 6.1; WOW64; Trident/7.0; rv:11.0) like Gecko"
212.152.246.130 - - [03/Oct/2017:14:14:24 +0200] "POST /docheckout HTTP/1.1" 200 617 "http://renault.activities.at/checkout" "Mozilla/5.0 (Windows NT 6.1; WOW64; Trident/7.0; rv:11.0) like Gecko"
212.152.246.130 - - [03/Oct/2017:14:14:28 +0200] "POST /docheckout HTTP/1.1" 200 617 "http://renault.activities.at/checkout" "Mozilla/5.0 (Windows NT 6.1; WOW64; Trident/7.0; rv:11.0) like Gecko"
212.152.158.195 - - [03/Oct/2017:14:14:32 +0200] "GET /reload?ser=1507033430775 HTTP/1.1" 200 28 "http://renault.activities.at/result?searchterm=true&search=tasche" "Mozilla/5.0 (Windows NT 6.1; WOW64; Trident/7.0; rv:11.0) like Gecko"
212.152.158.195 - - [03/Oct/2017:14:14:48 +0200] "GET /reload?ser=1507033446807 HTTP/1.1" 200 28 "http://renault.activities.at/account" "Mozilla/5.0 (Windows NT 6.1; WOW64; Trident/7.0; rv:11.0) like Gecko"
212.152.246.130 - - [03/Oct/2017:14:14:56 +0200] "GET /10201637 HTTP/1.1" 200 9284 "http://renault.activities.at/checkout" "Mozilla/5.0 (Windows NT 6.1; WOW64; Trident/7.0; rv:11.0) like Gecko"
89.16.198.102 - - [03/Oct/2017:14:15:03 +0200] "GET /reload?ser=1507032917490 HTTP/1.1" 200 28 "http://renault.activities.at/result?searchterm=true&search=4austria" "Mozilla/5.0 (Windows NT 6.1; WOW64; rv:50.0) Gecko/20100101 Firefox/50.0"
212.152.246.130 - - [03/Oct/2017:14:15:04 +0200] "GET /10201637 HTTP/1.1" 200 9284 "http://renault.activities.at/10201637" "Mozilla/5.0 (Windows NT 6.1; WOW64; Trident/7.0; rv:11.0) like Gecko"
212.152.246.130 - - [03/Oct/2017:14:15:13 +0200] "GET /10201442 HTTP/1.1" 200 9185 "http://renault.activities.at/10201637" "Mozilla/5.0 (Windows NT 6.1; WOW64; Trident/7.0; rv:11.0) like Gecko"
212.152.246.130 - - [03/Oct/2017:14:15:14 +0200] "GET / HTTP/1.1" 200 7220 "http://renault.activities.at/10201442" "Mozilla/5.0 (Windows NT 6.1; WOW64; Trident/7.0; rv:11.0) like Gecko"
212.152.246.130 - - [03/Oct/2017:14:15:17 +0200] "GET /10201442 HTTP/1.1" 200 9185 "http://renault.activities.at/" "Mozilla/5.0 (Windows NT 6.1; WOW64; Trident/7.0; rv:11.0) like Gecko"
212.186.92.126 - - [03/Oct/2017:14:15:25 +0200] "GET /reload?ser=1507033325090 HTTP/1.1" 200 28 "http://renault.activities.at/logout" "Mozilla/5.0 (Windows NT 6.1; WOW64; Trident/7.0; rv:11.0) like Gecko"
212.152.246.130 - - [03/Oct/2017:14:15:25 +0200] "GET /10201442 HTTP/1.1" 200 9185 "http://renault.activities.at/10201442" "Mozilla/5.0 (Windows NT 6.1; WOW64; Trident/7.0; rv:11.0) like Gecko"
212.152.246.130 - - [03/Oct/2017:14:15:25 +0200] "GET /10201442 HTTP/1.1" 200 9185 "http://renault.activities.at/10201442" "Mozilla/5.0 (Windows NT 6.1; WOW64; Trident/7.0; rv:11.0) like Gecko"
212.152.246.130 - - [03/Oct/2017:14:15:27 +0200] "GET / HTTP/1.1" 200 7220 "http://renault.activities.at/10201442" "Mozilla/5.0 (Windows NT 6.1; WOW64; Trident/7.0; rv:11.0) like Gecko"
212.152.246.130 - - [03/Oct/2017:14:15:29 +0200] "GET /10201442 HTTP/1.1" 200 9185 "http://renault.activities.at/10201637" "Mozilla/5.0 (Windows NT 6.1; WOW64; Trident/7.0; rv:11.0) like Gecko"
212.152.158.195 - - [03/Oct/2017:14:15:33 +0200] "GET /reload?ser=1507033491736 HTTP/1.1" 200 28 "http://renault.activities.at/result?searchterm=true&search=tasche" "Mozilla/5.0 (Windows NT 6.1; WOW64; Trident/7.0; rv:11.0) like Gecko"
212.152.158.195 - - [03/Oct/2017:14:15:49 +0200] "GET /reload?ser=1507033507759 HTTP/1.1" 200 28 "http://renault.activities.at/account" "Mozilla/5.0 (Windows NT 6.1; WOW64; Trident/7.0; rv:11.0) like Gecko"
212.152.246.130 - - [03/Oct/2017:14:15:54 +0200] "GET /10201442 HTTP/1.1" 200 9185 "http://renault.activities.at/10201442" "Mozilla/5.0 (Windows NT 6.1; WOW64; Trident/7.0; rv:11.0) like Gecko"
212.152.246.130 - - [03/Oct/2017:14:15:59 +0200] "GET /10201637 HTTP/1.1" 200 9284 "http://renault.activities.at/10201442" "Mozilla/5.0 (Windows NT 6.1; WOW64; Trident/7.0; rv:11.0) like Gecko"
89.16.198.102 - - [03/Oct/2017:14:16:04 +0200] "GET /reload?ser=1507032978498 HTTP/1.1" 200 28 "http://renault.activities.at/result?searchterm=true&search=4austria" "Mozilla/5.0 (Windows NT 6.1; WOW64; rv:50.0) Gecko/20100101 Firefox/50.0"
212.152.246.130 - - [03/Oct/2017:14:16:04 +0200] "GET /10201442 HTTP/1.1" 200 9185 "http://renault.activities.at/10201637" "Mozilla/5.0 (Windows NT 6.1; WOW64; Trident/7.0; rv:11.0) like Gecko"
212.152.246.130 - - [03/Oct/2017:14:16:08 +0200] "GET /10201637 HTTP/1.1" 200 9284 "http://renault.activities.at/10201442" "Mozilla/5.0 (Windows NT 6.1; WOW64; Trident/7.0; rv:11.0) like Gecko"
212.152.246.130 - - [03/Oct/2017:14:16:14 +0200] "GET /10201637 HTTP/1.1" 200 9284 "http://renault.activities.at/10201637" "Mozilla/5.0 (Windows NT 6.1; WOW64; Trident/7.0; rv:11.0) like Gecko"
212.152.246.130 - - [03/Oct/2017:14:16:19 +0200] "GET /10201442 HTTP/1.1" 200 9185 "http://renault.activities.at/10201637" "Mozilla/5.0 (Windows NT 6.1; WOW64; Trident/7.0; rv:11.0) like Gecko"
212.186.92.126 - - [03/Oct/2017:14:16:26 +0200] "GET /reload?ser=1507033385773 HTTP/1.1" 200 28 "http://renault.activities.at/logout" "Mozilla/5.0 (Windows NT 6.1; WOW64; Trident/7.0; rv:11.0) like Gecko"
212.152.246.130 - - [03/Oct/2017:14:16:33 +0200] "GET /10201637 HTTP/1.1" 200 9284 "http://renault.activities.at/10201637" "Mozilla/5.0 (Windows NT 6.1; WOW64; Trident/7.0; rv:11.0) like Gecko"
212.152.158.195 - - [03/Oct/2017:14:16:34 +0200] "GET /reload?ser=1507033552727 HTTP/1.1" 200 28 "http://renault.activities.at/result?searchterm=true&search=tasche" "Mozilla/5.0 (Windows NT 6.1; WOW64; Trident/7.0; rv:11.0) like Gecko"
212.152.246.130 - - [03/Oct/2017:14:16:48 +0200] "GET /10201442 HTTP/1.1" 200 9185 "http://renault.activities.at/10201637" "Mozilla/5.0 (Windows NT 6.1; WOW64; Trident/7.0; rv:11.0) like Gecko"
212.152.158.195 - - [03/Oct/2017:14:16:50 +0200] "GET /reload?ser=1507033568709 HTTP/1.1" 200 28 "http://renault.activities.at/account" "Mozilla/5.0 (Windows NT 6.1; WOW64; Trident/7.0; rv:11.0) like Gecko"
212.152.246.130 - - [03/Oct/2017:14:16:57 +0200] "GET /10201442 HTTP/1.1" 200 9185 "http://renault.activities.at/10201442" "Mozilla/5.0 (Windows NT 6.1; WOW64; Trident/7.0; rv:11.0) like Gecko"
212.152.246.130 - - [03/Oct/2017:14:17:02 +0200] "GET /10260273 HTTP/1.1" 200 9229 "http://renault.activities.at/10201442" "Mozilla/5.0 (Windows NT 6.1; WOW64; Trident/7.0; rv:11.0) like Gecko"
89.16.198.102 - - [03/Oct/2017:14:17:05 +0200] "GET /reload?ser=1507033039467 HTTP/1.1" 200 28 "http://renault.activities.at/result?searchterm=true&search=4austria" "Mozilla/5.0 (Windows NT 6.1; WOW64; rv:50.0) Gecko/20100101 Firefox/50.0"
212.152.246.130 - - [03/Oct/2017:14:17:15 +0200] "POST /axjaxrequest?mode=suggest HTTP/1.1" 200 174 "http://renault.activities.at/10260273" "Mozilla/5.0 (Windows NT 6.1; WOW64; Trident/7.0; rv:11.0) like Gecko"
212.152.246.130 - - [03/Oct/2017:14:17:16 +0200] "POST /axjaxrequest?mode=suggest HTTP/1.1" 200 174 "http://renault.activities.at/10260273" "Mozilla/5.0 (Windows NT 6.1; WOW64; Trident/7.0; rv:11.0) like Gecko"
212.152.246.130 - - [03/Oct/2017:14:17:17 +0200] "POST /axjaxrequest?mode=suggest HTTP/1.1" 200 174 "http://renault.activities.at/10260273" "Mozilla/5.0 (Windows NT 6.1; WOW64; Trident/7.0; rv:11.0) like Gecko"
212.186.92.126 - - [03/Oct/2017:14:17:27 +0200] "GET /reload?ser=1507033446440 HTTP/1.1" 200 28 "http://renault.activities.at/logout" "Mozilla/5.0 (Windows NT 6.1; WOW64; Trident/7.0; rv:11.0) like Gecko"
212.152.246.130 - - [03/Oct/2017:14:17:32 +0200] "GET /result?searchterm=true&search=garantie HTTP/1.1" 200 7553 "http://renault.activities.at/10260273" "Mozilla/5.0 (Windows NT 6.1; WOW64; Trident/7.0; rv:11.0) like Gecko"
212.152.246.130 - - [03/Oct/2017:14:17:34 +0200] "GET /loadthumbnail.php?id=11228497&width=113 HTTP/1.1" 200 3267 "http://renault.activities.at/result?searchterm=true&search=garantie" "Mozilla/5.0 (Windows NT 6.1; WOW64; Trident/7.0; rv:11.0) like Gecko"
212.152.246.130 - - [03/Oct/2017:14:17:34 +0200] "GET /loadthumbnail.php?id=11075492&width=113 HTTP/1.1" 200 2349 "http://renault.activities.at/result?searchterm=true&search=garantie" "Mozilla/5.0 (Windows NT 6.1; WOW64; Trident/7.0; rv:11.0) like Gecko"
212.152.246.130 - - [03/Oct/2017:14:17:34 +0200] "GET /loadthumbnail.php?id=11228502&width=113 HTTP/1.1" 200 1524 "http://renault.activities.at/result?searchterm=true&search=garantie" "Mozilla/5.0 (Windows NT 6.1; WOW64; Trident/7.0; rv:11.0) like Gecko"
212.152.246.130 - - [03/Oct/2017:14:17:34 +0200] "GET /loadthumbnail.php?id=11351226&width=113 HTTP/1.1" 200 16210 "http://renault.activities.at/result?searchterm=true&search=garantie" "Mozilla/5.0 (Windows NT 6.1; WOW64; Trident/7.0; rv:11.0) like Gecko"
212.152.158.195 - - [03/Oct/2017:14:17:35 +0200] "GET /reload?ser=1507033613720 HTTP/1.1" 200 28 "http://renault.activities.at/result?searchterm=true&search=tasche" "Mozilla/5.0 (Windows NT 6.1; WOW64; Trident/7.0; rv:11.0) like Gecko"
212.152.158.195 - - [03/Oct/2017:14:17:51 +0200] "GET /reload?ser=1507033629692 HTTP/1.1" 200 28 "http://renault.activities.at/account" "Mozilla/5.0 (Windows NT 6.1; WOW64; Trident/7.0; rv:11.0) like Gecko"
89.16.198.102 - - [03/Oct/2017:14:18:06 +0200] "GET /reload?ser=1507033100434 HTTP/1.1" 200 28 "http://renault.activities.at/result?searchterm=true&search=4austria" "Mozilla/5.0 (Windows NT 6.1; WOW64; rv:50.0) Gecko/20100101 Firefox/50.0"
212.186.92.126 - - [03/Oct/2017:14:18:28 +0200] "GET /reload?ser=1507033507108 HTTP/1.1" 200 28 "http://renault.activities.at/logout" "Mozilla/5.0 (Windows NT 6.1; WOW64; Trident/7.0; rv:11.0) like Gecko"
212.152.246.130 - - [03/Oct/2017:14:18:35 +0200] "GET /reload?ser=1507033114962 HTTP/1.1" 200 28 "http://renault.activities.at/result?searchterm=true&search=garantie" "Mozilla/5.0 (Windows NT 6.1; WOW64; Trident/7.0; rv:11.0) like Gecko"
212.152.158.195 - - [03/Oct/2017:14:18:36 +0200] "GET /reload?ser=1507033674713 HTTP/1.1" 200 28 "http://renault.activities.at/result?searchterm=true&search=tasche" "Mozilla/5.0 (Windows NT 6.1; WOW64; Trident/7.0; rv:11.0) like Gecko"
212.152.158.195 - - [03/Oct/2017:14:18:52 +0200] "GET /reload?ser=1507033690694 HTTP/1.1" 200 28 "http://renault.activities.at/account" "Mozilla/5.0 (Windows NT 6.1; WOW64; Trident/7.0; rv:11.0) like Gecko"
212.152.246.130 - - [03/Oct/2017:14:18:58 +0200] "GET /result?mode=list&search=garantie HTTP/1.1" 200 7716 "http://renault.activities.at/result?searchterm=true&search=garantie" "Mozilla/5.0 (Windows NT 6.1; WOW64; Trident/7.0; rv:11.0) like Gecko"
89.16.198.102 - - [03/Oct/2017:14:19:07 +0200] "GET /reload?ser=1507033161392 HTTP/1.1" 200 28 "http://renault.activities.at/result?searchterm=true&search=4austria" "Mozilla/5.0 (Windows NT 6.1; WOW64; rv:50.0) Gecko/20100101 Firefox/50.0"
212.152.246.130 - - [03/Oct/2017:14:19:27 +0200] "POST /axjaxrequest?mode=suggest HTTP/1.1" 200 174 "http://renault.activities.at/result?mode=list&search=garantie" "Mozilla/5.0 (Windows NT 6.1; WOW64; Trident/7.0; rv:11.0) like Gecko"
212.186.92.126 - - [03/Oct/2017:14:19:28 +0200] "GET /reload?ser=1507033567768 HTTP/1.1" 200 28 "http://renault.activities.at/logout" "Mozilla/5.0 (Windows NT 6.1; WOW64; Trident/7.0; rv:11.0) like Gecko"
212.152.246.130 - - [03/Oct/2017:14:19:29 +0200] "POST /axjaxrequest?mode=suggest HTTP/1.1" 200 21 "http://renault.activities.at/result?mode=list&search=garantie" "Mozilla/5.0 (Windows NT 6.1; WOW64; Trident/7.0; rv:11.0) like Gecko"
212.152.246.130 - - [03/Oct/2017:14:19:29 +0200] "GET /result?searchterm=true&search=garantie+duster HTTP/1.1" 200 5134 "http://renault.activities.at/result?mode=list&search=garantie" "Mozilla/5.0 (Windows NT 6.1; WOW64; Trident/7.0; rv:11.0) like Gecko"
212.152.158.195 - - [03/Oct/2017:14:19:37 +0200] "GET /reload?ser=1507033735674 HTTP/1.1" 200 28 "http://renault.activities.at/result?searchterm=true&search=tasche" "Mozilla/5.0 (Windows NT 6.1; WOW64; Trident/7.0; rv:11.0) like Gecko"
212.152.246.130 - - [03/Oct/2017:14:19:45 +0200] "GET /result?mode=list&search=garantie HTTP/1.1" 200 5134 "http://renault.activities.at/result?searchterm=true&search=garantie" "Mozilla/5.0 (Windows NT 6.1; WOW64; Trident/7.0; rv:11.0) like Gecko"
212.152.158.195 - - [03/Oct/2017:14:19:53 +0200] "GET /reload?ser=1507033751636 HTTP/1.1" 200 28 "http://renault.activities.at/account" "Mozilla/5.0 (Windows NT 6.1; WOW64; Trident/7.0; rv:11.0) like Gecko"
89.16.198.102 - - [03/Oct/2017:14:20:08 +0200] "GET /reload?ser=1507033222388 HTTP/1.1" 200 28 "http://renault.activities.at/result?searchterm=true&search=4austria" "Mozilla/5.0 (Windows NT 6.1; WOW64; rv:50.0) Gecko/20100101 Firefox/50.0"
212.186.92.126 - - [03/Oct/2017:14:20:29 +0200] "GET /reload?ser=1507033628452 HTTP/1.1" 200 28 "http://renault.activities.at/logout" "Mozilla/5.0 (Windows NT 6.1; WOW64; Trident/7.0; rv:11.0) like Gecko"
212.152.246.130 - - [03/Oct/2017:14:20:33 +0200] "GET /result?searchterm=true&search=garantie+ HTTP/1.1" 200 7553 "http://renault.activities.at/result?mode=list&search=garantie" "Mozilla/5.0 (Windows NT 6.1; WOW64; Trident/7.0; rv:11.0) like Gecko"
212.152.158.195 - - [03/Oct/2017:14:20:38 +0200] "GET /reload?ser=1507033796617 HTTP/1.1" 200 28 "http://renault.activities.at/result?searchterm=true&search=tasche" "Mozilla/5.0 (Windows NT 6.1; WOW64; Trident/7.0; rv:11.0) like Gecko"
212.152.158.195 - - [03/Oct/2017:14:20:54 +0200] "GET /reload?ser=1507033812592 HTTP/1.1" 200 28 "http://renault.activities.at/account" "Mozilla/5.0 (Windows NT 6.1; WOW64; Trident/7.0; rv:11.0) like Gecko"
212.152.246.130 - - [03/Oct/2017:14:20:54 +0200] "GET /result?mode=list&search=garantie HTTP/1.1" 200 7716 "http://renault.activities.at/result?searchterm=true&search=garantie" "Mozilla/5.0 (Windows NT 6.1; WOW64; Trident/7.0; rv:11.0) like Gecko"
89.16.198.102 - - [03/Oct/2017:14:21:09 +0200] "GET /reload?ser=1507033283354 HTTP/1.1" 200 28 "http://renault.activities.at/result?searchterm=true&search=4austria" "Mozilla/5.0 (Windows NT 6.1; WOW64; rv:50.0) Gecko/20100101 Firefox/50.0"
212.186.92.126 - - [03/Oct/2017:14:21:30 +0200] "GET /reload?ser=1507033689120 HTTP/1.1" 200 28 "http://renault.activities.at/logout" "Mozilla/5.0 (Windows NT 6.1; WOW64; Trident/7.0; rv:11.0) like Gecko"
212.152.158.195 - - [03/Oct/2017:14:21:39 +0200] "GET /reload?ser=1507033857648 HTTP/1.1" 200 28 "http://renault.activities.at/result?searchterm=true&search=tasche" "Mozilla/5.0 (Windows NT 6.1; WOW64; Trident/7.0; rv:11.0) like Gecko"
88.116.177.83 - - [03/Oct/2017:14:21:40 +0200] "GET /10201637 HTTP/1.1" 302 150 "-" "Mozilla/5.0 (Macintosh; Intel Mac OS X 10_12_6) AppleWebKit/604.1.38 (KHTML, like Gecko)"
88.116.177.83 - - [03/Oct/2017:14:21:41 +0200] "GET /login?required=true HTTP/1.1" 200 2086 "-" "Mozilla/5.0 (Macintosh; Intel Mac OS X 10_12_6) AppleWebKit/604.1.38 (KHTML, like Gecko)"
88.116.177.83 - - [03/Oct/2017:14:21:42 +0200] "GET /apple-touch-icon-precomposed.png HTTP/1.1" 200 1559 "-" "Safari/12604.1.38.1.7 CFNetwork/811.5.4 Darwin/16.7.0 (x86_64)"
88.116.177.83 - - [03/Oct/2017:14:21:43 +0200] "GET /apple-touch-icon.png HTTP/1.1" 200 1559 "-" "Safari/12604.1.38.1.7 CFNetwork/811.5.4 Darwin/16.7.0 (x86_64)"
88.116.177.83 - - [03/Oct/2017:14:21:44 +0200] "GET /images/favicon.ico HTTP/1.1" 404 305 "-" "Safari/12604.1.38.1.7 CFNetwork/811.5.4 Darwin/16.7.0 (x86_64)"
88.116.177.83 - - [03/Oct/2017:14:21:44 +0200] "GET /images/favicon.ico HTTP/1.1" 404 305 "-" "Safari/12604.1.38.1.7 CFNetwork/811.5.4 Darwin/16.7.0 (x86_64)"
88.116.177.83 - - [03/Oct/2017:14:21:44 +0200] "GET /favicon.ico HTTP/1.1" 200 3250 "-" "Safari/12604.1.38.1.7 CFNetwork/811.5.4 Darwin/16.7.0 (x86_64)"
88.116.177.83 - - [03/Oct/2017:14:21:44 +0200] "GET /apple-touch-icon-precomposed.png HTTP/1.1" 200 1559 "-" "Safari/12604.1.38.1.7 CFNetwork/811.5.4 Darwin/16.7.0 (x86_64)"
88.116.177.83 - - [03/Oct/2017:14:21:45 +0200] "GET /apple-touch-icon.png HTTP/1.1" 200 1559 "-" "Safari/12604.1.38.1.7 CFNetwork/811.5.4 Darwin/16.7.0 (x86_64)"
88.116.177.83 - - [03/Oct/2017:14:21:46 +0200] "GET /images/favicon.ico HTTP/1.1" 404 305 "-" "Safari/12604.1.38.1.7 CFNetwork/811.5.4 Darwin/16.7.0 (x86_64)"
88.116.177.83 - - [03/Oct/2017:14:21:46 +0200] "GET /images/favicon.ico HTTP/1.1" 404 305 "-" "Safari/12604.1.38.1.7 CFNetwork/811.5.4 Darwin/16.7.0 (x86_64)"
88.116.177.83 - - [03/Oct/2017:14:21:46 +0200] "GET /favicon.ico HTTP/1.1" 200 3250 "-" "Safari/12604.1.38.1.7 CFNetwork/811.5.4 Darwin/16.7.0 (x86_64)"
88.116.177.83 - - [03/Oct/2017:14:21:47 +0200] "GET /10201637 HTTP/1.1" 302 150 "-" "Mozilla/5.0 (iPhone; CPU iPhone OS 10_3 like Mac OS X) AppleWebKit/603.1.30 (KHTML, like Gecko) Version/10.3 Mobile/14E277 Safari/603.1.30"
88.116.177.83 - - [03/Oct/2017:14:21:47 +0200] "GET /login?required=true HTTP/1.1" 200 2086 "-" "Mozilla/5.0 (iPhone; CPU iPhone OS 10_3 like Mac OS X) AppleWebKit/603.1.30 (KHTML, like Gecko) Version/10.3 Mobile/14E277 Safari/603.1.30"
88.116.177.83 - - [03/Oct/2017:14:21:48 +0200] "GET /apple-touch-icon-precomposed.png HTTP/1.1" 200 1559 "-" "Safari/12604.1.38.1.7 CFNetwork/811.5.4 Darwin/16.7.0 (x86_64)"
88.116.177.83 - - [03/Oct/2017:14:21:49 +0200] "GET /apple-touch-icon.png HTTP/1.1" 200 1559 "-" "Safari/12604.1.38.1.7 CFNetwork/811.5.4 Darwin/16.7.0 (x86_64)"
88.116.177.83 - - [03/Oct/2017:14:21:50 +0200] "GET /images/favicon.ico HTTP/1.1" 404 305 "-" "Safari/12604.1.38.1.7 CFNetwork/811.5.4 Darwin/16.7.0 (x86_64)"
88.116.177.83 - - [03/Oct/2017:14:21:50 +0200] "GET /images/favicon.ico HTTP/1.1" 404 305 "-" "Safari/12604.1.38.1.7 CFNetwork/811.5.4 Darwin/16.7.0 (x86_64)"
88.116.177.83 - - [03/Oct/2017:14:21:50 +0200] "GET /favicon.ico HTTP/1.1" 200 3250 "-" "Safari/12604.1.38.1.7 CFNetwork/811.5.4 Darwin/16.7.0 (x86_64)"
88.116.177.83 - - [03/Oct/2017:14:21:50 +0200] "GET /apple-touch-icon-precomposed.png HTTP/1.1" 200 1559 "-" "Safari/12604.1.38.1.7 CFNetwork/811.5.4 Darwin/16.7.0 (x86_64)"
88.116.177.83 - - [03/Oct/2017:14:21:51 +0200] "GET /apple-touch-icon.png HTTP/1.1" 200 1559 "-" "Safari/12604.1.38.1.7 CFNetwork/811.5.4 Darwin/16.7.0 (x86_64)"
88.116.177.83 - - [03/Oct/2017:14:21:52 +0200] "GET /images/favicon.ico HTTP/1.1" 404 305 "-" "Safari/12604.1.38.1.7 CFNetwork/811.5.4 Darwin/16.7.0 (x86_64)"
88.116.177.83 - - [03/Oct/2017:14:21:52 +0200] "GET /images/favicon.ico HTTP/1.1" 404 305 "-" "Safari/12604.1.38.1.7 CFNetwork/811.5.4 Darwin/16.7.0 (x86_64)"
88.116.177.83 - - [03/Oct/2017:14:21:52 +0200] "GET /favicon.ico HTTP/1.1" 200 3250 "-" "Safari/12604.1.38.1.7 CFNetwork/811.5.4 Darwin/16.7.0 (x86_64)"
212.152.158.195 - - [03/Oct/2017:14:21:55 +0200] "GET /reload?ser=1507033873562 HTTP/1.1" 200 28 "http://renault.activities.at/account" "Mozilla/5.0 (Windows NT 6.1; WOW64; Trident/7.0; rv:11.0) like Gecko"
212.152.246.130 - - [03/Oct/2017:14:21:56 +0200] "GET /reload?ser=1507033316756 HTTP/1.1" 200 28 "http://renault.activities.at/result?mode=list&search=garantie" "Mozilla/5.0 (Windows NT 6.1; WOW64; Trident/7.0; rv:11.0) like Gecko"
89.16.198.102 - - [03/Oct/2017:14:22:10 +0200] "GET /reload?ser=1507033344522 HTTP/1.1" 200 28 "http://renault.activities.at/result?searchterm=true&search=4austria" "Mozilla/5.0 (Windows NT 6.1; WOW64; rv:50.0) Gecko/20100101 Firefox/50.0"
212.186.92.126 - - [03/Oct/2017:14:22:30 +0200] "GET /reload?ser=1507033749810 HTTP/1.1" 200 28 "http://renault.activities.at/logout" "Mozilla/5.0 (Windows NT 6.1; WOW64; Trident/7.0; rv:11.0) like Gecko"
212.152.158.195 - - [03/Oct/2017:14:22:40 +0200] "GET /reload?ser=1507033918612 HTTP/1.1" 200 28 "http://renault.activities.at/result?searchterm=true&search=tasche" "Mozilla/5.0 (Windows NT 6.1; WOW64; Trident/7.0; rv:11.0) like Gecko"
212.152.158.195 - - [03/Oct/2017:14:22:56 +0200] "GET /reload?ser=1507033934548 HTTP/1.1" 200 28 "http://renault.activities.at/account" "Mozilla/5.0 (Windows NT 6.1; WOW64; Trident/7.0; rv:11.0) like Gecko"
212.152.246.130 - - [03/Oct/2017:14:22:57 +0200] "GET /reload?ser=1507033377842 HTTP/1.1" 200 28 "http://renault.activities.at/result?mode=list&search=garantie" "Mozilla/5.0 (Windows NT 6.1; WOW64; Trident/7.0; rv:11.0) like Gecko"
89.16.198.102 - - [03/Oct/2017:14:23:11 +0200] "GET /reload?ser=1507033405491 HTTP/1.1" 200 28 "http://renault.activities.at/result?searchterm=true&search=4austria" "Mozilla/5.0 (Windows NT 6.1; WOW64; rv:50.0) Gecko/20100101 Firefox/50.0"
212.186.92.126 - - [03/Oct/2017:14:23:31 +0200] "GET /reload?ser=1507033810484 HTTP/1.1" 200 28 "http://renault.activities.at/logout" "Mozilla/5.0 (Windows NT 6.1; WOW64; Trident/7.0; rv:11.0) like Gecko"
212.152.158.195 - - [03/Oct/2017:14:23:41 +0200] "GET /reload?ser=1507033979547 HTTP/1.1" 200 28 "http://renault.activities.at/result?searchterm=true&search=tasche" "Mozilla/5.0 (Windows NT 6.1; WOW64; Trident/7.0; rv:11.0) like Gecko"
212.152.158.195 - - [03/Oct/2017:14:23:57 +0200] "GET /reload?ser=1507033995522 HTTP/1.1" 200 28 "http://renault.activities.at/account" "Mozilla/5.0 (Windows NT 6.1; WOW64; Trident/7.0; rv:11.0) like Gecko"
212.152.246.130 - - [03/Oct/2017:14:23:59 +0200] "GET /reload?ser=1507033438850 HTTP/1.1" 200 28 "http://renault.activities.at/result?mode=list&search=garantie" "Mozilla/5.0 (Windows NT 6.1; WOW64; Trident/7.0; rv:11.0) like Gecko"
89.16.198.102 - - [03/Oct/2017:14:24:12 +0200] "GET /reload?ser=1507033466442 HTTP/1.1" 200 28 "http://renault.activities.at/result?searchterm=true&search=4austria" "Mozilla/5.0 (Windows NT 6.1; WOW64; rv:50.0) Gecko/20100101 Firefox/50.0"
212.186.92.126 - - [03/Oct/2017:14:24:32 +0200] "GET /reload?ser=1507033871163 HTTP/1.1" 200 28 "http://renault.activities.at/logout" "Mozilla/5.0 (Windows NT 6.1; WOW64; Trident/7.0; rv:11.0) like Gecko"
212.152.158.195 - - [03/Oct/2017:14:24:42 +0200] "GET /reload?ser=1507034040560 HTTP/1.1" 200 28 "http://renault.activities.at/result?searchterm=true&search=tasche" "Mozilla/5.0 (Windows NT 6.1; WOW64; Trident/7.0; rv:11.0) like Gecko"
212.152.158.195 - - [03/Oct/2017:14:24:58 +0200] "GET /reload?ser=1507034056905 HTTP/1.1" 200 28 "http://renault.activities.at/account" "Mozilla/5.0 (Windows NT 6.1; WOW64; Trident/7.0; rv:11.0) like Gecko"
212.152.246.130 - - [03/Oct/2017:14:25:00 +0200] "GET /reload?ser=1507033500217 HTTP/1.1" 200 28 "http://renault.activities.at/result?mode=list&search=garantie" "Mozilla/5.0 (Windows NT 6.1; WOW64; Trident/7.0; rv:11.0) like Gecko"
89.16.198.102 - - [03/Oct/2017:14:25:13 +0200] "GET /reload?ser=1507033527446 HTTP/1.1" 200 28 "http://renault.activities.at/result?searchterm=true&search=4austria" "Mozilla/5.0 (Windows NT 6.1; WOW64; rv:50.0) Gecko/20100101 Firefox/50.0"
212.186.92.126 - - [03/Oct/2017:14:25:32 +0200] "GET /reload?ser=1507033931831 HTTP/1.1" 200 28 "http://renault.activities.at/logout" "Mozilla/5.0 (Windows NT 6.1; WOW64; Trident/7.0; rv:11.0) like Gecko"
212.152.158.195 - - [03/Oct/2017:14:25:43 +0200] "GET /reload?ser=1507034101513 HTTP/1.1" 200 28 "http://renault.activities.at/result?searchterm=true&search=tasche" "Mozilla/5.0 (Windows NT 6.1; WOW64; Trident/7.0; rv:11.0) like Gecko"
212.152.158.195 - - [03/Oct/2017:14:25:59 +0200] "GET /reload?ser=1507034118221 HTTP/1.1" 200 28 "http://renault.activities.at/account" "Mozilla/5.0 (Windows NT 6.1; WOW64; Trident/7.0; rv:11.0) like Gecko"
212.152.246.130 - - [03/Oct/2017:14:26:01 +0200] "GET /reload?ser=1507033561304 HTTP/1.1" 200 28 "http://renault.activities.at/result?mode=list&search=garantie" "Mozilla/5.0 (Windows NT 6.1; WOW64; Trident/7.0; rv:11.0) like Gecko"
89.16.198.102 - - [03/Oct/2017:14:26:14 +0200] "GET /reload?ser=1507033588389 HTTP/1.1" 200 28 "http://renault.activities.at/result?searchterm=true&search=4austria" "Mozilla/5.0 (Windows NT 6.1; WOW64; rv:50.0) Gecko/20100101 Firefox/50.0"
212.186.92.126 - - [03/Oct/2017:14:26:33 +0200] "GET /reload?ser=1507033992499 HTTP/1.1" 200 28 "http://renault.activities.at/logout" "Mozilla/5.0 (Windows NT 6.1; WOW64; Trident/7.0; rv:11.0) like Gecko"
212.152.158.195 - - [03/Oct/2017:14:26:44 +0200] "GET /reload?ser=1507034162533 HTTP/1.1" 200 28 "http://renault.activities.at/result?searchterm=true&search=tasche" "Mozilla/5.0 (Windows NT 6.1; WOW64; Trident/7.0; rv:11.0) like Gecko"
212.152.158.195 - - [03/Oct/2017:14:27:00 +0200] "GET /reload?ser=1507034179191 HTTP/1.1" 200 28 "http://renault.activities.at/account" "Mozilla/5.0 (Windows NT 6.1; WOW64; Trident/7.0; rv:11.0) like Gecko"
212.152.246.130 - - [03/Oct/2017:14:27:02 +0200] "GET /reload?ser=1507033622403 HTTP/1.1" 200 28 "http://renault.activities.at/result?mode=list&search=garantie" "Mozilla/5.0 (Windows NT 6.1; WOW64; Trident/7.0; rv:11.0) like Gecko"
89.16.198.102 - - [03/Oct/2017:14:27:15 +0200] "GET /reload?ser=1507033649392 HTTP/1.1" 200 28 "http://renault.activities.at/result?searchterm=true&search=4austria" "Mozilla/5.0 (Windows NT 6.1; WOW64; rv:50.0) Gecko/20100101 Firefox/50.0"
212.152.158.195 - - [03/Oct/2017:14:27:31 +0200] "GET /logout HTTP/1.1" 302 140 "http://renault.activities.at/account" "Mozilla/5.0 (Windows NT 6.1; WOW64; Trident/7.0; rv:11.0) like Gecko"
212.152.158.195 - - [03/Oct/2017:14:27:32 +0200] "GET /logout HTTP/1.1" 200 1583 "http://renault.activities.at/account" "Mozilla/5.0 (Windows NT 6.1; WOW64; Trident/7.0; rv:11.0) like Gecko"
212.186.92.126 - - [03/Oct/2017:14:27:34 +0200] "GET /reload?ser=1507034053209 HTTP/1.1" 200 28 "http://renault.activities.at/logout" "Mozilla/5.0 (Windows NT 6.1; WOW64; Trident/7.0; rv:11.0) like Gecko"
212.152.158.195 - - [03/Oct/2017:14:27:38 +0200] "GET / HTTP/1.1" 200 3861 "http://renault.activities.at/logout" "Mozilla/5.0 (Windows NT 6.1; WOW64; Trident/7.0; rv:11.0) like Gecko"
212.152.158.195 - - [03/Oct/2017:14:27:45 +0200] "GET /reload?ser=1507034223521 HTTP/1.1" 200 28 "http://renault.activities.at/result?searchterm=true&search=tasche" "Mozilla/5.0 (Windows NT 6.1; WOW64; Trident/7.0; rv:11.0) like Gecko"
212.152.246.130 - - [03/Oct/2017:14:28:03 +0200] "GET /reload?ser=1507033683520 HTTP/1.1" 200 28 "http://renault.activities.at/result?mode=list&search=garantie" "Mozilla/5.0 (Windows NT 6.1; WOW64; Trident/7.0; rv:11.0) like Gecko"
89.16.198.102 - - [03/Oct/2017:14:28:17 +0200] "GET /reload?ser=1507033710358 HTTP/1.1" 200 28 "http://renault.activities.at/result?searchterm=true&search=4austria" "Mozilla/5.0 (Windows NT 6.1; WOW64; rv:50.0) Gecko/20100101 Firefox/50.0"
212.186.92.126 - - [03/Oct/2017:14:28:34 +0200] "GET /reload?ser=1507034113876 HTTP/1.1" 200 28 "http://renault.activities.at/logout" "Mozilla/5.0 (Windows NT 6.1; WOW64; Trident/7.0; rv:11.0) like Gecko"
212.152.158.195 - - [03/Oct/2017:14:28:45 +0200] "GET /reload?ser=1507034284188 HTTP/1.1" 200 28 "http://renault.activities.at/result?searchterm=true&search=tasche" "Mozilla/5.0 (Windows NT 6.1; WOW64; Trident/7.0; rv:11.0) like Gecko"
212.152.246.130 - - [03/Oct/2017:14:29:04 +0200] "GET /reload?ser=1507033744575 HTTP/1.1" 200 28 "http://renault.activities.at/result?mode=list&search=garantie" "Mozilla/5.0 (Windows NT 6.1; WOW64; Trident/7.0; rv:11.0) like Gecko"
89.16.198.102 - - [03/Oct/2017:14:29:19 +0200] "GET /reload?ser=1507033772421 HTTP/1.1" 200 28 "http://renault.activities.at/result?searchterm=true&search=4austria" "Mozilla/5.0 (Windows NT 6.1; WOW64; rv:50.0) Gecko/20100101 Firefox/50.0"
212.186.92.126 - - [03/Oct/2017:14:29:35 +0200] "GET /reload?ser=1507034174544 HTTP/1.1" 200 28 "http://renault.activities.at/logout" "Mozilla/5.0 (Windows NT 6.1; WOW64; Trident/7.0; rv:11.0) like Gecko"
212.152.158.195 - - [03/Oct/2017:14:29:46 +0200] "GET /reload?ser=1507034344835 HTTP/1.1" 200 28 "http://renault.activities.at/result?searchterm=true&search=tasche" "Mozilla/5.0 (Windows NT 6.1; WOW64; Trident/7.0; rv:11.0) like Gecko"
212.152.246.130 - - [03/Oct/2017:14:30:05 +0200] "GET /reload?ser=1507033805661 HTTP/1.1" 200 28 "http://renault.activities.at/result?mode=list&search=garantie" "Mozilla/5.0 (Windows NT 6.1; WOW64; Trident/7.0; rv:11.0) like Gecko"
89.16.198.102 - - [03/Oct/2017:14:30:21 +0200] "GET /reload?ser=1507033834327 HTTP/1.1" 200 28 "http://renault.activities.at/result?searchterm=true&search=4austria" "Mozilla/5.0 (Windows NT 6.1; WOW64; rv:50.0) Gecko/20100101 Firefox/50.0"
212.186.92.126 - - [03/Oct/2017:14:30:36 +0200] "GET /reload?ser=1507034235227 HTTP/1.1" 200 28 "http://renault.activities.at/logout" "Mozilla/5.0 (Windows NT 6.1; WOW64; Trident/7.0; rv:11.0) like Gecko"
212.152.158.195 - - [03/Oct/2017:14:30:47 +0200] "GET /reload?ser=1507034405780 HTTP/1.1" 200 28 "http://renault.activities.at/result?searchterm=true&search=tasche" "Mozilla/5.0 (Windows NT 6.1; WOW64; Trident/7.0; rv:11.0) like Gecko"
212.152.246.130 - - [03/Oct/2017:14:31:06 +0200] "GET /reload?ser=1507033866669 HTTP/1.1" 200 28 "http://renault.activities.at/result?mode=list&search=garantie" "Mozilla/5.0 (Windows NT 6.1; WOW64; Trident/7.0; rv:11.0) like Gecko"
89.16.198.102 - - [03/Oct/2017:14:31:23 +0200] "GET /reload?ser=1507033895865 HTTP/1.1" 200 28 "http://renault.activities.at/result?searchterm=true&search=4austria" "Mozilla/5.0 (Windows NT 6.1; WOW64; rv:50.0) Gecko/20100101 Firefox/50.0"
212.186.92.126 - - [03/Oct/2017:14:31:36 +0200] "GET /reload?ser=1507034295895 HTTP/1.1" 200 28 "http://renault.activities.at/logout" "Mozilla/5.0 (Windows NT 6.1; WOW64; Trident/7.0; rv:11.0) like Gecko"
212.152.158.195 - - [03/Oct/2017:14:31:48 +0200] "GET /reload?ser=1507034466425 HTTP/1.1" 200 28 "http://renault.activities.at/result?searchterm=true&search=tasche" "Mozilla/5.0 (Windows NT 6.1; WOW64; Trident/7.0; rv:11.0) like Gecko"
212.152.246.130 - - [03/Oct/2017:14:32:07 +0200] "GET /reload?ser=1507033927771 HTTP/1.1" 200 28 "http://renault.activities.at/result?mode=list&search=garantie" "Mozilla/5.0 (Windows NT 6.1; WOW64; Trident/7.0; rv:11.0) like Gecko"
89.16.198.102 - - [03/Oct/2017:14:32:24 +0200] "GET /reload?ser=1507033957828 HTTP/1.1" 200 28 "http://renault.activities.at/result?searchterm=true&search=4austria" "Mozilla/5.0 (Windows NT 6.1; WOW64; rv:50.0) Gecko/20100101 Firefox/50.0"
212.186.92.126 - - [03/Oct/2017:14:32:37 +0200] "GET /reload?ser=1507034356578 HTTP/1.1" 200 28 "http://renault.activities.at/logout" "Mozilla/5.0 (Windows NT 6.1; WOW64; Trident/7.0; rv:11.0) like Gecko"
212.152.158.195 - - [03/Oct/2017:14:32:48 +0200] "GET /reload?ser=1507034527102 HTTP/1.1" 200 28 "http://renault.activities.at/result?searchterm=true&search=tasche" "Mozilla/5.0 (Windows NT 6.1; WOW64; Trident/7.0; rv:11.0) like Gecko"
212.152.246.130 - - [03/Oct/2017:14:33:08 +0200] "GET /reload?ser=1507033988826 HTTP/1.1" 200 28 "http://renault.activities.at/result?mode=list&search=garantie" "Mozilla/5.0 (Windows NT 6.1; WOW64; Trident/7.0; rv:11.0) like Gecko"
89.16.198.102 - - [03/Oct/2017:14:33:26 +0200] "GET /reload?ser=1507034019750 HTTP/1.1" 200 28 "http://renault.activities.at/result?searchterm=true&search=4austria" "Mozilla/5.0 (Windows NT 6.1; WOW64; rv:50.0) Gecko/20100101 Firefox/50.0"
212.186.92.126 - - [03/Oct/2017:14:33:38 +0200] "GET /reload?ser=1507034417261 HTTP/1.1" 200 28 "http://renault.activities.at/logout" "Mozilla/5.0 (Windows NT 6.1; WOW64; Trident/7.0; rv:11.0) like Gecko"
212.152.158.195 - - [03/Oct/2017:14:33:49 +0200] "GET /reload?ser=1507034587782 HTTP/1.1" 200 28 "http://renault.activities.at/result?searchterm=true&search=tasche" "Mozilla/5.0 (Windows NT 6.1; WOW64; Trident/7.0; rv:11.0) like Gecko"
212.152.246.130 - - [03/Oct/2017:14:34:10 +0200] "GET /reload?ser=1507034049881 HTTP/1.1" 200 28 "http://renault.activities.at/result?mode=list&search=garantie" "Mozilla/5.0 (Windows NT 6.1; WOW64; Trident/7.0; rv:11.0) like Gecko"
89.16.198.102 - - [03/Oct/2017:14:34:27 +0200] "GET /reload?ser=1507034081287 HTTP/1.1" 200 28 "http://renault.activities.at/result?searchterm=true&search=4austria" "Mozilla/5.0 (Windows NT 6.1; WOW64; rv:50.0) Gecko/20100101 Firefox/50.0"
212.186.92.126 - - [03/Oct/2017:14:34:38 +0200] "GET /reload?ser=1507034477929 HTTP/1.1" 200 28 "http://renault.activities.at/logout" "Mozilla/5.0 (Windows NT 6.1; WOW64; Trident/7.0; rv:11.0) like Gecko"
212.152.158.195 - - [03/Oct/2017:14:34:50 +0200] "GET /reload?ser=1507034648429 HTTP/1.1" 200 28 "http://renault.activities.at/result?searchterm=true&search=tasche" "Mozilla/5.0 (Windows NT 6.1; WOW64; Trident/7.0; rv:11.0) like Gecko"
212.152.246.130 - - [03/Oct/2017:14:35:11 +0200] "GET /reload?ser=1507034111136 HTTP/1.1" 200 28 "http://renault.activities.at/result?mode=list&search=garantie" "Mozilla/5.0 (Windows NT 6.1; WOW64; Trident/7.0; rv:11.0) like Gecko"
89.16.198.102 - - [03/Oct/2017:14:35:28 +0200] "GET /reload?ser=1507034142278 HTTP/1.1" 200 28 "http://renault.activities.at/result?searchterm=true&search=4austria" "Mozilla/5.0 (Windows NT 6.1; WOW64; rv:50.0) Gecko/20100101 Firefox/50.0"
212.186.92.126 - - [03/Oct/2017:14:35:39 +0200] "GET /reload?ser=1507034538596 HTTP/1.1" 200 28 "http://renault.activities.at/logout" "Mozilla/5.0 (Windows NT 6.1; WOW64; Trident/7.0; rv:11.0) like Gecko"
212.152.158.195 - - [03/Oct/2017:14:35:50 +0200] "GET /reload?ser=1507034709074 HTTP/1.1" 200 28 "http://renault.activities.at/result?searchterm=true&search=tasche" "Mozilla/5.0 (Windows NT 6.1; WOW64; Trident/7.0; rv:11.0) like Gecko"
212.152.246.130 - - [03/Oct/2017:14:36:12 +0200] "GET /reload?ser=1507034172237 HTTP/1.1" 200 28 "http://renault.activities.at/result?mode=list&search=garantie" "Mozilla/5.0 (Windows NT 6.1; WOW64; Trident/7.0; rv:11.0) like Gecko"
89.16.198.102 - - [03/Oct/2017:14:36:29 +0200] "GET /reload?ser=1507034203320 HTTP/1.1" 200 28 "http://renault.activities.at/result?searchterm=true&search=4austria" "Mozilla/5.0 (Windows NT 6.1; WOW64; rv:50.0) Gecko/20100101 Firefox/50.0"
212.186.92.126 - - [03/Oct/2017:14:36:40 +0200] "GET /reload?ser=1507034599264 HTTP/1.1" 200 28 "http://renault.activities.at/logout" "Mozilla/5.0 (Windows NT 6.1; WOW64; Trident/7.0; rv:11.0) like Gecko"
212.152.158.195 - - [03/Oct/2017:14:36:51 +0200] "GET /reload?ser=1507034769719 HTTP/1.1" 200 28 "http://renault.activities.at/result?searchterm=true&search=tasche" "Mozilla/5.0 (Windows NT 6.1; WOW64; Trident/7.0; rv:11.0) like Gecko"
212.152.246.130 - - [03/Oct/2017:14:37:13 +0200] "GET /reload?ser=1507034233386 HTTP/1.1" 200 28 "http://renault.activities.at/result?mode=list&search=garantie" "Mozilla/5.0 (Windows NT 6.1; WOW64; Trident/7.0; rv:11.0) like Gecko"
