212.152.158.195 - - [02/Nov/2017:10:32:36 +0100] "GET /loadthumbnail.php?id=10203276 HTTP/1.1" 200 75 "http://renault.activities.at/orders" "Mozilla/5.0 (Windows NT 6.1; WOW64; Trident/7.0; rv:11.0) like Gecko"
193.194.132.77 - - [02/Nov/2017:10:32:38 +0100] "GET /reload?ser=1509615158522 HTTP/1.1" 200 28 "http://renault.2web.at/account" "Mozilla/5.0 (Windows NT 6.1; WOW64; Trident/7.0; rv:11.0) like Gecko"
212.152.158.195 - - [02/Nov/2017:10:32:39 +0100] "GET /11621136 HTTP/1.1" 200 5844 "http://renault.activities.at/orders" "Mozilla/5.0 (Windows NT 6.1; WOW64; Trident/7.0; rv:11.0) like Gecko"
212.152.158.195 - - [02/Nov/2017:10:32:45 +0100] "GET /orders HTTP/1.1" 200 5444 "http://renault.activities.at/11621136" "Mozilla/5.0 (Windows NT 6.1; WOW64; Trident/7.0; rv:11.0) like Gecko"
212.152.158.195 - - [02/Nov/2017:10:32:49 +0100] "GET /11642407 HTTP/1.1" 200 5802 "http://renault.activities.at/orders" "Mozilla/5.0 (Windows NT 6.1; WOW64; Trident/7.0; rv:11.0) like Gecko"
212.152.158.195 - - [02/Nov/2017:10:33:08 +0100] "GET /css/themes/alphacube/top_mid.gif HTTP/1.1" 200 833 "http://renault.activities.at/11642407" "Mozilla/5.0 (Windows NT 6.1; WOW64; Trident/7.0; rv:11.0) like Gecko"
212.152.158.195 - - [02/Nov/2017:10:33:08 +0100] "GET /css/themes/alphacube/bottom_middle.gif HTTP/1.1" 200 44 "http://renault.activities.at/11642407" "Mozilla/5.0 (Windows NT 6.1; WOW64; Trident/7.0; rv:11.0) like Gecko"
212.152.158.195 - - [02/Nov/2017:10:33:08 +0100] "GET /css/themes/alphacube/frame_right.gif HTTP/1.1" 200 64 "http://renault.activities.at/11642407" "Mozilla/5.0 (Windows NT 6.1; WOW64; Trident/7.0; rv:11.0) like Gecko"
212.152.158.195 - - [02/Nov/2017:10:33:08 +0100] "GET /css/themes/alphacube/frame_left.gif HTTP/1.1" 200 64 "http://renault.activities.at/11642407" "Mozilla/5.0 (Windows NT 6.1; WOW64; Trident/7.0; rv:11.0) like Gecko"
212.152.158.195 - - [02/Nov/2017:10:33:08 +0100] "GET /css/themes/alphacube/top_left.gif HTTP/1.1" 200 973 "http://renault.activities.at/11642407" "Mozilla/5.0 (Windows NT 6.1; WOW64; Trident/7.0; rv:11.0) like Gecko"
212.152.158.195 - - [02/Nov/2017:10:33:08 +0100] "GET /css/themes/alphacube/bottom_left-c.gif HTTP/1.1" 200 62 "http://renault.activities.at/11642407" "Mozilla/5.0 (Windows NT 6.1; WOW64; Trident/7.0; rv:11.0) like Gecko"
212.152.158.195 - - [02/Nov/2017:10:33:08 +0100] "GET /css/themes/alphacube/button-close-focus.gif HTTP/1.1" 200 699 "http://renault.activities.at/11642407" "Mozilla/5.0 (Windows NT 6.1; WOW64; Trident/7.0; rv:11.0) like Gecko"
212.152.158.195 - - [02/Nov/2017:10:33:08 +0100] "GET /css/themes/alphacube/top_right.gif HTTP/1.1" 200 972 "http://renault.activities.at/11642407" "Mozilla/5.0 (Windows NT 6.1; WOW64; Trident/7.0; rv:11.0) like Gecko"
212.152.158.195 - - [02/Nov/2017:10:33:08 +0100] "GET /css/themes/alphacube/bottom_right-c.gif HTTP/1.1" 200 62 "http://renault.activities.at/11642407" "Mozilla/5.0 (Windows NT 6.1; WOW64; Trident/7.0; rv:11.0) like Gecko"
212.152.158.195 - - [02/Nov/2017:10:33:08 +0100] "GET /715562?print=true HTTP/1.1" 200 2602 "http://renault.activities.at/11642407" "Mozilla/5.0 (Windows NT 6.1; WOW64; Trident/7.0; rv:11.0) like Gecko"
212.152.158.195 - - [02/Nov/2017:10:33:11 +0100] "GET /js/magiczoom/magiczoom.css HTTP/1.1" 200 1210 "http://renault.activities.at/715562?print=true" "Mozilla/5.0 (Windows NT 6.1; WOW64; Trident/7.0; rv:11.0) like Gecko"
212.152.158.195 - - [02/Nov/2017:10:33:11 +0100] "GET /js/magiczoom/magiczoom.js HTTP/1.1" 200 26397 "http://renault.activities.at/715562?print=true" "Mozilla/5.0 (Windows NT 6.1; WOW64; Trident/7.0; rv:11.0) like Gecko"
212.152.158.195 - - [02/Nov/2017:10:33:11 +0100] "GET /images/loading.gif HTTP/1.1" 200 3208 "http://renault.activities.at/715562?print=true" "Mozilla/5.0 (Windows NT 6.1; WOW64; Trident/7.0; rv:11.0) like Gecko"
212.152.158.195 - - [02/Nov/2017:10:33:11 +0100] "GET /js/Produkt.js HTTP/1.1" 200 852 "http://renault.activities.at/715562?print=true" "Mozilla/5.0 (Windows NT 6.1; WOW64; Trident/7.0; rv:11.0) like Gecko"
212.152.158.195 - - [02/Nov/2017:10:33:11 +0100] "GET /images/vista-dn.gif HTTP/1.1" 200 128 "http://renault.activities.at/715562?print=true" "Mozilla/5.0 (Windows NT 6.1; WOW64; Trident/7.0; rv:11.0) like Gecko"
212.152.158.195 - - [02/Nov/2017:10:33:11 +0100] "GET /images/vista-up.gif HTTP/1.1" 200 131 "http://renault.activities.at/715562?print=true" "Mozilla/5.0 (Windows NT 6.1; WOW64; Trident/7.0; rv:11.0) like Gecko"
212.152.158.195 - - [02/Nov/2017:10:33:11 +0100] "GET /images/validation_advice_bg.gif HTTP/1.1" 200 134 "http://renault.activities.at/715562?print=true" "Mozilla/5.0 (Windows NT 6.1; WOW64; Trident/7.0; rv:11.0) like Gecko"
212.152.158.195 - - [02/Nov/2017:10:33:11 +0100] "GET /loadthumbnail.php?id=10203650&width=200 HTTP/1.1" 200 4671 "http://renault.activities.at/715562?print=true" "Mozilla/5.0 (Windows NT 6.1; WOW64; Trident/7.0; rv:11.0) like Gecko"
212.152.158.195 - - [02/Nov/2017:10:33:21 +0100] "GET /null HTTP/1.1" 200 3613 "http://renault.activities.at/11642407" "Mozilla/5.0 (Windows NT 6.1; WOW64; Trident/7.0; rv:11.0) like Gecko"
212.152.158.195 - - [02/Nov/2017:10:33:27 +0100] "GET /orders HTTP/1.1" 200 5444 "http://renault.activities.at/11642407" "Mozilla/5.0 (Windows NT 6.1; WOW64; Trident/7.0; rv:11.0) like Gecko"
212.152.158.195 - - [02/Nov/2017:10:33:38 +0100] "GET /11621136 HTTP/1.1" 200 5844 "http://renault.activities.at/orders" "Mozilla/5.0 (Windows NT 6.1; WOW64; Trident/7.0; rv:11.0) like Gecko"
193.194.132.77 - - [02/Nov/2017:10:33:39 +0100] "GET /reload?ser=1509615219667 HTTP/1.1" 200 28 "http://renault.2web.at/account" "Mozilla/5.0 (Windows NT 6.1; WOW64; Trident/7.0; rv:11.0) like Gecko"
212.152.158.195 - - [02/Nov/2017:10:33:43 +0100] "GET /orders HTTP/1.1" 200 5444 "http://renault.activities.at/11621136" "Mozilla/5.0 (Windows NT 6.1; WOW64; Trident/7.0; rv:11.0) like Gecko"
212.152.158.195 - - [02/Nov/2017:10:33:50 +0100] "GET /11599038 HTTP/1.1" 200 5973 "http://renault.activities.at/orders" "Mozilla/5.0 (Windows NT 6.1; WOW64; Trident/7.0; rv:11.0) like Gecko"
212.152.158.195 - - [02/Nov/2017:10:33:57 +0100] "GET /orders HTTP/1.1" 200 5444 "http://renault.activities.at/11599038" "Mozilla/5.0 (Windows NT 6.1; WOW64; Trident/7.0; rv:11.0) like Gecko"
212.152.158.195 - - [02/Nov/2017:10:33:59 +0100] "GET /images/sub_title_bg.jpg HTTP/1.1" 200 314 "http://renault.activities.at/orders" "Mozilla/5.0 (Windows NT 6.1; WOW64; Trident/7.0; rv:11.0) like Gecko"
212.152.158.195 - - [02/Nov/2017:10:34:05 +0100] "GET /11641168 HTTP/1.1" 200 5919 "http://renault.activities.at/orders" "Mozilla/5.0 (Windows NT 6.1; WOW64; Trident/7.0; rv:11.0) like Gecko"
212.152.158.195 - - [02/Nov/2017:10:34:11 +0100] "GET /orders HTTP/1.1" 200 5444 "http://renault.activities.at/11641168" "Mozilla/5.0 (Windows NT 6.1; WOW64; Trident/7.0; rv:11.0) like Gecko"
212.152.158.195 - - [02/Nov/2017:10:34:17 +0100] "GET /logout HTTP/1.1" 302 140 "http://renault.activities.at/orders" "Mozilla/5.0 (Windows NT 6.1; WOW64; Trident/7.0; rv:11.0) like Gecko"
212.152.158.195 - - [02/Nov/2017:10:34:18 +0100] "GET /logout HTTP/1.1" 200 1583 "http://renault.activities.at/orders" "Mozilla/5.0 (Windows NT 6.1; WOW64; Trident/7.0; rv:11.0) like Gecko"
212.152.158.195 - - [02/Nov/2017:10:34:21 +0100] "GET /login HTTP/1.1" 200 2086 "http://renault.activities.at/logout" "Mozilla/5.0 (Windows NT 6.1; WOW64; Trident/7.0; rv:11.0) like Gecko"
212.152.158.195 - - [02/Nov/2017:10:34:27 +0100] "POST /login HTTP/1.1" 302 140 "http://renault.activities.at/login" "Mozilla/5.0 (Windows NT 6.1; WOW64; Trident/7.0; rv:11.0) like Gecko"
212.152.158.195 - - [02/Nov/2017:10:34:29 +0100] "GET /account HTTP/1.1" 200 6857 "http://renault.activities.at/login" "Mozilla/5.0 (Windows NT 6.1; WOW64; Trident/7.0; rv:11.0) like Gecko"
212.152.158.195 - - [02/Nov/2017:10:34:32 +0100] "GET /images/ajax_loading.gif HTTP/1.1" 200 1542 "http://renault.activities.at/account" "Mozilla/5.0 (Windows NT 6.1; WOW64; Trident/7.0; rv:11.0) like Gecko"
212.152.158.195 - - [02/Nov/2017:10:34:32 +0100] "GET /images/reset_bg.gif HTTP/1.1" 200 785 "http://renault.activities.at/account" "Mozilla/5.0 (Windows NT 6.1; WOW64; Trident/7.0; rv:11.0) like Gecko"
212.152.158.195 - - [02/Nov/2017:10:34:32 +0100] "GET /loadthumbnail.php?id=11630067&width=50&height=50 HTTP/1.1" 200 812 "http://renault.activities.at/account" "Mozilla/5.0 (Windows NT 6.1; WOW64; Trident/7.0; rv:11.0) like Gecko"
212.152.158.195 - - [02/Nov/2017:10:34:32 +0100] "GET /loadthumbnail.php?id=11630066&width=50&height=50 HTTP/1.1" 200 818 "http://renault.activities.at/account" "Mozilla/5.0 (Windows NT 6.1; WOW64; Trident/7.0; rv:11.0) like Gecko"
193.194.132.77 - - [02/Nov/2017:10:34:40 +0100] "GET /reload?ser=1509615280790 HTTP/1.1" 200 28 "http://renault.2web.at/account" "Mozilla/5.0 (Windows NT 6.1; WOW64; Trident/7.0; rv:11.0) like Gecko"
212.152.158.195 - - [02/Nov/2017:10:35:02 +0100] "GET /11623068 HTTP/1.1" 200 6111 "http://renault.activities.at/account" "Mozilla/5.0 (Windows NT 6.1; WOW64; Trident/7.0; rv:11.0) like Gecko"
212.152.158.195 - - [02/Nov/2017:10:35:08 +0100] "GET /logout HTTP/1.1" 302 140 "http://renault.activities.at/11623068" "Mozilla/5.0 (Windows NT 6.1; WOW64; Trident/7.0; rv:11.0) like Gecko"
212.152.158.195 - - [02/Nov/2017:10:35:09 +0100] "GET /logout HTTP/1.1" 200 1583 "http://renault.activities.at/11623068" "Mozilla/5.0 (Windows NT 6.1; WOW64; Trident/7.0; rv:11.0) like Gecko"
212.152.158.195 - - [02/Nov/2017:10:35:14 +0100] "GET /login HTTP/1.1" 200 2086 "http://renault.activities.at/logout" "Mozilla/5.0 (Windows NT 6.1; WOW64; Trident/7.0; rv:11.0) like Gecko"
212.152.158.195 - - [02/Nov/2017:10:35:22 +0100] "POST /login HTTP/1.1" 302 140 "http://renault.activities.at/login" "Mozilla/5.0 (Windows NT 6.1; WOW64; Trident/7.0; rv:11.0) like Gecko"
212.152.158.195 - - [02/Nov/2017:10:35:24 +0100] "GET /account HTTP/1.1" 200 5942 "http://renault.activities.at/login" "Mozilla/5.0 (Windows NT 6.1; WOW64; Trident/7.0; rv:11.0) like Gecko"
212.152.158.195 - - [02/Nov/2017:10:35:26 +0100] "POST /login HTTP/1.1" 302 140 "http://renault.activities.at/login" "Mozilla/5.0 (Windows NT 6.1; WOW64; Trident/7.0; rv:11.0) like Gecko"
212.152.158.195 - - [02/Nov/2017:10:35:28 +0100] "GET /account HTTP/1.1" 200 5942 "http://renault.activities.at/login" "Mozilla/5.0 (Windows NT 6.1; WOW64; Trident/7.0; rv:11.0) like Gecko"
212.152.158.195 - - [02/Nov/2017:10:35:39 +0100] "GET /orders HTTP/1.1" 200 5444 "http://renault.activities.at/account" "Mozilla/5.0 (Windows NT 6.1; WOW64; Trident/7.0; rv:11.0) like Gecko"
193.194.132.77 - - [02/Nov/2017:10:35:42 +0100] "GET /reload?ser=1509615341862 HTTP/1.1" 200 28 "http://renault.2web.at/account" "Mozilla/5.0 (Windows NT 6.1; WOW64; Trident/7.0; rv:11.0) like Gecko"
212.152.158.195 - - [02/Nov/2017:10:35:44 +0100] "GET /orders?limit=10&page=2 HTTP/1.1" 200 5514 "http://renault.activities.at/orders" "Mozilla/5.0 (Windows NT 6.1; WOW64; Trident/7.0; rv:11.0) like Gecko"
212.152.158.195 - - [02/Nov/2017:10:35:46 +0100] "GET /loadthumbnail.php?id=10203275 HTTP/1.1" 200 85 "http://renault.activities.at/orders?limit=10&page=2" "Mozilla/5.0 (Windows NT 6.1; WOW64; Trident/7.0; rv:11.0) like Gecko"
212.152.158.195 - - [02/Nov/2017:10:35:50 +0100] "GET /11460725 HTTP/1.1" 200 5743 "http://renault.activities.at/orders?limit=10&page=2" "Mozilla/5.0 (Windows NT 6.1; WOW64; Trident/7.0; rv:11.0) like Gecko"
212.152.158.195 - - [02/Nov/2017:10:35:58 +0100] "GET /orders HTTP/1.1" 200 5444 "http://renault.activities.at/11460725" "Mozilla/5.0 (Windows NT 6.1; WOW64; Trident/7.0; rv:11.0) like Gecko"
212.152.158.195 - - [02/Nov/2017:10:36:03 +0100] "GET /orders?limit=10&page=3 HTTP/1.1" 200 5492 "http://renault.activities.at/orders" "Mozilla/5.0 (Windows NT 6.1; WOW64; Trident/7.0; rv:11.0) like Gecko"
212.152.158.195 - - [02/Nov/2017:10:36:14 +0100] "GET /11460662 HTTP/1.1" 200 5726 "http://renault.activities.at/orders?limit=10&page=3" "Mozilla/5.0 (Windows NT 6.1; WOW64; Trident/7.0; rv:11.0) like Gecko"
212.152.158.195 - - [02/Nov/2017:10:36:20 +0100] "GET /orders?limit=10&page=3 HTTP/1.1" 200 5492 "http://renault.activities.at/11460662" "Mozilla/5.0 (Windows NT 6.1; WOW64; Trident/7.0; rv:11.0) like Gecko"
212.152.158.195 - - [02/Nov/2017:10:36:24 +0100] "GET /11460650 HTTP/1.1" 200 5749 "http://renault.activities.at/orders?limit=10&page=3" "Mozilla/5.0 (Windows NT 6.1; WOW64; Trident/7.0; rv:11.0) like Gecko"
212.152.158.195 - - [02/Nov/2017:10:36:30 +0100] "GET /orders?limit=10&page=3 HTTP/1.1" 200 5492 "http://renault.activities.at/11460650" "Mozilla/5.0 (Windows NT 6.1; WOW64; Trident/7.0; rv:11.0) like Gecko"
212.152.158.195 - - [02/Nov/2017:10:36:35 +0100] "GET /11460641 HTTP/1.1" 200 5668 "http://renault.activities.at/orders?limit=10&page=3" "Mozilla/5.0 (Windows NT 6.1; WOW64; Trident/7.0; rv:11.0) like Gecko"
193.194.132.77 - - [02/Nov/2017:10:36:43 +0100] "GET /reload?ser=1509615402889 HTTP/1.1" 200 28 "http://renault.2web.at/account" "Mozilla/5.0 (Windows NT 6.1; WOW64; Trident/7.0; rv:11.0) like Gecko"
212.152.158.195 - - [02/Nov/2017:10:36:42 +0100] "GET /orders?limit=10&page=3 HTTP/1.1" 200 5492 "http://renault.activities.at/11460641" "Mozilla/5.0 (Windows NT 6.1; WOW64; Trident/7.0; rv:11.0) like Gecko"
212.152.158.195 - - [02/Nov/2017:10:36:47 +0100] "GET /orders?limit=10&page=2 HTTP/1.1" 200 5514 "http://renault.activities.at/orders?limit=10&page=3" "Mozilla/5.0 (Windows NT 6.1; WOW64; Trident/7.0; rv:11.0) like Gecko"
212.152.158.195 - - [02/Nov/2017:10:36:51 +0100] "GET /11460725 HTTP/1.1" 200 5743 "http://renault.activities.at/orders?limit=10&page=2" "Mozilla/5.0 (Windows NT 6.1; WOW64; Trident/7.0; rv:11.0) like Gecko"
212.152.158.195 - - [02/Nov/2017:10:36:57 +0100] "GET /orders?limit=10&page=2 HTTP/1.1" 200 5514 "http://renault.activities.at/11460725" "Mozilla/5.0 (Windows NT 6.1; WOW64; Trident/7.0; rv:11.0) like Gecko"
212.152.158.195 - - [02/Nov/2017:10:37:07 +0100] "GET /orders?limit=10&page=4 HTTP/1.1" 200 5432 "http://renault.activities.at/orders?limit=10&page=2" "Mozilla/5.0 (Windows NT 6.1; WOW64; Trident/7.0; rv:11.0) like Gecko"
212.152.158.195 - - [02/Nov/2017:10:37:19 +0100] "GET /orders?limit=10&page=3 HTTP/1.1" 200 5492 "http://renault.activities.at/orders?limit=10&page=4" "Mozilla/5.0 (Windows NT 6.1; WOW64; Trident/7.0; rv:11.0) like Gecko"
193.194.132.77 - - [02/Nov/2017:10:37:44 +0100] "GET /reload?ser=1509615463977 HTTP/1.1" 200 28 "http://renault.2web.at/account" "Mozilla/5.0 (Windows NT 6.1; WOW64; Trident/7.0; rv:11.0) like Gecko"
212.152.158.195 - - [02/Nov/2017:10:38:21 +0100] "GET /reload?ser=1509616085002 HTTP/1.1" 200 28 "http://renault.activities.at/orders?limit=10&page=3" "Mozilla/5.0 (Windows NT 6.1; WOW64; Trident/7.0; rv:11.0) like Gecko"
193.194.132.77 - - [02/Nov/2017:10:38:45 +0100] "GET /reload?ser=1509615525081 HTTP/1.1" 200 28 "http://renault.2web.at/account" "Mozilla/5.0 (Windows NT 6.1; WOW64; Trident/7.0; rv:11.0) like Gecko"
212.152.158.195 - - [02/Nov/2017:10:39:22 +0100] "GET /reload?ser=1509616145971 HTTP/1.1" 200 28 "http://renault.activities.at/orders?limit=10&page=3" "Mozilla/5.0 (Windows NT 6.1; WOW64; Trident/7.0; rv:11.0) like Gecko"
212.152.158.195 - - [02/Nov/2017:10:39:31 +0100] "GET /logout HTTP/1.1" 302 140 "http://renault.activities.at/orders?limit=10&page=3" "Mozilla/5.0 (Windows NT 6.1; WOW64; Trident/7.0; rv:11.0) like Gecko"
212.152.158.195 - - [02/Nov/2017:10:39:32 +0100] "GET /logout HTTP/1.1" 200 1583 "http://renault.activities.at/orders?limit=10&page=3" "Mozilla/5.0 (Windows NT 6.1; WOW64; Trident/7.0; rv:11.0) like Gecko"
212.152.158.195 - - [02/Nov/2017:10:39:38 +0100] "GET / HTTP/1.1" 200 3894 "http://renault.activities.at/logout" "Mozilla/5.0 (Windows NT 6.1; WOW64; Trident/7.0; rv:11.0) like Gecko"
193.194.132.77 - - [02/Nov/2017:10:39:46 +0100] "GET /reload?ser=1509615586204 HTTP/1.1" 200 28 "http://renault.2web.at/account" "Mozilla/5.0 (Windows NT 6.1; WOW64; Trident/7.0; rv:11.0) like Gecko"
80.123.225.34 - - [02/Nov/2017:10:40:38 +0100] "GET / HTTP/1.1" 200 3897 "-" "Mozilla/5.0 (Windows NT 6.1; WOW64; Trident/7.0; rv:11.0) like Gecko"
80.123.225.34 - - [02/Nov/2017:10:40:39 +0100] "GET /js/flashdetection.js HTTP/1.1" 200 1059 "http://renault.2web.at/" "Mozilla/5.0 (Windows NT 6.1; WOW64; Trident/7.0; rv:11.0) like Gecko"
80.123.225.34 - - [02/Nov/2017:10:40:39 +0100] "GET /css/reset.css HTTP/1.1" 200 1356 "http://renault.2web.at/" "Mozilla/5.0 (Windows NT 6.1; WOW64; Trident/7.0; rv:11.0) like Gecko"
80.123.225.34 - - [02/Nov/2017:10:40:39 +0100] "GET /css/clears.css HTTP/1.1" 200 851 "http://renault.2web.at/" "Mozilla/5.0 (Windows NT 6.1; WOW64; Trident/7.0; rv:11.0) like Gecko"
80.123.225.34 - - [02/Nov/2017:10:40:39 +0100] "GET /js/default.js HTTP/1.1" 200 14698 "http://renault.2web.at/" "Mozilla/5.0 (Windows NT 6.1; WOW64; Trident/7.0; rv:11.0) like Gecko"
80.123.225.34 - - [02/Nov/2017:10:40:39 +0100] "GET /css/styles.css HTTP/1.1" 200 14664 "http://renault.2web.at/" "Mozilla/5.0 (Windows NT 6.1; WOW64; Trident/7.0; rv:11.0) like Gecko"
80.123.225.34 - - [02/Nov/2017:10:40:39 +0100] "GET /js/checkout.css HTTP/1.1" 200 359 "http://renault.2web.at/" "Mozilla/5.0 (Windows NT 6.1; WOW64; Trident/7.0; rv:11.0) like Gecko"
80.123.225.34 - - [02/Nov/2017:10:40:39 +0100] "GET /css/print.css HTTP/1.1" 200 543 "http://renault.2web.at/" "Mozilla/5.0 (Windows NT 6.1; WOW64; Trident/7.0; rv:11.0) like Gecko"
80.123.225.34 - - [02/Nov/2017:10:40:39 +0100] "GET /css/prototip.css HTTP/1.1" 200 968 "http://renault.2web.at/" "Mozilla/5.0 (Windows NT 6.1; WOW64; Trident/7.0; rv:11.0) like Gecko"
80.123.225.34 - - [02/Nov/2017:10:40:39 +0100] "GET /css/themes/default.css HTTP/1.1" 200 769 "http://renault.2web.at/" "Mozilla/5.0 (Windows NT 6.1; WOW64; Trident/7.0; rv:11.0) like Gecko"
80.123.225.34 - - [02/Nov/2017:10:40:39 +0100] "GET /css/themes/alphacube.css HTTP/1.1" 200 743 "http://renault.2web.at/" "Mozilla/5.0 (Windows NT 6.1; WOW64; Trident/7.0; rv:11.0) like Gecko"
80.123.225.34 - - [02/Nov/2017:10:40:39 +0100] "GET /js/index.php?c=auto&f=,prototype/prototype.js,prototype/validation.js,scriptaculous/builder.js,scriptaculous/effects.js,scriptaculous/dragdrop.js,scriptaculous/controls.js,scriptaculous/slider.js,varien/js.js,varien/form.js,varien/menu.js,mage/translate.js,mage/cookies.js,varien/product.js,spinner/SpinnerControl.jsmin.js,prototype/window.js,prototype/window_ext.js HTTP/1.1" 200 94182 "http://renault.2web.at/" "Mozilla/5.0 (Windows NT 6.1; WOW64; Trident/7.0; rv:11.0) like Gecko"
80.123.225.34 - - [02/Nov/2017:10:40:39 +0100] "GET /images/main_block_corner_left_bot.gif HTTP/1.1" 200 159 "http://renault.2web.at/" "Mozilla/5.0 (Windows NT 6.1; WOW64; Trident/7.0; rv:11.0) like Gecko"
80.123.225.34 - - [02/Nov/2017:10:40:39 +0100] "GET /images/main_block_border.gif HTTP/1.1" 200 43 "http://renault.2web.at/" "Mozilla/5.0 (Windows NT 6.1; WOW64; Trident/7.0; rv:11.0) like Gecko"
80.123.225.34 - - [02/Nov/2017:10:40:39 +0100] "GET /images/main_block_corner_right_bot.gif HTTP/1.1" 200 158 "http://renault.2web.at/" "Mozilla/5.0 (Windows NT 6.1; WOW64; Trident/7.0; rv:11.0) like Gecko"
80.123.225.34 - - [02/Nov/2017:10:40:39 +0100] "GET /images/header_block_border.gif HTTP/1.1" 200 43 "http://renault.2web.at/" "Mozilla/5.0 (Windows NT 6.1; WOW64; Trident/7.0; rv:11.0) like Gecko"
80.123.225.34 - - [02/Nov/2017:10:40:39 +0100] "GET /images/header_block_corner_left_top.gif HTTP/1.1" 200 160 "http://renault.2web.at/" "Mozilla/5.0 (Windows NT 6.1; WOW64; Trident/7.0; rv:11.0) like Gecko"
80.123.225.34 - - [02/Nov/2017:10:40:39 +0100] "GET /images/header_block_corner_right_top.gif HTTP/1.1" 200 160 "http://renault.2web.at/" "Mozilla/5.0 (Windows NT 6.1; WOW64; Trident/7.0; rv:11.0) like Gecko"
80.123.225.34 - - [02/Nov/2017:10:40:39 +0100] "GET /images/main_block_corner_left_top.gif HTTP/1.1" 200 159 "http://renault.2web.at/" "Mozilla/5.0 (Windows NT 6.1; WOW64; Trident/7.0; rv:11.0) like Gecko"
80.123.225.34 - - [02/Nov/2017:10:40:39 +0100] "GET /images/main_block_corner_right_top.gif HTTP/1.1" 200 159 "http://renault.2web.at/" "Mozilla/5.0 (Windows NT 6.1; WOW64; Trident/7.0; rv:11.0) like Gecko"
80.123.225.34 - - [02/Nov/2017:10:40:39 +0100] "GET /images/title_border_top.jpg HTTP/1.1" 200 336 "http://renault.2web.at/" "Mozilla/5.0 (Windows NT 6.1; WOW64; Trident/7.0; rv:11.0) like Gecko"
80.123.225.34 - - [02/Nov/2017:10:40:39 +0100] "GET /images/title_border.jpg HTTP/1.1" 200 304 "http://renault.2web.at/" "Mozilla/5.0 (Windows NT 6.1; WOW64; Trident/7.0; rv:11.0) like Gecko"
80.123.225.34 - - [02/Nov/2017:10:40:39 +0100] "GET /images/title_corner_left_top.jpg HTTP/1.1" 200 372 "http://renault.2web.at/" "Mozilla/5.0 (Windows NT 6.1; WOW64; Trident/7.0; rv:11.0) like Gecko"
80.123.225.34 - - [02/Nov/2017:10:40:39 +0100] "GET /images/title_corner_right_top.jpg HTTP/1.1" 200 389 "http://renault.2web.at/" "Mozilla/5.0 (Windows NT 6.1; WOW64; Trident/7.0; rv:11.0) like Gecko"
80.123.225.34 - - [02/Nov/2017:10:40:39 +0100] "GET /images/favicon.ico HTTP/1.1" 404 300 "-" "Mozilla/5.0 (Windows NT 6.1; Win64; x64; Trident/7.0; rv:11.0) like Gecko"
80.123.225.34 - - [02/Nov/2017:10:40:39 +0100] "GET /loadthumbnail.php?id=11127982 HTTP/1.1" 200 399614 "http://renault.2web.at/" "Mozilla/5.0 (Windows NT 6.1; WOW64; Trident/7.0; rv:11.0) like Gecko"
193.194.132.77 - - [02/Nov/2017:10:40:47 +0100] "GET /reload?ser=1509615647400 HTTP/1.1" 200 28 "http://renault.2web.at/account" "Mozilla/5.0 (Windows NT 6.1; WOW64; Trident/7.0; rv:11.0) like Gecko"
80.123.225.34 - - [02/Nov/2017:10:41:03 +0100] "GET /login HTTP/1.1" 200 2086 "http://renault.2web.at/" "Mozilla/5.0 (Windows NT 6.1; WOW64; Trident/7.0; rv:11.0) like Gecko"
80.123.225.34 - - [02/Nov/2017:10:41:04 +0100] "GET /images/button_left_bg.gif HTTP/1.1" 200 564 "http://renault.2web.at/login" "Mozilla/5.0 (Windows NT 6.1; WOW64; Trident/7.0; rv:11.0) like Gecko"
80.123.225.34 - - [02/Nov/2017:10:41:04 +0100] "GET /images/button_right_bg.gif HTTP/1.1" 200 561 "http://renault.2web.at/login" "Mozilla/5.0 (Windows NT 6.1; WOW64; Trident/7.0; rv:11.0) like Gecko"
80.123.225.34 - - [02/Nov/2017:10:41:04 +0100] "GET /images/button_bg.gif HTTP/1.1" 200 151 "http://renault.2web.at/login" "Mozilla/5.0 (Windows NT 6.1; WOW64; Trident/7.0; rv:11.0) like Gecko"
80.123.225.34 - - [02/Nov/2017:10:41:04 +0100] "GET /images/favicon.ico HTTP/1.1" 404 300 "-" "Mozilla/5.0 (Windows NT 6.1; Win64; x64; Trident/7.0; rv:11.0) like Gecko"
80.123.225.34 - - [02/Nov/2017:10:41:04 +0100] "GET /favicon.ico HTTP/1.1" 200 3250 "-" "Mozilla/5.0 (Windows NT 6.1; Win64; x64; Trident/7.0; rv:11.0) like Gecko"
80.123.225.34 - - [02/Nov/2017:10:41:24 +0100] "POST /login HTTP/1.1" 302 137 "http://renault.2web.at/login" "Mozilla/5.0 (Windows NT 6.1; WOW64; Trident/7.0; rv:11.0) like Gecko"
80.123.225.34 - - [02/Nov/2017:10:41:26 +0100] "GET /account HTTP/1.1" 200 6962 "http://renault.2web.at/login" "Mozilla/5.0 (Windows NT 6.1; WOW64; Trident/7.0; rv:11.0) like Gecko"
80.123.225.34 - - [02/Nov/2017:10:41:29 +0100] "GET /js/account.js HTTP/1.1" 200 953 "http://renault.2web.at/account" "Mozilla/5.0 (Windows NT 6.1; WOW64; Trident/7.0; rv:11.0) like Gecko"
80.123.225.34 - - [02/Nov/2017:10:41:29 +0100] "GET /loadthumbnail.php?id=10702518&width=50&height=50 HTTP/1.1" 200 1522 "http://renault.2web.at/account" "Mozilla/5.0 (Windows NT 6.1; WOW64; Trident/7.0; rv:11.0) like Gecko"
80.123.225.34 - - [02/Nov/2017:10:41:29 +0100] "GET /loadthumbnail.php?id=10847184&width=50&height=50 HTTP/1.1" 200 1261 "http://renault.2web.at/account" "Mozilla/5.0 (Windows NT 6.1; WOW64; Trident/7.0; rv:11.0) like Gecko"
80.123.225.34 - - [02/Nov/2017:10:41:30 +0100] "GET /images/search_bg.gif HTTP/1.1" 200 1726 "http://renault.2web.at/account" "Mozilla/5.0 (Windows NT 6.1; WOW64; Trident/7.0; rv:11.0) like Gecko"
80.123.225.34 - - [02/Nov/2017:10:41:29 +0100] "GET /loadthumbnail.php?id=10348350&width=50&height=50 HTTP/1.1" 200 1351 "http://renault.2web.at/account" "Mozilla/5.0 (Windows NT 6.1; WOW64; Trident/7.0; rv:11.0) like Gecko"
80.123.225.34 - - [02/Nov/2017:10:41:29 +0100] "GET /loadthumbnail.php?id=10745318&width=50&height=50 HTTP/1.1" 200 1324 "http://renault.2web.at/account" "Mozilla/5.0 (Windows NT 6.1; WOW64; Trident/7.0; rv:11.0) like Gecko"
80.123.225.34 - - [02/Nov/2017:10:41:30 +0100] "GET /images/top_links_divider.gif HTTP/1.1" 200 44 "http://renault.2web.at/account" "Mozilla/5.0 (Windows NT 6.1; WOW64; Trident/7.0; rv:11.0) like Gecko"
80.123.225.34 - - [02/Nov/2017:10:41:30 +0100] "GET /images/menu_button_bg.jpg HTTP/1.1" 200 322 "http://renault.2web.at/account" "Mozilla/5.0 (Windows NT 6.1; WOW64; Trident/7.0; rv:11.0) like Gecko"
80.123.225.34 - - [02/Nov/2017:10:41:29 +0100] "GET /loadthumbnail.php?id=10348351&width=50&height=50 HTTP/1.1" 200 1353 "http://renault.2web.at/account" "Mozilla/5.0 (Windows NT 6.1; WOW64; Trident/7.0; rv:11.0) like Gecko"
80.123.225.34 - - [02/Nov/2017:10:41:30 +0100] "GET /images/nav_divider.gif HTTP/1.1" 200 43 "http://renault.2web.at/account" "Mozilla/5.0 (Windows NT 6.1; WOW64; Trident/7.0; rv:11.0) like Gecko"
80.123.225.34 - - [02/Nov/2017:10:41:30 +0100] "GET /images/menu_divider.gif HTTP/1.1" 200 176 "http://renault.2web.at/account" "Mozilla/5.0 (Windows NT 6.1; WOW64; Trident/7.0; rv:11.0) like Gecko"
80.123.225.34 - - [02/Nov/2017:10:41:29 +0100] "GET /loadthumbnail.php?id=10348352&width=50&height=50 HTTP/1.1" 200 1307 "http://renault.2web.at/account" "Mozilla/5.0 (Windows NT 6.1; WOW64; Trident/7.0; rv:11.0) like Gecko"
80.123.225.34 - - [02/Nov/2017:10:41:30 +0100] "GET /images/sidebar_title_border.gif HTTP/1.1" 200 43 "http://renault.2web.at/account" "Mozilla/5.0 (Windows NT 6.1; WOW64; Trident/7.0; rv:11.0) like Gecko"
80.123.225.34 - - [02/Nov/2017:10:41:30 +0100] "GET /images/sidebar_title_border_top.gif HTTP/1.1" 200 155 "http://renault.2web.at/account" "Mozilla/5.0 (Windows NT 6.1; WOW64; Trident/7.0; rv:11.0) like Gecko"
80.123.225.34 - - [02/Nov/2017:10:41:30 +0100] "GET /images/sidebar_title_corner_left_top.gif HTTP/1.1" 200 1124 "http://renault.2web.at/account" "Mozilla/5.0 (Windows NT 6.1; WOW64; Trident/7.0; rv:11.0) like Gecko"
80.123.225.34 - - [02/Nov/2017:10:41:30 +0100] "GET /images/sidebar_title_corner_right_top.gif HTTP/1.1" 200 383 "http://renault.2web.at/account" "Mozilla/5.0 (Windows NT 6.1; WOW64; Trident/7.0; rv:11.0) like Gecko"
80.123.225.34 - - [02/Nov/2017:10:41:30 +0100] "GET /images/footer_divider.gif HTTP/1.1" 200 44 "http://renault.2web.at/account" "Mozilla/5.0 (Windows NT 6.1; WOW64; Trident/7.0; rv:11.0) like Gecko"
80.123.225.34 - - [02/Nov/2017:10:41:30 +0100] "GET /loadthumbnail.php?id=11243232&width=50&height=50 HTTP/1.1" 200 4190 "http://renault.2web.at/account" "Mozilla/5.0 (Windows NT 6.1; WOW64; Trident/7.0; rv:11.0) like Gecko"
80.123.225.34 - - [02/Nov/2017:10:41:30 +0100] "GET /loadthumbnail.php?id=11271327&width=50&height=50 HTTP/1.1" 200 1227 "http://renault.2web.at/account" "Mozilla/5.0 (Windows NT 6.1; WOW64; Trident/7.0; rv:11.0) like Gecko"
80.123.225.34 - - [02/Nov/2017:10:41:30 +0100] "GET /loadthumbnail.php?id=11308855&width=50&height=50 HTTP/1.1" 200 1713 "http://renault.2web.at/account" "Mozilla/5.0 (Windows NT 6.1; WOW64; Trident/7.0; rv:11.0) like Gecko"
80.123.225.34 - - [02/Nov/2017:10:41:30 +0100] "GET /loadthumbnail.php?id=11043333&width=50&height=50 HTTP/1.1" 200 1206 "http://renault.2web.at/account" "Mozilla/5.0 (Windows NT 6.1; WOW64; Trident/7.0; rv:11.0) like Gecko"
80.123.225.34 - - [02/Nov/2017:10:41:30 +0100] "GET /loadthumbnail.php?id=11085932&width=50&height=50 HTTP/1.1" 200 1143 "http://renault.2web.at/account" "Mozilla/5.0 (Windows NT 6.1; WOW64; Trident/7.0; rv:11.0) like Gecko"
80.123.225.34 - - [02/Nov/2017:10:41:30 +0100] "GET /loadthumbnail.php?id=11246902&width=50&height=50 HTTP/1.1" 200 4830 "http://renault.2web.at/account" "Mozilla/5.0 (Windows NT 6.1; WOW64; Trident/7.0; rv:11.0) like Gecko"
80.123.225.34 - - [02/Nov/2017:10:41:30 +0100] "GET /loadthumbnail.php?id=10673473&width=50&height=50 HTTP/1.1" 200 1400 "http://renault.2web.at/account" "Mozilla/5.0 (Windows NT 6.1; WOW64; Trident/7.0; rv:11.0) like Gecko"
80.123.225.34 - - [02/Nov/2017:10:41:30 +0100] "GET /loadthumbnail.php?id=11176272&width=50&height=50 HTTP/1.1" 200 1232 "http://renault.2web.at/account" "Mozilla/5.0 (Windows NT 6.1; WOW64; Trident/7.0; rv:11.0) like Gecko"
80.123.225.34 - - [02/Nov/2017:10:41:30 +0100] "GET /loadthumbnail.php?id=11243990&width=50&height=50 HTTP/1.1" 200 4965 "http://renault.2web.at/account" "Mozilla/5.0 (Windows NT 6.1; WOW64; Trident/7.0; rv:11.0) like Gecko"
80.123.225.34 - - [02/Nov/2017:10:41:30 +0100] "GET /loadthumbnail.php?id=10938032&width=50&height=50 HTTP/1.1" 200 1361 "http://renault.2web.at/account" "Mozilla/5.0 (Windows NT 6.1; WOW64; Trident/7.0; rv:11.0) like Gecko"
80.123.225.34 - - [02/Nov/2017:10:41:30 +0100] "GET /loadthumbnail.php?id=10513685&width=50&height=50 HTTP/1.1" 200 1338 "http://renault.2web.at/account" "Mozilla/5.0 (Windows NT 6.1; WOW64; Trident/7.0; rv:11.0) like Gecko"
80.123.225.34 - - [02/Nov/2017:10:41:30 +0100] "GET /loadthumbnail.php?id=10938028&width=50&height=50 HTTP/1.1" 200 1153 "http://renault.2web.at/account" "Mozilla/5.0 (Windows NT 6.1; WOW64; Trident/7.0; rv:11.0) like Gecko"
80.123.225.34 - - [02/Nov/2017:10:41:30 +0100] "GET /favicon.ico HTTP/1.1" 200 3250 "-" "Mozilla/5.0 (Windows NT 6.1; Win64; x64; Trident/7.0; rv:11.0) like Gecko"
193.194.132.77 - - [02/Nov/2017:10:41:48 +0100] "GET /reload?ser=1509615708516 HTTP/1.1" 200 28 "http://renault.2web.at/account" "Mozilla/5.0 (Windows NT 6.1; WOW64; Trident/7.0; rv:11.0) like Gecko"
80.123.225.34 - - [02/Nov/2017:10:42:30 +0100] "GET /reload?ser=1509615753185 HTTP/1.1" 200 28 "http://renault.2web.at/account" "Mozilla/5.0 (Windows NT 6.1; WOW64; Trident/7.0; rv:11.0) like Gecko"
193.194.132.77 - - [02/Nov/2017:10:42:49 +0100] "GET /reload?ser=1509615769680 HTTP/1.1" 200 28 "http://renault.2web.at/account" "Mozilla/5.0 (Windows NT 6.1; WOW64; Trident/7.0; rv:11.0) like Gecko"
80.123.225.34 - - [02/Nov/2017:10:43:31 +0100] "GET /reload?ser=1509615814160 HTTP/1.1" 200 28 "http://renault.2web.at/account" "Mozilla/5.0 (Windows NT 6.1; WOW64; Trident/7.0; rv:11.0) like Gecko"
193.194.132.77 - - [02/Nov/2017:10:43:51 +0100] "GET /reload?ser=1509615830888 HTTP/1.1" 200 28 "http://renault.2web.at/account" "Mozilla/5.0 (Windows NT 6.1; WOW64; Trident/7.0; rv:11.0) like Gecko"
80.123.225.34 - - [02/Nov/2017:10:44:32 +0100] "GET /reload?ser=1509615875170 HTTP/1.1" 200 28 "http://renault.2web.at/account" "Mozilla/5.0 (Windows NT 6.1; WOW64; Trident/7.0; rv:11.0) like Gecko"
193.194.132.77 - - [02/Nov/2017:10:44:52 +0100] "GET /reload?ser=1509615891979 HTTP/1.1" 200 28 "http://renault.2web.at/account" "Mozilla/5.0 (Windows NT 6.1; WOW64; Trident/7.0; rv:11.0) like Gecko"
80.123.225.34 - - [02/Nov/2017:10:45:33 +0100] "GET /reload?ser=1509615936154 HTTP/1.1" 200 28 "http://renault.2web.at/account" "Mozilla/5.0 (Windows NT 6.1; WOW64; Trident/7.0; rv:11.0) like Gecko"
193.194.132.77 - - [02/Nov/2017:10:45:53 +0100] "GET /reload?ser=1509615953162 HTTP/1.1" 200 28 "http://renault.2web.at/account" "Mozilla/5.0 (Windows NT 6.1; WOW64; Trident/7.0; rv:11.0) like Gecko"
80.123.225.34 - - [02/Nov/2017:10:46:34 +0100] "GET /reload?ser=1509615997108 HTTP/1.1" 200 28 "http://renault.2web.at/account" "Mozilla/5.0 (Windows NT 6.1; WOW64; Trident/7.0; rv:11.0) like Gecko"
80.123.225.34 - - [02/Nov/2017:10:46:42 +0100] "POST /axjaxrequest?mode=suggest HTTP/1.1" 200 21 "http://renault.2web.at/account" "Mozilla/5.0 (Windows NT 6.1; WOW64; Trident/7.0; rv:11.0) like Gecko"
80.123.225.34 - - [02/Nov/2017:10:46:43 +0100] "POST /axjaxrequest?mode=suggest HTTP/1.1" 200 21 "http://renault.2web.at/account" "Mozilla/5.0 (Windows NT 6.1; WOW64; Trident/7.0; rv:11.0) like Gecko"
80.123.225.34 - - [02/Nov/2017:10:46:44 +0100] "POST /axjaxrequest?mode=suggest HTTP/1.1" 200 21 "http://renault.2web.at/account" "Mozilla/5.0 (Windows NT 6.1; WOW64; Trident/7.0; rv:11.0) like Gecko"
80.123.225.34 - - [02/Nov/2017:10:46:49 +0100] "GET /result?searchterm=true&search=nummertafel+ HTTP/1.1" 200 5598 "http://renault.2web.at/account" "Mozilla/5.0 (Windows NT 6.1; WOW64; Trident/7.0; rv:11.0) like Gecko"
80.123.225.34 - - [02/Nov/2017:10:46:51 +0100] "GET /js/prototip.js HTTP/1.1" 200 4588 "http://renault.2web.at/result?searchterm=true&search=nummertafel+" "Mozilla/5.0 (Windows NT 6.1; WOW64; Trident/7.0; rv:11.0) like Gecko"
80.123.225.34 - - [02/Nov/2017:10:46:51 +0100] "GET /images/loading.gif HTTP/1.1" 200 3208 "http://renault.2web.at/result?searchterm=true&search=nummertafel+" "Mozilla/5.0 (Windows NT 6.1; WOW64; Trident/7.0; rv:11.0) like Gecko"
80.123.225.34 - - [02/Nov/2017:10:46:51 +0100] "GET /js/ProduktGrp.js HTTP/1.1" 200 1569 "http://renault.2web.at/result?searchterm=true&search=nummertafel+" "Mozilla/5.0 (Windows NT 6.1; WOW64; Trident/7.0; rv:11.0) like Gecko"
80.123.225.34 - - [02/Nov/2017:10:46:51 +0100] "GET /images/note_msg_icon.gif HTTP/1.1" 200 1022 "http://renault.2web.at/result?searchterm=true&search=nummertafel+" "Mozilla/5.0 (Windows NT 6.1; WOW64; Trident/7.0; rv:11.0) like Gecko"
193.194.132.77 - - [02/Nov/2017:10:46:54 +0100] "GET /reload?ser=1509616014288 HTTP/1.1" 200 28 "http://renault.2web.at/account" "Mozilla/5.0 (Windows NT 6.1; WOW64; Trident/7.0; rv:11.0) like Gecko"
80.123.225.34 - - [02/Nov/2017:10:47:51 +0100] "GET /reload?ser=1509616074032 HTTP/1.1" 200 28 "http://renault.2web.at/result?searchterm=true&search=nummertafel+" "Mozilla/5.0 (Windows NT 6.1; WOW64; Trident/7.0; rv:11.0) like Gecko"
193.194.132.77 - - [02/Nov/2017:10:47:55 +0100] "GET /reload?ser=1509616075392 HTTP/1.1" 200 28 "http://renault.2web.at/account" "Mozilla/5.0 (Windows NT 6.1; WOW64; Trident/7.0; rv:11.0) like Gecko"
80.123.225.34 - - [02/Nov/2017:10:48:04 +0100] "POST /axjaxrequest?mode=suggest HTTP/1.1" 200 21 "http://renault.2web.at/result?searchterm=true&search=nummertafel+" "Mozilla/5.0 (Windows NT 6.1; WOW64; Trident/7.0; rv:11.0) like Gecko"
80.123.225.34 - - [02/Nov/2017:10:48:04 +0100] "POST /axjaxrequest?mode=suggest HTTP/1.1" 200 21 "http://renault.2web.at/result?searchterm=true&search=nummertafel+" "Mozilla/5.0 (Windows NT 6.1; WOW64; Trident/7.0; rv:11.0) like Gecko"
80.123.225.34 - - [02/Nov/2017:10:48:05 +0100] "POST /axjaxrequest?mode=suggest HTTP/1.1" 200 21 "http://renault.2web.at/result?searchterm=true&search=nummertafel+" "Mozilla/5.0 (Windows NT 6.1; WOW64; Trident/7.0; rv:11.0) like Gecko"
80.123.225.34 - - [02/Nov/2017:10:48:06 +0100] "GET /result?searchterm=true&search=nummertafelblenden HTTP/1.1" 200 5600 "http://renault.2web.at/result?searchterm=true&search=nummertafel+" "Mozilla/5.0 (Windows NT 6.1; WOW64; Trident/7.0; rv:11.0) like Gecko"
80.123.225.34 - - [02/Nov/2017:10:48:06 +0100] "POST /axjaxrequest?mode=suggest HTTP/1.1" 200 21 "http://renault.2web.at/result?searchterm=true&search=nummertafel+" "Mozilla/5.0 (Windows NT 6.1; WOW64; Trident/7.0; rv:11.0) like Gecko"
80.123.225.34 - - [02/Nov/2017:10:48:19 +0100] "GET /orders HTTP/1.1" 200 6306 "http://renault.2web.at/result?searchterm=true&search=nummertafelblenden" "Mozilla/5.0 (Windows NT 6.1; WOW64; Trident/7.0; rv:11.0) like Gecko"
80.123.225.34 - - [02/Nov/2017:10:48:21 +0100] "GET /images/pager_bg.gif HTTP/1.1" 200 150 "http://renault.2web.at/orders" "Mozilla/5.0 (Windows NT 6.1; WOW64; Trident/7.0; rv:11.0) like Gecko"
80.123.225.34 - - [02/Nov/2017:10:48:32 +0100] "GET /10504137 HTTP/1.1" 200 6761 "http://renault.2web.at/orders" "Mozilla/5.0 (Windows NT 6.1; WOW64; Trident/7.0; rv:11.0) like Gecko"
80.123.225.34 - - [02/Nov/2017:10:48:48 +0100] "POST /axjaxrequest?mode=suggest HTTP/1.1" 200 174 "http://renault.2web.at/10504137" "Mozilla/5.0 (Windows NT 6.1; WOW64; Trident/7.0; rv:11.0) like Gecko"
80.123.225.34 - - [02/Nov/2017:10:48:50 +0100] "POST /axjaxrequest?mode=suggest HTTP/1.1" 200 174 "http://renault.2web.at/10504137" "Mozilla/5.0 (Windows NT 6.1; WOW64; Trident/7.0; rv:11.0) like Gecko"
80.123.225.34 - - [02/Nov/2017:10:48:50 +0100] "POST /axjaxrequest?mode=suggest HTTP/1.1" 200 174 "http://renault.2web.at/10504137" "Mozilla/5.0 (Windows NT 6.1; WOW64; Trident/7.0; rv:11.0) like Gecko"
80.123.225.34 - - [02/Nov/2017:10:48:52 +0100] "POST /axjaxrequest?mode=suggest HTTP/1.1" 200 135 "http://renault.2web.at/10504137" "Mozilla/5.0 (Windows NT 6.1; WOW64; Trident/7.0; rv:11.0) like Gecko"
80.123.225.34 - - [02/Nov/2017:10:48:52 +0100] "POST /axjaxrequest?mode=suggest HTTP/1.1" 200 135 "http://renault.2web.at/10504137" "Mozilla/5.0 (Windows NT 6.1; WOW64; Trident/7.0; rv:11.0) like Gecko"
80.123.225.34 - - [02/Nov/2017:10:48:53 +0100] "POST /axjaxrequest?mode=suggest HTTP/1.1" 200 135 "http://renault.2web.at/10504137" "Mozilla/5.0 (Windows NT 6.1; WOW64; Trident/7.0; rv:11.0) like Gecko"
80.123.225.34 - - [02/Nov/2017:10:48:53 +0100] "POST /axjaxrequest?mode=suggest HTTP/1.1" 200 135 "http://renault.2web.at/10504137" "Mozilla/5.0 (Windows NT 6.1; WOW64; Trident/7.0; rv:11.0) like Gecko"
193.194.132.77 - - [02/Nov/2017:10:48:56 +0100] "GET /reload?ser=1509616136525 HTTP/1.1" 200 28 "http://renault.2web.at/account" "Mozilla/5.0 (Windows NT 6.1; WOW64; Trident/7.0; rv:11.0) like Gecko"
80.123.225.34 - - [02/Nov/2017:10:48:55 +0100] "GET /result?searchterm=true&search=kennzeichenblende HTTP/1.1" 200 9411 "http://renault.2web.at/10504137" "Mozilla/5.0 (Windows NT 6.1; WOW64; Trident/7.0; rv:11.0) like Gecko"
80.123.225.34 - - [02/Nov/2017:10:49:00 +0100] "GET /result?searchterm=true&search=Kennzeichenblende HTTP/1.1" 200 9410 "http://renault.2web.at/10504137" "Mozilla/5.0 (Windows NT 6.1; WOW64; Trident/7.0; rv:11.0) like Gecko"
80.123.225.34 - - [02/Nov/2017:10:49:03 +0100] "GET /loadthumbnail.php?id=10203276 HTTP/1.1" 200 75 "http://renault.2web.at/result?searchterm=true&search=Kennzeichenblende" "Mozilla/5.0 (Windows NT 6.1; WOW64; Trident/7.0; rv:11.0) like Gecko"
80.123.225.34 - - [02/Nov/2017:10:49:03 +0100] "GET /loadthumbnail.php?id=10203255 HTTP/1.1" 200 137 "http://renault.2web.at/result?searchterm=true&search=Kennzeichenblende" "Mozilla/5.0 (Windows NT 6.1; WOW64; Trident/7.0; rv:11.0) like Gecko"
80.123.225.34 - - [02/Nov/2017:10:49:03 +0100] "GET /loadthumbnail.php?id=10261230&width=113 HTTP/1.1" 200 1170 "http://renault.2web.at/result?searchterm=true&search=Kennzeichenblende" "Mozilla/5.0 (Windows NT 6.1; WOW64; Trident/7.0; rv:11.0) like Gecko"
80.123.225.34 - - [02/Nov/2017:10:49:03 +0100] "GET /images/vista-up.gif HTTP/1.1" 200 131 "http://renault.2web.at/result?searchterm=true&search=Kennzeichenblende" "Mozilla/5.0 (Windows NT 6.1; WOW64; Trident/7.0; rv:11.0) like Gecko"
80.123.225.34 - - [02/Nov/2017:10:49:03 +0100] "GET /images/vista-dn.gif HTTP/1.1" 200 128 "http://renault.2web.at/result?searchterm=true&search=Kennzeichenblende" "Mozilla/5.0 (Windows NT 6.1; WOW64; Trident/7.0; rv:11.0) like Gecko"
80.123.225.34 - - [02/Nov/2017:10:49:03 +0100] "GET /loadthumbnail.php?id=10260910&width=113 HTTP/1.1" 200 3135 "http://renault.2web.at/result?searchterm=true&search=Kennzeichenblende" "Mozilla/5.0 (Windows NT 6.1; WOW64; Trident/7.0; rv:11.0) like Gecko"
80.123.225.34 - - [02/Nov/2017:10:49:03 +0100] "GET /images/validation_advice_bg.gif HTTP/1.1" 200 134 "http://renault.2web.at/result?searchterm=true&search=Kennzeichenblende" "Mozilla/5.0 (Windows NT 6.1; WOW64; Trident/7.0; rv:11.0) like Gecko"
80.123.225.34 - - [02/Nov/2017:10:49:03 +0100] "GET /loadthumbnail.php?id=11036127&width=113 HTTP/1.1" 200 1099 "http://renault.2web.at/result?searchterm=true&search=Kennzeichenblende" "Mozilla/5.0 (Windows NT 6.1; WOW64; Trident/7.0; rv:11.0) like Gecko"
80.123.225.34 - - [02/Nov/2017:10:49:03 +0100] "GET /loadthumbnail.php?id=10260857&width=113 HTTP/1.1" 200 1170 "http://renault.2web.at/result?searchterm=true&search=Kennzeichenblende" "Mozilla/5.0 (Windows NT 6.1; WOW64; Trident/7.0; rv:11.0) like Gecko"
80.123.225.34 - - [02/Nov/2017:10:49:03 +0100] "GET /loadthumbnail.php?id=10260877&width=113 HTTP/1.1" 200 1170 "http://renault.2web.at/result?searchterm=true&search=Kennzeichenblende" "Mozilla/5.0 (Windows NT 6.1; WOW64; Trident/7.0; rv:11.0) like Gecko"
80.123.225.34 - - [02/Nov/2017:10:49:03 +0100] "GET /loadthumbnail.php?id=11036339&width=113 HTTP/1.1" 200 1330 "http://renault.2web.at/result?searchterm=true&search=Kennzeichenblende" "Mozilla/5.0 (Windows NT 6.1; WOW64; Trident/7.0; rv:11.0) like Gecko"
80.123.225.34 - - [02/Nov/2017:10:49:03 +0100] "GET /loadthumbnail.php?id=11255648&width=113 HTTP/1.1" 200 1285 "http://renault.2web.at/result?searchterm=true&search=Kennzeichenblende" "Mozilla/5.0 (Windows NT 6.1; WOW64; Trident/7.0; rv:11.0) like Gecko"
80.123.225.34 - - [02/Nov/2017:10:49:03 +0100] "GET /loadthumbnail.php?id=10260863&width=113 HTTP/1.1" 200 1170 "http://renault.2web.at/result?searchterm=true&search=Kennzeichenblende" "Mozilla/5.0 (Windows NT 6.1; WOW64; Trident/7.0; rv:11.0) like Gecko"
80.123.225.34 - - [02/Nov/2017:10:49:03 +0100] "GET /loadthumbnail.php?id=10260861&width=113 HTTP/1.1" 200 1170 "http://renault.2web.at/result?searchterm=true&search=Kennzeichenblende" "Mozilla/5.0 (Windows NT 6.1; WOW64; Trident/7.0; rv:11.0) like Gecko"
80.123.225.34 - - [02/Nov/2017:10:49:03 +0100] "GET /loadthumbnail.php?id=11036124&width=113 HTTP/1.1" 200 1328 "http://renault.2web.at/result?searchterm=true&search=Kennzeichenblende" "Mozilla/5.0 (Windows NT 6.1; WOW64; Trident/7.0; rv:11.0) like Gecko"
80.123.225.34 - - [02/Nov/2017:10:49:04 +0100] "GET /loadthumbnail.php?id=10260875&width=113 HTTP/1.1" 200 1170 "http://renault.2web.at/result?searchterm=true&search=Kennzeichenblende" "Mozilla/5.0 (Windows NT 6.1; WOW64; Trident/7.0; rv:11.0) like Gecko"
80.123.225.34 - - [02/Nov/2017:10:49:04 +0100] "GET /loadthumbnail.php?id=10431937&width=113 HTTP/1.1" 200 1170 "http://renault.2web.at/result?searchterm=true&search=Kennzeichenblende" "Mozilla/5.0 (Windows NT 6.1; WOW64; Trident/7.0; rv:11.0) like Gecko"
80.123.225.34 - - [02/Nov/2017:10:49:04 +0100] "GET /loadthumbnail.php?id=10260879&width=113 HTTP/1.1" 200 1170 "http://renault.2web.at/result?searchterm=true&search=Kennzeichenblende" "Mozilla/5.0 (Windows NT 6.1; WOW64; Trident/7.0; rv:11.0) like Gecko"
80.123.225.34 - - [02/Nov/2017:10:49:04 +0100] "GET /loadthumbnail.php?id=11036126&width=113 HTTP/1.1" 200 1377 "http://renault.2web.at/result?searchterm=true&search=Kennzeichenblende" "Mozilla/5.0 (Windows NT 6.1; WOW64; Trident/7.0; rv:11.0) like Gecko"
80.123.225.34 - - [02/Nov/2017:10:49:04 +0100] "GET /loadthumbnail.php?id=10915652&width=113 HTTP/1.1" 200 1387 "http://renault.2web.at/result?searchterm=true&search=Kennzeichenblende" "Mozilla/5.0 (Windows NT 6.1; WOW64; Trident/7.0; rv:11.0) like Gecko"
80.123.225.34 - - [02/Nov/2017:10:49:19 +0100] "GET /images/vista-up-hover.gif HTTP/1.1" 200 130 "http://renault.2web.at/result?searchterm=true&search=Kennzeichenblende" "Mozilla/5.0 (Windows NT 6.1; WOW64; Trident/7.0; rv:11.0) like Gecko"
80.123.225.34 - - [02/Nov/2017:10:49:35 +0100] "POST /result?searchterm=true&search=Kennzeichenblende HTTP/1.1" 200 9600 "http://renault.2web.at/result?searchterm=true&search=Kennzeichenblende" "Mozilla/5.0 (Windows NT 6.1; WOW64; Trident/7.0; rv:11.0) like Gecko"
80.123.225.34 - - [02/Nov/2017:10:49:39 +0100] "GET /images/success_msg_icon.gif HTTP/1.1" 200 1024 "http://renault.2web.at/result?searchterm=true&search=Kennzeichenblende" "Mozilla/5.0 (Windows NT 6.1; WOW64; Trident/7.0; rv:11.0) like Gecko"
80.123.225.34 - - [02/Nov/2017:10:49:45 +0100] "GET /images/vista-dn-hover.gif HTTP/1.1" 200 127 "http://renault.2web.at/result?searchterm=true&search=Kennzeichenblende" "Mozilla/5.0 (Windows NT 6.1; WOW64; Trident/7.0; rv:11.0) like Gecko"
80.123.225.34 - - [02/Nov/2017:10:49:47 +0100] "POST /result?searchterm=true&search=Kennzeichenblende HTTP/1.1" 200 9593 "http://renault.2web.at/result?searchterm=true&search=Kennzeichenblende" "Mozilla/5.0 (Windows NT 6.1; WOW64; Trident/7.0; rv:11.0) like Gecko"
193.194.132.77 - - [02/Nov/2017:10:49:57 +0100] "GET /reload?ser=1509616197621 HTTP/1.1" 200 28 "http://renault.2web.at/account" "Mozilla/5.0 (Windows NT 6.1; WOW64; Trident/7.0; rv:11.0) like Gecko"
80.123.225.34 - - [02/Nov/2017:10:50:01 +0100] "POST /result?searchterm=true&search=Kennzeichenblende HTTP/1.1" 200 9599 "http://renault.2web.at/result?searchterm=true&search=Kennzeichenblende" "Mozilla/5.0 (Windows NT 6.1; WOW64; Trident/7.0; rv:11.0) like Gecko"
80.123.225.34 - - [02/Nov/2017:10:50:10 +0100] "POST /result?searchterm=true&search=Kennzeichenblende HTTP/1.1" 200 9595 "http://renault.2web.at/result?searchterm=true&search=Kennzeichenblende" "Mozilla/5.0 (Windows NT 6.1; WOW64; Trident/7.0; rv:11.0) like Gecko"
80.123.225.34 - - [02/Nov/2017:10:50:24 +0100] "POST /result?searchterm=true&search=Kennzeichenblende HTTP/1.1" 200 9595 "http://renault.2web.at/result?searchterm=true&search=Kennzeichenblende" "Mozilla/5.0 (Windows NT 6.1; WOW64; Trident/7.0; rv:11.0) like Gecko"
193.194.132.77 - - [02/Nov/2017:10:50:58 +0100] "GET /reload?ser=1509616258737 HTTP/1.1" 200 28 "http://renault.2web.at/account" "Mozilla/5.0 (Windows NT 6.1; WOW64; Trident/7.0; rv:11.0) like Gecko"
80.123.225.34 - - [02/Nov/2017:10:51:13 +0100] "GET /result?dir=DESC&mode=grid&order=name&limit=15&page=2&search=Kennzeichenblende HTTP/1.1" 200 8496 "http://renault.2web.at/result?searchterm=true&search=Kennzeichenblende" "Mozilla/5.0 (Windows NT 6.1; WOW64; Trident/7.0; rv:11.0) like Gecko"
80.123.225.34 - - [02/Nov/2017:10:51:16 +0100] "GET /loadthumbnail.php?id=10203650&width=113 HTTP/1.1" 200 2741 "http://renault.2web.at/result?dir=DESC&mode=grid&order=name&limit=15&page=2&search=Kennzeichenblende" "Mozilla/5.0 (Windows NT 6.1; WOW64; Trident/7.0; rv:11.0) like Gecko"
80.123.225.34 - - [02/Nov/2017:10:51:16 +0100] "GET /loadthumbnail.php?id=10919466&width=113 HTTP/1.1" 200 1477 "http://renault.2web.at/result?dir=DESC&mode=grid&order=name&limit=15&page=2&search=Kennzeichenblende" "Mozilla/5.0 (Windows NT 6.1; WOW64; Trident/7.0; rv:11.0) like Gecko"
80.123.225.34 - - [02/Nov/2017:10:51:16 +0100] "GET /loadthumbnail.php?id=10203275 HTTP/1.1" 200 85 "http://renault.2web.at/result?dir=DESC&mode=grid&order=name&limit=15&page=2&search=Kennzeichenblende" "Mozilla/5.0 (Windows NT 6.1; WOW64; Trident/7.0; rv:11.0) like Gecko"
80.123.225.34 - - [02/Nov/2017:10:51:16 +0100] "GET /loadthumbnail.php?id=10260903&width=113 HTTP/1.1" 200 1170 "http://renault.2web.at/result?dir=DESC&mode=grid&order=name&limit=15&page=2&search=Kennzeichenblende" "Mozilla/5.0 (Windows NT 6.1; WOW64; Trident/7.0; rv:11.0) like Gecko"
80.123.225.34 - - [02/Nov/2017:10:51:16 +0100] "GET /loadthumbnail.php?id=10915886&width=113 HTTP/1.1" 200 1376 "http://renault.2web.at/result?dir=DESC&mode=grid&order=name&limit=15&page=2&search=Kennzeichenblende" "Mozilla/5.0 (Windows NT 6.1; WOW64; Trident/7.0; rv:11.0) like Gecko"
80.123.225.34 - - [02/Nov/2017:10:51:16 +0100] "GET /loadthumbnail.php?id=10260890&width=113 HTTP/1.1" 200 1170 "http://renault.2web.at/result?dir=DESC&mode=grid&order=name&limit=15&page=2&search=Kennzeichenblende" "Mozilla/5.0 (Windows NT 6.1; WOW64; Trident/7.0; rv:11.0) like Gecko"
80.123.225.34 - - [02/Nov/2017:10:51:16 +0100] "GET /loadthumbnail.php?id=11141133&width=113 HTTP/1.1" 200 1050 "http://renault.2web.at/result?dir=DESC&mode=grid&order=name&limit=15&page=2&search=Kennzeichenblende" "Mozilla/5.0 (Windows NT 6.1; WOW64; Trident/7.0; rv:11.0) like Gecko"
80.123.225.34 - - [02/Nov/2017:10:51:16 +0100] "GET /loadthumbnail.php?id=10995605&width=113 HTTP/1.1" 200 1252 "http://renault.2web.at/result?dir=DESC&mode=grid&order=name&limit=15&page=2&search=Kennzeichenblende" "Mozilla/5.0 (Windows NT 6.1; WOW64; Trident/7.0; rv:11.0) like Gecko"
80.123.225.34 - - [02/Nov/2017:10:51:16 +0100] "GET /loadthumbnail.php?id=11243081&width=113 HTTP/1.1" 200 1218 "http://renault.2web.at/result?dir=DESC&mode=grid&order=name&limit=15&page=2&search=Kennzeichenblende" "Mozilla/5.0 (Windows NT 6.1; WOW64; Trident/7.0; rv:11.0) like Gecko"
80.123.225.34 - - [02/Nov/2017:10:51:24 +0100] "POST /result?dir=DESC&mode=grid&order=name&limit=15&page=2&search=Kennzeichenblende HTTP/1.1" 200 8596 "http://renault.2web.at/result?dir=DESC&mode=grid&order=name&limit=15&page=2&search=Kennzeichenblende" "Mozilla/5.0 (Windows NT 6.1; WOW64; Trident/7.0; rv:11.0) like Gecko"
80.123.225.34 - - [02/Nov/2017:10:51:39 +0100] "POST /result?dir=DESC&mode=grid&order=name&limit=15&page=2&search=Kennzeichenblende HTTP/1.1" 200 8597 "http://renault.2web.at/result?dir=DESC&mode=grid&order=name&limit=15&page=2&search=Kennzeichenblende" "Mozilla/5.0 (Windows NT 6.1; WOW64; Trident/7.0; rv:11.0) like Gecko"
80.123.225.34 - - [02/Nov/2017:10:51:51 +0100] "POST /result?dir=DESC&mode=grid&order=name&limit=15&page=2&search=Kennzeichenblende HTTP/1.1" 200 8598 "http://renault.2web.at/result?dir=DESC&mode=grid&order=name&limit=15&page=2&search=Kennzeichenblende" "Mozilla/5.0 (Windows NT 6.1; WOW64; Trident/7.0; rv:11.0) like Gecko"
193.194.132.77 - - [02/Nov/2017:10:51:59 +0100] "GET /reload?ser=1509616319816 HTTP/1.1" 200 28 "http://renault.2web.at/account" "Mozilla/5.0 (Windows NT 6.1; WOW64; Trident/7.0; rv:11.0) like Gecko"
80.123.225.34 - - [02/Nov/2017:10:52:01 +0100] "POST /result?dir=DESC&mode=grid&order=name&limit=15&page=2&search=Kennzeichenblende HTTP/1.1" 200 8598 "http://renault.2web.at/result?dir=DESC&mode=grid&order=name&limit=15&page=2&search=Kennzeichenblende" "Mozilla/5.0 (Windows NT 6.1; WOW64; Trident/7.0; rv:11.0) like Gecko"
80.123.225.34 - - [02/Nov/2017:10:52:44 +0100] "POST /result?dir=DESC&mode=grid&order=name&limit=15&page=2&search=Kennzeichenblende HTTP/1.1" 200 8597 "http://renault.2web.at/result?dir=DESC&mode=grid&order=name&limit=15&page=2&search=Kennzeichenblende" "Mozilla/5.0 (Windows NT 6.1; WOW64; Trident/7.0; rv:11.0) like Gecko"
