80.123.225.34 - - [02/Nov/2017:09:14:22 +0100] "GET /images/sidebar_title_corner_left_top.gif HTTP/1.1" 200 1124 "http://renault.activities.at/account" "Mozilla/5.0 (Windows NT 6.1; WOW64; Trident/7.0; rv:11.0) like Gecko"
80.123.225.34 - - [02/Nov/2017:09:14:22 +0100] "GET /loadthumbnail.php?id=11523715&width=50&height=50 HTTP/1.1" 200 1135 "http://renault.activities.at/account" "Mozilla/5.0 (Windows NT 6.1; WOW64; Trident/7.0; rv:11.0) like Gecko"
80.123.225.34 - - [02/Nov/2017:09:14:22 +0100] "GET /images/sidebar_title_corner_right_top.gif HTTP/1.1" 200 383 "http://renault.activities.at/account" "Mozilla/5.0 (Windows NT 6.1; WOW64; Trident/7.0; rv:11.0) like Gecko"
80.123.225.34 - - [02/Nov/2017:09:14:26 +0100] "POST /axjaxrequest?mode=suggest HTTP/1.1" 200 2074 "http://renault.activities.at/account" "Mozilla/5.0 (Windows NT 6.1; WOW64; Trident/7.0; rv:11.0) like Gecko"
80.123.225.34 - - [02/Nov/2017:09:14:27 +0100] "POST /axjaxrequest?mode=suggest HTTP/1.1" 200 354 "http://renault.activities.at/account" "Mozilla/5.0 (Windows NT 6.1; WOW64; Trident/7.0; rv:11.0) like Gecko"
185.58.53.32 - - [02/Nov/2017:09:14:30 +0100] "GET /reload?ser=1509610328564 HTTP/1.1" 200 28 "http://renault.activities.at/result?searchterm=true&search=Alaskan" "Mozilla/5.0 (Windows NT 6.1; WOW64; Trident/7.0; rv:11.0) like Gecko"
80.123.225.34 - - [02/Nov/2017:09:14:30 +0100] "POST /axjaxrequest?mode=suggest HTTP/1.1" 200 136 "http://renault.activities.at/account" "Mozilla/5.0 (Windows NT 6.1; WOW64; Trident/7.0; rv:11.0) like Gecko"
80.123.225.34 - - [02/Nov/2017:09:14:30 +0100] "POST /axjaxrequest?mode=suggest HTTP/1.1" 200 21 "http://renault.activities.at/account" "Mozilla/5.0 (Windows NT 6.1; WOW64; Trident/7.0; rv:11.0) like Gecko"
80.123.225.34 - - [02/Nov/2017:09:14:30 +0100] "GET /result?searchterm=true&search=rek015 HTTP/1.1" 200 6054 "http://renault.activities.at/account" "Mozilla/5.0 (Windows NT 6.1; WOW64; Trident/7.0; rv:11.0) like Gecko"
80.123.225.34 - - [02/Nov/2017:09:14:34 +0100] "GET /images/loading.gif HTTP/1.1" 200 3208 "http://renault.activities.at/result?searchterm=true&search=rek015" "Mozilla/5.0 (Windows NT 6.1; WOW64; Trident/7.0; rv:11.0) like Gecko"
80.123.225.34 - - [02/Nov/2017:09:14:34 +0100] "GET /images/pager_bg.gif HTTP/1.1" 200 150 "http://renault.activities.at/result?searchterm=true&search=rek015" "Mozilla/5.0 (Windows NT 6.1; WOW64; Trident/7.0; rv:11.0) like Gecko"
80.123.225.34 - - [02/Nov/2017:09:14:34 +0100] "GET /images/vista-up.gif HTTP/1.1" 200 131 "http://renault.activities.at/result?searchterm=true&search=rek015" "Mozilla/5.0 (Windows NT 6.1; WOW64; Trident/7.0; rv:11.0) like Gecko"
80.123.225.34 - - [02/Nov/2017:09:14:34 +0100] "GET /images/vista-dn.gif HTTP/1.1" 200 128 "http://renault.activities.at/result?searchterm=true&search=rek015" "Mozilla/5.0 (Windows NT 6.1; WOW64; Trident/7.0; rv:11.0) like Gecko"
80.123.225.34 - - [02/Nov/2017:09:14:34 +0100] "GET /images/validation_advice_bg.gif HTTP/1.1" 200 134 "http://renault.activities.at/result?searchterm=true&search=rek015" "Mozilla/5.0 (Windows NT 6.1; WOW64; Trident/7.0; rv:11.0) like Gecko"
80.123.225.34 - - [02/Nov/2017:09:14:34 +0100] "GET /loadthumbnail.php?id=10203255 HTTP/1.1" 200 137 "http://renault.activities.at/result?searchterm=true&search=rek015" "Mozilla/5.0 (Windows NT 6.1; WOW64; Trident/7.0; rv:11.0) like Gecko"
80.123.225.34 - - [02/Nov/2017:09:14:34 +0100] "GET /loadthumbnail.php?id=10203650&width=113 HTTP/1.1" 200 2741 "http://renault.activities.at/result?searchterm=true&search=rek015" "Mozilla/5.0 (Windows NT 6.1; WOW64; Trident/7.0; rv:11.0) like Gecko"
80.123.225.34 - - [02/Nov/2017:09:14:51 +0100] "POST /axjaxrequest?mode=suggest HTTP/1.1" 200 113 "http://renault.activities.at/result?searchterm=true&search=rek015" "Mozilla/5.0 (Windows NT 6.1; WOW64; Trident/7.0; rv:11.0) like Gecko"
80.123.225.34 - - [02/Nov/2017:09:14:52 +0100] "POST /axjaxrequest?mode=suggest HTTP/1.1" 200 197 "http://renault.activities.at/result?searchterm=true&search=rek015" "Mozilla/5.0 (Windows NT 6.1; WOW64; Trident/7.0; rv:11.0) like Gecko"
80.123.225.34 - - [02/Nov/2017:09:14:56 +0100] "GET /reload?ser=1509610496750 HTTP/1.1" 200 28 "http://renault.activities.at/result?searchterm=true&search=trafic" "Mozilla/5.0 (compatible; MSIE 10.0; Windows NT 6.1; WOW64; Trident/6.0)"
80.123.225.34 - - [02/Nov/2017:09:14:57 +0100] "POST /axjaxrequest?mode=suggest HTTP/1.1" 200 154 "http://renault.activities.at/result?searchterm=true&search=rek015" "Mozilla/5.0 (Windows NT 6.1; WOW64; Trident/7.0; rv:11.0) like Gecko"
80.123.225.34 - - [02/Nov/2017:09:14:58 +0100] "POST /axjaxrequest?mode=suggest HTTP/1.1" 200 154 "http://renault.activities.at/result?searchterm=true&search=rek015" "Mozilla/5.0 (Windows NT 6.1; WOW64; Trident/7.0; rv:11.0) like Gecko"
80.123.225.34 - - [02/Nov/2017:09:14:58 +0100] "POST /axjaxrequest?mode=suggest HTTP/1.1" 200 154 "http://renault.activities.at/result?searchterm=true&search=rek015" "Mozilla/5.0 (Windows NT 6.1; WOW64; Trident/7.0; rv:11.0) like Gecko"
80.123.225.34 - - [02/Nov/2017:09:14:59 +0100] "POST /axjaxrequest?mode=suggest HTTP/1.1" 200 114 "http://renault.activities.at/result?searchterm=true&search=rek015" "Mozilla/5.0 (Windows NT 6.1; WOW64; Trident/7.0; rv:11.0) like Gecko"
80.123.225.34 - - [02/Nov/2017:09:15:00 +0100] "POST /axjaxrequest?mode=suggest HTTP/1.1" 200 114 "http://renault.activities.at/result?searchterm=true&search=rek015" "Mozilla/5.0 (Windows NT 6.1; WOW64; Trident/7.0; rv:11.0) like Gecko"
80.123.225.34 - - [02/Nov/2017:09:15:00 +0100] "GET /result?searchterm=true&search=ren95057 HTTP/1.1" 200 6032 "http://renault.activities.at/result?searchterm=true&search=rek015" "Mozilla/5.0 (Windows NT 6.1; WOW64; Trident/7.0; rv:11.0) like Gecko"
80.123.225.34 - - [02/Nov/2017:09:15:05 +0100] "GET /loadthumbnail.php?id=11108158&width=113 HTTP/1.1" 200 1545 "http://renault.activities.at/result?searchterm=true&search=ren95057" "Mozilla/5.0 (Windows NT 6.1; WOW64; Trident/7.0; rv:11.0) like Gecko"
80.123.225.34 - - [02/Nov/2017:09:15:05 +0100] "GET /result?searchterm=true&search=rek015 HTTP/1.1" 200 6054 "http://renault.activities.at/account" "Mozilla/5.0 (Windows NT 6.1; WOW64; Trident/7.0; rv:11.0) like Gecko"
80.123.225.34 - - [02/Nov/2017:09:15:06 +0100] "GET /account HTTP/1.1" 200 6106 "http://renault.activities.at/login" "Mozilla/5.0 (Windows NT 6.1; WOW64; Trident/7.0; rv:11.0) like Gecko"
80.123.225.34 - - [02/Nov/2017:09:15:08 +0100] "GET /reload?ser=1509610511690 HTTP/1.1" 200 28 "http://renault.activities.at/login" "Mozilla/5.0 (Windows NT 6.1; WOW64; Trident/7.0; rv:11.0) like Gecko"
80.123.225.34 - - [02/Nov/2017:09:15:10 +0100] "POST /login HTTP/1.1" 302 140 "http://renault.activities.at/login" "Mozilla/5.0 (Windows NT 6.1; WOW64; Trident/7.0; rv:11.0) like Gecko"
80.123.225.34 - - [02/Nov/2017:09:15:12 +0100] "POST /login HTTP/1.1" 302 140 "http://renault.activities.at/login" "Mozilla/5.0 (Windows NT 6.1; WOW64; Trident/7.0; rv:11.0) like Gecko"
193.194.132.77 - - [02/Nov/2017:09:15:13 +0100] "GET /reload?ser=1509610512959 HTTP/1.1" 200 28 "http://renault.2web.at/account" "Mozilla/5.0 (Windows NT 6.1; WOW64; Trident/7.0; rv:11.0) like Gecko"
80.123.225.34 - - [02/Nov/2017:09:15:13 +0100] "GET /account HTTP/1.1" 200 6106 "http://renault.activities.at/login" "Mozilla/5.0 (Windows NT 6.1; WOW64; Trident/7.0; rv:11.0) like Gecko"
185.58.53.32 - - [02/Nov/2017:09:15:31 +0100] "GET /reload?ser=1509610389555 HTTP/1.1" 200 28 "http://renault.activities.at/result?searchterm=true&search=Alaskan" "Mozilla/5.0 (Windows NT 6.1; WOW64; Trident/7.0; rv:11.0) like Gecko"
80.123.225.34 - - [02/Nov/2017:09:15:57 +0100] "GET /reload?ser=1509610557703 HTTP/1.1" 200 28 "http://renault.activities.at/result?searchterm=true&search=trafic" "Mozilla/5.0 (compatible; MSIE 10.0; Windows NT 6.1; WOW64; Trident/6.0)"
193.194.132.77 - - [02/Nov/2017:09:16:14 +0100] "GET /reload?ser=1509610574013 HTTP/1.1" 200 28 "http://renault.2web.at/account" "Mozilla/5.0 (Windows NT 6.1; WOW64; Trident/7.0; rv:11.0) like Gecko"
185.58.53.32 - - [02/Nov/2017:09:16:32 +0100] "GET /reload?ser=1509610450534 HTTP/1.1" 200 28 "http://renault.activities.at/result?searchterm=true&search=Alaskan" "Mozilla/5.0 (Windows NT 6.1; WOW64; Trident/7.0; rv:11.0) like Gecko"
80.123.225.34 - - [02/Nov/2017:09:16:58 +0100] "GET /reload?ser=1509610618714 HTTP/1.1" 200 28 "http://renault.activities.at/result?searchterm=true&search=trafic" "Mozilla/5.0 (compatible; MSIE 10.0; Windows NT 6.1; WOW64; Trident/6.0)"
193.194.132.77 - - [02/Nov/2017:09:17:15 +0100] "GET /reload?ser=1509610635158 HTTP/1.1" 200 28 "http://renault.2web.at/account" "Mozilla/5.0 (Windows NT 6.1; WOW64; Trident/7.0; rv:11.0) like Gecko"
185.58.53.32 - - [02/Nov/2017:09:17:33 +0100] "GET /reload?ser=1509610511490 HTTP/1.1" 200 28 "http://renault.activities.at/result?searchterm=true&search=Alaskan" "Mozilla/5.0 (Windows NT 6.1; WOW64; Trident/7.0; rv:11.0) like Gecko"
80.123.225.34 - - [02/Nov/2017:09:17:59 +0100] "GET /reload?ser=1509610679706 HTTP/1.1" 200 28 "http://renault.activities.at/result?searchterm=true&search=trafic" "Mozilla/5.0 (compatible; MSIE 10.0; Windows NT 6.1; WOW64; Trident/6.0)"
193.194.132.77 - - [02/Nov/2017:09:18:16 +0100] "GET /reload?ser=1509610696294 HTTP/1.1" 200 28 "http://renault.2web.at/account" "Mozilla/5.0 (Windows NT 6.1; WOW64; Trident/7.0; rv:11.0) like Gecko"
185.58.53.32 - - [02/Nov/2017:09:18:34 +0100] "GET /reload?ser=1509610572486 HTTP/1.1" 200 28 "http://renault.activities.at/result?searchterm=true&search=Alaskan" "Mozilla/5.0 (Windows NT 6.1; WOW64; Trident/7.0; rv:11.0) like Gecko"
80.123.225.34 - - [02/Nov/2017:09:19:00 +0100] "GET /reload?ser=1509610740688 HTTP/1.1" 200 28 "http://renault.activities.at/result?searchterm=true&search=trafic" "Mozilla/5.0 (compatible; MSIE 10.0; Windows NT 6.1; WOW64; Trident/6.0)"
193.194.132.77 - - [02/Nov/2017:09:19:17 +0100] "GET /reload?ser=1509610757402 HTTP/1.1" 200 28 "http://renault.2web.at/account" "Mozilla/5.0 (Windows NT 6.1; WOW64; Trident/7.0; rv:11.0) like Gecko"
185.58.53.32 - - [02/Nov/2017:09:19:34 +0100] "GET /reload?ser=1509610633438 HTTP/1.1" 200 28 "http://renault.activities.at/result?searchterm=true&search=Alaskan" "Mozilla/5.0 (Windows NT 6.1; WOW64; Trident/7.0; rv:11.0) like Gecko"
80.123.225.34 - - [02/Nov/2017:09:20:01 +0100] "GET /reload?ser=1509610801676 HTTP/1.1" 200 28 "http://renault.activities.at/result?searchterm=true&search=trafic" "Mozilla/5.0 (compatible; MSIE 10.0; Windows NT 6.1; WOW64; Trident/6.0)"
193.194.132.77 - - [02/Nov/2017:09:20:18 +0100] "GET /reload?ser=1509610818525 HTTP/1.1" 200 28 "http://renault.2web.at/account" "Mozilla/5.0 (Windows NT 6.1; WOW64; Trident/7.0; rv:11.0) like Gecko"
185.58.53.32 - - [02/Nov/2017:09:20:35 +0100] "GET /reload?ser=1509610694435 HTTP/1.1" 200 28 "http://renault.activities.at/result?searchterm=true&search=Alaskan" "Mozilla/5.0 (Windows NT 6.1; WOW64; Trident/7.0; rv:11.0) like Gecko"
80.123.225.34 - - [02/Nov/2017:09:21:02 +0100] "GET /reload?ser=1509610862660 HTTP/1.1" 200 28 "http://renault.activities.at/result?searchterm=true&search=trafic" "Mozilla/5.0 (compatible; MSIE 10.0; Windows NT 6.1; WOW64; Trident/6.0)"
193.194.132.77 - - [02/Nov/2017:09:21:19 +0100] "GET /reload?ser=1509610879620 HTTP/1.1" 200 28 "http://renault.2web.at/account" "Mozilla/5.0 (Windows NT 6.1; WOW64; Trident/7.0; rv:11.0) like Gecko"
185.58.53.32 - - [02/Nov/2017:09:21:37 +0100] "GET /reload?ser=1509610755629 HTTP/1.1" 200 28 "http://renault.activities.at/result?searchterm=true&search=Alaskan" "Mozilla/5.0 (Windows NT 6.1; WOW64; Trident/7.0; rv:11.0) like Gecko"
80.123.225.34 - - [02/Nov/2017:09:22:03 +0100] "GET /reload?ser=1509610923656 HTTP/1.1" 200 28 "http://renault.activities.at/result?searchterm=true&search=trafic" "Mozilla/5.0 (compatible; MSIE 10.0; Windows NT 6.1; WOW64; Trident/6.0)"
193.194.132.77 - - [02/Nov/2017:09:22:20 +0100] "GET /reload?ser=1509610940693 HTTP/1.1" 200 28 "http://renault.2web.at/account" "Mozilla/5.0 (Windows NT 6.1; WOW64; Trident/7.0; rv:11.0) like Gecko"
185.58.53.32 - - [02/Nov/2017:09:22:38 +0100] "GET /reload?ser=1509610816598 HTTP/1.1" 200 28 "http://renault.activities.at/result?searchterm=true&search=Alaskan" "Mozilla/5.0 (Windows NT 6.1; WOW64; Trident/7.0; rv:11.0) like Gecko"
80.123.225.34 - - [02/Nov/2017:09:23:04 +0100] "GET /reload?ser=1509610984644 HTTP/1.1" 200 28 "http://renault.activities.at/result?searchterm=true&search=trafic" "Mozilla/5.0 (compatible; MSIE 10.0; Windows NT 6.1; WOW64; Trident/6.0)"
193.194.132.77 - - [02/Nov/2017:09:23:22 +0100] "GET /reload?ser=1509611001859 HTTP/1.1" 200 28 "http://renault.2web.at/account" "Mozilla/5.0 (Windows NT 6.1; WOW64; Trident/7.0; rv:11.0) like Gecko"
185.58.53.32 - - [02/Nov/2017:09:23:39 +0100] "GET /reload?ser=1509610877561 HTTP/1.1" 200 28 "http://renault.activities.at/result?searchterm=true&search=Alaskan" "Mozilla/5.0 (Windows NT 6.1; WOW64; Trident/7.0; rv:11.0) like Gecko"
80.123.225.34 - - [02/Nov/2017:09:24:05 +0100] "GET /reload?ser=1509611045604 HTTP/1.1" 200 28 "http://renault.activities.at/result?searchterm=true&search=trafic" "Mozilla/5.0 (compatible; MSIE 10.0; Windows NT 6.1; WOW64; Trident/6.0)"
193.194.132.77 - - [02/Nov/2017:09:24:23 +0100] "GET /reload?ser=1509611063003 HTTP/1.1" 200 28 "http://renault.2web.at/account" "Mozilla/5.0 (Windows NT 6.1; WOW64; Trident/7.0; rv:11.0) like Gecko"
185.58.53.32 - - [02/Nov/2017:09:24:40 +0100] "GET /reload?ser=1509610938580 HTTP/1.1" 200 28 "http://renault.activities.at/result?searchterm=true&search=Alaskan" "Mozilla/5.0 (Windows NT 6.1; WOW64; Trident/7.0; rv:11.0) like Gecko"
80.123.225.34 - - [02/Nov/2017:09:25:06 +0100] "GET /reload?ser=1509611106614 HTTP/1.1" 200 28 "http://renault.activities.at/result?searchterm=true&search=trafic" "Mozilla/5.0 (compatible; MSIE 10.0; Windows NT 6.1; WOW64; Trident/6.0)"
193.194.132.77 - - [02/Nov/2017:09:25:24 +0100] "GET /reload?ser=1509611124132 HTTP/1.1" 200 28 "http://renault.2web.at/account" "Mozilla/5.0 (Windows NT 6.1; WOW64; Trident/7.0; rv:11.0) like Gecko"
185.58.53.32 - - [02/Nov/2017:09:25:41 +0100] "GET /reload?ser=1509610999582 HTTP/1.1" 200 28 "http://renault.activities.at/result?searchterm=true&search=Alaskan" "Mozilla/5.0 (Windows NT 6.1; WOW64; Trident/7.0; rv:11.0) like Gecko"
80.123.225.34 - - [02/Nov/2017:09:26:07 +0100] "GET /reload?ser=1509611167591 HTTP/1.1" 200 28 "http://renault.activities.at/result?searchterm=true&search=trafic" "Mozilla/5.0 (compatible; MSIE 10.0; Windows NT 6.1; WOW64; Trident/6.0)"
193.194.132.77 - - [02/Nov/2017:09:26:25 +0100] "GET /reload?ser=1509611185244 HTTP/1.1" 200 28 "http://renault.2web.at/account" "Mozilla/5.0 (Windows NT 6.1; WOW64; Trident/7.0; rv:11.0) like Gecko"
185.58.53.32 - - [02/Nov/2017:09:26:42 +0100] "GET /reload?ser=1509611060565 HTTP/1.1" 200 28 "http://renault.activities.at/result?searchterm=true&search=Alaskan" "Mozilla/5.0 (Windows NT 6.1; WOW64; Trident/7.0; rv:11.0) like Gecko"
80.123.225.34 - - [02/Nov/2017:09:27:08 +0100] "GET /reload?ser=1509611228591 HTTP/1.1" 200 28 "http://renault.activities.at/result?searchterm=true&search=trafic" "Mozilla/5.0 (compatible; MSIE 10.0; Windows NT 6.1; WOW64; Trident/6.0)"
193.194.132.77 - - [02/Nov/2017:09:27:26 +0100] "GET /reload?ser=1509611246351 HTTP/1.1" 200 28 "http://renault.2web.at/account" "Mozilla/5.0 (Windows NT 6.1; WOW64; Trident/7.0; rv:11.0) like Gecko"
185.58.53.32 - - [02/Nov/2017:09:27:43 +0100] "GET /reload?ser=1509611121566 HTTP/1.1" 200 28 "http://renault.activities.at/result?searchterm=true&search=Alaskan" "Mozilla/5.0 (Windows NT 6.1; WOW64; Trident/7.0; rv:11.0) like Gecko"
80.123.225.34 - - [02/Nov/2017:09:28:09 +0100] "GET /reload?ser=1509611289613 HTTP/1.1" 200 28 "http://renault.activities.at/result?searchterm=true&search=trafic" "Mozilla/5.0 (compatible; MSIE 10.0; Windows NT 6.1; WOW64; Trident/6.0)"
193.194.132.77 - - [02/Nov/2017:09:28:27 +0100] "GET /reload?ser=1509611307437 HTTP/1.1" 200 28 "http://renault.2web.at/account" "Mozilla/5.0 (Windows NT 6.1; WOW64; Trident/7.0; rv:11.0) like Gecko"
185.58.53.32 - - [02/Nov/2017:09:28:44 +0100] "GET /reload?ser=1509611182569 HTTP/1.1" 200 28 "http://renault.activities.at/result?searchterm=true&search=Alaskan" "Mozilla/5.0 (Windows NT 6.1; WOW64; Trident/7.0; rv:11.0) like Gecko"
80.123.225.34 - - [02/Nov/2017:09:29:10 +0100] "GET /reload?ser=1509611350594 HTTP/1.1" 200 28 "http://renault.activities.at/result?searchterm=true&search=trafic" "Mozilla/5.0 (compatible; MSIE 10.0; Windows NT 6.1; WOW64; Trident/6.0)"
193.194.132.77 - - [02/Nov/2017:09:29:28 +0100] "GET /reload?ser=1509611368526 HTTP/1.1" 200 28 "http://renault.2web.at/account" "Mozilla/5.0 (Windows NT 6.1; WOW64; Trident/7.0; rv:11.0) like Gecko"
185.58.53.32 - - [02/Nov/2017:09:29:31 +0100] "GET /logout HTTP/1.1" 302 140 "http://renault.activities.at/result?searchterm=true&search=Alaskan" "Mozilla/5.0 (Windows NT 6.1; WOW64; Trident/7.0; rv:11.0) like Gecko"
185.58.53.32 - - [02/Nov/2017:09:29:32 +0100] "GET /logout HTTP/1.1" 200 1583 "http://renault.activities.at/result?searchterm=true&search=Alaskan" "Mozilla/5.0 (Windows NT 6.1; WOW64; Trident/7.0; rv:11.0) like Gecko"
80.123.225.34 - - [02/Nov/2017:09:30:11 +0100] "GET /reload?ser=1509611411607 HTTP/1.1" 200 28 "http://renault.activities.at/result?searchterm=true&search=trafic" "Mozilla/5.0 (compatible; MSIE 10.0; Windows NT 6.1; WOW64; Trident/6.0)"
193.194.132.77 - - [02/Nov/2017:09:30:29 +0100] "GET /reload?ser=1509611429618 HTTP/1.1" 200 28 "http://renault.2web.at/account" "Mozilla/5.0 (Windows NT 6.1; WOW64; Trident/7.0; rv:11.0) like Gecko"
80.123.225.34 - - [02/Nov/2017:09:31:12 +0100] "GET /reload?ser=1509611472635 HTTP/1.1" 200 28 "http://renault.activities.at/result?searchterm=true&search=trafic" "Mozilla/5.0 (compatible; MSIE 10.0; Windows NT 6.1; WOW64; Trident/6.0)"
193.194.132.77 - - [02/Nov/2017:09:31:30 +0100] "GET /reload?ser=1509611490758 HTTP/1.1" 200 28 "http://renault.2web.at/account" "Mozilla/5.0 (Windows NT 6.1; WOW64; Trident/7.0; rv:11.0) like Gecko"
80.123.225.34 - - [02/Nov/2017:09:32:13 +0100] "GET /reload?ser=1509611533636 HTTP/1.1" 200 28 "http://renault.activities.at/result?searchterm=true&search=trafic" "Mozilla/5.0 (compatible; MSIE 10.0; Windows NT 6.1; WOW64; Trident/6.0)"
193.194.132.77 - - [02/Nov/2017:09:32:32 +0100] "GET /reload?ser=1509611551872 HTTP/1.1" 200 28 "http://renault.2web.at/account" "Mozilla/5.0 (Windows NT 6.1; WOW64; Trident/7.0; rv:11.0) like Gecko"
80.123.225.34 - - [02/Nov/2017:09:33:14 +0100] "GET /reload?ser=1509611594671 HTTP/1.1" 200 28 "http://renault.activities.at/result?searchterm=true&search=trafic" "Mozilla/5.0 (compatible; MSIE 10.0; Windows NT 6.1; WOW64; Trident/6.0)"
193.194.132.77 - - [02/Nov/2017:09:33:33 +0100] "GET /reload?ser=1509611612986 HTTP/1.1" 200 28 "http://renault.2web.at/account" "Mozilla/5.0 (Windows NT 6.1; WOW64; Trident/7.0; rv:11.0) like Gecko"
80.123.225.34 - - [02/Nov/2017:09:34:15 +0100] "GET /reload?ser=1509611655686 HTTP/1.1" 200 28 "http://renault.activities.at/result?searchterm=true&search=trafic" "Mozilla/5.0 (compatible; MSIE 10.0; Windows NT 6.1; WOW64; Trident/6.0)"
193.194.132.77 - - [02/Nov/2017:09:34:34 +0100] "GET /reload?ser=1509611674101 HTTP/1.1" 200 28 "http://renault.2web.at/account" "Mozilla/5.0 (Windows NT 6.1; WOW64; Trident/7.0; rv:11.0) like Gecko"
80.123.225.34 - - [02/Nov/2017:09:35:16 +0100] "GET /reload?ser=1509611716650 HTTP/1.1" 200 28 "http://renault.activities.at/result?searchterm=true&search=trafic" "Mozilla/5.0 (compatible; MSIE 10.0; Windows NT 6.1; WOW64; Trident/6.0)"
193.194.132.77 - - [02/Nov/2017:09:35:35 +0100] "GET /reload?ser=1509611735241 HTTP/1.1" 200 28 "http://renault.2web.at/account" "Mozilla/5.0 (Windows NT 6.1; WOW64; Trident/7.0; rv:11.0) like Gecko"
157.55.39.142 - - [02/Nov/2017:09:35:40 +0100] "GET / HTTP/1.1" 200 3894 "-" "Mozilla/5.0 (compatible; bingbot/2.0; +http://www.bing.com/bingbot.htm)"
80.123.225.34 - - [02/Nov/2017:09:36:17 +0100] "GET /reload?ser=1509611777650 HTTP/1.1" 200 28 "http://renault.activities.at/result?searchterm=true&search=trafic" "Mozilla/5.0 (compatible; MSIE 10.0; Windows NT 6.1; WOW64; Trident/6.0)"
193.194.132.77 - - [02/Nov/2017:09:36:36 +0100] "GET /reload?ser=1509611796367 HTTP/1.1" 200 28 "http://renault.2web.at/account" "Mozilla/5.0 (Windows NT 6.1; WOW64; Trident/7.0; rv:11.0) like Gecko"
80.123.225.34 - - [02/Nov/2017:09:37:18 +0100] "GET /reload?ser=1509611838664 HTTP/1.1" 200 28 "http://renault.activities.at/result?searchterm=true&search=trafic" "Mozilla/5.0 (compatible; MSIE 10.0; Windows NT 6.1; WOW64; Trident/6.0)"
193.194.132.77 - - [02/Nov/2017:09:37:37 +0100] "GET /reload?ser=1509611857474 HTTP/1.1" 200 28 "http://renault.2web.at/account" "Mozilla/5.0 (Windows NT 6.1; WOW64; Trident/7.0; rv:11.0) like Gecko"
80.123.225.34 - - [02/Nov/2017:09:38:19 +0100] "GET /reload?ser=1509611899722 HTTP/1.1" 200 28 "http://renault.activities.at/result?searchterm=true&search=trafic" "Mozilla/5.0 (compatible; MSIE 10.0; Windows NT 6.1; WOW64; Trident/6.0)"
193.194.132.77 - - [02/Nov/2017:09:38:38 +0100] "GET /reload?ser=1509611918624 HTTP/1.1" 200 28 "http://renault.2web.at/account" "Mozilla/5.0 (Windows NT 6.1; WOW64; Trident/7.0; rv:11.0) like Gecko"
80.123.225.34 - - [02/Nov/2017:09:39:20 +0100] "GET /reload?ser=1509611960748 HTTP/1.1" 200 28 "http://renault.activities.at/result?searchterm=true&search=trafic" "Mozilla/5.0 (compatible; MSIE 10.0; Windows NT 6.1; WOW64; Trident/6.0)"
193.194.132.77 - - [02/Nov/2017:09:39:39 +0100] "GET /reload?ser=1509611979760 HTTP/1.1" 200 28 "http://renault.2web.at/account" "Mozilla/5.0 (Windows NT 6.1; WOW64; Trident/7.0; rv:11.0) like Gecko"
80.123.225.34 - - [02/Nov/2017:09:40:21 +0100] "GET /reload?ser=1509612021735 HTTP/1.1" 200 28 "http://renault.activities.at/result?searchterm=true&search=trafic" "Mozilla/5.0 (compatible; MSIE 10.0; Windows NT 6.1; WOW64; Trident/6.0)"
193.194.132.77 - - [02/Nov/2017:09:40:41 +0100] "GET /reload?ser=1509612040907 HTTP/1.1" 200 28 "http://renault.2web.at/account" "Mozilla/5.0 (Windows NT 6.1; WOW64; Trident/7.0; rv:11.0) like Gecko"
80.123.225.34 - - [02/Nov/2017:09:41:22 +0100] "GET /reload?ser=1509612082749 HTTP/1.1" 200 28 "http://renault.activities.at/result?searchterm=true&search=trafic" "Mozilla/5.0 (compatible; MSIE 10.0; Windows NT 6.1; WOW64; Trident/6.0)"
193.194.132.77 - - [02/Nov/2017:09:41:42 +0100] "GET /reload?ser=1509612102104 HTTP/1.1" 200 28 "http://renault.2web.at/account" "Mozilla/5.0 (Windows NT 6.1; WOW64; Trident/7.0; rv:11.0) like Gecko"
80.123.225.34 - - [02/Nov/2017:09:42:23 +0100] "GET /reload?ser=1509612143758 HTTP/1.1" 200 28 "http://renault.activities.at/result?searchterm=true&search=trafic" "Mozilla/5.0 (compatible; MSIE 10.0; Windows NT 6.1; WOW64; Trident/6.0)"
193.194.132.77 - - [02/Nov/2017:09:42:43 +0100] "GET /reload?ser=1509612163246 HTTP/1.1" 200 28 "http://renault.2web.at/account" "Mozilla/5.0 (Windows NT 6.1; WOW64; Trident/7.0; rv:11.0) like Gecko"
80.123.225.34 - - [02/Nov/2017:09:43:24 +0100] "GET /reload?ser=1509612204737 HTTP/1.1" 200 28 "http://renault.activities.at/result?searchterm=true&search=trafic" "Mozilla/5.0 (compatible; MSIE 10.0; Windows NT 6.1; WOW64; Trident/6.0)"
193.194.132.77 - - [02/Nov/2017:09:43:44 +0100] "GET /reload?ser=1509612224373 HTTP/1.1" 200 28 "http://renault.2web.at/account" "Mozilla/5.0 (Windows NT 6.1; WOW64; Trident/7.0; rv:11.0) like Gecko"
80.123.225.34 - - [02/Nov/2017:09:44:25 +0100] "GET /reload?ser=1509612265784 HTTP/1.1" 200 28 "http://renault.activities.at/result?searchterm=true&search=trafic" "Mozilla/5.0 (compatible; MSIE 10.0; Windows NT 6.1; WOW64; Trident/6.0)"
193.194.132.77 - - [02/Nov/2017:09:44:45 +0100] "GET /reload?ser=1509612285519 HTTP/1.1" 200 28 "http://renault.2web.at/account" "Mozilla/5.0 (Windows NT 6.1; WOW64; Trident/7.0; rv:11.0) like Gecko"
80.123.225.34 - - [02/Nov/2017:09:45:26 +0100] "GET /reload?ser=1509612326799 HTTP/1.1" 200 28 "http://renault.activities.at/result?searchterm=true&search=trafic" "Mozilla/5.0 (compatible; MSIE 10.0; Windows NT 6.1; WOW64; Trident/6.0)"
193.194.132.77 - - [02/Nov/2017:09:45:46 +0100] "GET /reload?ser=1509612346706 HTTP/1.1" 200 28 "http://renault.2web.at/account" "Mozilla/5.0 (Windows NT 6.1; WOW64; Trident/7.0; rv:11.0) like Gecko"
80.123.225.34 - - [02/Nov/2017:09:46:27 +0100] "GET /reload?ser=1509612387815 HTTP/1.1" 200 28 "http://renault.activities.at/result?searchterm=true&search=trafic" "Mozilla/5.0 (compatible; MSIE 10.0; Windows NT 6.1; WOW64; Trident/6.0)"
193.194.132.77 - - [02/Nov/2017:09:46:47 +0100] "GET /reload?ser=1509612407768 HTTP/1.1" 200 28 "http://renault.2web.at/account" "Mozilla/5.0 (Windows NT 6.1; WOW64; Trident/7.0; rv:11.0) like Gecko"
80.123.225.34 - - [02/Nov/2017:09:47:28 +0100] "GET /reload?ser=1509612448801 HTTP/1.1" 200 28 "http://renault.activities.at/result?searchterm=true&search=trafic" "Mozilla/5.0 (compatible; MSIE 10.0; Windows NT 6.1; WOW64; Trident/6.0)"
193.194.132.77 - - [02/Nov/2017:09:47:49 +0100] "GET /reload?ser=1509612468939 HTTP/1.1" 200 28 "http://renault.2web.at/account" "Mozilla/5.0 (Windows NT 6.1; WOW64; Trident/7.0; rv:11.0) like Gecko"
80.123.225.34 - - [02/Nov/2017:09:48:29 +0100] "GET /reload?ser=1509612509787 HTTP/1.1" 200 28 "http://renault.activities.at/result?searchterm=true&search=trafic" "Mozilla/5.0 (compatible; MSIE 10.0; Windows NT 6.1; WOW64; Trident/6.0)"
193.194.132.77 - - [02/Nov/2017:09:48:50 +0100] "GET /reload?ser=1509612530030 HTTP/1.1" 200 28 "http://renault.2web.at/account" "Mozilla/5.0 (Windows NT 6.1; WOW64; Trident/7.0; rv:11.0) like Gecko"
80.123.225.34 - - [02/Nov/2017:09:49:30 +0100] "GET /reload?ser=1509612570786 HTTP/1.1" 200 28 "http://renault.activities.at/result?searchterm=true&search=trafic" "Mozilla/5.0 (compatible; MSIE 10.0; Windows NT 6.1; WOW64; Trident/6.0)"
193.194.132.77 - - [02/Nov/2017:09:49:51 +0100] "GET /reload?ser=1509612591186 HTTP/1.1" 200 28 "http://renault.2web.at/account" "Mozilla/5.0 (Windows NT 6.1; WOW64; Trident/7.0; rv:11.0) like Gecko"
80.123.225.34 - - [02/Nov/2017:09:50:31 +0100] "GET /reload?ser=1509612631805 HTTP/1.1" 200 28 "http://renault.activities.at/result?searchterm=true&search=trafic" "Mozilla/5.0 (compatible; MSIE 10.0; Windows NT 6.1; WOW64; Trident/6.0)"
80.123.225.34 - - [02/Nov/2017:09:50:43 +0100] "GET /graphics/zoomin.cur HTTP/1.1" 200 3624 "http://renault.activities.at/11201322?print=true" "Mozilla/5.0 (compatible; MSIE 10.0; Windows NT 6.1; WOW64; Trident/6.0)"
80.123.225.34 - - [02/Nov/2017:09:50:46 +0100] "GET /null HTTP/1.1" 200 3624 "http://renault.activities.at/result?searchterm=true&search=trafic" "Mozilla/5.0 (compatible; MSIE 10.0; Windows NT 6.1; WOW64; Trident/6.0)"
193.194.132.77 - - [02/Nov/2017:09:50:52 +0100] "GET /reload?ser=1509612652351 HTTP/1.1" 200 28 "http://renault.2web.at/account" "Mozilla/5.0 (Windows NT 6.1; WOW64; Trident/7.0; rv:11.0) like Gecko"
80.123.225.34 - - [02/Nov/2017:09:51:32 +0100] "GET /reload?ser=1509612692808 HTTP/1.1" 200 28 "http://renault.activities.at/result?searchterm=true&search=trafic" "Mozilla/5.0 (compatible; MSIE 10.0; Windows NT 6.1; WOW64; Trident/6.0)"
193.194.132.77 - - [02/Nov/2017:09:51:53 +0100] "GET /reload?ser=1509612713420 HTTP/1.1" 200 28 "http://renault.2web.at/account" "Mozilla/5.0 (Windows NT 6.1; WOW64; Trident/7.0; rv:11.0) like Gecko"
193.194.132.77 - - [02/Nov/2017:09:52:54 +0100] "GET /reload?ser=1509612774517 HTTP/1.1" 200 28 "http://renault.2web.at/account" "Mozilla/5.0 (Windows NT 6.1; WOW64; Trident/7.0; rv:11.0) like Gecko"
193.194.132.77 - - [02/Nov/2017:09:53:55 +0100] "GET /reload?ser=1509612835572 HTTP/1.1" 200 28 "http://renault.2web.at/account" "Mozilla/5.0 (Windows NT 6.1; WOW64; Trident/7.0; rv:11.0) like Gecko"
193.194.132.77 - - [02/Nov/2017:09:54:56 +0100] "GET /reload?ser=1509612896761 HTTP/1.1" 200 28 "http://renault.2web.at/account" "Mozilla/5.0 (Windows NT 6.1; WOW64; Trident/7.0; rv:11.0) like Gecko"
193.194.132.77 - - [02/Nov/2017:09:55:58 +0100] "GET /reload?ser=1509612957946 HTTP/1.1" 200 28 "http://renault.2web.at/account" "Mozilla/5.0 (Windows NT 6.1; WOW64; Trident/7.0; rv:11.0) like Gecko"
193.194.132.77 - - [02/Nov/2017:09:56:59 +0100] "GET /reload?ser=1509613019032 HTTP/1.1" 200 28 "http://renault.2web.at/account" "Mozilla/5.0 (Windows NT 6.1; WOW64; Trident/7.0; rv:11.0) like Gecko"
193.194.132.77 - - [02/Nov/2017:09:58:00 +0100] "GET /reload?ser=1509613080143 HTTP/1.1" 200 28 "http://renault.2web.at/account" "Mozilla/5.0 (Windows NT 6.1; WOW64; Trident/7.0; rv:11.0) like Gecko"
193.194.132.77 - - [02/Nov/2017:09:59:01 +0100] "GET /reload?ser=1509613141251 HTTP/1.1" 200 28 "http://renault.2web.at/account" "Mozilla/5.0 (Windows NT 6.1; WOW64; Trident/7.0; rv:11.0) like Gecko"
193.194.132.77 - - [02/Nov/2017:10:00:02 +0100] "GET /reload?ser=1509613202333 HTTP/1.1" 200 28 "http://renault.2web.at/account" "Mozilla/5.0 (Windows NT 6.1; WOW64; Trident/7.0; rv:11.0) like Gecko"
193.194.132.77 - - [02/Nov/2017:10:01:03 +0100] "GET /reload?ser=1509613263463 HTTP/1.1" 200 28 "http://renault.2web.at/account" "Mozilla/5.0 (Windows NT 6.1; WOW64; Trident/7.0; rv:11.0) like Gecko"
193.194.132.77 - - [02/Nov/2017:10:02:04 +0100] "GET /reload?ser=1509613324566 HTTP/1.1" 200 28 "http://renault.2web.at/account" "Mozilla/5.0 (Windows NT 6.1; WOW64; Trident/7.0; rv:11.0) like Gecko"
193.194.132.77 - - [02/Nov/2017:10:03:05 +0100] "GET /reload?ser=1509613385690 HTTP/1.1" 200 28 "http://renault.2web.at/account" "Mozilla/5.0 (Windows NT 6.1; WOW64; Trident/7.0; rv:11.0) like Gecko"
193.194.132.77 - - [02/Nov/2017:10:04:06 +0100] "GET /reload?ser=1509613446794 HTTP/1.1" 200 28 "http://renault.2web.at/account" "Mozilla/5.0 (Windows NT 6.1; WOW64; Trident/7.0; rv:11.0) like Gecko"
193.194.132.77 - - [02/Nov/2017:10:05:08 +0100] "GET /reload?ser=1509613507911 HTTP/1.1" 200 28 "http://renault.2web.at/account" "Mozilla/5.0 (Windows NT 6.1; WOW64; Trident/7.0; rv:11.0) like Gecko"
193.194.132.77 - - [02/Nov/2017:10:06:09 +0100] "GET /reload?ser=1509613569027 HTTP/1.1" 200 28 "http://renault.2web.at/account" "Mozilla/5.0 (Windows NT 6.1; WOW64; Trident/7.0; rv:11.0) like Gecko"
193.194.132.77 - - [02/Nov/2017:10:07:10 +0100] "GET /reload?ser=1509613630153 HTTP/1.1" 200 28 "http://renault.2web.at/account" "Mozilla/5.0 (Windows NT 6.1; WOW64; Trident/7.0; rv:11.0) like Gecko"
193.194.132.77 - - [02/Nov/2017:10:08:11 +0100] "GET /reload?ser=1509613691253 HTTP/1.1" 200 28 "http://renault.2web.at/account" "Mozilla/5.0 (Windows NT 6.1; WOW64; Trident/7.0; rv:11.0) like Gecko"
193.194.132.77 - - [02/Nov/2017:10:09:12 +0100] "GET /reload?ser=1509613752364 HTTP/1.1" 200 28 "http://renault.2web.at/account" "Mozilla/5.0 (Windows NT 6.1; WOW64; Trident/7.0; rv:11.0) like Gecko"
193.194.132.77 - - [02/Nov/2017:10:10:13 +0100] "GET /reload?ser=1509613813533 HTTP/1.1" 200 28 "http://renault.2web.at/account" "Mozilla/5.0 (Windows NT 6.1; WOW64; Trident/7.0; rv:11.0) like Gecko"
193.194.132.77 - - [02/Nov/2017:10:11:14 +0100] "GET /reload?ser=1509613874715 HTTP/1.1" 200 28 "http://renault.2web.at/account" "Mozilla/5.0 (Windows NT 6.1; WOW64; Trident/7.0; rv:11.0) like Gecko"
193.194.132.77 - - [02/Nov/2017:10:12:15 +0100] "GET /reload?ser=1509613935826 HTTP/1.1" 200 28 "http://renault.2web.at/account" "Mozilla/5.0 (Windows NT 6.1; WOW64; Trident/7.0; rv:11.0) like Gecko"
193.194.132.77 - - [02/Nov/2017:10:13:17 +0100] "GET /reload?ser=1509613996967 HTTP/1.1" 200 28 "http://renault.2web.at/account" "Mozilla/5.0 (Windows NT 6.1; WOW64; Trident/7.0; rv:11.0) like Gecko"
193.194.132.77 - - [02/Nov/2017:10:14:18 +0100] "GET /reload?ser=1509614058082 HTTP/1.1" 200 28 "http://renault.2web.at/account" "Mozilla/5.0 (Windows NT 6.1; WOW64; Trident/7.0; rv:11.0) like Gecko"
80.120.5.131 - - [02/Nov/2017:10:14:50 +0100] "GET /10201637 HTTP/1.1" 302 150 "-" "Mozilla/5.0 (Macintosh; Intel Mac OS X 10_12_6) AppleWebKit/604.1.38 (KHTML, like Gecko)"
80.120.5.131 - - [02/Nov/2017:10:14:52 +0100] "GET /login?required=true HTTP/1.1" 200 2086 "-" "Mozilla/5.0 (Macintosh; Intel Mac OS X 10_12_6) AppleWebKit/604.1.38 (KHTML, like Gecko)"
80.120.5.131 - - [02/Nov/2017:10:14:53 +0100] "GET /apple-touch-icon-precomposed.png HTTP/1.1" 200 1559 "-" "Safari/12604.1.38.1.7 CFNetwork/811.5.4 Darwin/16.7.0 (x86_64)"
80.120.5.131 - - [02/Nov/2017:10:14:54 +0100] "GET /apple-touch-icon.png HTTP/1.1" 200 1559 "-" "Safari/12604.1.38.1.7 CFNetwork/811.5.4 Darwin/16.7.0 (x86_64)"
80.120.5.131 - - [02/Nov/2017:10:14:55 +0100] "GET /images/favicon.ico HTTP/1.1" 404 305 "-" "Safari/12604.1.38.1.7 CFNetwork/811.5.4 Darwin/16.7.0 (x86_64)"
80.120.5.131 - - [02/Nov/2017:10:14:56 +0100] "GET /images/favicon.ico HTTP/1.1" 404 305 "-" "Safari/12604.1.38.1.7 CFNetwork/811.5.4 Darwin/16.7.0 (x86_64)"
80.120.5.131 - - [02/Nov/2017:10:14:56 +0100] "GET /favicon.ico HTTP/1.1" 200 3250 "-" "Safari/12604.1.38.1.7 CFNetwork/811.5.4 Darwin/16.7.0 (x86_64)"
80.120.5.131 - - [02/Nov/2017:10:14:56 +0100] "GET /apple-touch-icon-precomposed.png HTTP/1.1" 200 1559 "-" "Safari/12604.1.38.1.7 CFNetwork/811.5.4 Darwin/16.7.0 (x86_64)"
80.120.5.131 - - [02/Nov/2017:10:14:57 +0100] "GET /apple-touch-icon.png HTTP/1.1" 200 1559 "-" "Safari/12604.1.38.1.7 CFNetwork/811.5.4 Darwin/16.7.0 (x86_64)"
80.120.5.131 - - [02/Nov/2017:10:14:58 +0100] "GET /images/favicon.ico HTTP/1.1" 404 305 "-" "Safari/12604.1.38.1.7 CFNetwork/811.5.4 Darwin/16.7.0 (x86_64)"
80.120.5.131 - - [02/Nov/2017:10:14:58 +0100] "GET /images/favicon.ico HTTP/1.1" 404 305 "-" "Safari/12604.1.38.1.7 CFNetwork/811.5.4 Darwin/16.7.0 (x86_64)"
80.120.5.131 - - [02/Nov/2017:10:14:58 +0100] "GET /favicon.ico HTTP/1.1" 200 3250 "-" "Safari/12604.1.38.1.7 CFNetwork/811.5.4 Darwin/16.7.0 (x86_64)"
80.120.5.131 - - [02/Nov/2017:10:14:58 +0100] "GET /10201637 HTTP/1.1" 302 150 "-" "Mozilla/5.0 (iPhone; CPU iPhone OS 10_3 like Mac OS X) AppleWebKit/603.1.30 (KHTML, like Gecko) Version/10.3 Mobile/14E277 Safari/603.1.30"
80.120.5.131 - - [02/Nov/2017:10:14:59 +0100] "GET /login?required=true HTTP/1.1" 200 2086 "-" "Mozilla/5.0 (iPhone; CPU iPhone OS 10_3 like Mac OS X) AppleWebKit/603.1.30 (KHTML, like Gecko) Version/10.3 Mobile/14E277 Safari/603.1.30"
80.120.5.131 - - [02/Nov/2017:10:15:00 +0100] "GET /apple-touch-icon-precomposed.png HTTP/1.1" 200 1559 "-" "Safari/12604.1.38.1.7 CFNetwork/811.5.4 Darwin/16.7.0 (x86_64)"
80.120.5.131 - - [02/Nov/2017:10:15:01 +0100] "GET /apple-touch-icon.png HTTP/1.1" 200 1559 "-" "Safari/12604.1.38.1.7 CFNetwork/811.5.4 Darwin/16.7.0 (x86_64)"
80.120.5.131 - - [02/Nov/2017:10:15:02 +0100] "GET /images/favicon.ico HTTP/1.1" 404 305 "-" "Safari/12604.1.38.1.7 CFNetwork/811.5.4 Darwin/16.7.0 (x86_64)"
80.120.5.131 - - [02/Nov/2017:10:15:03 +0100] "GET /images/favicon.ico HTTP/1.1" 404 305 "-" "Safari/12604.1.38.1.7 CFNetwork/811.5.4 Darwin/16.7.0 (x86_64)"
80.120.5.131 - - [02/Nov/2017:10:15:03 +0100] "GET /favicon.ico HTTP/1.1" 200 3250 "-" "Safari/12604.1.38.1.7 CFNetwork/811.5.4 Darwin/16.7.0 (x86_64)"
80.120.5.131 - - [02/Nov/2017:10:15:03 +0100] "GET /apple-touch-icon-precomposed.png HTTP/1.1" 200 1559 "-" "Safari/12604.1.38.1.7 CFNetwork/811.5.4 Darwin/16.7.0 (x86_64)"
80.120.5.131 - - [02/Nov/2017:10:15:04 +0100] "GET /apple-touch-icon.png HTTP/1.1" 200 1559 "-" "Safari/12604.1.38.1.7 CFNetwork/811.5.4 Darwin/16.7.0 (x86_64)"
80.120.5.131 - - [02/Nov/2017:10:15:05 +0100] "GET /images/favicon.ico HTTP/1.1" 404 305 "-" "Safari/12604.1.38.1.7 CFNetwork/811.5.4 Darwin/16.7.0 (x86_64)"
80.120.5.131 - - [02/Nov/2017:10:15:05 +0100] "GET /images/favicon.ico HTTP/1.1" 404 305 "-" "Safari/12604.1.38.1.7 CFNetwork/811.5.4 Darwin/16.7.0 (x86_64)"
80.120.5.131 - - [02/Nov/2017:10:15:05 +0100] "GET /favicon.ico HTTP/1.1" 200 3250 "-" "Safari/12604.1.38.1.7 CFNetwork/811.5.4 Darwin/16.7.0 (x86_64)"
193.194.132.77 - - [02/Nov/2017:10:15:19 +0100] "GET /reload?ser=1509614119201 HTTP/1.1" 200 28 "http://renault.2web.at/account" "Mozilla/5.0 (Windows NT 6.1; WOW64; Trident/7.0; rv:11.0) like Gecko"
193.194.132.77 - - [02/Nov/2017:10:16:20 +0100] "GET /reload?ser=1509614180345 HTTP/1.1" 200 28 "http://renault.2web.at/account" "Mozilla/5.0 (Windows NT 6.1; WOW64; Trident/7.0; rv:11.0) like Gecko"
193.194.132.77 - - [02/Nov/2017:10:17:21 +0100] "GET /reload?ser=1509614241418 HTTP/1.1" 200 28 "http://renault.2web.at/account" "Mozilla/5.0 (Windows NT 6.1; WOW64; Trident/7.0; rv:11.0) like Gecko"
193.194.132.77 - - [02/Nov/2017:10:18:22 +0100] "GET /reload?ser=1509614302608 HTTP/1.1" 200 28 "http://renault.2web.at/account" "Mozilla/5.0 (Windows NT 6.1; WOW64; Trident/7.0; rv:11.0) like Gecko"
193.194.132.77 - - [02/Nov/2017:10:19:23 +0100] "GET /reload?ser=1509614363746 HTTP/1.1" 200 28 "http://renault.2web.at/account" "Mozilla/5.0 (Windows NT 6.1; WOW64; Trident/7.0; rv:11.0) like Gecko"
193.194.132.77 - - [02/Nov/2017:10:20:24 +0100] "GET /reload?ser=1509614424859 HTTP/1.1" 200 28 "http://renault.2web.at/account" "Mozilla/5.0 (Windows NT 6.1; WOW64; Trident/7.0; rv:11.0) like Gecko"
193.194.132.77 - - [02/Nov/2017:10:21:26 +0100] "GET /reload?ser=1509614485992 HTTP/1.1" 200 28 "http://renault.2web.at/account" "Mozilla/5.0 (Windows NT 6.1; WOW64; Trident/7.0; rv:11.0) like Gecko"
193.194.132.77 - - [02/Nov/2017:10:22:27 +0100] "GET /reload?ser=1509614547066 HTTP/1.1" 200 28 "http://renault.2web.at/account" "Mozilla/5.0 (Windows NT 6.1; WOW64; Trident/7.0; rv:11.0) like Gecko"
193.194.132.77 - - [02/Nov/2017:10:23:28 +0100] "GET /reload?ser=1509614608233 HTTP/1.1" 200 28 "http://renault.2web.at/account" "Mozilla/5.0 (Windows NT 6.1; WOW64; Trident/7.0; rv:11.0) like Gecko"
193.194.132.77 - - [02/Nov/2017:10:24:29 +0100] "GET /reload?ser=1509614669378 HTTP/1.1" 200 28 "http://renault.2web.at/account" "Mozilla/5.0 (Windows NT 6.1; WOW64; Trident/7.0; rv:11.0) like Gecko"
193.194.132.77 - - [02/Nov/2017:10:25:30 +0100] "GET /reload?ser=1509614730584 HTTP/1.1" 200 28 "http://renault.2web.at/account" "Mozilla/5.0 (Windows NT 6.1; WOW64; Trident/7.0; rv:11.0) like Gecko"
193.194.132.77 - - [02/Nov/2017:10:26:31 +0100] "GET /reload?ser=1509614791679 HTTP/1.1" 200 28 "http://renault.2web.at/account" "Mozilla/5.0 (Windows NT 6.1; WOW64; Trident/7.0; rv:11.0) like Gecko"
193.194.132.77 - - [02/Nov/2017:10:27:32 +0100] "GET /reload?ser=1509614852873 HTTP/1.1" 200 28 "http://renault.2web.at/account" "Mozilla/5.0 (Windows NT 6.1; WOW64; Trident/7.0; rv:11.0) like Gecko"
193.194.132.77 - - [02/Nov/2017:10:28:34 +0100] "GET /reload?ser=1509614914024 HTTP/1.1" 200 28 "http://renault.2web.at/account" "Mozilla/5.0 (Windows NT 6.1; WOW64; Trident/7.0; rv:11.0) like Gecko"
193.194.132.77 - - [02/Nov/2017:10:29:35 +0100] "GET /reload?ser=1509614975175 HTTP/1.1" 200 28 "http://renault.2web.at/account" "Mozilla/5.0 (Windows NT 6.1; WOW64; Trident/7.0; rv:11.0) like Gecko"
193.194.132.77 - - [02/Nov/2017:10:30:36 +0100] "GET /reload?ser=1509615036249 HTTP/1.1" 200 28 "http://renault.2web.at/account" "Mozilla/5.0 (Windows NT 6.1; WOW64; Trident/7.0; rv:11.0) like Gecko"
193.194.132.77 - - [02/Nov/2017:10:31:37 +0100] "GET /reload?ser=1509615097384 HTTP/1.1" 200 28 "http://renault.2web.at/account" "Mozilla/5.0 (Windows NT 6.1; WOW64; Trident/7.0; rv:11.0) like Gecko"
212.152.158.195 - - [02/Nov/2017:10:31:48 +0100] "GET / HTTP/1.1" 200 3894 "-" "Mozilla/5.0 (Windows NT 6.1; WOW64; Trident/7.0; rv:11.0) like Gecko"
212.152.158.195 - - [02/Nov/2017:10:31:50 +0100] "GET /js/flashdetection.js HTTP/1.1" 200 1059 "http://renault.activities.at/" "Mozilla/5.0 (Windows NT 6.1; WOW64; Trident/7.0; rv:11.0) like Gecko"
212.152.158.195 - - [02/Nov/2017:10:31:50 +0100] "GET /css/reset.css HTTP/1.1" 200 1356 "http://renault.activities.at/" "Mozilla/5.0 (Windows NT 6.1; WOW64; Trident/7.0; rv:11.0) like Gecko"
212.152.158.195 - - [02/Nov/2017:10:31:50 +0100] "GET /js/default.js HTTP/1.1" 200 14698 "http://renault.activities.at/" "Mozilla/5.0 (Windows NT 6.1; WOW64; Trident/7.0; rv:11.0) like Gecko"
212.152.158.195 - - [02/Nov/2017:10:31:50 +0100] "GET /css/clears.css HTTP/1.1" 200 851 "http://renault.activities.at/" "Mozilla/5.0 (Windows NT 6.1; WOW64; Trident/7.0; rv:11.0) like Gecko"
212.152.158.195 - - [02/Nov/2017:10:31:50 +0100] "GET /css/styles.css HTTP/1.1" 200 14664 "http://renault.activities.at/" "Mozilla/5.0 (Windows NT 6.1; WOW64; Trident/7.0; rv:11.0) like Gecko"
212.152.158.195 - - [02/Nov/2017:10:31:50 +0100] "GET /js/checkout.css HTTP/1.1" 200 359 "http://renault.activities.at/" "Mozilla/5.0 (Windows NT 6.1; WOW64; Trident/7.0; rv:11.0) like Gecko"
212.152.158.195 - - [02/Nov/2017:10:31:50 +0100] "GET /css/print.css HTTP/1.1" 200 543 "http://renault.activities.at/" "Mozilla/5.0 (Windows NT 6.1; WOW64; Trident/7.0; rv:11.0) like Gecko"
212.152.158.195 - - [02/Nov/2017:10:31:50 +0100] "GET /css/themes/default.css HTTP/1.1" 200 769 "http://renault.activities.at/" "Mozilla/5.0 (Windows NT 6.1; WOW64; Trident/7.0; rv:11.0) like Gecko"
212.152.158.195 - - [02/Nov/2017:10:31:50 +0100] "GET /css/prototip.css HTTP/1.1" 200 968 "http://renault.activities.at/" "Mozilla/5.0 (Windows NT 6.1; WOW64; Trident/7.0; rv:11.0) like Gecko"
212.152.158.195 - - [02/Nov/2017:10:31:50 +0100] "GET /css/themes/alphacube.css HTTP/1.1" 200 743 "http://renault.activities.at/" "Mozilla/5.0 (Windows NT 6.1; WOW64; Trident/7.0; rv:11.0) like Gecko"
212.152.158.195 - - [02/Nov/2017:10:31:50 +0100] "GET /js/index.php?c=auto&f=,prototype/prototype.js,prototype/validation.js,scriptaculous/builder.js,scriptaculous/effects.js,scriptaculous/dragdrop.js,scriptaculous/controls.js,scriptaculous/slider.js,varien/js.js,varien/form.js,varien/menu.js,mage/translate.js,mage/cookies.js,varien/product.js,spinner/SpinnerControl.jsmin.js,prototype/window.js,prototype/window_ext.js HTTP/1.1" 200 94182 "http://renault.activities.at/" "Mozilla/5.0 (Windows NT 6.1; WOW64; Trident/7.0; rv:11.0) like Gecko"
212.152.158.195 - - [02/Nov/2017:10:31:53 +0100] "GET /images/favicon.ico HTTP/1.1" 404 305 "-" "Mozilla/5.0 (Windows NT 6.1; WOW64; Trident/7.0; rv:11.0) like Gecko"
212.152.158.195 - - [02/Nov/2017:10:31:53 +0100] "GET /images/main_block_border.gif HTTP/1.1" 200 43 "http://renault.activities.at/" "Mozilla/5.0 (Windows NT 6.1; WOW64; Trident/7.0; rv:11.0) like Gecko"
212.152.158.195 - - [02/Nov/2017:10:31:53 +0100] "GET /images/main_block_corner_right_bot.gif HTTP/1.1" 200 158 "http://renault.activities.at/" "Mozilla/5.0 (Windows NT 6.1; WOW64; Trident/7.0; rv:11.0) like Gecko"
212.152.158.195 - - [02/Nov/2017:10:31:53 +0100] "GET /images/header_block_corner_right_top.gif HTTP/1.1" 200 160 "http://renault.activities.at/" "Mozilla/5.0 (Windows NT 6.1; WOW64; Trident/7.0; rv:11.0) like Gecko"
212.152.158.195 - - [02/Nov/2017:10:31:53 +0100] "GET /images/header_block_border.gif HTTP/1.1" 200 43 "http://renault.activities.at/" "Mozilla/5.0 (Windows NT 6.1; WOW64; Trident/7.0; rv:11.0) like Gecko"
212.152.158.195 - - [02/Nov/2017:10:31:53 +0100] "GET /images/header_block_corner_left_top.gif HTTP/1.1" 200 160 "http://renault.activities.at/" "Mozilla/5.0 (Windows NT 6.1; WOW64; Trident/7.0; rv:11.0) like Gecko"
212.152.158.195 - - [02/Nov/2017:10:31:53 +0100] "GET /images/main_block_corner_left_bot.gif HTTP/1.1" 200 159 "http://renault.activities.at/" "Mozilla/5.0 (Windows NT 6.1; WOW64; Trident/7.0; rv:11.0) like Gecko"
212.152.158.195 - - [02/Nov/2017:10:31:53 +0100] "GET /images/main_block_corner_left_top.gif HTTP/1.1" 200 159 "http://renault.activities.at/" "Mozilla/5.0 (Windows NT 6.1; WOW64; Trident/7.0; rv:11.0) like Gecko"
212.152.158.195 - - [02/Nov/2017:10:31:53 +0100] "GET /images/title_border_top.jpg HTTP/1.1" 200 336 "http://renault.activities.at/" "Mozilla/5.0 (Windows NT 6.1; WOW64; Trident/7.0; rv:11.0) like Gecko"
212.152.158.195 - - [02/Nov/2017:10:31:53 +0100] "GET /images/main_block_corner_right_top.gif HTTP/1.1" 200 159 "http://renault.activities.at/" "Mozilla/5.0 (Windows NT 6.1; WOW64; Trident/7.0; rv:11.0) like Gecko"
212.152.158.195 - - [02/Nov/2017:10:31:53 +0100] "GET /images/title_border.jpg HTTP/1.1" 200 304 "http://renault.activities.at/" "Mozilla/5.0 (Windows NT 6.1; WOW64; Trident/7.0; rv:11.0) like Gecko"
212.152.158.195 - - [02/Nov/2017:10:31:53 +0100] "GET /images/title_corner_left_top.jpg HTTP/1.1" 200 372 "http://renault.activities.at/" "Mozilla/5.0 (Windows NT 6.1; WOW64; Trident/7.0; rv:11.0) like Gecko"
212.152.158.195 - - [02/Nov/2017:10:31:53 +0100] "GET /images/title_corner_right_top.jpg HTTP/1.1" 200 389 "http://renault.activities.at/" "Mozilla/5.0 (Windows NT 6.1; WOW64; Trident/7.0; rv:11.0) like Gecko"
212.152.158.195 - - [02/Nov/2017:10:31:53 +0100] "GET /loadthumbnail.php?id=11127982 HTTP/1.1" 200 399614 "http://renault.activities.at/" "Mozilla/5.0 (Windows NT 6.1; WOW64; Trident/7.0; rv:11.0) like Gecko"
212.152.158.195 - - [02/Nov/2017:10:32:05 +0100] "GET /login HTTP/1.1" 200 2086 "http://renault.activities.at/" "Mozilla/5.0 (Windows NT 6.1; WOW64; Trident/7.0; rv:11.0) like Gecko"
212.152.158.195 - - [02/Nov/2017:10:32:06 +0100] "GET /images/button_left_bg.gif HTTP/1.1" 200 564 "http://renault.activities.at/login" "Mozilla/5.0 (Windows NT 6.1; WOW64; Trident/7.0; rv:11.0) like Gecko"
212.152.158.195 - - [02/Nov/2017:10:32:06 +0100] "GET /images/button_bg.gif HTTP/1.1" 200 151 "http://renault.activities.at/login" "Mozilla/5.0 (Windows NT 6.1; WOW64; Trident/7.0; rv:11.0) like Gecko"
212.152.158.195 - - [02/Nov/2017:10:32:06 +0100] "GET /images/button_right_bg.gif HTTP/1.1" 200 561 "http://renault.activities.at/login" "Mozilla/5.0 (Windows NT 6.1; WOW64; Trident/7.0; rv:11.0) like Gecko"
212.152.158.195 - - [02/Nov/2017:10:32:06 +0100] "GET /images/favicon.ico HTTP/1.1" 404 305 "-" "Mozilla/5.0 (Windows NT 6.1; WOW64; Trident/7.0; rv:11.0) like Gecko"
212.152.158.195 - - [02/Nov/2017:10:32:06 +0100] "GET /favicon.ico HTTP/1.1" 200 3250 "-" "Mozilla/5.0 (Windows NT 6.1; WOW64; Trident/7.0; rv:11.0) like Gecko"
212.152.158.195 - - [02/Nov/2017:10:32:12 +0100] "POST /login HTTP/1.1" 302 140 "http://renault.activities.at/login" "Mozilla/5.0 (Windows NT 6.1; WOW64; Trident/7.0; rv:11.0) like Gecko"
212.152.158.195 - - [02/Nov/2017:10:32:14 +0100] "GET /account HTTP/1.1" 200 5942 "http://renault.activities.at/login" "Mozilla/5.0 (Windows NT 6.1; WOW64; Trident/7.0; rv:11.0) like Gecko"
212.152.158.195 - - [02/Nov/2017:10:32:17 +0100] "GET /js/account.js HTTP/1.1" 200 953 "http://renault.activities.at/account" "Mozilla/5.0 (Windows NT 6.1; WOW64; Trident/7.0; rv:11.0) like Gecko"
212.152.158.195 - - [02/Nov/2017:10:32:17 +0100] "GET /images/search_bg.gif HTTP/1.1" 200 1726 "http://renault.activities.at/account" "Mozilla/5.0 (Windows NT 6.1; WOW64; Trident/7.0; rv:11.0) like Gecko"
212.152.158.195 - - [02/Nov/2017:10:32:17 +0100] "GET /images/top_links_divider.gif HTTP/1.1" 200 44 "http://renault.activities.at/account" "Mozilla/5.0 (Windows NT 6.1; WOW64; Trident/7.0; rv:11.0) like Gecko"
212.152.158.195 - - [02/Nov/2017:10:32:17 +0100] "GET /images/menu_divider.gif HTTP/1.1" 200 176 "http://renault.activities.at/account" "Mozilla/5.0 (Windows NT 6.1; WOW64; Trident/7.0; rv:11.0) like Gecko"
212.152.158.195 - - [02/Nov/2017:10:32:17 +0100] "GET /images/nav_divider.gif HTTP/1.1" 200 43 "http://renault.activities.at/account" "Mozilla/5.0 (Windows NT 6.1; WOW64; Trident/7.0; rv:11.0) like Gecko"
212.152.158.195 - - [02/Nov/2017:10:32:17 +0100] "GET /images/menu_button_bg.jpg HTTP/1.1" 200 322 "http://renault.activities.at/account" "Mozilla/5.0 (Windows NT 6.1; WOW64; Trident/7.0; rv:11.0) like Gecko"
212.152.158.195 - - [02/Nov/2017:10:32:17 +0100] "GET /images/sidebar_title_border.gif HTTP/1.1" 200 43 "http://renault.activities.at/account" "Mozilla/5.0 (Windows NT 6.1; WOW64; Trident/7.0; rv:11.0) like Gecko"
212.152.158.195 - - [02/Nov/2017:10:32:17 +0100] "GET /images/sidebar_title_border_top.gif HTTP/1.1" 200 155 "http://renault.activities.at/account" "Mozilla/5.0 (Windows NT 6.1; WOW64; Trident/7.0; rv:11.0) like Gecko"
212.152.158.195 - - [02/Nov/2017:10:32:17 +0100] "GET /images/footer_divider.gif HTTP/1.1" 200 44 "http://renault.activities.at/account" "Mozilla/5.0 (Windows NT 6.1; WOW64; Trident/7.0; rv:11.0) like Gecko"
212.152.158.195 - - [02/Nov/2017:10:32:17 +0100] "GET /images/sidebar_title_corner_right_top.gif HTTP/1.1" 200 383 "http://renault.activities.at/account" "Mozilla/5.0 (Windows NT 6.1; WOW64; Trident/7.0; rv:11.0) like Gecko"
212.152.158.195 - - [02/Nov/2017:10:32:17 +0100] "GET /images/sidebar_title_corner_left_top.gif HTTP/1.1" 200 1124 "http://renault.activities.at/account" "Mozilla/5.0 (Windows NT 6.1; WOW64; Trident/7.0; rv:11.0) like Gecko"
212.152.158.195 - - [02/Nov/2017:10:32:17 +0100] "GET /loadthumbnail.php?id=10203651&width=50&height=50 HTTP/1.1" 200 1234 "http://renault.activities.at/account" "Mozilla/5.0 (Windows NT 6.1; WOW64; Trident/7.0; rv:11.0) like Gecko"
212.152.158.195 - - [02/Nov/2017:10:32:17 +0100] "GET /favicon.ico HTTP/1.1" 200 3250 "-" "Mozilla/5.0 (Windows NT 6.1; WOW64; Trident/7.0; rv:11.0) like Gecko"
212.152.158.195 - - [02/Nov/2017:10:32:21 +0100] "GET /11641168 HTTP/1.1" 200 5921 "http://renault.activities.at/account" "Mozilla/5.0 (Windows NT 6.1; WOW64; Trident/7.0; rv:11.0) like Gecko"
212.152.158.195 - - [02/Nov/2017:10:32:24 +0100] "GET /images/icons/lupe.gif HTTP/1.1" 200 324 "http://renault.activities.at/11641168" "Mozilla/5.0 (Windows NT 6.1; WOW64; Trident/7.0; rv:11.0) like Gecko"
212.152.158.195 - - [02/Nov/2017:10:32:25 +0100] "GET /images/pager_bg.gif HTTP/1.1" 200 150 "http://renault.activities.at/11641168" "Mozilla/5.0 (Windows NT 6.1; WOW64; Trident/7.0; rv:11.0) like Gecko"
212.152.158.195 - - [02/Nov/2017:10:32:34 +0100] "GET /orders HTTP/1.1" 200 5444 "http://renault.activities.at/11641168" "Mozilla/5.0 (Windows NT 6.1; WOW64; Trident/7.0; rv:11.0) like Gecko"
