212.152.158.195 - - [15/Nov/2017:11:09:20 +0100] "GET /reload?ser=1510740703440 HTTP/1.1" 200 28 "http://renault.activities.at/11644587" "Mozilla/5.0 (Windows NT 6.1; Win64; x64) AppleWebKit/537.36 (KHTML, like Gecko) Chrome/61.0.3163.100 Safari/537.36"
193.194.132.72 - - [15/Nov/2017:11:09:34 +0100] "GET /reload?ser=1510740574579 HTTP/1.1" 200 28 "http://renault.2web.at/success" "Mozilla/5.0 (Windows NT 6.1; WOW64; Trident/7.0; rv:11.0) like Gecko"
89.16.198.102 - - [15/Nov/2017:11:09:41 +0100] "GET /reload?ser=1510740430691 HTTP/1.1" 200 1254 "http://renault.activities.at/" "Mozilla/5.0 (Windows NT 10.0; Win64; x64; rv:56.0) Gecko/20100101 Firefox/56.0"
77.119.246.241 - - [15/Nov/2017:11:10:08 +0100] "GET /reload?ser=1510740608236 HTTP/1.1" 200 28 "http://renault.activities.at/11626185" "Mozilla/5.0 (Windows NT 6.1; WOW64; Trident/7.0; rv:11.0) like Gecko"
193.194.132.75 - - [15/Nov/2017:11:10:12 +0100] "GET /reload?ser=1510740611981 HTTP/1.1" 200 28 "http://renault.2web.at/result?searchterm=true&search=REH5281" "Mozilla/5.0 (Windows NT 6.1; WOW64; Trident/7.0; rv:11.0) like Gecko"
212.152.158.195 - - [15/Nov/2017:11:10:22 +0100] "GET /reload?ser=1510740765446 HTTP/1.1" 200 28 "http://renault.activities.at/11644587" "Mozilla/5.0 (Windows NT 6.1; Win64; x64) AppleWebKit/537.36 (KHTML, like Gecko) Chrome/61.0.3163.100 Safari/537.36"
193.194.132.72 - - [15/Nov/2017:11:10:35 +0100] "GET /reload?ser=1510740635605 HTTP/1.1" 200 28 "http://renault.2web.at/success" "Mozilla/5.0 (Windows NT 6.1; WOW64; Trident/7.0; rv:11.0) like Gecko"
89.16.198.102 - - [15/Nov/2017:11:10:41 +0100] "GET /reload?ser=1510740490873 HTTP/1.1" 200 1245 "http://renault.activities.at/" "Mozilla/5.0 (Windows NT 10.0; Win64; x64; rv:56.0) Gecko/20100101 Firefox/56.0"
77.119.246.241 - - [15/Nov/2017:11:11:09 +0100] "GET /reload?ser=1510740669381 HTTP/1.1" 200 28 "http://renault.activities.at/11626185" "Mozilla/5.0 (Windows NT 6.1; WOW64; Trident/7.0; rv:11.0) like Gecko"
193.194.132.75 - - [15/Nov/2017:11:11:13 +0100] "GET /reload?ser=1510740673007 HTTP/1.1" 200 28 "http://renault.2web.at/result?searchterm=true&search=REH5281" "Mozilla/5.0 (Windows NT 6.1; WOW64; Trident/7.0; rv:11.0) like Gecko"
212.152.158.195 - - [15/Nov/2017:11:11:23 +0100] "GET /reload?ser=1510740826453 HTTP/1.1" 200 28 "http://renault.activities.at/11644587" "Mozilla/5.0 (Windows NT 6.1; Win64; x64) AppleWebKit/537.36 (KHTML, like Gecko) Chrome/61.0.3163.100 Safari/537.36"
193.194.132.72 - - [15/Nov/2017:11:11:36 +0100] "GET /reload?ser=1510740696681 HTTP/1.1" 200 28 "http://renault.2web.at/success" "Mozilla/5.0 (Windows NT 6.1; WOW64; Trident/7.0; rv:11.0) like Gecko"
89.16.198.102 - - [15/Nov/2017:11:11:41 +0100] "GET /reload?ser=1510740551053 HTTP/1.1" 200 1242 "http://renault.activities.at/" "Mozilla/5.0 (Windows NT 10.0; Win64; x64; rv:56.0) Gecko/20100101 Firefox/56.0"
77.119.246.241 - - [15/Nov/2017:11:12:10 +0100] "GET /reload?ser=1510740730443 HTTP/1.1" 200 28 "http://renault.activities.at/11626185" "Mozilla/5.0 (Windows NT 6.1; WOW64; Trident/7.0; rv:11.0) like Gecko"
193.194.132.75 - - [15/Nov/2017:11:12:14 +0100] "GET /reload?ser=1510740734085 HTTP/1.1" 200 28 "http://renault.2web.at/result?searchterm=true&search=REH5281" "Mozilla/5.0 (Windows NT 6.1; WOW64; Trident/7.0; rv:11.0) like Gecko"
212.152.158.195 - - [15/Nov/2017:11:12:24 +0100] "GET /reload?ser=1510740887459 HTTP/1.1" 200 28 "http://renault.activities.at/11644587" "Mozilla/5.0 (Windows NT 6.1; Win64; x64) AppleWebKit/537.36 (KHTML, like Gecko) Chrome/61.0.3163.100 Safari/537.36"
193.194.132.72 - - [15/Nov/2017:11:12:37 +0100] "GET /reload?ser=1510740757696 HTTP/1.1" 200 28 "http://renault.2web.at/success" "Mozilla/5.0 (Windows NT 6.1; WOW64; Trident/7.0; rv:11.0) like Gecko"
89.16.198.102 - - [15/Nov/2017:11:12:41 +0100] "GET /reload?ser=1510740611239 HTTP/1.1" 200 1248 "http://renault.activities.at/" "Mozilla/5.0 (Windows NT 10.0; Win64; x64; rv:56.0) Gecko/20100101 Firefox/56.0"
77.119.246.241 - - [15/Nov/2017:11:13:11 +0100] "GET /reload?ser=1510740791493 HTTP/1.1" 200 28 "http://renault.activities.at/11626185" "Mozilla/5.0 (Windows NT 6.1; WOW64; Trident/7.0; rv:11.0) like Gecko"
193.194.132.75 - - [15/Nov/2017:11:13:15 +0100] "GET /reload?ser=1510740795153 HTTP/1.1" 200 28 "http://renault.2web.at/result?searchterm=true&search=REH5281" "Mozilla/5.0 (Windows NT 6.1; WOW64; Trident/7.0; rv:11.0) like Gecko"
212.152.158.195 - - [15/Nov/2017:11:13:25 +0100] "GET /reload?ser=1510740948465 HTTP/1.1" 200 28 "http://renault.activities.at/11644587" "Mozilla/5.0 (Windows NT 6.1; Win64; x64) AppleWebKit/537.36 (KHTML, like Gecko) Chrome/61.0.3163.100 Safari/537.36"
193.194.132.72 - - [15/Nov/2017:11:13:38 +0100] "GET /reload?ser=1510740818794 HTTP/1.1" 200 28 "http://renault.2web.at/success" "Mozilla/5.0 (Windows NT 6.1; WOW64; Trident/7.0; rv:11.0) like Gecko"
89.16.198.102 - - [15/Nov/2017:11:13:41 +0100] "GET /reload?ser=1510740671413 HTTP/1.1" 200 1246 "http://renault.activities.at/" "Mozilla/5.0 (Windows NT 10.0; Win64; x64; rv:56.0) Gecko/20100101 Firefox/56.0"
77.119.246.241 - - [15/Nov/2017:11:14:12 +0100] "GET /reload?ser=1510740852571 HTTP/1.1" 200 28 "http://renault.activities.at/11626185" "Mozilla/5.0 (Windows NT 6.1; WOW64; Trident/7.0; rv:11.0) like Gecko"
193.194.132.75 - - [15/Nov/2017:11:14:16 +0100] "GET /reload?ser=1510740856247 HTTP/1.1" 200 28 "http://renault.2web.at/result?searchterm=true&search=REH5281" "Mozilla/5.0 (Windows NT 6.1; WOW64; Trident/7.0; rv:11.0) like Gecko"
212.152.158.195 - - [15/Nov/2017:11:14:26 +0100] "GET /reload?ser=1510741009472 HTTP/1.1" 200 28 "http://renault.activities.at/11644587" "Mozilla/5.0 (Windows NT 6.1; Win64; x64) AppleWebKit/537.36 (KHTML, like Gecko) Chrome/61.0.3163.100 Safari/537.36"
193.194.132.72 - - [15/Nov/2017:11:14:39 +0100] "GET /reload?ser=1510740879836 HTTP/1.1" 200 28 "http://renault.2web.at/success" "Mozilla/5.0 (Windows NT 6.1; WOW64; Trident/7.0; rv:11.0) like Gecko"
89.16.198.102 - - [15/Nov/2017:11:14:41 +0100] "GET /reload?ser=1510740731589 HTTP/1.1" 200 1252 "http://renault.activities.at/" "Mozilla/5.0 (Windows NT 10.0; Win64; x64; rv:56.0) Gecko/20100101 Firefox/56.0"
77.119.246.241 - - [15/Nov/2017:11:15:13 +0100] "GET /reload?ser=1510740913645 HTTP/1.1" 200 28 "http://renault.activities.at/11626185" "Mozilla/5.0 (Windows NT 6.1; WOW64; Trident/7.0; rv:11.0) like Gecko"
193.194.132.75 - - [15/Nov/2017:11:15:17 +0100] "GET /reload?ser=1510740917335 HTTP/1.1" 200 28 "http://renault.2web.at/result?searchterm=true&search=REH5281" "Mozilla/5.0 (Windows NT 6.1; WOW64; Trident/7.0; rv:11.0) like Gecko"
212.152.158.195 - - [15/Nov/2017:11:15:34 +0100] "GET /reload?ser=1510741074478 HTTP/1.1" 200 28 "http://renault.activities.at/11644587" "Mozilla/5.0 (Windows NT 6.1; Win64; x64) AppleWebKit/537.36 (KHTML, like Gecko) Chrome/61.0.3163.100 Safari/537.36"
193.194.132.72 - - [15/Nov/2017:11:15:41 +0100] "GET /reload?ser=1510740940905 HTTP/1.1" 200 28 "http://renault.2web.at/success" "Mozilla/5.0 (Windows NT 6.1; WOW64; Trident/7.0; rv:11.0) like Gecko"
89.16.198.102 - - [15/Nov/2017:11:15:42 +0100] "GET /reload?ser=1510740791764 HTTP/1.1" 200 1250 "http://renault.activities.at/" "Mozilla/5.0 (Windows NT 10.0; Win64; x64; rv:56.0) Gecko/20100101 Firefox/56.0"
77.119.246.241 - - [15/Nov/2017:11:16:14 +0100] "GET /reload?ser=1510740974671 HTTP/1.1" 200 28 "http://renault.activities.at/11626185" "Mozilla/5.0 (Windows NT 6.1; WOW64; Trident/7.0; rv:11.0) like Gecko"
193.194.132.75 - - [15/Nov/2017:11:16:18 +0100] "GET /reload?ser=1510740978398 HTTP/1.1" 200 28 "http://renault.2web.at/result?searchterm=true&search=REH5281" "Mozilla/5.0 (Windows NT 6.1; WOW64; Trident/7.0; rv:11.0) like Gecko"
212.152.158.195 - - [15/Nov/2017:11:16:35 +0100] "GET /reload?ser=1510741138485 HTTP/1.1" 200 28 "http://renault.activities.at/11644587" "Mozilla/5.0 (Windows NT 6.1; Win64; x64) AppleWebKit/537.36 (KHTML, like Gecko) Chrome/61.0.3163.100 Safari/537.36"
89.16.198.102 - - [15/Nov/2017:11:16:42 +0100] "GET /reload?ser=1510740851954 HTTP/1.1" 200 1252 "http://renault.activities.at/" "Mozilla/5.0 (Windows NT 10.0; Win64; x64; rv:56.0) Gecko/20100101 Firefox/56.0"
193.194.132.72 - - [15/Nov/2017:11:16:42 +0100] "GET /reload?ser=1510741001922 HTTP/1.1" 200 28 "http://renault.2web.at/success" "Mozilla/5.0 (Windows NT 6.1; WOW64; Trident/7.0; rv:11.0) like Gecko"
77.119.246.241 - - [15/Nov/2017:11:17:16 +0100] "GET /reload?ser=1510741035779 HTTP/1.1" 200 28 "http://renault.activities.at/11626185" "Mozilla/5.0 (Windows NT 6.1; WOW64; Trident/7.0; rv:11.0) like Gecko"
193.194.132.75 - - [15/Nov/2017:11:17:19 +0100] "GET /reload?ser=1510741039427 HTTP/1.1" 200 28 "http://renault.2web.at/result?searchterm=true&search=REH5281" "Mozilla/5.0 (Windows NT 6.1; WOW64; Trident/7.0; rv:11.0) like Gecko"
212.152.158.195 - - [15/Nov/2017:11:17:36 +0100] "GET /reload?ser=1510741199491 HTTP/1.1" 200 28 "http://renault.activities.at/11644587" "Mozilla/5.0 (Windows NT 6.1; Win64; x64) AppleWebKit/537.36 (KHTML, like Gecko) Chrome/61.0.3163.100 Safari/537.36"
89.16.198.102 - - [15/Nov/2017:11:17:42 +0100] "GET /reload?ser=1510740912145 HTTP/1.1" 200 1245 "http://renault.activities.at/" "Mozilla/5.0 (Windows NT 10.0; Win64; x64; rv:56.0) Gecko/20100101 Firefox/56.0"
193.194.132.72 - - [15/Nov/2017:11:17:43 +0100] "GET /reload?ser=1510741063014 HTTP/1.1" 200 28 "http://renault.2web.at/success" "Mozilla/5.0 (Windows NT 6.1; WOW64; Trident/7.0; rv:11.0) like Gecko"
77.119.246.241 - - [15/Nov/2017:11:18:17 +0100] "GET /reload?ser=1510741096859 HTTP/1.1" 200 28 "http://renault.activities.at/11626185" "Mozilla/5.0 (Windows NT 6.1; WOW64; Trident/7.0; rv:11.0) like Gecko"
193.194.132.75 - - [15/Nov/2017:11:18:20 +0100] "GET /reload?ser=1510741100509 HTTP/1.1" 200 28 "http://renault.2web.at/result?searchterm=true&search=REH5281" "Mozilla/5.0 (Windows NT 6.1; WOW64; Trident/7.0; rv:11.0) like Gecko"
82.149.111.160 - - [15/Nov/2017:11:18:30 +0100] "GET / HTTP/1.1" 200 3890 "-" "Mozilla/5.0 (compatible; MSIE 9.0; Windows NT 6.0; Trident/5.0)"
82.149.111.160 - - [15/Nov/2017:11:18:32 +0100] "GET /js/flashdetection.js HTTP/1.1" 200 1059 "http://renault.activities.at/" "Mozilla/5.0 (compatible; MSIE 9.0; Windows NT 6.0; Trident/5.0)"
82.149.111.160 - - [15/Nov/2017:11:18:32 +0100] "GET /css/styles.css HTTP/1.1" 304 - "http://renault.activities.at/" "Mozilla/5.0 (compatible; MSIE 9.0; Windows NT 6.0; Trident/5.0)"
82.149.111.160 - - [15/Nov/2017:11:18:32 +0100] "GET /images/header_block_border.gif HTTP/1.1" 200 43 "http://renault.activities.at/" "Mozilla/5.0 (compatible; MSIE 9.0; Windows NT 6.0; Trident/5.0)"
82.149.111.160 - - [15/Nov/2017:11:18:32 +0100] "GET /images/main_block_border.gif HTTP/1.1" 200 43 "http://renault.activities.at/" "Mozilla/5.0 (compatible; MSIE 9.0; Windows NT 6.0; Trident/5.0)"
82.149.111.160 - - [15/Nov/2017:11:18:32 +0100] "GET /images/main_block_corner_right_top.gif HTTP/1.1" 200 159 "http://renault.activities.at/" "Mozilla/5.0 (compatible; MSIE 9.0; Windows NT 6.0; Trident/5.0)"
82.149.111.160 - - [15/Nov/2017:11:18:32 +0100] "GET /images/main_block_corner_left_top.gif HTTP/1.1" 200 159 "http://renault.activities.at/" "Mozilla/5.0 (compatible; MSIE 9.0; Windows NT 6.0; Trident/5.0)"
82.149.111.160 - - [15/Nov/2017:11:18:32 +0100] "GET /images/header_block_corner_left_top.gif HTTP/1.1" 200 160 "http://renault.activities.at/" "Mozilla/5.0 (compatible; MSIE 9.0; Windows NT 6.0; Trident/5.0)"
82.149.111.160 - - [15/Nov/2017:11:18:32 +0100] "GET /images/header_block_corner_right_top.gif HTTP/1.1" 200 160 "http://renault.activities.at/" "Mozilla/5.0 (compatible; MSIE 9.0; Windows NT 6.0; Trident/5.0)"
82.149.111.160 - - [15/Nov/2017:11:18:32 +0100] "GET /images/main_block_corner_left_bot.gif HTTP/1.1" 200 159 "http://renault.activities.at/" "Mozilla/5.0 (compatible; MSIE 9.0; Windows NT 6.0; Trident/5.0)"
82.149.111.160 - - [15/Nov/2017:11:18:32 +0100] "GET /images/main_block_corner_right_bot.gif HTTP/1.1" 200 158 "http://renault.activities.at/" "Mozilla/5.0 (compatible; MSIE 9.0; Windows NT 6.0; Trident/5.0)"
82.149.111.160 - - [15/Nov/2017:11:18:32 +0100] "GET /images/title_border.jpg HTTP/1.1" 200 304 "http://renault.activities.at/" "Mozilla/5.0 (compatible; MSIE 9.0; Windows NT 6.0; Trident/5.0)"
82.149.111.160 - - [15/Nov/2017:11:18:32 +0100] "GET /images/title_border_top.jpg HTTP/1.1" 200 336 "http://renault.activities.at/" "Mozilla/5.0 (compatible; MSIE 9.0; Windows NT 6.0; Trident/5.0)"
82.149.111.160 - - [15/Nov/2017:11:18:32 +0100] "GET /images/title_corner_right_top.jpg HTTP/1.1" 200 389 "http://renault.activities.at/" "Mozilla/5.0 (compatible; MSIE 9.0; Windows NT 6.0; Trident/5.0)"
82.149.111.160 - - [15/Nov/2017:11:18:32 +0100] "GET /images/title_corner_left_top.jpg HTTP/1.1" 200 372 "http://renault.activities.at/" "Mozilla/5.0 (compatible; MSIE 9.0; Windows NT 6.0; Trident/5.0)"
82.149.111.160 - - [15/Nov/2017:11:18:32 +0100] "GET /loadthumbnail.php?id=11127982 HTTP/1.1" 200 399614 "http://renault.activities.at/" "Mozilla/5.0 (compatible; MSIE 9.0; Windows NT 6.0; Trident/5.0)"
82.149.111.160 - - [15/Nov/2017:11:18:33 +0100] "GET /images/favicon.ico HTTP/1.1" 404 305 "-" "Mozilla/5.0 (compatible; MSIE 9.0; Windows NT 6.0; Trident/5.0)"
82.149.111.160 - - [15/Nov/2017:11:18:36 +0100] "GET /login HTTP/1.1" 200 2086 "http://renault.activities.at/" "Mozilla/5.0 (compatible; MSIE 9.0; Windows NT 6.0; Trident/5.0)"
82.149.111.160 - - [15/Nov/2017:11:18:37 +0100] "GET /images/button_left_bg.gif HTTP/1.1" 200 564 "http://renault.activities.at/login" "Mozilla/5.0 (compatible; MSIE 9.0; Windows NT 6.0; Trident/5.0)"
82.149.111.160 - - [15/Nov/2017:11:18:37 +0100] "GET /images/button_bg.gif HTTP/1.1" 200 151 "http://renault.activities.at/login" "Mozilla/5.0 (compatible; MSIE 9.0; Windows NT 6.0; Trident/5.0)"
82.149.111.160 - - [15/Nov/2017:11:18:37 +0100] "GET /images/button_right_bg.gif HTTP/1.1" 200 561 "http://renault.activities.at/login" "Mozilla/5.0 (compatible; MSIE 9.0; Windows NT 6.0; Trident/5.0)"
82.149.111.160 - - [15/Nov/2017:11:18:37 +0100] "GET /images/favicon.ico HTTP/1.1" 404 305 "-" "Mozilla/5.0 (compatible; MSIE 9.0; Windows NT 6.0; Trident/5.0)"
212.152.158.195 - - [15/Nov/2017:11:18:38 +0100] "GET /reload?ser=1510741261498 HTTP/1.1" 200 28 "http://renault.activities.at/11644587" "Mozilla/5.0 (Windows NT 6.1; Win64; x64) AppleWebKit/537.36 (KHTML, like Gecko) Chrome/61.0.3163.100 Safari/537.36"
89.16.198.102 - - [15/Nov/2017:11:18:42 +0100] "GET /reload?ser=1510740972324 HTTP/1.1" 200 1252 "http://renault.activities.at/" "Mozilla/5.0 (Windows NT 10.0; Win64; x64; rv:56.0) Gecko/20100101 Firefox/56.0"
193.194.132.72 - - [15/Nov/2017:11:18:44 +0100] "GET /reload?ser=1510741124074 HTTP/1.1" 200 28 "http://renault.2web.at/success" "Mozilla/5.0 (Windows NT 6.1; WOW64; Trident/7.0; rv:11.0) like Gecko"
82.149.111.160 - - [15/Nov/2017:11:19:00 +0100] "POST /login HTTP/1.1" 302 140 "http://renault.activities.at/login" "Mozilla/5.0 (compatible; MSIE 9.0; Windows NT 6.0; Trident/5.0)"
82.149.111.160 - - [15/Nov/2017:11:19:02 +0100] "GET /account HTTP/1.1" 200 6485 "http://renault.activities.at/login" "Mozilla/5.0 (compatible; MSIE 9.0; Windows NT 6.0; Trident/5.0)"
82.149.111.160 - - [15/Nov/2017:11:19:05 +0100] "GET /js/account.js HTTP/1.1" 200 953 "http://renault.activities.at/account" "Mozilla/5.0 (compatible; MSIE 9.0; Windows NT 6.0; Trident/5.0)"
82.149.111.160 - - [15/Nov/2017:11:19:05 +0100] "GET /js/account.js HTTP/1.1" 200 953 "http://renault.activities.at/account" "Mozilla/5.0 (compatible; MSIE 9.0; Windows NT 6.0; Trident/5.0)"
82.149.111.160 - - [15/Nov/2017:11:19:05 +0100] "GET /images/sidebar_title_border.gif HTTP/1.1" 200 43 "http://renault.activities.at/account" "Mozilla/5.0 (compatible; MSIE 9.0; Windows NT 6.0; Trident/5.0)"
82.149.111.160 - - [15/Nov/2017:11:19:05 +0100] "GET /images/menu_divider.gif HTTP/1.1" 200 176 "http://renault.activities.at/account" "Mozilla/5.0 (compatible; MSIE 9.0; Windows NT 6.0; Trident/5.0)"
82.149.111.160 - - [15/Nov/2017:11:19:05 +0100] "GET /images/top_links_divider.gif HTTP/1.1" 200 44 "http://renault.activities.at/account" "Mozilla/5.0 (compatible; MSIE 9.0; Windows NT 6.0; Trident/5.0)"
82.149.111.160 - - [15/Nov/2017:11:19:05 +0100] "GET /images/search_bg.gif HTTP/1.1" 200 1726 "http://renault.activities.at/account" "Mozilla/5.0 (compatible; MSIE 9.0; Windows NT 6.0; Trident/5.0)"
82.149.111.160 - - [15/Nov/2017:11:19:05 +0100] "GET /images/nav_divider.gif HTTP/1.1" 200 43 "http://renault.activities.at/account" "Mozilla/5.0 (compatible; MSIE 9.0; Windows NT 6.0; Trident/5.0)"
82.149.111.160 - - [15/Nov/2017:11:19:05 +0100] "GET /images/menu_button_bg.jpg HTTP/1.1" 200 322 "http://renault.activities.at/account" "Mozilla/5.0 (compatible; MSIE 9.0; Windows NT 6.0; Trident/5.0)"
82.149.111.160 - - [15/Nov/2017:11:19:05 +0100] "GET /loadthumbnail.php?id=10260863&width=50&height=50 HTTP/1.1" 200 734 "http://renault.activities.at/account" "Mozilla/5.0 (compatible; MSIE 9.0; Windows NT 6.0; Trident/5.0)"
82.149.111.160 - - [15/Nov/2017:11:19:05 +0100] "GET /loadthumbnail.php?id=10431937&width=50&height=50 HTTP/1.1" 200 734 "http://renault.activities.at/account" "Mozilla/5.0 (compatible; MSIE 9.0; Windows NT 6.0; Trident/5.0)"
82.149.111.160 - - [15/Nov/2017:11:19:05 +0100] "GET /loadthumbnail.php?id=11361003&width=50&height=50 HTTP/1.1" 200 1283 "http://renault.activities.at/account" "Mozilla/5.0 (compatible; MSIE 9.0; Windows NT 6.0; Trident/5.0)"
82.149.111.160 - - [15/Nov/2017:11:19:05 +0100] "GET /images/sidebar_title_border_top.gif HTTP/1.1" 200 155 "http://renault.activities.at/account" "Mozilla/5.0 (compatible; MSIE 9.0; Windows NT 6.0; Trident/5.0)"
82.149.111.160 - - [15/Nov/2017:11:19:05 +0100] "GET /images/sidebar_title_corner_left_top.gif HTTP/1.1" 200 1124 "http://renault.activities.at/account" "Mozilla/5.0 (compatible; MSIE 9.0; Windows NT 6.0; Trident/5.0)"
82.149.111.160 - - [15/Nov/2017:11:19:05 +0100] "GET /loadthumbnail.php?id=11423557&width=50&height=50 HTTP/1.1" 200 1235 "http://renault.activities.at/account" "Mozilla/5.0 (compatible; MSIE 9.0; Windows NT 6.0; Trident/5.0)"
82.149.111.160 - - [15/Nov/2017:11:19:05 +0100] "GET /images/sidebar_title_corner_right_top.gif HTTP/1.1" 200 383 "http://renault.activities.at/account" "Mozilla/5.0 (compatible; MSIE 9.0; Windows NT 6.0; Trident/5.0)"
82.149.111.160 - - [15/Nov/2017:11:19:05 +0100] "GET /images/sub_title_bg.jpg HTTP/1.1" 200 314 "http://renault.activities.at/account" "Mozilla/5.0 (compatible; MSIE 9.0; Windows NT 6.0; Trident/5.0)"
82.149.111.160 - - [15/Nov/2017:11:19:05 +0100] "GET /images/footer_divider.gif HTTP/1.1" 200 44 "http://renault.activities.at/account" "Mozilla/5.0 (compatible; MSIE 9.0; Windows NT 6.0; Trident/5.0)"
82.149.111.160 - - [15/Nov/2017:11:19:05 +0100] "GET /loadthumbnail.php?id=10260890&width=50&height=50 HTTP/1.1" 200 734 "http://renault.activities.at/account" "Mozilla/5.0 (compatible; MSIE 9.0; Windows NT 6.0; Trident/5.0)"
82.149.111.160 - - [15/Nov/2017:11:19:05 +0100] "GET /loadthumbnail.php?id=11255648&width=50&height=50 HTTP/1.1" 200 748 "http://renault.activities.at/account" "Mozilla/5.0 (compatible; MSIE 9.0; Windows NT 6.0; Trident/5.0)"
82.149.111.160 - - [15/Nov/2017:11:19:05 +0100] "GET /loadthumbnail.php?id=10260903&width=50&height=50 HTTP/1.1" 200 734 "http://renault.activities.at/account" "Mozilla/5.0 (compatible; MSIE 9.0; Windows NT 6.0; Trident/5.0)"
82.149.111.160 - - [15/Nov/2017:11:19:05 +0100] "GET /loadthumbnail.php?id=11141133&width=50&height=50 HTTP/1.1" 200 682 "http://renault.activities.at/account" "Mozilla/5.0 (compatible; MSIE 9.0; Windows NT 6.0; Trident/5.0)"
82.149.111.160 - - [15/Nov/2017:11:19:05 +0100] "GET /loadthumbnail.php?id=10995605&width=50&height=50 HTTP/1.1" 200 735 "http://renault.activities.at/account" "Mozilla/5.0 (compatible; MSIE 9.0; Windows NT 6.0; Trident/5.0)"
82.149.111.160 - - [15/Nov/2017:11:19:05 +0100] "GET /loadthumbnail.php?id=11036124&width=50&height=50 HTTP/1.1" 200 754 "http://renault.activities.at/account" "Mozilla/5.0 (compatible; MSIE 9.0; Windows NT 6.0; Trident/5.0)"
77.119.246.241 - - [15/Nov/2017:11:19:18 +0100] "GET /reload?ser=1510741158027 HTTP/1.1" 200 28 "http://renault.activities.at/11626185" "Mozilla/5.0 (Windows NT 6.1; WOW64; Trident/7.0; rv:11.0) like Gecko"
193.194.132.75 - - [15/Nov/2017:11:19:21 +0100] "GET /reload?ser=1510741161577 HTTP/1.1" 200 28 "http://renault.2web.at/result?searchterm=true&search=REH5281" "Mozilla/5.0 (Windows NT 6.1; WOW64; Trident/7.0; rv:11.0) like Gecko"
82.149.111.160 - - [15/Nov/2017:11:19:26 +0100] "POST /axjaxrequest?mode=suggest HTTP/1.1" 200 111 "http://renault.activities.at/account" "Mozilla/5.0 (compatible; MSIE 9.0; Windows NT 6.0; Trident/5.0)"
82.149.111.160 - - [15/Nov/2017:11:19:27 +0100] "GET /result?searchterm=true&search=Captur HTTP/1.1" 200 8914 "http://renault.activities.at/account" "Mozilla/5.0 (compatible; MSIE 9.0; Windows NT 6.0; Trident/5.0)"
82.149.111.160 - - [15/Nov/2017:11:19:30 +0100] "GET /images/loading.gif HTTP/1.1" 200 3208 "http://renault.activities.at/result?searchterm=true&search=Captur" "Mozilla/5.0 (compatible; MSIE 9.0; Windows NT 6.0; Trident/5.0)"
82.149.111.160 - - [15/Nov/2017:11:19:30 +0100] "GET /loadthumbnail.php?id=10203276 HTTP/1.1" 200 75 "http://renault.activities.at/result?searchterm=true&search=Captur" "Mozilla/5.0 (compatible; MSIE 9.0; Windows NT 6.0; Trident/5.0)"
82.149.111.160 - - [15/Nov/2017:11:19:30 +0100] "GET /loadthumbnail.php?id=10203255 HTTP/1.1" 200 137 "http://renault.activities.at/result?searchterm=true&search=Captur" "Mozilla/5.0 (compatible; MSIE 9.0; Windows NT 6.0; Trident/5.0)"
82.149.111.160 - - [15/Nov/2017:11:19:30 +0100] "GET /loadthumbnail.php?id=11387766&width=113 HTTP/1.1" 200 5767 "http://renault.activities.at/result?searchterm=true&search=Captur" "Mozilla/5.0 (compatible; MSIE 9.0; Windows NT 6.0; Trident/5.0)"
82.149.111.160 - - [15/Nov/2017:11:19:30 +0100] "GET /loadthumbnail.php?id=11522274&width=113 HTTP/1.1" 200 32478 "http://renault.activities.at/result?searchterm=true&search=Captur" "Mozilla/5.0 (compatible; MSIE 9.0; Windows NT 6.0; Trident/5.0)"
82.149.111.160 - - [15/Nov/2017:11:19:30 +0100] "GET /js/PIE/PIE.htc HTTP/1.1" 200 41041 "-" "Mozilla/5.0 (compatible; MSIE 9.0; Windows NT 6.0; Trident/5.0)"
82.149.111.160 - - [15/Nov/2017:11:19:30 +0100] "GET /loadthumbnail.php?id=11548693&width=113 HTTP/1.1" 200 18681 "http://renault.activities.at/result?searchterm=true&search=Captur" "Mozilla/5.0 (compatible; MSIE 9.0; Windows NT 6.0; Trident/5.0)"
82.149.111.160 - - [15/Nov/2017:11:19:30 +0100] "GET /loadthumbnail.php?id=11487278&width=113 HTTP/1.1" 200 23060 "http://renault.activities.at/result?searchterm=true&search=Captur" "Mozilla/5.0 (compatible; MSIE 9.0; Windows NT 6.0; Trident/5.0)"
82.149.111.160 - - [15/Nov/2017:11:19:30 +0100] "GET /images/vista-up.gif HTTP/1.1" 200 131 "http://renault.activities.at/result?searchterm=true&search=Captur" "Mozilla/5.0 (compatible; MSIE 9.0; Windows NT 6.0; Trident/5.0)"
82.149.111.160 - - [15/Nov/2017:11:19:30 +0100] "GET /js/PIE/PIE.htc HTTP/1.1" 200 41041 "http://renault.activities.at/account" "Mozilla/5.0 (compatible; MSIE 9.0; Windows NT 6.0; Trident/5.0)"
82.149.111.160 - - [15/Nov/2017:11:19:30 +0100] "GET /images/pager_bg.gif HTTP/1.1" 200 150 "http://renault.activities.at/result?searchterm=true&search=Captur" "Mozilla/5.0 (compatible; MSIE 9.0; Windows NT 6.0; Trident/5.0)"
82.149.111.160 - - [15/Nov/2017:11:19:30 +0100] "GET /loadthumbnail.php?id=11181187&width=113 HTTP/1.1" 200 1532 "http://renault.activities.at/result?searchterm=true&search=Captur" "Mozilla/5.0 (compatible; MSIE 9.0; Windows NT 6.0; Trident/5.0)"
82.149.111.160 - - [15/Nov/2017:11:19:30 +0100] "GET /images/vista-dn.gif HTTP/1.1" 200 128 "http://renault.activities.at/result?searchterm=true&search=Captur" "Mozilla/5.0 (compatible; MSIE 9.0; Windows NT 6.0; Trident/5.0)"
82.149.111.160 - - [15/Nov/2017:11:19:30 +0100] "GET /images/validation_advice_bg.gif HTTP/1.1" 200 134 "http://renault.activities.at/result?searchterm=true&search=Captur" "Mozilla/5.0 (compatible; MSIE 9.0; Windows NT 6.0; Trident/5.0)"
82.149.111.160 - - [15/Nov/2017:11:19:30 +0100] "GET /loadthumbnail.php?id=11181185&width=113 HTTP/1.1" 200 1532 "http://renault.activities.at/result?searchterm=true&search=Captur" "Mozilla/5.0 (compatible; MSIE 9.0; Windows NT 6.0; Trident/5.0)"
82.149.111.160 - - [15/Nov/2017:11:19:30 +0100] "GET /loadthumbnail.php?id=11181180&width=113 HTTP/1.1" 200 1834 "http://renault.activities.at/result?searchterm=true&search=Captur" "Mozilla/5.0 (compatible; MSIE 9.0; Windows NT 6.0; Trident/5.0)"
82.149.111.160 - - [15/Nov/2017:11:19:31 +0100] "GET /loadthumbnail.php?id=11181178&width=113 HTTP/1.1" 200 1834 "http://renault.activities.at/result?searchterm=true&search=Captur" "Mozilla/5.0 (compatible; MSIE 9.0; Windows NT 6.0; Trident/5.0)"
82.149.111.160 - - [15/Nov/2017:11:19:31 +0100] "GET /loadthumbnail.php?id=11181223&width=113 HTTP/1.1" 200 1171 "http://renault.activities.at/result?searchterm=true&search=Captur" "Mozilla/5.0 (compatible; MSIE 9.0; Windows NT 6.0; Trident/5.0)"
82.149.111.160 - - [15/Nov/2017:11:19:31 +0100] "GET /loadthumbnail.php?id=11181221&width=113 HTTP/1.1" 200 1171 "http://renault.activities.at/result?searchterm=true&search=Captur" "Mozilla/5.0 (compatible; MSIE 9.0; Windows NT 6.0; Trident/5.0)"
82.149.111.160 - - [15/Nov/2017:11:19:31 +0100] "GET /loadthumbnail.php?id=11181166&width=113 HTTP/1.1" 200 847 "http://renault.activities.at/result?searchterm=true&search=Captur" "Mozilla/5.0 (compatible; MSIE 9.0; Windows NT 6.0; Trident/5.0)"
82.149.111.160 - - [15/Nov/2017:11:19:31 +0100] "GET /loadthumbnail.php?id=11194713&width=113 HTTP/1.1" 200 1171 "http://renault.activities.at/result?searchterm=true&search=Captur" "Mozilla/5.0 (compatible; MSIE 9.0; Windows NT 6.0; Trident/5.0)"
82.149.111.160 - - [15/Nov/2017:11:19:31 +0100] "GET /loadthumbnail.php?id=10203650&width=113 HTTP/1.1" 200 2741 "http://renault.activities.at/result?searchterm=true&search=Captur" "Mozilla/5.0 (compatible; MSIE 9.0; Windows NT 6.0; Trident/5.0)"
82.149.111.160 - - [15/Nov/2017:11:19:31 +0100] "GET /loadthumbnail.php?id=11181168&width=113 HTTP/1.1" 200 847 "http://renault.activities.at/result?searchterm=true&search=Captur" "Mozilla/5.0 (compatible; MSIE 9.0; Windows NT 6.0; Trident/5.0)"
212.152.158.195 - - [15/Nov/2017:11:19:39 +0100] "GET /reload?ser=1510741322504 HTTP/1.1" 200 28 "http://renault.activities.at/11644587" "Mozilla/5.0 (Windows NT 6.1; Win64; x64) AppleWebKit/537.36 (KHTML, like Gecko) Chrome/61.0.3163.100 Safari/537.36"
89.16.198.102 - - [15/Nov/2017:11:19:42 +0100] "GET /reload?ser=1510741032503 HTTP/1.1" 200 1246 "http://renault.activities.at/" "Mozilla/5.0 (Windows NT 10.0; Win64; x64; rv:56.0) Gecko/20100101 Firefox/56.0"
193.194.132.72 - - [15/Nov/2017:11:19:45 +0100] "GET /reload?ser=1510741185161 HTTP/1.1" 200 28 "http://renault.2web.at/success" "Mozilla/5.0 (Windows NT 6.1; WOW64; Trident/7.0; rv:11.0) like Gecko"
77.119.246.241 - - [15/Nov/2017:11:20:19 +0100] "GET /reload?ser=1510741219136 HTTP/1.1" 200 28 "http://renault.activities.at/11626185" "Mozilla/5.0 (Windows NT 6.1; WOW64; Trident/7.0; rv:11.0) like Gecko"
193.194.132.75 - - [15/Nov/2017:11:20:22 +0100] "GET /reload?ser=1510741222603 HTTP/1.1" 200 28 "http://renault.2web.at/result?searchterm=true&search=REH5281" "Mozilla/5.0 (Windows NT 6.1; WOW64; Trident/7.0; rv:11.0) like Gecko"
82.149.111.160 - - [15/Nov/2017:11:20:31 +0100] "GET /reload?ser=1510741224223 HTTP/1.1" 200 28 "http://renault.activities.at/result?searchterm=true&search=Captur" "Mozilla/5.0 (compatible; MSIE 9.0; Windows NT 6.0; Trident/5.0)"
212.152.158.195 - - [15/Nov/2017:11:20:40 +0100] "GET /reload?ser=1510741383510 HTTP/1.1" 200 28 "http://renault.activities.at/11644587" "Mozilla/5.0 (Windows NT 6.1; Win64; x64) AppleWebKit/537.36 (KHTML, like Gecko) Chrome/61.0.3163.100 Safari/537.36"
89.16.198.102 - - [15/Nov/2017:11:20:43 +0100] "GET /reload?ser=1510741092692 HTTP/1.1" 200 1242 "http://renault.activities.at/" "Mozilla/5.0 (Windows NT 10.0; Win64; x64; rv:56.0) Gecko/20100101 Firefox/56.0"
193.194.132.72 - - [15/Nov/2017:11:20:46 +0100] "GET /reload?ser=1510741246244 HTTP/1.1" 200 28 "http://renault.2web.at/success" "Mozilla/5.0 (Windows NT 6.1; WOW64; Trident/7.0; rv:11.0) like Gecko"
82.149.111.160 - - [15/Nov/2017:11:20:47 +0100] "GET /images/vista-dn-hover.gif HTTP/1.1" 200 127 "http://renault.activities.at/result?searchterm=true&search=Captur" "Mozilla/5.0 (compatible; MSIE 9.0; Windows NT 6.0; Trident/5.0)"
82.149.111.160 - - [15/Nov/2017:11:20:49 +0100] "GET /result?dir=DESC&mode=grid&order=name&limit=15&page=2&search=Captur HTTP/1.1" 200 7522 "http://renault.activities.at/result?searchterm=true&search=Captur" "Mozilla/5.0 (compatible; MSIE 9.0; Windows NT 6.0; Trident/5.0)"
82.149.111.160 - - [15/Nov/2017:11:20:51 +0100] "GET /loadthumbnail.php?id=10203275 HTTP/1.1" 200 85 "http://renault.activities.at/result?dir=DESC&mode=grid&order=name&limit=15&page=2&search=Captur" "Mozilla/5.0 (compatible; MSIE 9.0; Windows NT 6.0; Trident/5.0)"
82.149.111.160 - - [15/Nov/2017:11:20:51 +0100] "GET /loadthumbnail.php?id=11181172&width=113 HTTP/1.1" 200 1576 "http://renault.activities.at/result?dir=DESC&mode=grid&order=name&limit=15&page=2&search=Captur" "Mozilla/5.0 (compatible; MSIE 9.0; Windows NT 6.0; Trident/5.0)"
82.149.111.160 - - [15/Nov/2017:11:20:51 +0100] "GET /loadthumbnail.php?id=11181170&width=113 HTTP/1.1" 200 1576 "http://renault.activities.at/result?dir=DESC&mode=grid&order=name&limit=15&page=2&search=Captur" "Mozilla/5.0 (compatible; MSIE 9.0; Windows NT 6.0; Trident/5.0)"
82.149.111.160 - - [15/Nov/2017:11:20:51 +0100] "GET /loadthumbnail.php?id=11590267&width=113 HTTP/1.1" 200 3213 "http://renault.activities.at/result?dir=DESC&mode=grid&order=name&limit=15&page=2&search=Captur" "Mozilla/5.0 (compatible; MSIE 9.0; Windows NT 6.0; Trident/5.0)"
82.149.111.160 - - [15/Nov/2017:11:20:51 +0100] "GET /loadthumbnail.php?id=11489823&width=113 HTTP/1.1" 200 2857 "http://renault.activities.at/result?dir=DESC&mode=grid&order=name&limit=15&page=2&search=Captur" "Mozilla/5.0 (compatible; MSIE 9.0; Windows NT 6.0; Trident/5.0)"
82.149.111.160 - - [15/Nov/2017:11:20:51 +0100] "GET /loadthumbnail.php?id=11489819&width=113 HTTP/1.1" 200 3862 "http://renault.activities.at/result?dir=DESC&mode=grid&order=name&limit=15&page=2&search=Captur" "Mozilla/5.0 (compatible; MSIE 9.0; Windows NT 6.0; Trident/5.0)"
82.149.111.160 - - [15/Nov/2017:11:20:51 +0100] "GET /loadthumbnail.php?id=10995605&width=113 HTTP/1.1" 200 1252 "http://renault.activities.at/result?dir=DESC&mode=grid&order=name&limit=15&page=2&search=Captur" "Mozilla/5.0 (compatible; MSIE 9.0; Windows NT 6.0; Trident/5.0)"
82.149.111.160 - - [15/Nov/2017:11:20:51 +0100] "GET /loadthumbnail.php?id=11553667&width=113 HTTP/1.1" 200 3081 "http://renault.activities.at/result?dir=DESC&mode=grid&order=name&limit=15&page=2&search=Captur" "Mozilla/5.0 (compatible; MSIE 9.0; Windows NT 6.0; Trident/5.0)"
82.149.111.160 - - [15/Nov/2017:11:20:51 +0100] "GET /loadthumbnail.php?id=11334755&width=113 HTTP/1.1" 200 23865 "http://renault.activities.at/result?dir=DESC&mode=grid&order=name&limit=15&page=2&search=Captur" "Mozilla/5.0 (compatible; MSIE 9.0; Windows NT 6.0; Trident/5.0)"
82.149.111.160 - - [15/Nov/2017:11:21:09 +0100] "GET /result?dir=DESC&mode=grid&order=name&limit=15&page=1&search=Captur HTTP/1.1" 200 8914 "http://renault.activities.at/result?dir=DESC&mode=grid&order=name&limit=15&page=2&search=Captur" "Mozilla/5.0 (compatible; MSIE 9.0; Windows NT 6.0; Trident/5.0)"
77.119.246.241 - - [15/Nov/2017:11:21:20 +0100] "GET /reload?ser=1510741280278 HTTP/1.1" 200 28 "http://renault.activities.at/11626185" "Mozilla/5.0 (Windows NT 6.1; WOW64; Trident/7.0; rv:11.0) like Gecko"
82.149.111.160 - - [15/Nov/2017:11:21:21 +0100] "GET /result?dir=DESC&mode=grid&order=name&limit=15&page=2&search=Captur HTTP/1.1" 200 7522 "http://renault.activities.at/result?dir=DESC&mode=grid&order=name&limit=15&page=1&search=Captur" "Mozilla/5.0 (compatible; MSIE 9.0; Windows NT 6.0; Trident/5.0)"
193.194.132.75 - - [15/Nov/2017:11:21:23 +0100] "GET /reload?ser=1510741283683 HTTP/1.1" 200 28 "http://renault.2web.at/result?searchterm=true&search=REH5281" "Mozilla/5.0 (Windows NT 6.1; WOW64; Trident/7.0; rv:11.0) like Gecko"
82.149.111.160 - - [15/Nov/2017:11:21:27 +0100] "GET /images/vista-up-hover.gif HTTP/1.1" 200 130 "http://renault.activities.at/result?dir=DESC&mode=grid&order=name&limit=15&page=2&search=Captur" "Mozilla/5.0 (compatible; MSIE 9.0; Windows NT 6.0; Trident/5.0)"
82.149.111.160 - - [15/Nov/2017:11:21:32 +0100] "POST /result?dir=DESC&mode=grid&order=name&limit=15&page=2&search=Captur HTTP/1.1" 200 7712 "http://renault.activities.at/result?dir=DESC&mode=grid&order=name&limit=15&page=2&search=Captur" "Mozilla/5.0 (compatible; MSIE 9.0; Windows NT 6.0; Trident/5.0)"
82.149.111.160 - - [15/Nov/2017:11:21:36 +0100] "GET /images/success_msg_icon.gif HTTP/1.1" 200 1024 "http://renault.activities.at/result?dir=DESC&mode=grid&order=name&limit=15&page=2&search=Captur" "Mozilla/5.0 (compatible; MSIE 9.0; Windows NT 6.0; Trident/5.0)"
212.152.158.195 - - [15/Nov/2017:11:21:41 +0100] "GET /reload?ser=1510741444516 HTTP/1.1" 200 28 "http://renault.activities.at/11644587" "Mozilla/5.0 (Windows NT 6.1; Win64; x64) AppleWebKit/537.36 (KHTML, like Gecko) Chrome/61.0.3163.100 Safari/537.36"
89.16.198.102 - - [15/Nov/2017:11:21:43 +0100] "GET /reload?ser=1510741152874 HTTP/1.1" 200 1249 "http://renault.activities.at/" "Mozilla/5.0 (Windows NT 10.0; Win64; x64; rv:56.0) Gecko/20100101 Firefox/56.0"
193.194.132.72 - - [15/Nov/2017:11:21:47 +0100] "GET /reload?ser=1510741307319 HTTP/1.1" 200 28 "http://renault.2web.at/success" "Mozilla/5.0 (Windows NT 6.1; WOW64; Trident/7.0; rv:11.0) like Gecko"
77.119.246.241 - - [15/Nov/2017:11:22:21 +0100] "GET /reload?ser=1510741341387 HTTP/1.1" 200 28 "http://renault.activities.at/11626185" "Mozilla/5.0 (Windows NT 6.1; WOW64; Trident/7.0; rv:11.0) like Gecko"
193.194.132.75 - - [15/Nov/2017:11:22:24 +0100] "GET /reload?ser=1510741344756 HTTP/1.1" 200 28 "http://renault.2web.at/result?searchterm=true&search=REH5281" "Mozilla/5.0 (Windows NT 6.1; WOW64; Trident/7.0; rv:11.0) like Gecko"
82.149.111.160 - - [15/Nov/2017:11:22:36 +0100] "GET /reload?ser=1510741349147 HTTP/1.1" 200 28 "http://renault.activities.at/result?dir=DESC&mode=grid&order=name&limit=15&page=2&search=Captur" "Mozilla/5.0 (compatible; MSIE 9.0; Windows NT 6.0; Trident/5.0)"
212.152.158.195 - - [15/Nov/2017:11:22:42 +0100] "GET /reload?ser=1510741505523 HTTP/1.1" 200 28 "http://renault.activities.at/11644587" "Mozilla/5.0 (Windows NT 6.1; Win64; x64) AppleWebKit/537.36 (KHTML, like Gecko) Chrome/61.0.3163.100 Safari/537.36"
89.16.198.102 - - [15/Nov/2017:11:22:43 +0100] "GET /reload?ser=1510741213057 HTTP/1.1" 200 1245 "http://renault.activities.at/" "Mozilla/5.0 (Windows NT 10.0; Win64; x64; rv:56.0) Gecko/20100101 Firefox/56.0"
193.194.132.72 - - [15/Nov/2017:11:22:48 +0100] "GET /reload?ser=1510741368432 HTTP/1.1" 200 28 "http://renault.2web.at/success" "Mozilla/5.0 (Windows NT 6.1; WOW64; Trident/7.0; rv:11.0) like Gecko"
77.119.246.241 - - [15/Nov/2017:11:23:22 +0100] "GET /reload?ser=1510741402494 HTTP/1.1" 200 28 "http://renault.activities.at/11626185" "Mozilla/5.0 (Windows NT 6.1; WOW64; Trident/7.0; rv:11.0) like Gecko"
193.194.132.75 - - [15/Nov/2017:11:23:25 +0100] "GET /reload?ser=1510741405822 HTTP/1.1" 200 28 "http://renault.2web.at/result?searchterm=true&search=REH5281" "Mozilla/5.0 (Windows NT 6.1; WOW64; Trident/7.0; rv:11.0) like Gecko"
82.149.111.160 - - [15/Nov/2017:11:23:37 +0100] "GET /reload?ser=1510741410111 HTTP/1.1" 200 28 "http://renault.activities.at/result?dir=DESC&mode=grid&order=name&limit=15&page=2&search=Captur" "Mozilla/5.0 (compatible; MSIE 9.0; Windows NT 6.0; Trident/5.0)"
89.16.198.102 - - [15/Nov/2017:11:23:43 +0100] "GET /reload?ser=1510741273264 HTTP/1.1" 200 1250 "http://renault.activities.at/" "Mozilla/5.0 (Windows NT 10.0; Win64; x64; rv:56.0) Gecko/20100101 Firefox/56.0"
212.152.158.195 - - [15/Nov/2017:11:23:43 +0100] "GET /reload?ser=1510741566529 HTTP/1.1" 200 28 "http://renault.activities.at/11644587" "Mozilla/5.0 (Windows NT 6.1; Win64; x64) AppleWebKit/537.36 (KHTML, like Gecko) Chrome/61.0.3163.100 Safari/537.36"
82.149.111.160 - - [15/Nov/2017:11:23:44 +0100] "GET /result?dir=DESC&mode=grid&order=name&limit=15&page=1&search=Captur HTTP/1.1" 200 9002 "http://renault.activities.at/result?dir=DESC&mode=grid&order=name&limit=15&page=2&search=Captur" "Mozilla/5.0 (compatible; MSIE 9.0; Windows NT 6.0; Trident/5.0)"
193.194.132.72 - - [15/Nov/2017:11:23:49 +0100] "GET /reload?ser=1510741429525 HTTP/1.1" 200 28 "http://renault.2web.at/success" "Mozilla/5.0 (Windows NT 6.1; WOW64; Trident/7.0; rv:11.0) like Gecko"
82.149.111.160 - - [15/Nov/2017:11:24:02 +0100] "GET /cart HTTP/1.1" 200 5137 "http://renault.activities.at/result?dir=DESC&mode=grid&order=name&limit=15&page=1&search=Captur" "Mozilla/5.0 (compatible; MSIE 9.0; Windows NT 6.0; Trident/5.0)"
82.149.111.160 - - [15/Nov/2017:11:24:05 +0100] "GET /loadthumbnail.php?id=10232009&width=16&height=16 HTTP/1.1" 200 700 "http://renault.activities.at/cart" "Mozilla/5.0 (compatible; MSIE 9.0; Windows NT 6.0; Trident/5.0)"
82.149.111.160 - - [15/Nov/2017:11:24:05 +0100] "GET /loadthumbnail.php?id=11553667&width=100 HTTP/1.1" 200 2651 "http://renault.activities.at/cart" "Mozilla/5.0 (compatible; MSIE 9.0; Windows NT 6.0; Trident/5.0)"
82.149.111.160 - - [15/Nov/2017:11:24:14 +0100] "POST /cart HTTP/1.1" 200 3834 "http://renault.activities.at/cart" "Mozilla/5.0 (compatible; MSIE 9.0; Windows NT 6.0; Trident/5.0)"
77.119.246.241 - - [15/Nov/2017:11:24:23 +0100] "GET /reload?ser=1510741463562 HTTP/1.1" 200 28 "http://renault.activities.at/11626185" "Mozilla/5.0 (Windows NT 6.1; WOW64; Trident/7.0; rv:11.0) like Gecko"
193.194.132.75 - - [15/Nov/2017:11:24:26 +0100] "GET /reload?ser=1510741466901 HTTP/1.1" 200 28 "http://renault.2web.at/result?searchterm=true&search=REH5281" "Mozilla/5.0 (Windows NT 6.1; WOW64; Trident/7.0; rv:11.0) like Gecko"
89.16.198.102 - - [15/Nov/2017:11:24:43 +0100] "GET /reload?ser=1510741333448 HTTP/1.1" 200 1245 "http://renault.activities.at/" "Mozilla/5.0 (Windows NT 10.0; Win64; x64; rv:56.0) Gecko/20100101 Firefox/56.0"
212.152.158.195 - - [15/Nov/2017:11:24:44 +0100] "GET /reload?ser=1510741627535 HTTP/1.1" 200 28 "http://renault.activities.at/11644587" "Mozilla/5.0 (Windows NT 6.1; Win64; x64) AppleWebKit/537.36 (KHTML, like Gecko) Chrome/61.0.3163.100 Safari/537.36"
193.194.132.72 - - [15/Nov/2017:11:24:50 +0100] "GET /reload?ser=1510741490573 HTTP/1.1" 200 28 "http://renault.2web.at/success" "Mozilla/5.0 (Windows NT 6.1; WOW64; Trident/7.0; rv:11.0) like Gecko"
82.149.111.160 - - [15/Nov/2017:11:25:16 +0100] "GET /reload?ser=1510741508763 HTTP/1.1" 200 28 "http://renault.activities.at/cart" "Mozilla/5.0 (compatible; MSIE 9.0; Windows NT 6.0; Trident/5.0)"
77.119.246.241 - - [15/Nov/2017:11:25:24 +0100] "GET /reload?ser=1510741524744 HTTP/1.1" 200 28 "http://renault.activities.at/11626185" "Mozilla/5.0 (Windows NT 6.1; WOW64; Trident/7.0; rv:11.0) like Gecko"
193.194.132.75 - - [15/Nov/2017:11:25:28 +0100] "GET /reload?ser=1510741527993 HTTP/1.1" 200 28 "http://renault.2web.at/result?searchterm=true&search=REH5281" "Mozilla/5.0 (Windows NT 6.1; WOW64; Trident/7.0; rv:11.0) like Gecko"
89.16.198.102 - - [15/Nov/2017:11:25:43 +0100] "GET /reload?ser=1510741393637 HTTP/1.1" 200 1244 "http://renault.activities.at/" "Mozilla/5.0 (Windows NT 10.0; Win64; x64; rv:56.0) Gecko/20100101 Firefox/56.0"
212.152.158.195 - - [15/Nov/2017:11:25:46 +0100] "GET /reload?ser=1510741689542 HTTP/1.1" 200 28 "http://renault.activities.at/11644587" "Mozilla/5.0 (Windows NT 6.1; Win64; x64) AppleWebKit/537.36 (KHTML, like Gecko) Chrome/61.0.3163.100 Safari/537.36"
193.194.132.72 - - [15/Nov/2017:11:25:51 +0100] "GET /reload?ser=1510741551640 HTTP/1.1" 200 28 "http://renault.2web.at/success" "Mozilla/5.0 (Windows NT 6.1; WOW64; Trident/7.0; rv:11.0) like Gecko"
104.237.243.132 - - [15/Nov/2017:11:26:24 +0100] "GET /reload?ser=1510741627535 HTTP/1.1" 200 10166 "-" "Mozilla/5.0 (Windows NT 6.1; WOW64; rv:27.0) Gecko/20100101 Firefox/27.0"
77.119.246.241 - - [15/Nov/2017:11:26:26 +0100] "GET /reload?ser=1510741585810 HTTP/1.1" 200 28 "http://renault.activities.at/11626185" "Mozilla/5.0 (Windows NT 6.1; WOW64; Trident/7.0; rv:11.0) like Gecko"
193.194.132.75 - - [15/Nov/2017:11:26:29 +0100] "GET /reload?ser=1510741589069 HTTP/1.1" 200 28 "http://renault.2web.at/result?searchterm=true&search=REH5281" "Mozilla/5.0 (Windows NT 6.1; WOW64; Trident/7.0; rv:11.0) like Gecko"
89.16.198.102 - - [15/Nov/2017:11:26:44 +0100] "GET /reload?ser=1510741453820 HTTP/1.1" 200 1252 "http://renault.activities.at/" "Mozilla/5.0 (Windows NT 10.0; Win64; x64; rv:56.0) Gecko/20100101 Firefox/56.0"
212.152.158.195 - - [15/Nov/2017:11:26:47 +0100] "GET /reload?ser=1510741750548 HTTP/1.1" 200 28 "http://renault.activities.at/11644587" "Mozilla/5.0 (Windows NT 6.1; Win64; x64) AppleWebKit/537.36 (KHTML, like Gecko) Chrome/61.0.3163.100 Safari/537.36"
193.194.132.72 - - [15/Nov/2017:11:26:52 +0100] "GET /reload?ser=1510741612703 HTTP/1.1" 200 28 "http://renault.2web.at/success" "Mozilla/5.0 (Windows NT 6.1; WOW64; Trident/7.0; rv:11.0) like Gecko"
77.119.246.241 - - [15/Nov/2017:11:27:27 +0100] "GET /reload?ser=1510741646999 HTTP/1.1" 200 28 "http://renault.activities.at/11626185" "Mozilla/5.0 (Windows NT 6.1; WOW64; Trident/7.0; rv:11.0) like Gecko"
193.194.132.75 - - [15/Nov/2017:11:27:30 +0100] "GET /reload?ser=1510741650145 HTTP/1.1" 200 28 "http://renault.2web.at/result?searchterm=true&search=REH5281" "Mozilla/5.0 (Windows NT 6.1; WOW64; Trident/7.0; rv:11.0) like Gecko"
89.16.198.102 - - [15/Nov/2017:11:27:44 +0100] "GET /reload?ser=1510741514034 HTTP/1.1" 200 1247 "http://renault.activities.at/" "Mozilla/5.0 (Windows NT 10.0; Win64; x64; rv:56.0) Gecko/20100101 Firefox/56.0"
212.152.158.195 - - [15/Nov/2017:11:27:48 +0100] "GET /reload?ser=1510741811554 HTTP/1.1" 200 28 "http://renault.activities.at/11644587" "Mozilla/5.0 (Windows NT 6.1; Win64; x64) AppleWebKit/537.36 (KHTML, like Gecko) Chrome/61.0.3163.100 Safari/537.36"
193.194.132.72 - - [15/Nov/2017:11:27:53 +0100] "GET /reload?ser=1510741673767 HTTP/1.1" 200 28 "http://renault.2web.at/success" "Mozilla/5.0 (Windows NT 6.1; WOW64; Trident/7.0; rv:11.0) like Gecko"
77.119.246.241 - - [15/Nov/2017:11:28:28 +0100] "GET /reload?ser=1510741708107 HTTP/1.1" 200 28 "http://renault.activities.at/11626185" "Mozilla/5.0 (Windows NT 6.1; WOW64; Trident/7.0; rv:11.0) like Gecko"
193.194.132.75 - - [15/Nov/2017:11:28:31 +0100] "GET /reload?ser=1510741711233 HTTP/1.1" 200 28 "http://renault.2web.at/result?searchterm=true&search=REH5281" "Mozilla/5.0 (Windows NT 6.1; WOW64; Trident/7.0; rv:11.0) like Gecko"
89.16.198.102 - - [15/Nov/2017:11:28:44 +0100] "GET /reload?ser=1510741574215 HTTP/1.1" 200 1247 "http://renault.activities.at/" "Mozilla/5.0 (Windows NT 10.0; Win64; x64; rv:56.0) Gecko/20100101 Firefox/56.0"
212.152.158.195 - - [15/Nov/2017:11:28:49 +0100] "GET /reload?ser=1510741872561 HTTP/1.1" 200 28 "http://renault.activities.at/11644587" "Mozilla/5.0 (Windows NT 6.1; Win64; x64) AppleWebKit/537.36 (KHTML, like Gecko) Chrome/61.0.3163.100 Safari/537.36"
193.194.132.72 - - [15/Nov/2017:11:28:54 +0100] "GET /reload?ser=1510741734815 HTTP/1.1" 200 28 "http://renault.2web.at/success" "Mozilla/5.0 (Windows NT 6.1; WOW64; Trident/7.0; rv:11.0) like Gecko"
77.119.246.241 - - [15/Nov/2017:11:29:29 +0100] "GET /reload?ser=1510741769212 HTTP/1.1" 200 28 "http://renault.activities.at/11626185" "Mozilla/5.0 (Windows NT 6.1; WOW64; Trident/7.0; rv:11.0) like Gecko"
193.194.132.75 - - [15/Nov/2017:11:29:32 +0100] "GET /reload?ser=1510741772315 HTTP/1.1" 200 28 "http://renault.2web.at/result?searchterm=true&search=REH5281" "Mozilla/5.0 (Windows NT 6.1; WOW64; Trident/7.0; rv:11.0) like Gecko"
89.16.198.102 - - [15/Nov/2017:11:29:44 +0100] "GET /reload?ser=1510741634391 HTTP/1.1" 200 1240 "http://renault.activities.at/" "Mozilla/5.0 (Windows NT 10.0; Win64; x64; rv:56.0) Gecko/20100101 Firefox/56.0"
212.152.158.195 - - [15/Nov/2017:11:29:50 +0100] "GET /reload?ser=1510741933568 HTTP/1.1" 200 28 "http://renault.activities.at/11644587" "Mozilla/5.0 (Windows NT 6.1; Win64; x64) AppleWebKit/537.36 (KHTML, like Gecko) Chrome/61.0.3163.100 Safari/537.36"
193.194.132.72 - - [15/Nov/2017:11:29:55 +0100] "GET /reload?ser=1510741795850 HTTP/1.1" 200 28 "http://renault.2web.at/success" "Mozilla/5.0 (Windows NT 6.1; WOW64; Trident/7.0; rv:11.0) like Gecko"
77.119.246.241 - - [15/Nov/2017:11:30:30 +0100] "GET /reload?ser=1510741830359 HTTP/1.1" 200 28 "http://renault.activities.at/11626185" "Mozilla/5.0 (Windows NT 6.1; WOW64; Trident/7.0; rv:11.0) like Gecko"
193.194.132.75 - - [15/Nov/2017:11:30:33 +0100] "GET /reload?ser=1510741833405 HTTP/1.1" 200 28 "http://renault.2web.at/result?searchterm=true&search=REH5281" "Mozilla/5.0 (Windows NT 6.1; WOW64; Trident/7.0; rv:11.0) like Gecko"
89.16.198.102 - - [15/Nov/2017:11:30:44 +0100] "GET /reload?ser=1510741694575 HTTP/1.1" 200 1249 "http://renault.activities.at/" "Mozilla/5.0 (Windows NT 10.0; Win64; x64; rv:56.0) Gecko/20100101 Firefox/56.0"
212.152.158.195 - - [15/Nov/2017:11:30:51 +0100] "GET /reload?ser=1510741994573 HTTP/1.1" 200 28 "http://renault.activities.at/11644587" "Mozilla/5.0 (Windows NT 6.1; Win64; x64) AppleWebKit/537.36 (KHTML, like Gecko) Chrome/61.0.3163.100 Safari/537.36"
193.194.132.72 - - [15/Nov/2017:11:30:57 +0100] "GET /reload?ser=1510741856928 HTTP/1.1" 200 28 "http://renault.2web.at/success" "Mozilla/5.0 (Windows NT 6.1; WOW64; Trident/7.0; rv:11.0) like Gecko"
77.119.246.241 - - [15/Nov/2017:11:31:31 +0100] "GET /reload?ser=1510741891478 HTTP/1.1" 200 28 "http://renault.activities.at/11626185" "Mozilla/5.0 (Windows NT 6.1; WOW64; Trident/7.0; rv:11.0) like Gecko"
193.194.132.75 - - [15/Nov/2017:11:31:34 +0100] "GET /reload?ser=1510741894486 HTTP/1.1" 200 28 "http://renault.2web.at/result?searchterm=true&search=REH5281" "Mozilla/5.0 (Windows NT 6.1; WOW64; Trident/7.0; rv:11.0) like Gecko"
89.16.198.102 - - [15/Nov/2017:11:31:45 +0100] "GET /reload?ser=1510741754754 HTTP/1.1" 200 1251 "http://renault.activities.at/" "Mozilla/5.0 (Windows NT 10.0; Win64; x64; rv:56.0) Gecko/20100101 Firefox/56.0"
212.152.158.195 - - [15/Nov/2017:11:31:52 +0100] "GET /reload?ser=1510742055579 HTTP/1.1" 200 28 "http://renault.activities.at/11644587" "Mozilla/5.0 (Windows NT 6.1; Win64; x64) AppleWebKit/537.36 (KHTML, like Gecko) Chrome/61.0.3163.100 Safari/537.36"
193.194.132.72 - - [15/Nov/2017:11:31:58 +0100] "GET /reload?ser=1510741917978 HTTP/1.1" 200 28 "http://renault.2web.at/success" "Mozilla/5.0 (Windows NT 6.1; WOW64; Trident/7.0; rv:11.0) like Gecko"
77.119.246.241 - - [15/Nov/2017:11:32:33 +0100] "GET /reload?ser=1510741952893 HTTP/1.1" 200 28 "http://renault.activities.at/11626185" "Mozilla/5.0 (Windows NT 6.1; WOW64; Trident/7.0; rv:11.0) like Gecko"
193.194.132.75 - - [15/Nov/2017:11:32:35 +0100] "GET /reload?ser=1510741955565 HTTP/1.1" 200 28 "http://renault.2web.at/result?searchterm=true&search=REH5281" "Mozilla/5.0 (Windows NT 6.1; WOW64; Trident/7.0; rv:11.0) like Gecko"
89.16.198.102 - - [15/Nov/2017:11:32:45 +0100] "GET /reload?ser=1510741814934 HTTP/1.1" 200 1249 "http://renault.activities.at/" "Mozilla/5.0 (Windows NT 10.0; Win64; x64; rv:56.0) Gecko/20100101 Firefox/56.0"
212.152.158.195 - - [15/Nov/2017:11:32:53 +0100] "GET /reload?ser=1510742116587 HTTP/1.1" 200 28 "http://renault.activities.at/11644587" "Mozilla/5.0 (Windows NT 6.1; Win64; x64) AppleWebKit/537.36 (KHTML, like Gecko) Chrome/61.0.3163.100 Safari/537.36"
193.194.132.72 - - [15/Nov/2017:11:32:59 +0100] "GET /reload?ser=1510741979061 HTTP/1.1" 200 28 "http://renault.2web.at/success" "Mozilla/5.0 (Windows NT 6.1; WOW64; Trident/7.0; rv:11.0) like Gecko"
77.119.246.241 - - [15/Nov/2017:11:33:34 +0100] "GET /reload?ser=1510742014024 HTTP/1.1" 200 28 "http://renault.activities.at/11626185" "Mozilla/5.0 (Windows NT 6.1; WOW64; Trident/7.0; rv:11.0) like Gecko"
193.194.132.75 - - [15/Nov/2017:11:33:36 +0100] "GET /reload?ser=1510742016627 HTTP/1.1" 200 28 "http://renault.2web.at/result?searchterm=true&search=REH5281" "Mozilla/5.0 (Windows NT 6.1; WOW64; Trident/7.0; rv:11.0) like Gecko"
89.16.198.102 - - [15/Nov/2017:11:33:45 +0100] "GET /reload?ser=1510741875129 HTTP/1.1" 200 1253 "http://renault.activities.at/" "Mozilla/5.0 (Windows NT 10.0; Win64; x64; rv:56.0) Gecko/20100101 Firefox/56.0"
212.152.158.195 - - [15/Nov/2017:11:33:54 +0100] "GET /reload?ser=1510742177592 HTTP/1.1" 200 28 "http://renault.activities.at/11644587" "Mozilla/5.0 (Windows NT 6.1; Win64; x64) AppleWebKit/537.36 (KHTML, like Gecko) Chrome/61.0.3163.100 Safari/537.36"
193.194.132.72 - - [15/Nov/2017:11:34:00 +0100] "GET /reload?ser=1510742040120 HTTP/1.1" 200 28 "http://renault.2web.at/success" "Mozilla/5.0 (Windows NT 6.1; WOW64; Trident/7.0; rv:11.0) like Gecko"
77.119.246.241 - - [15/Nov/2017:11:34:35 +0100] "GET /reload?ser=1510742075144 HTTP/1.1" 200 28 "http://renault.activities.at/11626185" "Mozilla/5.0 (Windows NT 6.1; WOW64; Trident/7.0; rv:11.0) like Gecko"
193.194.132.75 - - [15/Nov/2017:11:34:37 +0100] "GET /reload?ser=1510742077653 HTTP/1.1" 200 28 "http://renault.2web.at/result?searchterm=true&search=REH5281" "Mozilla/5.0 (Windows NT 6.1; WOW64; Trident/7.0; rv:11.0) like Gecko"
89.16.198.102 - - [15/Nov/2017:11:34:45 +0100] "GET /reload?ser=1510741935303 HTTP/1.1" 200 1248 "http://renault.activities.at/" "Mozilla/5.0 (Windows NT 10.0; Win64; x64; rv:56.0) Gecko/20100101 Firefox/56.0"
