80.123.221.50 - - [16/Nov/2017:17:11:59 +0100] "GET /result?dir=DESC&mode=grid&order=name&limit=15&page=2&search=Kennzeichenblende HTTP/1.1" 200 7298 "http://renault.2web.at/result?searchterm=true&search=Kennzeichenblende" "Mozilla/5.0 (Windows NT 6.1; Win64; x64; rv:56.0) Gecko/20100101 Firefox/56.0"
80.123.221.50 - - [16/Nov/2017:17:12:01 +0100] "GET /loadthumbnail.php?id=10203275 HTTP/1.1" 200 85 "http://renault.2web.at/result?dir=DESC&mode=grid&order=name&limit=15&page=2&search=Kennzeichenblende" "Mozilla/5.0 (Windows NT 6.1; Win64; x64; rv:56.0) Gecko/20100101 Firefox/56.0"
80.123.221.50 - - [16/Nov/2017:17:12:01 +0100] "GET /loadthumbnail.php?id=10919466&width=113 HTTP/1.1" 200 1477 "http://renault.2web.at/result?dir=DESC&mode=grid&order=name&limit=15&page=2&search=Kennzeichenblende" "Mozilla/5.0 (Windows NT 6.1; Win64; x64; rv:56.0) Gecko/20100101 Firefox/56.0"
80.123.221.50 - - [16/Nov/2017:17:12:01 +0100] "GET /loadthumbnail.php?id=10203650&width=113 HTTP/1.1" 200 2741 "http://renault.2web.at/result?dir=DESC&mode=grid&order=name&limit=15&page=2&search=Kennzeichenblende" "Mozilla/5.0 (Windows NT 6.1; Win64; x64; rv:56.0) Gecko/20100101 Firefox/56.0"
80.123.221.50 - - [16/Nov/2017:17:12:01 +0100] "GET /loadthumbnail.php?id=10260890&width=113 HTTP/1.1" 200 1170 "http://renault.2web.at/result?dir=DESC&mode=grid&order=name&limit=15&page=2&search=Kennzeichenblende" "Mozilla/5.0 (Windows NT 6.1; Win64; x64; rv:56.0) Gecko/20100101 Firefox/56.0"
80.123.221.50 - - [16/Nov/2017:17:12:01 +0100] "GET /loadthumbnail.php?id=10915886&width=113 HTTP/1.1" 200 1376 "http://renault.2web.at/result?dir=DESC&mode=grid&order=name&limit=15&page=2&search=Kennzeichenblende" "Mozilla/5.0 (Windows NT 6.1; Win64; x64; rv:56.0) Gecko/20100101 Firefox/56.0"
80.123.221.50 - - [16/Nov/2017:17:12:01 +0100] "GET /loadthumbnail.php?id=10260903&width=113 HTTP/1.1" 200 1170 "http://renault.2web.at/result?dir=DESC&mode=grid&order=name&limit=15&page=2&search=Kennzeichenblende" "Mozilla/5.0 (Windows NT 6.1; Win64; x64; rv:56.0) Gecko/20100101 Firefox/56.0"
80.123.221.50 - - [16/Nov/2017:17:12:01 +0100] "GET /loadthumbnail.php?id=11243081&width=113 HTTP/1.1" 200 1218 "http://renault.2web.at/result?dir=DESC&mode=grid&order=name&limit=15&page=2&search=Kennzeichenblende" "Mozilla/5.0 (Windows NT 6.1; Win64; x64; rv:56.0) Gecko/20100101 Firefox/56.0"
80.123.221.50 - - [16/Nov/2017:17:12:01 +0100] "GET /loadthumbnail.php?id=11141133&width=113 HTTP/1.1" 200 1050 "http://renault.2web.at/result?dir=DESC&mode=grid&order=name&limit=15&page=2&search=Kennzeichenblende" "Mozilla/5.0 (Windows NT 6.1; Win64; x64; rv:56.0) Gecko/20100101 Firefox/56.0"
80.123.221.50 - - [16/Nov/2017:17:12:01 +0100] "GET /loadthumbnail.php?id=10995605&width=113 HTTP/1.1" 200 1252 "http://renault.2web.at/result?dir=DESC&mode=grid&order=name&limit=15&page=2&search=Kennzeichenblende" "Mozilla/5.0 (Windows NT 6.1; Win64; x64; rv:56.0) Gecko/20100101 Firefox/56.0"
80.123.221.50 - - [16/Nov/2017:17:12:42 +0100] "POST /axjaxrequest?mode=suggest HTTP/1.1" 200 135 "http://renault.2web.at/result?dir=DESC&mode=grid&order=name&limit=15&page=2&search=Kennzeichenblende" "Mozilla/5.0 (Windows NT 6.1; Win64; x64; rv:56.0) Gecko/20100101 Firefox/56.0"
80.123.221.50 - - [16/Nov/2017:17:12:46 +0100] "POST /axjaxrequest?mode=suggest HTTP/1.1" 200 21 "http://renault.2web.at/result?dir=DESC&mode=grid&order=name&limit=15&page=2&search=Kennzeichenblende" "Mozilla/5.0 (Windows NT 6.1; Win64; x64; rv:56.0) Gecko/20100101 Firefox/56.0"
80.123.221.50 - - [16/Nov/2017:17:12:47 +0100] "POST /axjaxrequest?mode=suggest HTTP/1.1" 200 21 "http://renault.2web.at/result?dir=DESC&mode=grid&order=name&limit=15&page=2&search=Kennzeichenblende" "Mozilla/5.0 (Windows NT 6.1; Win64; x64; rv:56.0) Gecko/20100101 Firefox/56.0"
80.123.221.50 - - [16/Nov/2017:17:12:51 +0100] "POST /axjaxrequest?mode=suggest HTTP/1.1" 200 21 "http://renault.2web.at/result?dir=DESC&mode=grid&order=name&limit=15&page=2&search=Kennzeichenblende" "Mozilla/5.0 (Windows NT 6.1; Win64; x64; rv:56.0) Gecko/20100101 Firefox/56.0"
80.123.221.50 - - [16/Nov/2017:17:12:54 +0100] "POST /axjaxrequest?mode=suggest HTTP/1.1" 200 21 "http://renault.2web.at/result?dir=DESC&mode=grid&order=name&limit=15&page=2&search=Kennzeichenblende" "Mozilla/5.0 (Windows NT 6.1; Win64; x64; rv:56.0) Gecko/20100101 Firefox/56.0"
212.152.246.131 - - [16/Nov/2017:17:13:00 +0100] "GET /reload?ser=1510848779963 HTTP/1.1" 200 28 "http://renault.2web.at/" "Mozilla/5.0 (Windows NT 10.0; WOW64; Trident/7.0; rv:11.0) like Gecko"
80.123.221.50 - - [16/Nov/2017:17:13:01 +0100] "POST /axjaxrequest?mode=suggest HTTP/1.1" 200 21 "http://renault.2web.at/result?dir=DESC&mode=grid&order=name&limit=15&page=2&search=Kennzeichenblende" "Mozilla/5.0 (Windows NT 6.1; Win64; x64; rv:56.0) Gecko/20100101 Firefox/56.0"
80.123.221.50 - - [16/Nov/2017:17:13:02 +0100] "GET /reload?ser=1510848801760 HTTP/1.1" 200 28 "http://renault.2web.at/result?dir=DESC&mode=grid&order=name&limit=15&page=2&search=Kennzeichenblende" "Mozilla/5.0 (Windows NT 6.1; Win64; x64; rv:56.0) Gecko/20100101 Firefox/56.0"
80.123.221.50 - - [16/Nov/2017:17:13:08 +0100] "GET /result?searchterm=true&search=7 HTTP/1.1" 200 8382 "http://renault.2web.at/result?dir=DESC&mode=grid&order=name&limit=15&page=2&search=Kennzeichenblende" "Mozilla/5.0 (Windows NT 6.1; Win64; x64; rv:56.0) Gecko/20100101 Firefox/56.0"
80.123.221.50 - - [16/Nov/2017:17:13:11 +0100] "GET /loadthumbnail.php?id=11387737&width=113 HTTP/1.1" 200 6421 "http://renault.2web.at/result?searchterm=true&search=7" "Mozilla/5.0 (Windows NT 6.1; Win64; x64; rv:56.0) Gecko/20100101 Firefox/56.0"
80.123.221.50 - - [16/Nov/2017:17:13:11 +0100] "GET /loadthumbnail.php?id=11387762&width=113 HTTP/1.1" 200 5822 "http://renault.2web.at/result?searchterm=true&search=7" "Mozilla/5.0 (Windows NT 6.1; Win64; x64; rv:56.0) Gecko/20100101 Firefox/56.0"
80.123.221.50 - - [16/Nov/2017:17:13:11 +0100] "GET /loadthumbnail.php?id=11522269&width=113 HTTP/1.1" 200 33316 "http://renault.2web.at/result?searchterm=true&search=7" "Mozilla/5.0 (Windows NT 6.1; Win64; x64; rv:56.0) Gecko/20100101 Firefox/56.0"
80.123.221.50 - - [16/Nov/2017:17:13:11 +0100] "GET /loadthumbnail.php?id=11387745&width=113 HTTP/1.1" 200 5645 "http://renault.2web.at/result?searchterm=true&search=7" "Mozilla/5.0 (Windows NT 6.1; Win64; x64; rv:56.0) Gecko/20100101 Firefox/56.0"
80.123.221.50 - - [16/Nov/2017:17:13:11 +0100] "GET /loadthumbnail.php?id=11387770&width=113 HTTP/1.1" 200 6670 "http://renault.2web.at/result?searchterm=true&search=7" "Mozilla/5.0 (Windows NT 6.1; Win64; x64; rv:56.0) Gecko/20100101 Firefox/56.0"
80.123.221.50 - - [16/Nov/2017:17:13:11 +0100] "GET /loadthumbnail.php?id=11387758&width=113 HTTP/1.1" 200 6282 "http://renault.2web.at/result?searchterm=true&search=7" "Mozilla/5.0 (Windows NT 6.1; Win64; x64; rv:56.0) Gecko/20100101 Firefox/56.0"
80.123.221.50 - - [16/Nov/2017:17:13:11 +0100] "GET /loadthumbnail.php?id=11423572&width=113 HTTP/1.1" 200 5797 "http://renault.2web.at/result?searchterm=true&search=7" "Mozilla/5.0 (Windows NT 6.1; Win64; x64; rv:56.0) Gecko/20100101 Firefox/56.0"
80.123.221.50 - - [16/Nov/2017:17:13:11 +0100] "GET /loadthumbnail.php?id=11423576&width=113 HTTP/1.1" 200 5647 "http://renault.2web.at/result?searchterm=true&search=7" "Mozilla/5.0 (Windows NT 6.1; Win64; x64; rv:56.0) Gecko/20100101 Firefox/56.0"
80.123.221.50 - - [16/Nov/2017:17:13:11 +0100] "GET /loadthumbnail.php?id=11387778&width=113 HTTP/1.1" 200 6234 "http://renault.2web.at/result?searchterm=true&search=7" "Mozilla/5.0 (Windows NT 6.1; Win64; x64; rv:56.0) Gecko/20100101 Firefox/56.0"
80.123.221.50 - - [16/Nov/2017:17:13:11 +0100] "GET /loadthumbnail.php?id=11387741&width=113 HTTP/1.1" 200 6104 "http://renault.2web.at/result?searchterm=true&search=7" "Mozilla/5.0 (Windows NT 6.1; Win64; x64; rv:56.0) Gecko/20100101 Firefox/56.0"
80.123.221.50 - - [16/Nov/2017:17:13:11 +0100] "GET /loadthumbnail.php?id=11387774&width=113 HTTP/1.1" 200 5957 "http://renault.2web.at/result?searchterm=true&search=7" "Mozilla/5.0 (Windows NT 6.1; Win64; x64; rv:56.0) Gecko/20100101 Firefox/56.0"
80.123.221.50 - - [16/Nov/2017:17:13:11 +0100] "GET /loadthumbnail.php?id=11423580&width=113 HTTP/1.1" 200 5704 "http://renault.2web.at/result?searchterm=true&search=7" "Mozilla/5.0 (Windows NT 6.1; Win64; x64; rv:56.0) Gecko/20100101 Firefox/56.0"
80.123.221.50 - - [16/Nov/2017:17:13:12 +0100] "GET /loadthumbnail.php?id=11423584&width=113 HTTP/1.1" 200 5981 "http://renault.2web.at/result?searchterm=true&search=7" "Mozilla/5.0 (Windows NT 6.1; Win64; x64; rv:56.0) Gecko/20100101 Firefox/56.0"
80.123.221.50 - - [16/Nov/2017:17:13:12 +0100] "GET /loadthumbnail.php?id=11522274&width=113 HTTP/1.1" 200 32478 "http://renault.2web.at/result?searchterm=true&search=7" "Mozilla/5.0 (Windows NT 6.1; Win64; x64; rv:56.0) Gecko/20100101 Firefox/56.0"
80.123.221.50 - - [16/Nov/2017:17:13:12 +0100] "GET /loadthumbnail.php?id=11387752&width=113 HTTP/1.1" 200 6332 "http://renault.2web.at/result?searchterm=true&search=7" "Mozilla/5.0 (Windows NT 6.1; Win64; x64; rv:56.0) Gecko/20100101 Firefox/56.0"
80.123.221.50 - - [16/Nov/2017:17:13:17 +0100] "POST /axjaxrequest?mode=suggest HTTP/1.1" 200 852 "http://renault.2web.at/result?searchterm=true&search=7" "Mozilla/5.0 (Windows NT 6.1; Win64; x64; rv:56.0) Gecko/20100101 Firefox/56.0"
80.123.221.50 - - [16/Nov/2017:17:13:20 +0100] "POST /axjaxrequest?mode=suggest HTTP/1.1" 200 21 "http://renault.2web.at/result?searchterm=true&search=7" "Mozilla/5.0 (Windows NT 6.1; Win64; x64; rv:56.0) Gecko/20100101 Firefox/56.0"
80.123.221.50 - - [16/Nov/2017:17:13:21 +0100] "POST /axjaxrequest?mode=suggest HTTP/1.1" 200 21 "http://renault.2web.at/result?searchterm=true&search=7" "Mozilla/5.0 (Windows NT 6.1; Win64; x64; rv:56.0) Gecko/20100101 Firefox/56.0"
80.123.221.50 - - [16/Nov/2017:17:13:23 +0100] "GET /result?searchterm=true&search=7+sterne HTTP/1.1" 200 6564 "http://renault.2web.at/result?searchterm=true&search=7" "Mozilla/5.0 (Windows NT 6.1; Win64; x64; rv:56.0) Gecko/20100101 Firefox/56.0"
212.152.246.131 - - [16/Nov/2017:17:14:00 +0100] "GET /reload?ser=1510848840641 HTTP/1.1" 200 28 "http://renault.2web.at/" "Mozilla/5.0 (Windows NT 10.0; WOW64; Trident/7.0; rv:11.0) like Gecko"
80.123.221.50 - - [16/Nov/2017:17:14:25 +0100] "GET /reload?ser=1510848885360 HTTP/1.1" 200 28 "http://renault.2web.at/result?searchterm=true&search=7+sterne" "Mozilla/5.0 (Windows NT 6.1; Win64; x64; rv:56.0) Gecko/20100101 Firefox/56.0"
80.123.221.50 - - [16/Nov/2017:17:14:54 +0100] "GET /images/vista-dn-hover.gif HTTP/1.1" 200 127 "http://renault.2web.at/css/styles.css" "Mozilla/5.0 (Windows NT 6.1; Win64; x64; rv:56.0) Gecko/20100101 Firefox/56.0"
212.152.246.131 - - [16/Nov/2017:17:15:01 +0100] "GET /reload?ser=1510848901320 HTTP/1.1" 200 28 "http://renault.2web.at/" "Mozilla/5.0 (Windows NT 10.0; WOW64; Trident/7.0; rv:11.0) like Gecko"
80.123.221.50 - - [16/Nov/2017:17:15:26 +0100] "GET /reload?ser=1510848946319 HTTP/1.1" 200 28 "http://renault.2web.at/result?searchterm=true&search=7+sterne" "Mozilla/5.0 (Windows NT 6.1; Win64; x64; rv:56.0) Gecko/20100101 Firefox/56.0"
212.152.246.131 - - [16/Nov/2017:17:16:02 +0100] "GET /reload?ser=1510848961998 HTTP/1.1" 200 28 "http://renault.2web.at/" "Mozilla/5.0 (Windows NT 10.0; WOW64; Trident/7.0; rv:11.0) like Gecko"
80.123.221.50 - - [16/Nov/2017:17:16:27 +0100] "GET /reload?ser=1510849007292 HTTP/1.1" 200 28 "http://renault.2web.at/result?searchterm=true&search=7+sterne" "Mozilla/5.0 (Windows NT 6.1; Win64; x64; rv:56.0) Gecko/20100101 Firefox/56.0"
212.152.246.131 - - [16/Nov/2017:17:17:02 +0100] "GET /reload?ser=1510849022692 HTTP/1.1" 200 28 "http://renault.2web.at/" "Mozilla/5.0 (Windows NT 10.0; WOW64; Trident/7.0; rv:11.0) like Gecko"
80.123.221.50 - - [16/Nov/2017:17:17:21 +0100] "POST /result?searchterm=true&search=7+sterne HTTP/1.1" 200 6751 "http://renault.2web.at/result?searchterm=true&search=7+sterne" "Mozilla/5.0 (Windows NT 6.1; Win64; x64; rv:56.0) Gecko/20100101 Firefox/56.0"
80.123.221.50 - - [16/Nov/2017:17:17:24 +0100] "GET /images/success_msg_icon.gif HTTP/1.1" 200 1024 "http://renault.2web.at/css/styles.css" "Mozilla/5.0 (Windows NT 6.1; Win64; x64; rv:56.0) Gecko/20100101 Firefox/56.0"
80.123.221.50 - - [16/Nov/2017:17:17:50 +0100] "POST /result?searchterm=true&search=7+sterne HTTP/1.1" 200 6755 "http://renault.2web.at/result?searchterm=true&search=7+sterne" "Mozilla/5.0 (Windows NT 6.1; Win64; x64; rv:56.0) Gecko/20100101 Firefox/56.0"
212.152.246.131 - - [16/Nov/2017:17:18:03 +0100] "GET /reload?ser=1510849083370 HTTP/1.1" 200 28 "http://renault.2web.at/" "Mozilla/5.0 (Windows NT 10.0; WOW64; Trident/7.0; rv:11.0) like Gecko"
80.120.5.131 - - [16/Nov/2017:17:18:07 +0100] "GET /10201637 HTTP/1.1" 302 150 "-" "Mozilla/5.0 (Macintosh; Intel Mac OS X 10_12_6) AppleWebKit/604.3.5 (KHTML, like Gecko)"
80.120.5.131 - - [16/Nov/2017:17:18:10 +0100] "GET /login?required=true HTTP/1.1" 200 2086 "-" "Mozilla/5.0 (Macintosh; Intel Mac OS X 10_12_6) AppleWebKit/604.3.5 (KHTML, like Gecko)"
80.120.5.131 - - [16/Nov/2017:17:18:11 +0100] "GET /apple-touch-icon-precomposed.png HTTP/1.1" 200 1559 "-" "Safari/12604.3.5.1.1 CFNetwork/811.7.2 Darwin/16.7.0 (x86_64)"
80.120.5.131 - - [16/Nov/2017:17:18:12 +0100] "GET /apple-touch-icon.png HTTP/1.1" 200 1559 "-" "Safari/12604.3.5.1.1 CFNetwork/811.7.2 Darwin/16.7.0 (x86_64)"
80.120.5.131 - - [16/Nov/2017:17:18:13 +0100] "GET /images/favicon.ico HTTP/1.1" 404 305 "-" "Safari/12604.3.5.1.1 CFNetwork/811.7.2 Darwin/16.7.0 (x86_64)"
80.120.5.131 - - [16/Nov/2017:17:18:13 +0100] "GET /images/favicon.ico HTTP/1.1" 404 305 "-" "Safari/12604.3.5.1.1 CFNetwork/811.7.2 Darwin/16.7.0 (x86_64)"
80.120.5.131 - - [16/Nov/2017:17:18:13 +0100] "GET /favicon.ico HTTP/1.1" 200 3250 "-" "Safari/12604.3.5.1.1 CFNetwork/811.7.2 Darwin/16.7.0 (x86_64)"
80.120.5.131 - - [16/Nov/2017:17:18:13 +0100] "GET /apple-touch-icon-precomposed.png HTTP/1.1" 200 1559 "-" "Safari/12604.3.5.1.1 CFNetwork/811.7.2 Darwin/16.7.0 (x86_64)"
80.120.5.131 - - [16/Nov/2017:17:18:14 +0100] "GET /apple-touch-icon.png HTTP/1.1" 200 1559 "-" "Safari/12604.3.5.1.1 CFNetwork/811.7.2 Darwin/16.7.0 (x86_64)"
80.120.5.131 - - [16/Nov/2017:17:18:15 +0100] "GET /images/favicon.ico HTTP/1.1" 404 305 "-" "Safari/12604.3.5.1.1 CFNetwork/811.7.2 Darwin/16.7.0 (x86_64)"
80.120.5.131 - - [16/Nov/2017:17:18:15 +0100] "GET /images/favicon.ico HTTP/1.1" 404 305 "-" "Safari/12604.3.5.1.1 CFNetwork/811.7.2 Darwin/16.7.0 (x86_64)"
80.120.5.131 - - [16/Nov/2017:17:18:15 +0100] "GET /favicon.ico HTTP/1.1" 200 3250 "-" "Safari/12604.3.5.1.1 CFNetwork/811.7.2 Darwin/16.7.0 (x86_64)"
80.123.221.50 - - [16/Nov/2017:17:18:13 +0100] "POST /result?searchterm=true&search=7+sterne HTTP/1.1" 200 6754 "http://renault.2web.at/result?searchterm=true&search=7+sterne" "Mozilla/5.0 (Windows NT 6.1; Win64; x64; rv:56.0) Gecko/20100101 Firefox/56.0"
80.120.5.131 - - [16/Nov/2017:17:18:15 +0100] "GET /10201637 HTTP/1.1" 302 150 "-" "Mozilla/5.0 (iPhone; CPU iPhone OS 10_3 like Mac OS X) AppleWebKit/603.1.30 (KHTML, like Gecko) Version/10.3 Mobile/14E277 Safari/603.1.30"
80.120.5.131 - - [16/Nov/2017:17:18:16 +0100] "GET /login?required=true HTTP/1.1" 200 2086 "-" "Mozilla/5.0 (iPhone; CPU iPhone OS 10_3 like Mac OS X) AppleWebKit/603.1.30 (KHTML, like Gecko) Version/10.3 Mobile/14E277 Safari/603.1.30"
80.120.5.131 - - [16/Nov/2017:17:18:17 +0100] "GET /apple-touch-icon-precomposed.png HTTP/1.1" 200 1559 "-" "Safari/12604.3.5.1.1 CFNetwork/811.7.2 Darwin/16.7.0 (x86_64)"
80.120.5.131 - - [16/Nov/2017:17:18:18 +0100] "GET /apple-touch-icon.png HTTP/1.1" 200 1559 "-" "Safari/12604.3.5.1.1 CFNetwork/811.7.2 Darwin/16.7.0 (x86_64)"
80.120.5.131 - - [16/Nov/2017:17:18:19 +0100] "GET /images/favicon.ico HTTP/1.1" 404 305 "-" "Safari/12604.3.5.1.1 CFNetwork/811.7.2 Darwin/16.7.0 (x86_64)"
80.120.5.131 - - [16/Nov/2017:17:18:19 +0100] "GET /images/favicon.ico HTTP/1.1" 404 305 "-" "Safari/12604.3.5.1.1 CFNetwork/811.7.2 Darwin/16.7.0 (x86_64)"
80.120.5.131 - - [16/Nov/2017:17:18:19 +0100] "GET /favicon.ico HTTP/1.1" 200 3250 "-" "Safari/12604.3.5.1.1 CFNetwork/811.7.2 Darwin/16.7.0 (x86_64)"
80.120.5.131 - - [16/Nov/2017:17:18:19 +0100] "GET /apple-touch-icon-precomposed.png HTTP/1.1" 200 1559 "-" "Safari/12604.3.5.1.1 CFNetwork/811.7.2 Darwin/16.7.0 (x86_64)"
80.120.5.131 - - [16/Nov/2017:17:18:20 +0100] "GET /apple-touch-icon.png HTTP/1.1" 200 1559 "-" "Safari/12604.3.5.1.1 CFNetwork/811.7.2 Darwin/16.7.0 (x86_64)"
80.120.5.131 - - [16/Nov/2017:17:18:21 +0100] "GET /images/favicon.ico HTTP/1.1" 404 305 "-" "Safari/12604.3.5.1.1 CFNetwork/811.7.2 Darwin/16.7.0 (x86_64)"
80.120.5.131 - - [16/Nov/2017:17:18:21 +0100] "GET /images/favicon.ico HTTP/1.1" 404 305 "-" "Safari/12604.3.5.1.1 CFNetwork/811.7.2 Darwin/16.7.0 (x86_64)"
80.120.5.131 - - [16/Nov/2017:17:18:21 +0100] "GET /favicon.ico HTTP/1.1" 200 3250 "-" "Safari/12604.3.5.1.1 CFNetwork/811.7.2 Darwin/16.7.0 (x86_64)"
212.152.246.131 - - [16/Nov/2017:17:19:04 +0100] "GET /reload?ser=1510849144050 HTTP/1.1" 200 28 "http://renault.2web.at/" "Mozilla/5.0 (Windows NT 10.0; WOW64; Trident/7.0; rv:11.0) like Gecko"
80.123.221.50 - - [16/Nov/2017:17:19:16 +0100] "GET /reload?ser=1510849176309 HTTP/1.1" 200 28 "http://renault.2web.at/result?searchterm=true&search=7+sterne" "Mozilla/5.0 (Windows NT 6.1; Win64; x64; rv:56.0) Gecko/20100101 Firefox/56.0"
157.55.39.140 - - [16/Nov/2017:17:19:51 +0100] "GET /forgotpassword HTTP/1.1" 200 2187 "-" "Mozilla/5.0 (iPhone; CPU iPhone OS 7_0 like Mac OS X) AppleWebKit/537.51.1 (KHTML, like Gecko) Version/7.0 Mobile/11A465 Safari/9537.53 (compatible; bingbot/2.0; +http://www.bing.com/bingbot.htm)"
212.152.246.131 - - [16/Nov/2017:17:20:04 +0100] "GET /reload?ser=1510849204728 HTTP/1.1" 200 28 "http://renault.2web.at/" "Mozilla/5.0 (Windows NT 10.0; WOW64; Trident/7.0; rv:11.0) like Gecko"
80.123.221.50 - - [16/Nov/2017:17:20:17 +0100] "GET /reload?ser=1510849237230 HTTP/1.1" 200 28 "http://renault.2web.at/result?searchterm=true&search=7+sterne" "Mozilla/5.0 (Windows NT 6.1; Win64; x64; rv:56.0) Gecko/20100101 Firefox/56.0"
212.152.246.131 - - [16/Nov/2017:17:21:05 +0100] "GET /reload?ser=1510849265406 HTTP/1.1" 200 28 "http://renault.2web.at/" "Mozilla/5.0 (Windows NT 10.0; WOW64; Trident/7.0; rv:11.0) like Gecko"
80.123.221.50 - - [16/Nov/2017:17:21:18 +0100] "GET /reload?ser=1510849298189 HTTP/1.1" 200 28 "http://renault.2web.at/result?searchterm=true&search=7+sterne" "Mozilla/5.0 (Windows NT 6.1; Win64; x64; rv:56.0) Gecko/20100101 Firefox/56.0"
212.152.246.131 - - [16/Nov/2017:17:22:06 +0100] "GET /reload?ser=1510849326084 HTTP/1.1" 200 28 "http://renault.2web.at/" "Mozilla/5.0 (Windows NT 10.0; WOW64; Trident/7.0; rv:11.0) like Gecko"
80.123.221.50 - - [16/Nov/2017:17:22:19 +0100] "GET /reload?ser=1510849359162 HTTP/1.1" 200 28 "http://renault.2web.at/result?searchterm=true&search=7+sterne" "Mozilla/5.0 (Windows NT 6.1; Win64; x64; rv:56.0) Gecko/20100101 Firefox/56.0"
212.152.246.131 - - [16/Nov/2017:17:23:06 +0100] "GET /reload?ser=1510849386762 HTTP/1.1" 200 28 "http://renault.2web.at/" "Mozilla/5.0 (Windows NT 10.0; WOW64; Trident/7.0; rv:11.0) like Gecko"
80.123.221.50 - - [16/Nov/2017:17:23:20 +0100] "GET /reload?ser=1510849420125 HTTP/1.1" 200 28 "http://renault.2web.at/result?searchterm=true&search=7+sterne" "Mozilla/5.0 (Windows NT 6.1; Win64; x64; rv:56.0) Gecko/20100101 Firefox/56.0"
212.152.246.131 - - [16/Nov/2017:17:24:07 +0100] "GET /reload?ser=1510849447426 HTTP/1.1" 200 28 "http://renault.2web.at/" "Mozilla/5.0 (Windows NT 10.0; WOW64; Trident/7.0; rv:11.0) like Gecko"
80.123.221.50 - - [16/Nov/2017:17:24:21 +0100] "GET /reload?ser=1510849481117 HTTP/1.1" 200 28 "http://renault.2web.at/result?searchterm=true&search=7+sterne" "Mozilla/5.0 (Windows NT 6.1; Win64; x64; rv:56.0) Gecko/20100101 Firefox/56.0"
212.152.246.131 - - [16/Nov/2017:17:25:08 +0100] "GET /reload?ser=1510849508103 HTTP/1.1" 200 28 "http://renault.2web.at/" "Mozilla/5.0 (Windows NT 10.0; WOW64; Trident/7.0; rv:11.0) like Gecko"
80.123.221.50 - - [16/Nov/2017:17:25:22 +0100] "GET /reload?ser=1510849542087 HTTP/1.1" 200 28 "http://renault.2web.at/result?searchterm=true&search=7+sterne" "Mozilla/5.0 (Windows NT 6.1; Win64; x64; rv:56.0) Gecko/20100101 Firefox/56.0"
212.152.246.131 - - [16/Nov/2017:17:26:08 +0100] "GET /reload?ser=1510849568783 HTTP/1.1" 200 28 "http://renault.2web.at/" "Mozilla/5.0 (Windows NT 10.0; WOW64; Trident/7.0; rv:11.0) like Gecko"
80.123.221.50 - - [16/Nov/2017:17:26:23 +0100] "GET /reload?ser=1510849603069 HTTP/1.1" 200 28 "http://renault.2web.at/result?searchterm=true&search=7+sterne" "Mozilla/5.0 (Windows NT 6.1; Win64; x64; rv:56.0) Gecko/20100101 Firefox/56.0"
212.152.246.131 - - [16/Nov/2017:17:27:09 +0100] "GET /reload?ser=1510849629460 HTTP/1.1" 200 28 "http://renault.2web.at/" "Mozilla/5.0 (Windows NT 10.0; WOW64; Trident/7.0; rv:11.0) like Gecko"
80.123.221.50 - - [16/Nov/2017:17:27:24 +0100] "GET /reload?ser=1510849664051 HTTP/1.1" 200 28 "http://renault.2web.at/result?searchterm=true&search=7+sterne" "Mozilla/5.0 (Windows NT 6.1; Win64; x64; rv:56.0) Gecko/20100101 Firefox/56.0"
212.152.246.131 - - [16/Nov/2017:17:28:10 +0100] "GET /reload?ser=1510849690154 HTTP/1.1" 200 28 "http://renault.2web.at/" "Mozilla/5.0 (Windows NT 10.0; WOW64; Trident/7.0; rv:11.0) like Gecko"
80.123.221.50 - - [16/Nov/2017:17:28:25 +0100] "GET /reload?ser=1510849725001 HTTP/1.1" 200 28 "http://renault.2web.at/result?searchterm=true&search=7+sterne" "Mozilla/5.0 (Windows NT 6.1; Win64; x64; rv:56.0) Gecko/20100101 Firefox/56.0"
212.152.246.131 - - [16/Nov/2017:17:29:10 +0100] "GET /reload?ser=1510849750833 HTTP/1.1" 200 28 "http://renault.2web.at/" "Mozilla/5.0 (Windows NT 10.0; WOW64; Trident/7.0; rv:11.0) like Gecko"
80.123.221.50 - - [16/Nov/2017:17:29:26 +0100] "GET /reload?ser=1510849785972 HTTP/1.1" 200 28 "http://renault.2web.at/result?searchterm=true&search=7+sterne" "Mozilla/5.0 (Windows NT 6.1; Win64; x64; rv:56.0) Gecko/20100101 Firefox/56.0"
212.152.246.131 - - [16/Nov/2017:17:30:11 +0100] "GET /reload?ser=1510849811495 HTTP/1.1" 200 28 "http://renault.2web.at/" "Mozilla/5.0 (Windows NT 10.0; WOW64; Trident/7.0; rv:11.0) like Gecko"
80.123.221.50 - - [16/Nov/2017:17:30:27 +0100] "GET /reload?ser=1510849846922 HTTP/1.1" 200 28 "http://renault.2web.at/result?searchterm=true&search=7+sterne" "Mozilla/5.0 (Windows NT 6.1; Win64; x64; rv:56.0) Gecko/20100101 Firefox/56.0"
212.152.246.131 - - [16/Nov/2017:17:31:12 +0100] "GET /reload?ser=1510849872174 HTTP/1.1" 200 28 "http://renault.2web.at/" "Mozilla/5.0 (Windows NT 10.0; WOW64; Trident/7.0; rv:11.0) like Gecko"
80.123.221.50 - - [16/Nov/2017:17:31:28 +0100] "GET /reload?ser=1510849907924 HTTP/1.1" 200 28 "http://renault.2web.at/result?searchterm=true&search=7+sterne" "Mozilla/5.0 (Windows NT 6.1; Win64; x64; rv:56.0) Gecko/20100101 Firefox/56.0"
212.152.246.131 - - [16/Nov/2017:17:32:12 +0100] "GET /reload?ser=1510849932837 HTTP/1.1" 200 28 "http://renault.2web.at/" "Mozilla/5.0 (Windows NT 10.0; WOW64; Trident/7.0; rv:11.0) like Gecko"
80.123.221.50 - - [16/Nov/2017:17:32:29 +0100] "GET /reload?ser=1510849968904 HTTP/1.1" 200 28 "http://renault.2web.at/result?searchterm=true&search=7+sterne" "Mozilla/5.0 (Windows NT 6.1; Win64; x64; rv:56.0) Gecko/20100101 Firefox/56.0"
212.152.246.131 - - [16/Nov/2017:17:33:13 +0100] "GET /reload?ser=1510849993517 HTTP/1.1" 200 28 "http://renault.2web.at/" "Mozilla/5.0 (Windows NT 10.0; WOW64; Trident/7.0; rv:11.0) like Gecko"
80.123.221.50 - - [16/Nov/2017:17:33:30 +0100] "GET /reload?ser=1510850029874 HTTP/1.1" 200 28 "http://renault.2web.at/result?searchterm=true&search=7+sterne" "Mozilla/5.0 (Windows NT 6.1; Win64; x64; rv:56.0) Gecko/20100101 Firefox/56.0"
212.152.246.131 - - [16/Nov/2017:17:34:14 +0100] "GET /reload?ser=1510850054194 HTTP/1.1" 200 28 "http://renault.2web.at/" "Mozilla/5.0 (Windows NT 10.0; WOW64; Trident/7.0; rv:11.0) like Gecko"
80.123.221.50 - - [16/Nov/2017:17:34:31 +0100] "GET /reload?ser=1510850090876 HTTP/1.1" 200 28 "http://renault.2web.at/result?searchterm=true&search=7+sterne" "Mozilla/5.0 (Windows NT 6.1; Win64; x64; rv:56.0) Gecko/20100101 Firefox/56.0"
212.152.246.131 - - [16/Nov/2017:17:35:14 +0100] "GET /reload?ser=1510850114875 HTTP/1.1" 200 28 "http://renault.2web.at/" "Mozilla/5.0 (Windows NT 10.0; WOW64; Trident/7.0; rv:11.0) like Gecko"
80.123.221.50 - - [16/Nov/2017:17:35:32 +0100] "GET /reload?ser=1510850151855 HTTP/1.1" 200 28 "http://renault.2web.at/result?searchterm=true&search=7+sterne" "Mozilla/5.0 (Windows NT 6.1; Win64; x64; rv:56.0) Gecko/20100101 Firefox/56.0"
212.152.246.131 - - [16/Nov/2017:17:36:15 +0100] "GET /reload?ser=1510850175567 HTTP/1.1" 200 28 "http://renault.2web.at/" "Mozilla/5.0 (Windows NT 10.0; WOW64; Trident/7.0; rv:11.0) like Gecko"
80.123.221.50 - - [16/Nov/2017:17:36:33 +0100] "GET /reload?ser=1510850212846 HTTP/1.1" 200 28 "http://renault.2web.at/result?searchterm=true&search=7+sterne" "Mozilla/5.0 (Windows NT 6.1; Win64; x64; rv:56.0) Gecko/20100101 Firefox/56.0"
80.123.221.50 - - [16/Nov/2017:17:37:34 +0100] "GET /reload?ser=1510850273826 HTTP/1.1" 200 28 "http://renault.2web.at/result?searchterm=true&search=7+sterne" "Mozilla/5.0 (Windows NT 6.1; Win64; x64; rv:56.0) Gecko/20100101 Firefox/56.0"
80.123.221.50 - - [16/Nov/2017:17:38:35 +0100] "GET /reload?ser=1510850334775 HTTP/1.1" 200 28 "http://renault.2web.at/result?searchterm=true&search=7+sterne" "Mozilla/5.0 (Windows NT 6.1; Win64; x64; rv:56.0) Gecko/20100101 Firefox/56.0"
80.123.221.50 - - [16/Nov/2017:17:39:36 +0100] "GET /reload?ser=1510850395759 HTTP/1.1" 200 28 "http://renault.2web.at/result?searchterm=true&search=7+sterne" "Mozilla/5.0 (Windows NT 6.1; Win64; x64; rv:56.0) Gecko/20100101 Firefox/56.0"
80.123.221.50 - - [16/Nov/2017:17:40:37 +0100] "GET /reload?ser=1510850456731 HTTP/1.1" 200 28 "http://renault.2web.at/result?searchterm=true&search=7+sterne" "Mozilla/5.0 (Windows NT 6.1; Win64; x64; rv:56.0) Gecko/20100101 Firefox/56.0"
80.123.221.50 - - [16/Nov/2017:17:41:38 +0100] "GET /reload?ser=1510850517691 HTTP/1.1" 200 28 "http://renault.2web.at/result?searchterm=true&search=7+sterne" "Mozilla/5.0 (Windows NT 6.1; Win64; x64; rv:56.0) Gecko/20100101 Firefox/56.0"
80.123.221.50 - - [16/Nov/2017:17:42:38 +0100] "GET /reload?ser=1510850578681 HTTP/1.1" 200 28 "http://renault.2web.at/result?searchterm=true&search=7+sterne" "Mozilla/5.0 (Windows NT 6.1; Win64; x64; rv:56.0) Gecko/20100101 Firefox/56.0"
80.123.221.50 - - [16/Nov/2017:17:43:39 +0100] "GET /reload?ser=1510850639650 HTTP/1.1" 200 28 "http://renault.2web.at/result?searchterm=true&search=7+sterne" "Mozilla/5.0 (Windows NT 6.1; Win64; x64; rv:56.0) Gecko/20100101 Firefox/56.0"
80.123.221.50 - - [16/Nov/2017:17:44:40 +0100] "GET /reload?ser=1510850700600 HTTP/1.1" 200 28 "http://renault.2web.at/result?searchterm=true&search=7+sterne" "Mozilla/5.0 (Windows NT 6.1; Win64; x64; rv:56.0) Gecko/20100101 Firefox/56.0"
80.123.221.50 - - [16/Nov/2017:17:45:41 +0100] "GET /reload?ser=1510850761590 HTTP/1.1" 200 28 "http://renault.2web.at/result?searchterm=true&search=7+sterne" "Mozilla/5.0 (Windows NT 6.1; Win64; x64; rv:56.0) Gecko/20100101 Firefox/56.0"
80.123.221.50 - - [16/Nov/2017:17:46:42 +0100] "GET /reload?ser=1510850822570 HTTP/1.1" 200 28 "http://renault.2web.at/result?searchterm=true&search=7+sterne" "Mozilla/5.0 (Windows NT 6.1; Win64; x64; rv:56.0) Gecko/20100101 Firefox/56.0"
80.123.221.50 - - [16/Nov/2017:17:47:43 +0100] "GET /reload?ser=1510850883572 HTTP/1.1" 200 28 "http://renault.2web.at/result?searchterm=true&search=7+sterne" "Mozilla/5.0 (Windows NT 6.1; Win64; x64; rv:56.0) Gecko/20100101 Firefox/56.0"
80.123.221.50 - - [16/Nov/2017:17:48:44 +0100] "GET /reload?ser=1510850944541 HTTP/1.1" 200 28 "http://renault.2web.at/result?searchterm=true&search=7+sterne" "Mozilla/5.0 (Windows NT 6.1; Win64; x64; rv:56.0) Gecko/20100101 Firefox/56.0"
80.123.221.50 - - [16/Nov/2017:17:49:45 +0100] "GET /reload?ser=1510851005532 HTTP/1.1" 200 28 "http://renault.2web.at/result?searchterm=true&search=7+sterne" "Mozilla/5.0 (Windows NT 6.1; Win64; x64; rv:56.0) Gecko/20100101 Firefox/56.0"
80.123.221.50 - - [16/Nov/2017:17:50:46 +0100] "GET /reload?ser=1510851066533 HTTP/1.1" 200 28 "http://renault.2web.at/result?searchterm=true&search=7+sterne" "Mozilla/5.0 (Windows NT 6.1; Win64; x64; rv:56.0) Gecko/20100101 Firefox/56.0"
80.123.221.50 - - [16/Nov/2017:17:51:47 +0100] "GET /reload?ser=1510851127513 HTTP/1.1" 200 28 "http://renault.2web.at/result?searchterm=true&search=7+sterne" "Mozilla/5.0 (Windows NT 6.1; Win64; x64; rv:56.0) Gecko/20100101 Firefox/56.0"
80.123.221.50 - - [16/Nov/2017:17:52:48 +0100] "GET /reload?ser=1510851188495 HTTP/1.1" 200 28 "http://renault.2web.at/result?searchterm=true&search=7+sterne" "Mozilla/5.0 (Windows NT 6.1; Win64; x64; rv:56.0) Gecko/20100101 Firefox/56.0"
80.123.221.50 - - [16/Nov/2017:17:53:49 +0100] "GET /reload?ser=1510851249455 HTTP/1.1" 200 28 "http://renault.2web.at/result?searchterm=true&search=7+sterne" "Mozilla/5.0 (Windows NT 6.1; Win64; x64; rv:56.0) Gecko/20100101 Firefox/56.0"
80.123.221.50 - - [16/Nov/2017:17:54:50 +0100] "GET /reload?ser=1510851310379 HTTP/1.1" 200 28 "http://renault.2web.at/result?searchterm=true&search=7+sterne" "Mozilla/5.0 (Windows NT 6.1; Win64; x64; rv:56.0) Gecko/20100101 Firefox/56.0"
80.123.221.50 - - [16/Nov/2017:17:55:51 +0100] "GET /reload?ser=1510851371361 HTTP/1.1" 200 28 "http://renault.2web.at/result?searchterm=true&search=7+sterne" "Mozilla/5.0 (Windows NT 6.1; Win64; x64; rv:56.0) Gecko/20100101 Firefox/56.0"
80.123.221.50 - - [16/Nov/2017:17:56:52 +0100] "GET /reload?ser=1510851432360 HTTP/1.1" 200 28 "http://renault.2web.at/result?searchterm=true&search=7+sterne" "Mozilla/5.0 (Windows NT 6.1; Win64; x64; rv:56.0) Gecko/20100101 Firefox/56.0"
80.123.221.50 - - [16/Nov/2017:17:57:53 +0100] "GET /reload?ser=1510851493355 HTTP/1.1" 200 28 "http://renault.2web.at/result?searchterm=true&search=7+sterne" "Mozilla/5.0 (Windows NT 6.1; Win64; x64; rv:56.0) Gecko/20100101 Firefox/56.0"
80.123.221.50 - - [16/Nov/2017:17:58:54 +0100] "GET /reload?ser=1510851554327 HTTP/1.1" 200 28 "http://renault.2web.at/result?searchterm=true&search=7+sterne" "Mozilla/5.0 (Windows NT 6.1; Win64; x64; rv:56.0) Gecko/20100101 Firefox/56.0"
80.123.221.50 - - [16/Nov/2017:17:59:55 +0100] "GET /reload?ser=1510851615328 HTTP/1.1" 200 28 "http://renault.2web.at/result?searchterm=true&search=7+sterne" "Mozilla/5.0 (Windows NT 6.1; Win64; x64; rv:56.0) Gecko/20100101 Firefox/56.0"
80.123.221.50 - - [16/Nov/2017:18:00:34 +0100] "GET /logout HTTP/1.1" 302 136 "http://renault.2web.at/result?searchterm=true&search=7+sterne" "Mozilla/5.0 (Windows NT 6.1; Win64; x64; rv:56.0) Gecko/20100101 Firefox/56.0"
80.123.221.50 - - [16/Nov/2017:18:00:35 +0100] "GET /logout HTTP/1.1" 200 1583 "http://renault.2web.at/result?searchterm=true&search=7+sterne" "Mozilla/5.0 (Windows NT 6.1; Win64; x64; rv:56.0) Gecko/20100101 Firefox/56.0"
80.123.221.50 - - [16/Nov/2017:18:00:41 +0100] "GET / HTTP/1.1" 200 3893 "http://renault.2web.at/logout" "Mozilla/5.0 (Windows NT 6.1; Win64; x64; rv:56.0) Gecko/20100101 Firefox/56.0"
80.123.221.50 - - [16/Nov/2017:18:00:42 +0100] "GET /js/flashdetection.js HTTP/1.1" 200 1059 "http://renault.2web.at/" "Mozilla/5.0 (Windows NT 6.1; Win64; x64; rv:56.0) Gecko/20100101 Firefox/56.0"
40.77.167.32 - - [16/Nov/2017:18:38:08 +0100] "GET /cart HTTP/1.1" 200 1714 "-" "Mozilla/5.0 (iPhone; CPU iPhone OS 7_0 like Mac OS X) AppleWebKit/537.51.1 (KHTML, like Gecko) Version/7.0 Mobile/11A465 Safari/9537.53 (compatible; bingbot/2.0; +http://www.bing.com/bingbot.htm)"
131.253.27.101 - - [16/Nov/2017:21:43:03 +0100] "GET /css/reset.css HTTP/1.1" 200 3591 "-" "Mozilla/5.0 (iPhone; CPU iPhone OS 7_0 like Mac OS X) AppleWebKit/537.51.1 (KHTML, like Gecko) Version/7.0 Mobile/11A465 Safari/9537.53 BingPreview/1.0b"
65.55.213.25 - - [16/Nov/2017:21:43:03 +0100] "GET /css/styles.css HTTP/1.1" 200 78636 "-" "Mozilla/5.0 (iPhone; CPU iPhone OS 7_0 like Mac OS X) AppleWebKit/537.51.1 (KHTML, like Gecko) Version/7.0 Mobile/11A465 Safari/9537.53 BingPreview/1.0b"
131.253.25.224 - - [16/Nov/2017:21:43:04 +0100] "GET /css/clears.css HTTP/1.1" 200 1978 "-" "Mozilla/5.0 (iPhone; CPU iPhone OS 7_0 like Mac OS X) AppleWebKit/537.51.1 (KHTML, like Gecko) Version/7.0 Mobile/11A465 Safari/9537.53 BingPreview/1.0b"
131.253.25.221 - - [16/Nov/2017:21:43:05 +0100] "GET /css/prototip.css HTTP/1.1" 200 3299 "-" "Mozilla/5.0 (iPhone; CPU iPhone OS 7_0 like Mac OS X) AppleWebKit/537.51.1 (KHTML, like Gecko) Version/7.0 Mobile/11A465 Safari/9537.53 BingPreview/1.0b"
65.55.213.25 - - [16/Nov/2017:21:43:05 +0100] "GET /css/themes/default.css HTTP/1.1" 200 2674 "-" "Mozilla/5.0 (iPhone; CPU iPhone OS 7_0 like Mac OS X) AppleWebKit/537.51.1 (KHTML, like Gecko) Version/7.0 Mobile/11A465 Safari/9537.53 BingPreview/1.0b"
131.253.25.224 - - [16/Nov/2017:21:43:06 +0100] "GET /css/themes/alphacube.css HTTP/1.1" 200 2665 "-" "Mozilla/5.0 (iPhone; CPU iPhone OS 7_0 like Mac OS X) AppleWebKit/537.51.1 (KHTML, like Gecko) Version/7.0 Mobile/11A465 Safari/9537.53 BingPreview/1.0b"
207.46.13.150 - - [16/Nov/2017:21:52:06 +0100] "GET /loadthumbnail.php?id=11127982 HTTP/1.1" 200 399614 "-" "Mozilla/5.0 (iPhone; CPU iPhone OS 7_0 like Mac OS X) AppleWebKit/537.51.1 (KHTML, like Gecko) Version/7.0 Mobile/11A465 Safari/9537.53 (compatible; bingbot/2.0; +http://www.bing.com/bingbot.htm)"
62.47.154.72 - - [16/Nov/2017:22:49:42 +0100] "GET / HTTP/1.1" 200 3890 "-" "Mozilla/5.0 (iPhone; CPU iPhone OS 11_1_1 like Mac OS X) AppleWebKit/604.3.5 (KHTML, like Gecko) Version/11.0 Mobile/15B150 Safari/604.1"
62.47.154.72 - - [16/Nov/2017:22:49:46 +0100] "GET /apple-touch-icon-120x120-precomposed.png HTTP/1.1" 200 1559 "-" "MobileSafari/604.1 CFNetwork/889.9 Darwin/17.2.0"
46.125.249.46 - - [16/Nov/2017:22:49:48 +0100] "GET /apple-touch-icon-120x120.png HTTP/1.1" 200 1559 "-" "MobileSafari/604.1 CFNetwork/889.9 Darwin/17.2.0"
62.47.154.72 - - [16/Nov/2017:22:49:49 +0100] "GET /apple-touch-icon-precomposed.png HTTP/1.1" 200 1559 "-" "MobileSafari/604.1 CFNetwork/889.9 Darwin/17.2.0"
62.47.154.72 - - [16/Nov/2017:22:49:51 +0100] "GET /apple-touch-icon.png HTTP/1.1" 200 1559 "-" "MobileSafari/604.1 CFNetwork/889.9 Darwin/17.2.0"
46.125.249.46 - - [16/Nov/2017:22:49:53 +0100] "GET /images/favicon.ico HTTP/1.1" 404 305 "-" "MobileSafari/604.1 CFNetwork/889.9 Darwin/17.2.0"
46.125.249.46 - - [16/Nov/2017:22:49:53 +0100] "GET /images/favicon.ico HTTP/1.1" 404 305 "-" "MobileSafari/604.1 CFNetwork/889.9 Darwin/17.2.0"
62.47.154.72 - - [16/Nov/2017:22:49:53 +0100] "GET /favicon.ico HTTP/1.1" 200 3250 "-" "MobileSafari/604.1 CFNetwork/889.9 Darwin/17.2.0"
62.47.154.72 - - [16/Nov/2017:22:49:56 +0100] "GET /apple-touch-icon-120x120-precomposed.png HTTP/1.1" 200 1559 "-" "MobileSafari/604.1 CFNetwork/889.9 Darwin/17.2.0"
62.47.154.72 - - [16/Nov/2017:22:49:57 +0100] "GET /apple-touch-icon-120x120.png HTTP/1.1" 200 1559 "-" "MobileSafari/604.1 CFNetwork/889.9 Darwin/17.2.0"
62.47.154.72 - - [16/Nov/2017:22:49:58 +0100] "GET /apple-touch-icon-precomposed.png HTTP/1.1" 200 1559 "-" "MobileSafari/604.1 CFNetwork/889.9 Darwin/17.2.0"
62.47.154.72 - - [16/Nov/2017:22:49:59 +0100] "GET /apple-touch-icon.png HTTP/1.1" 200 1559 "-" "MobileSafari/604.1 CFNetwork/889.9 Darwin/17.2.0"
46.125.249.46 - - [16/Nov/2017:22:50:01 +0100] "GET /images/favicon.ico HTTP/1.1" 404 305 "-" "MobileSafari/604.1 CFNetwork/889.9 Darwin/17.2.0"
46.125.249.46 - - [16/Nov/2017:22:50:01 +0100] "GET /images/favicon.ico HTTP/1.1" 404 305 "-" "MobileSafari/604.1 CFNetwork/889.9 Darwin/17.2.0"
62.47.154.72 - - [16/Nov/2017:22:50:01 +0100] "GET /favicon.ico HTTP/1.1" 200 3250 "-" "MobileSafari/604.1 CFNetwork/889.9 Darwin/17.2.0"
65.55.210.112 - - [16/Nov/2017:22:53:11 +0100] "GET /js/default.js HTTP/1.1" 200 14698 "http://renault.activities.at/cart" "Mozilla/5.0 (iPhone; CPU iPhone OS 7_0 like Mac OS X) AppleWebKit/537.51.1 (KHTML, like Gecko) Version/7.0 Mobile/11A465 Safari/9537.53 BingPreview/1.0b"
65.55.210.112 - - [16/Nov/2017:22:53:13 +0100] "GET /js/index.php?c=auto&f=,prototype/prototype.js,prototype/validation.js,scriptaculous/builder.js,scriptaculous/effects.js,scriptaculous/dragdrop.js,scriptaculous/controls.js,scriptaculous/slider.js,varien/js.js,varien/form.js,varien/menu.js,mage/translate.js,mage/cookies.js,varien/product.js,spinner/SpinnerControl.jsmin.js,prototype/window.js,prototype/window_ext.js HTTP/1.1" 200 94182 "http://renault.activities.at/cart" "Mozilla/5.0 (iPhone; CPU iPhone OS 7_0 like Mac OS X) AppleWebKit/537.51.1 (KHTML, like Gecko) Version/7.0 Mobile/11A465 Safari/9537.53 BingPreview/1.0b"
65.55.210.112 - - [16/Nov/2017:22:53:18 +0100] "GET /css/reset.css HTTP/1.1" 200 1356 "http://renault.activities.at/cart" "Mozilla/5.0 (iPhone; CPU iPhone OS 7_0 like Mac OS X) AppleWebKit/537.51.1 (KHTML, like Gecko) Version/7.0 Mobile/11A465 Safari/9537.53 BingPreview/1.0b"
65.55.210.112 - - [16/Nov/2017:22:53:18 +0100] "GET /js/checkout.css HTTP/1.1" 200 359 "http://renault.activities.at/cart" "Mozilla/5.0 (iPhone; CPU iPhone OS 7_0 like Mac OS X) AppleWebKit/537.51.1 (KHTML, like Gecko) Version/7.0 Mobile/11A465 Safari/9537.53 BingPreview/1.0b"
65.55.210.112 - - [16/Nov/2017:22:53:18 +0100] "GET /css/themes/default.css HTTP/1.1" 200 769 "http://renault.activities.at/cart" "Mozilla/5.0 (iPhone; CPU iPhone OS 7_0 like Mac OS X) AppleWebKit/537.51.1 (KHTML, like Gecko) Version/7.0 Mobile/11A465 Safari/9537.53 BingPreview/1.0b"
65.55.210.112 - - [16/Nov/2017:22:53:25 +0100] "GET /images/main_block_corner_left_top.gif HTTP/1.1" 200 159 "http://renault.activities.at/cart" "Mozilla/5.0 (iPhone; CPU iPhone OS 7_0 like Mac OS X) AppleWebKit/537.51.1 (KHTML, like Gecko) Version/7.0 Mobile/11A465 Safari/9537.53 BingPreview/1.0b"
65.55.210.112 - - [16/Nov/2017:22:53:25 +0100] "GET /images/header_block_border.gif HTTP/1.1" 200 43 "http://renault.activities.at/cart" "Mozilla/5.0 (iPhone; CPU iPhone OS 7_0 like Mac OS X) AppleWebKit/537.51.1 (KHTML, like Gecko) Version/7.0 Mobile/11A465 Safari/9537.53 BingPreview/1.0b"
65.55.210.112 - - [16/Nov/2017:22:53:25 +0100] "GET /images/header_block_corner_left_top.gif HTTP/1.1" 200 160 "http://renault.activities.at/cart" "Mozilla/5.0 (iPhone; CPU iPhone OS 7_0 like Mac OS X) AppleWebKit/537.51.1 (KHTML, like Gecko) Version/7.0 Mobile/11A465 Safari/9537.53 BingPreview/1.0b"
65.55.210.112 - - [16/Nov/2017:22:53:30 +0100] "GET /images/title_corner_left_top.jpg HTTP/1.1" 200 372 "http://renault.activities.at/cart" "Mozilla/5.0 (iPhone; CPU iPhone OS 7_0 like Mac OS X) AppleWebKit/537.51.1 (KHTML, like Gecko) Version/7.0 Mobile/11A465 Safari/9537.53 BingPreview/1.0b"
65.55.210.112 - - [16/Nov/2017:22:53:32 +0100] "GET /css/print.css HTTP/1.1" 200 543 "http://renault.activities.at/cart" "Mozilla/5.0 (iPhone; CPU iPhone OS 7_0 like Mac OS X) AppleWebKit/537.51.1 (KHTML, like Gecko) Version/7.0 Mobile/11A465 Safari/9537.53 BingPreview/1.0b"
194.166.211.214 - - [16/Nov/2017:23:12:07 +0100] "GET / HTTP/1.1" 200 3890 "-" "Mozilla/5.0 (iPad; CPU OS 10_2 like Mac OS X) AppleWebKit/602.3.12 (KHTML, like Gecko) Version/10.0 Mobile/14C92 Safari/602.1"
194.166.211.214 - - [16/Nov/2017:23:12:08 +0100] "GET /apple-touch-icon-152x152-precomposed.png HTTP/1.1" 200 1559 "-" "MobileSafari/602.1 CFNetwork/808.2.16 Darwin/16.3.0"
194.166.211.214 - - [16/Nov/2017:23:12:09 +0100] "GET /apple-touch-icon-152x152.png HTTP/1.1" 200 1559 "-" "MobileSafari/602.1 CFNetwork/808.2.16 Darwin/16.3.0"
194.166.211.214 - - [16/Nov/2017:23:12:10 +0100] "GET /apple-touch-icon-precomposed.png HTTP/1.1" 200 1559 "-" "MobileSafari/602.1 CFNetwork/808.2.16 Darwin/16.3.0"
194.166.211.214 - - [16/Nov/2017:23:12:11 +0100] "GET /apple-touch-icon.png HTTP/1.1" 200 1559 "-" "MobileSafari/602.1 CFNetwork/808.2.16 Darwin/16.3.0"
194.166.211.214 - - [16/Nov/2017:23:12:12 +0100] "GET /images/favicon.ico HTTP/1.1" 404 305 "-" "MobileSafari/602.1 CFNetwork/808.2.16 Darwin/16.3.0"
194.166.211.214 - - [16/Nov/2017:23:12:12 +0100] "GET /images/favicon.ico HTTP/1.1" 404 305 "-" "MobileSafari/602.1 CFNetwork/808.2.16 Darwin/16.3.0"
194.166.211.214 - - [16/Nov/2017:23:12:12 +0100] "GET /favicon.ico HTTP/1.1" 304 - "-" "MobileSafari/602.1 CFNetwork/808.2.16 Darwin/16.3.0"
194.166.211.214 - - [16/Nov/2017:23:12:12 +0100] "GET /apple-touch-icon-152x152-precomposed.png HTTP/1.1" 200 1559 "-" "MobileSafari/602.1 CFNetwork/808.2.16 Darwin/16.3.0"
194.166.211.214 - - [16/Nov/2017:23:12:13 +0100] "GET /apple-touch-icon-152x152.png HTTP/1.1" 200 1559 "-" "MobileSafari/602.1 CFNetwork/808.2.16 Darwin/16.3.0"
194.166.211.214 - - [16/Nov/2017:23:12:14 +0100] "GET /images/favicon.ico HTTP/1.1" 404 305 "-" "MobileSafari/602.1 CFNetwork/808.2.16 Darwin/16.3.0"
194.166.211.214 - - [16/Nov/2017:23:12:14 +0100] "GET /images/favicon.ico HTTP/1.1" 404 305 "-" "MobileSafari/602.1 CFNetwork/808.2.16 Darwin/16.3.0"
194.166.211.214 - - [16/Nov/2017:23:12:15 +0100] "GET /favicon.ico HTTP/1.1" 304 - "-" "MobileSafari/602.1 CFNetwork/808.2.16 Darwin/16.3.0"
157.55.39.140 - - [17/Nov/2017:00:18:46 +0100] "GET /10260004?dir=ASC&mode=grid&order=name&limit=15&page=1 HTTP/1.1" 200 4827 "-" "Mozilla/5.0 (compatible; bingbot/2.0; +http://www.bing.com/bingbot.htm)"