80.122.53.106 - - [17/Nov/2017:10:15:11 +0100] "GET /reload?ser=1510910111617 HTTP/1.1" 200 28 "http://renault.activities.at/10260260?dir=DESC&mode=grid&order=name&limit=15&page=1" "Mozilla/5.0 (Windows NT 6.1; Win64; x64; rv:56.0) Gecko/20100101 Firefox/56.0"
80.122.53.106 - - [17/Nov/2017:10:15:29 +0100] "GET /images/vista-up-hover.gif HTTP/1.1" 200 130 "http://renault.activities.at/css/styles.css" "Mozilla/5.0 (Windows NT 6.1; Win64; x64; rv:56.0) Gecko/20100101 Firefox/56.0"
80.122.53.106 - - [17/Nov/2017:10:15:37 +0100] "GET /result?searchterm=true&search=wartungskleber HTTP/1.1" 200 6061 "http://renault.activities.at/10260260?dir=DESC&mode=grid&order=name&limit=15&page=1" "Mozilla/5.0 (Windows NT 6.1; Win64; x64; rv:56.0) Gecko/20100101 Firefox/56.0"
80.122.53.106 - - [17/Nov/2017:10:15:39 +0100] "GET /loadthumbnail.php?id=11423691&width=113 HTTP/1.1" 200 6071 "http://renault.activities.at/result?searchterm=true&search=wartungskleber" "Mozilla/5.0 (Windows NT 6.1; Win64; x64; rv:56.0) Gecko/20100101 Firefox/56.0"
80.122.53.106 - - [17/Nov/2017:10:15:37 +0100] "POST /axjaxrequest?mode=suggest HTTP/1.1" 200 115 "http://renault.activities.at/10260260?dir=DESC&mode=grid&order=name&limit=15&page=1" "Mozilla/5.0 (Windows NT 6.1; Win64; x64; rv:56.0) Gecko/20100101 Firefox/56.0"
212.152.246.137 - - [17/Nov/2017:10:15:46 +0100] "GET /reload?ser=1510910153337 HTTP/1.1" 200 28 "http://renault.activities.at/10260009" "Mozilla/5.0 (Windows NT 6.1; WOW64; Trident/7.0; rv:11.0) like Gecko"
188.20.217.228 - - [17/Nov/2017:10:15:47 +0100] "GET /reload?ser=1510910146593 HTTP/1.1" 200 28 "http://renault.activities.at/result?searchterm=true&search=Z.E." "Mozilla/5.0 (Windows NT 6.1; WOW64; Trident/7.0; rv:11.0) like Gecko"
80.122.53.106 - - [17/Nov/2017:10:15:47 +0100] "POST /result?searchterm=true&search=wartungskleber HTTP/1.1" 200 6252 "http://renault.activities.at/result?searchterm=true&search=wartungskleber" "Mozilla/5.0 (Windows NT 6.1; Win64; x64; rv:56.0) Gecko/20100101 Firefox/56.0"
80.122.53.106 - - [17/Nov/2017:10:15:50 +0100] "GET /images/success_msg_icon.gif HTTP/1.1" 200 1024 "http://renault.activities.at/css/styles.css" "Mozilla/5.0 (Windows NT 6.1; Win64; x64; rv:56.0) Gecko/20100101 Firefox/56.0"
212.152.246.131 - - [17/Nov/2017:10:15:52 +0100] "GET /reload?ser=1510910151987 HTTP/1.1" 200 1239 "http://renault.2web.at/" "Mozilla/5.0 (Windows NT 10.0; WOW64; Trident/7.0; rv:11.0) like Gecko"
80.122.53.106 - - [17/Nov/2017:10:15:52 +0100] "POST /result?searchterm=true&search=wartungskleber HTTP/1.1" 200 6255 "http://renault.activities.at/result?searchterm=true&search=wartungskleber" "Mozilla/5.0 (Windows NT 6.1; Win64; x64; rv:56.0) Gecko/20100101 Firefox/56.0"
80.122.53.106 - - [17/Nov/2017:10:16:06 +0100] "GET /10201634 HTTP/1.1" 200 8927 "http://renault.activities.at/result?searchterm=true&search=wartungskleber" "Mozilla/5.0 (Windows NT 6.1; Win64; x64; rv:56.0) Gecko/20100101 Firefox/56.0"
80.122.53.106 - - [17/Nov/2017:10:16:16 +0100] "GET /10201634?dir=DESC&mode=grid&order=name&limit=30 HTTP/1.1" 200 10991 "http://renault.activities.at/10201634" "Mozilla/5.0 (Windows NT 6.1; Win64; x64; rv:56.0) Gecko/20100101 Firefox/56.0"
80.122.53.106 - - [17/Nov/2017:10:16:20 +0100] "GET /loadthumbnail.php?id=11454991&width=113 HTTP/1.1" 200 18344 "http://renault.activities.at/10201634?dir=DESC&mode=grid&order=name&limit=30" "Mozilla/5.0 (Windows NT 6.1; Win64; x64; rv:56.0) Gecko/20100101 Firefox/56.0"
80.122.53.106 - - [17/Nov/2017:10:16:20 +0100] "GET /loadthumbnail.php?id=11387766&width=113 HTTP/1.1" 200 5767 "http://renault.activities.at/10201634?dir=DESC&mode=grid&order=name&limit=30" "Mozilla/5.0 (Windows NT 6.1; Win64; x64; rv:56.0) Gecko/20100101 Firefox/56.0"
80.122.53.106 - - [17/Nov/2017:10:16:20 +0100] "GET /loadthumbnail.php?id=11383873&width=113 HTTP/1.1" 200 23267 "http://renault.activities.at/10201634?dir=DESC&mode=grid&order=name&limit=30" "Mozilla/5.0 (Windows NT 6.1; Win64; x64; rv:56.0) Gecko/20100101 Firefox/56.0"
80.122.53.106 - - [17/Nov/2017:10:16:20 +0100] "GET /loadthumbnail.php?id=11342686&width=113 HTTP/1.1" 200 21940 "http://renault.activities.at/10201634?dir=DESC&mode=grid&order=name&limit=30" "Mozilla/5.0 (Windows NT 6.1; Win64; x64; rv:56.0) Gecko/20100101 Firefox/56.0"
80.122.53.106 - - [17/Nov/2017:10:16:20 +0100] "GET /loadthumbnail.php?id=11361071&width=113 HTTP/1.1" 200 17044 "http://renault.activities.at/10201634?dir=DESC&mode=grid&order=name&limit=30" "Mozilla/5.0 (Windows NT 6.1; Win64; x64; rv:56.0) Gecko/20100101 Firefox/56.0"
80.122.53.106 - - [17/Nov/2017:10:16:20 +0100] "GET /loadthumbnail.php?id=11361093&width=113 HTTP/1.1" 200 21857 "http://renault.activities.at/10201634?dir=DESC&mode=grid&order=name&limit=30" "Mozilla/5.0 (Windows NT 6.1; Win64; x64; rv:56.0) Gecko/20100101 Firefox/56.0"
80.122.53.106 - - [17/Nov/2017:10:16:20 +0100] "GET /loadthumbnail.php?id=11592482&width=113 HTTP/1.1" 200 20108 "http://renault.activities.at/10201634?dir=DESC&mode=grid&order=name&limit=30" "Mozilla/5.0 (Windows NT 6.1; Win64; x64; rv:56.0) Gecko/20100101 Firefox/56.0"
80.122.53.106 - - [17/Nov/2017:10:16:20 +0100] "GET /loadthumbnail.php?id=11361087&width=113 HTTP/1.1" 200 22747 "http://renault.activities.at/10201634?dir=DESC&mode=grid&order=name&limit=30" "Mozilla/5.0 (Windows NT 6.1; Win64; x64; rv:56.0) Gecko/20100101 Firefox/56.0"
80.122.53.106 - - [17/Nov/2017:10:16:20 +0100] "GET /loadthumbnail.php?id=11503755&width=113 HTTP/1.1" 200 19501 "http://renault.activities.at/10201634?dir=DESC&mode=grid&order=name&limit=30" "Mozilla/5.0 (Windows NT 6.1; Win64; x64; rv:56.0) Gecko/20100101 Firefox/56.0"
80.122.53.106 - - [17/Nov/2017:10:16:20 +0100] "GET /loadthumbnail.php?id=11518629&width=113 HTTP/1.1" 200 19415 "http://renault.activities.at/10201634?dir=DESC&mode=grid&order=name&limit=30" "Mozilla/5.0 (Windows NT 6.1; Win64; x64; rv:56.0) Gecko/20100101 Firefox/56.0"
80.122.53.106 - - [17/Nov/2017:10:16:20 +0100] "GET /loadthumbnail.php?id=11645083&width=113 HTTP/1.1" 200 20489 "http://renault.activities.at/10201634?dir=DESC&mode=grid&order=name&limit=30" "Mozilla/5.0 (Windows NT 6.1; Win64; x64; rv:56.0) Gecko/20100101 Firefox/56.0"
80.122.53.106 - - [17/Nov/2017:10:16:20 +0100] "GET /loadthumbnail.php?id=11564187&width=113 HTTP/1.1" 200 22491 "http://renault.activities.at/10201634?dir=DESC&mode=grid&order=name&limit=30" "Mozilla/5.0 (Windows NT 6.1; Win64; x64; rv:56.0) Gecko/20100101 Firefox/56.0"
80.122.53.106 - - [17/Nov/2017:10:16:21 +0100] "GET /loadthumbnail.php?id=11475295&width=113 HTTP/1.1" 200 17922 "http://renault.activities.at/10201634?dir=DESC&mode=grid&order=name&limit=30" "Mozilla/5.0 (Windows NT 6.1; Win64; x64; rv:56.0) Gecko/20100101 Firefox/56.0"
80.122.53.106 - - [17/Nov/2017:10:16:21 +0100] "GET /loadthumbnail.php?id=11548917&width=113 HTTP/1.1" 200 22455 "http://renault.activities.at/10201634?dir=DESC&mode=grid&order=name&limit=30" "Mozilla/5.0 (Windows NT 6.1; Win64; x64; rv:56.0) Gecko/20100101 Firefox/56.0"
80.122.53.106 - - [17/Nov/2017:10:16:21 +0100] "GET /loadthumbnail.php?id=11564182&width=113 HTTP/1.1" 200 19940 "http://renault.activities.at/10201634?dir=DESC&mode=grid&order=name&limit=30" "Mozilla/5.0 (Windows NT 6.1; Win64; x64; rv:56.0) Gecko/20100101 Firefox/56.0"
213.153.47.173 - - [17/Nov/2017:10:16:23 +0100] "GET /layout.php HTTP/1.1" 200 1559 "-" "Mozilla/5.0 (Windows NT 6.1; WOW64) AppleWebKit/537.36 (KHTML, like Gecko) Chrome/61.0.3163.100 Safari/537.36 OPR/48.0.2685.52"
213.153.47.173 - - [17/Nov/2017:10:16:24 +0100] "GET /images/favicon.ico HTTP/1.1" 404 305 "-" "Mozilla/5.0 (Windows NT 6.1; WOW64) AppleWebKit/537.36 (KHTML, like Gecko) Chrome/61.0.3163.100 Safari/537.36 OPR/48.0.2685.52"
212.152.246.137 - - [17/Nov/2017:10:16:47 +0100] "GET /reload?ser=1510910214362 HTTP/1.1" 200 28 "http://renault.activities.at/10260009" "Mozilla/5.0 (Windows NT 6.1; WOW64; Trident/7.0; rv:11.0) like Gecko"
188.20.217.228 - - [17/Nov/2017:10:16:48 +0100] "GET /reload?ser=1510910207646 HTTP/1.1" 200 28 "http://renault.activities.at/result?searchterm=true&search=Z.E." "Mozilla/5.0 (Windows NT 6.1; WOW64; Trident/7.0; rv:11.0) like Gecko"
213.153.47.173 - - [17/Nov/2017:10:16:50 +0100] "GET /layout.php HTTP/1.1" 200 1559 "-" "Mozilla/5.0 (Windows NT 6.1; WOW64) AppleWebKit/537.36 (KHTML, like Gecko) Chrome/61.0.3163.100 Safari/537.36 OPR/48.0.2685.52"
212.152.246.131 - - [17/Nov/2017:10:16:52 +0100] "GET /reload?ser=1510910212187 HTTP/1.1" 200 1235 "http://renault.2web.at/" "Mozilla/5.0 (Windows NT 10.0; WOW64; Trident/7.0; rv:11.0) like Gecko"
80.122.53.106 - - [17/Nov/2017:10:16:53 +0100] "GET /10201634?dir=DESC&mode=grid&order=name&limit=30&page=2 HTTP/1.1" 200 11319 "http://renault.activities.at/10201634?dir=DESC&mode=grid&order=name&limit=30" "Mozilla/5.0 (Windows NT 6.1; Win64; x64; rv:56.0) Gecko/20100101 Firefox/56.0"
80.122.53.106 - - [17/Nov/2017:10:16:58 +0100] "GET /loadthumbnail.php?id=11543815&width=113 HTTP/1.1" 200 1975 "http://renault.activities.at/10201634?dir=DESC&mode=grid&order=name&limit=30&page=2" "Mozilla/5.0 (Windows NT 6.1; Win64; x64; rv:56.0) Gecko/20100101 Firefox/56.0"
80.122.53.106 - - [17/Nov/2017:10:16:58 +0100] "GET /loadthumbnail.php?id=11487278&width=113 HTTP/1.1" 200 23060 "http://renault.activities.at/10201634?dir=DESC&mode=grid&order=name&limit=30&page=2" "Mozilla/5.0 (Windows NT 6.1; Win64; x64; rv:56.0) Gecko/20100101 Firefox/56.0"
80.122.53.106 - - [17/Nov/2017:10:16:58 +0100] "GET /loadthumbnail.php?id=11548693&width=113 HTTP/1.1" 200 18681 "http://renault.activities.at/10201634?dir=DESC&mode=grid&order=name&limit=30&page=2" "Mozilla/5.0 (Windows NT 6.1; Win64; x64; rv:56.0) Gecko/20100101 Firefox/56.0"
80.122.53.106 - - [17/Nov/2017:10:16:58 +0100] "GET /loadthumbnail.php?id=11648825&width=113 HTTP/1.1" 200 18493 "http://renault.activities.at/10201634?dir=DESC&mode=grid&order=name&limit=30&page=2" "Mozilla/5.0 (Windows NT 6.1; Win64; x64; rv:56.0) Gecko/20100101 Firefox/56.0"
80.122.53.106 - - [17/Nov/2017:10:16:58 +0100] "GET /loadthumbnail.php?id=11487305&width=113 HTTP/1.1" 200 39775 "http://renault.activities.at/10201634?dir=DESC&mode=grid&order=name&limit=30&page=2" "Mozilla/5.0 (Windows NT 6.1; Win64; x64; rv:56.0) Gecko/20100101 Firefox/56.0"
80.122.53.106 - - [17/Nov/2017:10:16:58 +0100] "GET /loadthumbnail.php?id=11487313&width=113 HTTP/1.1" 200 54495 "http://renault.activities.at/10201634?dir=DESC&mode=grid&order=name&limit=30&page=2" "Mozilla/5.0 (Windows NT 6.1; Win64; x64; rv:56.0) Gecko/20100101 Firefox/56.0"
80.122.53.106 - - [17/Nov/2017:10:16:58 +0100] "GET /loadthumbnail.php?id=11581491&width=113 HTTP/1.1" 200 18478 "http://renault.activities.at/10201634?dir=DESC&mode=grid&order=name&limit=30&page=2" "Mozilla/5.0 (Windows NT 6.1; Win64; x64; rv:56.0) Gecko/20100101 Firefox/56.0"
80.122.53.106 - - [17/Nov/2017:10:16:58 +0100] "GET /loadthumbnail.php?id=11194750&width=113 HTTP/1.1" 200 2347 "http://renault.activities.at/10201634?dir=DESC&mode=grid&order=name&limit=30&page=2" "Mozilla/5.0 (Windows NT 6.1; Win64; x64; rv:56.0) Gecko/20100101 Firefox/56.0"
80.122.53.106 - - [17/Nov/2017:10:16:58 +0100] "GET /loadthumbnail.php?id=11117056&width=113 HTTP/1.1" 200 2184 "http://renault.activities.at/10201634?dir=DESC&mode=grid&order=name&limit=30&page=2" "Mozilla/5.0 (Windows NT 6.1; Win64; x64; rv:56.0) Gecko/20100101 Firefox/56.0"
80.122.53.106 - - [17/Nov/2017:10:16:58 +0100] "GET /loadthumbnail.php?id=11383867&width=113 HTTP/1.1" 200 22183 "http://renault.activities.at/10201634?dir=DESC&mode=grid&order=name&limit=30&page=2" "Mozilla/5.0 (Windows NT 6.1; Win64; x64; rv:56.0) Gecko/20100101 Firefox/56.0"
80.122.53.106 - - [17/Nov/2017:10:16:58 +0100] "GET /loadthumbnail.php?id=11504901&width=113 HTTP/1.1" 200 32183 "http://renault.activities.at/10201634?dir=DESC&mode=grid&order=name&limit=30&page=2" "Mozilla/5.0 (Windows NT 6.1; Win64; x64; rv:56.0) Gecko/20100101 Firefox/56.0"
80.122.53.106 - - [17/Nov/2017:10:16:58 +0100] "GET /loadthumbnail.php?id=11504843&width=113 HTTP/1.1" 200 33866 "http://renault.activities.at/10201634?dir=DESC&mode=grid&order=name&limit=30&page=2" "Mozilla/5.0 (Windows NT 6.1; Win64; x64; rv:56.0) Gecko/20100101 Firefox/56.0"
80.122.53.106 - - [17/Nov/2017:10:16:58 +0100] "GET /loadthumbnail.php?id=11504919&width=113 HTTP/1.1" 200 18521 "http://renault.activities.at/10201634?dir=DESC&mode=grid&order=name&limit=30&page=2" "Mozilla/5.0 (Windows NT 6.1; Win64; x64; rv:56.0) Gecko/20100101 Firefox/56.0"
80.122.53.106 - - [17/Nov/2017:10:16:58 +0100] "GET /loadthumbnail.php?id=11176821&width=113 HTTP/1.1" 200 4433 "http://renault.activities.at/10201634?dir=DESC&mode=grid&order=name&limit=30&page=2" "Mozilla/5.0 (Windows NT 6.1; Win64; x64; rv:56.0) Gecko/20100101 Firefox/56.0"
80.122.53.106 - - [17/Nov/2017:10:16:58 +0100] "GET /loadthumbnail.php?id=11586948&width=113 HTTP/1.1" 200 5839 "http://renault.activities.at/10201634?dir=DESC&mode=grid&order=name&limit=30&page=2" "Mozilla/5.0 (Windows NT 6.1; Win64; x64; rv:56.0) Gecko/20100101 Firefox/56.0"
80.122.53.106 - - [17/Nov/2017:10:16:58 +0100] "GET /loadthumbnail.php?id=11340123&width=113 HTTP/1.1" 200 5559 "http://renault.activities.at/10201634?dir=DESC&mode=grid&order=name&limit=30&page=2" "Mozilla/5.0 (Windows NT 6.1; Win64; x64; rv:56.0) Gecko/20100101 Firefox/56.0"
80.122.53.106 - - [17/Nov/2017:10:16:58 +0100] "GET /loadthumbnail.php?id=11340124&width=113 HTTP/1.1" 200 4949 "http://renault.activities.at/10201634?dir=DESC&mode=grid&order=name&limit=30&page=2" "Mozilla/5.0 (Windows NT 6.1; Win64; x64; rv:56.0) Gecko/20100101 Firefox/56.0"
80.122.53.106 - - [17/Nov/2017:10:16:58 +0100] "GET /loadthumbnail.php?id=10460287&width=113 HTTP/1.1" 200 2135 "http://renault.activities.at/10201634?dir=DESC&mode=grid&order=name&limit=30&page=2" "Mozilla/5.0 (Windows NT 6.1; Win64; x64; rv:56.0) Gecko/20100101 Firefox/56.0"
80.122.53.106 - - [17/Nov/2017:10:16:58 +0100] "GET /loadthumbnail.php?id=11461719&width=113 HTTP/1.1" 200 32753 "http://renault.activities.at/10201634?dir=DESC&mode=grid&order=name&limit=30&page=2" "Mozilla/5.0 (Windows NT 6.1; Win64; x64; rv:56.0) Gecko/20100101 Firefox/56.0"
80.122.53.106 - - [17/Nov/2017:10:16:58 +0100] "GET /loadthumbnail.php?id=11431080&width=113 HTTP/1.1" 200 3991 "http://renault.activities.at/10201634?dir=DESC&mode=grid&order=name&limit=30&page=2" "Mozilla/5.0 (Windows NT 6.1; Win64; x64; rv:56.0) Gecko/20100101 Firefox/56.0"
80.122.53.106 - - [17/Nov/2017:10:16:58 +0100] "GET /loadthumbnail.php?id=11461707&width=113 HTTP/1.1" 200 27994 "http://renault.activities.at/10201634?dir=DESC&mode=grid&order=name&limit=30&page=2" "Mozilla/5.0 (Windows NT 6.1; Win64; x64; rv:56.0) Gecko/20100101 Firefox/56.0"
80.122.53.106 - - [17/Nov/2017:10:16:58 +0100] "GET /loadthumbnail.php?id=11461714&width=113 HTTP/1.1" 200 9391 "http://renault.activities.at/10201634?dir=DESC&mode=grid&order=name&limit=30&page=2" "Mozilla/5.0 (Windows NT 6.1; Win64; x64; rv:56.0) Gecko/20100101 Firefox/56.0"
80.122.53.106 - - [17/Nov/2017:10:16:58 +0100] "GET /loadthumbnail.php?id=11075492&width=113 HTTP/1.1" 200 2349 "http://renault.activities.at/10201634?dir=DESC&mode=grid&order=name&limit=30&page=2" "Mozilla/5.0 (Windows NT 6.1; Win64; x64; rv:56.0) Gecko/20100101 Firefox/56.0"
80.122.53.106 - - [17/Nov/2017:10:16:58 +0100] "GET /loadthumbnail.php?id=11075482&width=113 HTTP/1.1" 200 2349 "http://renault.activities.at/10201634?dir=DESC&mode=grid&order=name&limit=30&page=2" "Mozilla/5.0 (Windows NT 6.1; Win64; x64; rv:56.0) Gecko/20100101 Firefox/56.0"
213.153.47.173 - - [17/Nov/2017:10:17:03 +0100] "GET /layout.php HTTP/1.1" 200 1559 "-" "Mozilla/5.0 (Windows NT 6.1; WOW64) AppleWebKit/537.36 (KHTML, like Gecko) Chrome/61.0.3163.100 Safari/537.36 OPR/48.0.2685.52"
212.152.246.137 - - [17/Nov/2017:10:17:48 +0100] "GET /reload?ser=1510910275335 HTTP/1.1" 200 28 "http://renault.activities.at/10260009" "Mozilla/5.0 (Windows NT 6.1; WOW64; Trident/7.0; rv:11.0) like Gecko"
188.20.217.228 - - [17/Nov/2017:10:17:49 +0100] "GET /reload?ser=1510910268655 HTTP/1.1" 200 28 "http://renault.activities.at/result?searchterm=true&search=Z.E." "Mozilla/5.0 (Windows NT 6.1; WOW64; Trident/7.0; rv:11.0) like Gecko"
212.152.246.131 - - [17/Nov/2017:10:17:52 +0100] "GET /reload?ser=1510910272402 HTTP/1.1" 200 1241 "http://renault.2web.at/" "Mozilla/5.0 (Windows NT 10.0; WOW64; Trident/7.0; rv:11.0) like Gecko"
80.122.53.106 - - [17/Nov/2017:10:17:52 +0100] "GET /10201634?dir=DESC&mode=grid&order=name&limit=30&page=3 HTTP/1.1" 200 11454 "http://renault.activities.at/10201634?dir=DESC&mode=grid&order=name&limit=30&page=2" "Mozilla/5.0 (Windows NT 6.1; Win64; x64; rv:56.0) Gecko/20100101 Firefox/56.0"
80.122.53.106 - - [17/Nov/2017:10:17:56 +0100] "GET /loadthumbnail.php?id=11100138&width=113 HTTP/1.1" 200 4475 "http://renault.activities.at/10201634?dir=DESC&mode=grid&order=name&limit=30&page=3" "Mozilla/5.0 (Windows NT 6.1; Win64; x64; rv:56.0) Gecko/20100101 Firefox/56.0"
80.122.53.106 - - [17/Nov/2017:10:17:56 +0100] "GET /loadthumbnail.php?id=11532883&width=113 HTTP/1.1" 200 35124 "http://renault.activities.at/10201634?dir=DESC&mode=grid&order=name&limit=30&page=3" "Mozilla/5.0 (Windows NT 6.1; Win64; x64; rv:56.0) Gecko/20100101 Firefox/56.0"
80.122.53.106 - - [17/Nov/2017:10:17:56 +0100] "GET /loadthumbnail.php?id=11627282&width=113 HTTP/1.1" 200 18342 "http://renault.activities.at/10201634?dir=DESC&mode=grid&order=name&limit=30&page=3" "Mozilla/5.0 (Windows NT 6.1; Win64; x64; rv:56.0) Gecko/20100101 Firefox/56.0"
80.122.53.106 - - [17/Nov/2017:10:17:56 +0100] "GET /loadthumbnail.php?id=11493374&width=113 HTTP/1.1" 200 3339 "http://renault.activities.at/10201634?dir=DESC&mode=grid&order=name&limit=30&page=3" "Mozilla/5.0 (Windows NT 6.1; Win64; x64; rv:56.0) Gecko/20100101 Firefox/56.0"
80.122.53.106 - - [17/Nov/2017:10:17:56 +0100] "GET /loadthumbnail.php?id=10836220&width=113 HTTP/1.1" 200 4675 "http://renault.activities.at/10201634?dir=DESC&mode=grid&order=name&limit=30&page=3" "Mozilla/5.0 (Windows NT 6.1; Win64; x64; rv:56.0) Gecko/20100101 Firefox/56.0"
80.122.53.106 - - [17/Nov/2017:10:17:56 +0100] "GET /loadthumbnail.php?id=10836228&width=113 HTTP/1.1" 200 4731 "http://renault.activities.at/10201634?dir=DESC&mode=grid&order=name&limit=30&page=3" "Mozilla/5.0 (Windows NT 6.1; Win64; x64; rv:56.0) Gecko/20100101 Firefox/56.0"
80.122.53.106 - - [17/Nov/2017:10:17:56 +0100] "GET /loadthumbnail.php?id=11146700&width=113 HTTP/1.1" 200 1415 "http://renault.activities.at/10201634?dir=DESC&mode=grid&order=name&limit=30&page=3" "Mozilla/5.0 (Windows NT 6.1; Win64; x64; rv:56.0) Gecko/20100101 Firefox/56.0"
80.122.53.106 - - [17/Nov/2017:10:17:56 +0100] "GET /loadthumbnail.php?id=11245117&width=113 HTTP/1.1" 200 2832 "http://renault.activities.at/10201634?dir=DESC&mode=grid&order=name&limit=30&page=3" "Mozilla/5.0 (Windows NT 6.1; Win64; x64; rv:56.0) Gecko/20100101 Firefox/56.0"
80.122.53.106 - - [17/Nov/2017:10:17:56 +0100] "GET /loadthumbnail.php?id=11340121&width=113 HTTP/1.1" 200 4540 "http://renault.activities.at/10201634?dir=DESC&mode=grid&order=name&limit=30&page=3" "Mozilla/5.0 (Windows NT 6.1; Win64; x64; rv:56.0) Gecko/20100101 Firefox/56.0"
80.122.53.106 - - [17/Nov/2017:10:17:56 +0100] "GET /loadthumbnail.php?id=11340122&width=113 HTTP/1.1" 200 3786 "http://renault.activities.at/10201634?dir=DESC&mode=grid&order=name&limit=30&page=3" "Mozilla/5.0 (Windows NT 6.1; Win64; x64; rv:56.0) Gecko/20100101 Firefox/56.0"
80.122.53.106 - - [17/Nov/2017:10:17:56 +0100] "GET /loadthumbnail.php?id=11435681&width=113 HTTP/1.1" 200 3946 "http://renault.activities.at/10201634?dir=DESC&mode=grid&order=name&limit=30&page=3" "Mozilla/5.0 (Windows NT 6.1; Win64; x64; rv:56.0) Gecko/20100101 Firefox/56.0"
80.122.53.106 - - [17/Nov/2017:10:17:57 +0100] "GET /loadthumbnail.php?id=11538371&width=113 HTTP/1.1" 200 8307 "http://renault.activities.at/10201634?dir=DESC&mode=grid&order=name&limit=30&page=3" "Mozilla/5.0 (Windows NT 6.1; Win64; x64; rv:56.0) Gecko/20100101 Firefox/56.0"
80.122.53.106 - - [17/Nov/2017:10:17:57 +0100] "GET /loadthumbnail.php?id=11434114&width=113 HTTP/1.1" 200 4564 "http://renault.activities.at/10201634?dir=DESC&mode=grid&order=name&limit=30&page=3" "Mozilla/5.0 (Windows NT 6.1; Win64; x64; rv:56.0) Gecko/20100101 Firefox/56.0"
80.122.53.106 - - [17/Nov/2017:10:17:57 +0100] "GET /loadthumbnail.php?id=10745359&width=113 HTTP/1.1" 200 4202 "http://renault.activities.at/10201634?dir=DESC&mode=grid&order=name&limit=30&page=3" "Mozilla/5.0 (Windows NT 6.1; Win64; x64; rv:56.0) Gecko/20100101 Firefox/56.0"
80.122.53.106 - - [17/Nov/2017:10:17:57 +0100] "GET /loadthumbnail.php?id=11573493&width=113 HTTP/1.1" 200 8256 "http://renault.activities.at/10201634?dir=DESC&mode=grid&order=name&limit=30&page=3" "Mozilla/5.0 (Windows NT 6.1; Win64; x64; rv:56.0) Gecko/20100101 Firefox/56.0"
80.122.53.106 - - [17/Nov/2017:10:17:57 +0100] "GET /loadthumbnail.php?id=11491565&width=113 HTTP/1.1" 200 9992 "http://renault.activities.at/10201634?dir=DESC&mode=grid&order=name&limit=30&page=3" "Mozilla/5.0 (Windows NT 6.1; Win64; x64; rv:56.0) Gecko/20100101 Firefox/56.0"
80.122.53.106 - - [17/Nov/2017:10:17:57 +0100] "GET /loadthumbnail.php?id=11355691&width=113 HTTP/1.1" 200 1198 "http://renault.activities.at/10201634?dir=DESC&mode=grid&order=name&limit=30&page=3" "Mozilla/5.0 (Windows NT 6.1; Win64; x64; rv:56.0) Gecko/20100101 Firefox/56.0"
80.122.53.106 - - [17/Nov/2017:10:17:57 +0100] "GET /loadthumbnail.php?id=11108158&width=113 HTTP/1.1" 200 1545 "http://renault.activities.at/10201634?dir=DESC&mode=grid&order=name&limit=30&page=3" "Mozilla/5.0 (Windows NT 6.1; Win64; x64; rv:56.0) Gecko/20100101 Firefox/56.0"
80.122.53.106 - - [17/Nov/2017:10:17:57 +0100] "GET /loadthumbnail.php?id=11218445&width=113 HTTP/1.1" 200 1502 "http://renault.activities.at/10201634?dir=DESC&mode=grid&order=name&limit=30&page=3" "Mozilla/5.0 (Windows NT 6.1; Win64; x64; rv:56.0) Gecko/20100101 Firefox/56.0"
212.152.246.137 - - [17/Nov/2017:10:18:49 +0100] "GET /reload?ser=1510910336350 HTTP/1.1" 200 28 "http://renault.activities.at/10260009" "Mozilla/5.0 (Windows NT 6.1; WOW64; Trident/7.0; rv:11.0) like Gecko"
188.20.217.228 - - [17/Nov/2017:10:18:50 +0100] "GET /reload?ser=1510910329692 HTTP/1.1" 200 28 "http://renault.activities.at/result?searchterm=true&search=Z.E." "Mozilla/5.0 (Windows NT 6.1; WOW64; Trident/7.0; rv:11.0) like Gecko"
212.152.246.131 - - [17/Nov/2017:10:18:52 +0100] "GET /reload?ser=1510910332612 HTTP/1.1" 200 1232 "http://renault.2web.at/" "Mozilla/5.0 (Windows NT 10.0; WOW64; Trident/7.0; rv:11.0) like Gecko"
80.122.53.106 - - [17/Nov/2017:10:18:57 +0100] "GET /reload?ser=1510910337502 HTTP/1.1" 200 28 "http://renault.activities.at/10201634?dir=DESC&mode=grid&order=name&limit=30&page=3" "Mozilla/5.0 (Windows NT 6.1; Win64; x64; rv:56.0) Gecko/20100101 Firefox/56.0"
80.122.53.106 - - [17/Nov/2017:10:19:11 +0100] "GET /10201634?dir=DESC&mode=grid&order=name&limit=30&page=4 HTTP/1.1" 200 11381 "http://renault.activities.at/10201634?dir=DESC&mode=grid&order=name&limit=30&page=3" "Mozilla/5.0 (Windows NT 6.1; Win64; x64; rv:56.0) Gecko/20100101 Firefox/56.0"
80.122.53.106 - - [17/Nov/2017:10:19:16 +0100] "GET /loadthumbnail.php?id=11226381&width=113 HTTP/1.1" 200 2887 "http://renault.activities.at/10201634?dir=DESC&mode=grid&order=name&limit=30&page=4" "Mozilla/5.0 (Windows NT 6.1; Win64; x64; rv:56.0) Gecko/20100101 Firefox/56.0"
80.122.53.106 - - [17/Nov/2017:10:19:16 +0100] "GET /loadthumbnail.php?id=11094463&width=113 HTTP/1.1" 200 2237 "http://renault.activities.at/10201634?dir=DESC&mode=grid&order=name&limit=30&page=4" "Mozilla/5.0 (Windows NT 6.1; Win64; x64; rv:56.0) Gecko/20100101 Firefox/56.0"
80.122.53.106 - - [17/Nov/2017:10:19:16 +0100] "GET /loadthumbnail.php?id=11572278&width=113 HTTP/1.1" 200 13114 "http://renault.activities.at/10201634?dir=DESC&mode=grid&order=name&limit=30&page=4" "Mozilla/5.0 (Windows NT 6.1; Win64; x64; rv:56.0) Gecko/20100101 Firefox/56.0"
80.122.53.106 - - [17/Nov/2017:10:19:16 +0100] "GET /loadthumbnail.php?id=11117040&width=113 HTTP/1.1" 200 16697 "http://renault.activities.at/10201634?dir=DESC&mode=grid&order=name&limit=30&page=4" "Mozilla/5.0 (Windows NT 6.1; Win64; x64; rv:56.0) Gecko/20100101 Firefox/56.0"
80.122.53.106 - - [17/Nov/2017:10:19:16 +0100] "GET /loadthumbnail.php?id=11321678&width=113 HTTP/1.1" 200 2897 "http://renault.activities.at/10201634?dir=DESC&mode=grid&order=name&limit=30&page=4" "Mozilla/5.0 (Windows NT 6.1; Win64; x64; rv:56.0) Gecko/20100101 Firefox/56.0"
80.122.53.106 - - [17/Nov/2017:10:19:16 +0100] "GET /loadthumbnail.php?id=11308855&width=113 HTTP/1.1" 200 4521 "http://renault.activities.at/10201634?dir=DESC&mode=grid&order=name&limit=30&page=4" "Mozilla/5.0 (Windows NT 6.1; Win64; x64; rv:56.0) Gecko/20100101 Firefox/56.0"
80.122.53.106 - - [17/Nov/2017:10:19:16 +0100] "GET /loadthumbnail.php?id=11460803&width=113 HTTP/1.1" 200 19028 "http://renault.activities.at/10201634?dir=DESC&mode=grid&order=name&limit=30&page=4" "Mozilla/5.0 (Windows NT 6.1; Win64; x64; rv:56.0) Gecko/20100101 Firefox/56.0"
80.122.53.106 - - [17/Nov/2017:10:19:16 +0100] "GET /loadthumbnail.php?id=11460805&width=113 HTTP/1.1" 200 11192 "http://renault.activities.at/10201634?dir=DESC&mode=grid&order=name&limit=30&page=4" "Mozilla/5.0 (Windows NT 6.1; Win64; x64; rv:56.0) Gecko/20100101 Firefox/56.0"
80.122.53.106 - - [17/Nov/2017:10:19:16 +0100] "GET /loadthumbnail.php?id=10269567&width=113 HTTP/1.1" 200 1590 "http://renault.activities.at/10201634?dir=DESC&mode=grid&order=name&limit=30&page=4" "Mozilla/5.0 (Windows NT 6.1; Win64; x64; rv:56.0) Gecko/20100101 Firefox/56.0"
80.122.53.106 - - [17/Nov/2017:10:19:16 +0100] "GET /loadthumbnail.php?id=10269569&width=113 HTTP/1.1" 200 1309 "http://renault.activities.at/10201634?dir=DESC&mode=grid&order=name&limit=30&page=4" "Mozilla/5.0 (Windows NT 6.1; Win64; x64; rv:56.0) Gecko/20100101 Firefox/56.0"
80.122.53.106 - - [17/Nov/2017:10:19:16 +0100] "GET /loadthumbnail.php?id=11256016&width=113 HTTP/1.1" 200 1505 "http://renault.activities.at/10201634?dir=DESC&mode=grid&order=name&limit=30&page=4" "Mozilla/5.0 (Windows NT 6.1; Win64; x64; rv:56.0) Gecko/20100101 Firefox/56.0"
80.122.53.106 - - [17/Nov/2017:10:19:16 +0100] "GET /loadthumbnail.php?id=10413489&width=113 HTTP/1.1" 200 3213 "http://renault.activities.at/10201634?dir=DESC&mode=grid&order=name&limit=30&page=4" "Mozilla/5.0 (Windows NT 6.1; Win64; x64; rv:56.0) Gecko/20100101 Firefox/56.0"
80.122.53.106 - - [17/Nov/2017:10:19:16 +0100] "GET /loadthumbnail.php?id=11538169&width=113 HTTP/1.1" 200 20088 "http://renault.activities.at/10201634?dir=DESC&mode=grid&order=name&limit=30&page=4" "Mozilla/5.0 (Windows NT 6.1; Win64; x64; rv:56.0) Gecko/20100101 Firefox/56.0"
80.122.53.106 - - [17/Nov/2017:10:19:16 +0100] "GET /loadthumbnail.php?id=11165054&width=113 HTTP/1.1" 200 34777 "http://renault.activities.at/10201634?dir=DESC&mode=grid&order=name&limit=30&page=4" "Mozilla/5.0 (Windows NT 6.1; Win64; x64; rv:56.0) Gecko/20100101 Firefox/56.0"
80.122.53.106 - - [17/Nov/2017:10:19:16 +0100] "GET /loadthumbnail.php?id=11500398&width=113 HTTP/1.1" 200 21704 "http://renault.activities.at/10201634?dir=DESC&mode=grid&order=name&limit=30&page=4" "Mozilla/5.0 (Windows NT 6.1; Win64; x64; rv:56.0) Gecko/20100101 Firefox/56.0"
80.122.53.106 - - [17/Nov/2017:10:19:16 +0100] "GET /loadthumbnail.php?id=11253834&width=113 HTTP/1.1" 200 2935 "http://renault.activities.at/10201634?dir=DESC&mode=grid&order=name&limit=30&page=4" "Mozilla/5.0 (Windows NT 6.1; Win64; x64; rv:56.0) Gecko/20100101 Firefox/56.0"
80.122.53.106 - - [17/Nov/2017:10:19:16 +0100] "GET /loadthumbnail.php?id=11500416&width=113 HTTP/1.1" 200 21073 "http://renault.activities.at/10201634?dir=DESC&mode=grid&order=name&limit=30&page=4" "Mozilla/5.0 (Windows NT 6.1; Win64; x64; rv:56.0) Gecko/20100101 Firefox/56.0"
80.122.53.106 - - [17/Nov/2017:10:19:16 +0100] "GET /loadthumbnail.php?id=11627728&width=113 HTTP/1.1" 200 21889 "http://renault.activities.at/10201634?dir=DESC&mode=grid&order=name&limit=30&page=4" "Mozilla/5.0 (Windows NT 6.1; Win64; x64; rv:56.0) Gecko/20100101 Firefox/56.0"
80.122.53.106 - - [17/Nov/2017:10:19:17 +0100] "GET /loadthumbnail.php?id=10970933&width=113 HTTP/1.1" 200 5132 "http://renault.activities.at/10201634?dir=DESC&mode=grid&order=name&limit=30&page=4" "Mozilla/5.0 (Windows NT 6.1; Win64; x64; rv:56.0) Gecko/20100101 Firefox/56.0"
80.122.53.106 - - [17/Nov/2017:10:19:17 +0100] "GET /loadthumbnail.php?id=11031880&width=113 HTTP/1.1" 200 39263 "http://renault.activities.at/10201634?dir=DESC&mode=grid&order=name&limit=30&page=4" "Mozilla/5.0 (Windows NT 6.1; Win64; x64; rv:56.0) Gecko/20100101 Firefox/56.0"
80.122.53.106 - - [17/Nov/2017:10:19:17 +0100] "GET /loadthumbnail.php?id=11314432&width=113 HTTP/1.1" 200 36566 "http://renault.activities.at/10201634?dir=DESC&mode=grid&order=name&limit=30&page=4" "Mozilla/5.0 (Windows NT 6.1; Win64; x64; rv:56.0) Gecko/20100101 Firefox/56.0"
212.152.246.137 - - [17/Nov/2017:10:19:50 +0100] "GET /reload?ser=1510910397359 HTTP/1.1" 200 28 "http://renault.activities.at/10260009" "Mozilla/5.0 (Windows NT 6.1; WOW64; Trident/7.0; rv:11.0) like Gecko"
188.20.217.228 - - [17/Nov/2017:10:19:51 +0100] "GET /reload?ser=1510910390721 HTTP/1.1" 200 28 "http://renault.activities.at/result?searchterm=true&search=Z.E." "Mozilla/5.0 (Windows NT 6.1; WOW64; Trident/7.0; rv:11.0) like Gecko"
212.152.246.131 - - [17/Nov/2017:10:19:52 +0100] "GET /reload?ser=1510910392814 HTTP/1.1" 200 1235 "http://renault.2web.at/" "Mozilla/5.0 (Windows NT 10.0; WOW64; Trident/7.0; rv:11.0) like Gecko"
80.122.53.106 - - [17/Nov/2017:10:20:04 +0100] "GET /10201634?dir=DESC&mode=grid&order=name&limit=30&page=5 HTTP/1.1" 200 10296 "http://renault.activities.at/10201634?dir=DESC&mode=grid&order=name&limit=30&page=4" "Mozilla/5.0 (Windows NT 6.1; Win64; x64; rv:56.0) Gecko/20100101 Firefox/56.0"
80.122.53.106 - - [17/Nov/2017:10:20:08 +0100] "GET /loadthumbnail.php?id=11342067&width=113 HTTP/1.1" 200 21913 "http://renault.activities.at/10201634?dir=DESC&mode=grid&order=name&limit=30&page=5" "Mozilla/5.0 (Windows NT 6.1; Win64; x64; rv:56.0) Gecko/20100101 Firefox/56.0"
80.122.53.106 - - [17/Nov/2017:10:20:08 +0100] "GET /loadthumbnail.php?id=11504934&width=113 HTTP/1.1" 200 34212 "http://renault.activities.at/10201634?dir=DESC&mode=grid&order=name&limit=30&page=5" "Mozilla/5.0 (Windows NT 6.1; Win64; x64; rv:56.0) Gecko/20100101 Firefox/56.0"
80.122.53.106 - - [17/Nov/2017:10:20:08 +0100] "GET /loadthumbnail.php?id=11164747&width=113 HTTP/1.1" 200 26121 "http://renault.activities.at/10201634?dir=DESC&mode=grid&order=name&limit=30&page=5" "Mozilla/5.0 (Windows NT 6.1; Win64; x64; rv:56.0) Gecko/20100101 Firefox/56.0"
80.122.53.106 - - [17/Nov/2017:10:20:08 +0100] "GET /loadthumbnail.php?id=11342066&width=113 HTTP/1.1" 200 28015 "http://renault.activities.at/10201634?dir=DESC&mode=grid&order=name&limit=30&page=5" "Mozilla/5.0 (Windows NT 6.1; Win64; x64; rv:56.0) Gecko/20100101 Firefox/56.0"
80.122.53.106 - - [17/Nov/2017:10:20:08 +0100] "GET /loadthumbnail.php?id=11031873&width=113 HTTP/1.1" 200 24451 "http://renault.activities.at/10201634?dir=DESC&mode=grid&order=name&limit=30&page=5" "Mozilla/5.0 (Windows NT 6.1; Win64; x64; rv:56.0) Gecko/20100101 Firefox/56.0"
80.122.53.106 - - [17/Nov/2017:10:20:08 +0100] "GET /loadthumbnail.php?id=10991079&width=113 HTTP/1.1" 200 5069 "http://renault.activities.at/10201634?dir=DESC&mode=grid&order=name&limit=30&page=5" "Mozilla/5.0 (Windows NT 6.1; Win64; x64; rv:56.0) Gecko/20100101 Firefox/56.0"
80.122.53.106 - - [17/Nov/2017:10:20:09 +0100] "GET /loadthumbnail.php?id=11319961&width=113 HTTP/1.1" 200 27077 "http://renault.activities.at/10201634?dir=DESC&mode=grid&order=name&limit=30&page=5" "Mozilla/5.0 (Windows NT 6.1; Win64; x64; rv:56.0) Gecko/20100101 Firefox/56.0"
80.122.53.106 - - [17/Nov/2017:10:20:09 +0100] "GET /loadthumbnail.php?id=11253842&width=113 HTTP/1.1" 200 3342 "http://renault.activities.at/10201634?dir=DESC&mode=grid&order=name&limit=30&page=5" "Mozilla/5.0 (Windows NT 6.1; Win64; x64; rv:56.0) Gecko/20100101 Firefox/56.0"
80.122.53.106 - - [17/Nov/2017:10:20:09 +0100] "GET /loadthumbnail.php?id=10562347&width=113 HTTP/1.1" 200 4993 "http://renault.activities.at/10201634?dir=DESC&mode=grid&order=name&limit=30&page=5" "Mozilla/5.0 (Windows NT 6.1; Win64; x64; rv:56.0) Gecko/20100101 Firefox/56.0"
80.122.53.106 - - [17/Nov/2017:10:20:09 +0100] "GET /loadthumbnail.php?id=10970931&width=113 HTTP/1.1" 200 6246 "http://renault.activities.at/10201634?dir=DESC&mode=grid&order=name&limit=30&page=5" "Mozilla/5.0 (Windows NT 6.1; Win64; x64; rv:56.0) Gecko/20100101 Firefox/56.0"
80.122.53.106 - - [17/Nov/2017:10:20:09 +0100] "GET /loadthumbnail.php?id=11124852&width=113 HTTP/1.1" 200 8535 "http://renault.activities.at/10201634?dir=DESC&mode=grid&order=name&limit=30&page=5" "Mozilla/5.0 (Windows NT 6.1; Win64; x64; rv:56.0) Gecko/20100101 Firefox/56.0"
80.122.53.106 - - [17/Nov/2017:10:20:09 +0100] "GET /loadthumbnail.php?id=10970934&width=113 HTTP/1.1" 200 4103 "http://renault.activities.at/10201634?dir=DESC&mode=grid&order=name&limit=30&page=5" "Mozilla/5.0 (Windows NT 6.1; Win64; x64; rv:56.0) Gecko/20100101 Firefox/56.0"
80.122.53.106 - - [17/Nov/2017:10:20:09 +0100] "GET /loadthumbnail.php?id=11197547&width=113 HTTP/1.1" 200 9073 "http://renault.activities.at/10201634?dir=DESC&mode=grid&order=name&limit=30&page=5" "Mozilla/5.0 (Windows NT 6.1; Win64; x64; rv:56.0) Gecko/20100101 Firefox/56.0"
80.122.53.106 - - [17/Nov/2017:10:20:09 +0100] "GET /loadthumbnail.php?id=11078141&width=113 HTTP/1.1" 200 8866 "http://renault.activities.at/10201634?dir=DESC&mode=grid&order=name&limit=30&page=5" "Mozilla/5.0 (Windows NT 6.1; Win64; x64; rv:56.0) Gecko/20100101 Firefox/56.0"
80.122.53.106 - - [17/Nov/2017:10:20:09 +0100] "GET /loadthumbnail.php?id=10562346&width=113 HTTP/1.1" 200 5314 "http://renault.activities.at/10201634?dir=DESC&mode=grid&order=name&limit=30&page=5" "Mozilla/5.0 (Windows NT 6.1; Win64; x64; rv:56.0) Gecko/20100101 Firefox/56.0"
80.122.53.106 - - [17/Nov/2017:10:20:09 +0100] "GET /loadthumbnail.php?id=10633817&width=113 HTTP/1.1" 200 2614 "http://renault.activities.at/10201634?dir=DESC&mode=grid&order=name&limit=30&page=5" "Mozilla/5.0 (Windows NT 6.1; Win64; x64; rv:56.0) Gecko/20100101 Firefox/56.0"
80.122.53.106 - - [17/Nov/2017:10:20:09 +0100] "GET /loadthumbnail.php?id=10729892&width=113 HTTP/1.1" 200 4176 "http://renault.activities.at/10201634?dir=DESC&mode=grid&order=name&limit=30&page=5" "Mozilla/5.0 (Windows NT 6.1; Win64; x64; rv:56.0) Gecko/20100101 Firefox/56.0"
80.122.53.106 - - [17/Nov/2017:10:20:09 +0100] "GET /loadthumbnail.php?id=11089820&width=113 HTTP/1.1" 200 2212 "http://renault.activities.at/10201634?dir=DESC&mode=grid&order=name&limit=30&page=5" "Mozilla/5.0 (Windows NT 6.1; Win64; x64; rv:56.0) Gecko/20100101 Firefox/56.0"
80.122.53.106 - - [17/Nov/2017:10:20:09 +0100] "GET /loadthumbnail.php?id=11461403&width=113 HTTP/1.1" 200 20617 "http://renault.activities.at/10201634?dir=DESC&mode=grid&order=name&limit=30&page=5" "Mozilla/5.0 (Windows NT 6.1; Win64; x64; rv:56.0) Gecko/20100101 Firefox/56.0"
80.122.53.106 - - [17/Nov/2017:10:20:09 +0100] "GET /loadthumbnail.php?id=11170050&width=113 HTTP/1.1" 200 1819 "http://renault.activities.at/10201634?dir=DESC&mode=grid&order=name&limit=30&page=5" "Mozilla/5.0 (Windows NT 6.1; Win64; x64; rv:56.0) Gecko/20100101 Firefox/56.0"
212.152.246.137 - - [17/Nov/2017:10:20:51 +0100] "GET /reload?ser=1510910458390 HTTP/1.1" 200 28 "http://renault.activities.at/10260009" "Mozilla/5.0 (Windows NT 6.1; WOW64; Trident/7.0; rv:11.0) like Gecko"
188.20.217.228 - - [17/Nov/2017:10:20:52 +0100] "GET /reload?ser=1510910451728 HTTP/1.1" 200 28 "http://renault.activities.at/result?searchterm=true&search=Z.E." "Mozilla/5.0 (Windows NT 6.1; WOW64; Trident/7.0; rv:11.0) like Gecko"
212.152.246.131 - - [17/Nov/2017:10:20:53 +0100] "GET /reload?ser=1510910453018 HTTP/1.1" 200 1239 "http://renault.2web.at/" "Mozilla/5.0 (Windows NT 10.0; WOW64; Trident/7.0; rv:11.0) like Gecko"
80.122.53.106 - - [17/Nov/2017:10:21:09 +0100] "GET /reload?ser=1510910469739 HTTP/1.1" 200 28 "http://renault.activities.at/10201634?dir=DESC&mode=grid&order=name&limit=30&page=5" "Mozilla/5.0 (Windows NT 6.1; Win64; x64; rv:56.0) Gecko/20100101 Firefox/56.0"
80.122.53.106 - - [17/Nov/2017:10:21:10 +0100] "GET /cart HTTP/1.1" 200 5387 "http://renault.activities.at/10201634?dir=DESC&mode=grid&order=name&limit=30&page=5" "Mozilla/5.0 (Windows NT 6.1; Win64; x64; rv:56.0) Gecko/20100101 Firefox/56.0"
80.122.53.106 - - [17/Nov/2017:10:21:13 +0100] "GET /loadthumbnail.php?id=10232009&width=16&height=16 HTTP/1.1" 200 700 "http://renault.activities.at/cart" "Mozilla/5.0 (Windows NT 6.1; Win64; x64; rv:56.0) Gecko/20100101 Firefox/56.0"
80.122.53.106 - - [17/Nov/2017:10:21:13 +0100] "GET /loadthumbnail.php?id=11423691&width=100 HTTP/1.1" 200 5075 "http://renault.activities.at/cart" "Mozilla/5.0 (Windows NT 6.1; Win64; x64; rv:56.0) Gecko/20100101 Firefox/56.0"
80.122.53.106 - - [17/Nov/2017:10:21:13 +0100] "GET /loadthumbnail.php?id=10272696&width=100 HTTP/1.1" 200 5269 "http://renault.activities.at/cart" "Mozilla/5.0 (Windows NT 6.1; Win64; x64; rv:56.0) Gecko/20100101 Firefox/56.0"
80.122.53.106 - - [17/Nov/2017:10:21:21 +0100] "POST /cart HTTP/1.1" 200 5443 "http://renault.activities.at/cart" "Mozilla/5.0 (Windows NT 6.1; Win64; x64; rv:56.0) Gecko/20100101 Firefox/56.0"
80.122.53.106 - - [17/Nov/2017:10:21:39 +0100] "POST /cart HTTP/1.1" 200 5444 "http://renault.activities.at/cart" "Mozilla/5.0 (Windows NT 6.1; Win64; x64; rv:56.0) Gecko/20100101 Firefox/56.0"
212.152.246.131 - - [17/Nov/2017:10:21:53 +0100] "GET /reload?ser=1510910513230 HTTP/1.1" 200 1241 "http://renault.2web.at/" "Mozilla/5.0 (Windows NT 10.0; WOW64; Trident/7.0; rv:11.0) like Gecko"
212.152.246.137 - - [17/Nov/2017:10:21:52 +0100] "GET /reload?ser=1510910519399 HTTP/1.1" 200 28 "http://renault.activities.at/10260009" "Mozilla/5.0 (Windows NT 6.1; WOW64; Trident/7.0; rv:11.0) like Gecko"
188.20.217.228 - - [17/Nov/2017:10:21:53 +0100] "GET /reload?ser=1510910512779 HTTP/1.1" 200 28 "http://renault.activities.at/result?searchterm=true&search=Z.E." "Mozilla/5.0 (Windows NT 6.1; WOW64; Trident/7.0; rv:11.0) like Gecko"
80.122.53.106 - - [17/Nov/2017:10:21:52 +0100] "GET /checkout HTTP/1.1" 200 20140 "http://renault.activities.at/cart" "Mozilla/5.0 (Windows NT 6.1; Win64; x64; rv:56.0) Gecko/20100101 Firefox/56.0"
80.122.53.106 - - [17/Nov/2017:10:21:57 +0100] "GET /js/checkout2.js HTTP/1.1" 200 4122 "http://renault.activities.at/checkout" "Mozilla/5.0 (Windows NT 6.1; Win64; x64; rv:56.0) Gecko/20100101 Firefox/56.0"
80.122.53.106 - - [17/Nov/2017:10:21:57 +0100] "GET /images/step_bg.jpg HTTP/1.1" 200 319 "http://renault.activities.at/css/styles.css" "Mozilla/5.0 (Windows NT 6.1; Win64; x64; rv:56.0) Gecko/20100101 Firefox/56.0"
80.122.53.106 - - [17/Nov/2017:10:21:57 +0100] "GET /images/step_marker.gif HTTP/1.1" 200 650 "http://renault.activities.at/css/styles.css" "Mozilla/5.0 (Windows NT 6.1; Win64; x64; rv:56.0) Gecko/20100101 Firefox/56.0"
80.122.53.106 - - [17/Nov/2017:10:21:57 +0100] "GET /images/checkout_border.gif HTTP/1.1" 200 43 "http://renault.activities.at/css/styles.css" "Mozilla/5.0 (Windows NT 6.1; Win64; x64; rv:56.0) Gecko/20100101 Firefox/56.0"
80.122.53.106 - - [17/Nov/2017:10:21:57 +0100] "GET /images/checkout_border_top.gif HTTP/1.1" 200 156 "http://renault.activities.at/css/styles.css" "Mozilla/5.0 (Windows NT 6.1; Win64; x64; rv:56.0) Gecko/20100101 Firefox/56.0"
80.122.53.106 - - [17/Nov/2017:10:21:57 +0100] "GET /loadthumbnail.php?id=10201939 HTTP/1.1" 200 201 "http://renault.activities.at/checkout" "Mozilla/5.0 (Windows NT 6.1; Win64; x64; rv:56.0) Gecko/20100101 Firefox/56.0"
80.122.53.106 - - [17/Nov/2017:10:21:57 +0100] "GET /loadthumbnail.php?id=10202698 HTTP/1.1" 200 16686 "http://renault.activities.at/checkout" "Mozilla/5.0 (Windows NT 6.1; Win64; x64; rv:56.0) Gecko/20100101 Firefox/56.0"
80.122.53.106 - - [17/Nov/2017:10:22:08 +0100] "POST /docheckout HTTP/1.1" 200 450 "http://renault.activities.at/checkout" "Mozilla/5.0 (Windows NT 6.1; Win64; x64; rv:56.0) Gecko/20100101 Firefox/56.0"
80.122.53.106 - - [17/Nov/2017:10:22:12 +0100] "POST /docheckout HTTP/1.1" 200 636 "http://renault.activities.at/checkout" "Mozilla/5.0 (Windows NT 6.1; Win64; x64; rv:56.0) Gecko/20100101 Firefox/56.0"
80.122.53.106 - - [17/Nov/2017:10:22:14 +0100] "GET /images/error_msg_icon.gif HTTP/1.1" 200 1013 "http://renault.activities.at/checkout" "Mozilla/5.0 (Windows NT 6.1; Win64; x64; rv:56.0) Gecko/20100101 Firefox/56.0"
80.122.53.106 - - [17/Nov/2017:10:22:17 +0100] "POST /docheckout HTTP/1.1" 200 68 "http://renault.activities.at/checkout" "Mozilla/5.0 (Windows NT 6.1; Win64; x64; rv:56.0) Gecko/20100101 Firefox/56.0"
80.122.53.106 - - [17/Nov/2017:10:22:19 +0100] "GET /success HTTP/1.1" 200 3944 "http://renault.activities.at/checkout" "Mozilla/5.0 (Windows NT 6.1; Win64; x64; rv:56.0) Gecko/20100101 Firefox/56.0"
80.122.53.106 - - [17/Nov/2017:10:22:27 +0100] "GET /logout HTTP/1.1" 302 140 "http://renault.activities.at/success" "Mozilla/5.0 (Windows NT 6.1; Win64; x64; rv:56.0) Gecko/20100101 Firefox/56.0"
80.122.53.106 - - [17/Nov/2017:10:22:27 +0100] "GET /logout HTTP/1.1" 200 1583 "http://renault.activities.at/success" "Mozilla/5.0 (Windows NT 6.1; Win64; x64; rv:56.0) Gecko/20100101 Firefox/56.0"
80.122.53.106 - - [17/Nov/2017:10:22:33 +0100] "GET / HTTP/1.1" 200 3890 "http://renault.activities.at/logout" "Mozilla/5.0 (Windows NT 6.1; Win64; x64; rv:56.0) Gecko/20100101 Firefox/56.0"
212.152.246.131 - - [17/Nov/2017:10:22:53 +0100] "GET /reload?ser=1510910573442 HTTP/1.1" 200 1233 "http://renault.2web.at/" "Mozilla/5.0 (Windows NT 10.0; WOW64; Trident/7.0; rv:11.0) like Gecko"
212.152.246.137 - - [17/Nov/2017:10:22:53 +0100] "GET /reload?ser=1510910580422 HTTP/1.1" 200 28 "http://renault.activities.at/10260009" "Mozilla/5.0 (Windows NT 6.1; WOW64; Trident/7.0; rv:11.0) like Gecko"
188.20.217.228 - - [17/Nov/2017:10:22:54 +0100] "GET /reload?ser=1510910573832 HTTP/1.1" 200 28 "http://renault.activities.at/result?searchterm=true&search=Z.E." "Mozilla/5.0 (Windows NT 6.1; WOW64; Trident/7.0; rv:11.0) like Gecko"
80.122.53.106 - - [17/Nov/2017:10:23:34 +0100] "GET /reload?ser=1510910614849 HTTP/1.1" 200 28 "http://renault.activities.at/" "Mozilla/5.0 (Windows NT 6.1; Win64; x64; rv:56.0) Gecko/20100101 Firefox/56.0"
212.152.246.131 - - [17/Nov/2017:10:23:53 +0100] "GET /reload?ser=1510910633653 HTTP/1.1" 200 1237 "http://renault.2web.at/" "Mozilla/5.0 (Windows NT 10.0; WOW64; Trident/7.0; rv:11.0) like Gecko"
212.152.246.137 - - [17/Nov/2017:10:23:54 +0100] "GET /reload?ser=1510910641478 HTTP/1.1" 200 28 "http://renault.activities.at/10260009" "Mozilla/5.0 (Windows NT 6.1; WOW64; Trident/7.0; rv:11.0) like Gecko"
188.20.217.228 - - [17/Nov/2017:10:23:55 +0100] "GET /reload?ser=1510910634889 HTTP/1.1" 200 28 "http://renault.activities.at/result?searchterm=true&search=Z.E." "Mozilla/5.0 (Windows NT 6.1; WOW64; Trident/7.0; rv:11.0) like Gecko"
212.152.246.131 - - [17/Nov/2017:10:24:53 +0100] "GET /reload?ser=1510910693858 HTTP/1.1" 200 1238 "http://renault.2web.at/" "Mozilla/5.0 (Windows NT 10.0; WOW64; Trident/7.0; rv:11.0) like Gecko"
212.152.246.137 - - [17/Nov/2017:10:24:55 +0100] "GET /reload?ser=1510910702483 HTTP/1.1" 200 28 "http://renault.activities.at/10260009" "Mozilla/5.0 (Windows NT 6.1; WOW64; Trident/7.0; rv:11.0) like Gecko"
188.20.217.228 - - [17/Nov/2017:10:24:56 +0100] "GET /reload?ser=1510910695913 HTTP/1.1" 200 28 "http://renault.activities.at/result?searchterm=true&search=Z.E." "Mozilla/5.0 (Windows NT 6.1; WOW64; Trident/7.0; rv:11.0) like Gecko"
212.152.246.131 - - [17/Nov/2017:10:25:54 +0100] "GET /reload?ser=1510910754065 HTTP/1.1" 200 1241 "http://renault.2web.at/" "Mozilla/5.0 (Windows NT 10.0; WOW64; Trident/7.0; rv:11.0) like Gecko"
212.152.246.137 - - [17/Nov/2017:10:25:56 +0100] "GET /reload?ser=1510910763476 HTTP/1.1" 200 28 "http://renault.activities.at/10260009" "Mozilla/5.0 (Windows NT 6.1; WOW64; Trident/7.0; rv:11.0) like Gecko"
188.20.217.228 - - [17/Nov/2017:10:25:57 +0100] "GET /reload?ser=1510910756967 HTTP/1.1" 200 28 "http://renault.activities.at/result?searchterm=true&search=Z.E." "Mozilla/5.0 (Windows NT 6.1; WOW64; Trident/7.0; rv:11.0) like Gecko"
212.152.246.131 - - [17/Nov/2017:10:26:54 +0100] "GET /reload?ser=1510910814264 HTTP/1.1" 200 1240 "http://renault.2web.at/" "Mozilla/5.0 (Windows NT 10.0; WOW64; Trident/7.0; rv:11.0) like Gecko"
212.152.246.137 - - [17/Nov/2017:10:26:57 +0100] "GET /reload?ser=1510910824488 HTTP/1.1" 200 28 "http://renault.activities.at/10260009" "Mozilla/5.0 (Windows NT 6.1; WOW64; Trident/7.0; rv:11.0) like Gecko"
188.20.217.228 - - [17/Nov/2017:10:26:58 +0100] "GET /reload?ser=1510910818021 HTTP/1.1" 200 28 "http://renault.activities.at/result?searchterm=true&search=Z.E." "Mozilla/5.0 (Windows NT 6.1; WOW64; Trident/7.0; rv:11.0) like Gecko"
212.152.246.131 - - [17/Nov/2017:10:27:54 +0100] "GET /reload?ser=1510910874468 HTTP/1.1" 200 1234 "http://renault.2web.at/" "Mozilla/5.0 (Windows NT 10.0; WOW64; Trident/7.0; rv:11.0) like Gecko"
212.152.246.137 - - [17/Nov/2017:10:27:58 +0100] "GET /reload?ser=1510910885508 HTTP/1.1" 200 28 "http://renault.activities.at/10260009" "Mozilla/5.0 (Windows NT 6.1; WOW64; Trident/7.0; rv:11.0) like Gecko"
188.20.217.228 - - [17/Nov/2017:10:27:59 +0100] "GET /reload?ser=1510910879102 HTTP/1.1" 200 28 "http://renault.activities.at/result?searchterm=true&search=Z.E." "Mozilla/5.0 (Windows NT 6.1; WOW64; Trident/7.0; rv:11.0) like Gecko"
212.152.246.131 - - [17/Nov/2017:10:28:54 +0100] "GET /reload?ser=1510910934686 HTTP/1.1" 200 1248 "http://renault.2web.at/" "Mozilla/5.0 (Windows NT 10.0; WOW64; Trident/7.0; rv:11.0) like Gecko"
212.152.246.137 - - [17/Nov/2017:10:28:59 +0100] "GET /reload?ser=1510910946513 HTTP/1.1" 200 28 "http://renault.activities.at/10260009" "Mozilla/5.0 (Windows NT 6.1; WOW64; Trident/7.0; rv:11.0) like Gecko"
188.20.217.228 - - [17/Nov/2017:10:29:00 +0100] "GET /reload?ser=1510910940124 HTTP/1.1" 200 28 "http://renault.activities.at/result?searchterm=true&search=Z.E." "Mozilla/5.0 (Windows NT 6.1; WOW64; Trident/7.0; rv:11.0) like Gecko"
212.152.246.131 - - [17/Nov/2017:10:29:54 +0100] "GET /reload?ser=1510910994887 HTTP/1.1" 200 1240 "http://renault.2web.at/" "Mozilla/5.0 (Windows NT 10.0; WOW64; Trident/7.0; rv:11.0) like Gecko"
212.152.246.137 - - [17/Nov/2017:10:30:00 +0100] "GET /reload?ser=1510911007545 HTTP/1.1" 200 28 "http://renault.activities.at/10260009" "Mozilla/5.0 (Windows NT 6.1; WOW64; Trident/7.0; rv:11.0) like Gecko"
188.20.217.228 - - [17/Nov/2017:10:30:01 +0100] "GET /reload?ser=1510911001178 HTTP/1.1" 200 28 "http://renault.activities.at/result?searchterm=true&search=Z.E." "Mozilla/5.0 (Windows NT 6.1; WOW64; Trident/7.0; rv:11.0) like Gecko"
212.152.246.137 - - [17/Nov/2017:10:30:36 +0100] "GET /action HTTP/1.1" 200 3916 "http://renault.activities.at/10260009" "Mozilla/5.0 (Windows NT 6.1; WOW64; Trident/7.0; rv:11.0) like Gecko"
212.152.246.137 - - [17/Nov/2017:10:30:37 +0100] "GET /images/note_msg_icon.gif HTTP/1.1" 200 1022 "http://renault.activities.at/action" "Mozilla/5.0 (Windows NT 6.1; WOW64; Trident/7.0; rv:11.0) like Gecko"
212.152.246.137 - - [17/Nov/2017:10:30:40 +0100] "GET /10201442 HTTP/1.1" 200 8738 "http://renault.activities.at/action" "Mozilla/5.0 (Windows NT 6.1; WOW64; Trident/7.0; rv:11.0) like Gecko"
212.152.246.137 - - [17/Nov/2017:10:30:43 +0100] "GET /10260008 HTTP/1.1" 200 8891 "http://renault.activities.at/action" "Mozilla/5.0 (Windows NT 6.1; WOW64; Trident/7.0; rv:11.0) like Gecko"
212.152.246.137 - - [17/Nov/2017:10:30:47 +0100] "GET /loadthumbnail.php?id=11218445&width=113 HTTP/1.1" 200 1502 "http://renault.activities.at/10260008" "Mozilla/5.0 (Windows NT 6.1; WOW64; Trident/7.0; rv:11.0) like Gecko"
212.152.246.137 - - [17/Nov/2017:10:30:47 +0100] "GET /loadthumbnail.php?id=11194750&width=113 HTTP/1.1" 200 2347 "http://renault.activities.at/10260008" "Mozilla/5.0 (Windows NT 6.1; WOW64; Trident/7.0; rv:11.0) like Gecko"
212.152.246.137 - - [17/Nov/2017:10:30:47 +0100] "GET /loadthumbnail.php?id=11108158&width=113 HTTP/1.1" 200 1545 "http://renault.activities.at/10260008" "Mozilla/5.0 (Windows NT 6.1; WOW64; Trident/7.0; rv:11.0) like Gecko"
212.152.246.137 - - [17/Nov/2017:10:30:47 +0100] "GET /loadthumbnail.php?id=11538169&width=113 HTTP/1.1" 200 20088 "http://renault.activities.at/10260008" "Mozilla/5.0 (Windows NT 6.1; WOW64; Trident/7.0; rv:11.0) like Gecko"
212.152.246.137 - - [17/Nov/2017:10:30:47 +0100] "GET /loadthumbnail.php?id=11256016&width=113 HTTP/1.1" 200 1505 "http://renault.activities.at/10260008" "Mozilla/5.0 (Windows NT 6.1; WOW64; Trident/7.0; rv:11.0) like Gecko"
212.152.246.137 - - [17/Nov/2017:10:30:47 +0100] "GET /loadthumbnail.php?id=11319988&width=113 HTTP/1.1" 200 44228 "http://renault.activities.at/10260008" "Mozilla/5.0 (Windows NT 6.1; WOW64; Trident/7.0; rv:11.0) like Gecko"
212.152.246.137 - - [17/Nov/2017:10:30:47 +0100] "GET /loadthumbnail.php?id=11342066&width=113 HTTP/1.1" 200 28015 "http://renault.activities.at/10260008" "Mozilla/5.0 (Windows NT 6.1; WOW64; Trident/7.0; rv:11.0) like Gecko"
212.152.246.137 - - [17/Nov/2017:10:30:47 +0100] "GET /loadthumbnail.php?id=11342067&width=113 HTTP/1.1" 200 21913 "http://renault.activities.at/10260008" "Mozilla/5.0 (Windows NT 6.1; WOW64; Trident/7.0; rv:11.0) like Gecko"
212.152.246.137 - - [17/Nov/2017:10:30:47 +0100] "GET /loadthumbnail.php?id=11319984&width=113 HTTP/1.1" 200 28924 "http://renault.activities.at/10260008" "Mozilla/5.0 (Windows NT 6.1; WOW64; Trident/7.0; rv:11.0) like Gecko"
