91.133.70.9 - - [20/Nov/2017:14:19:15 +0100] "GET /css/print.css HTTP/1.1" 200 543 "http://renault.activities.at/" "Mozilla/5.0 (Windows NT 6.1; WOW64; Trident/7.0; tb-gmx/2.6.10; MASBJS; rv:11.0) like Gecko"
91.133.70.9 - - [20/Nov/2017:14:19:15 +0100] "GET /css/prototip.css HTTP/1.1" 200 968 "http://renault.activities.at/" "Mozilla/5.0 (Windows NT 6.1; WOW64; Trident/7.0; tb-gmx/2.6.10; MASBJS; rv:11.0) like Gecko"
91.133.70.9 - - [20/Nov/2017:14:19:15 +0100] "GET /css/themes/default.css HTTP/1.1" 200 769 "http://renault.activities.at/" "Mozilla/5.0 (Windows NT 6.1; WOW64; Trident/7.0; tb-gmx/2.6.10; MASBJS; rv:11.0) like Gecko"
91.133.70.9 - - [20/Nov/2017:14:19:15 +0100] "GET /css/themes/alphacube.css HTTP/1.1" 200 743 "http://renault.activities.at/" "Mozilla/5.0 (Windows NT 6.1; WOW64; Trident/7.0; tb-gmx/2.6.10; MASBJS; rv:11.0) like Gecko"
91.133.70.9 - - [20/Nov/2017:14:19:15 +0100] "GET /js/index.php?c=auto&f=,prototype/prototype.js,prototype/validation.js,scriptaculous/builder.js,scriptaculous/effects.js,scriptaculous/dragdrop.js,scriptaculous/controls.js,scriptaculous/slider.js,varien/js.js,varien/form.js,varien/menu.js,mage/translate.js,mage/cookies.js,varien/product.js,spinner/SpinnerControl.jsmin.js,prototype/window.js,prototype/window_ext.js HTTP/1.1" 200 94182 "http://renault.activities.at/" "Mozilla/5.0 (Windows NT 6.1; WOW64; Trident/7.0; tb-gmx/2.6.10; MASBJS; rv:11.0) like Gecko"
91.133.70.9 - - [20/Nov/2017:14:19:16 +0100] "GET /images/title_corner_right_top.jpg HTTP/1.1" 200 389 "http://renault.activities.at/" "Mozilla/5.0 (Windows NT 6.1; WOW64; Trident/7.0; tb-gmx/2.6.10; MASBJS; rv:11.0) like Gecko"
91.133.70.9 - - [20/Nov/2017:14:19:16 +0100] "GET /images/title_corner_left_top.jpg HTTP/1.1" 200 372 "http://renault.activities.at/" "Mozilla/5.0 (Windows NT 6.1; WOW64; Trident/7.0; tb-gmx/2.6.10; MASBJS; rv:11.0) like Gecko"
91.133.70.9 - - [20/Nov/2017:14:19:16 +0100] "GET /images/title_border.jpg HTTP/1.1" 200 304 "http://renault.activities.at/" "Mozilla/5.0 (Windows NT 6.1; WOW64; Trident/7.0; tb-gmx/2.6.10; MASBJS; rv:11.0) like Gecko"
91.133.70.9 - - [20/Nov/2017:14:19:16 +0100] "GET /images/main_block_border.gif HTTP/1.1" 200 43 "http://renault.activities.at/" "Mozilla/5.0 (Windows NT 6.1; WOW64; Trident/7.0; tb-gmx/2.6.10; MASBJS; rv:11.0) like Gecko"
91.133.70.9 - - [20/Nov/2017:14:19:16 +0100] "GET /images/title_border_top.jpg HTTP/1.1" 200 336 "http://renault.activities.at/" "Mozilla/5.0 (Windows NT 6.1; WOW64; Trident/7.0; tb-gmx/2.6.10; MASBJS; rv:11.0) like Gecko"
91.133.70.9 - - [20/Nov/2017:14:19:16 +0100] "GET /images/main_block_corner_right_top.gif HTTP/1.1" 200 159 "http://renault.activities.at/" "Mozilla/5.0 (Windows NT 6.1; WOW64; Trident/7.0; tb-gmx/2.6.10; MASBJS; rv:11.0) like Gecko"
91.133.70.9 - - [20/Nov/2017:14:19:16 +0100] "GET /images/header_block_corner_left_top.gif HTTP/1.1" 200 160 "http://renault.activities.at/" "Mozilla/5.0 (Windows NT 6.1; WOW64; Trident/7.0; tb-gmx/2.6.10; MASBJS; rv:11.0) like Gecko"
91.133.70.9 - - [20/Nov/2017:14:19:16 +0100] "GET /images/main_block_corner_left_bot.gif HTTP/1.1" 200 159 "http://renault.activities.at/" "Mozilla/5.0 (Windows NT 6.1; WOW64; Trident/7.0; tb-gmx/2.6.10; MASBJS; rv:11.0) like Gecko"
91.133.70.9 - - [20/Nov/2017:14:19:16 +0100] "GET /images/main_block_corner_left_top.gif HTTP/1.1" 200 159 "http://renault.activities.at/" "Mozilla/5.0 (Windows NT 6.1; WOW64; Trident/7.0; tb-gmx/2.6.10; MASBJS; rv:11.0) like Gecko"
91.133.70.9 - - [20/Nov/2017:14:19:16 +0100] "GET /images/header_block_border.gif HTTP/1.1" 200 43 "http://renault.activities.at/" "Mozilla/5.0 (Windows NT 6.1; WOW64; Trident/7.0; tb-gmx/2.6.10; MASBJS; rv:11.0) like Gecko"
91.133.70.9 - - [20/Nov/2017:14:19:16 +0100] "GET /images/main_block_corner_right_bot.gif HTTP/1.1" 200 158 "http://renault.activities.at/" "Mozilla/5.0 (Windows NT 6.1; WOW64; Trident/7.0; tb-gmx/2.6.10; MASBJS; rv:11.0) like Gecko"
91.133.70.9 - - [20/Nov/2017:14:19:16 +0100] "GET /images/favicon.ico HTTP/1.1" 404 305 "-" "Mozilla/5.0 (Windows NT 6.1; Win64; x64; Trident/7.0; tb-gmx/2.6.10; MASBJS; rv:11.0) like Gecko"
91.133.70.9 - - [20/Nov/2017:14:19:16 +0100] "GET /images/header_block_corner_right_top.gif HTTP/1.1" 200 160 "http://renault.activities.at/" "Mozilla/5.0 (Windows NT 6.1; WOW64; Trident/7.0; tb-gmx/2.6.10; MASBJS; rv:11.0) like Gecko"
91.133.70.9 - - [20/Nov/2017:14:19:16 +0100] "GET /loadthumbnail.php?id=11127982 HTTP/1.1" 200 399614 "http://renault.activities.at/" "Mozilla/5.0 (Windows NT 6.1; WOW64; Trident/7.0; tb-gmx/2.6.10; MASBJS; rv:11.0) like Gecko"
80.123.80.158 - - [20/Nov/2017:14:19:21 +0100] "GET /reload?ser=1511183961861 HTTP/1.1" 200 28 "http://renault.activities.at/login" "Mozilla/5.0 (Windows NT 6.1; WOW64; Trident/7.0; rv:11.0) like Gecko"
80.123.225.34 - - [20/Nov/2017:14:19:40 +0100] "GET /reload?ser=1511183979787 HTTP/1.1" 200 28 "http://renault.activities.at/success" "Mozilla/5.0 (compatible; MSIE 10.0; Windows NT 6.1; WOW64; Trident/6.0)"
80.123.80.158 - - [20/Nov/2017:14:20:22 +0100] "GET /reload?ser=1511184022894 HTTP/1.1" 200 28 "http://renault.activities.at/login" "Mozilla/5.0 (Windows NT 6.1; WOW64; Trident/7.0; rv:11.0) like Gecko"
80.123.225.34 - - [20/Nov/2017:14:20:41 +0100] "GET /reload?ser=1511184040787 HTTP/1.1" 200 28 "http://renault.activities.at/success" "Mozilla/5.0 (compatible; MSIE 10.0; Windows NT 6.1; WOW64; Trident/6.0)"
80.123.80.158 - - [20/Nov/2017:14:21:23 +0100] "GET /reload?ser=1511184083922 HTTP/1.1" 200 28 "http://renault.activities.at/login" "Mozilla/5.0 (Windows NT 6.1; WOW64; Trident/7.0; rv:11.0) like Gecko"
80.123.225.34 - - [20/Nov/2017:14:21:42 +0100] "GET /reload?ser=1511184101763 HTTP/1.1" 200 28 "http://renault.activities.at/success" "Mozilla/5.0 (compatible; MSIE 10.0; Windows NT 6.1; WOW64; Trident/6.0)"
80.123.80.158 - - [20/Nov/2017:14:22:24 +0100] "GET /reload?ser=1511184144921 HTTP/1.1" 200 28 "http://renault.activities.at/login" "Mozilla/5.0 (Windows NT 6.1; WOW64; Trident/7.0; rv:11.0) like Gecko"
80.123.225.34 - - [20/Nov/2017:14:22:43 +0100] "GET /reload?ser=1511184162736 HTTP/1.1" 200 28 "http://renault.activities.at/success" "Mozilla/5.0 (compatible; MSIE 10.0; Windows NT 6.1; WOW64; Trident/6.0)"
80.123.80.158 - - [20/Nov/2017:14:23:25 +0100] "GET /reload?ser=1511184205916 HTTP/1.1" 200 28 "http://renault.activities.at/login" "Mozilla/5.0 (Windows NT 6.1; WOW64; Trident/7.0; rv:11.0) like Gecko"
80.123.225.34 - - [20/Nov/2017:14:23:44 +0100] "GET /reload?ser=1511184223757 HTTP/1.1" 200 28 "http://renault.activities.at/success" "Mozilla/5.0 (compatible; MSIE 10.0; Windows NT 6.1; WOW64; Trident/6.0)"
80.123.80.158 - - [20/Nov/2017:14:24:26 +0100] "GET /reload?ser=1511184266924 HTTP/1.1" 200 28 "http://renault.activities.at/login" "Mozilla/5.0 (Windows NT 6.1; WOW64; Trident/7.0; rv:11.0) like Gecko"
80.123.225.34 - - [20/Nov/2017:14:24:45 +0100] "GET /reload?ser=1511184284835 HTTP/1.1" 200 28 "http://renault.activities.at/success" "Mozilla/5.0 (compatible; MSIE 10.0; Windows NT 6.1; WOW64; Trident/6.0)"
80.123.80.158 - - [20/Nov/2017:14:25:28 +0100] "GET /reload?ser=1511184327932 HTTP/1.1" 200 28 "http://renault.activities.at/login" "Mozilla/5.0 (Windows NT 6.1; WOW64; Trident/7.0; rv:11.0) like Gecko"
80.123.225.34 - - [20/Nov/2017:14:25:46 +0100] "GET /reload?ser=1511184345794 HTTP/1.1" 200 28 "http://renault.activities.at/success" "Mozilla/5.0 (compatible; MSIE 10.0; Windows NT 6.1; WOW64; Trident/6.0)"
80.123.80.158 - - [20/Nov/2017:14:26:28 +0100] "GET /reload?ser=1511184388934 HTTP/1.1" 200 28 "http://renault.activities.at/login" "Mozilla/5.0 (Windows NT 6.1; WOW64; Trident/7.0; rv:11.0) like Gecko"
80.123.225.34 - - [20/Nov/2017:14:26:48 +0100] "GET /reload?ser=1511184407661 HTTP/1.1" 200 28 "http://renault.activities.at/success" "Mozilla/5.0 (compatible; MSIE 10.0; Windows NT 6.1; WOW64; Trident/6.0)"
80.123.80.158 - - [20/Nov/2017:14:27:29 +0100] "GET /reload?ser=1511184449925 HTTP/1.1" 200 28 "http://renault.activities.at/login" "Mozilla/5.0 (Windows NT 6.1; WOW64; Trident/7.0; rv:11.0) like Gecko"
80.123.225.34 - - [20/Nov/2017:14:27:49 +0100] "GET /reload?ser=1511184468676 HTTP/1.1" 200 28 "http://renault.activities.at/success" "Mozilla/5.0 (compatible; MSIE 10.0; Windows NT 6.1; WOW64; Trident/6.0)"
80.123.80.158 - - [20/Nov/2017:14:28:31 +0100] "GET /reload?ser=1511184510947 HTTP/1.1" 200 28 "http://renault.activities.at/login" "Mozilla/5.0 (Windows NT 6.1; WOW64; Trident/7.0; rv:11.0) like Gecko"
80.123.225.34 - - [20/Nov/2017:14:28:50 +0100] "GET /reload?ser=1511184529632 HTTP/1.1" 200 28 "http://renault.activities.at/success" "Mozilla/5.0 (compatible; MSIE 10.0; Windows NT 6.1; WOW64; Trident/6.0)"
80.123.80.158 - - [20/Nov/2017:14:29:32 +0100] "GET /reload?ser=1511184571959 HTTP/1.1" 200 28 "http://renault.activities.at/login" "Mozilla/5.0 (Windows NT 6.1; WOW64; Trident/7.0; rv:11.0) like Gecko"
80.123.225.34 - - [20/Nov/2017:14:29:50 +0100] "GET /reload?ser=1511184590597 HTTP/1.1" 200 28 "http://renault.activities.at/success" "Mozilla/5.0 (compatible; MSIE 10.0; Windows NT 6.1; WOW64; Trident/6.0)"
80.123.80.158 - - [20/Nov/2017:14:30:33 +0100] "GET /reload?ser=1511184632953 HTTP/1.1" 200 28 "http://renault.activities.at/login" "Mozilla/5.0 (Windows NT 6.1; WOW64; Trident/7.0; rv:11.0) like Gecko"
80.123.225.34 - - [20/Nov/2017:14:30:51 +0100] "GET /reload?ser=1511184651559 HTTP/1.1" 200 28 "http://renault.activities.at/success" "Mozilla/5.0 (compatible; MSIE 10.0; Windows NT 6.1; WOW64; Trident/6.0)"
80.123.80.158 - - [20/Nov/2017:14:31:34 +0100] "GET /reload?ser=1511184693975 HTTP/1.1" 200 28 "http://renault.activities.at/login" "Mozilla/5.0 (Windows NT 6.1; WOW64; Trident/7.0; rv:11.0) like Gecko"
80.123.225.34 - - [20/Nov/2017:14:31:52 +0100] "GET /reload?ser=1511184712491 HTTP/1.1" 200 28 "http://renault.activities.at/success" "Mozilla/5.0 (compatible; MSIE 10.0; Windows NT 6.1; WOW64; Trident/6.0)"
80.123.80.158 - - [20/Nov/2017:14:32:35 +0100] "GET /reload?ser=1511184754978 HTTP/1.1" 200 28 "http://renault.activities.at/login" "Mozilla/5.0 (Windows NT 6.1; WOW64; Trident/7.0; rv:11.0) like Gecko"
80.123.225.34 - - [20/Nov/2017:14:32:53 +0100] "GET /reload?ser=1511184773511 HTTP/1.1" 200 28 "http://renault.activities.at/success" "Mozilla/5.0 (compatible; MSIE 10.0; Windows NT 6.1; WOW64; Trident/6.0)"
80.123.80.158 - - [20/Nov/2017:14:33:36 +0100] "GET /reload?ser=1511184815958 HTTP/1.1" 200 28 "http://renault.activities.at/login" "Mozilla/5.0 (Windows NT 6.1; WOW64; Trident/7.0; rv:11.0) like Gecko"
80.123.225.34 - - [20/Nov/2017:14:33:54 +0100] "GET /reload?ser=1511184834471 HTTP/1.1" 200 28 "http://renault.activities.at/success" "Mozilla/5.0 (compatible; MSIE 10.0; Windows NT 6.1; WOW64; Trident/6.0)"
80.123.80.158 - - [20/Nov/2017:14:34:37 +0100] "GET /reload?ser=1511184876980 HTTP/1.1" 200 28 "http://renault.activities.at/login" "Mozilla/5.0 (Windows NT 6.1; WOW64; Trident/7.0; rv:11.0) like Gecko"
80.123.225.34 - - [20/Nov/2017:14:34:55 +0100] "GET /reload?ser=1511184895394 HTTP/1.1" 200 28 "http://renault.activities.at/success" "Mozilla/5.0 (compatible; MSIE 10.0; Windows NT 6.1; WOW64; Trident/6.0)"
80.123.80.158 - - [20/Nov/2017:14:35:38 +0100] "GET /reload?ser=1511184937999 HTTP/1.1" 200 28 "http://renault.activities.at/login" "Mozilla/5.0 (Windows NT 6.1; WOW64; Trident/7.0; rv:11.0) like Gecko"
80.123.225.34 - - [20/Nov/2017:14:35:56 +0100] "GET /reload?ser=1511184956379 HTTP/1.1" 200 28 "http://renault.activities.at/success" "Mozilla/5.0 (compatible; MSIE 10.0; Windows NT 6.1; WOW64; Trident/6.0)"
80.123.80.158 - - [20/Nov/2017:14:36:39 +0100] "GET /reload?ser=1511184999039 HTTP/1.1" 200 28 "http://renault.activities.at/login" "Mozilla/5.0 (Windows NT 6.1; WOW64; Trident/7.0; rv:11.0) like Gecko"
80.123.225.34 - - [20/Nov/2017:14:36:57 +0100] "GET /reload?ser=1511185017362 HTTP/1.1" 200 28 "http://renault.activities.at/success" "Mozilla/5.0 (compatible; MSIE 10.0; Windows NT 6.1; WOW64; Trident/6.0)"
80.123.80.158 - - [20/Nov/2017:14:37:40 +0100] "GET /reload?ser=1511185060077 HTTP/1.1" 200 28 "http://renault.activities.at/login" "Mozilla/5.0 (Windows NT 6.1; WOW64; Trident/7.0; rv:11.0) like Gecko"
80.123.225.34 - - [20/Nov/2017:14:37:58 +0100] "GET /reload?ser=1511185078361 HTTP/1.1" 200 28 "http://renault.activities.at/success" "Mozilla/5.0 (compatible; MSIE 10.0; Windows NT 6.1; WOW64; Trident/6.0)"
80.123.80.158 - - [20/Nov/2017:14:38:41 +0100] "GET /reload?ser=1511185121033 HTTP/1.1" 200 28 "http://renault.activities.at/login" "Mozilla/5.0 (Windows NT 6.1; WOW64; Trident/7.0; rv:11.0) like Gecko"
80.123.225.34 - - [20/Nov/2017:14:38:59 +0100] "GET /reload?ser=1511185139327 HTTP/1.1" 200 28 "http://renault.activities.at/success" "Mozilla/5.0 (compatible; MSIE 10.0; Windows NT 6.1; WOW64; Trident/6.0)"
80.123.80.158 - - [20/Nov/2017:14:39:42 +0100] "GET /reload?ser=1511185182067 HTTP/1.1" 200 28 "http://renault.activities.at/login" "Mozilla/5.0 (Windows NT 6.1; WOW64; Trident/7.0; rv:11.0) like Gecko"
80.123.225.34 - - [20/Nov/2017:14:40:00 +0100] "GET /reload?ser=1511185200328 HTTP/1.1" 200 28 "http://renault.activities.at/success" "Mozilla/5.0 (compatible; MSIE 10.0; Windows NT 6.1; WOW64; Trident/6.0)"
80.123.80.158 - - [20/Nov/2017:14:40:43 +0100] "GET /reload?ser=1511185243063 HTTP/1.1" 200 28 "http://renault.activities.at/login" "Mozilla/5.0 (Windows NT 6.1; WOW64; Trident/7.0; rv:11.0) like Gecko"
80.123.225.34 - - [20/Nov/2017:14:41:01 +0100] "GET /reload?ser=1511185261281 HTTP/1.1" 200 28 "http://renault.activities.at/success" "Mozilla/5.0 (compatible; MSIE 10.0; Windows NT 6.1; WOW64; Trident/6.0)"
80.123.80.158 - - [20/Nov/2017:14:41:44 +0100] "GET /reload?ser=1511185304071 HTTP/1.1" 200 28 "http://renault.activities.at/login" "Mozilla/5.0 (Windows NT 6.1; WOW64; Trident/7.0; rv:11.0) like Gecko"
80.123.225.34 - - [20/Nov/2017:14:42:02 +0100] "GET /reload?ser=1511185322264 HTTP/1.1" 200 28 "http://renault.activities.at/success" "Mozilla/5.0 (compatible; MSIE 10.0; Windows NT 6.1; WOW64; Trident/6.0)"
207.46.13.104 - - [20/Nov/2017:14:42:20 +0100] "GET /10260003?dir=DESC&mode=grid&order=name&limit=15&page=3 HTTP/1.1" 200 6045 "-" "Mozilla/5.0 (compatible; bingbot/2.0; +http://www.bing.com/bingbot.htm)"
80.123.80.158 - - [20/Nov/2017:14:42:45 +0100] "GET /reload?ser=1511185365098 HTTP/1.1" 200 28 "http://renault.activities.at/login" "Mozilla/5.0 (Windows NT 6.1; WOW64; Trident/7.0; rv:11.0) like Gecko"
80.123.225.34 - - [20/Nov/2017:14:43:03 +0100] "GET /reload?ser=1511185383377 HTTP/1.1" 200 28 "http://renault.activities.at/success" "Mozilla/5.0 (compatible; MSIE 10.0; Windows NT 6.1; WOW64; Trident/6.0)"
80.120.5.131 - - [20/Nov/2017:14:43:17 +0100] "GET /10201637 HTTP/1.1" 302 150 "-" "Mozilla/5.0 (Macintosh; Intel Mac OS X 10_12_6) AppleWebKit/604.3.5 (KHTML, like Gecko)"
80.120.5.131 - - [20/Nov/2017:14:43:20 +0100] "GET /login?required=true HTTP/1.1" 200 2086 "-" "Mozilla/5.0 (Macintosh; Intel Mac OS X 10_12_6) AppleWebKit/604.3.5 (KHTML, like Gecko)"
80.120.5.131 - - [20/Nov/2017:14:43:21 +0100] "GET /apple-touch-icon-precomposed.png HTTP/1.1" 200 1559 "-" "Safari/12604.3.5.1.1 CFNetwork/811.7.2 Darwin/16.7.0 (x86_64)"
80.120.5.131 - - [20/Nov/2017:14:43:22 +0100] "GET /apple-touch-icon.png HTTP/1.1" 200 1559 "-" "Safari/12604.3.5.1.1 CFNetwork/811.7.2 Darwin/16.7.0 (x86_64)"
80.120.5.131 - - [20/Nov/2017:14:43:23 +0100] "GET /images/favicon.ico HTTP/1.1" 404 305 "-" "Safari/12604.3.5.1.1 CFNetwork/811.7.2 Darwin/16.7.0 (x86_64)"
80.120.5.131 - - [20/Nov/2017:14:43:23 +0100] "GET /images/favicon.ico HTTP/1.1" 404 305 "-" "Safari/12604.3.5.1.1 CFNetwork/811.7.2 Darwin/16.7.0 (x86_64)"
80.120.5.131 - - [20/Nov/2017:14:43:23 +0100] "GET /favicon.ico HTTP/1.1" 200 3250 "-" "Safari/12604.3.5.1.1 CFNetwork/811.7.2 Darwin/16.7.0 (x86_64)"
80.120.5.131 - - [20/Nov/2017:14:43:23 +0100] "GET /apple-touch-icon-precomposed.png HTTP/1.1" 200 1559 "-" "Safari/12604.3.5.1.1 CFNetwork/811.7.2 Darwin/16.7.0 (x86_64)"
80.120.5.131 - - [20/Nov/2017:14:43:24 +0100] "GET /apple-touch-icon.png HTTP/1.1" 200 1559 "-" "Safari/12604.3.5.1.1 CFNetwork/811.7.2 Darwin/16.7.0 (x86_64)"
80.120.5.131 - - [20/Nov/2017:14:43:25 +0100] "GET /images/favicon.ico HTTP/1.1" 404 305 "-" "Safari/12604.3.5.1.1 CFNetwork/811.7.2 Darwin/16.7.0 (x86_64)"
80.120.5.131 - - [20/Nov/2017:14:43:25 +0100] "GET /images/favicon.ico HTTP/1.1" 404 305 "-" "Safari/12604.3.5.1.1 CFNetwork/811.7.2 Darwin/16.7.0 (x86_64)"
80.120.5.131 - - [20/Nov/2017:14:43:25 +0100] "GET /favicon.ico HTTP/1.1" 200 3250 "-" "Safari/12604.3.5.1.1 CFNetwork/811.7.2 Darwin/16.7.0 (x86_64)"
80.120.5.131 - - [20/Nov/2017:14:43:25 +0100] "GET /10201637 HTTP/1.1" 302 150 "-" "Mozilla/5.0 (iPhone; CPU iPhone OS 10_3 like Mac OS X) AppleWebKit/603.1.30 (KHTML, like Gecko) Version/10.3 Mobile/14E277 Safari/603.1.30"
80.120.5.131 - - [20/Nov/2017:14:43:26 +0100] "GET /login?required=true HTTP/1.1" 200 2086 "-" "Mozilla/5.0 (iPhone; CPU iPhone OS 10_3 like Mac OS X) AppleWebKit/603.1.30 (KHTML, like Gecko) Version/10.3 Mobile/14E277 Safari/603.1.30"
80.120.5.131 - - [20/Nov/2017:14:43:26 +0100] "GET /apple-touch-icon-precomposed.png HTTP/1.1" 200 1559 "-" "Safari/12604.3.5.1.1 CFNetwork/811.7.2 Darwin/16.7.0 (x86_64)"
80.120.5.131 - - [20/Nov/2017:14:43:27 +0100] "GET /apple-touch-icon.png HTTP/1.1" 200 1559 "-" "Safari/12604.3.5.1.1 CFNetwork/811.7.2 Darwin/16.7.0 (x86_64)"
80.120.5.131 - - [20/Nov/2017:14:43:28 +0100] "GET /images/favicon.ico HTTP/1.1" 404 305 "-" "Safari/12604.3.5.1.1 CFNetwork/811.7.2 Darwin/16.7.0 (x86_64)"
80.120.5.131 - - [20/Nov/2017:14:43:28 +0100] "GET /images/favicon.ico HTTP/1.1" 404 305 "-" "Safari/12604.3.5.1.1 CFNetwork/811.7.2 Darwin/16.7.0 (x86_64)"
80.120.5.131 - - [20/Nov/2017:14:43:29 +0100] "GET /favicon.ico HTTP/1.1" 200 3250 "-" "Safari/12604.3.5.1.1 CFNetwork/811.7.2 Darwin/16.7.0 (x86_64)"
80.120.5.131 - - [20/Nov/2017:14:43:29 +0100] "GET /apple-touch-icon-precomposed.png HTTP/1.1" 200 1559 "-" "Safari/12604.3.5.1.1 CFNetwork/811.7.2 Darwin/16.7.0 (x86_64)"
80.120.5.131 - - [20/Nov/2017:14:43:30 +0100] "GET /apple-touch-icon.png HTTP/1.1" 200 1559 "-" "Safari/12604.3.5.1.1 CFNetwork/811.7.2 Darwin/16.7.0 (x86_64)"
80.120.5.131 - - [20/Nov/2017:14:43:30 +0100] "GET /images/favicon.ico HTTP/1.1" 404 305 "-" "Safari/12604.3.5.1.1 CFNetwork/811.7.2 Darwin/16.7.0 (x86_64)"
80.120.5.131 - - [20/Nov/2017:14:43:31 +0100] "GET /images/favicon.ico HTTP/1.1" 404 305 "-" "Safari/12604.3.5.1.1 CFNetwork/811.7.2 Darwin/16.7.0 (x86_64)"
80.120.5.131 - - [20/Nov/2017:14:43:31 +0100] "GET /favicon.ico HTTP/1.1" 200 3250 "-" "Safari/12604.3.5.1.1 CFNetwork/811.7.2 Darwin/16.7.0 (x86_64)"
80.123.80.158 - - [20/Nov/2017:14:43:46 +0100] "GET /reload?ser=1511185426121 HTTP/1.1" 200 28 "http://renault.activities.at/login" "Mozilla/5.0 (Windows NT 6.1; WOW64; Trident/7.0; rv:11.0) like Gecko"
80.123.225.34 - - [20/Nov/2017:14:44:04 +0100] "GET /reload?ser=1511185444379 HTTP/1.1" 200 28 "http://renault.activities.at/success" "Mozilla/5.0 (compatible; MSIE 10.0; Windows NT 6.1; WOW64; Trident/6.0)"
80.123.80.158 - - [20/Nov/2017:14:44:47 +0100] "GET /reload?ser=1511185487118 HTTP/1.1" 200 28 "http://renault.activities.at/login" "Mozilla/5.0 (Windows NT 6.1; WOW64; Trident/7.0; rv:11.0) like Gecko"
80.123.225.34 - - [20/Nov/2017:14:45:05 +0100] "GET /reload?ser=1511185505325 HTTP/1.1" 200 28 "http://renault.activities.at/success" "Mozilla/5.0 (compatible; MSIE 10.0; Windows NT 6.1; WOW64; Trident/6.0)"
80.123.80.158 - - [20/Nov/2017:14:45:48 +0100] "GET /reload?ser=1511185548376 HTTP/1.1" 200 28 "http://renault.activities.at/login" "Mozilla/5.0 (Windows NT 6.1; WOW64; Trident/7.0; rv:11.0) like Gecko"
38.80.27.165 - - [20/Nov/2017:14:45:50 +0100] "GET /reload?ser=1511185487118 HTTP/1.1" 200 10166 "-" "Mozilla/5.0 (Windows NT 6.1; WOW64; rv:27.0) Gecko/20100101 Firefox/27.0"
80.123.225.34 - - [20/Nov/2017:14:46:06 +0100] "GET /reload?ser=1511185566312 HTTP/1.1" 200 28 "http://renault.activities.at/success" "Mozilla/5.0 (compatible; MSIE 10.0; Windows NT 6.1; WOW64; Trident/6.0)"
80.123.80.158 - - [20/Nov/2017:14:46:49 +0100] "GET /reload?ser=1511185609379 HTTP/1.1" 200 28 "http://renault.activities.at/login" "Mozilla/5.0 (Windows NT 6.1; WOW64; Trident/7.0; rv:11.0) like Gecko"
80.123.225.34 - - [20/Nov/2017:14:47:07 +0100] "GET /reload?ser=1511185627341 HTTP/1.1" 200 28 "http://renault.activities.at/success" "Mozilla/5.0 (compatible; MSIE 10.0; Windows NT 6.1; WOW64; Trident/6.0)"
80.123.80.158 - - [20/Nov/2017:14:47:50 +0100] "GET /reload?ser=1511185670414 HTTP/1.1" 200 28 "http://renault.activities.at/login" "Mozilla/5.0 (Windows NT 6.1; WOW64; Trident/7.0; rv:11.0) like Gecko"
80.123.225.34 - - [20/Nov/2017:14:48:08 +0100] "GET /reload?ser=1511185688300 HTTP/1.1" 200 28 "http://renault.activities.at/success" "Mozilla/5.0 (compatible; MSIE 10.0; Windows NT 6.1; WOW64; Trident/6.0)"
80.123.80.158 - - [20/Nov/2017:14:48:51 +0100] "GET /reload?ser=1511185731461 HTTP/1.1" 200 28 "http://renault.activities.at/login" "Mozilla/5.0 (Windows NT 6.1; WOW64; Trident/7.0; rv:11.0) like Gecko"
80.123.225.34 - - [20/Nov/2017:14:49:09 +0100] "GET /reload?ser=1511185749276 HTTP/1.1" 200 28 "http://renault.activities.at/success" "Mozilla/5.0 (compatible; MSIE 10.0; Windows NT 6.1; WOW64; Trident/6.0)"
80.123.80.158 - - [20/Nov/2017:14:49:52 +0100] "GET /reload?ser=1511185792475 HTTP/1.1" 200 28 "http://renault.activities.at/login" "Mozilla/5.0 (Windows NT 6.1; WOW64; Trident/7.0; rv:11.0) like Gecko"
80.123.225.34 - - [20/Nov/2017:14:50:10 +0100] "GET /reload?ser=1511185810257 HTTP/1.1" 200 28 "http://renault.activities.at/success" "Mozilla/5.0 (compatible; MSIE 10.0; Windows NT 6.1; WOW64; Trident/6.0)"
80.123.80.158 - - [20/Nov/2017:14:50:53 +0100] "GET /reload?ser=1511185853503 HTTP/1.1" 200 28 "http://renault.activities.at/login" "Mozilla/5.0 (Windows NT 6.1; WOW64; Trident/7.0; rv:11.0) like Gecko"
80.123.225.34 - - [20/Nov/2017:14:51:11 +0100] "GET /reload?ser=1511185871216 HTTP/1.1" 200 28 "http://renault.activities.at/success" "Mozilla/5.0 (compatible; MSIE 10.0; Windows NT 6.1; WOW64; Trident/6.0)"
80.123.80.158 - - [20/Nov/2017:14:51:54 +0100] "GET /reload?ser=1511185914514 HTTP/1.1" 200 28 "http://renault.activities.at/login" "Mozilla/5.0 (Windows NT 6.1; WOW64; Trident/7.0; rv:11.0) like Gecko"
80.123.225.34 - - [20/Nov/2017:14:52:15 +0100] "GET /reload?ser=1511185935207 HTTP/1.1" 200 28 "http://renault.activities.at/success" "Mozilla/5.0 (compatible; MSIE 10.0; Windows NT 6.1; WOW64; Trident/6.0)"
80.123.80.158 - - [20/Nov/2017:14:52:55 +0100] "GET /reload?ser=1511185975529 HTTP/1.1" 200 28 "http://renault.activities.at/login" "Mozilla/5.0 (Windows NT 6.1; WOW64; Trident/7.0; rv:11.0) like Gecko"
80.123.225.34 - - [20/Nov/2017:14:53:16 +0100] "GET /reload?ser=1511185996199 HTTP/1.1" 200 28 "http://renault.activities.at/success" "Mozilla/5.0 (compatible; MSIE 10.0; Windows NT 6.1; WOW64; Trident/6.0)"
80.123.80.158 - - [20/Nov/2017:14:53:56 +0100] "GET /reload?ser=1511186036530 HTTP/1.1" 200 28 "http://renault.activities.at/login" "Mozilla/5.0 (Windows NT 6.1; WOW64; Trident/7.0; rv:11.0) like Gecko"
80.123.225.34 - - [20/Nov/2017:14:54:17 +0100] "GET /reload?ser=1511186057149 HTTP/1.1" 200 28 "http://renault.activities.at/success" "Mozilla/5.0 (compatible; MSIE 10.0; Windows NT 6.1; WOW64; Trident/6.0)"
80.123.80.158 - - [20/Nov/2017:14:54:57 +0100] "GET /reload?ser=1511186097537 HTTP/1.1" 200 28 "http://renault.activities.at/login" "Mozilla/5.0 (Windows NT 6.1; WOW64; Trident/7.0; rv:11.0) like Gecko"
80.123.225.34 - - [20/Nov/2017:14:55:18 +0100] "GET /reload?ser=1511186118159 HTTP/1.1" 200 28 "http://renault.activities.at/success" "Mozilla/5.0 (compatible; MSIE 10.0; Windows NT 6.1; WOW64; Trident/6.0)"
80.123.80.158 - - [20/Nov/2017:14:55:58 +0100] "GET /reload?ser=1511186158549 HTTP/1.1" 200 28 "http://renault.activities.at/login" "Mozilla/5.0 (Windows NT 6.1; WOW64; Trident/7.0; rv:11.0) like Gecko"
80.123.225.34 - - [20/Nov/2017:14:56:19 +0100] "GET /reload?ser=1511186179130 HTTP/1.1" 200 28 "http://renault.activities.at/success" "Mozilla/5.0 (compatible; MSIE 10.0; Windows NT 6.1; WOW64; Trident/6.0)"
80.123.80.158 - - [20/Nov/2017:14:56:59 +0100] "GET /reload?ser=1511186219562 HTTP/1.1" 200 28 "http://renault.activities.at/login" "Mozilla/5.0 (Windows NT 6.1; WOW64; Trident/7.0; rv:11.0) like Gecko"
80.123.225.34 - - [20/Nov/2017:14:57:20 +0100] "GET /reload?ser=1511186240087 HTTP/1.1" 200 28 "http://renault.activities.at/success" "Mozilla/5.0 (compatible; MSIE 10.0; Windows NT 6.1; WOW64; Trident/6.0)"
80.123.80.158 - - [20/Nov/2017:14:58:00 +0100] "GET /reload?ser=1511186280544 HTTP/1.1" 200 28 "http://renault.activities.at/login" "Mozilla/5.0 (Windows NT 6.1; WOW64; Trident/7.0; rv:11.0) like Gecko"
80.123.225.34 - - [20/Nov/2017:14:58:21 +0100] "GET /reload?ser=1511186301038 HTTP/1.1" 200 28 "http://renault.activities.at/success" "Mozilla/5.0 (compatible; MSIE 10.0; Windows NT 6.1; WOW64; Trident/6.0)"
80.123.80.158 - - [20/Nov/2017:14:59:01 +0100] "GET /reload?ser=1511186341591 HTTP/1.1" 200 28 "http://renault.activities.at/login" "Mozilla/5.0 (Windows NT 6.1; WOW64; Trident/7.0; rv:11.0) like Gecko"
80.123.225.34 - - [20/Nov/2017:14:59:22 +0100] "GET /reload?ser=1511186362028 HTTP/1.1" 200 28 "http://renault.activities.at/success" "Mozilla/5.0 (compatible; MSIE 10.0; Windows NT 6.1; WOW64; Trident/6.0)"
80.123.80.158 - - [20/Nov/2017:15:00:03 +0100] "GET /reload?ser=1511186403620 HTTP/1.1" 200 28 "http://renault.activities.at/login" "Mozilla/5.0 (Windows NT 6.1; WOW64; Trident/7.0; rv:11.0) like Gecko"
80.123.225.34 - - [20/Nov/2017:15:00:23 +0100] "GET /reload?ser=1511186423009 HTTP/1.1" 200 28 "http://renault.activities.at/success" "Mozilla/5.0 (compatible; MSIE 10.0; Windows NT 6.1; WOW64; Trident/6.0)"
80.123.80.158 - - [20/Nov/2017:15:01:04 +0100] "GET /reload?ser=1511186464631 HTTP/1.1" 200 28 "http://renault.activities.at/login" "Mozilla/5.0 (Windows NT 6.1; WOW64; Trident/7.0; rv:11.0) like Gecko"
80.123.225.34 - - [20/Nov/2017:15:01:24 +0100] "GET /reload?ser=1511186483974 HTTP/1.1" 200 28 "http://renault.activities.at/success" "Mozilla/5.0 (compatible; MSIE 10.0; Windows NT 6.1; WOW64; Trident/6.0)"
80.123.80.158 - - [20/Nov/2017:15:02:05 +0100] "GET /reload?ser=1511186525671 HTTP/1.1" 200 28 "http://renault.activities.at/login" "Mozilla/5.0 (Windows NT 6.1; WOW64; Trident/7.0; rv:11.0) like Gecko"
80.123.225.34 - - [20/Nov/2017:15:02:25 +0100] "GET /reload?ser=1511186544957 HTTP/1.1" 200 28 "http://renault.activities.at/success" "Mozilla/5.0 (compatible; MSIE 10.0; Windows NT 6.1; WOW64; Trident/6.0)"
80.123.80.158 - - [20/Nov/2017:15:03:06 +0100] "GET /reload?ser=1511186586672 HTTP/1.1" 200 28 "http://renault.activities.at/login" "Mozilla/5.0 (Windows NT 6.1; WOW64; Trident/7.0; rv:11.0) like Gecko"
80.123.225.34 - - [20/Nov/2017:15:03:26 +0100] "GET /reload?ser=1511186605932 HTTP/1.1" 200 28 "http://renault.activities.at/success" "Mozilla/5.0 (compatible; MSIE 10.0; Windows NT 6.1; WOW64; Trident/6.0)"
80.123.80.158 - - [20/Nov/2017:15:04:07 +0100] "GET /reload?ser=1511186647661 HTTP/1.1" 200 28 "http://renault.activities.at/login" "Mozilla/5.0 (Windows NT 6.1; WOW64; Trident/7.0; rv:11.0) like Gecko"
80.123.225.34 - - [20/Nov/2017:15:04:27 +0100] "GET /reload?ser=1511186666882 HTTP/1.1" 200 28 "http://renault.activities.at/success" "Mozilla/5.0 (compatible; MSIE 10.0; Windows NT 6.1; WOW64; Trident/6.0)"
80.123.80.158 - - [20/Nov/2017:15:05:08 +0100] "GET /reload?ser=1511186708638 HTTP/1.1" 200 28 "http://renault.activities.at/login" "Mozilla/5.0 (Windows NT 6.1; WOW64; Trident/7.0; rv:11.0) like Gecko"
80.123.225.34 - - [20/Nov/2017:15:05:28 +0100] "GET /reload?ser=1511186727847 HTTP/1.1" 200 28 "http://renault.activities.at/success" "Mozilla/5.0 (compatible; MSIE 10.0; Windows NT 6.1; WOW64; Trident/6.0)"
80.123.80.158 - - [20/Nov/2017:15:06:09 +0100] "GET /reload?ser=1511186769679 HTTP/1.1" 200 28 "http://renault.activities.at/login" "Mozilla/5.0 (Windows NT 6.1; WOW64; Trident/7.0; rv:11.0) like Gecko"
80.123.225.34 - - [20/Nov/2017:15:06:29 +0100] "GET /reload?ser=1511186788902 HTTP/1.1" 200 28 "http://renault.activities.at/success" "Mozilla/5.0 (compatible; MSIE 10.0; Windows NT 6.1; WOW64; Trident/6.0)"
80.123.80.158 - - [20/Nov/2017:15:07:10 +0100] "GET /reload?ser=1511186830644 HTTP/1.1" 200 28 "http://renault.activities.at/login" "Mozilla/5.0 (Windows NT 6.1; WOW64; Trident/7.0; rv:11.0) like Gecko"
80.123.225.34 - - [20/Nov/2017:15:07:30 +0100] "GET /reload?ser=1511186849848 HTTP/1.1" 200 28 "http://renault.activities.at/success" "Mozilla/5.0 (compatible; MSIE 10.0; Windows NT 6.1; WOW64; Trident/6.0)"
80.123.80.158 - - [20/Nov/2017:15:08:11 +0100] "GET /reload?ser=1511186891673 HTTP/1.1" 200 28 "http://renault.activities.at/login" "Mozilla/5.0 (Windows NT 6.1; WOW64; Trident/7.0; rv:11.0) like Gecko"
80.123.225.34 - - [20/Nov/2017:15:08:31 +0100] "GET /reload?ser=1511186910810 HTTP/1.1" 200 28 "http://renault.activities.at/success" "Mozilla/5.0 (compatible; MSIE 10.0; Windows NT 6.1; WOW64; Trident/6.0)"
80.123.80.158 - - [20/Nov/2017:15:09:12 +0100] "GET /reload?ser=1511186952699 HTTP/1.1" 200 28 "http://renault.activities.at/login" "Mozilla/5.0 (Windows NT 6.1; WOW64; Trident/7.0; rv:11.0) like Gecko"
80.123.225.34 - - [20/Nov/2017:15:09:32 +0100] "GET /reload?ser=1511186971793 HTTP/1.1" 200 28 "http://renault.activities.at/success" "Mozilla/5.0 (compatible; MSIE 10.0; Windows NT 6.1; WOW64; Trident/6.0)"
80.123.80.158 - - [20/Nov/2017:15:10:13 +0100] "GET /reload?ser=1511187013742 HTTP/1.1" 200 28 "http://renault.activities.at/login" "Mozilla/5.0 (Windows NT 6.1; WOW64; Trident/7.0; rv:11.0) like Gecko"
80.123.225.34 - - [20/Nov/2017:15:10:33 +0100] "GET /reload?ser=1511187032836 HTTP/1.1" 200 28 "http://renault.activities.at/success" "Mozilla/5.0 (compatible; MSIE 10.0; Windows NT 6.1; WOW64; Trident/6.0)"
80.123.80.158 - - [20/Nov/2017:15:11:14 +0100] "GET /reload?ser=1511187074760 HTTP/1.1" 200 28 "http://renault.activities.at/login" "Mozilla/5.0 (Windows NT 6.1; WOW64; Trident/7.0; rv:11.0) like Gecko"
80.123.225.34 - - [20/Nov/2017:15:11:34 +0100] "GET /reload?ser=1511187093850 HTTP/1.1" 200 28 "http://renault.activities.at/success" "Mozilla/5.0 (compatible; MSIE 10.0; Windows NT 6.1; WOW64; Trident/6.0)"
80.123.80.158 - - [20/Nov/2017:15:12:15 +0100] "GET /reload?ser=1511187135769 HTTP/1.1" 200 28 "http://renault.activities.at/login" "Mozilla/5.0 (Windows NT 6.1; WOW64; Trident/7.0; rv:11.0) like Gecko"
80.123.225.34 - - [20/Nov/2017:15:12:35 +0100] "GET /reload?ser=1511187154817 HTTP/1.1" 200 28 "http://renault.activities.at/success" "Mozilla/5.0 (compatible; MSIE 10.0; Windows NT 6.1; WOW64; Trident/6.0)"
80.123.80.158 - - [20/Nov/2017:15:13:16 +0100] "GET /reload?ser=1511187196758 HTTP/1.1" 200 28 "http://renault.activities.at/login" "Mozilla/5.0 (Windows NT 6.1; WOW64; Trident/7.0; rv:11.0) like Gecko"
80.123.225.34 - - [20/Nov/2017:15:13:36 +0100] "GET /reload?ser=1511187215838 HTTP/1.1" 200 28 "http://renault.activities.at/success" "Mozilla/5.0 (compatible; MSIE 10.0; Windows NT 6.1; WOW64; Trident/6.0)"
80.123.80.158 - - [20/Nov/2017:15:14:17 +0100] "GET /reload?ser=1511187257766 HTTP/1.1" 200 28 "http://renault.activities.at/login" "Mozilla/5.0 (Windows NT 6.1; WOW64; Trident/7.0; rv:11.0) like Gecko"
80.123.225.34 - - [20/Nov/2017:15:14:37 +0100] "GET /reload?ser=1511187276823 HTTP/1.1" 200 28 "http://renault.activities.at/success" "Mozilla/5.0 (compatible; MSIE 10.0; Windows NT 6.1; WOW64; Trident/6.0)"
80.123.80.158 - - [20/Nov/2017:15:15:18 +0100] "GET /reload?ser=1511187318754 HTTP/1.1" 200 28 "http://renault.activities.at/login" "Mozilla/5.0 (Windows NT 6.1; WOW64; Trident/7.0; rv:11.0) like Gecko"
80.123.225.34 - - [20/Nov/2017:15:15:38 +0100] "GET /reload?ser=1511187337776 HTTP/1.1" 200 28 "http://renault.activities.at/success" "Mozilla/5.0 (compatible; MSIE 10.0; Windows NT 6.1; WOW64; Trident/6.0)"
80.123.80.158 - - [20/Nov/2017:15:16:19 +0100] "GET /reload?ser=1511187379770 HTTP/1.1" 200 28 "http://renault.activities.at/login" "Mozilla/5.0 (Windows NT 6.1; WOW64; Trident/7.0; rv:11.0) like Gecko"
80.123.225.34 - - [20/Nov/2017:15:16:39 +0100] "GET /reload?ser=1511187398759 HTTP/1.1" 200 28 "http://renault.activities.at/success" "Mozilla/5.0 (compatible; MSIE 10.0; Windows NT 6.1; WOW64; Trident/6.0)"
80.123.80.158 - - [20/Nov/2017:15:17:20 +0100] "GET /reload?ser=1511187440755 HTTP/1.1" 200 28 "http://renault.activities.at/login" "Mozilla/5.0 (Windows NT 6.1; WOW64; Trident/7.0; rv:11.0) like Gecko"
80.123.225.34 - - [20/Nov/2017:15:17:40 +0100] "GET /reload?ser=1511187459705 HTTP/1.1" 200 28 "http://renault.activities.at/success" "Mozilla/5.0 (compatible; MSIE 10.0; Windows NT 6.1; WOW64; Trident/6.0)"
80.123.80.158 - - [20/Nov/2017:15:18:21 +0100] "GET /reload?ser=1511187501752 HTTP/1.1" 200 28 "http://renault.activities.at/login" "Mozilla/5.0 (Windows NT 6.1; WOW64; Trident/7.0; rv:11.0) like Gecko"
80.123.225.34 - - [20/Nov/2017:15:18:41 +0100] "GET /reload?ser=1511187520713 HTTP/1.1" 200 28 "http://renault.activities.at/success" "Mozilla/5.0 (compatible; MSIE 10.0; Windows NT 6.1; WOW64; Trident/6.0)"
80.123.80.158 - - [20/Nov/2017:15:19:22 +0100] "GET /reload?ser=1511187562767 HTTP/1.1" 200 28 "http://renault.activities.at/login" "Mozilla/5.0 (Windows NT 6.1; WOW64; Trident/7.0; rv:11.0) like Gecko"
80.123.225.34 - - [20/Nov/2017:15:19:42 +0100] "GET /reload?ser=1511187581696 HTTP/1.1" 200 28 "http://renault.activities.at/success" "Mozilla/5.0 (compatible; MSIE 10.0; Windows NT 6.1; WOW64; Trident/6.0)"
80.123.80.158 - - [20/Nov/2017:15:20:23 +0100] "GET /reload?ser=1511187623774 HTTP/1.1" 200 28 "http://renault.activities.at/login" "Mozilla/5.0 (Windows NT 6.1; WOW64; Trident/7.0; rv:11.0) like Gecko"
80.123.225.34 - - [20/Nov/2017:15:20:43 +0100] "GET /reload?ser=1511187642693 HTTP/1.1" 200 28 "http://renault.activities.at/success" "Mozilla/5.0 (compatible; MSIE 10.0; Windows NT 6.1; WOW64; Trident/6.0)"
80.123.80.158 - - [20/Nov/2017:15:21:24 +0100] "GET /reload?ser=1511187684786 HTTP/1.1" 200 28 "http://renault.activities.at/login" "Mozilla/5.0 (Windows NT 6.1; WOW64; Trident/7.0; rv:11.0) like Gecko"
80.123.225.34 - - [20/Nov/2017:15:21:44 +0100] "GET /reload?ser=1511187703667 HTTP/1.1" 200 28 "http://renault.activities.at/success" "Mozilla/5.0 (compatible; MSIE 10.0; Windows NT 6.1; WOW64; Trident/6.0)"
80.123.80.158 - - [20/Nov/2017:15:22:25 +0100] "GET /reload?ser=1511187745783 HTTP/1.1" 200 28 "http://renault.activities.at/login" "Mozilla/5.0 (Windows NT 6.1; WOW64; Trident/7.0; rv:11.0) like Gecko"
80.123.225.34 - - [20/Nov/2017:15:22:45 +0100] "GET /reload?ser=1511187764612 HTTP/1.1" 200 28 "http://renault.activities.at/success" "Mozilla/5.0 (compatible; MSIE 10.0; Windows NT 6.1; WOW64; Trident/6.0)"
80.123.80.158 - - [20/Nov/2017:15:23:26 +0100] "GET /reload?ser=1511187806769 HTTP/1.1" 200 28 "http://renault.activities.at/login" "Mozilla/5.0 (Windows NT 6.1; WOW64; Trident/7.0; rv:11.0) like Gecko"
80.123.225.34 - - [20/Nov/2017:15:23:46 +0100] "GET /reload?ser=1511187825601 HTTP/1.1" 200 28 "http://renault.activities.at/success" "Mozilla/5.0 (compatible; MSIE 10.0; Windows NT 6.1; WOW64; Trident/6.0)"
80.123.80.158 - - [20/Nov/2017:15:24:27 +0100] "GET /reload?ser=1511187867798 HTTP/1.1" 200 28 "http://renault.activities.at/login" "Mozilla/5.0 (Windows NT 6.1; WOW64; Trident/7.0; rv:11.0) like Gecko"
80.123.225.34 - - [20/Nov/2017:15:24:47 +0100] "GET /reload?ser=1511187886716 HTTP/1.1" 200 28 "http://renault.activities.at/success" "Mozilla/5.0 (compatible; MSIE 10.0; Windows NT 6.1; WOW64; Trident/6.0)"
80.123.80.158 - - [20/Nov/2017:15:25:28 +0100] "GET /reload?ser=1511187928824 HTTP/1.1" 200 28 "http://renault.activities.at/login" "Mozilla/5.0 (Windows NT 6.1; WOW64; Trident/7.0; rv:11.0) like Gecko"
80.123.225.34 - - [20/Nov/2017:15:25:48 +0100] "GET /reload?ser=1511187947727 HTTP/1.1" 200 28 "http://renault.activities.at/success" "Mozilla/5.0 (compatible; MSIE 10.0; Windows NT 6.1; WOW64; Trident/6.0)"
80.123.80.158 - - [20/Nov/2017:15:26:29 +0100] "GET /reload?ser=1511187989843 HTTP/1.1" 200 28 "http://renault.activities.at/login" "Mozilla/5.0 (Windows NT 6.1; WOW64; Trident/7.0; rv:11.0) like Gecko"
80.123.225.34 - - [20/Nov/2017:15:26:49 +0100] "GET /reload?ser=1511188008718 HTTP/1.1" 200 28 "http://renault.activities.at/success" "Mozilla/5.0 (compatible; MSIE 10.0; Windows NT 6.1; WOW64; Trident/6.0)"
80.123.80.158 - - [20/Nov/2017:15:27:30 +0100] "GET /reload?ser=1511188050860 HTTP/1.1" 200 28 "http://renault.activities.at/login" "Mozilla/5.0 (Windows NT 6.1; WOW64; Trident/7.0; rv:11.0) like Gecko"
80.123.225.34 - - [20/Nov/2017:15:27:50 +0100] "GET /reload?ser=1511188069725 HTTP/1.1" 200 28 "http://renault.activities.at/success" "Mozilla/5.0 (compatible; MSIE 10.0; Windows NT 6.1; WOW64; Trident/6.0)"
80.123.80.158 - - [20/Nov/2017:15:28:32 +0100] "GET /reload?ser=1511188111917 HTTP/1.1" 200 28 "http://renault.activities.at/login" "Mozilla/5.0 (Windows NT 6.1; WOW64; Trident/7.0; rv:11.0) like Gecko"
80.123.225.34 - - [20/Nov/2017:15:28:51 +0100] "GET /reload?ser=1511188130720 HTTP/1.1" 200 28 "http://renault.activities.at/success" "Mozilla/5.0 (compatible; MSIE 10.0; Windows NT 6.1; WOW64; Trident/6.0)"
80.123.80.158 - - [20/Nov/2017:15:29:33 +0100] "GET /reload?ser=1511188172939 HTTP/1.1" 200 28 "http://renault.activities.at/login" "Mozilla/5.0 (Windows NT 6.1; WOW64; Trident/7.0; rv:11.0) like Gecko"
80.123.225.34 - - [20/Nov/2017:15:29:52 +0100] "GET /reload?ser=1511188191743 HTTP/1.1" 200 28 "http://renault.activities.at/success" "Mozilla/5.0 (compatible; MSIE 10.0; Windows NT 6.1; WOW64; Trident/6.0)"
80.123.80.158 - - [20/Nov/2017:15:30:34 +0100] "GET /reload?ser=1511188233909 HTTP/1.1" 200 28 "http://renault.activities.at/login" "Mozilla/5.0 (Windows NT 6.1; WOW64; Trident/7.0; rv:11.0) like Gecko"
80.123.225.34 - - [20/Nov/2017:15:30:53 +0100] "GET /reload?ser=1511188252789 HTTP/1.1" 200 28 "http://renault.activities.at/success" "Mozilla/5.0 (compatible; MSIE 10.0; Windows NT 6.1; WOW64; Trident/6.0)"
212.152.246.38 - - [20/Nov/2017:15:31:09 +0100] "GET /login HTTP/1.1" 200 2086 "-" "Mozilla/5.0 (Windows NT 10.0; Win64; x64; rv:57.0) Gecko/20100101 Firefox/57.0"
212.152.246.38 - - [20/Nov/2017:15:31:10 +0100] "GET /css/reset.css HTTP/1.1" 200 1356 "http://renault.activities.at/login" "Mozilla/5.0 (Windows NT 10.0; Win64; x64; rv:57.0) Gecko/20100101 Firefox/57.0"
212.152.246.38 - - [20/Nov/2017:15:31:10 +0100] "GET /css/clears.css HTTP/1.1" 200 851 "http://renault.activities.at/login" "Mozilla/5.0 (Windows NT 10.0; Win64; x64; rv:57.0) Gecko/20100101 Firefox/57.0"
212.152.246.38 - - [20/Nov/2017:15:31:10 +0100] "GET /css/styles.css HTTP/1.1" 200 14664 "http://renault.activities.at/login" "Mozilla/5.0 (Windows NT 10.0; Win64; x64; rv:57.0) Gecko/20100101 Firefox/57.0"
212.152.246.38 - - [20/Nov/2017:15:31:10 +0100] "GET /css/print.css HTTP/1.1" 200 543 "http://renault.activities.at/login" "Mozilla/5.0 (Windows NT 10.0; Win64; x64; rv:57.0) Gecko/20100101 Firefox/57.0"
212.152.246.38 - - [20/Nov/2017:15:31:10 +0100] "GET /js/default.js HTTP/1.1" 200 14698 "http://renault.activities.at/login" "Mozilla/5.0 (Windows NT 10.0; Win64; x64; rv:57.0) Gecko/20100101 Firefox/57.0"
212.152.246.38 - - [20/Nov/2017:15:31:10 +0100] "GET /js/checkout.css HTTP/1.1" 200 359 "http://renault.activities.at/login" "Mozilla/5.0 (Windows NT 10.0; Win64; x64; rv:57.0) Gecko/20100101 Firefox/57.0"
212.152.246.38 - - [20/Nov/2017:15:31:10 +0100] "GET /css/prototip.css HTTP/1.1" 200 968 "http://renault.activities.at/login" "Mozilla/5.0 (Windows NT 10.0; Win64; x64; rv:57.0) Gecko/20100101 Firefox/57.0"
212.152.246.38 - - [20/Nov/2017:15:31:10 +0100] "GET /css/themes/default.css HTTP/1.1" 200 769 "http://renault.activities.at/login" "Mozilla/5.0 (Windows NT 10.0; Win64; x64; rv:57.0) Gecko/20100101 Firefox/57.0"
212.152.246.38 - - [20/Nov/2017:15:31:10 +0100] "GET /js/index.php?c=auto&f=,prototype/prototype.js,prototype/validation.js,scriptaculous/builder.js,scriptaculous/effects.js,scriptaculous/dragdrop.js,scriptaculous/controls.js,scriptaculous/slider.js,varien/js.js,varien/form.js,varien/menu.js,mage/translate.js,mage/cookies.js,varien/product.js,spinner/SpinnerControl.jsmin.js,prototype/window.js,prototype/window_ext.js HTTP/1.1" 200 94182 "http://renault.activities.at/login" "Mozilla/5.0 (Windows NT 10.0; Win64; x64; rv:57.0) Gecko/20100101 Firefox/57.0"
212.152.246.38 - - [20/Nov/2017:15:31:10 +0100] "GET /css/themes/alphacube.css HTTP/1.1" 200 743 "http://renault.activities.at/login" "Mozilla/5.0 (Windows NT 10.0; Win64; x64; rv:57.0) Gecko/20100101 Firefox/57.0"
212.152.246.38 - - [20/Nov/2017:15:31:10 +0100] "GET /images/favicon.ico HTTP/1.1" 404 305 "-" "Mozilla/5.0 (Windows NT 10.0; Win64; x64; rv:57.0) Gecko/20100101 Firefox/57.0"
212.152.246.38 - - [20/Nov/2017:15:31:11 +0100] "GET /images/main_block_border.gif HTTP/1.1" 200 43 "http://renault.activities.at/css/styles.css" "Mozilla/5.0 (Windows NT 10.0; Win64; x64; rv:57.0) Gecko/20100101 Firefox/57.0"
212.152.246.38 - - [20/Nov/2017:15:31:11 +0100] "GET /images/main_block_corner_left_bot.gif HTTP/1.1" 200 159 "http://renault.activities.at/css/styles.css" "Mozilla/5.0 (Windows NT 10.0; Win64; x64; rv:57.0) Gecko/20100101 Firefox/57.0"
212.152.246.38 - - [20/Nov/2017:15:31:11 +0100] "GET /images/main_block_corner_right_bot.gif HTTP/1.1" 200 158 "http://renault.activities.at/css/styles.css" "Mozilla/5.0 (Windows NT 10.0; Win64; x64; rv:57.0) Gecko/20100101 Firefox/57.0"
212.152.246.38 - - [20/Nov/2017:15:31:11 +0100] "GET /images/header_block_border.gif HTTP/1.1" 200 43 "http://renault.activities.at/css/styles.css" "Mozilla/5.0 (Windows NT 10.0; Win64; x64; rv:57.0) Gecko/20100101 Firefox/57.0"
212.152.246.38 - - [20/Nov/2017:15:31:11 +0100] "GET /images/header_block_corner_left_top.gif HTTP/1.1" 200 160 "http://renault.activities.at/css/styles.css" "Mozilla/5.0 (Windows NT 10.0; Win64; x64; rv:57.0) Gecko/20100101 Firefox/57.0"
212.152.246.38 - - [20/Nov/2017:15:31:11 +0100] "GET /images/header_block_corner_right_top.gif HTTP/1.1" 200 160 "http://renault.activities.at/css/styles.css" "Mozilla/5.0 (Windows NT 10.0; Win64; x64; rv:57.0) Gecko/20100101 Firefox/57.0"
212.152.246.38 - - [20/Nov/2017:15:31:11 +0100] "GET /images/main_block_corner_left_top.gif HTTP/1.1" 200 159 "http://renault.activities.at/css/styles.css" "Mozilla/5.0 (Windows NT 10.0; Win64; x64; rv:57.0) Gecko/20100101 Firefox/57.0"
212.152.246.38 - - [20/Nov/2017:15:31:11 +0100] "GET /images/main_block_corner_right_top.gif HTTP/1.1" 200 159 "http://renault.activities.at/css/styles.css" "Mozilla/5.0 (Windows NT 10.0; Win64; x64; rv:57.0) Gecko/20100101 Firefox/57.0"
212.152.246.38 - - [20/Nov/2017:15:31:11 +0100] "GET /images/title_border.jpg HTTP/1.1" 200 304 "http://renault.activities.at/css/styles.css" "Mozilla/5.0 (Windows NT 10.0; Win64; x64; rv:57.0) Gecko/20100101 Firefox/57.0"
212.152.246.38 - - [20/Nov/2017:15:31:11 +0100] "GET /images/title_border_top.jpg HTTP/1.1" 200 336 "http://renault.activities.at/css/styles.css" "Mozilla/5.0 (Windows NT 10.0; Win64; x64; rv:57.0) Gecko/20100101 Firefox/57.0"
212.152.246.38 - - [20/Nov/2017:15:31:11 +0100] "GET /images/title_corner_left_top.jpg HTTP/1.1" 200 372 "http://renault.activities.at/css/styles.css" "Mozilla/5.0 (Windows NT 10.0; Win64; x64; rv:57.0) Gecko/20100101 Firefox/57.0"
212.152.246.38 - - [20/Nov/2017:15:31:11 +0100] "GET /images/title_corner_right_top.jpg HTTP/1.1" 200 389 "http://renault.activities.at/css/styles.css" "Mozilla/5.0 (Windows NT 10.0; Win64; x64; rv:57.0) Gecko/20100101 Firefox/57.0"
212.152.246.38 - - [20/Nov/2017:15:31:11 +0100] "GET /images/button_left_bg.gif HTTP/1.1" 200 564 "http://renault.activities.at/css/styles.css" "Mozilla/5.0 (Windows NT 10.0; Win64; x64; rv:57.0) Gecko/20100101 Firefox/57.0"
212.152.246.38 - - [20/Nov/2017:15:31:11 +0100] "GET /images/button_right_bg.gif HTTP/1.1" 200 561 "http://renault.activities.at/css/styles.css" "Mozilla/5.0 (Windows NT 10.0; Win64; x64; rv:57.0) Gecko/20100101 Firefox/57.0"
212.152.246.38 - - [20/Nov/2017:15:31:11 +0100] "GET /images/button_bg.gif HTTP/1.1" 200 151 "http://renault.activities.at/css/styles.css" "Mozilla/5.0 (Windows NT 10.0; Win64; x64; rv:57.0) Gecko/20100101 Firefox/57.0"
212.152.246.38 - - [20/Nov/2017:15:31:11 +0100] "GET /loadthumbnail.php?id=11127982 HTTP/1.1" 200 399614 "http://renault.activities.at/login" "Mozilla/5.0 (Windows NT 10.0; Win64; x64; rv:57.0) Gecko/20100101 Firefox/57.0"
212.152.246.38 - - [20/Nov/2017:15:31:28 +0100] "POST /login HTTP/1.1" 302 140 "http://renault.activities.at/login" "Mozilla/5.0 (Windows NT 10.0; Win64; x64; rv:57.0) Gecko/20100101 Firefox/57.0"
212.152.246.38 - - [20/Nov/2017:15:31:30 +0100] "GET /account HTTP/1.1" 200 6791 "http://renault.activities.at/login" "Mozilla/5.0 (Windows NT 10.0; Win64; x64; rv:57.0) Gecko/20100101 Firefox/57.0"
212.152.246.38 - - [20/Nov/2017:15:31:33 +0100] "GET /js/account.js HTTP/1.1" 200 953 "http://renault.activities.at/account" "Mozilla/5.0 (Windows NT 10.0; Win64; x64; rv:57.0) Gecko/20100101 Firefox/57.0"
212.152.246.38 - - [20/Nov/2017:15:31:33 +0100] "GET /images/ajax_loading.gif HTTP/1.1" 200 1542 "http://renault.activities.at/account" "Mozilla/5.0 (Windows NT 10.0; Win64; x64; rv:57.0) Gecko/20100101 Firefox/57.0"
212.152.246.38 - - [20/Nov/2017:15:31:33 +0100] "GET /images/top_links_divider.gif HTTP/1.1" 200 44 "http://renault.activities.at/css/styles.css" "Mozilla/5.0 (Windows NT 10.0; Win64; x64; rv:57.0) Gecko/20100101 Firefox/57.0"
212.152.246.38 - - [20/Nov/2017:15:31:33 +0100] "GET /images/menu_button_bg.jpg HTTP/1.1" 200 322 "http://renault.activities.at/css/styles.css" "Mozilla/5.0 (Windows NT 10.0; Win64; x64; rv:57.0) Gecko/20100101 Firefox/57.0"
212.152.246.38 - - [20/Nov/2017:15:31:33 +0100] "GET /images/nav_divider.gif HTTP/1.1" 200 43 "http://renault.activities.at/css/styles.css" "Mozilla/5.0 (Windows NT 10.0; Win64; x64; rv:57.0) Gecko/20100101 Firefox/57.0"
212.152.246.38 - - [20/Nov/2017:15:31:33 +0100] "GET /images/menu_divider.gif HTTP/1.1" 200 176 "http://renault.activities.at/css/styles.css" "Mozilla/5.0 (Windows NT 10.0; Win64; x64; rv:57.0) Gecko/20100101 Firefox/57.0"
212.152.246.38 - - [20/Nov/2017:15:31:33 +0100] "GET /images/search_bg.gif HTTP/1.1" 200 1726 "http://renault.activities.at/css/styles.css" "Mozilla/5.0 (Windows NT 10.0; Win64; x64; rv:57.0) Gecko/20100101 Firefox/57.0"
212.152.246.38 - - [20/Nov/2017:15:31:33 +0100] "GET /images/sidebar_title_border.gif HTTP/1.1" 200 43 "http://renault.activities.at/css/styles.css" "Mozilla/5.0 (Windows NT 10.0; Win64; x64; rv:57.0) Gecko/20100101 Firefox/57.0"
212.152.246.38 - - [20/Nov/2017:15:31:33 +0100] "GET /images/sidebar_title_border_top.gif HTTP/1.1" 200 155 "http://renault.activities.at/css/styles.css" "Mozilla/5.0 (Windows NT 10.0; Win64; x64; rv:57.0) Gecko/20100101 Firefox/57.0"
212.152.246.38 - - [20/Nov/2017:15:31:33 +0100] "GET /loadthumbnail.php?id=11181169&width=50&height=50 HTTP/1.1" 200 982 "http://renault.activities.at/account" "Mozilla/5.0 (Windows NT 10.0; Win64; x64; rv:57.0) Gecko/20100101 Firefox/57.0"
212.152.246.38 - - [20/Nov/2017:15:31:33 +0100] "GET /loadthumbnail.php?id=11181224&width=50&height=50 HTTP/1.1" 200 1003 "http://renault.activities.at/account" "Mozilla/5.0 (Windows NT 10.0; Win64; x64; rv:57.0) Gecko/20100101 Firefox/57.0"
212.152.246.38 - - [20/Nov/2017:15:31:33 +0100] "GET /images/sidebar_title_corner_left_top.gif HTTP/1.1" 200 1124 "http://renault.activities.at/css/styles.css" "Mozilla/5.0 (Windows NT 10.0; Win64; x64; rv:57.0) Gecko/20100101 Firefox/57.0"
212.152.246.38 - - [20/Nov/2017:15:31:33 +0100] "GET /loadthumbnail.php?id=11247081&width=50&height=50 HTTP/1.1" 200 688 "http://renault.activities.at/account" "Mozilla/5.0 (Windows NT 10.0; Win64; x64; rv:57.0) Gecko/20100101 Firefox/57.0"
212.152.246.38 - - [20/Nov/2017:15:31:33 +0100] "GET /images/sidebar_title_corner_right_top.gif HTTP/1.1" 200 383 "http://renault.activities.at/css/styles.css" "Mozilla/5.0 (Windows NT 10.0; Win64; x64; rv:57.0) Gecko/20100101 Firefox/57.0"
212.152.246.38 - - [20/Nov/2017:15:31:33 +0100] "GET /images/reset_bg.gif HTTP/1.1" 200 785 "http://renault.activities.at/css/styles.css" "Mozilla/5.0 (Windows NT 10.0; Win64; x64; rv:57.0) Gecko/20100101 Firefox/57.0"
212.152.246.38 - - [20/Nov/2017:15:31:33 +0100] "GET /images/footer_divider.gif HTTP/1.1" 200 44 "http://renault.activities.at/css/styles.css" "Mozilla/5.0 (Windows NT 10.0; Win64; x64; rv:57.0) Gecko/20100101 Firefox/57.0"
212.152.246.38 - - [20/Nov/2017:15:31:34 +0100] "GET /favicon.ico HTTP/1.1" 200 3250 "-" "Mozilla/5.0 (Windows NT 10.0; Win64; x64; rv:57.0) Gecko/20100101 Firefox/57.0"
80.123.80.158 - - [20/Nov/2017:15:31:35 +0100] "GET /reload?ser=1511188294934 HTTP/1.1" 200 28 "http://renault.activities.at/login" "Mozilla/5.0 (Windows NT 6.1; WOW64; Trident/7.0; rv:11.0) like Gecko"
80.123.225.34 - - [20/Nov/2017:15:31:54 +0100] "GET /reload?ser=1511188313793 HTTP/1.1" 200 28 "http://renault.activities.at/success" "Mozilla/5.0 (compatible; MSIE 10.0; Windows NT 6.1; WOW64; Trident/6.0)"
212.152.246.38 - - [20/Nov/2017:15:32:34 +0100] "GET /reload?ser=1511188353547 HTTP/1.1" 200 28 "http://renault.activities.at/account" "Mozilla/5.0 (Windows NT 10.0; Win64; x64; rv:57.0) Gecko/20100101 Firefox/57.0"
80.123.80.158 - - [20/Nov/2017:15:32:35 +0100] "GET /reload?ser=1511188355890 HTTP/1.1" 200 28 "http://renault.activities.at/login" "Mozilla/5.0 (Windows NT 6.1; WOW64; Trident/7.0; rv:11.0) like Gecko"
80.123.225.34 - - [20/Nov/2017:15:32:55 +0100] "GET /reload?ser=1511188374847 HTTP/1.1" 200 28 "http://renault.activities.at/success" "Mozilla/5.0 (compatible; MSIE 10.0; Windows NT 6.1; WOW64; Trident/6.0)"
