193.194.132.75 - - [23/Nov/2017:08:50:06 +0100] "GET /loadthumbnail.php?id=11319974&width=113 HTTP/1.1" 200 31785 "http://renault.2web.at/result?searchterm=true&search=boardkarte" "Mozilla/5.0 (Windows NT 6.1; WOW64; Trident/7.0; rv:11.0) like Gecko"
193.194.132.75 - - [23/Nov/2017:08:50:06 +0100] "GET /loadthumbnail.php?id=11334755&width=113 HTTP/1.1" 200 23865 "http://renault.2web.at/result?searchterm=true&search=boardkarte" "Mozilla/5.0 (Windows NT 6.1; WOW64; Trident/7.0; rv:11.0) like Gecko"
193.194.132.75 - - [23/Nov/2017:08:50:06 +0100] "GET /loadthumbnail.php?id=11319961&width=113 HTTP/1.1" 200 27077 "http://renault.2web.at/result?searchterm=true&search=boardkarte" "Mozilla/5.0 (Windows NT 6.1; WOW64; Trident/7.0; rv:11.0) like Gecko"
188.21.129.54 - - [23/Nov/2017:08:50:22 +0100] "GET /reload?ser=1511423422171 HTTP/1.1" 200 28 "http://renault.activities.at/result?dir=DESC&mode=grid&order=name&limit=15&page=1&search=megane" "Mozilla/5.0 (Windows NT 6.1; WOW64; Trident/7.0; rv:11.0) like Gecko"
193.194.132.77 - - [23/Nov/2017:08:50:36 +0100] "GET /reload?ser=1511423436366 HTTP/1.1" 200 28 "http://renault.2web.at/10260254" "Mozilla/5.0 (Windows NT 6.1; WOW64; Trident/7.0; rv:11.0) like Gecko"
185.58.53.32 - - [23/Nov/2017:08:50:47 +0100] "GET /reload?ser=1511423281654 HTTP/1.1" 200 28 "http://renault.activities.at/10201442?dir=DESC&mode=grid&order=name&limit=15&page=4" "Mozilla/5.0 (Windows NT 6.1; WOW64; Trident/7.0; rv:11.0) like Gecko"
193.194.132.75 - - [23/Nov/2017:08:50:51 +0100] "GET /loadthumbnail.php?id=11164747&width=113 HTTP/1.1" 200 26121 "-" "Mozilla/4.0 (compatible; MSIE 7.0; Windows NT 6.1; WOW64; Trident/7.0; SLCC2; .NET CLR 2.0.50727; .NET CLR 3.5.30729; .NET CLR 3.0.30729; .NET CLR 1.1.4322; .NET4.0C; .NET4.0E; ms-office; MSOffice 15)"
193.194.132.75 - - [23/Nov/2017:08:50:51 +0100] "GET /loadthumbnail.php?id=11342067&width=113 HTTP/1.1" 200 21913 "-" "Mozilla/4.0 (compatible; MSIE 7.0; Windows NT 6.1; WOW64; Trident/7.0; SLCC2; .NET CLR 2.0.50727; .NET CLR 3.5.30729; .NET CLR 3.0.30729; .NET CLR 1.1.4322; .NET4.0C; .NET4.0E; ms-office; MSOffice 15)"
193.194.132.75 - - [23/Nov/2017:08:50:52 +0100] "GET /loadthumbnail.php?id=11342066&width=113 HTTP/1.1" 200 28015 "-" "Mozilla/4.0 (compatible; MSIE 7.0; Windows NT 6.1; WOW64; Trident/7.0; SLCC2; .NET CLR 2.0.50727; .NET CLR 3.5.30729; .NET CLR 3.0.30729; .NET CLR 1.1.4322; .NET4.0C; .NET4.0E; ms-office; MSOffice 15)"
193.194.132.75 - - [23/Nov/2017:08:50:52 +0100] "GET /loadthumbnail.php?id=11319984&width=113 HTTP/1.1" 200 28924 "-" "Mozilla/4.0 (compatible; MSIE 7.0; Windows NT 6.1; WOW64; Trident/7.0; SLCC2; .NET CLR 2.0.50727; .NET CLR 3.5.30729; .NET CLR 3.0.30729; .NET CLR 1.1.4322; .NET4.0C; .NET4.0E; ms-office; MSOffice 15)"
193.194.132.75 - - [23/Nov/2017:08:50:53 +0100] "GET /loadthumbnail.php?id=11577924&width=113 HTTP/1.1" 200 28282 "-" "Mozilla/4.0 (compatible; MSIE 7.0; Windows NT 6.1; WOW64; Trident/7.0; SLCC2; .NET CLR 2.0.50727; .NET CLR 3.5.30729; .NET CLR 3.0.30729; .NET CLR 1.1.4322; .NET4.0C; .NET4.0E; ms-office; MSOffice 15)"
193.194.132.75 - - [23/Nov/2017:08:50:53 +0100] "GET /loadthumbnail.php?id=11334756&width=113 HTTP/1.1" 200 24626 "-" "Mozilla/4.0 (compatible; MSIE 7.0; Windows NT 6.1; WOW64; Trident/7.0; SLCC2; .NET CLR 2.0.50727; .NET CLR 3.5.30729; .NET CLR 3.0.30729; .NET CLR 1.1.4322; .NET4.0C; .NET4.0E; ms-office; MSOffice 15)"
193.194.132.75 - - [23/Nov/2017:08:50:54 +0100] "GET /loadthumbnail.php?id=11031873&width=113 HTTP/1.1" 200 24451 "-" "Mozilla/4.0 (compatible; MSIE 7.0; Windows NT 6.1; WOW64; Trident/7.0; SLCC2; .NET CLR 2.0.50727; .NET CLR 3.5.30729; .NET CLR 3.0.30729; .NET CLR 1.1.4322; .NET4.0C; .NET4.0E; ms-office; MSOffice 15)"
193.194.132.75 - - [23/Nov/2017:08:50:55 +0100] "GET /loadthumbnail.php?id=10970931&width=113 HTTP/1.1" 200 6246 "-" "Mozilla/4.0 (compatible; MSIE 7.0; Windows NT 6.1; WOW64; Trident/7.0; SLCC2; .NET CLR 2.0.50727; .NET CLR 3.5.30729; .NET CLR 3.0.30729; .NET CLR 1.1.4322; .NET4.0C; .NET4.0E; ms-office; MSOffice 15)"
193.194.132.75 - - [23/Nov/2017:08:50:55 +0100] "GET /loadthumbnail.php?id=11319974&width=113 HTTP/1.1" 200 31785 "-" "Mozilla/4.0 (compatible; MSIE 7.0; Windows NT 6.1; WOW64; Trident/7.0; SLCC2; .NET CLR 2.0.50727; .NET CLR 3.5.30729; .NET CLR 3.0.30729; .NET CLR 1.1.4322; .NET4.0C; .NET4.0E; ms-office; MSOffice 15)"
193.194.132.75 - - [23/Nov/2017:08:50:56 +0100] "GET /loadthumbnail.php?id=11334755&width=113 HTTP/1.1" 200 23865 "-" "Mozilla/4.0 (compatible; MSIE 7.0; Windows NT 6.1; WOW64; Trident/7.0; SLCC2; .NET CLR 2.0.50727; .NET CLR 3.5.30729; .NET CLR 3.0.30729; .NET CLR 1.1.4322; .NET4.0C; .NET4.0E; ms-office; MSOffice 15)"
193.194.132.75 - - [23/Nov/2017:08:50:56 +0100] "GET /loadthumbnail.php?id=11319961&width=113 HTTP/1.1" 200 27077 "-" "Mozilla/4.0 (compatible; MSIE 7.0; Windows NT 6.1; WOW64; Trident/7.0; SLCC2; .NET CLR 2.0.50727; .NET CLR 3.5.30729; .NET CLR 3.0.30729; .NET CLR 1.1.4322; .NET4.0C; .NET4.0E; ms-office; MSOffice 15)"
193.194.132.70 - - [23/Nov/2017:08:51:01 +0100] "GET /reload?ser=1511423461004 HTTP/1.1" 200 28 "http://renault.2web.at/account?loadrequest=true" "Mozilla/5.0 (Windows NT 6.1; WOW64; Trident/7.0; rv:11.0) like Gecko"
193.194.132.75 - - [23/Nov/2017:08:51:07 +0100] "GET /reload?ser=1511423467026 HTTP/1.1" 200 28 "http://renault.2web.at/result?searchterm=true&search=boardkarte" "Mozilla/5.0 (Windows NT 6.1; WOW64; Trident/7.0; rv:11.0) like Gecko"
188.21.129.54 - - [23/Nov/2017:08:51:23 +0100] "GET /reload?ser=1511423483127 HTTP/1.1" 200 28 "http://renault.activities.at/result?dir=DESC&mode=grid&order=name&limit=15&page=1&search=megane" "Mozilla/5.0 (Windows NT 6.1; WOW64; Trident/7.0; rv:11.0) like Gecko"
193.194.132.77 - - [23/Nov/2017:08:51:37 +0100] "GET /reload?ser=1511423497441 HTTP/1.1" 200 28 "http://renault.2web.at/10260254" "Mozilla/5.0 (Windows NT 6.1; WOW64; Trident/7.0; rv:11.0) like Gecko"
185.58.53.32 - - [23/Nov/2017:08:51:48 +0100] "GET /reload?ser=1511423342602 HTTP/1.1" 200 28 "http://renault.activities.at/10201442?dir=DESC&mode=grid&order=name&limit=15&page=4" "Mozilla/5.0 (Windows NT 6.1; WOW64; Trident/7.0; rv:11.0) like Gecko"
193.194.132.70 - - [23/Nov/2017:08:52:02 +0100] "GET /reload?ser=1511423522123 HTTP/1.1" 200 28 "http://renault.2web.at/account?loadrequest=true" "Mozilla/5.0 (Windows NT 6.1; WOW64; Trident/7.0; rv:11.0) like Gecko"
188.20.217.228 - - [23/Nov/2017:08:52:06 +0100] "GET /account HTTP/1.1" 302 150 "-" "Mozilla/5.0 (Windows NT 6.1; WOW64; Trident/7.0; rv:11.0) like Gecko"
188.20.217.228 - - [23/Nov/2017:08:52:06 +0100] "GET /login?required=true HTTP/1.1" 200 2086 "-" "Mozilla/5.0 (Windows NT 6.1; WOW64; Trident/7.0; rv:11.0) like Gecko"
188.20.217.228 - - [23/Nov/2017:08:52:07 +0100] "GET /js/index.php?c=auto&f=,prototype/prototype.js,prototype/validation.js,scriptaculous/builder.js,scriptaculous/effects.js,scriptaculous/dragdrop.js,scriptaculous/controls.js,scriptaculous/slider.js,varien/js.js,varien/form.js,varien/menu.js,mage/translate.js,mage/cookies.js,varien/product.js,spinner/SpinnerControl.jsmin.js,prototype/window.js,prototype/window_ext.js HTTP/1.1" 304 - "http://renault.activities.at/login?required=true" "Mozilla/5.0 (Windows NT 6.1; WOW64; Trident/7.0; rv:11.0) like Gecko"
188.20.217.228 - - [23/Nov/2017:08:52:08 +0100] "GET /images/main_block_border.gif HTTP/1.1" 200 43 "http://renault.activities.at/login?required=true" "Mozilla/5.0 (Windows NT 6.1; WOW64; Trident/7.0; rv:11.0) like Gecko"
188.20.217.228 - - [23/Nov/2017:08:52:08 +0100] "GET /images/main_block_corner_left_top.gif HTTP/1.1" 200 159 "http://renault.activities.at/login?required=true" "Mozilla/5.0 (Windows NT 6.1; WOW64; Trident/7.0; rv:11.0) like Gecko"
188.20.217.228 - - [23/Nov/2017:08:52:08 +0100] "GET /images/main_block_corner_right_top.gif HTTP/1.1" 200 159 "http://renault.activities.at/login?required=true" "Mozilla/5.0 (Windows NT 6.1; WOW64; Trident/7.0; rv:11.0) like Gecko"
188.20.217.228 - - [23/Nov/2017:08:52:08 +0100] "GET /images/header_block_border.gif HTTP/1.1" 200 43 "http://renault.activities.at/login?required=true" "Mozilla/5.0 (Windows NT 6.1; WOW64; Trident/7.0; rv:11.0) like Gecko"
188.20.217.228 - - [23/Nov/2017:08:52:08 +0100] "GET /images/main_block_corner_left_bot.gif HTTP/1.1" 200 159 "http://renault.activities.at/login?required=true" "Mozilla/5.0 (Windows NT 6.1; WOW64; Trident/7.0; rv:11.0) like Gecko"
188.20.217.228 - - [23/Nov/2017:08:52:08 +0100] "GET /images/main_block_corner_right_bot.gif HTTP/1.1" 200 158 "http://renault.activities.at/login?required=true" "Mozilla/5.0 (Windows NT 6.1; WOW64; Trident/7.0; rv:11.0) like Gecko"
188.20.217.228 - - [23/Nov/2017:08:52:08 +0100] "GET /images/header_block_corner_left_top.gif HTTP/1.1" 200 160 "http://renault.activities.at/login?required=true" "Mozilla/5.0 (Windows NT 6.1; WOW64; Trident/7.0; rv:11.0) like Gecko"
188.20.217.228 - - [23/Nov/2017:08:52:08 +0100] "GET /images/header_block_corner_right_top.gif HTTP/1.1" 200 160 "http://renault.activities.at/login?required=true" "Mozilla/5.0 (Windows NT 6.1; WOW64; Trident/7.0; rv:11.0) like Gecko"
188.20.217.228 - - [23/Nov/2017:08:52:08 +0100] "GET /images/title_border.jpg HTTP/1.1" 200 304 "http://renault.activities.at/login?required=true" "Mozilla/5.0 (Windows NT 6.1; WOW64; Trident/7.0; rv:11.0) like Gecko"
188.20.217.228 - - [23/Nov/2017:08:52:08 +0100] "GET /images/title_border_top.jpg HTTP/1.1" 200 336 "http://renault.activities.at/login?required=true" "Mozilla/5.0 (Windows NT 6.1; WOW64; Trident/7.0; rv:11.0) like Gecko"
188.20.217.228 - - [23/Nov/2017:08:52:08 +0100] "GET /images/title_corner_left_top.jpg HTTP/1.1" 200 372 "http://renault.activities.at/login?required=true" "Mozilla/5.0 (Windows NT 6.1; WOW64; Trident/7.0; rv:11.0) like Gecko"
188.20.217.228 - - [23/Nov/2017:08:52:08 +0100] "GET /images/title_corner_right_top.jpg HTTP/1.1" 200 389 "http://renault.activities.at/login?required=true" "Mozilla/5.0 (Windows NT 6.1; WOW64; Trident/7.0; rv:11.0) like Gecko"
188.20.217.228 - - [23/Nov/2017:08:52:08 +0100] "GET /images/button_left_bg.gif HTTP/1.1" 200 564 "http://renault.activities.at/login?required=true" "Mozilla/5.0 (Windows NT 6.1; WOW64; Trident/7.0; rv:11.0) like Gecko"
188.20.217.228 - - [23/Nov/2017:08:52:08 +0100] "GET /images/button_right_bg.gif HTTP/1.1" 200 561 "http://renault.activities.at/login?required=true" "Mozilla/5.0 (Windows NT 6.1; WOW64; Trident/7.0; rv:11.0) like Gecko"
188.20.217.228 - - [23/Nov/2017:08:52:08 +0100] "GET /images/button_bg.gif HTTP/1.1" 200 151 "http://renault.activities.at/login?required=true" "Mozilla/5.0 (Windows NT 6.1; WOW64; Trident/7.0; rv:11.0) like Gecko"
188.20.217.228 - - [23/Nov/2017:08:52:08 +0100] "GET /loadthumbnail.php?id=11127982 HTTP/1.1" 200 399614 "http://renault.activities.at/login?required=true" "Mozilla/5.0 (Windows NT 6.1; WOW64; Trident/7.0; rv:11.0) like Gecko"
193.194.132.75 - - [23/Nov/2017:08:52:08 +0100] "GET /reload?ser=1511423528166 HTTP/1.1" 200 28 "http://renault.2web.at/result?searchterm=true&search=boardkarte" "Mozilla/5.0 (Windows NT 6.1; WOW64; Trident/7.0; rv:11.0) like Gecko"
188.20.217.228 - - [23/Nov/2017:08:52:19 +0100] "POST /login HTTP/1.1" 302 152 "http://renault.activities.at/login?required=true" "Mozilla/5.0 (Windows NT 6.1; WOW64; Trident/7.0; rv:11.0) like Gecko"
188.20.217.228 - - [23/Nov/2017:08:52:21 +0100] "GET /account?loadrequest=true HTTP/1.1" 200 6010 "http://renault.activities.at/login?required=true" "Mozilla/5.0 (Windows NT 6.1; WOW64; Trident/7.0; rv:11.0) like Gecko"
188.20.217.228 - - [23/Nov/2017:08:52:23 +0100] "GET /js/index.php?c=auto&f=,prototype/prototype.js,prototype/validation.js,scriptaculous/builder.js,scriptaculous/effects.js,scriptaculous/dragdrop.js,scriptaculous/controls.js,scriptaculous/slider.js,varien/js.js,varien/form.js,varien/menu.js,mage/translate.js,mage/cookies.js,varien/product.js,spinner/SpinnerControl.jsmin.js,prototype/window.js,prototype/window_ext.js HTTP/1.1" 304 - "http://renault.activities.at/account?loadrequest=true" "Mozilla/5.0 (Windows NT 6.1; WOW64; Trident/7.0; rv:11.0) like Gecko"
188.20.217.228 - - [23/Nov/2017:08:52:23 +0100] "GET /images/search_bg.gif HTTP/1.1" 200 1726 "http://renault.activities.at/account?loadrequest=true" "Mozilla/5.0 (Windows NT 6.1; WOW64; Trident/7.0; rv:11.0) like Gecko"
188.20.217.228 - - [23/Nov/2017:08:52:24 +0100] "GET /images/menu_divider.gif HTTP/1.1" 200 176 "http://renault.activities.at/account?loadrequest=true" "Mozilla/5.0 (Windows NT 6.1; WOW64; Trident/7.0; rv:11.0) like Gecko"
188.20.217.228 - - [23/Nov/2017:08:52:24 +0100] "GET /images/sidebar_title_border.gif HTTP/1.1" 200 43 "http://renault.activities.at/account?loadrequest=true" "Mozilla/5.0 (Windows NT 6.1; WOW64; Trident/7.0; rv:11.0) like Gecko"
188.20.217.228 - - [23/Nov/2017:08:52:23 +0100] "GET /loadthumbnail.php?id=11361004&width=50&height=50 HTTP/1.1" 200 1153 "http://renault.activities.at/account?loadrequest=true" "Mozilla/5.0 (Windows NT 6.1; WOW64; Trident/7.0; rv:11.0) like Gecko"
188.20.217.228 - - [23/Nov/2017:08:52:24 +0100] "GET /images/top_links_divider.gif HTTP/1.1" 200 44 "http://renault.activities.at/account?loadrequest=true" "Mozilla/5.0 (Windows NT 6.1; WOW64; Trident/7.0; rv:11.0) like Gecko"
188.20.217.228 - - [23/Nov/2017:08:52:23 +0100] "GET /loadthumbnail.php?id=11489795&width=50&height=50 HTTP/1.1" 200 1333 "http://renault.activities.at/account?loadrequest=true" "Mozilla/5.0 (Windows NT 6.1; WOW64; Trident/7.0; rv:11.0) like Gecko"
188.20.217.228 - - [23/Nov/2017:08:52:24 +0100] "GET /images/menu_button_bg.jpg HTTP/1.1" 200 322 "http://renault.activities.at/account?loadrequest=true" "Mozilla/5.0 (Windows NT 6.1; WOW64; Trident/7.0; rv:11.0) like Gecko"
188.20.217.228 - - [23/Nov/2017:08:52:24 +0100] "GET /images/sidebar_title_border_top.gif HTTP/1.1" 200 155 "http://renault.activities.at/account?loadrequest=true" "Mozilla/5.0 (Windows NT 6.1; WOW64; Trident/7.0; rv:11.0) like Gecko"
188.20.217.228 - - [23/Nov/2017:08:52:24 +0100] "GET /images/nav_divider.gif HTTP/1.1" 200 43 "http://renault.activities.at/account?loadrequest=true" "Mozilla/5.0 (Windows NT 6.1; WOW64; Trident/7.0; rv:11.0) like Gecko"
188.20.217.228 - - [23/Nov/2017:08:52:24 +0100] "GET /images/footer_divider.gif HTTP/1.1" 200 44 "http://renault.activities.at/account?loadrequest=true" "Mozilla/5.0 (Windows NT 6.1; WOW64; Trident/7.0; rv:11.0) like Gecko"
188.20.217.228 - - [23/Nov/2017:08:52:24 +0100] "GET /images/sidebar_title_corner_left_top.gif HTTP/1.1" 200 1124 "http://renault.activities.at/account?loadrequest=true" "Mozilla/5.0 (Windows NT 6.1; WOW64; Trident/7.0; rv:11.0) like Gecko"
188.20.217.228 - - [23/Nov/2017:08:52:24 +0100] "GET /images/sidebar_title_corner_right_top.gif HTTP/1.1" 200 383 "http://renault.activities.at/account?loadrequest=true" "Mozilla/5.0 (Windows NT 6.1; WOW64; Trident/7.0; rv:11.0) like Gecko"
188.21.129.54 - - [23/Nov/2017:08:52:24 +0100] "GET /reload?ser=1511423544136 HTTP/1.1" 200 28 "http://renault.activities.at/result?dir=DESC&mode=grid&order=name&limit=15&page=1&search=megane" "Mozilla/5.0 (Windows NT 6.1; WOW64; Trident/7.0; rv:11.0) like Gecko"
188.20.217.228 - - [23/Nov/2017:08:52:29 +0100] "POST /axjaxrequest?mode=suggest HTTP/1.1" 200 21 "http://renault.activities.at/account?loadrequest=true" "Mozilla/5.0 (Windows NT 6.1; WOW64; Trident/7.0; rv:11.0) like Gecko"
188.20.217.228 - - [23/Nov/2017:08:52:31 +0100] "POST /axjaxrequest?mode=suggest HTTP/1.1" 200 21 "http://renault.activities.at/account?loadrequest=true" "Mozilla/5.0 (Windows NT 6.1; WOW64; Trident/7.0; rv:11.0) like Gecko"
188.20.217.228 - - [23/Nov/2017:08:52:31 +0100] "GET /result?searchterm=true&search=handw%E4rmer HTTP/1.1" 200 4643 "http://renault.activities.at/account?loadrequest=true" "Mozilla/5.0 (Windows NT 6.1; WOW64; Trident/7.0; rv:11.0) like Gecko"
188.20.217.228 - - [23/Nov/2017:08:52:34 +0100] "GET /js/index.php?c=auto&f=,prototype/prototype.js,prototype/validation.js,scriptaculous/builder.js,scriptaculous/effects.js,scriptaculous/dragdrop.js,scriptaculous/controls.js,scriptaculous/slider.js,varien/js.js,varien/form.js,varien/menu.js,mage/translate.js,mage/cookies.js,varien/product.js,spinner/SpinnerControl.jsmin.js,prototype/window.js,prototype/window_ext.js HTTP/1.1" 304 - "http://renault.activities.at/result?searchterm=true&search=handw%E4rmer" "Mozilla/5.0 (Windows NT 6.1; WOW64; Trident/7.0; rv:11.0) like Gecko"
188.20.217.228 - - [23/Nov/2017:08:52:34 +0100] "GET /images/loading.gif HTTP/1.1" 200 3208 "http://renault.activities.at/result?searchterm=true&search=handw%E4rmer" "Mozilla/5.0 (Windows NT 6.1; WOW64; Trident/7.0; rv:11.0) like Gecko"
188.20.217.228 - - [23/Nov/2017:08:52:34 +0100] "GET /images/note_msg_icon.gif HTTP/1.1" 200 1022 "http://renault.activities.at/result?searchterm=true&search=handw%E4rmer" "Mozilla/5.0 (Windows NT 6.1; WOW64; Trident/7.0; rv:11.0) like Gecko"
193.194.132.77 - - [23/Nov/2017:08:52:38 +0100] "GET /reload?ser=1511423558505 HTTP/1.1" 200 28 "http://renault.2web.at/10260254" "Mozilla/5.0 (Windows NT 6.1; WOW64; Trident/7.0; rv:11.0) like Gecko"
188.20.217.228 - - [23/Nov/2017:08:52:41 +0100] "GET /result?searchterm=true&search=renault HTTP/1.1" 200 8465 "http://renault.activities.at/result?searchterm=true&search=handw%E4rmer" "Mozilla/5.0 (Windows NT 6.1; WOW64; Trident/7.0; rv:11.0) like Gecko"
188.20.217.228 - - [23/Nov/2017:08:52:45 +0100] "GET /js/index.php?c=auto&f=,prototype/prototype.js,prototype/validation.js,scriptaculous/builder.js,scriptaculous/effects.js,scriptaculous/dragdrop.js,scriptaculous/controls.js,scriptaculous/slider.js,varien/js.js,varien/form.js,varien/menu.js,mage/translate.js,mage/cookies.js,varien/product.js,spinner/SpinnerControl.jsmin.js,prototype/window.js,prototype/window_ext.js HTTP/1.1" 304 - "http://renault.activities.at/result?searchterm=true&search=renault" "Mozilla/5.0 (Windows NT 6.1; WOW64; Trident/7.0; rv:11.0) like Gecko"
188.20.217.228 - - [23/Nov/2017:08:52:45 +0100] "GET /loadthumbnail.php?id=10203276 HTTP/1.1" 200 75 "http://renault.activities.at/result?searchterm=true&search=renault" "Mozilla/5.0 (Windows NT 6.1; WOW64; Trident/7.0; rv:11.0) like Gecko"
188.20.217.228 - - [23/Nov/2017:08:52:45 +0100] "GET /loadthumbnail.php?id=10203255 HTTP/1.1" 200 137 "http://renault.activities.at/result?searchterm=true&search=renault" "Mozilla/5.0 (Windows NT 6.1; WOW64; Trident/7.0; rv:11.0) like Gecko"
188.20.217.228 - - [23/Nov/2017:08:52:45 +0100] "GET /loadthumbnail.php?id=11423691&width=113 HTTP/1.1" 200 6071 "http://renault.activities.at/result?searchterm=true&search=renault" "Mozilla/5.0 (Windows NT 6.1; WOW64; Trident/7.0; rv:11.0) like Gecko"
188.20.217.228 - - [23/Nov/2017:08:52:45 +0100] "GET /loadthumbnail.php?id=11615284&width=113 HTTP/1.1" 200 18014 "http://renault.activities.at/result?searchterm=true&search=renault" "Mozilla/5.0 (Windows NT 6.1; WOW64; Trident/7.0; rv:11.0) like Gecko"
188.20.217.228 - - [23/Nov/2017:08:52:45 +0100] "GET /loadthumbnail.php?id=11186502&width=113 HTTP/1.1" 200 2016 "http://renault.activities.at/result?searchterm=true&search=renault" "Mozilla/5.0 (Windows NT 6.1; WOW64; Trident/7.0; rv:11.0) like Gecko"
188.20.217.228 - - [23/Nov/2017:08:52:45 +0100] "GET /loadthumbnail.php?id=11195848&width=113 HTTP/1.1" 200 2016 "http://renault.activities.at/result?searchterm=true&search=renault" "Mozilla/5.0 (Windows NT 6.1; WOW64; Trident/7.0; rv:11.0) like Gecko"
188.20.217.228 - - [23/Nov/2017:08:52:45 +0100] "GET /images/vista-up.gif HTTP/1.1" 200 131 "http://renault.activities.at/result?searchterm=true&search=renault" "Mozilla/5.0 (Windows NT 6.1; WOW64; Trident/7.0; rv:11.0) like Gecko"
188.20.217.228 - - [23/Nov/2017:08:52:45 +0100] "GET /images/pager_bg.gif HTTP/1.1" 200 150 "http://renault.activities.at/result?searchterm=true&search=renault" "Mozilla/5.0 (Windows NT 6.1; WOW64; Trident/7.0; rv:11.0) like Gecko"
188.20.217.228 - - [23/Nov/2017:08:52:45 +0100] "GET /images/vista-dn.gif HTTP/1.1" 200 128 "http://renault.activities.at/result?searchterm=true&search=renault" "Mozilla/5.0 (Windows NT 6.1; WOW64; Trident/7.0; rv:11.0) like Gecko"
188.20.217.228 - - [23/Nov/2017:08:52:45 +0100] "GET /images/validation_advice_bg.gif HTTP/1.1" 200 134 "http://renault.activities.at/result?searchterm=true&search=renault" "Mozilla/5.0 (Windows NT 6.1; WOW64; Trident/7.0; rv:11.0) like Gecko"
188.20.217.228 - - [23/Nov/2017:08:52:41 +0100] "POST /axjaxrequest?mode=suggest HTTP/1.1" 200 112 "http://renault.activities.at/result?searchterm=true&search=handw%E4rmer" "Mozilla/5.0 (Windows NT 6.1; WOW64; Trident/7.0; rv:11.0) like Gecko"
188.20.217.228 - - [23/Nov/2017:08:52:45 +0100] "GET /loadthumbnail.php?id=11186498&width=113 HTTP/1.1" 200 2016 "http://renault.activities.at/result?searchterm=true&search=renault" "Mozilla/5.0 (Windows NT 6.1; WOW64; Trident/7.0; rv:11.0) like Gecko"
188.20.217.228 - - [23/Nov/2017:08:52:45 +0100] "GET /loadthumbnail.php?id=10203650&width=113 HTTP/1.1" 200 2741 "http://renault.activities.at/result?searchterm=true&search=renault" "Mozilla/5.0 (Windows NT 6.1; WOW64; Trident/7.0; rv:11.0) like Gecko"
188.20.217.228 - - [23/Nov/2017:08:52:45 +0100] "GET /loadthumbnail.php?id=11186518&width=113 HTTP/1.1" 200 1516 "http://renault.activities.at/result?searchterm=true&search=renault" "Mozilla/5.0 (Windows NT 6.1; WOW64; Trident/7.0; rv:11.0) like Gecko"
188.20.217.228 - - [23/Nov/2017:08:52:45 +0100] "GET /loadthumbnail.php?id=11186505&width=113 HTTP/1.1" 200 1516 "http://renault.activities.at/result?searchterm=true&search=renault" "Mozilla/5.0 (Windows NT 6.1; WOW64; Trident/7.0; rv:11.0) like Gecko"
188.20.217.228 - - [23/Nov/2017:08:52:45 +0100] "GET /loadthumbnail.php?id=11137061&width=113 HTTP/1.1" 200 2095 "http://renault.activities.at/result?searchterm=true&search=renault" "Mozilla/5.0 (Windows NT 6.1; WOW64; Trident/7.0; rv:11.0) like Gecko"
188.20.217.228 - - [23/Nov/2017:08:52:45 +0100] "GET /loadthumbnail.php?id=11183285&width=113 HTTP/1.1" 200 1898 "http://renault.activities.at/result?searchterm=true&search=renault" "Mozilla/5.0 (Windows NT 6.1; WOW64; Trident/7.0; rv:11.0) like Gecko"
188.20.217.228 - - [23/Nov/2017:08:52:46 +0100] "GET /loadthumbnail.php?id=11339764&width=113 HTTP/1.1" 200 2128 "http://renault.activities.at/result?searchterm=true&search=renault" "Mozilla/5.0 (Windows NT 6.1; WOW64; Trident/7.0; rv:11.0) like Gecko"
188.20.217.228 - - [23/Nov/2017:08:52:46 +0100] "GET /loadthumbnail.php?id=11181207&width=113 HTTP/1.1" 200 1279 "http://renault.activities.at/result?searchterm=true&search=renault" "Mozilla/5.0 (Windows NT 6.1; WOW64; Trident/7.0; rv:11.0) like Gecko"
188.20.217.228 - - [23/Nov/2017:08:52:46 +0100] "GET /loadthumbnail.php?id=11339768&width=113 HTTP/1.1" 200 2128 "http://renault.activities.at/result?searchterm=true&search=renault" "Mozilla/5.0 (Windows NT 6.1; WOW64; Trident/7.0; rv:11.0) like Gecko"
188.20.217.228 - - [23/Nov/2017:08:52:46 +0100] "GET /loadthumbnail.php?id=11195908&width=113 HTTP/1.1" 200 1279 "http://renault.activities.at/result?searchterm=true&search=renault" "Mozilla/5.0 (Windows NT 6.1; WOW64; Trident/7.0; rv:11.0) like Gecko"
185.58.53.32 - - [23/Nov/2017:08:52:49 +0100] "GET /reload?ser=1511423403589 HTTP/1.1" 200 28 "http://renault.activities.at/10201442?dir=DESC&mode=grid&order=name&limit=15&page=4" "Mozilla/5.0 (Windows NT 6.1; WOW64; Trident/7.0; rv:11.0) like Gecko"
188.20.217.228 - - [23/Nov/2017:08:52:52 +0100] "POST /axjaxrequest?mode=suggest HTTP/1.1" 200 21 "http://renault.activities.at/result?searchterm=true&search=renault" "Mozilla/5.0 (Windows NT 6.1; WOW64; Trident/7.0; rv:11.0) like Gecko"
188.20.217.228 - - [23/Nov/2017:08:52:53 +0100] "GET /result?searchterm=true&search=renault+finance HTTP/1.1" 200 4644 "http://renault.activities.at/result?searchterm=true&search=renault" "Mozilla/5.0 (Windows NT 6.1; WOW64; Trident/7.0; rv:11.0) like Gecko"
188.20.217.228 - - [23/Nov/2017:08:52:55 +0100] "GET /js/index.php?c=auto&f=,prototype/prototype.js,prototype/validation.js,scriptaculous/builder.js,scriptaculous/effects.js,scriptaculous/dragdrop.js,scriptaculous/controls.js,scriptaculous/slider.js,varien/js.js,varien/form.js,varien/menu.js,mage/translate.js,mage/cookies.js,varien/product.js,spinner/SpinnerControl.jsmin.js,prototype/window.js,prototype/window_ext.js HTTP/1.1" 304 - "http://renault.activities.at/result?searchterm=true&search=renault+finance" "Mozilla/5.0 (Windows NT 6.1; WOW64; Trident/7.0; rv:11.0) like Gecko"
188.20.217.228 - - [23/Nov/2017:08:52:53 +0100] "POST /axjaxrequest?mode=suggest HTTP/1.1" 200 21 "http://renault.activities.at/result?searchterm=true&search=renault" "Mozilla/5.0 (Windows NT 6.1; WOW64; Trident/7.0; rv:11.0) like Gecko"
188.20.217.228 - - [23/Nov/2017:08:52:59 +0100] "GET /result?searchterm=true&search=renault HTTP/1.1" 200 8465 "http://renault.activities.at/result?searchterm=true&search=renault+finance" "Mozilla/5.0 (Windows NT 6.1; WOW64; Trident/7.0; rv:11.0) like Gecko"
188.20.217.228 - - [23/Nov/2017:08:53:02 +0100] "GET /js/index.php?c=auto&f=,prototype/prototype.js,prototype/validation.js,scriptaculous/builder.js,scriptaculous/effects.js,scriptaculous/dragdrop.js,scriptaculous/controls.js,scriptaculous/slider.js,varien/js.js,varien/form.js,varien/menu.js,mage/translate.js,mage/cookies.js,varien/product.js,spinner/SpinnerControl.jsmin.js,prototype/window.js,prototype/window_ext.js HTTP/1.1" 304 - "http://renault.activities.at/result?searchterm=true&search=renault" "Mozilla/5.0 (Windows NT 6.1; WOW64; Trident/7.0; rv:11.0) like Gecko"
193.194.132.70 - - [23/Nov/2017:08:53:03 +0100] "GET /reload?ser=1511423583214 HTTP/1.1" 200 28 "http://renault.2web.at/account?loadrequest=true" "Mozilla/5.0 (Windows NT 6.1; WOW64; Trident/7.0; rv:11.0) like Gecko"
188.20.217.228 - - [23/Nov/2017:08:53:06 +0100] "GET /result?dir=DESC&mode=grid&order=name&limit=15&page=2&search=renault HTTP/1.1" 200 8475 "http://renault.activities.at/result?searchterm=true&search=renault" "Mozilla/5.0 (Windows NT 6.1; WOW64; Trident/7.0; rv:11.0) like Gecko"
188.20.217.228 - - [23/Nov/2017:08:53:09 +0100] "GET /js/index.php?c=auto&f=,prototype/prototype.js,prototype/validation.js,scriptaculous/builder.js,scriptaculous/effects.js,scriptaculous/dragdrop.js,scriptaculous/controls.js,scriptaculous/slider.js,varien/js.js,varien/form.js,varien/menu.js,mage/translate.js,mage/cookies.js,varien/product.js,spinner/SpinnerControl.jsmin.js,prototype/window.js,prototype/window_ext.js HTTP/1.1" 304 - "http://renault.activities.at/result?dir=DESC&mode=grid&order=name&limit=15&page=2&search=renault" "Mozilla/5.0 (Windows NT 6.1; WOW64; Trident/7.0; rv:11.0) like Gecko"
188.20.217.228 - - [23/Nov/2017:08:53:09 +0100] "GET /loadthumbnail.php?id=10203275 HTTP/1.1" 200 85 "http://renault.activities.at/result?dir=DESC&mode=grid&order=name&limit=15&page=2&search=renault" "Mozilla/5.0 (Windows NT 6.1; WOW64; Trident/7.0; rv:11.0) like Gecko"
188.20.217.228 - - [23/Nov/2017:08:53:09 +0100] "GET /loadthumbnail.php?id=11194725&width=113 HTTP/1.1" 200 1322 "http://renault.activities.at/result?dir=DESC&mode=grid&order=name&limit=15&page=2&search=renault" "Mozilla/5.0 (Windows NT 6.1; WOW64; Trident/7.0; rv:11.0) like Gecko"
188.20.217.228 - - [23/Nov/2017:08:53:09 +0100] "GET /loadthumbnail.php?id=11181227&width=113 HTTP/1.1" 200 1322 "http://renault.activities.at/result?dir=DESC&mode=grid&order=name&limit=15&page=2&search=renault" "Mozilla/5.0 (Windows NT 6.1; WOW64; Trident/7.0; rv:11.0) like Gecko"
188.20.217.228 - - [23/Nov/2017:08:53:09 +0100] "GET /loadthumbnail.php?id=11181201&width=113 HTTP/1.1" 200 1279 "http://renault.activities.at/result?dir=DESC&mode=grid&order=name&limit=15&page=2&search=renault" "Mozilla/5.0 (Windows NT 6.1; WOW64; Trident/7.0; rv:11.0) like Gecko"
188.20.217.228 - - [23/Nov/2017:08:53:09 +0100] "GET /loadthumbnail.php?id=11181225&width=113 HTTP/1.1" 200 1322 "http://renault.activities.at/result?dir=DESC&mode=grid&order=name&limit=15&page=2&search=renault" "Mozilla/5.0 (Windows NT 6.1; WOW64; Trident/7.0; rv:11.0) like Gecko"
188.20.217.228 - - [23/Nov/2017:08:53:09 +0100] "GET /loadthumbnail.php?id=11308367&width=113 HTTP/1.1" 200 1939 "http://renault.activities.at/result?dir=DESC&mode=grid&order=name&limit=15&page=2&search=renault" "Mozilla/5.0 (Windows NT 6.1; WOW64; Trident/7.0; rv:11.0) like Gecko"
193.194.132.75 - - [23/Nov/2017:08:53:09 +0100] "GET /reload?ser=1511423589347 HTTP/1.1" 200 28 "http://renault.2web.at/result?searchterm=true&search=boardkarte" "Mozilla/5.0 (Windows NT 6.1; WOW64; Trident/7.0; rv:11.0) like Gecko"
188.20.217.228 - - [23/Nov/2017:08:53:10 +0100] "GET /loadthumbnail.php?id=11308371&width=113 HTTP/1.1" 200 1939 "http://renault.activities.at/result?dir=DESC&mode=grid&order=name&limit=15&page=2&search=renault" "Mozilla/5.0 (Windows NT 6.1; WOW64; Trident/7.0; rv:11.0) like Gecko"
188.20.217.228 - - [23/Nov/2017:08:53:10 +0100] "GET /loadthumbnail.php?id=11194700&width=113 HTTP/1.1" 200 1829 "http://renault.activities.at/result?dir=DESC&mode=grid&order=name&limit=15&page=2&search=renault" "Mozilla/5.0 (Windows NT 6.1; WOW64; Trident/7.0; rv:11.0) like Gecko"
188.20.217.228 - - [23/Nov/2017:08:53:10 +0100] "GET /loadthumbnail.php?id=11181199&width=113 HTTP/1.1" 200 1829 "http://renault.activities.at/result?dir=DESC&mode=grid&order=name&limit=15&page=2&search=renault" "Mozilla/5.0 (Windows NT 6.1; WOW64; Trident/7.0; rv:11.0) like Gecko"
188.20.217.228 - - [23/Nov/2017:08:53:10 +0100] "GET /loadthumbnail.php?id=11181197&width=113 HTTP/1.1" 200 1829 "http://renault.activities.at/result?dir=DESC&mode=grid&order=name&limit=15&page=2&search=renault" "Mozilla/5.0 (Windows NT 6.1; WOW64; Trident/7.0; rv:11.0) like Gecko"
188.20.217.228 - - [23/Nov/2017:08:53:10 +0100] "GET /loadthumbnail.php?id=11186469&width=113 HTTP/1.1" 200 1278 "http://renault.activities.at/result?dir=DESC&mode=grid&order=name&limit=15&page=2&search=renault" "Mozilla/5.0 (Windows NT 6.1; WOW64; Trident/7.0; rv:11.0) like Gecko"
188.20.217.228 - - [23/Nov/2017:08:53:10 +0100] "GET /loadthumbnail.php?id=11194717&width=113 HTTP/1.1" 200 1278 "http://renault.activities.at/result?dir=DESC&mode=grid&order=name&limit=15&page=2&search=renault" "Mozilla/5.0 (Windows NT 6.1; WOW64; Trident/7.0; rv:11.0) like Gecko"
188.20.217.228 - - [23/Nov/2017:08:53:10 +0100] "GET /loadthumbnail.php?id=11186457&width=113 HTTP/1.1" 200 1278 "http://renault.activities.at/result?dir=DESC&mode=grid&order=name&limit=15&page=2&search=renault" "Mozilla/5.0 (Windows NT 6.1; WOW64; Trident/7.0; rv:11.0) like Gecko"
188.20.217.228 - - [23/Nov/2017:08:53:10 +0100] "GET /loadthumbnail.php?id=11195851&width=113 HTTP/1.1" 200 1156 "http://renault.activities.at/result?dir=DESC&mode=grid&order=name&limit=15&page=2&search=renault" "Mozilla/5.0 (Windows NT 6.1; WOW64; Trident/7.0; rv:11.0) like Gecko"
188.20.217.228 - - [23/Nov/2017:08:53:10 +0100] "GET /loadthumbnail.php?id=11181235&width=113 HTTP/1.1" 200 1156 "http://renault.activities.at/result?dir=DESC&mode=grid&order=name&limit=15&page=2&search=renault" "Mozilla/5.0 (Windows NT 6.1; WOW64; Trident/7.0; rv:11.0) like Gecko"
188.20.217.228 - - [23/Nov/2017:08:53:10 +0100] "GET /loadthumbnail.php?id=11181237&width=113 HTTP/1.1" 200 1156 "http://renault.activities.at/result?dir=DESC&mode=grid&order=name&limit=15&page=2&search=renault" "Mozilla/5.0 (Windows NT 6.1; WOW64; Trident/7.0; rv:11.0) like Gecko"
188.20.217.228 - - [23/Nov/2017:08:53:16 +0100] "GET /result?dir=DESC&mode=grid&order=name&limit=15&page=3&search=renault HTTP/1.1" 200 8426 "http://renault.activities.at/result?dir=DESC&mode=grid&order=name&limit=15&page=2&search=renault" "Mozilla/5.0 (Windows NT 6.1; WOW64; Trident/7.0; rv:11.0) like Gecko"
188.20.217.228 - - [23/Nov/2017:08:53:20 +0100] "GET /js/index.php?c=auto&f=,prototype/prototype.js,prototype/validation.js,scriptaculous/builder.js,scriptaculous/effects.js,scriptaculous/dragdrop.js,scriptaculous/controls.js,scriptaculous/slider.js,varien/js.js,varien/form.js,varien/menu.js,mage/translate.js,mage/cookies.js,varien/product.js,spinner/SpinnerControl.jsmin.js,prototype/window.js,prototype/window_ext.js HTTP/1.1" 304 - "http://renault.activities.at/result?dir=DESC&mode=grid&order=name&limit=15&page=3&search=renault" "Mozilla/5.0 (Windows NT 6.1; WOW64; Trident/7.0; rv:11.0) like Gecko"
188.20.217.228 - - [23/Nov/2017:08:53:20 +0100] "GET /loadthumbnail.php?id=11186483&width=113 HTTP/1.1" 200 1974 "http://renault.activities.at/result?dir=DESC&mode=grid&order=name&limit=15&page=3&search=renault" "Mozilla/5.0 (Windows NT 6.1; WOW64; Trident/7.0; rv:11.0) like Gecko"
188.20.217.228 - - [23/Nov/2017:08:53:20 +0100] "GET /loadthumbnail.php?id=11186479&width=113 HTTP/1.1" 200 1083 "http://renault.activities.at/result?dir=DESC&mode=grid&order=name&limit=15&page=3&search=renault" "Mozilla/5.0 (Windows NT 6.1; WOW64; Trident/7.0; rv:11.0) like Gecko"
188.20.217.228 - - [23/Nov/2017:08:53:20 +0100] "GET /loadthumbnail.php?id=11186495&width=113 HTTP/1.1" 200 1974 "http://renault.activities.at/result?dir=DESC&mode=grid&order=name&limit=15&page=3&search=renault" "Mozilla/5.0 (Windows NT 6.1; WOW64; Trident/7.0; rv:11.0) like Gecko"
188.20.217.228 - - [23/Nov/2017:08:53:20 +0100] "GET /loadthumbnail.php?id=11194721&width=113 HTTP/1.1" 200 1083 "http://renault.activities.at/result?dir=DESC&mode=grid&order=name&limit=15&page=3&search=renault" "Mozilla/5.0 (Windows NT 6.1; WOW64; Trident/7.0; rv:11.0) like Gecko"
188.20.217.228 - - [23/Nov/2017:08:53:20 +0100] "GET /loadthumbnail.php?id=11186475&width=113 HTTP/1.1" 200 1083 "http://renault.activities.at/result?dir=DESC&mode=grid&order=name&limit=15&page=3&search=renault" "Mozilla/5.0 (Windows NT 6.1; WOW64; Trident/7.0; rv:11.0) like Gecko"
188.20.217.228 - - [23/Nov/2017:08:53:20 +0100] "GET /loadthumbnail.php?id=11181233&width=113 HTTP/1.1" 200 1353 "http://renault.activities.at/result?dir=DESC&mode=grid&order=name&limit=15&page=3&search=renault" "Mozilla/5.0 (Windows NT 6.1; WOW64; Trident/7.0; rv:11.0) like Gecko"
188.20.217.228 - - [23/Nov/2017:08:53:20 +0100] "GET /loadthumbnail.php?id=11181211&width=113 HTTP/1.1" 200 1879 "http://renault.activities.at/result?dir=DESC&mode=grid&order=name&limit=15&page=3&search=renault" "Mozilla/5.0 (Windows NT 6.1; WOW64; Trident/7.0; rv:11.0) like Gecko"
188.20.217.228 - - [23/Nov/2017:08:53:20 +0100] "GET /loadthumbnail.php?id=11181209&width=113 HTTP/1.1" 200 1879 "http://renault.activities.at/result?dir=DESC&mode=grid&order=name&limit=15&page=3&search=renault" "Mozilla/5.0 (Windows NT 6.1; WOW64; Trident/7.0; rv:11.0) like Gecko"
188.20.217.228 - - [23/Nov/2017:08:53:20 +0100] "GET /loadthumbnail.php?id=11308365&width=113 HTTP/1.1" 200 1939 "http://renault.activities.at/result?dir=DESC&mode=grid&order=name&limit=15&page=3&search=renault" "Mozilla/5.0 (Windows NT 6.1; WOW64; Trident/7.0; rv:11.0) like Gecko"
188.20.217.228 - - [23/Nov/2017:08:53:20 +0100] "GET /loadthumbnail.php?id=11194732&width=113 HTTP/1.1" 200 1353 "http://renault.activities.at/result?dir=DESC&mode=grid&order=name&limit=15&page=3&search=renault" "Mozilla/5.0 (Windows NT 6.1; WOW64; Trident/7.0; rv:11.0) like Gecko"
188.20.217.228 - - [23/Nov/2017:08:53:20 +0100] "GET /loadthumbnail.php?id=11181230&width=113 HTTP/1.1" 200 1353 "http://renault.activities.at/result?dir=DESC&mode=grid&order=name&limit=15&page=3&search=renault" "Mozilla/5.0 (Windows NT 6.1; WOW64; Trident/7.0; rv:11.0) like Gecko"
188.20.217.228 - - [23/Nov/2017:08:53:20 +0100] "GET /loadthumbnail.php?id=11308366&width=113 HTTP/1.1" 200 1939 "http://renault.activities.at/result?dir=DESC&mode=grid&order=name&limit=15&page=3&search=renault" "Mozilla/5.0 (Windows NT 6.1; WOW64; Trident/7.0; rv:11.0) like Gecko"
188.20.217.228 - - [23/Nov/2017:08:53:20 +0100] "GET /loadthumbnail.php?id=11181219&width=113 HTTP/1.1" 200 2121 "http://renault.activities.at/result?dir=DESC&mode=grid&order=name&limit=15&page=3&search=renault" "Mozilla/5.0 (Windows NT 6.1; WOW64; Trident/7.0; rv:11.0) like Gecko"
188.21.129.54 - - [23/Nov/2017:08:53:25 +0100] "GET /reload?ser=1511423605124 HTTP/1.1" 200 28 "http://renault.activities.at/result?dir=DESC&mode=grid&order=name&limit=15&page=1&search=megane" "Mozilla/5.0 (Windows NT 6.1; WOW64; Trident/7.0; rv:11.0) like Gecko"
188.20.217.228 - - [23/Nov/2017:08:53:24 +0100] "GET /result?dir=DESC&mode=grid&order=name&limit=15&page=4&search=renault HTTP/1.1" 200 8409 "http://renault.activities.at/result?dir=DESC&mode=grid&order=name&limit=15&page=3&search=renault" "Mozilla/5.0 (Windows NT 6.1; WOW64; Trident/7.0; rv:11.0) like Gecko"
188.20.217.228 - - [23/Nov/2017:08:53:27 +0100] "GET /js/index.php?c=auto&f=,prototype/prototype.js,prototype/validation.js,scriptaculous/builder.js,scriptaculous/effects.js,scriptaculous/dragdrop.js,scriptaculous/controls.js,scriptaculous/slider.js,varien/js.js,varien/form.js,varien/menu.js,mage/translate.js,mage/cookies.js,varien/product.js,spinner/SpinnerControl.jsmin.js,prototype/window.js,prototype/window_ext.js HTTP/1.1" 304 - "http://renault.activities.at/result?dir=DESC&mode=grid&order=name&limit=15&page=4&search=renault" "Mozilla/5.0 (Windows NT 6.1; WOW64; Trident/7.0; rv:11.0) like Gecko"
188.20.217.228 - - [23/Nov/2017:08:53:27 +0100] "GET /loadthumbnail.php?id=11181223&width=113 HTTP/1.1" 200 1171 "http://renault.activities.at/result?dir=DESC&mode=grid&order=name&limit=15&page=4&search=renault" "Mozilla/5.0 (Windows NT 6.1; WOW64; Trident/7.0; rv:11.0) like Gecko"
188.20.217.228 - - [23/Nov/2017:08:53:27 +0100] "GET /loadthumbnail.php?id=11181213&width=113 HTTP/1.1" 200 2121 "http://renault.activities.at/result?dir=DESC&mode=grid&order=name&limit=15&page=4&search=renault" "Mozilla/5.0 (Windows NT 6.1; WOW64; Trident/7.0; rv:11.0) like Gecko"
188.20.217.228 - - [23/Nov/2017:08:53:27 +0100] "GET /loadthumbnail.php?id=11194713&width=113 HTTP/1.1" 200 1171 "http://renault.activities.at/result?dir=DESC&mode=grid&order=name&limit=15&page=4&search=renault" "Mozilla/5.0 (Windows NT 6.1; WOW64; Trident/7.0; rv:11.0) like Gecko"
188.20.217.228 - - [23/Nov/2017:08:53:27 +0100] "GET /loadthumbnail.php?id=11181221&width=113 HTTP/1.1" 200 1171 "http://renault.activities.at/result?dir=DESC&mode=grid&order=name&limit=15&page=4&search=renault" "Mozilla/5.0 (Windows NT 6.1; WOW64; Trident/7.0; rv:11.0) like Gecko"
188.20.217.228 - - [23/Nov/2017:08:53:27 +0100] "GET /loadthumbnail.php?id=11209585&width=113 HTTP/1.1" 200 1909 "http://renault.activities.at/result?dir=DESC&mode=grid&order=name&limit=15&page=4&search=renault" "Mozilla/5.0 (Windows NT 6.1; WOW64; Trident/7.0; rv:11.0) like Gecko"
188.20.217.228 - - [23/Nov/2017:08:53:36 +0100] "GET /result?dir=DESC&mode=grid&order=name&limit=15&page=6&search=renault HTTP/1.1" 200 8744 "http://renault.activities.at/result?dir=DESC&mode=grid&order=name&limit=15&page=4&search=renault" "Mozilla/5.0 (Windows NT 6.1; WOW64; Trident/7.0; rv:11.0) like Gecko"
188.20.217.228 - - [23/Nov/2017:08:53:39 +0100] "GET /js/index.php?c=auto&f=,prototype/prototype.js,prototype/validation.js,scriptaculous/builder.js,scriptaculous/effects.js,scriptaculous/dragdrop.js,scriptaculous/controls.js,scriptaculous/slider.js,varien/js.js,varien/form.js,varien/menu.js,mage/translate.js,mage/cookies.js,varien/product.js,spinner/SpinnerControl.jsmin.js,prototype/window.js,prototype/window_ext.js HTTP/1.1" 304 - "http://renault.activities.at/result?dir=DESC&mode=grid&order=name&limit=15&page=6&search=renault" "Mozilla/5.0 (Windows NT 6.1; WOW64; Trident/7.0; rv:11.0) like Gecko"
188.20.217.228 - - [23/Nov/2017:08:53:39 +0100] "GET /loadthumbnail.php?id=11340123&width=113 HTTP/1.1" 200 5559 "http://renault.activities.at/result?dir=DESC&mode=grid&order=name&limit=15&page=6&search=renault" "Mozilla/5.0 (Windows NT 6.1; WOW64; Trident/7.0; rv:11.0) like Gecko"
188.20.217.228 - - [23/Nov/2017:08:53:39 +0100] "GET /loadthumbnail.php?id=10930520&width=113 HTTP/1.1" 200 2026 "http://renault.activities.at/result?dir=DESC&mode=grid&order=name&limit=15&page=6&search=renault" "Mozilla/5.0 (Windows NT 6.1; WOW64; Trident/7.0; rv:11.0) like Gecko"
188.20.217.228 - - [23/Nov/2017:08:53:39 +0100] "GET /loadthumbnail.php?id=11504843&width=113 HTTP/1.1" 200 33866 "http://renault.activities.at/result?dir=DESC&mode=grid&order=name&limit=15&page=6&search=renault" "Mozilla/5.0 (Windows NT 6.1; WOW64; Trident/7.0; rv:11.0) like Gecko"
188.20.217.228 - - [23/Nov/2017:08:53:39 +0100] "GET /loadthumbnail.php?id=11090247&width=113 HTTP/1.1" 200 2847 "http://renault.activities.at/result?dir=DESC&mode=grid&order=name&limit=15&page=6&search=renault" "Mozilla/5.0 (Windows NT 6.1; WOW64; Trident/7.0; rv:11.0) like Gecko"
188.20.217.228 - - [23/Nov/2017:08:53:39 +0100] "GET /loadthumbnail.php?id=10930552&width=113 HTTP/1.1" 200 2035 "http://renault.activities.at/result?dir=DESC&mode=grid&order=name&limit=15&page=6&search=renault" "Mozilla/5.0 (Windows NT 6.1; WOW64; Trident/7.0; rv:11.0) like Gecko"
188.20.217.228 - - [23/Nov/2017:08:53:39 +0100] "GET /loadthumbnail.php?id=11504901&width=113 HTTP/1.1" 200 32183 "http://renault.activities.at/result?dir=DESC&mode=grid&order=name&limit=15&page=6&search=renault" "Mozilla/5.0 (Windows NT 6.1; WOW64; Trident/7.0; rv:11.0) like Gecko"
188.20.217.228 - - [23/Nov/2017:08:53:40 +0100] "GET /loadthumbnail.php?id=10309491&width=113 HTTP/1.1" 200 2476 "http://renault.activities.at/result?dir=DESC&mode=grid&order=name&limit=15&page=6&search=renault" "Mozilla/5.0 (Windows NT 6.1; WOW64; Trident/7.0; rv:11.0) like Gecko"
188.20.217.228 - - [23/Nov/2017:08:53:40 +0100] "GET /loadthumbnail.php?id=11461719&width=113 HTTP/1.1" 200 32753 "http://renault.activities.at/result?dir=DESC&mode=grid&order=name&limit=15&page=6&search=renault" "Mozilla/5.0 (Windows NT 6.1; WOW64; Trident/7.0; rv:11.0) like Gecko"
188.20.217.228 - - [23/Nov/2017:08:53:40 +0100] "GET /loadthumbnail.php?id=11461707&width=113 HTTP/1.1" 200 27994 "http://renault.activities.at/result?dir=DESC&mode=grid&order=name&limit=15&page=6&search=renault" "Mozilla/5.0 (Windows NT 6.1; WOW64; Trident/7.0; rv:11.0) like Gecko"
188.20.217.228 - - [23/Nov/2017:08:53:40 +0100] "GET /loadthumbnail.php?id=11075492&width=113 HTTP/1.1" 200 2349 "http://renault.activities.at/result?dir=DESC&mode=grid&order=name&limit=15&page=6&search=renault" "Mozilla/5.0 (Windows NT 6.1; WOW64; Trident/7.0; rv:11.0) like Gecko"
188.20.217.228 - - [23/Nov/2017:08:53:40 +0100] "GET /loadthumbnail.php?id=11075482&width=113 HTTP/1.1" 200 2349 "http://renault.activities.at/result?dir=DESC&mode=grid&order=name&limit=15&page=6&search=renault" "Mozilla/5.0 (Windows NT 6.1; WOW64; Trident/7.0; rv:11.0) like Gecko"
188.20.217.228 - - [23/Nov/2017:08:53:40 +0100] "GET /loadthumbnail.php?id=10260771&width=113 HTTP/1.1" 200 1878 "http://renault.activities.at/result?dir=DESC&mode=grid&order=name&limit=15&page=6&search=renault" "Mozilla/5.0 (Windows NT 6.1; WOW64; Trident/7.0; rv:11.0) like Gecko"
188.20.217.228 - - [23/Nov/2017:08:53:40 +0100] "GET /loadthumbnail.php?id=11146700&width=113 HTTP/1.1" 200 1415 "http://renault.activities.at/result?dir=DESC&mode=grid&order=name&limit=15&page=6&search=renault" "Mozilla/5.0 (Windows NT 6.1; WOW64; Trident/7.0; rv:11.0) like Gecko"
188.20.217.228 - - [23/Nov/2017:08:53:40 +0100] "GET /loadthumbnail.php?id=11423689&width=113 HTTP/1.1" 200 1359 "http://renault.activities.at/result?dir=DESC&mode=grid&order=name&limit=15&page=6&search=renault" "Mozilla/5.0 (Windows NT 6.1; WOW64; Trident/7.0; rv:11.0) like Gecko"
193.194.132.77 - - [23/Nov/2017:08:53:39 +0100] "GET /reload?ser=1511423619578 HTTP/1.1" 200 28 "http://renault.2web.at/10260254" "Mozilla/5.0 (Windows NT 6.1; WOW64; Trident/7.0; rv:11.0) like Gecko"
188.20.217.228 - - [23/Nov/2017:08:53:40 +0100] "GET /loadthumbnail.php?id=10746885&width=113 HTTP/1.1" 200 3633 "http://renault.activities.at/result?dir=DESC&mode=grid&order=name&limit=15&page=6&search=renault" "Mozilla/5.0 (Windows NT 6.1; WOW64; Trident/7.0; rv:11.0) like Gecko"
188.20.217.228 - - [23/Nov/2017:08:53:45 +0100] "GET /result?dir=DESC&mode=grid&order=name&limit=15&page=7&search=renault HTTP/1.1" 200 8952 "http://renault.activities.at/result?dir=DESC&mode=grid&order=name&limit=15&page=6&search=renault" "Mozilla/5.0 (Windows NT 6.1; WOW64; Trident/7.0; rv:11.0) like Gecko"
188.20.217.228 - - [23/Nov/2017:08:53:49 +0100] "GET /js/index.php?c=auto&f=,prototype/prototype.js,prototype/validation.js,scriptaculous/builder.js,scriptaculous/effects.js,scriptaculous/dragdrop.js,scriptaculous/controls.js,scriptaculous/slider.js,varien/js.js,varien/form.js,varien/menu.js,mage/translate.js,mage/cookies.js,varien/product.js,spinner/SpinnerControl.jsmin.js,prototype/window.js,prototype/window_ext.js HTTP/1.1" 304 - "http://renault.activities.at/result?dir=DESC&mode=grid&order=name&limit=15&page=7&search=renault" "Mozilla/5.0 (Windows NT 6.1; WOW64; Trident/7.0; rv:11.0) like Gecko"
188.20.217.228 - - [23/Nov/2017:08:53:49 +0100] "GET /loadthumbnail.php?id=11100138&width=113 HTTP/1.1" 200 4475 "http://renault.activities.at/result?dir=DESC&mode=grid&order=name&limit=15&page=7&search=renault" "Mozilla/5.0 (Windows NT 6.1; WOW64; Trident/7.0; rv:11.0) like Gecko"
188.20.217.228 - - [23/Nov/2017:08:53:49 +0100] "GET /loadthumbnail.php?id=11340121&width=113 HTTP/1.1" 200 4540 "http://renault.activities.at/result?dir=DESC&mode=grid&order=name&limit=15&page=7&search=renault" "Mozilla/5.0 (Windows NT 6.1; WOW64; Trident/7.0; rv:11.0) like Gecko"
188.20.217.228 - - [23/Nov/2017:08:53:49 +0100] "GET /loadthumbnail.php?id=11630007&width=113 HTTP/1.1" 200 4354 "http://renault.activities.at/result?dir=DESC&mode=grid&order=name&limit=15&page=7&search=renault" "Mozilla/5.0 (Windows NT 6.1; WOW64; Trident/7.0; rv:11.0) like Gecko"
188.20.217.228 - - [23/Nov/2017:08:53:49 +0100] "GET /loadthumbnail.php?id=11532883&width=113 HTTP/1.1" 200 35124 "http://renault.activities.at/result?dir=DESC&mode=grid&order=name&limit=15&page=7&search=renault" "Mozilla/5.0 (Windows NT 6.1; WOW64; Trident/7.0; rv:11.0) like Gecko"
188.20.217.228 - - [23/Nov/2017:08:53:49 +0100] "GET /loadthumbnail.php?id=11489779&width=113 HTTP/1.1" 200 1080 "http://renault.activities.at/result?dir=DESC&mode=grid&order=name&limit=15&page=7&search=renault" "Mozilla/5.0 (Windows NT 6.1; WOW64; Trident/7.0; rv:11.0) like Gecko"
188.20.217.228 - - [23/Nov/2017:08:53:49 +0100] "GET /loadthumbnail.php?id=11592489&width=113 HTTP/1.1" 200 16712 "http://renault.activities.at/result?dir=DESC&mode=grid&order=name&limit=15&page=7&search=renault" "Mozilla/5.0 (Windows NT 6.1; WOW64; Trident/7.0; rv:11.0) like Gecko"
188.20.217.228 - - [23/Nov/2017:08:53:50 +0100] "GET /loadthumbnail.php?id=11211825&width=113 HTTP/1.1" 200 1953 "http://renault.activities.at/result?dir=DESC&mode=grid&order=name&limit=15&page=7&search=renault" "Mozilla/5.0 (Windows NT 6.1; WOW64; Trident/7.0; rv:11.0) like Gecko"
188.20.217.228 - - [23/Nov/2017:08:53:50 +0100] "GET /loadthumbnail.php?id=11434114&width=113 HTTP/1.1" 200 4564 "http://renault.activities.at/result?dir=DESC&mode=grid&order=name&limit=15&page=7&search=renault" "Mozilla/5.0 (Windows NT 6.1; WOW64; Trident/7.0; rv:11.0) like Gecko"
188.20.217.228 - - [23/Nov/2017:08:53:50 +0100] "GET /loadthumbnail.php?id=11108158&width=113 HTTP/1.1" 200 1545 "http://renault.activities.at/result?dir=DESC&mode=grid&order=name&limit=15&page=7&search=renault" "Mozilla/5.0 (Windows NT 6.1; WOW64; Trident/7.0; rv:11.0) like Gecko"
188.20.217.228 - - [23/Nov/2017:08:53:50 +0100] "GET /loadthumbnail.php?id=11489786&width=113 HTTP/1.1" 200 2751 "http://renault.activities.at/result?dir=DESC&mode=grid&order=name&limit=15&page=7&search=renault" "Mozilla/5.0 (Windows NT 6.1; WOW64; Trident/7.0; rv:11.0) like Gecko"
185.58.53.32 - - [23/Nov/2017:08:53:49 +0100] "GET /reload?ser=1511423464532 HTTP/1.1" 200 28 "http://renault.activities.at/10201442?dir=DESC&mode=grid&order=name&limit=15&page=4" "Mozilla/5.0 (Windows NT 6.1; WOW64; Trident/7.0; rv:11.0) like Gecko"
188.20.217.228 - - [23/Nov/2017:08:53:50 +0100] "GET /loadthumbnail.php?id=10260190&width=113 HTTP/1.1" 200 4509 "http://renault.activities.at/result?dir=DESC&mode=grid&order=name&limit=15&page=7&search=renault" "Mozilla/5.0 (Windows NT 6.1; WOW64; Trident/7.0; rv:11.0) like Gecko"
188.20.217.228 - - [23/Nov/2017:08:53:50 +0100] "GET /loadthumbnail.php?id=10271875&width=113 HTTP/1.1" 200 1262 "http://renault.activities.at/result?dir=DESC&mode=grid&order=name&limit=15&page=7&search=renault" "Mozilla/5.0 (Windows NT 6.1; WOW64; Trident/7.0; rv:11.0) like Gecko"
188.20.217.228 - - [23/Nov/2017:08:53:50 +0100] "GET /loadthumbnail.php?id=11171345&width=113 HTTP/1.1" 200 2786 "http://renault.activities.at/result?dir=DESC&mode=grid&order=name&limit=15&page=7&search=renault" "Mozilla/5.0 (Windows NT 6.1; WOW64; Trident/7.0; rv:11.0) like Gecko"
193.194.132.70 - - [23/Nov/2017:08:54:04 +0100] "GET /reload?ser=1511423644308 HTTP/1.1" 200 28 "http://renault.2web.at/account?loadrequest=true" "Mozilla/5.0 (Windows NT 6.1; WOW64; Trident/7.0; rv:11.0) like Gecko"
193.194.132.75 - - [23/Nov/2017:08:54:10 +0100] "GET /reload?ser=1511423650495 HTTP/1.1" 200 28 "http://renault.2web.at/result?searchterm=true&search=boardkarte" "Mozilla/5.0 (Windows NT 6.1; WOW64; Trident/7.0; rv:11.0) like Gecko"
188.20.217.228 - - [23/Nov/2017:08:54:13 +0100] "GET /10260280 HTTP/1.1" 200 8622 "http://renault.activities.at/result?dir=DESC&mode=grid&order=name&limit=15&page=7&search=renault" "Mozilla/5.0 (Windows NT 6.1; WOW64; Trident/7.0; rv:11.0) like Gecko"
