80.122.53.230 - - [23/Nov/2017:11:49:51 +0100] "GET /js/Produkt.js HTTP/1.1" 200 852 "http://renault.activities.at/10980928?print=true" "Mozilla/5.0 (Windows NT 6.1; WOW64; Trident/7.0; rv:11.0) like Gecko"
80.122.53.230 - - [23/Nov/2017:11:49:51 +0100] "GET /js/magiczoom/magiczoom.css HTTP/1.1" 200 1210 "http://renault.activities.at/10980928?print=true" "Mozilla/5.0 (Windows NT 6.1; WOW64; Trident/7.0; rv:11.0) like Gecko"
80.122.53.230 - - [23/Nov/2017:11:49:51 +0100] "GET /js/magiczoom/magiczoom.js HTTP/1.1" 200 26397 "http://renault.activities.at/10980928?print=true" "Mozilla/5.0 (Windows NT 6.1; WOW64; Trident/7.0; rv:11.0) like Gecko"
80.122.53.230 - - [23/Nov/2017:11:49:51 +0100] "GET /loadthumbnail.php?id=11108158&width=250 HTTP/1.1" 200 4408 "http://renault.activities.at/10980928?print=true" "Mozilla/5.0 (Windows NT 6.1; WOW64; Trident/7.0; rv:11.0) like Gecko"
80.122.53.230 - - [23/Nov/2017:11:49:51 +0100] "GET /loadthumbnail.php?id=11108158&width=900&height=900 HTTP/1.1" 200 35241 "http://renault.activities.at/10980928?print=true" "Mozilla/5.0 (Windows NT 6.1; WOW64; Trident/7.0; rv:11.0) like Gecko"
80.122.53.230 - - [23/Nov/2017:11:49:51 +0100] "GET /js/magiczoom/graphics/hint.gif HTTP/1.1" 200 73 "http://renault.activities.at/10980928?print=true" "Mozilla/5.0 (Windows NT 6.1; WOW64; Trident/7.0; rv:11.0) like Gecko"
80.122.53.230 - - [23/Nov/2017:11:49:53 +0100] "GET /graphics/zoomin.cur HTTP/1.1" 200 3779 "http://renault.activities.at/10980928?print=true" "Mozilla/5.0 (Windows NT 6.1; WOW64; Trident/7.0; rv:11.0) like Gecko"
193.194.132.75 - - [23/Nov/2017:11:49:57 +0100] "GET /reload?ser=1511434197336 HTTP/1.1" 200 28 "http://renault.2web.at/result?searchterm=true&search=leaflet" "Mozilla/5.0 (Windows NT 6.1; WOW64; Trident/7.0; rv:11.0) like Gecko"
212.152.246.38 - - [23/Nov/2017:11:50:09 +0100] "GET /reload?ser=1511434208923 HTTP/1.1" 200 28 "http://renault.activities.at/10260008?dir=DESC&mode=grid&order=name&limit=15&page=1" "Mozilla/5.0 (Windows NT 10.0; Win64; x64; rv:57.0) Gecko/20100101 Firefox/57.0"
193.194.132.70 - - [23/Nov/2017:11:50:13 +0100] "GET /reload?ser=1511434213798 HTTP/1.1" 200 28 "http://renault.2web.at/account?loadrequest=true" "Mozilla/5.0 (Windows NT 6.1; WOW64; Trident/7.0; rv:11.0) like Gecko"
80.122.53.230 - - [23/Nov/2017:11:50:16 +0100] "GET /null HTTP/1.1" 200 3779 "http://renault.activities.at/result?searchterm=true&search=mappen" "Mozilla/5.0 (Windows NT 6.1; WOW64; Trident/7.0; rv:11.0) like Gecko"
188.21.129.54 - - [23/Nov/2017:11:50:18 +0100] "GET /reload?ser=1511434218975 HTTP/1.1" 200 28 "http://renault.activities.at/result?dir=DESC&mode=grid&order=name&limit=15&page=1&search=megane" "Mozilla/5.0 (Windows NT 6.1; WOW64; Trident/7.0; rv:11.0) like Gecko"
80.122.53.230 - - [23/Nov/2017:11:50:24 +0100] "POST /axjaxrequest?mode=suggest HTTP/1.1" 200 143 "http://renault.activities.at/result?searchterm=true&search=mappen" "Mozilla/5.0 (Windows NT 6.1; WOW64; Trident/7.0; rv:11.0) like Gecko"
80.122.53.230 - - [23/Nov/2017:11:50:25 +0100] "GET /result?searchterm=true&search=zoe HTTP/1.1" 200 8579 "http://renault.activities.at/result?searchterm=true&search=mappen" "Mozilla/5.0 (Windows NT 6.1; WOW64; Trident/7.0; rv:11.0) like Gecko"
80.122.53.230 - - [23/Nov/2017:11:50:28 +0100] "GET /result?searchterm=true&search=zoe HTTP/1.1" 200 8579 "http://renault.activities.at/result?searchterm=true&search=mappen" "Mozilla/5.0 (Windows NT 6.1; WOW64; Trident/7.0; rv:11.0) like Gecko"
80.122.53.230 - - [23/Nov/2017:11:50:31 +0100] "GET /loadthumbnail.php?id=11195848&width=113 HTTP/1.1" 200 2016 "http://renault.activities.at/result?searchterm=true&search=zoe" "Mozilla/5.0 (Windows NT 6.1; WOW64; Trident/7.0; rv:11.0) like Gecko"
80.122.53.230 - - [23/Nov/2017:11:50:31 +0100] "GET /loadthumbnail.php?id=11323660&width=113 HTTP/1.1" 200 2016 "http://renault.activities.at/result?searchterm=true&search=zoe" "Mozilla/5.0 (Windows NT 6.1; WOW64; Trident/7.0; rv:11.0) like Gecko"
80.122.53.230 - - [23/Nov/2017:11:50:31 +0100] "GET /loadthumbnail.php?id=11181189&width=113 HTTP/1.1" 200 1888 "http://renault.activities.at/result?searchterm=true&search=zoe" "Mozilla/5.0 (Windows NT 6.1; WOW64; Trident/7.0; rv:11.0) like Gecko"
80.122.53.230 - - [23/Nov/2017:11:50:31 +0100] "GET /loadthumbnail.php?id=11323664&width=113 HTTP/1.1" 200 1997 "http://renault.activities.at/result?searchterm=true&search=zoe" "Mozilla/5.0 (Windows NT 6.1; WOW64; Trident/7.0; rv:11.0) like Gecko"
80.122.53.230 - - [23/Nov/2017:11:50:31 +0100] "GET /loadthumbnail.php?id=11181191&width=113 HTTP/1.1" 200 1888 "http://renault.activities.at/result?searchterm=true&search=zoe" "Mozilla/5.0 (Windows NT 6.1; WOW64; Trident/7.0; rv:11.0) like Gecko"
80.122.53.230 - - [23/Nov/2017:11:50:31 +0100] "GET /loadthumbnail.php?id=11186502&width=113 HTTP/1.1" 200 2016 "http://renault.activities.at/result?searchterm=true&search=zoe" "Mozilla/5.0 (Windows NT 6.1; WOW64; Trident/7.0; rv:11.0) like Gecko"
80.122.53.230 - - [23/Nov/2017:11:50:31 +0100] "GET /loadthumbnail.php?id=11186498&width=113 HTTP/1.1" 200 2016 "http://renault.activities.at/result?searchterm=true&search=zoe" "Mozilla/5.0 (Windows NT 6.1; WOW64; Trident/7.0; rv:11.0) like Gecko"
193.194.132.77 - - [23/Nov/2017:11:50:33 +0100] "GET /reload?ser=1511434232959 HTTP/1.1" 200 28 "http://renault.2web.at/10260253" "Mozilla/5.0 (Windows NT 6.1; WOW64; Trident/7.0; rv:11.0) like Gecko"
80.122.53.230 - - [23/Nov/2017:11:50:37 +0100] "GET /result?dir=DESC&mode=grid&order=name&limit=15&page=2&search=zoe HTTP/1.1" 200 7390 "http://renault.activities.at/result?searchterm=true&search=zoe" "Mozilla/5.0 (Windows NT 6.1; WOW64; Trident/7.0; rv:11.0) like Gecko"
80.122.53.230 - - [23/Nov/2017:11:50:40 +0100] "GET /loadthumbnail.php?id=11181195&width=113 HTTP/1.1" 200 1448 "http://renault.activities.at/result?dir=DESC&mode=grid&order=name&limit=15&page=2&search=zoe" "Mozilla/5.0 (Windows NT 6.1; WOW64; Trident/7.0; rv:11.0) like Gecko"
80.122.53.230 - - [23/Nov/2017:11:50:40 +0100] "GET /loadthumbnail.php?id=11418139&width=113 HTTP/1.1" 200 4422 "http://renault.activities.at/result?dir=DESC&mode=grid&order=name&limit=15&page=2&search=zoe" "Mozilla/5.0 (Windows NT 6.1; WOW64; Trident/7.0; rv:11.0) like Gecko"
80.122.53.230 - - [23/Nov/2017:11:50:40 +0100] "GET /loadthumbnail.php?id=11322200&width=113 HTTP/1.1" 200 2754 "http://renault.activities.at/result?dir=DESC&mode=grid&order=name&limit=15&page=2&search=zoe" "Mozilla/5.0 (Windows NT 6.1; WOW64; Trident/7.0; rv:11.0) like Gecko"
80.122.53.230 - - [23/Nov/2017:11:50:40 +0100] "GET /loadthumbnail.php?id=11361004&width=113 HTTP/1.1" 200 3059 "http://renault.activities.at/result?dir=DESC&mode=grid&order=name&limit=15&page=2&search=zoe" "Mozilla/5.0 (Windows NT 6.1; WOW64; Trident/7.0; rv:11.0) like Gecko"
80.122.53.230 - - [23/Nov/2017:11:50:40 +0100] "GET /loadthumbnail.php?id=11036127&width=113 HTTP/1.1" 200 1099 "http://renault.activities.at/result?dir=DESC&mode=grid&order=name&limit=15&page=2&search=zoe" "Mozilla/5.0 (Windows NT 6.1; WOW64; Trident/7.0; rv:11.0) like Gecko"
80.122.53.230 - - [23/Nov/2017:11:50:40 +0100] "GET /loadthumbnail.php?id=11181193&width=113 HTTP/1.1" 200 1448 "http://renault.activities.at/result?dir=DESC&mode=grid&order=name&limit=15&page=2&search=zoe" "Mozilla/5.0 (Windows NT 6.1; WOW64; Trident/7.0; rv:11.0) like Gecko"
80.122.53.230 - - [23/Nov/2017:11:50:40 +0100] "GET /loadthumbnail.php?id=11342067&width=113 HTTP/1.1" 200 21913 "http://renault.activities.at/result?dir=DESC&mode=grid&order=name&limit=15&page=2&search=zoe" "Mozilla/5.0 (Windows NT 6.1; WOW64; Trident/7.0; rv:11.0) like Gecko"
193.194.132.75 - - [23/Nov/2017:11:50:58 +0100] "GET /reload?ser=1511434258463 HTTP/1.1" 200 28 "http://renault.2web.at/result?searchterm=true&search=leaflet" "Mozilla/5.0 (Windows NT 6.1; WOW64; Trident/7.0; rv:11.0) like Gecko"
212.152.246.38 - - [23/Nov/2017:11:51:10 +0100] "GET /reload?ser=1511434269944 HTTP/1.1" 200 28 "http://renault.activities.at/10260008?dir=DESC&mode=grid&order=name&limit=15&page=1" "Mozilla/5.0 (Windows NT 10.0; Win64; x64; rv:57.0) Gecko/20100101 Firefox/57.0"
193.194.132.70 - - [23/Nov/2017:11:51:15 +0100] "GET /reload?ser=1511434274869 HTTP/1.1" 200 28 "http://renault.2web.at/account?loadrequest=true" "Mozilla/5.0 (Windows NT 6.1; WOW64; Trident/7.0; rv:11.0) like Gecko"
188.21.129.54 - - [23/Nov/2017:11:51:19 +0100] "GET /reload?ser=1511434279960 HTTP/1.1" 200 28 "http://renault.activities.at/result?dir=DESC&mode=grid&order=name&limit=15&page=1&search=megane" "Mozilla/5.0 (Windows NT 6.1; WOW64; Trident/7.0; rv:11.0) like Gecko"
193.194.132.77 - - [23/Nov/2017:11:51:34 +0100] "GET /reload?ser=1511434294020 HTTP/1.1" 200 28 "http://renault.2web.at/10260253" "Mozilla/5.0 (Windows NT 6.1; WOW64; Trident/7.0; rv:11.0) like Gecko"
80.122.53.230 - - [23/Nov/2017:11:51:40 +0100] "GET /reload?ser=1511434300736 HTTP/1.1" 200 28 "http://renault.activities.at/result?dir=DESC&mode=grid&order=name&limit=15&page=2&search=zoe" "Mozilla/5.0 (Windows NT 6.1; WOW64; Trident/7.0; rv:11.0) like Gecko"
80.122.53.230 - - [23/Nov/2017:11:51:57 +0100] "POST /result?dir=DESC&mode=grid&order=name&limit=15&page=2&search=zoe HTTP/1.1" 200 7519 "http://renault.activities.at/result?dir=DESC&mode=grid&order=name&limit=15&page=2&search=zoe" "Mozilla/5.0 (Windows NT 6.1; WOW64; Trident/7.0; rv:11.0) like Gecko"
193.194.132.75 - - [23/Nov/2017:11:51:59 +0100] "GET /reload?ser=1511434319534 HTTP/1.1" 200 28 "http://renault.2web.at/result?searchterm=true&search=leaflet" "Mozilla/5.0 (Windows NT 6.1; WOW64; Trident/7.0; rv:11.0) like Gecko"
212.152.246.38 - - [23/Nov/2017:11:52:11 +0100] "GET /reload?ser=1511434330962 HTTP/1.1" 200 28 "http://renault.activities.at/10260008?dir=DESC&mode=grid&order=name&limit=15&page=1" "Mozilla/5.0 (Windows NT 10.0; Win64; x64; rv:57.0) Gecko/20100101 Firefox/57.0"
193.194.132.70 - - [23/Nov/2017:11:52:16 +0100] "GET /reload?ser=1511434335999 HTTP/1.1" 200 28 "http://renault.2web.at/account?loadrequest=true" "Mozilla/5.0 (Windows NT 6.1; WOW64; Trident/7.0; rv:11.0) like Gecko"
80.122.53.230 - - [23/Nov/2017:11:52:17 +0100] "POST /axjaxrequest?mode=suggest HTTP/1.1" 200 111 "http://renault.activities.at/result?dir=DESC&mode=grid&order=name&limit=15&page=2&search=zoe" "Mozilla/5.0 (Windows NT 6.1; WOW64; Trident/7.0; rv:11.0) like Gecko"
188.21.129.54 - - [23/Nov/2017:11:52:20 +0100] "GET /reload?ser=1511434340967 HTTP/1.1" 200 28 "http://renault.activities.at/result?dir=DESC&mode=grid&order=name&limit=15&page=1&search=megane" "Mozilla/5.0 (Windows NT 6.1; WOW64; Trident/7.0; rv:11.0) like Gecko"
80.122.53.230 - - [23/Nov/2017:11:52:20 +0100] "GET /result?searchterm=true&search=Trafic HTTP/1.1" 200 6808 "http://renault.activities.at/result?dir=DESC&mode=grid&order=name&limit=15&page=2&search=zoe" "Mozilla/5.0 (Windows NT 6.1; WOW64; Trident/7.0; rv:11.0) like Gecko"
80.122.53.230 - - [23/Nov/2017:11:52:20 +0100] "GET /result?searchterm=true&search=Trafic HTTP/1.1" 200 6808 "http://renault.activities.at/result?dir=DESC&mode=grid&order=name&limit=15&page=2&search=zoe" "Mozilla/5.0 (Windows NT 6.1; WOW64; Trident/7.0; rv:11.0) like Gecko"
80.122.53.230 - - [23/Nov/2017:11:52:24 +0100] "GET /loadthumbnail.php?id=11590239&width=113 HTTP/1.1" 200 4106 "http://renault.activities.at/result?searchterm=true&search=Trafic" "Mozilla/5.0 (Windows NT 6.1; WOW64; Trident/7.0; rv:11.0) like Gecko"
80.122.53.230 - - [23/Nov/2017:11:52:24 +0100] "GET /loadthumbnail.php?id=11213903&width=113 HTTP/1.1" 200 2398 "http://renault.activities.at/result?searchterm=true&search=Trafic" "Mozilla/5.0 (Windows NT 6.1; WOW64; Trident/7.0; rv:11.0) like Gecko"
80.122.53.230 - - [23/Nov/2017:11:52:24 +0100] "GET /loadthumbnail.php?id=11339768&width=113 HTTP/1.1" 200 2128 "http://renault.activities.at/result?searchterm=true&search=Trafic" "Mozilla/5.0 (Windows NT 6.1; WOW64; Trident/7.0; rv:11.0) like Gecko"
80.122.53.230 - - [23/Nov/2017:11:52:24 +0100] "GET /loadthumbnail.php?id=11590240&width=113 HTTP/1.1" 200 3363 "http://renault.activities.at/result?searchterm=true&search=Trafic" "Mozilla/5.0 (Windows NT 6.1; WOW64; Trident/7.0; rv:11.0) like Gecko"
80.122.53.230 - - [23/Nov/2017:11:52:24 +0100] "GET /loadthumbnail.php?id=10260877&width=113 HTTP/1.1" 200 1170 "http://renault.activities.at/result?searchterm=true&search=Trafic" "Mozilla/5.0 (Windows NT 6.1; WOW64; Trident/7.0; rv:11.0) like Gecko"
80.122.53.230 - - [23/Nov/2017:11:52:24 +0100] "GET /loadthumbnail.php?id=11339764&width=113 HTTP/1.1" 200 2128 "http://renault.activities.at/result?searchterm=true&search=Trafic" "Mozilla/5.0 (Windows NT 6.1; WOW64; Trident/7.0; rv:11.0) like Gecko"
80.122.53.230 - - [23/Nov/2017:11:52:30 +0100] "GET /images/vista-dn-hover.gif HTTP/1.1" 200 127 "http://renault.activities.at/result?searchterm=true&search=Trafic" "Mozilla/5.0 (Windows NT 6.1; WOW64; Trident/7.0; rv:11.0) like Gecko"
80.122.53.230 - - [23/Nov/2017:11:52:33 +0100] "POST /result?searchterm=true&search=Trafic HTTP/1.1" 200 6910 "http://renault.activities.at/result?searchterm=true&search=Trafic" "Mozilla/5.0 (Windows NT 6.1; WOW64; Trident/7.0; rv:11.0) like Gecko"
193.194.132.77 - - [23/Nov/2017:11:52:35 +0100] "GET /reload?ser=1511434355051 HTTP/1.1" 200 28 "http://renault.2web.at/10260253" "Mozilla/5.0 (Windows NT 6.1; WOW64; Trident/7.0; rv:11.0) like Gecko"
80.122.53.230 - - [23/Nov/2017:11:52:40 +0100] "POST /axjaxrequest?mode=suggest HTTP/1.1" 200 108 "http://renault.activities.at/result?searchterm=true&search=Trafic" "Mozilla/5.0 (Windows NT 6.1; WOW64; Trident/7.0; rv:11.0) like Gecko"
80.122.53.230 - - [23/Nov/2017:11:52:42 +0100] "GET /result?searchterm=true&search=clio HTTP/1.1" 200 8620 "http://renault.activities.at/result?searchterm=true&search=Trafic" "Mozilla/5.0 (Windows NT 6.1; WOW64; Trident/7.0; rv:11.0) like Gecko"
80.122.53.230 - - [23/Nov/2017:11:52:45 +0100] "GET /loadthumbnail.php?id=11181211&width=113 HTTP/1.1" 200 1879 "http://renault.activities.at/result?searchterm=true&search=clio" "Mozilla/5.0 (Windows NT 6.1; WOW64; Trident/7.0; rv:11.0) like Gecko"
80.122.53.230 - - [23/Nov/2017:11:52:45 +0100] "GET /loadthumbnail.php?id=11383867&width=113 HTTP/1.1" 200 22183 "http://renault.activities.at/result?searchterm=true&search=clio" "Mozilla/5.0 (Windows NT 6.1; WOW64; Trident/7.0; rv:11.0) like Gecko"
80.122.53.230 - - [23/Nov/2017:11:52:45 +0100] "GET /loadthumbnail.php?id=11308371&width=113 HTTP/1.1" 200 1939 "http://renault.activities.at/result?searchterm=true&search=clio" "Mozilla/5.0 (Windows NT 6.1; WOW64; Trident/7.0; rv:11.0) like Gecko"
80.122.53.230 - - [23/Nov/2017:11:52:45 +0100] "GET /loadthumbnail.php?id=11387752&width=113 HTTP/1.1" 200 6332 "http://renault.activities.at/result?searchterm=true&search=clio" "Mozilla/5.0 (Windows NT 6.1; WOW64; Trident/7.0; rv:11.0) like Gecko"
80.122.53.230 - - [23/Nov/2017:11:52:45 +0100] "GET /loadthumbnail.php?id=11181209&width=113 HTTP/1.1" 200 1879 "http://renault.activities.at/result?searchterm=true&search=clio" "Mozilla/5.0 (Windows NT 6.1; WOW64; Trident/7.0; rv:11.0) like Gecko"
80.122.53.230 - - [23/Nov/2017:11:52:45 +0100] "GET /loadthumbnail.php?id=11308367&width=113 HTTP/1.1" 200 1939 "http://renault.activities.at/result?searchterm=true&search=clio" "Mozilla/5.0 (Windows NT 6.1; WOW64; Trident/7.0; rv:11.0) like Gecko"
80.122.53.230 - - [23/Nov/2017:11:52:45 +0100] "GET /loadthumbnail.php?id=11308365&width=113 HTTP/1.1" 200 1939 "http://renault.activities.at/result?searchterm=true&search=clio" "Mozilla/5.0 (Windows NT 6.1; WOW64; Trident/7.0; rv:11.0) like Gecko"
80.122.53.230 - - [23/Nov/2017:11:52:45 +0100] "GET /loadthumbnail.php?id=11308366&width=113 HTTP/1.1" 200 1939 "http://renault.activities.at/result?searchterm=true&search=clio" "Mozilla/5.0 (Windows NT 6.1; WOW64; Trident/7.0; rv:11.0) like Gecko"
80.122.53.230 - - [23/Nov/2017:11:52:45 +0100] "GET /loadthumbnail.php?id=11181219&width=113 HTTP/1.1" 200 2121 "http://renault.activities.at/result?searchterm=true&search=clio" "Mozilla/5.0 (Windows NT 6.1; WOW64; Trident/7.0; rv:11.0) like Gecko"
80.122.53.230 - - [23/Nov/2017:11:52:56 +0100] "GET /result?dir=DESC&mode=grid&order=name&limit=15&page=2&search=clio HTTP/1.1" 200 8709 "http://renault.activities.at/result?searchterm=true&search=clio" "Mozilla/5.0 (Windows NT 6.1; WOW64; Trident/7.0; rv:11.0) like Gecko"
80.122.53.230 - - [23/Nov/2017:11:52:59 +0100] "GET /loadthumbnail.php?id=11181213&width=113 HTTP/1.1" 200 2121 "http://renault.activities.at/result?dir=DESC&mode=grid&order=name&limit=15&page=2&search=clio" "Mozilla/5.0 (Windows NT 6.1; WOW64; Trident/7.0; rv:11.0) like Gecko"
80.122.53.230 - - [23/Nov/2017:11:52:59 +0100] "GET /loadthumbnail.php?id=11314591&width=113 HTTP/1.1" 200 2647 "http://renault.activities.at/result?dir=DESC&mode=grid&order=name&limit=15&page=2&search=clio" "Mozilla/5.0 (Windows NT 6.1; WOW64; Trident/7.0; rv:11.0) like Gecko"
80.122.53.230 - - [23/Nov/2017:11:52:59 +0100] "GET /loadthumbnail.php?id=11314592&width=113 HTTP/1.1" 200 3118 "http://renault.activities.at/result?dir=DESC&mode=grid&order=name&limit=15&page=2&search=clio" "Mozilla/5.0 (Windows NT 6.1; WOW64; Trident/7.0; rv:11.0) like Gecko"
80.122.53.230 - - [23/Nov/2017:11:52:59 +0100] "GET /loadthumbnail.php?id=11314593&width=113 HTTP/1.1" 200 4275 "http://renault.activities.at/result?dir=DESC&mode=grid&order=name&limit=15&page=2&search=clio" "Mozilla/5.0 (Windows NT 6.1; WOW64; Trident/7.0; rv:11.0) like Gecko"
80.122.53.230 - - [23/Nov/2017:11:52:59 +0100] "GET /loadthumbnail.php?id=11141133&width=113 HTTP/1.1" 200 1050 "http://renault.activities.at/result?dir=DESC&mode=grid&order=name&limit=15&page=2&search=clio" "Mozilla/5.0 (Windows NT 6.1; WOW64; Trident/7.0; rv:11.0) like Gecko"
80.122.53.230 - - [23/Nov/2017:11:52:59 +0100] "GET /loadthumbnail.php?id=11590241&width=113 HTTP/1.1" 200 3014 "http://renault.activities.at/result?dir=DESC&mode=grid&order=name&limit=15&page=2&search=clio" "Mozilla/5.0 (Windows NT 6.1; WOW64; Trident/7.0; rv:11.0) like Gecko"
80.122.53.230 - - [23/Nov/2017:11:52:59 +0100] "GET /loadthumbnail.php?id=11319983&width=113 HTTP/1.1" 200 38992 "http://renault.activities.at/result?dir=DESC&mode=grid&order=name&limit=15&page=2&search=clio" "Mozilla/5.0 (Windows NT 6.1; WOW64; Trident/7.0; rv:11.0) like Gecko"
193.194.132.75 - - [23/Nov/2017:11:53:00 +0100] "GET /reload?ser=1511434380637 HTTP/1.1" 200 28 "http://renault.2web.at/result?searchterm=true&search=leaflet" "Mozilla/5.0 (Windows NT 6.1; WOW64; Trident/7.0; rv:11.0) like Gecko"
212.152.246.38 - - [23/Nov/2017:11:53:12 +0100] "GET /reload?ser=1511434391953 HTTP/1.1" 200 28 "http://renault.activities.at/10260008?dir=DESC&mode=grid&order=name&limit=15&page=1" "Mozilla/5.0 (Windows NT 10.0; Win64; x64; rv:57.0) Gecko/20100101 Firefox/57.0"
193.194.132.70 - - [23/Nov/2017:11:53:17 +0100] "GET /reload?ser=1511434397088 HTTP/1.1" 200 28 "http://renault.2web.at/account?loadrequest=true" "Mozilla/5.0 (Windows NT 6.1; WOW64; Trident/7.0; rv:11.0) like Gecko"
188.21.129.54 - - [23/Nov/2017:11:53:21 +0100] "GET /reload?ser=1511434401984 HTTP/1.1" 200 28 "http://renault.activities.at/result?dir=DESC&mode=grid&order=name&limit=15&page=1&search=megane" "Mozilla/5.0 (Windows NT 6.1; WOW64; Trident/7.0; rv:11.0) like Gecko"
80.122.53.230 - - [23/Nov/2017:11:53:20 +0100] "POST /result?dir=DESC&mode=grid&order=name&limit=15&page=2&search=clio HTTP/1.1" 200 8829 "http://renault.activities.at/result?dir=DESC&mode=grid&order=name&limit=15&page=2&search=clio" "Mozilla/5.0 (Windows NT 6.1; WOW64; Trident/7.0; rv:11.0) like Gecko"
193.194.132.77 - - [23/Nov/2017:11:53:36 +0100] "GET /reload?ser=1511434416132 HTTP/1.1" 200 28 "http://renault.2web.at/10260253" "Mozilla/5.0 (Windows NT 6.1; WOW64; Trident/7.0; rv:11.0) like Gecko"
80.122.53.230 - - [23/Nov/2017:11:53:31 +0100] "GET /checkout HTTP/1.1" 200 20140 "http://renault.activities.at/result?dir=DESC&mode=grid&order=name&limit=15&page=2&search=clio" "Mozilla/5.0 (Windows NT 6.1; WOW64; Trident/7.0; rv:11.0) like Gecko"
80.122.53.230 - - [23/Nov/2017:11:53:37 +0100] "GET /js/checkout2.js HTTP/1.1" 200 4122 "http://renault.activities.at/checkout" "Mozilla/5.0 (Windows NT 6.1; WOW64; Trident/7.0; rv:11.0) like Gecko"
80.122.53.230 - - [23/Nov/2017:11:53:37 +0100] "GET /images/step_bg.jpg HTTP/1.1" 200 319 "http://renault.activities.at/checkout" "Mozilla/5.0 (Windows NT 6.1; WOW64; Trident/7.0; rv:11.0) like Gecko"
80.122.53.230 - - [23/Nov/2017:11:53:37 +0100] "GET /images/checkout_border.gif HTTP/1.1" 200 43 "http://renault.activities.at/checkout" "Mozilla/5.0 (Windows NT 6.1; WOW64; Trident/7.0; rv:11.0) like Gecko"
80.122.53.230 - - [23/Nov/2017:11:53:37 +0100] "GET /images/step_marker.gif HTTP/1.1" 200 650 "http://renault.activities.at/checkout" "Mozilla/5.0 (Windows NT 6.1; WOW64; Trident/7.0; rv:11.0) like Gecko"
80.122.53.230 - - [23/Nov/2017:11:53:37 +0100] "GET /images/checkout_border_top.gif HTTP/1.1" 200 156 "http://renault.activities.at/checkout" "Mozilla/5.0 (Windows NT 6.1; WOW64; Trident/7.0; rv:11.0) like Gecko"
80.122.53.230 - - [23/Nov/2017:11:53:37 +0100] "GET /loadthumbnail.php?id=10201939 HTTP/1.1" 200 201 "http://renault.activities.at/checkout" "Mozilla/5.0 (Windows NT 6.1; WOW64; Trident/7.0; rv:11.0) like Gecko"
80.122.53.230 - - [23/Nov/2017:11:53:37 +0100] "GET /loadthumbnail.php?id=10202698 HTTP/1.1" 200 16686 "http://renault.activities.at/checkout" "Mozilla/5.0 (Windows NT 6.1; WOW64; Trident/7.0; rv:11.0) like Gecko"
80.122.53.230 - - [23/Nov/2017:11:53:45 +0100] "POST /docheckout HTTP/1.1" 200 457 "http://renault.activities.at/checkout" "Mozilla/5.0 (Windows NT 6.1; WOW64; Trident/7.0; rv:11.0) like Gecko"
80.122.53.230 - - [23/Nov/2017:11:53:49 +0100] "POST /docheckout HTTP/1.1" 200 817 "http://renault.activities.at/checkout" "Mozilla/5.0 (Windows NT 6.1; WOW64; Trident/7.0; rv:11.0) like Gecko"
80.122.53.230 - - [23/Nov/2017:11:53:51 +0100] "GET /images/error_msg_icon.gif HTTP/1.1" 200 1013 "http://renault.activities.at/checkout" "Mozilla/5.0 (Windows NT 6.1; WOW64; Trident/7.0; rv:11.0) like Gecko"
193.194.132.75 - - [23/Nov/2017:11:54:01 +0100] "GET /reload?ser=1511434441741 HTTP/1.1" 200 28 "http://renault.2web.at/result?searchterm=true&search=leaflet" "Mozilla/5.0 (Windows NT 6.1; WOW64; Trident/7.0; rv:11.0) like Gecko"
80.122.53.230 - - [23/Nov/2017:11:54:02 +0100] "POST /docheckout HTTP/1.1" 200 68 "http://renault.activities.at/checkout" "Mozilla/5.0 (Windows NT 6.1; WOW64; Trident/7.0; rv:11.0) like Gecko"
80.122.53.230 - - [23/Nov/2017:11:54:05 +0100] "GET /success HTTP/1.1" 200 3944 "http://renault.activities.at/checkout" "Mozilla/5.0 (Windows NT 6.1; WOW64; Trident/7.0; rv:11.0) like Gecko"
212.152.246.38 - - [23/Nov/2017:11:54:13 +0100] "GET /reload?ser=1511434452916 HTTP/1.1" 200 28 "http://renault.activities.at/10260008?dir=DESC&mode=grid&order=name&limit=15&page=1" "Mozilla/5.0 (Windows NT 10.0; Win64; x64; rv:57.0) Gecko/20100101 Firefox/57.0"
193.194.132.70 - - [23/Nov/2017:11:54:18 +0100] "GET /reload?ser=1511434458198 HTTP/1.1" 200 28 "http://renault.2web.at/account?loadrequest=true" "Mozilla/5.0 (Windows NT 6.1; WOW64; Trident/7.0; rv:11.0) like Gecko"
188.21.129.54 - - [23/Nov/2017:11:54:22 +0100] "GET /reload?ser=1511434462974 HTTP/1.1" 200 28 "http://renault.activities.at/result?dir=DESC&mode=grid&order=name&limit=15&page=1&search=megane" "Mozilla/5.0 (Windows NT 6.1; WOW64; Trident/7.0; rv:11.0) like Gecko"
193.194.132.77 - - [23/Nov/2017:11:54:37 +0100] "GET /reload?ser=1511434477188 HTTP/1.1" 200 28 "http://renault.2web.at/10260253" "Mozilla/5.0 (Windows NT 6.1; WOW64; Trident/7.0; rv:11.0) like Gecko"
193.194.132.75 - - [23/Nov/2017:11:55:02 +0100] "GET /reload?ser=1511434502839 HTTP/1.1" 200 28 "http://renault.2web.at/result?searchterm=true&search=leaflet" "Mozilla/5.0 (Windows NT 6.1; WOW64; Trident/7.0; rv:11.0) like Gecko"
212.152.246.38 - - [23/Nov/2017:11:55:14 +0100] "GET /reload?ser=1511434513872 HTTP/1.1" 200 28 "http://renault.activities.at/10260008?dir=DESC&mode=grid&order=name&limit=15&page=1" "Mozilla/5.0 (Windows NT 10.0; Win64; x64; rv:57.0) Gecko/20100101 Firefox/57.0"
193.194.132.70 - - [23/Nov/2017:11:55:19 +0100] "GET /reload?ser=1511434519258 HTTP/1.1" 200 28 "http://renault.2web.at/account?loadrequest=true" "Mozilla/5.0 (Windows NT 6.1; WOW64; Trident/7.0; rv:11.0) like Gecko"
188.21.129.54 - - [23/Nov/2017:11:55:23 +0100] "GET /reload?ser=1511434523953 HTTP/1.1" 200 28 "http://renault.activities.at/result?dir=DESC&mode=grid&order=name&limit=15&page=1&search=megane" "Mozilla/5.0 (Windows NT 6.1; WOW64; Trident/7.0; rv:11.0) like Gecko"
193.194.132.77 - - [23/Nov/2017:11:55:38 +0100] "GET /reload?ser=1511434538278 HTTP/1.1" 200 28 "http://renault.2web.at/10260253" "Mozilla/5.0 (Windows NT 6.1; WOW64; Trident/7.0; rv:11.0) like Gecko"
193.194.132.75 - - [23/Nov/2017:11:56:04 +0100] "GET /reload?ser=1511434563937 HTTP/1.1" 200 28 "http://renault.2web.at/result?searchterm=true&search=leaflet" "Mozilla/5.0 (Windows NT 6.1; WOW64; Trident/7.0; rv:11.0) like Gecko"
212.152.246.38 - - [23/Nov/2017:11:56:15 +0100] "GET /reload?ser=1511434574906 HTTP/1.1" 200 28 "http://renault.activities.at/10260008?dir=DESC&mode=grid&order=name&limit=15&page=1" "Mozilla/5.0 (Windows NT 10.0; Win64; x64; rv:57.0) Gecko/20100101 Firefox/57.0"
193.194.132.70 - - [23/Nov/2017:11:56:20 +0100] "GET /reload?ser=1511434580391 HTTP/1.1" 200 28 "http://renault.2web.at/account?loadrequest=true" "Mozilla/5.0 (Windows NT 6.1; WOW64; Trident/7.0; rv:11.0) like Gecko"
188.21.129.54 - - [23/Nov/2017:11:56:24 +0100] "GET /reload?ser=1511434584933 HTTP/1.1" 200 28 "http://renault.activities.at/result?dir=DESC&mode=grid&order=name&limit=15&page=1&search=megane" "Mozilla/5.0 (Windows NT 6.1; WOW64; Trident/7.0; rv:11.0) like Gecko"
193.194.132.77 - - [23/Nov/2017:11:56:39 +0100] "GET /reload?ser=1511434599318 HTTP/1.1" 200 28 "http://renault.2web.at/10260253" "Mozilla/5.0 (Windows NT 6.1; WOW64; Trident/7.0; rv:11.0) like Gecko"
193.194.132.75 - - [23/Nov/2017:11:57:05 +0100] "GET /reload?ser=1511434625057 HTTP/1.1" 200 28 "http://renault.2web.at/result?searchterm=true&search=leaflet" "Mozilla/5.0 (Windows NT 6.1; WOW64; Trident/7.0; rv:11.0) like Gecko"
212.152.246.38 - - [23/Nov/2017:11:57:16 +0100] "GET /reload?ser=1511434635916 HTTP/1.1" 200 28 "http://renault.activities.at/10260008?dir=DESC&mode=grid&order=name&limit=15&page=1" "Mozilla/5.0 (Windows NT 10.0; Win64; x64; rv:57.0) Gecko/20100101 Firefox/57.0"
193.194.132.70 - - [23/Nov/2017:11:57:21 +0100] "GET /reload?ser=1511434641474 HTTP/1.1" 200 28 "http://renault.2web.at/account?loadrequest=true" "Mozilla/5.0 (Windows NT 6.1; WOW64; Trident/7.0; rv:11.0) like Gecko"
188.21.129.54 - - [23/Nov/2017:11:57:25 +0100] "GET /reload?ser=1511434645968 HTTP/1.1" 200 28 "http://renault.activities.at/result?dir=DESC&mode=grid&order=name&limit=15&page=1&search=megane" "Mozilla/5.0 (Windows NT 6.1; WOW64; Trident/7.0; rv:11.0) like Gecko"
193.194.132.77 - - [23/Nov/2017:11:57:40 +0100] "GET /reload?ser=1511434660378 HTTP/1.1" 200 28 "http://renault.2web.at/10260253" "Mozilla/5.0 (Windows NT 6.1; WOW64; Trident/7.0; rv:11.0) like Gecko"
193.194.132.75 - - [23/Nov/2017:11:58:06 +0100] "GET /reload?ser=1511434686173 HTTP/1.1" 200 28 "http://renault.2web.at/result?searchterm=true&search=leaflet" "Mozilla/5.0 (Windows NT 6.1; WOW64; Trident/7.0; rv:11.0) like Gecko"
212.152.246.38 - - [23/Nov/2017:11:58:17 +0100] "GET /reload?ser=1511434696916 HTTP/1.1" 200 28 "http://renault.activities.at/10260008?dir=DESC&mode=grid&order=name&limit=15&page=1" "Mozilla/5.0 (Windows NT 10.0; Win64; x64; rv:57.0) Gecko/20100101 Firefox/57.0"
193.194.132.70 - - [23/Nov/2017:11:58:22 +0100] "GET /reload?ser=1511434702576 HTTP/1.1" 200 28 "http://renault.2web.at/account?loadrequest=true" "Mozilla/5.0 (Windows NT 6.1; WOW64; Trident/7.0; rv:11.0) like Gecko"
188.21.129.54 - - [23/Nov/2017:11:58:26 +0100] "GET /reload?ser=1511434706969 HTTP/1.1" 200 28 "http://renault.activities.at/result?dir=DESC&mode=grid&order=name&limit=15&page=1&search=megane" "Mozilla/5.0 (Windows NT 6.1; WOW64; Trident/7.0; rv:11.0) like Gecko"
193.194.132.77 - - [23/Nov/2017:11:58:41 +0100] "GET /reload?ser=1511434721458 HTTP/1.1" 200 28 "http://renault.2web.at/10260253" "Mozilla/5.0 (Windows NT 6.1; WOW64; Trident/7.0; rv:11.0) like Gecko"
193.194.132.75 - - [23/Nov/2017:11:59:07 +0100] "GET /reload?ser=1511434747320 HTTP/1.1" 200 28 "http://renault.2web.at/result?searchterm=true&search=leaflet" "Mozilla/5.0 (Windows NT 6.1; WOW64; Trident/7.0; rv:11.0) like Gecko"
212.152.246.38 - - [23/Nov/2017:11:59:18 +0100] "GET /reload?ser=1511434757912 HTTP/1.1" 200 28 "http://renault.activities.at/10260008?dir=DESC&mode=grid&order=name&limit=15&page=1" "Mozilla/5.0 (Windows NT 10.0; Win64; x64; rv:57.0) Gecko/20100101 Firefox/57.0"
193.194.132.70 - - [23/Nov/2017:11:59:23 +0100] "GET /reload?ser=1511434763708 HTTP/1.1" 200 28 "http://renault.2web.at/account?loadrequest=true" "Mozilla/5.0 (Windows NT 6.1; WOW64; Trident/7.0; rv:11.0) like Gecko"
188.21.129.54 - - [23/Nov/2017:11:59:27 +0100] "GET /reload?ser=1511434767931 HTTP/1.1" 200 28 "http://renault.activities.at/result?dir=DESC&mode=grid&order=name&limit=15&page=1&search=megane" "Mozilla/5.0 (Windows NT 6.1; WOW64; Trident/7.0; rv:11.0) like Gecko"
193.194.132.77 - - [23/Nov/2017:11:59:42 +0100] "GET /reload?ser=1511434782508 HTTP/1.1" 200 28 "http://renault.2web.at/10260253" "Mozilla/5.0 (Windows NT 6.1; WOW64; Trident/7.0; rv:11.0) like Gecko"
193.194.132.75 - - [23/Nov/2017:12:00:08 +0100] "GET /reload?ser=1511434808382 HTTP/1.1" 200 28 "http://renault.2web.at/result?searchterm=true&search=leaflet" "Mozilla/5.0 (Windows NT 6.1; WOW64; Trident/7.0; rv:11.0) like Gecko"
212.152.246.38 - - [23/Nov/2017:12:00:19 +0100] "GET /reload?ser=1511434818920 HTTP/1.1" 200 28 "http://renault.activities.at/10260008?dir=DESC&mode=grid&order=name&limit=15&page=1" "Mozilla/5.0 (Windows NT 10.0; Win64; x64; rv:57.0) Gecko/20100101 Firefox/57.0"
193.194.132.70 - - [23/Nov/2017:12:00:24 +0100] "GET /reload?ser=1511434824779 HTTP/1.1" 200 28 "http://renault.2web.at/account?loadrequest=true" "Mozilla/5.0 (Windows NT 6.1; WOW64; Trident/7.0; rv:11.0) like Gecko"
188.21.129.54 - - [23/Nov/2017:12:00:28 +0100] "GET /reload?ser=1511434828972 HTTP/1.1" 200 28 "http://renault.activities.at/result?dir=DESC&mode=grid&order=name&limit=15&page=1&search=megane" "Mozilla/5.0 (Windows NT 6.1; WOW64; Trident/7.0; rv:11.0) like Gecko"
193.194.132.77 - - [23/Nov/2017:12:00:43 +0100] "GET /reload?ser=1511434843598 HTTP/1.1" 200 28 "http://renault.2web.at/10260253" "Mozilla/5.0 (Windows NT 6.1; WOW64; Trident/7.0; rv:11.0) like Gecko"
193.194.132.75 - - [23/Nov/2017:12:01:09 +0100] "GET /reload?ser=1511434869509 HTTP/1.1" 200 28 "http://renault.2web.at/result?searchterm=true&search=leaflet" "Mozilla/5.0 (Windows NT 6.1; WOW64; Trident/7.0; rv:11.0) like Gecko"
212.152.246.38 - - [23/Nov/2017:12:01:20 +0100] "GET /reload?ser=1511434879943 HTTP/1.1" 200 28 "http://renault.activities.at/10260008?dir=DESC&mode=grid&order=name&limit=15&page=1" "Mozilla/5.0 (Windows NT 10.0; Win64; x64; rv:57.0) Gecko/20100101 Firefox/57.0"
193.194.132.70 - - [23/Nov/2017:12:01:26 +0100] "GET /reload?ser=1511434885928 HTTP/1.1" 200 28 "http://renault.2web.at/account?loadrequest=true" "Mozilla/5.0 (Windows NT 6.1; WOW64; Trident/7.0; rv:11.0) like Gecko"
188.21.129.54 - - [23/Nov/2017:12:01:29 +0100] "GET /reload?ser=1511434889965 HTTP/1.1" 200 28 "http://renault.activities.at/result?dir=DESC&mode=grid&order=name&limit=15&page=1&search=megane" "Mozilla/5.0 (Windows NT 6.1; WOW64; Trident/7.0; rv:11.0) like Gecko"
193.194.132.77 - - [23/Nov/2017:12:01:44 +0100] "GET /reload?ser=1511434904698 HTTP/1.1" 200 28 "http://renault.2web.at/10260253" "Mozilla/5.0 (Windows NT 6.1; WOW64; Trident/7.0; rv:11.0) like Gecko"
193.194.132.75 - - [23/Nov/2017:12:02:10 +0100] "GET /reload?ser=1511434930646 HTTP/1.1" 200 28 "http://renault.2web.at/result?searchterm=true&search=leaflet" "Mozilla/5.0 (Windows NT 6.1; WOW64; Trident/7.0; rv:11.0) like Gecko"
212.152.246.38 - - [23/Nov/2017:12:02:21 +0100] "GET /reload?ser=1511434941169 HTTP/1.1" 200 28 "http://renault.activities.at/10260008?dir=DESC&mode=grid&order=name&limit=15&page=1" "Mozilla/5.0 (Windows NT 10.0; Win64; x64; rv:57.0) Gecko/20100101 Firefox/57.0"
193.194.132.70 - - [23/Nov/2017:12:02:27 +0100] "GET /reload?ser=1511434947043 HTTP/1.1" 200 28 "http://renault.2web.at/account?loadrequest=true" "Mozilla/5.0 (Windows NT 6.1; WOW64; Trident/7.0; rv:11.0) like Gecko"
188.21.129.54 - - [23/Nov/2017:12:02:30 +0100] "GET /reload?ser=1511434950954 HTTP/1.1" 200 28 "http://renault.activities.at/result?dir=DESC&mode=grid&order=name&limit=15&page=1&search=megane" "Mozilla/5.0 (Windows NT 6.1; WOW64; Trident/7.0; rv:11.0) like Gecko"
193.194.132.77 - - [23/Nov/2017:12:02:45 +0100] "GET /reload?ser=1511434965768 HTTP/1.1" 200 28 "http://renault.2web.at/10260253" "Mozilla/5.0 (Windows NT 6.1; WOW64; Trident/7.0; rv:11.0) like Gecko"
193.194.132.75 - - [23/Nov/2017:12:03:11 +0100] "GET /reload?ser=1511434991764 HTTP/1.1" 200 28 "http://renault.2web.at/result?searchterm=true&search=leaflet" "Mozilla/5.0 (Windows NT 6.1; WOW64; Trident/7.0; rv:11.0) like Gecko"
212.152.246.38 - - [23/Nov/2017:12:03:22 +0100] "GET /reload?ser=1511435002162 HTTP/1.1" 200 28 "http://renault.activities.at/10260008?dir=DESC&mode=grid&order=name&limit=15&page=1" "Mozilla/5.0 (Windows NT 10.0; Win64; x64; rv:57.0) Gecko/20100101 Firefox/57.0"
193.194.132.70 - - [23/Nov/2017:12:03:28 +0100] "GET /reload?ser=1511435008158 HTTP/1.1" 200 28 "http://renault.2web.at/account?loadrequest=true" "Mozilla/5.0 (Windows NT 6.1; WOW64; Trident/7.0; rv:11.0) like Gecko"
188.21.129.54 - - [23/Nov/2017:12:03:31 +0100] "GET /reload?ser=1511435012000 HTTP/1.1" 200 28 "http://renault.activities.at/result?dir=DESC&mode=grid&order=name&limit=15&page=1&search=megane" "Mozilla/5.0 (Windows NT 6.1; WOW64; Trident/7.0; rv:11.0) like Gecko"
193.194.132.77 - - [23/Nov/2017:12:03:46 +0100] "GET /reload?ser=1511435026870 HTTP/1.1" 200 28 "http://renault.2web.at/10260253" "Mozilla/5.0 (Windows NT 6.1; WOW64; Trident/7.0; rv:11.0) like Gecko"
193.194.132.75 - - [23/Nov/2017:12:04:13 +0100] "GET /reload?ser=1511435052924 HTTP/1.1" 200 28 "http://renault.2web.at/result?searchterm=true&search=leaflet" "Mozilla/5.0 (Windows NT 6.1; WOW64; Trident/7.0; rv:11.0) like Gecko"
212.152.246.38 - - [23/Nov/2017:12:04:23 +0100] "GET /reload?ser=1511435063162 HTTP/1.1" 200 28 "http://renault.activities.at/10260008?dir=DESC&mode=grid&order=name&limit=15&page=1" "Mozilla/5.0 (Windows NT 10.0; Win64; x64; rv:57.0) Gecko/20100101 Firefox/57.0"
193.194.132.70 - - [23/Nov/2017:12:04:29 +0100] "GET /reload?ser=1511435069272 HTTP/1.1" 200 28 "http://renault.2web.at/account?loadrequest=true" "Mozilla/5.0 (Windows NT 6.1; WOW64; Trident/7.0; rv:11.0) like Gecko"
188.21.129.54 - - [23/Nov/2017:12:04:32 +0100] "GET /reload?ser=1511435073056 HTTP/1.1" 200 28 "http://renault.activities.at/result?dir=DESC&mode=grid&order=name&limit=15&page=1&search=megane" "Mozilla/5.0 (Windows NT 6.1; WOW64; Trident/7.0; rv:11.0) like Gecko"
193.194.132.77 - - [23/Nov/2017:12:04:48 +0100] "GET /reload?ser=1511435087950 HTTP/1.1" 200 28 "http://renault.2web.at/10260253" "Mozilla/5.0 (Windows NT 6.1; WOW64; Trident/7.0; rv:11.0) like Gecko"
193.194.132.75 - - [23/Nov/2017:12:05:14 +0100] "GET /reload?ser=1511435114230 HTTP/1.1" 200 28 "http://renault.2web.at/result?searchterm=true&search=leaflet" "Mozilla/5.0 (Windows NT 6.1; WOW64; Trident/7.0; rv:11.0) like Gecko"
212.152.246.38 - - [23/Nov/2017:12:05:24 +0100] "GET /reload?ser=1511435124191 HTTP/1.1" 200 28 "http://renault.activities.at/10260008?dir=DESC&mode=grid&order=name&limit=15&page=1" "Mozilla/5.0 (Windows NT 10.0; Win64; x64; rv:57.0) Gecko/20100101 Firefox/57.0"
193.194.132.70 - - [23/Nov/2017:12:05:30 +0100] "GET /reload?ser=1511435130384 HTTP/1.1" 200 28 "http://renault.2web.at/account?loadrequest=true" "Mozilla/5.0 (Windows NT 6.1; WOW64; Trident/7.0; rv:11.0) like Gecko"
188.21.129.54 - - [23/Nov/2017:12:05:33 +0100] "GET /reload?ser=1511435134056 HTTP/1.1" 200 28 "http://renault.activities.at/result?dir=DESC&mode=grid&order=name&limit=15&page=1&search=megane" "Mozilla/5.0 (Windows NT 6.1; WOW64; Trident/7.0; rv:11.0) like Gecko"
193.194.132.77 - - [23/Nov/2017:12:05:49 +0100] "GET /reload?ser=1511435149030 HTTP/1.1" 200 28 "http://renault.2web.at/10260253" "Mozilla/5.0 (Windows NT 6.1; WOW64; Trident/7.0; rv:11.0) like Gecko"
193.194.132.75 - - [23/Nov/2017:12:06:15 +0100] "GET /reload?ser=1511435175471 HTTP/1.1" 200 28 "http://renault.2web.at/result?searchterm=true&search=leaflet" "Mozilla/5.0 (Windows NT 6.1; WOW64; Trident/7.0; rv:11.0) like Gecko"
212.152.246.38 - - [23/Nov/2017:12:06:25 +0100] "GET /reload?ser=1511435185222 HTTP/1.1" 200 28 "http://renault.activities.at/10260008?dir=DESC&mode=grid&order=name&limit=15&page=1" "Mozilla/5.0 (Windows NT 10.0; Win64; x64; rv:57.0) Gecko/20100101 Firefox/57.0"
193.194.132.70 - - [23/Nov/2017:12:06:31 +0100] "GET /reload?ser=1511435191478 HTTP/1.1" 200 28 "http://renault.2web.at/account?loadrequest=true" "Mozilla/5.0 (Windows NT 6.1; WOW64; Trident/7.0; rv:11.0) like Gecko"
188.21.129.54 - - [23/Nov/2017:12:06:34 +0100] "GET /reload?ser=1511435195111 HTTP/1.1" 200 28 "http://renault.activities.at/result?dir=DESC&mode=grid&order=name&limit=15&page=1&search=megane" "Mozilla/5.0 (Windows NT 6.1; WOW64; Trident/7.0; rv:11.0) like Gecko"
193.194.132.77 - - [23/Nov/2017:12:06:50 +0100] "GET /reload?ser=1511435210156 HTTP/1.1" 200 28 "http://renault.2web.at/10260253" "Mozilla/5.0 (Windows NT 6.1; WOW64; Trident/7.0; rv:11.0) like Gecko"
193.194.132.75 - - [23/Nov/2017:12:07:16 +0100] "GET /reload?ser=1511435236571 HTTP/1.1" 200 28 "http://renault.2web.at/result?searchterm=true&search=leaflet" "Mozilla/5.0 (Windows NT 6.1; WOW64; Trident/7.0; rv:11.0) like Gecko"
212.152.246.38 - - [23/Nov/2017:12:07:26 +0100] "GET /reload?ser=1511435246218 HTTP/1.1" 200 28 "http://renault.activities.at/10260008?dir=DESC&mode=grid&order=name&limit=15&page=1" "Mozilla/5.0 (Windows NT 10.0; Win64; x64; rv:57.0) Gecko/20100101 Firefox/57.0"
193.194.132.70 - - [23/Nov/2017:12:07:32 +0100] "GET /reload?ser=1511435252595 HTTP/1.1" 200 28 "http://renault.2web.at/account?loadrequest=true" "Mozilla/5.0 (Windows NT 6.1; WOW64; Trident/7.0; rv:11.0) like Gecko"
188.21.129.54 - - [23/Nov/2017:12:07:35 +0100] "GET /reload?ser=1511435256133 HTTP/1.1" 200 28 "http://renault.activities.at/result?dir=DESC&mode=grid&order=name&limit=15&page=1&search=megane" "Mozilla/5.0 (Windows NT 6.1; WOW64; Trident/7.0; rv:11.0) like Gecko"
193.194.132.77 - - [23/Nov/2017:12:07:51 +0100] "GET /reload?ser=1511435271228 HTTP/1.1" 200 28 "http://renault.2web.at/10260253" "Mozilla/5.0 (Windows NT 6.1; WOW64; Trident/7.0; rv:11.0) like Gecko"
193.194.132.75 - - [23/Nov/2017:12:08:17 +0100] "GET /reload?ser=1511435297717 HTTP/1.1" 200 28 "http://renault.2web.at/result?searchterm=true&search=leaflet" "Mozilla/5.0 (Windows NT 6.1; WOW64; Trident/7.0; rv:11.0) like Gecko"
212.152.246.38 - - [23/Nov/2017:12:08:27 +0100] "GET /reload?ser=1511435307256 HTTP/1.1" 200 28 "http://renault.activities.at/10260008?dir=DESC&mode=grid&order=name&limit=15&page=1" "Mozilla/5.0 (Windows NT 10.0; Win64; x64; rv:57.0) Gecko/20100101 Firefox/57.0"
193.194.132.70 - - [23/Nov/2017:12:08:33 +0100] "GET /reload?ser=1511435313690 HTTP/1.1" 200 28 "http://renault.2web.at/account?loadrequest=true" "Mozilla/5.0 (Windows NT 6.1; WOW64; Trident/7.0; rv:11.0) like Gecko"
188.21.129.54 - - [23/Nov/2017:12:08:36 +0100] "GET /reload?ser=1511435317147 HTTP/1.1" 200 28 "http://renault.activities.at/result?dir=DESC&mode=grid&order=name&limit=15&page=1&search=megane" "Mozilla/5.0 (Windows NT 6.1; WOW64; Trident/7.0; rv:11.0) like Gecko"
193.194.132.77 - - [23/Nov/2017:12:08:52 +0100] "GET /reload?ser=1511435332281 HTTP/1.1" 200 28 "http://renault.2web.at/10260253" "Mozilla/5.0 (Windows NT 6.1; WOW64; Trident/7.0; rv:11.0) like Gecko"
193.194.132.75 - - [23/Nov/2017:12:09:18 +0100] "GET /reload?ser=1511435358822 HTTP/1.1" 200 28 "http://renault.2web.at/result?searchterm=true&search=leaflet" "Mozilla/5.0 (Windows NT 6.1; WOW64; Trident/7.0; rv:11.0) like Gecko"
212.152.246.38 - - [23/Nov/2017:12:09:28 +0100] "GET /reload?ser=1511435368285 HTTP/1.1" 200 28 "http://renault.activities.at/10260008?dir=DESC&mode=grid&order=name&limit=15&page=1" "Mozilla/5.0 (Windows NT 10.0; Win64; x64; rv:57.0) Gecko/20100101 Firefox/57.0"
193.194.132.70 - - [23/Nov/2017:12:09:34 +0100] "GET /reload?ser=1511435374780 HTTP/1.1" 200 28 "http://renault.2web.at/account?loadrequest=true" "Mozilla/5.0 (Windows NT 6.1; WOW64; Trident/7.0; rv:11.0) like Gecko"
188.21.129.54 - - [23/Nov/2017:12:09:37 +0100] "GET /reload?ser=1511435378157 HTTP/1.1" 200 28 "http://renault.activities.at/result?dir=DESC&mode=grid&order=name&limit=15&page=1&search=megane" "Mozilla/5.0 (Windows NT 6.1; WOW64; Trident/7.0; rv:11.0) like Gecko"
193.194.132.77 - - [23/Nov/2017:12:09:53 +0100] "GET /reload?ser=1511435393334 HTTP/1.1" 200 28 "http://renault.2web.at/10260253" "Mozilla/5.0 (Windows NT 6.1; WOW64; Trident/7.0; rv:11.0) like Gecko"
193.194.132.75 - - [23/Nov/2017:12:10:20 +0100] "GET /reload?ser=1511435419951 HTTP/1.1" 200 28 "http://renault.2web.at/result?searchterm=true&search=leaflet" "Mozilla/5.0 (Windows NT 6.1; WOW64; Trident/7.0; rv:11.0) like Gecko"
212.152.246.38 - - [23/Nov/2017:12:10:29 +0100] "GET /reload?ser=1511435429272 HTTP/1.1" 200 28 "http://renault.activities.at/10260008?dir=DESC&mode=grid&order=name&limit=15&page=1" "Mozilla/5.0 (Windows NT 10.0; Win64; x64; rv:57.0) Gecko/20100101 Firefox/57.0"
193.194.132.70 - - [23/Nov/2017:12:10:36 +0100] "GET /reload?ser=1511435435888 HTTP/1.1" 200 28 "http://renault.2web.at/account?loadrequest=true" "Mozilla/5.0 (Windows NT 6.1; WOW64; Trident/7.0; rv:11.0) like Gecko"
188.21.129.54 - - [23/Nov/2017:12:10:38 +0100] "GET /reload?ser=1511435439157 HTTP/1.1" 200 28 "http://renault.activities.at/result?dir=DESC&mode=grid&order=name&limit=15&page=1&search=megane" "Mozilla/5.0 (Windows NT 6.1; WOW64; Trident/7.0; rv:11.0) like Gecko"
193.194.132.77 - - [23/Nov/2017:12:10:54 +0100] "GET /reload?ser=1511435454426 HTTP/1.1" 200 28 "http://renault.2web.at/10260253" "Mozilla/5.0 (Windows NT 6.1; WOW64; Trident/7.0; rv:11.0) like Gecko"
193.194.132.75 - - [23/Nov/2017:12:11:21 +0100] "GET /reload?ser=1511435481090 HTTP/1.1" 200 28 "http://renault.2web.at/result?searchterm=true&search=leaflet" "Mozilla/5.0 (Windows NT 6.1; WOW64; Trident/7.0; rv:11.0) like Gecko"
212.152.246.38 - - [23/Nov/2017:12:11:30 +0100] "GET /reload?ser=1511435490291 HTTP/1.1" 200 28 "http://renault.activities.at/10260008?dir=DESC&mode=grid&order=name&limit=15&page=1" "Mozilla/5.0 (Windows NT 10.0; Win64; x64; rv:57.0) Gecko/20100101 Firefox/57.0"
193.194.132.70 - - [23/Nov/2017:12:11:37 +0100] "GET /reload?ser=1511435496994 HTTP/1.1" 200 28 "http://renault.2web.at/account?loadrequest=true" "Mozilla/5.0 (Windows NT 6.1; WOW64; Trident/7.0; rv:11.0) like Gecko"
188.21.129.54 - - [23/Nov/2017:12:11:39 +0100] "GET /reload?ser=1511435500167 HTTP/1.1" 200 28 "http://renault.activities.at/result?dir=DESC&mode=grid&order=name&limit=15&page=1&search=megane" "Mozilla/5.0 (Windows NT 6.1; WOW64; Trident/7.0; rv:11.0) like Gecko"
193.194.132.77 - - [23/Nov/2017:12:11:55 +0100] "GET /reload?ser=1511435515489 HTTP/1.1" 200 28 "http://renault.2web.at/10260253" "Mozilla/5.0 (Windows NT 6.1; WOW64; Trident/7.0; rv:11.0) like Gecko"
193.194.132.75 - - [23/Nov/2017:12:12:22 +0100] "GET /reload?ser=1511435542287 HTTP/1.1" 200 28 "http://renault.2web.at/result?searchterm=true&search=leaflet" "Mozilla/5.0 (Windows NT 6.1; WOW64; Trident/7.0; rv:11.0) like Gecko"
212.152.246.38 - - [23/Nov/2017:12:12:31 +0100] "GET /reload?ser=1511435551294 HTTP/1.1" 200 28 "http://renault.activities.at/10260008?dir=DESC&mode=grid&order=name&limit=15&page=1" "Mozilla/5.0 (Windows NT 10.0; Win64; x64; rv:57.0) Gecko/20100101 Firefox/57.0"
193.194.132.70 - - [23/Nov/2017:12:12:38 +0100] "GET /reload?ser=1511435558259 HTTP/1.1" 200 28 "http://renault.2web.at/account?loadrequest=true" "Mozilla/5.0 (Windows NT 6.1; WOW64; Trident/7.0; rv:11.0) like Gecko"
188.21.129.54 - - [23/Nov/2017:12:12:40 +0100] "GET /reload?ser=1511435561138 HTTP/1.1" 200 28 "http://renault.activities.at/result?dir=DESC&mode=grid&order=name&limit=15&page=1&search=megane" "Mozilla/5.0 (Windows NT 6.1; WOW64; Trident/7.0; rv:11.0) like Gecko"
193.194.132.77 - - [23/Nov/2017:12:12:56 +0100] "GET /reload?ser=1511435576553 HTTP/1.1" 200 28 "http://renault.2web.at/10260253" "Mozilla/5.0 (Windows NT 6.1; WOW64; Trident/7.0; rv:11.0) like Gecko"
193.194.132.75 - - [23/Nov/2017:12:13:23 +0100] "GET /reload?ser=1511435603399 HTTP/1.1" 200 28 "http://renault.2web.at/result?searchterm=true&search=leaflet" "Mozilla/5.0 (Windows NT 6.1; WOW64; Trident/7.0; rv:11.0) like Gecko"
212.152.246.38 - - [23/Nov/2017:12:13:32 +0100] "GET /reload?ser=1511435612311 HTTP/1.1" 200 28 "http://renault.activities.at/10260008?dir=DESC&mode=grid&order=name&limit=15&page=1" "Mozilla/5.0 (Windows NT 10.0; Win64; x64; rv:57.0) Gecko/20100101 Firefox/57.0"
193.194.132.70 - - [23/Nov/2017:12:13:39 +0100] "GET /reload?ser=1511435619322 HTTP/1.1" 200 28 "http://renault.2web.at/account?loadrequest=true" "Mozilla/5.0 (Windows NT 6.1; WOW64; Trident/7.0; rv:11.0) like Gecko"
188.21.129.54 - - [23/Nov/2017:12:13:41 +0100] "GET /reload?ser=1511435622145 HTTP/1.1" 200 28 "http://renault.activities.at/result?dir=DESC&mode=grid&order=name&limit=15&page=1&search=megane" "Mozilla/5.0 (Windows NT 6.1; WOW64; Trident/7.0; rv:11.0) like Gecko"
193.194.132.77 - - [23/Nov/2017:12:13:57 +0100] "GET /reload?ser=1511435637629 HTTP/1.1" 200 28 "http://renault.2web.at/10260253" "Mozilla/5.0 (Windows NT 6.1; WOW64; Trident/7.0; rv:11.0) like Gecko"
193.194.132.75 - - [23/Nov/2017:12:14:24 +0100] "GET /reload?ser=1511435664514 HTTP/1.1" 200 28 "http://renault.2web.at/result?searchterm=true&search=leaflet" "Mozilla/5.0 (Windows NT 6.1; WOW64; Trident/7.0; rv:11.0) like Gecko"
212.152.246.38 - - [23/Nov/2017:12:14:33 +0100] "GET /reload?ser=1511435673305 HTTP/1.1" 200 28 "http://renault.activities.at/10260008?dir=DESC&mode=grid&order=name&limit=15&page=1" "Mozilla/5.0 (Windows NT 10.0; Win64; x64; rv:57.0) Gecko/20100101 Firefox/57.0"
193.194.132.70 - - [23/Nov/2017:12:14:40 +0100] "GET /reload?ser=1511435680430 HTTP/1.1" 200 28 "http://renault.2web.at/account?loadrequest=true" "Mozilla/5.0 (Windows NT 6.1; WOW64; Trident/7.0; rv:11.0) like Gecko"
188.21.129.54 - - [23/Nov/2017:12:14:42 +0100] "GET /reload?ser=1511435683146 HTTP/1.1" 200 28 "http://renault.activities.at/result?dir=DESC&mode=grid&order=name&limit=15&page=1&search=megane" "Mozilla/5.0 (Windows NT 6.1; WOW64; Trident/7.0; rv:11.0) like Gecko"
193.194.132.77 - - [23/Nov/2017:12:14:58 +0100] "GET /reload?ser=1511435698681 HTTP/1.1" 200 28 "http://renault.2web.at/10260253" "Mozilla/5.0 (Windows NT 6.1; WOW64; Trident/7.0; rv:11.0) like Gecko"
193.194.132.75 - - [23/Nov/2017:12:15:25 +0100] "GET /reload?ser=1511435725629 HTTP/1.1" 200 28 "http://renault.2web.at/result?searchterm=true&search=leaflet" "Mozilla/5.0 (Windows NT 6.1; WOW64; Trident/7.0; rv:11.0) like Gecko"
212.152.246.38 - - [23/Nov/2017:12:15:34 +0100] "GET /reload?ser=1511435734267 HTTP/1.1" 200 28 "http://renault.activities.at/10260008?dir=DESC&mode=grid&order=name&limit=15&page=1" "Mozilla/5.0 (Windows NT 10.0; Win64; x64; rv:57.0) Gecko/20100101 Firefox/57.0"
193.194.132.70 - - [23/Nov/2017:12:15:41 +0100] "GET /reload?ser=1511435741545 HTTP/1.1" 200 28 "http://renault.2web.at/account?loadrequest=true" "Mozilla/5.0 (Windows NT 6.1; WOW64; Trident/7.0; rv:11.0) like Gecko"
188.21.129.54 - - [23/Nov/2017:12:15:43 +0100] "GET /reload?ser=1511435744176 HTTP/1.1" 200 28 "http://renault.activities.at/result?dir=DESC&mode=grid&order=name&limit=15&page=1&search=megane" "Mozilla/5.0 (Windows NT 6.1; WOW64; Trident/7.0; rv:11.0) like Gecko"
193.194.132.77 - - [23/Nov/2017:12:15:59 +0100] "GET /reload?ser=1511435759764 HTTP/1.1" 200 28 "http://renault.2web.at/10260253" "Mozilla/5.0 (Windows NT 6.1; WOW64; Trident/7.0; rv:11.0) like Gecko"
193.194.132.75 - - [23/Nov/2017:12:16:26 +0100] "GET /reload?ser=1511435786749 HTTP/1.1" 200 28 "http://renault.2web.at/result?searchterm=true&search=leaflet" "Mozilla/5.0 (Windows NT 6.1; WOW64; Trident/7.0; rv:11.0) like Gecko"
212.152.246.38 - - [23/Nov/2017:12:16:35 +0100] "GET /reload?ser=1511435795264 HTTP/1.1" 200 28 "http://renault.activities.at/10260008?dir=DESC&mode=grid&order=name&limit=15&page=1" "Mozilla/5.0 (Windows NT 10.0; Win64; x64; rv:57.0) Gecko/20100101 Firefox/57.0"
193.194.132.70 - - [23/Nov/2017:12:16:42 +0100] "GET /reload?ser=1511435802630 HTTP/1.1" 200 28 "http://renault.2web.at/account?loadrequest=true" "Mozilla/5.0 (Windows NT 6.1; WOW64; Trident/7.0; rv:11.0) like Gecko"
188.21.129.54 - - [23/Nov/2017:12:16:44 +0100] "GET /reload?ser=1511435805161 HTTP/1.1" 200 28 "http://renault.activities.at/result?dir=DESC&mode=grid&order=name&limit=15&page=1&search=megane" "Mozilla/5.0 (Windows NT 6.1; WOW64; Trident/7.0; rv:11.0) like Gecko"
193.194.132.77 - - [23/Nov/2017:12:17:00 +0100] "GET /reload?ser=1511435820807 HTTP/1.1" 200 28 "http://renault.2web.at/10260253" "Mozilla/5.0 (Windows NT 6.1; WOW64; Trident/7.0; rv:11.0) like Gecko"
193.194.132.75 - - [23/Nov/2017:12:17:27 +0100] "GET /reload?ser=1511435847812 HTTP/1.1" 200 28 "http://renault.2web.at/result?searchterm=true&search=leaflet" "Mozilla/5.0 (Windows NT 6.1; WOW64; Trident/7.0; rv:11.0) like Gecko"
212.152.246.38 - - [23/Nov/2017:12:17:36 +0100] "GET /reload?ser=1511435856277 HTTP/1.1" 200 28 "http://renault.activities.at/10260008?dir=DESC&mode=grid&order=name&limit=15&page=1" "Mozilla/5.0 (Windows NT 10.0; Win64; x64; rv:57.0) Gecko/20100101 Firefox/57.0"
