80.123.225.34 - - [29/Nov/2017:14:26:06 +0100] "GET /images/ajax_loading.gif HTTP/1.1" 200 1542 "http://renault.activities.at/11652031" "Mozilla/5.0 (compatible; MSIE 9.0; Windows NT 6.1; WOW64; Trident/5.0)"
80.123.225.34 - - [29/Nov/2017:14:26:07 +0100] "GET /reload?ser=1511961966668 HTTP/1.1" 200 28 "http://renault.activities.at/success" "Mozilla/5.0 (compatible; MSIE 10.0; Windows NT 6.1; WOW64; Trident/6.0)"
80.123.225.34 - - [29/Nov/2017:14:26:18 +0100] "GET /images/vista-dn-hover.gif HTTP/1.1" 200 127 "http://renault.activities.at/11652031" "Mozilla/5.0 (compatible; MSIE 9.0; Windows NT 6.1; WOW64; Trident/5.0)"
80.123.225.34 - - [29/Nov/2017:14:26:18 +0100] "GET /images/vista-up-hover.gif HTTP/1.1" 200 130 "http://renault.activities.at/11652031" "Mozilla/5.0 (compatible; MSIE 9.0; Windows NT 6.1; WOW64; Trident/5.0)"
91.133.70.9 - - [29/Nov/2017:14:26:41 +0100] "GET /reload?ser=1511961955566 HTTP/1.1" 200 28 "http://renault.activities.at/" "Mozilla/5.0 (Windows NT 6.1; WOW64; Trident/7.0; MASBJS; rv:11.0) like Gecko"
193.194.132.74 - - [29/Nov/2017:14:26:42 +0100] "GET /reload?ser=1511962002244 HTTP/1.1" 200 28 "http://renault.2web.at/result?searchterm=true&search=Master" "Mozilla/5.0 (Windows NT 6.1; WOW64; Trident/7.0; rv:11.0) like Gecko"
212.152.158.195 - - [29/Nov/2017:14:26:46 +0100] "GET /reload?ser=1511962614038 HTTP/1.1" 200 28 "http://renault.activities.at/" "Mozilla/5.0 (Windows NT 6.1; WOW64; Trident/7.0; rv:11.0) like Gecko"
80.123.225.34 - - [29/Nov/2017:14:26:53 +0100] "GET /insertactionorder?print=true&Document=&Event=11652031&action=insert&article=11651824&amount=3 HTTP/1.1" 200 2286 "http://renault.activities.at/11652031" "Mozilla/5.0 (compatible; MSIE 9.0; Windows NT 6.1; WOW64; Trident/5.0)"
80.123.225.34 - - [29/Nov/2017:14:26:56 +0100] "GET /images/icons/basket_remove.gif HTTP/1.1" 200 1015 "http://renault.activities.at/insertactionorder?print=true&Document=&Event=11652031&action=insert&article=11651824&amount=3" "Mozilla/5.0 (compatible; MSIE 9.0; Windows NT 6.1; WOW64; Trident/5.0)"
80.123.225.34 - - [29/Nov/2017:14:26:56 +0100] "GET /images/success_msg_icon.gif HTTP/1.1" 200 1024 "http://renault.activities.at/11652031" "Mozilla/5.0 (compatible; MSIE 9.0; Windows NT 6.1; WOW64; Trident/5.0)"
80.123.225.34 - - [29/Nov/2017:14:27:05 +0100] "GET /insertactionorder?print=true&Document=11660900&Event=11652031&action=insert&article=11651837&amount=1 HTTP/1.1" 200 2424 "http://renault.activities.at/11652031" "Mozilla/5.0 (compatible; MSIE 9.0; Windows NT 6.1; WOW64; Trident/5.0)"
80.123.225.34 - - [29/Nov/2017:14:27:08 +0100] "GET /reload?ser=1511962027661 HTTP/1.1" 200 28 "http://renault.activities.at/success" "Mozilla/5.0 (compatible; MSIE 10.0; Windows NT 6.1; WOW64; Trident/6.0)"
80.123.225.34 - - [29/Nov/2017:14:27:07 +0100] "GET /reload?ser=1511962028322 HTTP/1.1" 200 28 "http://renault.activities.at/11652031" "Mozilla/5.0 (compatible; MSIE 9.0; Windows NT 6.1; WOW64; Trident/5.0)"
80.123.225.34 - - [29/Nov/2017:14:27:11 +0100] "GET /insertactionorder?print=true&Document=11660900&Event=11652031&action=insert&article=11651842&amount=1 HTTP/1.1" 200 2528 "http://renault.activities.at/11652031" "Mozilla/5.0 (compatible; MSIE 9.0; Windows NT 6.1; WOW64; Trident/5.0)"
91.133.70.9 - - [29/Nov/2017:14:27:42 +0100] "GET /reload?ser=1511962016243 HTTP/1.1" 200 28 "http://renault.activities.at/" "Mozilla/5.0 (Windows NT 6.1; WOW64; Trident/7.0; MASBJS; rv:11.0) like Gecko"
193.194.132.74 - - [29/Nov/2017:14:27:43 +0100] "GET /reload?ser=1511962063377 HTTP/1.1" 200 28 "http://renault.2web.at/result?searchterm=true&search=Master" "Mozilla/5.0 (Windows NT 6.1; WOW64; Trident/7.0; rv:11.0) like Gecko"
212.152.158.195 - - [29/Nov/2017:14:27:46 +0100] "GET /reload?ser=1511962674701 HTTP/1.1" 200 28 "http://renault.activities.at/" "Mozilla/5.0 (Windows NT 6.1; WOW64; Trident/7.0; rv:11.0) like Gecko"
80.123.225.34 - - [29/Nov/2017:14:28:09 +0100] "GET /reload?ser=1511962088669 HTTP/1.1" 200 28 "http://renault.activities.at/success" "Mozilla/5.0 (compatible; MSIE 10.0; Windows NT 6.1; WOW64; Trident/6.0)"
80.123.225.34 - - [29/Nov/2017:14:28:09 +0100] "GET /reload?ser=1511962090706 HTTP/1.1" 200 28 "http://renault.activities.at/11652031" "Mozilla/5.0 (compatible; MSIE 9.0; Windows NT 6.1; WOW64; Trident/5.0)"
91.133.70.9 - - [29/Nov/2017:14:28:42 +0100] "GET /reload?ser=1511962076912 HTTP/1.1" 200 28 "http://renault.activities.at/" "Mozilla/5.0 (Windows NT 6.1; WOW64; Trident/7.0; MASBJS; rv:11.0) like Gecko"
193.194.132.74 - - [29/Nov/2017:14:28:44 +0100] "GET /reload?ser=1511962124492 HTTP/1.1" 200 28 "http://renault.2web.at/result?searchterm=true&search=Master" "Mozilla/5.0 (Windows NT 6.1; WOW64; Trident/7.0; rv:11.0) like Gecko"
212.152.158.195 - - [29/Nov/2017:14:28:47 +0100] "GET /reload?ser=1511962735350 HTTP/1.1" 200 28 "http://renault.activities.at/" "Mozilla/5.0 (Windows NT 6.1; WOW64; Trident/7.0; rv:11.0) like Gecko"
80.123.225.34 - - [29/Nov/2017:14:29:10 +0100] "GET /reload?ser=1511962149627 HTTP/1.1" 200 28 "http://renault.activities.at/success" "Mozilla/5.0 (compatible; MSIE 10.0; Windows NT 6.1; WOW64; Trident/6.0)"
80.123.225.34 - - [29/Nov/2017:14:29:10 +0100] "GET /reload?ser=1511962151696 HTTP/1.1" 200 28 "http://renault.activities.at/11652031" "Mozilla/5.0 (compatible; MSIE 9.0; Windows NT 6.1; WOW64; Trident/5.0)"
91.133.70.9 - - [29/Nov/2017:14:29:43 +0100] "GET /reload?ser=1511962137581 HTTP/1.1" 200 28 "http://renault.activities.at/" "Mozilla/5.0 (Windows NT 6.1; WOW64; Trident/7.0; MASBJS; rv:11.0) like Gecko"
193.194.132.74 - - [29/Nov/2017:14:29:45 +0100] "GET /reload?ser=1511962185656 HTTP/1.1" 200 28 "http://renault.2web.at/result?searchterm=true&search=Master" "Mozilla/5.0 (Windows NT 6.1; WOW64; Trident/7.0; rv:11.0) like Gecko"
212.152.158.195 - - [29/Nov/2017:14:29:48 +0100] "GET /reload?ser=1511962795990 HTTP/1.1" 200 28 "http://renault.activities.at/" "Mozilla/5.0 (Windows NT 6.1; WOW64; Trident/7.0; rv:11.0) like Gecko"
80.123.225.34 - - [29/Nov/2017:14:30:11 +0100] "GET /reload?ser=1511962210658 HTTP/1.1" 200 28 "http://renault.activities.at/success" "Mozilla/5.0 (compatible; MSIE 10.0; Windows NT 6.1; WOW64; Trident/6.0)"
80.123.225.34 - - [29/Nov/2017:14:30:11 +0100] "GET /reload?ser=1511962212663 HTTP/1.1" 200 28 "http://renault.activities.at/11652031" "Mozilla/5.0 (compatible; MSIE 9.0; Windows NT 6.1; WOW64; Trident/5.0)"
91.133.70.9 - - [29/Nov/2017:14:30:44 +0100] "GET /reload?ser=1511962198251 HTTP/1.1" 200 28 "http://renault.activities.at/" "Mozilla/5.0 (Windows NT 6.1; WOW64; Trident/7.0; MASBJS; rv:11.0) like Gecko"
193.194.132.74 - - [29/Nov/2017:14:30:46 +0100] "GET /reload?ser=1511962246768 HTTP/1.1" 200 28 "http://renault.2web.at/result?searchterm=true&search=Master" "Mozilla/5.0 (Windows NT 6.1; WOW64; Trident/7.0; rv:11.0) like Gecko"
212.152.158.195 - - [29/Nov/2017:14:30:48 +0100] "GET /reload?ser=1511962856652 HTTP/1.1" 200 28 "http://renault.activities.at/" "Mozilla/5.0 (Windows NT 6.1; WOW64; Trident/7.0; rv:11.0) like Gecko"
80.123.225.34 - - [29/Nov/2017:14:31:12 +0100] "GET /reload?ser=1511962271642 HTTP/1.1" 200 28 "http://renault.activities.at/success" "Mozilla/5.0 (compatible; MSIE 10.0; Windows NT 6.1; WOW64; Trident/6.0)"
80.123.225.34 - - [29/Nov/2017:14:31:12 +0100] "GET /reload?ser=1511962273607 HTTP/1.1" 200 28 "http://renault.activities.at/11652031" "Mozilla/5.0 (compatible; MSIE 9.0; Windows NT 6.1; WOW64; Trident/5.0)"
91.133.70.9 - - [29/Nov/2017:14:31:44 +0100] "GET /reload?ser=1511962258935 HTTP/1.1" 200 28 "http://renault.activities.at/" "Mozilla/5.0 (Windows NT 6.1; WOW64; Trident/7.0; MASBJS; rv:11.0) like Gecko"
193.194.132.74 - - [29/Nov/2017:14:31:48 +0100] "GET /reload?ser=1511962307884 HTTP/1.1" 200 28 "http://renault.2web.at/result?searchterm=true&search=Master" "Mozilla/5.0 (Windows NT 6.1; WOW64; Trident/7.0; rv:11.0) like Gecko"
212.152.158.195 - - [29/Nov/2017:14:31:49 +0100] "GET /reload?ser=1511962917337 HTTP/1.1" 200 28 "http://renault.activities.at/" "Mozilla/5.0 (Windows NT 6.1; WOW64; Trident/7.0; rv:11.0) like Gecko"
80.123.225.34 - - [29/Nov/2017:14:32:13 +0100] "GET /reload?ser=1511962332628 HTTP/1.1" 200 28 "http://renault.activities.at/success" "Mozilla/5.0 (compatible; MSIE 10.0; Windows NT 6.1; WOW64; Trident/6.0)"
80.123.225.34 - - [29/Nov/2017:14:32:13 +0100] "GET /reload?ser=1511962334559 HTTP/1.1" 200 28 "http://renault.activities.at/11652031" "Mozilla/5.0 (compatible; MSIE 9.0; Windows NT 6.1; WOW64; Trident/5.0)"
91.133.70.9 - - [29/Nov/2017:14:32:45 +0100] "GET /reload?ser=1511962319605 HTTP/1.1" 200 28 "http://renault.activities.at/" "Mozilla/5.0 (Windows NT 6.1; WOW64; Trident/7.0; MASBJS; rv:11.0) like Gecko"
193.194.132.74 - - [29/Nov/2017:14:32:49 +0100] "GET /reload?ser=1511962368974 HTTP/1.1" 200 28 "http://renault.2web.at/result?searchterm=true&search=Master" "Mozilla/5.0 (Windows NT 6.1; WOW64; Trident/7.0; rv:11.0) like Gecko"
212.152.158.195 - - [29/Nov/2017:14:32:50 +0100] "GET /reload?ser=1511962977991 HTTP/1.1" 200 28 "http://renault.activities.at/" "Mozilla/5.0 (Windows NT 6.1; WOW64; Trident/7.0; rv:11.0) like Gecko"
80.123.225.34 - - [29/Nov/2017:14:33:14 +0100] "GET /reload?ser=1511962393637 HTTP/1.1" 200 28 "http://renault.activities.at/success" "Mozilla/5.0 (compatible; MSIE 10.0; Windows NT 6.1; WOW64; Trident/6.0)"
80.123.225.34 - - [29/Nov/2017:14:33:14 +0100] "GET /reload?ser=1511962395531 HTTP/1.1" 200 28 "http://renault.activities.at/11652031" "Mozilla/5.0 (compatible; MSIE 9.0; Windows NT 6.1; WOW64; Trident/5.0)"
91.133.70.9 - - [29/Nov/2017:14:33:46 +0100] "GET /reload?ser=1511962380274 HTTP/1.1" 200 28 "http://renault.activities.at/" "Mozilla/5.0 (Windows NT 6.1; WOW64; Trident/7.0; MASBJS; rv:11.0) like Gecko"
193.194.132.74 - - [29/Nov/2017:14:33:50 +0100] "GET /reload?ser=1511962430096 HTTP/1.1" 200 28 "http://renault.2web.at/result?searchterm=true&search=Master" "Mozilla/5.0 (Windows NT 6.1; WOW64; Trident/7.0; rv:11.0) like Gecko"
212.152.158.195 - - [29/Nov/2017:14:33:50 +0100] "GET /reload?ser=1511963038648 HTTP/1.1" 200 28 "http://renault.activities.at/" "Mozilla/5.0 (Windows NT 6.1; WOW64; Trident/7.0; rv:11.0) like Gecko"
80.123.225.34 - - [29/Nov/2017:14:34:15 +0100] "GET /reload?ser=1511962454626 HTTP/1.1" 200 28 "http://renault.activities.at/success" "Mozilla/5.0 (compatible; MSIE 10.0; Windows NT 6.1; WOW64; Trident/6.0)"
80.123.225.34 - - [29/Nov/2017:14:34:15 +0100] "GET /reload?ser=1511962456571 HTTP/1.1" 200 28 "http://renault.activities.at/11652031" "Mozilla/5.0 (compatible; MSIE 9.0; Windows NT 6.1; WOW64; Trident/5.0)"
91.133.70.9 - - [29/Nov/2017:14:34:46 +0100] "GET /reload?ser=1511962440943 HTTP/1.1" 200 28 "http://renault.activities.at/" "Mozilla/5.0 (Windows NT 6.1; WOW64; Trident/7.0; MASBJS; rv:11.0) like Gecko"
40.77.167.11 - - [29/Nov/2017:14:34:47 +0100] "GET /login?required=true HTTP/1.1" 200 2086 "-" "Mozilla/5.0 (iPhone; CPU iPhone OS 7_0 like Mac OS X) AppleWebKit/537.51.1 (KHTML, like Gecko) Version/7.0 Mobile/11A465 Safari/9537.53 (compatible; bingbot/2.0; +http://www.bing.com/bingbot.htm)"
212.152.158.195 - - [29/Nov/2017:14:34:51 +0100] "GET /reload?ser=1511963099319 HTTP/1.1" 200 28 "http://renault.activities.at/" "Mozilla/5.0 (Windows NT 6.1; WOW64; Trident/7.0; rv:11.0) like Gecko"
193.194.132.74 - - [29/Nov/2017:14:34:51 +0100] "GET /reload?ser=1511962491210 HTTP/1.1" 200 28 "http://renault.2web.at/result?searchterm=true&search=Master" "Mozilla/5.0 (Windows NT 6.1; WOW64; Trident/7.0; rv:11.0) like Gecko"
80.123.225.34 - - [29/Nov/2017:14:35:16 +0100] "GET /reload?ser=1511962515579 HTTP/1.1" 200 28 "http://renault.activities.at/success" "Mozilla/5.0 (compatible; MSIE 10.0; Windows NT 6.1; WOW64; Trident/6.0)"
80.123.225.34 - - [29/Nov/2017:14:35:16 +0100] "GET /reload?ser=1511962517601 HTTP/1.1" 200 28 "http://renault.activities.at/11652031" "Mozilla/5.0 (compatible; MSIE 9.0; Windows NT 6.1; WOW64; Trident/5.0)"
91.133.70.9 - - [29/Nov/2017:14:35:47 +0100] "GET /reload?ser=1511962501613 HTTP/1.1" 200 28 "http://renault.activities.at/" "Mozilla/5.0 (Windows NT 6.1; WOW64; Trident/7.0; MASBJS; rv:11.0) like Gecko"
212.152.158.195 - - [29/Nov/2017:14:35:52 +0100] "GET /reload?ser=1511963159986 HTTP/1.1" 200 28 "http://renault.activities.at/" "Mozilla/5.0 (Windows NT 6.1; WOW64; Trident/7.0; rv:11.0) like Gecko"
193.194.132.74 - - [29/Nov/2017:14:35:52 +0100] "GET /reload?ser=1511962552300 HTTP/1.1" 200 28 "http://renault.2web.at/result?searchterm=true&search=Master" "Mozilla/5.0 (Windows NT 6.1; WOW64; Trident/7.0; rv:11.0) like Gecko"
80.123.225.34 - - [29/Nov/2017:14:36:17 +0100] "GET /reload?ser=1511962576574 HTTP/1.1" 200 28 "http://renault.activities.at/success" "Mozilla/5.0 (compatible; MSIE 10.0; Windows NT 6.1; WOW64; Trident/6.0)"
80.123.225.34 - - [29/Nov/2017:14:36:17 +0100] "GET /reload?ser=1511962578594 HTTP/1.1" 200 28 "http://renault.activities.at/11652031" "Mozilla/5.0 (compatible; MSIE 9.0; Windows NT 6.1; WOW64; Trident/5.0)"
104.237.242.138 - - [29/Nov/2017:14:36:36 +0100] "GET /reload?ser=1511962501613 HTTP/1.1" 200 10166 "-" "Mozilla/5.0 (Windows NT 6.1; WOW64; rv:27.0) Gecko/20100101 Firefox/27.0"
212.152.158.195 - - [29/Nov/2017:14:36:36 +0100] "GET /reload?ser=1511962748297 HTTP/1.1" 200 28 "http://renault.activities.at/11648249" "Mozilla/5.0 (Windows NT 6.1; Win64; x64) AppleWebKit/537.36 (KHTML, like Gecko) Chrome/62.0.3202.94 Safari/537.36"
91.133.70.9 - - [29/Nov/2017:14:36:48 +0100] "GET /reload?ser=1511962562391 HTTP/1.1" 200 28 "http://renault.activities.at/" "Mozilla/5.0 (Windows NT 6.1; WOW64; Trident/7.0; MASBJS; rv:11.0) like Gecko"
212.152.158.195 - - [29/Nov/2017:14:36:52 +0100] "GET /reload?ser=1511963220661 HTTP/1.1" 200 28 "http://renault.activities.at/" "Mozilla/5.0 (Windows NT 6.1; WOW64; Trident/7.0; rv:11.0) like Gecko"
193.194.132.74 - - [29/Nov/2017:14:36:53 +0100] "GET /reload?ser=1511962613415 HTTP/1.1" 200 28 "http://renault.2web.at/result?searchterm=true&search=Master" "Mozilla/5.0 (Windows NT 6.1; WOW64; Trident/7.0; rv:11.0) like Gecko"
80.123.225.34 - - [29/Nov/2017:14:37:18 +0100] "GET /reload?ser=1511962637575 HTTP/1.1" 200 28 "http://renault.activities.at/success" "Mozilla/5.0 (compatible; MSIE 10.0; Windows NT 6.1; WOW64; Trident/6.0)"
80.123.225.34 - - [29/Nov/2017:14:37:18 +0100] "GET /reload?ser=1511962639594 HTTP/1.1" 200 28 "http://renault.activities.at/11652031" "Mozilla/5.0 (compatible; MSIE 9.0; Windows NT 6.1; WOW64; Trident/5.0)"
212.152.158.195 - - [29/Nov/2017:14:37:37 +0100] "GET /reload?ser=1511962809385 HTTP/1.1" 200 28 "http://renault.activities.at/11648249" "Mozilla/5.0 (Windows NT 6.1; Win64; x64) AppleWebKit/537.36 (KHTML, like Gecko) Chrome/62.0.3202.94 Safari/537.36"
91.133.70.9 - - [29/Nov/2017:14:37:49 +0100] "GET /reload?ser=1511962623076 HTTP/1.1" 200 28 "http://renault.activities.at/" "Mozilla/5.0 (Windows NT 6.1; WOW64; Trident/7.0; MASBJS; rv:11.0) like Gecko"
212.152.158.195 - - [29/Nov/2017:14:37:53 +0100] "GET /reload?ser=1511963281324 HTTP/1.1" 200 28 "http://renault.activities.at/" "Mozilla/5.0 (Windows NT 6.1; WOW64; Trident/7.0; rv:11.0) like Gecko"
193.194.132.74 - - [29/Nov/2017:14:37:54 +0100] "GET /reload?ser=1511962674550 HTTP/1.1" 200 28 "http://renault.2web.at/result?searchterm=true&search=Master" "Mozilla/5.0 (Windows NT 6.1; WOW64; Trident/7.0; rv:11.0) like Gecko"
80.123.225.34 - - [29/Nov/2017:14:38:19 +0100] "GET /reload?ser=1511962698582 HTTP/1.1" 200 28 "http://renault.activities.at/success" "Mozilla/5.0 (compatible; MSIE 10.0; Windows NT 6.1; WOW64; Trident/6.0)"
80.123.225.34 - - [29/Nov/2017:14:38:19 +0100] "GET /reload?ser=1511962700579 HTTP/1.1" 200 28 "http://renault.activities.at/11652031" "Mozilla/5.0 (compatible; MSIE 9.0; Windows NT 6.1; WOW64; Trident/5.0)"
212.152.158.195 - - [29/Nov/2017:14:38:38 +0100] "GET /reload?ser=1511962870389 HTTP/1.1" 200 28 "http://renault.activities.at/11648249" "Mozilla/5.0 (Windows NT 6.1; Win64; x64) AppleWebKit/537.36 (KHTML, like Gecko) Chrome/62.0.3202.94 Safari/537.36"
212.152.158.195 - - [29/Nov/2017:14:38:54 +0100] "GET /reload?ser=1511963341993 HTTP/1.1" 200 28 "http://renault.activities.at/" "Mozilla/5.0 (Windows NT 6.1; WOW64; Trident/7.0; rv:11.0) like Gecko"
193.194.132.74 - - [29/Nov/2017:14:38:55 +0100] "GET /reload?ser=1511962735645 HTTP/1.1" 200 28 "http://renault.2web.at/result?searchterm=true&search=Master" "Mozilla/5.0 (Windows NT 6.1; WOW64; Trident/7.0; rv:11.0) like Gecko"
80.123.225.34 - - [29/Nov/2017:14:39:20 +0100] "GET /reload?ser=1511962759593 HTTP/1.1" 200 28 "http://renault.activities.at/success" "Mozilla/5.0 (compatible; MSIE 10.0; Windows NT 6.1; WOW64; Trident/6.0)"
80.123.225.34 - - [29/Nov/2017:14:39:20 +0100] "GET /reload?ser=1511962761566 HTTP/1.1" 200 28 "http://renault.activities.at/11652031" "Mozilla/5.0 (compatible; MSIE 9.0; Windows NT 6.1; WOW64; Trident/5.0)"
212.152.158.195 - - [29/Nov/2017:14:39:39 +0100] "GET /reload?ser=1511962931394 HTTP/1.1" 200 28 "http://renault.activities.at/11648249" "Mozilla/5.0 (Windows NT 6.1; Win64; x64) AppleWebKit/537.36 (KHTML, like Gecko) Chrome/62.0.3202.94 Safari/537.36"
212.152.158.195 - - [29/Nov/2017:14:39:54 +0100] "GET /reload?ser=1511963402665 HTTP/1.1" 200 28 "http://renault.activities.at/" "Mozilla/5.0 (Windows NT 6.1; WOW64; Trident/7.0; rv:11.0) like Gecko"
193.194.132.74 - - [29/Nov/2017:14:39:56 +0100] "GET /reload?ser=1511962796754 HTTP/1.1" 200 28 "http://renault.2web.at/result?searchterm=true&search=Master" "Mozilla/5.0 (Windows NT 6.1; WOW64; Trident/7.0; rv:11.0) like Gecko"
80.123.225.34 - - [29/Nov/2017:14:40:21 +0100] "GET /reload?ser=1511962820598 HTTP/1.1" 200 28 "http://renault.activities.at/success" "Mozilla/5.0 (compatible; MSIE 10.0; Windows NT 6.1; WOW64; Trident/6.0)"
80.123.225.34 - - [29/Nov/2017:14:40:21 +0100] "GET /reload?ser=1511962822579 HTTP/1.1" 200 28 "http://renault.activities.at/11652031" "Mozilla/5.0 (compatible; MSIE 9.0; Windows NT 6.1; WOW64; Trident/5.0)"
212.152.158.195 - - [29/Nov/2017:14:40:40 +0100] "GET /reload?ser=1511962992388 HTTP/1.1" 200 28 "http://renault.activities.at/11648249" "Mozilla/5.0 (Windows NT 6.1; Win64; x64) AppleWebKit/537.36 (KHTML, like Gecko) Chrome/62.0.3202.94 Safari/537.36"
212.152.158.195 - - [29/Nov/2017:14:40:55 +0100] "GET /reload?ser=1511963463328 HTTP/1.1" 200 28 "http://renault.activities.at/" "Mozilla/5.0 (Windows NT 6.1; WOW64; Trident/7.0; rv:11.0) like Gecko"
193.194.132.74 - - [29/Nov/2017:14:40:57 +0100] "GET /reload?ser=1511962857825 HTTP/1.1" 200 28 "http://renault.2web.at/result?searchterm=true&search=Master" "Mozilla/5.0 (Windows NT 6.1; WOW64; Trident/7.0; rv:11.0) like Gecko"
80.123.225.34 - - [29/Nov/2017:14:41:22 +0100] "GET /reload?ser=1511962881601 HTTP/1.1" 200 28 "http://renault.activities.at/success" "Mozilla/5.0 (compatible; MSIE 10.0; Windows NT 6.1; WOW64; Trident/6.0)"
80.123.225.34 - - [29/Nov/2017:14:41:23 +0100] "GET /reload?ser=1511962883581 HTTP/1.1" 200 28 "http://renault.activities.at/11652031" "Mozilla/5.0 (compatible; MSIE 9.0; Windows NT 6.1; WOW64; Trident/5.0)"
212.152.158.195 - - [29/Nov/2017:14:41:41 +0100] "GET /reload?ser=1511963053395 HTTP/1.1" 200 28 "http://renault.activities.at/11648249" "Mozilla/5.0 (Windows NT 6.1; Win64; x64) AppleWebKit/537.36 (KHTML, like Gecko) Chrome/62.0.3202.94 Safari/537.36"
212.152.158.195 - - [29/Nov/2017:14:41:56 +0100] "GET /reload?ser=1511963523963 HTTP/1.1" 200 28 "http://renault.activities.at/" "Mozilla/5.0 (Windows NT 6.1; WOW64; Trident/7.0; rv:11.0) like Gecko"
193.194.132.74 - - [29/Nov/2017:14:41:58 +0100] "GET /reload?ser=1511962918912 HTTP/1.1" 200 28 "http://renault.2web.at/result?searchterm=true&search=Master" "Mozilla/5.0 (Windows NT 6.1; WOW64; Trident/7.0; rv:11.0) like Gecko"
80.123.225.34 - - [29/Nov/2017:14:42:23 +0100] "GET /reload?ser=1511962942626 HTTP/1.1" 200 28 "http://renault.activities.at/success" "Mozilla/5.0 (compatible; MSIE 10.0; Windows NT 6.1; WOW64; Trident/6.0)"
80.123.225.34 - - [29/Nov/2017:14:42:23 +0100] "GET /reload?ser=1511962945248 HTTP/1.1" 200 28 "http://renault.activities.at/11652031" "Mozilla/5.0 (compatible; MSIE 9.0; Windows NT 6.1; WOW64; Trident/5.0)"
212.152.158.195 - - [29/Nov/2017:14:42:42 +0100] "GET /reload?ser=1511963114404 HTTP/1.1" 200 28 "http://renault.activities.at/11648249" "Mozilla/5.0 (Windows NT 6.1; Win64; x64) AppleWebKit/537.36 (KHTML, like Gecko) Chrome/62.0.3202.94 Safari/537.36"
212.152.158.195 - - [29/Nov/2017:14:42:56 +0100] "GET /reload?ser=1511963584614 HTTP/1.1" 200 28 "http://renault.activities.at/" "Mozilla/5.0 (Windows NT 6.1; WOW64; Trident/7.0; rv:11.0) like Gecko"
193.194.132.74 - - [29/Nov/2017:14:43:00 +0100] "GET /reload?ser=1511962979997 HTTP/1.1" 200 28 "http://renault.2web.at/result?searchterm=true&search=Master" "Mozilla/5.0 (Windows NT 6.1; WOW64; Trident/7.0; rv:11.0) like Gecko"
80.123.225.34 - - [29/Nov/2017:14:43:24 +0100] "GET /reload?ser=1511963003636 HTTP/1.1" 200 28 "http://renault.activities.at/success" "Mozilla/5.0 (compatible; MSIE 10.0; Windows NT 6.1; WOW64; Trident/6.0)"
80.123.225.34 - - [29/Nov/2017:14:43:24 +0100] "GET /reload?ser=1511963006238 HTTP/1.1" 200 28 "http://renault.activities.at/11652031" "Mozilla/5.0 (compatible; MSIE 9.0; Windows NT 6.1; WOW64; Trident/5.0)"
212.152.158.195 - - [29/Nov/2017:14:43:43 +0100] "GET /reload?ser=1511963175402 HTTP/1.1" 200 28 "http://renault.activities.at/11648249" "Mozilla/5.0 (Windows NT 6.1; Win64; x64) AppleWebKit/537.36 (KHTML, like Gecko) Chrome/62.0.3202.94 Safari/537.36"
212.152.158.195 - - [29/Nov/2017:14:43:57 +0100] "GET /reload?ser=1511963645262 HTTP/1.1" 200 28 "http://renault.activities.at/" "Mozilla/5.0 (Windows NT 6.1; WOW64; Trident/7.0; rv:11.0) like Gecko"
193.194.132.74 - - [29/Nov/2017:14:44:01 +0100] "GET /reload?ser=1511963041113 HTTP/1.1" 200 28 "http://renault.2web.at/result?searchterm=true&search=Master" "Mozilla/5.0 (Windows NT 6.1; WOW64; Trident/7.0; rv:11.0) like Gecko"
80.123.225.34 - - [29/Nov/2017:14:44:25 +0100] "GET /reload?ser=1511963064625 HTTP/1.1" 200 28 "http://renault.activities.at/success" "Mozilla/5.0 (compatible; MSIE 10.0; Windows NT 6.1; WOW64; Trident/6.0)"
80.123.225.34 - - [29/Nov/2017:14:44:25 +0100] "GET /reload?ser=1511963067292 HTTP/1.1" 200 28 "http://renault.activities.at/11652031" "Mozilla/5.0 (compatible; MSIE 9.0; Windows NT 6.1; WOW64; Trident/5.0)"
212.152.158.195 - - [29/Nov/2017:14:44:44 +0100] "GET /reload?ser=1511963236406 HTTP/1.1" 200 28 "http://renault.activities.at/11648249" "Mozilla/5.0 (Windows NT 6.1; Win64; x64) AppleWebKit/537.36 (KHTML, like Gecko) Chrome/62.0.3202.94 Safari/537.36"
212.152.158.195 - - [29/Nov/2017:14:44:58 +0100] "GET /reload?ser=1511963705938 HTTP/1.1" 200 28 "http://renault.activities.at/" "Mozilla/5.0 (Windows NT 6.1; WOW64; Trident/7.0; rv:11.0) like Gecko"
193.194.132.74 - - [29/Nov/2017:14:45:02 +0100] "GET /reload?ser=1511963102277 HTTP/1.1" 200 28 "http://renault.2web.at/result?searchterm=true&search=Master" "Mozilla/5.0 (Windows NT 6.1; WOW64; Trident/7.0; rv:11.0) like Gecko"
80.123.225.34 - - [29/Nov/2017:14:45:26 +0100] "GET /reload?ser=1511963125582 HTTP/1.1" 200 28 "http://renault.activities.at/success" "Mozilla/5.0 (compatible; MSIE 10.0; Windows NT 6.1; WOW64; Trident/6.0)"
80.123.225.34 - - [29/Nov/2017:14:45:26 +0100] "GET /reload?ser=1511963128225 HTTP/1.1" 200 28 "http://renault.activities.at/11652031" "Mozilla/5.0 (compatible; MSIE 9.0; Windows NT 6.1; WOW64; Trident/5.0)"
212.152.158.195 - - [29/Nov/2017:14:45:45 +0100] "GET /reload?ser=1511963297422 HTTP/1.1" 200 28 "http://renault.activities.at/11648249" "Mozilla/5.0 (Windows NT 6.1; Win64; x64) AppleWebKit/537.36 (KHTML, like Gecko) Chrome/62.0.3202.94 Safari/537.36"
212.152.158.195 - - [29/Nov/2017:14:45:58 +0100] "GET /reload?ser=1511963766600 HTTP/1.1" 200 28 "http://renault.activities.at/" "Mozilla/5.0 (Windows NT 6.1; WOW64; Trident/7.0; rv:11.0) like Gecko"
193.194.132.74 - - [29/Nov/2017:14:46:03 +0100] "GET /reload?ser=1511963163350 HTTP/1.1" 200 28 "http://renault.2web.at/result?searchterm=true&search=Master" "Mozilla/5.0 (Windows NT 6.1; WOW64; Trident/7.0; rv:11.0) like Gecko"
80.123.225.34 - - [29/Nov/2017:14:46:27 +0100] "GET /reload?ser=1511963186565 HTTP/1.1" 200 28 "http://renault.activities.at/success" "Mozilla/5.0 (compatible; MSIE 10.0; Windows NT 6.1; WOW64; Trident/6.0)"
80.123.225.34 - - [29/Nov/2017:14:46:27 +0100] "GET /reload?ser=1511963189178 HTTP/1.1" 200 28 "http://renault.activities.at/11652031" "Mozilla/5.0 (compatible; MSIE 9.0; Windows NT 6.1; WOW64; Trident/5.0)"
212.152.158.195 - - [29/Nov/2017:14:46:46 +0100] "GET /reload?ser=1511963358419 HTTP/1.1" 200 28 "http://renault.activities.at/11648249" "Mozilla/5.0 (Windows NT 6.1; Win64; x64) AppleWebKit/537.36 (KHTML, like Gecko) Chrome/62.0.3202.94 Safari/537.36"
212.152.158.195 - - [29/Nov/2017:14:46:59 +0100] "GET /reload?ser=1511963827245 HTTP/1.1" 200 28 "http://renault.activities.at/" "Mozilla/5.0 (Windows NT 6.1; WOW64; Trident/7.0; rv:11.0) like Gecko"
193.194.132.74 - - [29/Nov/2017:14:47:04 +0100] "GET /reload?ser=1511963224426 HTTP/1.1" 200 28 "http://renault.2web.at/result?searchterm=true&search=Master" "Mozilla/5.0 (Windows NT 6.1; WOW64; Trident/7.0; rv:11.0) like Gecko"
80.123.225.34 - - [29/Nov/2017:14:47:28 +0100] "GET /reload?ser=1511963247593 HTTP/1.1" 200 28 "http://renault.activities.at/success" "Mozilla/5.0 (compatible; MSIE 10.0; Windows NT 6.1; WOW64; Trident/6.0)"
80.123.225.34 - - [29/Nov/2017:14:47:28 +0100] "GET /reload?ser=1511963250156 HTTP/1.1" 200 28 "http://renault.activities.at/11652031" "Mozilla/5.0 (compatible; MSIE 9.0; Windows NT 6.1; WOW64; Trident/5.0)"
212.152.158.195 - - [29/Nov/2017:14:47:47 +0100] "GET /reload?ser=1511963419425 HTTP/1.1" 200 28 "http://renault.activities.at/11648249" "Mozilla/5.0 (Windows NT 6.1; Win64; x64) AppleWebKit/537.36 (KHTML, like Gecko) Chrome/62.0.3202.94 Safari/537.36"
212.152.158.195 - - [29/Nov/2017:14:48:00 +0100] "GET /reload?ser=1511963887895 HTTP/1.1" 200 28 "http://renault.activities.at/" "Mozilla/5.0 (Windows NT 6.1; WOW64; Trident/7.0; rv:11.0) like Gecko"
193.194.132.74 - - [29/Nov/2017:14:48:05 +0100] "GET /reload?ser=1511963285550 HTTP/1.1" 200 28 "http://renault.2web.at/result?searchterm=true&search=Master" "Mozilla/5.0 (Windows NT 6.1; WOW64; Trident/7.0; rv:11.0) like Gecko"
80.123.225.34 - - [29/Nov/2017:14:48:29 +0100] "GET /reload?ser=1511963308605 HTTP/1.1" 200 28 "http://renault.activities.at/success" "Mozilla/5.0 (compatible; MSIE 10.0; Windows NT 6.1; WOW64; Trident/6.0)"
80.123.225.34 - - [29/Nov/2017:14:48:29 +0100] "GET /reload?ser=1511963311129 HTTP/1.1" 200 28 "http://renault.activities.at/11652031" "Mozilla/5.0 (compatible; MSIE 9.0; Windows NT 6.1; WOW64; Trident/5.0)"
212.152.158.195 - - [29/Nov/2017:14:48:48 +0100] "GET /reload?ser=1511963480428 HTTP/1.1" 200 28 "http://renault.activities.at/11648249" "Mozilla/5.0 (Windows NT 6.1; Win64; x64) AppleWebKit/537.36 (KHTML, like Gecko) Chrome/62.0.3202.94 Safari/537.36"
212.152.158.195 - - [29/Nov/2017:14:49:00 +0100] "GET /reload?ser=1511963948554 HTTP/1.1" 200 28 "http://renault.activities.at/" "Mozilla/5.0 (Windows NT 6.1; WOW64; Trident/7.0; rv:11.0) like Gecko"
193.194.132.74 - - [29/Nov/2017:14:49:06 +0100] "GET /reload?ser=1511963346665 HTTP/1.1" 200 28 "http://renault.2web.at/result?searchterm=true&search=Master" "Mozilla/5.0 (Windows NT 6.1; WOW64; Trident/7.0; rv:11.0) like Gecko"
80.123.225.34 - - [29/Nov/2017:14:49:30 +0100] "GET /reload?ser=1511963369617 HTTP/1.1" 200 28 "http://renault.activities.at/success" "Mozilla/5.0 (compatible; MSIE 10.0; Windows NT 6.1; WOW64; Trident/6.0)"
80.123.225.34 - - [29/Nov/2017:14:49:30 +0100] "GET /reload?ser=1511963372209 HTTP/1.1" 200 28 "http://renault.activities.at/11652031" "Mozilla/5.0 (compatible; MSIE 9.0; Windows NT 6.1; WOW64; Trident/5.0)"
212.152.158.195 - - [29/Nov/2017:14:49:49 +0100] "GET /reload?ser=1511963541432 HTTP/1.1" 200 28 "http://renault.activities.at/11648249" "Mozilla/5.0 (Windows NT 6.1; Win64; x64) AppleWebKit/537.36 (KHTML, like Gecko) Chrome/62.0.3202.94 Safari/537.36"
212.152.158.195 - - [29/Nov/2017:14:50:01 +0100] "GET /reload?ser=1511964009216 HTTP/1.1" 200 28 "http://renault.activities.at/" "Mozilla/5.0 (Windows NT 6.1; WOW64; Trident/7.0; rv:11.0) like Gecko"
193.194.132.74 - - [29/Nov/2017:14:50:07 +0100] "GET /reload?ser=1511963407819 HTTP/1.1" 200 28 "http://renault.2web.at/result?searchterm=true&search=Master" "Mozilla/5.0 (Windows NT 6.1; WOW64; Trident/7.0; rv:11.0) like Gecko"
80.123.225.34 - - [29/Nov/2017:14:50:31 +0100] "GET /reload?ser=1511963430605 HTTP/1.1" 200 28 "http://renault.activities.at/success" "Mozilla/5.0 (compatible; MSIE 10.0; Windows NT 6.1; WOW64; Trident/6.0)"
80.123.225.34 - - [29/Nov/2017:14:50:31 +0100] "GET /reload?ser=1511963433184 HTTP/1.1" 200 28 "http://renault.activities.at/11652031" "Mozilla/5.0 (compatible; MSIE 9.0; Windows NT 6.1; WOW64; Trident/5.0)"
212.152.158.195 - - [29/Nov/2017:14:50:50 +0100] "GET /reload?ser=1511963602437 HTTP/1.1" 200 28 "http://renault.activities.at/11648249" "Mozilla/5.0 (Windows NT 6.1; Win64; x64) AppleWebKit/537.36 (KHTML, like Gecko) Chrome/62.0.3202.94 Safari/537.36"
212.152.158.195 - - [29/Nov/2017:14:51:02 +0100] "GET /reload?ser=1511964069903 HTTP/1.1" 200 28 "http://renault.activities.at/" "Mozilla/5.0 (Windows NT 6.1; WOW64; Trident/7.0; rv:11.0) like Gecko"
193.194.132.74 - - [29/Nov/2017:14:51:09 +0100] "GET /reload?ser=1511963468945 HTTP/1.1" 200 28 "http://renault.2web.at/result?searchterm=true&search=Master" "Mozilla/5.0 (Windows NT 6.1; WOW64; Trident/7.0; rv:11.0) like Gecko"
80.123.225.34 - - [29/Nov/2017:14:51:32 +0100] "GET /reload?ser=1511963491613 HTTP/1.1" 200 28 "http://renault.activities.at/success" "Mozilla/5.0 (compatible; MSIE 10.0; Windows NT 6.1; WOW64; Trident/6.0)"
80.123.225.34 - - [29/Nov/2017:14:51:32 +0100] "GET /reload?ser=1511963494158 HTTP/1.1" 200 28 "http://renault.activities.at/11652031" "Mozilla/5.0 (compatible; MSIE 9.0; Windows NT 6.1; WOW64; Trident/5.0)"
212.152.158.195 - - [29/Nov/2017:14:51:51 +0100] "GET /reload?ser=1511963663449 HTTP/1.1" 200 28 "http://renault.activities.at/11648249" "Mozilla/5.0 (Windows NT 6.1; Win64; x64) AppleWebKit/537.36 (KHTML, like Gecko) Chrome/62.0.3202.94 Safari/537.36"
212.152.158.195 - - [29/Nov/2017:14:52:02 +0100] "GET /reload?ser=1511964130595 HTTP/1.1" 200 28 "http://renault.activities.at/" "Mozilla/5.0 (Windows NT 6.1; WOW64; Trident/7.0; rv:11.0) like Gecko"
193.194.132.74 - - [29/Nov/2017:14:52:10 +0100] "GET /reload?ser=1511963530027 HTTP/1.1" 200 28 "http://renault.2web.at/result?searchterm=true&search=Master" "Mozilla/5.0 (Windows NT 6.1; WOW64; Trident/7.0; rv:11.0) like Gecko"
80.123.225.34 - - [29/Nov/2017:14:52:33 +0100] "GET /reload?ser=1511963552593 HTTP/1.1" 200 28 "http://renault.activities.at/success" "Mozilla/5.0 (compatible; MSIE 10.0; Windows NT 6.1; WOW64; Trident/6.0)"
80.123.225.34 - - [29/Nov/2017:14:52:33 +0100] "GET /reload?ser=1511963555124 HTTP/1.1" 200 28 "http://renault.activities.at/11652031" "Mozilla/5.0 (compatible; MSIE 9.0; Windows NT 6.1; WOW64; Trident/5.0)"
212.152.158.195 - - [29/Nov/2017:14:52:52 +0100] "GET /reload?ser=1511963724453 HTTP/1.1" 200 28 "http://renault.activities.at/11648249" "Mozilla/5.0 (Windows NT 6.1; Win64; x64) AppleWebKit/537.36 (KHTML, like Gecko) Chrome/62.0.3202.94 Safari/537.36"
212.152.158.195 - - [29/Nov/2017:14:53:03 +0100] "GET /reload?ser=1511964191269 HTTP/1.1" 200 28 "http://renault.activities.at/" "Mozilla/5.0 (Windows NT 6.1; WOW64; Trident/7.0; rv:11.0) like Gecko"
212.152.158.195 - - [29/Nov/2017:14:53:07 +0100] "GET /result?searchterm=true&search=r-link HTTP/1.1" 200 6207 "http://renault.activities.at/11648249" "Mozilla/5.0 (Windows NT 6.1; Win64; x64) AppleWebKit/537.36 (KHTML, like Gecko) Chrome/62.0.3202.94 Safari/537.36"
212.152.158.195 - - [29/Nov/2017:14:53:09 +0100] "GET /js/prototip.js HTTP/1.1" 200 4588 "http://renault.activities.at/result?searchterm=true&search=r-link" "Mozilla/5.0 (Windows NT 6.1; Win64; x64) AppleWebKit/537.36 (KHTML, like Gecko) Chrome/62.0.3202.94 Safari/537.36"
212.152.158.195 - - [29/Nov/2017:14:53:09 +0100] "GET /js/ProduktGrp.js HTTP/1.1" 200 1569 "http://renault.activities.at/result?searchterm=true&search=r-link" "Mozilla/5.0 (Windows NT 6.1; Win64; x64) AppleWebKit/537.36 (KHTML, like Gecko) Chrome/62.0.3202.94 Safari/537.36"
212.152.158.195 - - [29/Nov/2017:14:53:09 +0100] "GET /images/loading.gif HTTP/1.1" 200 3208 "http://renault.activities.at/result?searchterm=true&search=r-link" "Mozilla/5.0 (Windows NT 6.1; Win64; x64) AppleWebKit/537.36 (KHTML, like Gecko) Chrome/62.0.3202.94 Safari/537.36"
212.152.158.195 - - [29/Nov/2017:14:53:09 +0100] "GET /images/vista-up.gif HTTP/1.1" 200 131 "http://renault.activities.at/css/styles.css" "Mozilla/5.0 (Windows NT 6.1; Win64; x64) AppleWebKit/537.36 (KHTML, like Gecko) Chrome/62.0.3202.94 Safari/537.36"
212.152.158.195 - - [29/Nov/2017:14:53:09 +0100] "GET /images/vista-dn.gif HTTP/1.1" 200 128 "http://renault.activities.at/css/styles.css" "Mozilla/5.0 (Windows NT 6.1; Win64; x64) AppleWebKit/537.36 (KHTML, like Gecko) Chrome/62.0.3202.94 Safari/537.36"
212.152.158.195 - - [29/Nov/2017:14:53:09 +0100] "GET /loadthumbnail.php?id=10203255 HTTP/1.1" 200 137 "http://renault.activities.at/result?searchterm=true&search=r-link" "Mozilla/5.0 (Windows NT 6.1; Win64; x64) AppleWebKit/537.36 (KHTML, like Gecko) Chrome/62.0.3202.94 Safari/537.36"
212.152.158.195 - - [29/Nov/2017:14:53:09 +0100] "GET /loadthumbnail.php?id=11500398&width=113 HTTP/1.1" 200 21704 "http://renault.activities.at/result?searchterm=true&search=r-link" "Mozilla/5.0 (Windows NT 6.1; Win64; x64) AppleWebKit/537.36 (KHTML, like Gecko) Chrome/62.0.3202.94 Safari/537.36"
212.152.158.195 - - [29/Nov/2017:14:53:09 +0100] "GET /loadthumbnail.php?id=11500416&width=113 HTTP/1.1" 200 21073 "http://renault.activities.at/result?searchterm=true&search=r-link" "Mozilla/5.0 (Windows NT 6.1; Win64; x64) AppleWebKit/537.36 (KHTML, like Gecko) Chrome/62.0.3202.94 Safari/537.36"
212.152.158.195 - - [29/Nov/2017:14:53:08 +0100] "POST /axjaxrequest?mode=suggest HTTP/1.1" 200 111 "http://renault.activities.at/11648249" "Mozilla/5.0 (Windows NT 6.1; Win64; x64) AppleWebKit/537.36 (KHTML, like Gecko) Chrome/62.0.3202.94 Safari/537.36"
193.194.132.74 - - [29/Nov/2017:14:53:11 +0100] "GET /reload?ser=1511963591169 HTTP/1.1" 200 28 "http://renault.2web.at/result?searchterm=true&search=Master" "Mozilla/5.0 (Windows NT 6.1; WOW64; Trident/7.0; rv:11.0) like Gecko"
212.152.158.195 - - [29/Nov/2017:14:53:13 +0100] "GET /images/vista-dn-hover.gif HTTP/1.1" 200 127 "http://renault.activities.at/css/styles.css" "Mozilla/5.0 (Windows NT 6.1; Win64; x64) AppleWebKit/537.36 (KHTML, like Gecko) Chrome/62.0.3202.94 Safari/537.36"
212.152.158.195 - - [29/Nov/2017:14:53:22 +0100] "GET /images/vista-up-hover.gif HTTP/1.1" 200 130 "http://renault.activities.at/css/styles.css" "Mozilla/5.0 (Windows NT 6.1; Win64; x64) AppleWebKit/537.36 (KHTML, like Gecko) Chrome/62.0.3202.94 Safari/537.36"
212.152.158.195 - - [29/Nov/2017:14:53:31 +0100] "POST /result?searchterm=true&search=r-link HTTP/1.1" 200 6419 "http://renault.activities.at/result?searchterm=true&search=r-link" "Mozilla/5.0 (Windows NT 6.1; Win64; x64) AppleWebKit/537.36 (KHTML, like Gecko) Chrome/62.0.3202.94 Safari/537.36"
212.152.158.195 - - [29/Nov/2017:14:53:34 +0100] "GET /images/success_msg_icon.gif HTTP/1.1" 200 1024 "http://renault.activities.at/css/styles.css" "Mozilla/5.0 (Windows NT 6.1; Win64; x64) AppleWebKit/537.36 (KHTML, like Gecko) Chrome/62.0.3202.94 Safari/537.36"
80.123.225.34 - - [29/Nov/2017:14:53:34 +0100] "GET /reload?ser=1511963613581 HTTP/1.1" 200 28 "http://renault.activities.at/success" "Mozilla/5.0 (compatible; MSIE 10.0; Windows NT 6.1; WOW64; Trident/6.0)"
80.123.225.34 - - [29/Nov/2017:14:53:34 +0100] "GET /reload?ser=1511963616119 HTTP/1.1" 200 28 "http://renault.activities.at/11652031" "Mozilla/5.0 (compatible; MSIE 9.0; Windows NT 6.1; WOW64; Trident/5.0)"
212.152.158.195 - - [29/Nov/2017:14:53:36 +0100] "GET /checkout HTTP/1.1" 200 20141 "http://renault.activities.at/result?searchterm=true&search=r-link" "Mozilla/5.0 (Windows NT 6.1; Win64; x64) AppleWebKit/537.36 (KHTML, like Gecko) Chrome/62.0.3202.94 Safari/537.36"
212.152.158.195 - - [29/Nov/2017:14:53:41 +0100] "GET /js/checkout2.js HTTP/1.1" 200 4122 "http://renault.activities.at/checkout" "Mozilla/5.0 (Windows NT 6.1; Win64; x64) AppleWebKit/537.36 (KHTML, like Gecko) Chrome/62.0.3202.94 Safari/537.36"
212.152.158.195 - - [29/Nov/2017:14:53:41 +0100] "GET /images/step_bg.jpg HTTP/1.1" 200 319 "http://renault.activities.at/css/styles.css" "Mozilla/5.0 (Windows NT 6.1; Win64; x64) AppleWebKit/537.36 (KHTML, like Gecko) Chrome/62.0.3202.94 Safari/537.36"
212.152.158.195 - - [29/Nov/2017:14:53:41 +0100] "GET /images/step_marker.gif HTTP/1.1" 200 650 "http://renault.activities.at/css/styles.css" "Mozilla/5.0 (Windows NT 6.1; Win64; x64) AppleWebKit/537.36 (KHTML, like Gecko) Chrome/62.0.3202.94 Safari/537.36"
212.152.158.195 - - [29/Nov/2017:14:53:41 +0100] "GET /images/checkout_border_top.gif HTTP/1.1" 200 156 "http://renault.activities.at/css/styles.css" "Mozilla/5.0 (Windows NT 6.1; Win64; x64) AppleWebKit/537.36 (KHTML, like Gecko) Chrome/62.0.3202.94 Safari/537.36"
212.152.158.195 - - [29/Nov/2017:14:53:41 +0100] "GET /images/checkout_border.gif HTTP/1.1" 200 43 "http://renault.activities.at/css/styles.css" "Mozilla/5.0 (Windows NT 6.1; Win64; x64) AppleWebKit/537.36 (KHTML, like Gecko) Chrome/62.0.3202.94 Safari/537.36"
212.152.158.195 - - [29/Nov/2017:14:53:41 +0100] "GET /loadthumbnail.php?id=10201939 HTTP/1.1" 200 201 "http://renault.activities.at/checkout" "Mozilla/5.0 (Windows NT 6.1; Win64; x64) AppleWebKit/537.36 (KHTML, like Gecko) Chrome/62.0.3202.94 Safari/537.36"
212.152.158.195 - - [29/Nov/2017:14:53:41 +0100] "GET /loadthumbnail.php?id=10202698 HTTP/1.1" 200 16686 "http://renault.activities.at/checkout" "Mozilla/5.0 (Windows NT 6.1; Win64; x64) AppleWebKit/537.36 (KHTML, like Gecko) Chrome/62.0.3202.94 Safari/537.36"
212.152.158.195 - - [29/Nov/2017:14:53:49 +0100] "POST /docheckout HTTP/1.1" 200 469 "http://renault.activities.at/checkout" "Mozilla/5.0 (Windows NT 6.1; Win64; x64) AppleWebKit/537.36 (KHTML, like Gecko) Chrome/62.0.3202.94 Safari/537.36"
212.152.158.195 - - [29/Nov/2017:14:53:53 +0100] "POST /docheckout HTTP/1.1" 200 592 "http://renault.activities.at/checkout" "Mozilla/5.0 (Windows NT 6.1; Win64; x64) AppleWebKit/537.36 (KHTML, like Gecko) Chrome/62.0.3202.94 Safari/537.36"
212.152.158.195 - - [29/Nov/2017:14:53:55 +0100] "GET /images/error_msg_icon.gif HTTP/1.1" 200 1013 "http://renault.activities.at/checkout" "Mozilla/5.0 (Windows NT 6.1; Win64; x64) AppleWebKit/537.36 (KHTML, like Gecko) Chrome/62.0.3202.94 Safari/537.36"
212.152.158.195 - - [29/Nov/2017:14:53:57 +0100] "POST /docheckout HTTP/1.1" 200 68 "http://renault.activities.at/checkout" "Mozilla/5.0 (Windows NT 6.1; Win64; x64) AppleWebKit/537.36 (KHTML, like Gecko) Chrome/62.0.3202.94 Safari/537.36"
212.152.158.195 - - [29/Nov/2017:14:53:59 +0100] "GET /success HTTP/1.1" 200 3944 "http://renault.activities.at/checkout" "Mozilla/5.0 (Windows NT 6.1; Win64; x64) AppleWebKit/537.36 (KHTML, like Gecko) Chrome/62.0.3202.94 Safari/537.36"
212.152.158.195 - - [29/Nov/2017:14:54:04 +0100] "GET /reload?ser=1511964251935 HTTP/1.1" 200 28 "http://renault.activities.at/" "Mozilla/5.0 (Windows NT 6.1; WOW64; Trident/7.0; rv:11.0) like Gecko"
193.194.132.74 - - [29/Nov/2017:14:54:12 +0100] "GET /reload?ser=1511963652271 HTTP/1.1" 200 28 "http://renault.2web.at/result?searchterm=true&search=Master" "Mozilla/5.0 (Windows NT 6.1; WOW64; Trident/7.0; rv:11.0) like Gecko"
38.80.27.112 - - [29/Nov/2017:14:54:19 +0100] "GET /reload?ser=1511963724453 HTTP/1.1" 200 10166 "-" "Mozilla/5.0 (Windows NT 6.1; WOW64; rv:27.0) Gecko/20100101 Firefox/27.0"
80.123.225.34 - - [29/Nov/2017:14:54:35 +0100] "GET /reload?ser=1511963674545 HTTP/1.1" 200 28 "http://renault.activities.at/success" "Mozilla/5.0 (compatible; MSIE 10.0; Windows NT 6.1; WOW64; Trident/6.0)"
80.123.225.34 - - [29/Nov/2017:14:54:35 +0100] "GET /reload?ser=1511963677151 HTTP/1.1" 200 28 "http://renault.activities.at/11652031" "Mozilla/5.0 (compatible; MSIE 9.0; Windows NT 6.1; WOW64; Trident/5.0)"
212.152.158.195 - - [29/Nov/2017:14:55:01 +0100] "GET /reload?ser=1511963853739 HTTP/1.1" 200 28 "http://renault.activities.at/success" "Mozilla/5.0 (Windows NT 6.1; Win64; x64) AppleWebKit/537.36 (KHTML, like Gecko) Chrome/62.0.3202.94 Safari/537.36"
212.152.158.195 - - [29/Nov/2017:14:55:04 +0100] "GET /reload?ser=1511964312625 HTTP/1.1" 200 28 "http://renault.activities.at/" "Mozilla/5.0 (Windows NT 6.1; WOW64; Trident/7.0; rv:11.0) like Gecko"
193.194.132.74 - - [29/Nov/2017:14:55:13 +0100] "GET /reload?ser=1511963713820 HTTP/1.1" 200 28 "http://renault.2web.at/result?searchterm=true&search=Master" "Mozilla/5.0 (Windows NT 6.1; WOW64; Trident/7.0; rv:11.0) like Gecko"
80.123.225.34 - - [29/Nov/2017:14:55:36 +0100] "GET /reload?ser=1511963735536 HTTP/1.1" 200 28 "http://renault.activities.at/success" "Mozilla/5.0 (compatible; MSIE 10.0; Windows NT 6.1; WOW64; Trident/6.0)"
80.123.225.34 - - [29/Nov/2017:14:55:36 +0100] "GET /reload?ser=1511963738167 HTTP/1.1" 200 28 "http://renault.activities.at/11652031" "Mozilla/5.0 (compatible; MSIE 9.0; Windows NT 6.1; WOW64; Trident/5.0)"
212.152.158.195 - - [29/Nov/2017:14:56:02 +0100] "GET /reload?ser=1511963914729 HTTP/1.1" 200 28 "http://renault.activities.at/success" "Mozilla/5.0 (Windows NT 6.1; Win64; x64) AppleWebKit/537.36 (KHTML, like Gecko) Chrome/62.0.3202.94 Safari/537.36"
212.152.158.195 - - [29/Nov/2017:14:56:05 +0100] "GET /reload?ser=1511964373265 HTTP/1.1" 200 28 "http://renault.activities.at/" "Mozilla/5.0 (Windows NT 6.1; WOW64; Trident/7.0; rv:11.0) like Gecko"
193.194.132.74 - - [29/Nov/2017:14:56:14 +0100] "GET /reload?ser=1511963774859 HTTP/1.1" 200 28 "http://renault.2web.at/result?searchterm=true&search=Master" "Mozilla/5.0 (Windows NT 6.1; WOW64; Trident/7.0; rv:11.0) like Gecko"
80.123.225.34 - - [29/Nov/2017:14:56:37 +0100] "GET /reload?ser=1511963796539 HTTP/1.1" 200 28 "http://renault.activities.at/success" "Mozilla/5.0 (compatible; MSIE 10.0; Windows NT 6.1; WOW64; Trident/6.0)"
80.123.225.34 - - [29/Nov/2017:14:56:37 +0100] "GET /reload?ser=1511963799125 HTTP/1.1" 200 28 "http://renault.activities.at/11652031" "Mozilla/5.0 (compatible; MSIE 9.0; Windows NT 6.1; WOW64; Trident/5.0)"
212.152.158.195 - - [29/Nov/2017:14:57:03 +0100] "GET /reload?ser=1511963975658 HTTP/1.1" 200 28 "http://renault.activities.at/success" "Mozilla/5.0 (Windows NT 6.1; Win64; x64) AppleWebKit/537.36 (KHTML, like Gecko) Chrome/62.0.3202.94 Safari/537.36"
212.152.158.195 - - [29/Nov/2017:14:57:06 +0100] "GET /reload?ser=1511964433938 HTTP/1.1" 200 28 "http://renault.activities.at/" "Mozilla/5.0 (Windows NT 6.1; WOW64; Trident/7.0; rv:11.0) like Gecko"
193.194.132.74 - - [29/Nov/2017:14:57:16 +0100] "GET /reload?ser=1511963835975 HTTP/1.1" 200 28 "http://renault.2web.at/result?searchterm=true&search=Master" "Mozilla/5.0 (Windows NT 6.1; WOW64; Trident/7.0; rv:11.0) like Gecko"
80.123.225.34 - - [29/Nov/2017:14:57:38 +0100] "GET /reload?ser=1511963857511 HTTP/1.1" 200 28 "http://renault.activities.at/success" "Mozilla/5.0 (compatible; MSIE 10.0; Windows NT 6.1; WOW64; Trident/6.0)"
80.123.225.34 - - [29/Nov/2017:14:57:38 +0100] "GET /reload?ser=1511963860091 HTTP/1.1" 200 28 "http://renault.activities.at/11652031" "Mozilla/5.0 (compatible; MSIE 9.0; Windows NT 6.1; WOW64; Trident/5.0)"
80.120.148.242 - - [29/Nov/2017:14:57:45 +0100] "GET / HTTP/1.1" 200 4275 "-" "Mozilla/5.0 (Windows NT 6.1; WOW64; Trident/7.0; rv:11.0) like Gecko"
80.120.148.242 - - [29/Nov/2017:14:57:46 +0100] "GET /js/default.js HTTP/1.1" 304 - "http://renault.activities.at/" "Mozilla/5.0 (Windows NT 6.1; WOW64; Trident/7.0; rv:11.0) like Gecko"
80.120.148.242 - - [29/Nov/2017:14:57:46 +0100] "GET /js/flashdetection.js HTTP/1.1" 304 - "http://renault.activities.at/" "Mozilla/5.0 (Windows NT 6.1; WOW64; Trident/7.0; rv:11.0) like Gecko"
80.120.148.242 - - [29/Nov/2017:14:57:46 +0100] "GET /css/reset.css HTTP/1.1" 304 - "http://renault.activities.at/" "Mozilla/5.0 (Windows NT 6.1; WOW64; Trident/7.0; rv:11.0) like Gecko"
80.120.148.242 - - [29/Nov/2017:14:57:46 +0100] "GET /css/styles.css HTTP/1.1" 304 - "http://renault.activities.at/" "Mozilla/5.0 (Windows NT 6.1; WOW64; Trident/7.0; rv:11.0) like Gecko"
80.120.148.242 - - [29/Nov/2017:14:57:46 +0100] "GET /css/clears.css HTTP/1.1" 304 - "http://renault.activities.at/" "Mozilla/5.0 (Windows NT 6.1; WOW64; Trident/7.0; rv:11.0) like Gecko"
80.120.148.242 - - [29/Nov/2017:14:57:46 +0100] "GET /css/print.css HTTP/1.1" 304 - "http://renault.activities.at/" "Mozilla/5.0 (Windows NT 6.1; WOW64; Trident/7.0; rv:11.0) like Gecko"
80.120.148.242 - - [29/Nov/2017:14:57:46 +0100] "GET /js/checkout.css HTTP/1.1" 304 - "http://renault.activities.at/" "Mozilla/5.0 (Windows NT 6.1; WOW64; Trident/7.0; rv:11.0) like Gecko"
80.120.148.242 - - [29/Nov/2017:14:57:46 +0100] "GET /css/themes/default.css HTTP/1.1" 304 - "http://renault.activities.at/" "Mozilla/5.0 (Windows NT 6.1; WOW64; Trident/7.0; rv:11.0) like Gecko"
80.120.148.242 - - [29/Nov/2017:14:57:46 +0100] "GET /css/themes/alphacube.css HTTP/1.1" 304 - "http://renault.activities.at/" "Mozilla/5.0 (Windows NT 6.1; WOW64; Trident/7.0; rv:11.0) like Gecko"
80.120.148.242 - - [29/Nov/2017:14:57:48 +0100] "GET /css/prototip.css HTTP/1.1" 304 - "http://renault.activities.at/" "Mozilla/5.0 (Windows NT 6.1; WOW64; Trident/7.0; rv:11.0) like Gecko"
80.120.148.242 - - [29/Nov/2017:14:57:48 +0100] "GET /images/main_block_corner_left_bot.gif HTTP/1.1" 304 - "http://renault.activities.at/" "Mozilla/5.0 (Windows NT 6.1; WOW64; Trident/7.0; rv:11.0) like Gecko"
80.120.148.242 - - [29/Nov/2017:14:57:48 +0100] "GET /images/main_block_border.gif HTTP/1.1" 304 - "http://renault.activities.at/" "Mozilla/5.0 (Windows NT 6.1; WOW64; Trident/7.0; rv:11.0) like Gecko"
80.120.148.242 - - [29/Nov/2017:14:57:48 +0100] "GET /images/main_block_corner_right_bot.gif HTTP/1.1" 304 - "http://renault.activities.at/" "Mozilla/5.0 (Windows NT 6.1; WOW64; Trident/7.0; rv:11.0) like Gecko"
80.120.148.242 - - [29/Nov/2017:14:57:48 +0100] "GET /images/header_block_border.gif HTTP/1.1" 304 - "http://renault.activities.at/" "Mozilla/5.0 (Windows NT 6.1; WOW64; Trident/7.0; rv:11.0) like Gecko"
80.120.148.242 - - [29/Nov/2017:14:57:48 +0100] "GET /images/header_block_corner_left_top.gif HTTP/1.1" 304 - "http://renault.activities.at/" "Mozilla/5.0 (Windows NT 6.1; WOW64; Trident/7.0; rv:11.0) like Gecko"
80.120.148.242 - - [29/Nov/2017:14:57:48 +0100] "GET /images/header_block_corner_right_top.gif HTTP/1.1" 304 - "http://renault.activities.at/" "Mozilla/5.0 (Windows NT 6.1; WOW64; Trident/7.0; rv:11.0) like Gecko"
80.120.148.242 - - [29/Nov/2017:14:57:48 +0100] "GET /images/main_block_corner_left_top.gif HTTP/1.1" 304 - "http://renault.activities.at/" "Mozilla/5.0 (Windows NT 6.1; WOW64; Trident/7.0; rv:11.0) like Gecko"
80.120.148.242 - - [29/Nov/2017:14:57:48 +0100] "GET /images/main_block_corner_right_top.gif HTTP/1.1" 304 - "http://renault.activities.at/" "Mozilla/5.0 (Windows NT 6.1; WOW64; Trident/7.0; rv:11.0) like Gecko"
80.120.148.242 - - [29/Nov/2017:14:57:48 +0100] "GET /images/title_border.jpg HTTP/1.1" 304 - "http://renault.activities.at/" "Mozilla/5.0 (Windows NT 6.1; WOW64; Trident/7.0; rv:11.0) like Gecko"
80.120.148.242 - - [29/Nov/2017:14:57:48 +0100] "GET /images/title_border_top.jpg HTTP/1.1" 304 - "http://renault.activities.at/" "Mozilla/5.0 (Windows NT 6.1; WOW64; Trident/7.0; rv:11.0) like Gecko"
80.120.148.242 - - [29/Nov/2017:14:57:48 +0100] "GET /images/title_corner_left_top.jpg HTTP/1.1" 304 - "http://renault.activities.at/" "Mozilla/5.0 (Windows NT 6.1; WOW64; Trident/7.0; rv:11.0) like Gecko"
80.120.148.242 - - [29/Nov/2017:14:57:48 +0100] "GET /images/favicon.ico HTTP/1.1" 404 305 "-" "Mozilla/5.0 (Windows NT 6.1; Win64; x64; Trident/7.0; rv:11.0) like Gecko"
80.120.148.242 - - [29/Nov/2017:14:57:49 +0100] "GET /images/title_corner_right_top.jpg HTTP/1.1" 304 - "http://renault.activities.at/" "Mozilla/5.0 (Windows NT 6.1; WOW64; Trident/7.0; rv:11.0) like Gecko"
80.120.148.242 - - [29/Nov/2017:14:57:48 +0100] "GET /loadthumbnail.php?id=11127982 HTTP/1.1" 200 399614 "http://renault.activities.at/" "Mozilla/5.0 (Windows NT 6.1; WOW64; Trident/7.0; rv:11.0) like Gecko"
212.152.158.195 - - [29/Nov/2017:14:58:05 +0100] "GET /reload?ser=1511964037481 HTTP/1.1" 200 28 "http://renault.activities.at/success" "Mozilla/5.0 (Windows NT 6.1; Win64; x64) AppleWebKit/537.36 (KHTML, like Gecko) Chrome/62.0.3202.94 Safari/537.36"
212.152.158.195 - - [29/Nov/2017:14:58:06 +0100] "GET /reload?ser=1511964494595 HTTP/1.1" 200 28 "http://renault.activities.at/" "Mozilla/5.0 (Windows NT 6.1; WOW64; Trident/7.0; rv:11.0) like Gecko"
193.194.132.74 - - [29/Nov/2017:14:58:17 +0100] "GET /reload?ser=1511963897005 HTTP/1.1" 200 28 "http://renault.2web.at/result?searchterm=true&search=Master" "Mozilla/5.0 (Windows NT 6.1; WOW64; Trident/7.0; rv:11.0) like Gecko"
80.123.225.34 - - [29/Nov/2017:14:58:39 +0100] "GET /reload?ser=1511963918508 HTTP/1.1" 200 28 "http://renault.activities.at/success" "Mozilla/5.0 (compatible; MSIE 10.0; Windows NT 6.1; WOW64; Trident/6.0)"
80.123.225.34 - - [29/Nov/2017:14:58:39 +0100] "GET /reload?ser=1511963921080 HTTP/1.1" 200 28 "http://renault.activities.at/11652031" "Mozilla/5.0 (compatible; MSIE 9.0; Windows NT 6.1; WOW64; Trident/5.0)"
80.120.148.242 - - [29/Nov/2017:14:58:48 +0100] "GET /reload?ser=1511963928916 HTTP/1.1" 200 28 "http://renault.activities.at/" "Mozilla/5.0 (Windows NT 6.1; WOW64; Trident/7.0; rv:11.0) like Gecko"
