193.194.132.75 - - [29/Nov/2017:10:25:02 +0100] "GET /reload?ser=1511947502353 HTTP/1.1" 200 28 "http://renault.2web.at/success" "Mozilla/5.0 (Windows NT 6.1; WOW64; Trident/7.0; rv:11.0) like Gecko"
80.123.225.34 - - [29/Nov/2017:10:25:40 +0100] "GET /reload?ser=1511947540387 HTTP/1.1" 200 28 "http://renault.activities.at/result?dir=DESC&mode=grid&order=name&limit=50&page=2&search=Renault" "Mozilla/5.0 (compatible; MSIE 10.0; Windows NT 6.1; WOW64; Trident/6.0)"
80.80.251.48 - - [29/Nov/2017:10:26:02 +0100] "GET /reload?ser=1511947562937 HTTP/1.1" 200 28 "http://renault.activities.at/result?searchterm=true&search=REH5291" "Mozilla/5.0 (Windows NT 10.0; WOW64; Trident/7.0; Touch; rv:11.0) like Gecko"
193.194.132.75 - - [29/Nov/2017:10:26:03 +0100] "GET /reload?ser=1511947563455 HTTP/1.1" 200 28 "http://renault.2web.at/success" "Mozilla/5.0 (Windows NT 6.1; WOW64; Trident/7.0; rv:11.0) like Gecko"
80.123.225.34 - - [29/Nov/2017:10:26:41 +0100] "GET /reload?ser=1511947601339 HTTP/1.1" 200 28 "http://renault.activities.at/result?dir=DESC&mode=grid&order=name&limit=50&page=2&search=Renault" "Mozilla/5.0 (compatible; MSIE 10.0; Windows NT 6.1; WOW64; Trident/6.0)"
80.80.251.48 - - [29/Nov/2017:10:27:03 +0100] "GET /reload?ser=1511947623900 HTTP/1.1" 200 28 "http://renault.activities.at/result?searchterm=true&search=REH5291" "Mozilla/5.0 (Windows NT 10.0; WOW64; Trident/7.0; Touch; rv:11.0) like Gecko"
193.194.132.75 - - [29/Nov/2017:10:27:04 +0100] "GET /reload?ser=1511947624566 HTTP/1.1" 200 28 "http://renault.2web.at/success" "Mozilla/5.0 (Windows NT 6.1; WOW64; Trident/7.0; rv:11.0) like Gecko"
80.123.225.34 - - [29/Nov/2017:10:27:42 +0100] "GET /reload?ser=1511947662337 HTTP/1.1" 200 28 "http://renault.activities.at/result?dir=DESC&mode=grid&order=name&limit=50&page=2&search=Renault" "Mozilla/5.0 (compatible; MSIE 10.0; Windows NT 6.1; WOW64; Trident/6.0)"
80.80.251.48 - - [29/Nov/2017:10:28:04 +0100] "GET /reload?ser=1511947684849 HTTP/1.1" 200 28 "http://renault.activities.at/result?searchterm=true&search=REH5291" "Mozilla/5.0 (Windows NT 10.0; WOW64; Trident/7.0; Touch; rv:11.0) like Gecko"
193.194.132.75 - - [29/Nov/2017:10:28:05 +0100] "GET /reload?ser=1511947685675 HTTP/1.1" 200 28 "http://renault.2web.at/success" "Mozilla/5.0 (Windows NT 6.1; WOW64; Trident/7.0; rv:11.0) like Gecko"
80.123.225.34 - - [29/Nov/2017:10:28:43 +0100] "GET /reload?ser=1511947723363 HTTP/1.1" 200 28 "http://renault.activities.at/result?dir=DESC&mode=grid&order=name&limit=50&page=2&search=Renault" "Mozilla/5.0 (compatible; MSIE 10.0; Windows NT 6.1; WOW64; Trident/6.0)"
80.80.251.48 - - [29/Nov/2017:10:29:05 +0100] "GET /reload?ser=1511947745800 HTTP/1.1" 200 28 "http://renault.activities.at/result?searchterm=true&search=REH5291" "Mozilla/5.0 (Windows NT 10.0; WOW64; Trident/7.0; Touch; rv:11.0) like Gecko"
193.194.132.75 - - [29/Nov/2017:10:29:06 +0100] "GET /reload?ser=1511947746753 HTTP/1.1" 200 28 "http://renault.2web.at/success" "Mozilla/5.0 (Windows NT 6.1; WOW64; Trident/7.0; rv:11.0) like Gecko"
80.123.225.34 - - [29/Nov/2017:10:29:44 +0100] "GET /reload?ser=1511947784340 HTTP/1.1" 200 28 "http://renault.activities.at/result?dir=DESC&mode=grid&order=name&limit=50&page=2&search=Renault" "Mozilla/5.0 (compatible; MSIE 10.0; Windows NT 6.1; WOW64; Trident/6.0)"
80.80.251.48 - - [29/Nov/2017:10:30:06 +0100] "GET /reload?ser=1511947806787 HTTP/1.1" 200 28 "http://renault.activities.at/result?searchterm=true&search=REH5291" "Mozilla/5.0 (Windows NT 10.0; WOW64; Trident/7.0; Touch; rv:11.0) like Gecko"
193.194.132.75 - - [29/Nov/2017:10:30:07 +0100] "GET /reload?ser=1511947807853 HTTP/1.1" 200 28 "http://renault.2web.at/success" "Mozilla/5.0 (Windows NT 6.1; WOW64; Trident/7.0; rv:11.0) like Gecko"
80.123.225.34 - - [29/Nov/2017:10:30:45 +0100] "GET /reload?ser=1511947845316 HTTP/1.1" 200 28 "http://renault.activities.at/result?dir=DESC&mode=grid&order=name&limit=50&page=2&search=Renault" "Mozilla/5.0 (compatible; MSIE 10.0; Windows NT 6.1; WOW64; Trident/6.0)"
80.80.251.48 - - [29/Nov/2017:10:31:07 +0100] "GET /reload?ser=1511947867741 HTTP/1.1" 200 28 "http://renault.activities.at/result?searchterm=true&search=REH5291" "Mozilla/5.0 (Windows NT 10.0; WOW64; Trident/7.0; Touch; rv:11.0) like Gecko"
193.194.132.75 - - [29/Nov/2017:10:31:09 +0100] "GET /reload?ser=1511947868997 HTTP/1.1" 200 28 "http://renault.2web.at/success" "Mozilla/5.0 (Windows NT 6.1; WOW64; Trident/7.0; rv:11.0) like Gecko"
80.123.225.34 - - [29/Nov/2017:10:31:46 +0100] "GET /reload?ser=1511947906306 HTTP/1.1" 200 28 "http://renault.activities.at/result?dir=DESC&mode=grid&order=name&limit=50&page=2&search=Renault" "Mozilla/5.0 (compatible; MSIE 10.0; Windows NT 6.1; WOW64; Trident/6.0)"
80.80.251.48 - - [29/Nov/2017:10:32:08 +0100] "GET /reload?ser=1511947928726 HTTP/1.1" 200 28 "http://renault.activities.at/result?searchterm=true&search=REH5291" "Mozilla/5.0 (Windows NT 10.0; WOW64; Trident/7.0; Touch; rv:11.0) like Gecko"
193.194.132.75 - - [29/Nov/2017:10:32:10 +0100] "GET /reload?ser=1511947930043 HTTP/1.1" 200 28 "http://renault.2web.at/success" "Mozilla/5.0 (Windows NT 6.1; WOW64; Trident/7.0; rv:11.0) like Gecko"
80.123.225.34 - - [29/Nov/2017:10:32:47 +0100] "GET /reload?ser=1511947967290 HTTP/1.1" 200 28 "http://renault.activities.at/result?dir=DESC&mode=grid&order=name&limit=50&page=2&search=Renault" "Mozilla/5.0 (compatible; MSIE 10.0; Windows NT 6.1; WOW64; Trident/6.0)"
80.80.251.48 - - [29/Nov/2017:10:33:09 +0100] "GET /reload?ser=1511947989715 HTTP/1.1" 200 28 "http://renault.activities.at/result?searchterm=true&search=REH5291" "Mozilla/5.0 (Windows NT 10.0; WOW64; Trident/7.0; Touch; rv:11.0) like Gecko"
193.194.132.75 - - [29/Nov/2017:10:33:11 +0100] "GET /reload?ser=1511947991156 HTTP/1.1" 200 28 "http://renault.2web.at/success" "Mozilla/5.0 (Windows NT 6.1; WOW64; Trident/7.0; rv:11.0) like Gecko"
80.123.225.34 - - [29/Nov/2017:10:33:48 +0100] "GET /reload?ser=1511948028271 HTTP/1.1" 200 28 "http://renault.activities.at/result?dir=DESC&mode=grid&order=name&limit=50&page=2&search=Renault" "Mozilla/5.0 (compatible; MSIE 10.0; Windows NT 6.1; WOW64; Trident/6.0)"
66.249.79.73 - - [29/Nov/2017:10:33:57 +0100] "GET / HTTP/1.1" 200 4208 "-" "Mozilla/5.0 (compatible; Googlebot/2.1; +http://www.google.com/bot.html)"
80.80.251.48 - - [29/Nov/2017:10:34:10 +0100] "GET /reload?ser=1511948050686 HTTP/1.1" 200 28 "http://renault.activities.at/result?searchterm=true&search=REH5291" "Mozilla/5.0 (Windows NT 10.0; WOW64; Trident/7.0; Touch; rv:11.0) like Gecko"
193.194.132.75 - - [29/Nov/2017:10:34:12 +0100] "GET /reload?ser=1511948052249 HTTP/1.1" 200 28 "http://renault.2web.at/success" "Mozilla/5.0 (Windows NT 6.1; WOW64; Trident/7.0; rv:11.0) like Gecko"
80.123.225.34 - - [29/Nov/2017:10:34:49 +0100] "GET /reload?ser=1511948089306 HTTP/1.1" 200 28 "http://renault.activities.at/result?dir=DESC&mode=grid&order=name&limit=50&page=2&search=Renault" "Mozilla/5.0 (compatible; MSIE 10.0; Windows NT 6.1; WOW64; Trident/6.0)"
80.80.251.48 - - [29/Nov/2017:10:35:11 +0100] "GET /reload?ser=1511948111672 HTTP/1.1" 200 28 "http://renault.activities.at/result?searchterm=true&search=REH5291" "Mozilla/5.0 (Windows NT 10.0; WOW64; Trident/7.0; Touch; rv:11.0) like Gecko"
193.194.132.75 - - [29/Nov/2017:10:35:13 +0100] "GET /reload?ser=1511948113387 HTTP/1.1" 200 28 "http://renault.2web.at/success" "Mozilla/5.0 (Windows NT 6.1; WOW64; Trident/7.0; rv:11.0) like Gecko"
80.123.225.34 - - [29/Nov/2017:10:35:50 +0100] "GET /reload?ser=1511948150294 HTTP/1.1" 200 28 "http://renault.activities.at/result?dir=DESC&mode=grid&order=name&limit=50&page=2&search=Renault" "Mozilla/5.0 (compatible; MSIE 10.0; Windows NT 6.1; WOW64; Trident/6.0)"
80.80.251.48 - - [29/Nov/2017:10:36:12 +0100] "GET /reload?ser=1511948172623 HTTP/1.1" 200 28 "http://renault.activities.at/result?searchterm=true&search=REH5291" "Mozilla/5.0 (Windows NT 10.0; WOW64; Trident/7.0; Touch; rv:11.0) like Gecko"
193.194.132.75 - - [29/Nov/2017:10:36:14 +0100] "GET /reload?ser=1511948174508 HTTP/1.1" 200 28 "http://renault.2web.at/success" "Mozilla/5.0 (Windows NT 6.1; WOW64; Trident/7.0; rv:11.0) like Gecko"
80.123.225.34 - - [29/Nov/2017:10:36:51 +0100] "GET /reload?ser=1511948211291 HTTP/1.1" 200 28 "http://renault.activities.at/result?dir=DESC&mode=grid&order=name&limit=50&page=2&search=Renault" "Mozilla/5.0 (compatible; MSIE 10.0; Windows NT 6.1; WOW64; Trident/6.0)"
80.80.251.48 - - [29/Nov/2017:10:37:13 +0100] "GET /reload?ser=1511948233614 HTTP/1.1" 200 28 "http://renault.activities.at/result?searchterm=true&search=REH5291" "Mozilla/5.0 (Windows NT 10.0; WOW64; Trident/7.0; Touch; rv:11.0) like Gecko"
193.194.132.75 - - [29/Nov/2017:10:37:15 +0100] "GET /reload?ser=1511948235579 HTTP/1.1" 200 28 "http://renault.2web.at/success" "Mozilla/5.0 (Windows NT 6.1; WOW64; Trident/7.0; rv:11.0) like Gecko"
66.249.79.73 - - [29/Nov/2017:10:37:40 +0100] "GET / HTTP/1.1" 200 4208 "-" "Mozilla/5.0 (Linux; Android 6.0.1; Nexus 5X Build/MMB29P) AppleWebKit/537.36 (KHTML, like Gecko) Chrome/41.0.2272.96 Mobile Safari/537.36 (compatible; Googlebot/2.1; +http://www.google.com/bot.html)"
80.123.225.34 - - [29/Nov/2017:10:37:52 +0100] "GET /reload?ser=1511948272304 HTTP/1.1" 200 28 "http://renault.activities.at/result?dir=DESC&mode=grid&order=name&limit=50&page=2&search=Renault" "Mozilla/5.0 (compatible; MSIE 10.0; Windows NT 6.1; WOW64; Trident/6.0)"
80.80.251.48 - - [29/Nov/2017:10:38:14 +0100] "GET /reload?ser=1511948294567 HTTP/1.1" 200 28 "http://renault.activities.at/result?searchterm=true&search=REH5291" "Mozilla/5.0 (Windows NT 10.0; WOW64; Trident/7.0; Touch; rv:11.0) like Gecko"
193.194.132.75 - - [29/Nov/2017:10:38:16 +0100] "GET /reload?ser=1511948296666 HTTP/1.1" 200 28 "http://renault.2web.at/success" "Mozilla/5.0 (Windows NT 6.1; WOW64; Trident/7.0; rv:11.0) like Gecko"
80.123.225.34 - - [29/Nov/2017:10:38:53 +0100] "GET /reload?ser=1511948333325 HTTP/1.1" 200 28 "http://renault.activities.at/result?dir=DESC&mode=grid&order=name&limit=50&page=2&search=Renault" "Mozilla/5.0 (compatible; MSIE 10.0; Windows NT 6.1; WOW64; Trident/6.0)"
80.80.251.48 - - [29/Nov/2017:10:39:15 +0100] "GET /reload?ser=1511948355531 HTTP/1.1" 200 28 "http://renault.activities.at/result?searchterm=true&search=REH5291" "Mozilla/5.0 (Windows NT 10.0; WOW64; Trident/7.0; Touch; rv:11.0) like Gecko"
193.194.132.75 - - [29/Nov/2017:10:39:17 +0100] "GET /reload?ser=1511948357734 HTTP/1.1" 200 28 "http://renault.2web.at/success" "Mozilla/5.0 (Windows NT 6.1; WOW64; Trident/7.0; rv:11.0) like Gecko"
80.123.225.34 - - [29/Nov/2017:10:39:54 +0100] "GET /reload?ser=1511948394308 HTTP/1.1" 200 28 "http://renault.activities.at/result?dir=DESC&mode=grid&order=name&limit=50&page=2&search=Renault" "Mozilla/5.0 (compatible; MSIE 10.0; Windows NT 6.1; WOW64; Trident/6.0)"
80.80.251.48 - - [29/Nov/2017:10:40:16 +0100] "GET /reload?ser=1511948416527 HTTP/1.1" 200 28 "http://renault.activities.at/result?searchterm=true&search=REH5291" "Mozilla/5.0 (Windows NT 10.0; WOW64; Trident/7.0; Touch; rv:11.0) like Gecko"
193.194.132.75 - - [29/Nov/2017:10:40:19 +0100] "GET /reload?ser=1511948418892 HTTP/1.1" 200 28 "http://renault.2web.at/success" "Mozilla/5.0 (Windows NT 6.1; WOW64; Trident/7.0; rv:11.0) like Gecko"
80.123.225.34 - - [29/Nov/2017:10:40:55 +0100] "GET /reload?ser=1511948455323 HTTP/1.1" 200 28 "http://renault.activities.at/result?dir=DESC&mode=grid&order=name&limit=50&page=2&search=Renault" "Mozilla/5.0 (compatible; MSIE 10.0; Windows NT 6.1; WOW64; Trident/6.0)"
80.80.251.48 - - [29/Nov/2017:10:41:17 +0100] "GET /reload?ser=1511948477492 HTTP/1.1" 200 28 "http://renault.activities.at/result?searchterm=true&search=REH5291" "Mozilla/5.0 (Windows NT 10.0; WOW64; Trident/7.0; Touch; rv:11.0) like Gecko"
193.194.132.75 - - [29/Nov/2017:10:41:20 +0100] "GET /reload?ser=1511948479991 HTTP/1.1" 200 28 "http://renault.2web.at/success" "Mozilla/5.0 (Windows NT 6.1; WOW64; Trident/7.0; rv:11.0) like Gecko"
80.123.225.34 - - [29/Nov/2017:10:41:56 +0100] "GET /reload?ser=1511948516341 HTTP/1.1" 200 28 "http://renault.activities.at/result?dir=DESC&mode=grid&order=name&limit=50&page=2&search=Renault" "Mozilla/5.0 (compatible; MSIE 10.0; Windows NT 6.1; WOW64; Trident/6.0)"
80.80.251.48 - - [29/Nov/2017:10:42:18 +0100] "GET /reload?ser=1511948538447 HTTP/1.1" 200 28 "http://renault.activities.at/result?searchterm=true&search=REH5291" "Mozilla/5.0 (Windows NT 10.0; WOW64; Trident/7.0; Touch; rv:11.0) like Gecko"
193.194.132.75 - - [29/Nov/2017:10:42:21 +0100] "GET /reload?ser=1511948541093 HTTP/1.1" 200 28 "http://renault.2web.at/success" "Mozilla/5.0 (Windows NT 6.1; WOW64; Trident/7.0; rv:11.0) like Gecko"
80.123.225.34 - - [29/Nov/2017:10:42:57 +0100] "GET /reload?ser=1511948577341 HTTP/1.1" 200 28 "http://renault.activities.at/result?dir=DESC&mode=grid&order=name&limit=50&page=2&search=Renault" "Mozilla/5.0 (compatible; MSIE 10.0; Windows NT 6.1; WOW64; Trident/6.0)"
80.80.251.48 - - [29/Nov/2017:10:43:19 +0100] "GET /reload?ser=1511948599380 HTTP/1.1" 200 28 "http://renault.activities.at/result?searchterm=true&search=REH5291" "Mozilla/5.0 (Windows NT 10.0; WOW64; Trident/7.0; Touch; rv:11.0) like Gecko"
193.194.132.75 - - [29/Nov/2017:10:43:22 +0100] "GET /reload?ser=1511948602150 HTTP/1.1" 200 28 "http://renault.2web.at/success" "Mozilla/5.0 (Windows NT 6.1; WOW64; Trident/7.0; rv:11.0) like Gecko"
80.123.225.34 - - [29/Nov/2017:10:43:58 +0100] "GET /reload?ser=1511948638336 HTTP/1.1" 200 28 "http://renault.activities.at/result?dir=DESC&mode=grid&order=name&limit=50&page=2&search=Renault" "Mozilla/5.0 (compatible; MSIE 10.0; Windows NT 6.1; WOW64; Trident/6.0)"
80.80.251.48 - - [29/Nov/2017:10:44:20 +0100] "GET /reload?ser=1511948660367 HTTP/1.1" 200 28 "http://renault.activities.at/result?searchterm=true&search=REH5291" "Mozilla/5.0 (Windows NT 10.0; WOW64; Trident/7.0; Touch; rv:11.0) like Gecko"
193.194.132.75 - - [29/Nov/2017:10:44:23 +0100] "GET /reload?ser=1511948663247 HTTP/1.1" 200 28 "http://renault.2web.at/success" "Mozilla/5.0 (Windows NT 6.1; WOW64; Trident/7.0; rv:11.0) like Gecko"
80.123.225.34 - - [29/Nov/2017:10:44:59 +0100] "GET /reload?ser=1511948699329 HTTP/1.1" 200 28 "http://renault.activities.at/result?dir=DESC&mode=grid&order=name&limit=50&page=2&search=Renault" "Mozilla/5.0 (compatible; MSIE 10.0; Windows NT 6.1; WOW64; Trident/6.0)"
80.80.251.48 - - [29/Nov/2017:10:45:21 +0100] "GET /reload?ser=1511948721348 HTTP/1.1" 200 28 "http://renault.activities.at/result?searchterm=true&search=REH5291" "Mozilla/5.0 (Windows NT 10.0; WOW64; Trident/7.0; Touch; rv:11.0) like Gecko"
193.194.132.75 - - [29/Nov/2017:10:45:24 +0100] "GET /reload?ser=1511948724405 HTTP/1.1" 200 28 "http://renault.2web.at/success" "Mozilla/5.0 (Windows NT 6.1; WOW64; Trident/7.0; rv:11.0) like Gecko"
80.123.225.34 - - [29/Nov/2017:10:46:00 +0100] "GET /reload?ser=1511948760336 HTTP/1.1" 200 28 "http://renault.activities.at/result?dir=DESC&mode=grid&order=name&limit=50&page=2&search=Renault" "Mozilla/5.0 (compatible; MSIE 10.0; Windows NT 6.1; WOW64; Trident/6.0)"
80.80.251.48 - - [29/Nov/2017:10:46:22 +0100] "GET /reload?ser=1511948782340 HTTP/1.1" 200 28 "http://renault.activities.at/result?searchterm=true&search=REH5291" "Mozilla/5.0 (Windows NT 10.0; WOW64; Trident/7.0; Touch; rv:11.0) like Gecko"
193.194.132.75 - - [29/Nov/2017:10:46:25 +0100] "GET /reload?ser=1511948785492 HTTP/1.1" 200 28 "http://renault.2web.at/success" "Mozilla/5.0 (Windows NT 6.1; WOW64; Trident/7.0; rv:11.0) like Gecko"
80.123.225.34 - - [29/Nov/2017:10:47:01 +0100] "GET /reload?ser=1511948821363 HTTP/1.1" 200 28 "http://renault.activities.at/result?dir=DESC&mode=grid&order=name&limit=50&page=2&search=Renault" "Mozilla/5.0 (compatible; MSIE 10.0; Windows NT 6.1; WOW64; Trident/6.0)"
80.80.251.48 - - [29/Nov/2017:10:47:23 +0100] "GET /reload?ser=1511948843320 HTTP/1.1" 200 28 "http://renault.activities.at/result?searchterm=true&search=REH5291" "Mozilla/5.0 (Windows NT 10.0; WOW64; Trident/7.0; Touch; rv:11.0) like Gecko"
193.194.132.75 - - [29/Nov/2017:10:47:26 +0100] "GET /reload?ser=1511948846601 HTTP/1.1" 200 28 "http://renault.2web.at/success" "Mozilla/5.0 (Windows NT 6.1; WOW64; Trident/7.0; rv:11.0) like Gecko"
80.123.225.34 - - [29/Nov/2017:10:48:02 +0100] "GET /reload?ser=1511948882355 HTTP/1.1" 200 28 "http://renault.activities.at/result?dir=DESC&mode=grid&order=name&limit=50&page=2&search=Renault" "Mozilla/5.0 (compatible; MSIE 10.0; Windows NT 6.1; WOW64; Trident/6.0)"
193.194.132.75 - - [29/Nov/2017:10:48:12 +0100] "GET /result?searchterm=true&search=zoe HTTP/1.1" 200 11081 "http://renault.2web.at/success" "Mozilla/5.0 (Windows NT 6.1; WOW64; Trident/7.0; rv:11.0) like Gecko"
193.194.132.75 - - [29/Nov/2017:10:48:16 +0100] "GET /js/index.php?c=auto&f=,prototype/prototype.js,prototype/validation.js,scriptaculous/builder.js,scriptaculous/effects.js,scriptaculous/dragdrop.js,scriptaculous/controls.js,scriptaculous/slider.js,varien/js.js,varien/form.js,varien/menu.js,mage/translate.js,mage/cookies.js,varien/product.js,spinner/SpinnerControl.jsmin.js,prototype/window.js,prototype/window_ext.js HTTP/1.1" 304 - "http://renault.2web.at/result?searchterm=true&search=zoe" "Mozilla/5.0 (Windows NT 6.1; WOW64; Trident/7.0; rv:11.0) like Gecko"
193.194.132.75 - - [29/Nov/2017:10:48:16 +0100] "GET /loadthumbnail.php?id=11181185&width=113 HTTP/1.1" 200 1532 "http://renault.2web.at/result?searchterm=true&search=zoe" "Mozilla/5.0 (Windows NT 6.1; WOW64; Trident/7.0; rv:11.0) like Gecko"
193.194.132.75 - - [29/Nov/2017:10:48:16 +0100] "GET /loadthumbnail.php?id=11181178&width=113 HTTP/1.1" 200 1834 "http://renault.2web.at/result?searchterm=true&search=zoe" "Mozilla/5.0 (Windows NT 6.1; WOW64; Trident/7.0; rv:11.0) like Gecko"
193.194.132.75 - - [29/Nov/2017:10:48:16 +0100] "GET /loadthumbnail.php?id=11181189&width=113 HTTP/1.1" 200 1888 "http://renault.2web.at/result?searchterm=true&search=zoe" "Mozilla/5.0 (Windows NT 6.1; WOW64; Trident/7.0; rv:11.0) like Gecko"
193.194.132.75 - - [29/Nov/2017:10:48:16 +0100] "GET /loadthumbnail.php?id=11181187&width=113 HTTP/1.1" 200 1532 "http://renault.2web.at/result?searchterm=true&search=zoe" "Mozilla/5.0 (Windows NT 6.1; WOW64; Trident/7.0; rv:11.0) like Gecko"
193.194.132.75 - - [29/Nov/2017:10:48:16 +0100] "GET /loadthumbnail.php?id=11181180&width=113 HTTP/1.1" 200 1834 "http://renault.2web.at/result?searchterm=true&search=zoe" "Mozilla/5.0 (Windows NT 6.1; WOW64; Trident/7.0; rv:11.0) like Gecko"
193.194.132.75 - - [29/Nov/2017:10:48:16 +0100] "GET /loadthumbnail.php?id=11181191&width=113 HTTP/1.1" 200 1888 "http://renault.2web.at/result?searchterm=true&search=zoe" "Mozilla/5.0 (Windows NT 6.1; WOW64; Trident/7.0; rv:11.0) like Gecko"
193.194.132.75 - - [29/Nov/2017:10:48:16 +0100] "GET /loadthumbnail.php?id=11186502&width=113 HTTP/1.1" 200 2016 "http://renault.2web.at/result?searchterm=true&search=zoe" "Mozilla/5.0 (Windows NT 6.1; WOW64; Trident/7.0; rv:11.0) like Gecko"
193.194.132.75 - - [29/Nov/2017:10:48:16 +0100] "GET /loadthumbnail.php?id=10203276 HTTP/1.1" 200 75 "http://renault.2web.at/result?searchterm=true&search=zoe" "Mozilla/5.0 (Windows NT 6.1; WOW64; Trident/7.0; rv:11.0) like Gecko"
193.194.132.75 - - [29/Nov/2017:10:48:16 +0100] "GET /loadthumbnail.php?id=10259680&width=50&height=50 HTTP/1.1" 200 846 "http://renault.2web.at/result?searchterm=true&search=zoe" "Mozilla/5.0 (Windows NT 6.1; WOW64; Trident/7.0; rv:11.0) like Gecko"
193.194.132.75 - - [29/Nov/2017:10:48:16 +0100] "GET /loadthumbnail.php?id=11195848&width=113 HTTP/1.1" 200 2016 "http://renault.2web.at/result?searchterm=true&search=zoe" "Mozilla/5.0 (Windows NT 6.1; WOW64; Trident/7.0; rv:11.0) like Gecko"
193.194.132.75 - - [29/Nov/2017:10:48:16 +0100] "GET /loadthumbnail.php?id=11186498&width=113 HTTP/1.1" 200 2016 "http://renault.2web.at/result?searchterm=true&search=zoe" "Mozilla/5.0 (Windows NT 6.1; WOW64; Trident/7.0; rv:11.0) like Gecko"
193.194.132.75 - - [29/Nov/2017:10:48:16 +0100] "GET /loadthumbnail.php?id=10203650&width=113 HTTP/1.1" 200 2741 "http://renault.2web.at/result?searchterm=true&search=zoe" "Mozilla/5.0 (Windows NT 6.1; WOW64; Trident/7.0; rv:11.0) like Gecko"
193.194.132.75 - - [29/Nov/2017:10:48:16 +0100] "GET /loadthumbnail.php?id=11181166&width=113 HTTP/1.1" 200 847 "http://renault.2web.at/result?searchterm=true&search=zoe" "Mozilla/5.0 (Windows NT 6.1; WOW64; Trident/7.0; rv:11.0) like Gecko"
193.194.132.75 - - [29/Nov/2017:10:48:16 +0100] "GET /loadthumbnail.php?id=11181168&width=113 HTTP/1.1" 200 847 "http://renault.2web.at/result?searchterm=true&search=zoe" "Mozilla/5.0 (Windows NT 6.1; WOW64; Trident/7.0; rv:11.0) like Gecko"
193.194.132.75 - - [29/Nov/2017:10:48:12 +0100] "POST /axjaxrequest?mode=suggest HTTP/1.1" 200 143 "http://renault.2web.at/success" "Mozilla/5.0 (Windows NT 6.1; WOW64; Trident/7.0; rv:11.0) like Gecko"
193.194.132.75 - - [29/Nov/2017:10:48:19 +0100] "GET /loadthumbnail.php?id=11323664&width=113 HTTP/1.1" 200 1997 "http://renault.2web.at/result?searchterm=true&search=zoe" "Mozilla/5.0 (Windows NT 6.1; WOW64; Trident/7.0; rv:11.0) like Gecko"
193.194.132.75 - - [29/Nov/2017:10:48:19 +0100] "GET /loadthumbnail.php?id=11323660&width=113 HTTP/1.1" 200 2016 "http://renault.2web.at/result?searchterm=true&search=zoe" "Mozilla/5.0 (Windows NT 6.1; WOW64; Trident/7.0; rv:11.0) like Gecko"
80.80.251.48 - - [29/Nov/2017:10:48:24 +0100] "GET /reload?ser=1511948904304 HTTP/1.1" 200 28 "http://renault.activities.at/result?searchterm=true&search=REH5291" "Mozilla/5.0 (Windows NT 10.0; WOW64; Trident/7.0; Touch; rv:11.0) like Gecko"
193.194.132.75 - - [29/Nov/2017:10:48:22 +0100] "GET /result?dir=ASC&mode=grid&order=name&limit=15&page=1&search=zoe HTTP/1.1" 200 11235 "http://renault.2web.at/result?searchterm=true&search=zoe" "Mozilla/5.0 (Windows NT 6.1; WOW64; Trident/7.0; rv:11.0) like Gecko"
193.194.132.75 - - [29/Nov/2017:10:48:25 +0100] "GET /js/index.php?c=auto&f=,prototype/prototype.js,prototype/validation.js,scriptaculous/builder.js,scriptaculous/effects.js,scriptaculous/dragdrop.js,scriptaculous/controls.js,scriptaculous/slider.js,varien/js.js,varien/form.js,varien/menu.js,mage/translate.js,mage/cookies.js,varien/product.js,spinner/SpinnerControl.jsmin.js,prototype/window.js,prototype/window_ext.js HTTP/1.1" 304 - "http://renault.2web.at/result?dir=ASC&mode=grid&order=name&limit=15&page=1&search=zoe" "Mozilla/5.0 (Windows NT 6.1; WOW64; Trident/7.0; rv:11.0) like Gecko"
193.194.132.75 - - [29/Nov/2017:10:48:25 +0100] "GET /loadthumbnail.php?id=10203254 HTTP/1.1" 200 77 "http://renault.2web.at/result?dir=ASC&mode=grid&order=name&limit=15&page=1&search=zoe" "Mozilla/5.0 (Windows NT 6.1; WOW64; Trident/7.0; rv:11.0) like Gecko"
193.194.132.75 - - [29/Nov/2017:10:48:25 +0100] "GET /loadthumbnail.php?id=11181193&width=113 HTTP/1.1" 200 1448 "http://renault.2web.at/result?dir=ASC&mode=grid&order=name&limit=15&page=1&search=zoe" "Mozilla/5.0 (Windows NT 6.1; WOW64; Trident/7.0; rv:11.0) like Gecko"
193.194.132.75 - - [29/Nov/2017:10:48:25 +0100] "GET /loadthumbnail.php?id=11418139&width=113 HTTP/1.1" 200 4422 "http://renault.2web.at/result?dir=ASC&mode=grid&order=name&limit=15&page=1&search=zoe" "Mozilla/5.0 (Windows NT 6.1; WOW64; Trident/7.0; rv:11.0) like Gecko"
193.194.132.75 - - [29/Nov/2017:10:48:25 +0100] "GET /loadthumbnail.php?id=11181170&width=113 HTTP/1.1" 200 1576 "http://renault.2web.at/result?dir=ASC&mode=grid&order=name&limit=15&page=1&search=zoe" "Mozilla/5.0 (Windows NT 6.1; WOW64; Trident/7.0; rv:11.0) like Gecko"
193.194.132.75 - - [29/Nov/2017:10:48:25 +0100] "GET /loadthumbnail.php?id=11181172&width=113 HTTP/1.1" 200 1576 "http://renault.2web.at/result?dir=ASC&mode=grid&order=name&limit=15&page=1&search=zoe" "Mozilla/5.0 (Windows NT 6.1; WOW64; Trident/7.0; rv:11.0) like Gecko"
193.194.132.75 - - [29/Nov/2017:10:48:25 +0100] "GET /loadthumbnail.php?id=11361004&width=113 HTTP/1.1" 200 3059 "http://renault.2web.at/result?dir=ASC&mode=grid&order=name&limit=15&page=1&search=zoe" "Mozilla/5.0 (Windows NT 6.1; WOW64; Trident/7.0; rv:11.0) like Gecko"
193.194.132.75 - - [29/Nov/2017:10:48:25 +0100] "GET /loadthumbnail.php?id=11322200&width=113 HTTP/1.1" 200 2754 "http://renault.2web.at/result?dir=ASC&mode=grid&order=name&limit=15&page=1&search=zoe" "Mozilla/5.0 (Windows NT 6.1; WOW64; Trident/7.0; rv:11.0) like Gecko"
193.194.132.75 - - [29/Nov/2017:10:48:25 +0100] "GET /loadthumbnail.php?id=11036127&width=113 HTTP/1.1" 200 1099 "http://renault.2web.at/result?dir=ASC&mode=grid&order=name&limit=15&page=1&search=zoe" "Mozilla/5.0 (Windows NT 6.1; WOW64; Trident/7.0; rv:11.0) like Gecko"
193.194.132.75 - - [29/Nov/2017:10:48:25 +0100] "GET /loadthumbnail.php?id=11181195&width=113 HTTP/1.1" 200 1448 "http://renault.2web.at/result?dir=ASC&mode=grid&order=name&limit=15&page=1&search=zoe" "Mozilla/5.0 (Windows NT 6.1; WOW64; Trident/7.0; rv:11.0) like Gecko"
193.194.132.75 - - [29/Nov/2017:10:48:25 +0100] "GET /loadthumbnail.php?id=11342067&width=113 HTTP/1.1" 200 21913 "http://renault.2web.at/result?dir=ASC&mode=grid&order=name&limit=15&page=1&search=zoe" "Mozilla/5.0 (Windows NT 6.1; WOW64; Trident/7.0; rv:11.0) like Gecko"
86.59.113.102 - - [29/Nov/2017:10:48:39 +0100] "GET / HTTP/1.0" 200 18375 "-" "curl/7.21.0 (i486-pc-linux-gnu) libcurl/7.21.0 OpenSSL/0.9.8o zlib/1.2.3.4 libidn/1.15 libssh2/1.2.6"
80.123.225.34 - - [29/Nov/2017:10:49:03 +0100] "GET /reload?ser=1511948943370 HTTP/1.1" 200 28 "http://renault.activities.at/result?dir=DESC&mode=grid&order=name&limit=50&page=2&search=Renault" "Mozilla/5.0 (compatible; MSIE 10.0; Windows NT 6.1; WOW64; Trident/6.0)"
80.80.251.48 - - [29/Nov/2017:10:49:25 +0100] "GET /reload?ser=1511948965249 HTTP/1.1" 200 28 "http://renault.activities.at/result?searchterm=true&search=REH5291" "Mozilla/5.0 (Windows NT 10.0; WOW64; Trident/7.0; Touch; rv:11.0) like Gecko"
193.194.132.75 - - [29/Nov/2017:10:49:26 +0100] "GET /reload?ser=1511948966077 HTTP/1.1" 200 28 "http://renault.2web.at/result?dir=ASC&mode=grid&order=name&limit=15&page=1&search=zoe" "Mozilla/5.0 (Windows NT 6.1; WOW64; Trident/7.0; rv:11.0) like Gecko"
80.123.225.34 - - [29/Nov/2017:10:50:04 +0100] "GET /reload?ser=1511949004349 HTTP/1.1" 200 28 "http://renault.activities.at/result?dir=DESC&mode=grid&order=name&limit=50&page=2&search=Renault" "Mozilla/5.0 (compatible; MSIE 10.0; Windows NT 6.1; WOW64; Trident/6.0)"
193.194.132.75 - - [29/Nov/2017:10:50:09 +0100] "POST /result?dir=ASC&mode=grid&order=name&limit=15&page=1&search=zoe HTTP/1.1" 200 11448 "http://renault.2web.at/result?dir=ASC&mode=grid&order=name&limit=15&page=1&search=zoe" "Mozilla/5.0 (Windows NT 6.1; WOW64; Trident/7.0; rv:11.0) like Gecko"
193.194.132.75 - - [29/Nov/2017:10:50:15 +0100] "GET /js/index.php?c=auto&f=,prototype/prototype.js,prototype/validation.js,scriptaculous/builder.js,scriptaculous/effects.js,scriptaculous/dragdrop.js,scriptaculous/controls.js,scriptaculous/slider.js,varien/js.js,varien/form.js,varien/menu.js,mage/translate.js,mage/cookies.js,varien/product.js,spinner/SpinnerControl.jsmin.js,prototype/window.js,prototype/window_ext.js HTTP/1.1" 304 - "http://renault.2web.at/result?dir=ASC&mode=grid&order=name&limit=15&page=1&search=zoe" "Mozilla/5.0 (Windows NT 6.1; WOW64; Trident/7.0; rv:11.0) like Gecko"
193.194.132.75 - - [29/Nov/2017:10:50:18 +0100] "POST /axjaxrequest?mode=suggest HTTP/1.1" 200 111 "http://renault.2web.at/result?dir=ASC&mode=grid&order=name&limit=15&page=1&search=zoe" "Mozilla/5.0 (Windows NT 6.1; WOW64; Trident/7.0; rv:11.0) like Gecko"
193.194.132.75 - - [29/Nov/2017:10:50:21 +0100] "GET /result?searchterm=true&search=twizy HTTP/1.1" 200 10032 "http://renault.2web.at/result?dir=ASC&mode=grid&order=name&limit=15&page=1&search=zoe" "Mozilla/5.0 (Windows NT 6.1; WOW64; Trident/7.0; rv:11.0) like Gecko"
193.194.132.75 - - [29/Nov/2017:10:50:23 +0100] "GET /js/index.php?c=auto&f=,prototype/prototype.js,prototype/validation.js,scriptaculous/builder.js,scriptaculous/effects.js,scriptaculous/dragdrop.js,scriptaculous/controls.js,scriptaculous/slider.js,varien/js.js,varien/form.js,varien/menu.js,mage/translate.js,mage/cookies.js,varien/product.js,spinner/SpinnerControl.jsmin.js,prototype/window.js,prototype/window_ext.js HTTP/1.1" 304 - "http://renault.2web.at/result?searchterm=true&search=twizy" "Mozilla/5.0 (Windows NT 6.1; WOW64; Trident/7.0; rv:11.0) like Gecko"
193.194.132.75 - - [29/Nov/2017:10:50:24 +0100] "GET /loadthumbnail.php?id=11186518&width=113 HTTP/1.1" 200 1516 "http://renault.2web.at/result?searchterm=true&search=twizy" "Mozilla/5.0 (Windows NT 6.1; WOW64; Trident/7.0; rv:11.0) like Gecko"
193.194.132.75 - - [29/Nov/2017:10:50:24 +0100] "GET /loadthumbnail.php?id=11186505&width=113 HTTP/1.1" 200 1516 "http://renault.2web.at/result?searchterm=true&search=twizy" "Mozilla/5.0 (Windows NT 6.1; WOW64; Trident/7.0; rv:11.0) like Gecko"
193.194.132.75 - - [29/Nov/2017:10:50:24 +0100] "GET /loadthumbnail.php?id=10260910&width=113 HTTP/1.1" 200 3135 "http://renault.2web.at/result?searchterm=true&search=twizy" "Mozilla/5.0 (Windows NT 6.1; WOW64; Trident/7.0; rv:11.0) like Gecko"
193.194.132.75 - - [29/Nov/2017:10:50:24 +0100] "GET /loadthumbnail.php?id=10261230&width=113 HTTP/1.1" 200 1170 "http://renault.2web.at/result?searchterm=true&search=twizy" "Mozilla/5.0 (Windows NT 6.1; WOW64; Trident/7.0; rv:11.0) like Gecko"
193.194.132.75 - - [29/Nov/2017:10:50:24 +0100] "GET /loadthumbnail.php?id=11228566&width=113 HTTP/1.1" 200 4033 "http://renault.2web.at/result?searchterm=true&search=twizy" "Mozilla/5.0 (Windows NT 6.1; WOW64; Trident/7.0; rv:11.0) like Gecko"
80.80.251.48 - - [29/Nov/2017:10:50:26 +0100] "GET /reload?ser=1511949026219 HTTP/1.1" 200 28 "http://renault.activities.at/result?searchterm=true&search=REH5291" "Mozilla/5.0 (Windows NT 10.0; WOW64; Trident/7.0; Touch; rv:11.0) like Gecko"
193.194.132.75 - - [29/Nov/2017:10:50:25 +0100] "GET /result?dir=ASC&mode=grid&order=name&limit=15&page=1&search=twizy HTTP/1.1" 200 10026 "http://renault.2web.at/result?searchterm=true&search=twizy" "Mozilla/5.0 (Windows NT 6.1; WOW64; Trident/7.0; rv:11.0) like Gecko"
193.194.132.75 - - [29/Nov/2017:10:50:27 +0100] "GET /js/index.php?c=auto&f=,prototype/prototype.js,prototype/validation.js,scriptaculous/builder.js,scriptaculous/effects.js,scriptaculous/dragdrop.js,scriptaculous/controls.js,scriptaculous/slider.js,varien/js.js,varien/form.js,varien/menu.js,mage/translate.js,mage/cookies.js,varien/product.js,spinner/SpinnerControl.jsmin.js,prototype/window.js,prototype/window_ext.js HTTP/1.1" 304 - "http://renault.2web.at/result?dir=ASC&mode=grid&order=name&limit=15&page=1&search=twizy" "Mozilla/5.0 (Windows NT 6.1; WOW64; Trident/7.0; rv:11.0) like Gecko"
193.194.132.75 - - [29/Nov/2017:10:50:34 +0100] "POST /result?dir=ASC&mode=grid&order=name&limit=15&page=1&search=twizy HTTP/1.1" 200 10137 "http://renault.2web.at/result?dir=ASC&mode=grid&order=name&limit=15&page=1&search=twizy" "Mozilla/5.0 (Windows NT 6.1; WOW64; Trident/7.0; rv:11.0) like Gecko"
193.194.132.75 - - [29/Nov/2017:10:50:37 +0100] "GET /js/index.php?c=auto&f=,prototype/prototype.js,prototype/validation.js,scriptaculous/builder.js,scriptaculous/effects.js,scriptaculous/dragdrop.js,scriptaculous/controls.js,scriptaculous/slider.js,varien/js.js,varien/form.js,varien/menu.js,mage/translate.js,mage/cookies.js,varien/product.js,spinner/SpinnerControl.jsmin.js,prototype/window.js,prototype/window_ext.js HTTP/1.1" 304 - "http://renault.2web.at/result?dir=ASC&mode=grid&order=name&limit=15&page=1&search=twizy" "Mozilla/5.0 (Windows NT 6.1; WOW64; Trident/7.0; rv:11.0) like Gecko"
193.194.132.75 - - [29/Nov/2017:10:50:43 +0100] "POST /axjaxrequest?mode=suggest HTTP/1.1" 200 111 "http://renault.2web.at/result?dir=ASC&mode=grid&order=name&limit=15&page=1&search=twizy" "Mozilla/5.0 (Windows NT 6.1; WOW64; Trident/7.0; rv:11.0) like Gecko"
193.194.132.75 - - [29/Nov/2017:10:50:44 +0100] "GET /result?searchterm=true&search=kangoo+ HTTP/1.1" 200 11216 "http://renault.2web.at/result?dir=ASC&mode=grid&order=name&limit=15&page=1&search=twizy" "Mozilla/5.0 (Windows NT 6.1; WOW64; Trident/7.0; rv:11.0) like Gecko"
193.194.132.75 - - [29/Nov/2017:10:50:48 +0100] "GET /js/index.php?c=auto&f=,prototype/prototype.js,prototype/validation.js,scriptaculous/builder.js,scriptaculous/effects.js,scriptaculous/dragdrop.js,scriptaculous/controls.js,scriptaculous/slider.js,varien/js.js,varien/form.js,varien/menu.js,mage/translate.js,mage/cookies.js,varien/product.js,spinner/SpinnerControl.jsmin.js,prototype/window.js,prototype/window_ext.js HTTP/1.1" 304 - "http://renault.2web.at/result?searchterm=true&search=kangoo+" "Mozilla/5.0 (Windows NT 6.1; WOW64; Trident/7.0; rv:11.0) like Gecko"
193.194.132.75 - - [29/Nov/2017:10:50:48 +0100] "GET /loadthumbnail.php?id=11186457&width=113 HTTP/1.1" 200 1278 "http://renault.2web.at/result?searchterm=true&search=kangoo+" "Mozilla/5.0 (Windows NT 6.1; WOW64; Trident/7.0; rv:11.0) like Gecko"
193.194.132.75 - - [29/Nov/2017:10:50:48 +0100] "GET /loadthumbnail.php?id=11194717&width=113 HTTP/1.1" 200 1278 "http://renault.2web.at/result?searchterm=true&search=kangoo+" "Mozilla/5.0 (Windows NT 6.1; WOW64; Trident/7.0; rv:11.0) like Gecko"
193.194.132.75 - - [29/Nov/2017:10:50:48 +0100] "GET /loadthumbnail.php?id=11387741&width=113 HTTP/1.1" 200 6104 "http://renault.2web.at/result?searchterm=true&search=kangoo+" "Mozilla/5.0 (Windows NT 6.1; WOW64; Trident/7.0; rv:11.0) like Gecko"
193.194.132.75 - - [29/Nov/2017:10:50:48 +0100] "GET /loadthumbnail.php?id=11186469&width=113 HTTP/1.1" 200 1278 "http://renault.2web.at/result?searchterm=true&search=kangoo+" "Mozilla/5.0 (Windows NT 6.1; WOW64; Trident/7.0; rv:11.0) like Gecko"
193.194.132.75 - - [29/Nov/2017:10:50:48 +0100] "GET /loadthumbnail.php?id=11186475&width=113 HTTP/1.1" 200 1083 "http://renault.2web.at/result?searchterm=true&search=kangoo+" "Mozilla/5.0 (Windows NT 6.1; WOW64; Trident/7.0; rv:11.0) like Gecko"
193.194.132.75 - - [29/Nov/2017:10:50:48 +0100] "GET /loadthumbnail.php?id=11194721&width=113 HTTP/1.1" 200 1083 "http://renault.2web.at/result?searchterm=true&search=kangoo+" "Mozilla/5.0 (Windows NT 6.1; WOW64; Trident/7.0; rv:11.0) like Gecko"
193.194.132.75 - - [29/Nov/2017:10:50:48 +0100] "GET /loadthumbnail.php?id=11186479&width=113 HTTP/1.1" 200 1083 "http://renault.2web.at/result?searchterm=true&search=kangoo+" "Mozilla/5.0 (Windows NT 6.1; WOW64; Trident/7.0; rv:11.0) like Gecko"
193.194.132.75 - - [29/Nov/2017:10:50:48 +0100] "GET /loadthumbnail.php?id=11564187&width=113 HTTP/1.1" 200 22491 "http://renault.2web.at/result?searchterm=true&search=kangoo+" "Mozilla/5.0 (Windows NT 6.1; WOW64; Trident/7.0; rv:11.0) like Gecko"
80.123.225.34 - - [29/Nov/2017:10:51:05 +0100] "GET /reload?ser=1511949065365 HTTP/1.1" 200 28 "http://renault.activities.at/result?dir=DESC&mode=grid&order=name&limit=50&page=2&search=Renault" "Mozilla/5.0 (compatible; MSIE 10.0; Windows NT 6.1; WOW64; Trident/6.0)"
80.80.251.48 - - [29/Nov/2017:10:51:27 +0100] "GET /reload?ser=1511949087184 HTTP/1.1" 200 28 "http://renault.activities.at/result?searchterm=true&search=REH5291" "Mozilla/5.0 (Windows NT 10.0; WOW64; Trident/7.0; Touch; rv:11.0) like Gecko"
193.194.132.75 - - [29/Nov/2017:10:51:48 +0100] "GET /reload?ser=1511949108682 HTTP/1.1" 200 28 "http://renault.2web.at/result?searchterm=true&search=kangoo+" "Mozilla/5.0 (Windows NT 6.1; WOW64; Trident/7.0; rv:11.0) like Gecko"
86.59.113.102 - - [29/Nov/2017:10:51:51 +0100] "GET / HTTP/1.0" 200 18375 "-" "curl/7.21.0 (i486-pc-linux-gnu) libcurl/7.21.0 OpenSSL/0.9.8o zlib/1.2.3.4 libidn/1.15 libssh2/1.2.6"
80.123.225.34 - - [29/Nov/2017:10:52:06 +0100] "GET /reload?ser=1511949126385 HTTP/1.1" 200 28 "http://renault.activities.at/result?dir=DESC&mode=grid&order=name&limit=50&page=2&search=Renault" "Mozilla/5.0 (compatible; MSIE 10.0; Windows NT 6.1; WOW64; Trident/6.0)"
80.80.251.48 - - [29/Nov/2017:10:52:28 +0100] "GET /reload?ser=1511949148169 HTTP/1.1" 200 28 "http://renault.activities.at/result?searchterm=true&search=REH5291" "Mozilla/5.0 (Windows NT 10.0; WOW64; Trident/7.0; Touch; rv:11.0) like Gecko"
193.194.132.75 - - [29/Nov/2017:10:52:49 +0100] "GET /reload?ser=1511949169813 HTTP/1.1" 200 28 "http://renault.2web.at/result?searchterm=true&search=kangoo+" "Mozilla/5.0 (Windows NT 6.1; WOW64; Trident/7.0; rv:11.0) like Gecko"
80.123.225.34 - - [29/Nov/2017:10:53:07 +0100] "GET /reload?ser=1511949187410 HTTP/1.1" 200 28 "http://renault.activities.at/result?dir=DESC&mode=grid&order=name&limit=50&page=2&search=Renault" "Mozilla/5.0 (compatible; MSIE 10.0; Windows NT 6.1; WOW64; Trident/6.0)"
193.194.132.70 - - [29/Nov/2017:10:53:26 +0100] "GET / HTTP/1.1" 200 4212 "-" "Mozilla/5.0 (Windows NT 6.1; WOW64; Trident/7.0; rv:11.0) like Gecko"
193.194.132.70 - - [29/Nov/2017:10:53:28 +0100] "GET /loadthumbnail.php?id=11127982 HTTP/1.1" 200 399614 "http://renault.2web.at/" "Mozilla/5.0 (Windows NT 6.1; WOW64; Trident/7.0; rv:11.0) like Gecko"
80.80.251.48 - - [29/Nov/2017:10:53:29 +0100] "GET /reload?ser=1511949209131 HTTP/1.1" 200 28 "http://renault.activities.at/result?searchterm=true&search=REH5291" "Mozilla/5.0 (Windows NT 10.0; WOW64; Trident/7.0; Touch; rv:11.0) like Gecko"
193.194.132.70 - - [29/Nov/2017:10:53:44 +0100] "GET /login HTTP/1.1" 200 2086 "http://renault.2web.at/" "Mozilla/5.0 (Windows NT 6.1; WOW64; Trident/7.0; rv:11.0) like Gecko"
193.194.132.75 - - [29/Nov/2017:10:53:51 +0100] "GET /reload?ser=1511949230875 HTTP/1.1" 200 28 "http://renault.2web.at/result?searchterm=true&search=kangoo+" "Mozilla/5.0 (Windows NT 6.1; WOW64; Trident/7.0; rv:11.0) like Gecko"
193.194.132.70 - - [29/Nov/2017:10:53:55 +0100] "POST /login HTTP/1.1" 302 137 "http://renault.2web.at/login" "Mozilla/5.0 (Windows NT 6.1; WOW64; Trident/7.0; rv:11.0) like Gecko"
193.194.132.70 - - [29/Nov/2017:10:53:57 +0100] "GET /account HTTP/1.1" 200 8716 "http://renault.2web.at/login" "Mozilla/5.0 (Windows NT 6.1; WOW64; Trident/7.0; rv:11.0) like Gecko"
193.194.132.70 - - [29/Nov/2017:10:54:05 +0100] "GET /loadthumbnail.php?id=11615283&width=50&height=50 HTTP/1.1" 200 2672 "http://renault.2web.at/account" "Mozilla/5.0 (Windows NT 6.1; WOW64; Trident/7.0; rv:11.0) like Gecko"
80.123.225.34 - - [29/Nov/2017:10:54:08 +0100] "GET /reload?ser=1511949248386 HTTP/1.1" 200 28 "http://renault.activities.at/result?dir=DESC&mode=grid&order=name&limit=50&page=2&search=Renault" "Mozilla/5.0 (compatible; MSIE 10.0; Windows NT 6.1; WOW64; Trident/6.0)"
193.194.132.70 - - [29/Nov/2017:10:54:08 +0100] "GET /result?searchterm=true&search=REH5246 HTTP/1.1" 200 7977 "http://renault.2web.at/account" "Mozilla/5.0 (Windows NT 6.1; WOW64; Trident/7.0; rv:11.0) like Gecko"
193.194.132.70 - - [29/Nov/2017:10:54:11 +0100] "GET /loadthumbnail.php?id=10203255 HTTP/1.1" 200 137 "http://renault.2web.at/result?searchterm=true&search=REH5246" "Mozilla/5.0 (Windows NT 6.1; WOW64; Trident/7.0; rv:11.0) like Gecko"
193.194.132.70 - - [29/Nov/2017:10:54:11 +0100] "GET /loadthumbnail.php?id=11660364&width=113 HTTP/1.1" 200 1865 "http://renault.2web.at/result?searchterm=true&search=REH5246" "Mozilla/5.0 (Windows NT 6.1; WOW64; Trident/7.0; rv:11.0) like Gecko"
193.194.132.75 - - [29/Nov/2017:10:54:13 +0100] "GET /result?dir=ASC&mode=grid&order=name&limit=15&page=1&search=kangoo HTTP/1.1" 200 11318 "http://renault.2web.at/result?searchterm=true&search=kangoo+" "Mozilla/5.0 (Windows NT 6.1; WOW64; Trident/7.0; rv:11.0) like Gecko"
193.194.132.75 - - [29/Nov/2017:10:54:16 +0100] "GET /js/index.php?c=auto&f=,prototype/prototype.js,prototype/validation.js,scriptaculous/builder.js,scriptaculous/effects.js,scriptaculous/dragdrop.js,scriptaculous/controls.js,scriptaculous/slider.js,varien/js.js,varien/form.js,varien/menu.js,mage/translate.js,mage/cookies.js,varien/product.js,spinner/SpinnerControl.jsmin.js,prototype/window.js,prototype/window_ext.js HTTP/1.1" 304 - "http://renault.2web.at/result?dir=ASC&mode=grid&order=name&limit=15&page=1&search=kangoo" "Mozilla/5.0 (Windows NT 6.1; WOW64; Trident/7.0; rv:11.0) like Gecko"
193.194.132.75 - - [29/Nov/2017:10:54:16 +0100] "GET /loadthumbnail.php?id=11590242&width=113 HTTP/1.1" 200 3202 "http://renault.2web.at/result?dir=ASC&mode=grid&order=name&limit=15&page=1&search=kangoo" "Mozilla/5.0 (Windows NT 6.1; WOW64; Trident/7.0; rv:11.0) like Gecko"
193.194.132.75 - - [29/Nov/2017:10:54:16 +0100] "GET /loadthumbnail.php?id=11036126&width=113 HTTP/1.1" 200 1377 "http://renault.2web.at/result?dir=ASC&mode=grid&order=name&limit=15&page=1&search=kangoo" "Mozilla/5.0 (Windows NT 6.1; WOW64; Trident/7.0; rv:11.0) like Gecko"
193.194.132.75 - - [29/Nov/2017:10:54:16 +0100] "GET /loadthumbnail.php?id=11334756&width=113 HTTP/1.1" 200 24626 "http://renault.2web.at/result?dir=ASC&mode=grid&order=name&limit=15&page=1&search=kangoo" "Mozilla/5.0 (Windows NT 6.1; WOW64; Trident/7.0; rv:11.0) like Gecko"
193.194.132.75 - - [29/Nov/2017:10:54:16 +0100] "GET /loadthumbnail.php?id=11590243&width=113 HTTP/1.1" 200 3639 "http://renault.2web.at/result?dir=ASC&mode=grid&order=name&limit=15&page=1&search=kangoo" "Mozilla/5.0 (Windows NT 6.1; WOW64; Trident/7.0; rv:11.0) like Gecko"
193.194.132.75 - - [29/Nov/2017:10:54:16 +0100] "GET /loadthumbnail.php?id=11213910&width=113 HTTP/1.1" 200 2091 "http://renault.2web.at/result?dir=ASC&mode=grid&order=name&limit=15&page=1&search=kangoo" "Mozilla/5.0 (Windows NT 6.1; WOW64; Trident/7.0; rv:11.0) like Gecko"
193.194.132.70 - - [29/Nov/2017:10:54:14 +0100] "GET /11660361?print=true HTTP/1.1" 200 2678 "http://renault.2web.at/result?searchterm=true&search=REH5246" "Mozilla/5.0 (Windows NT 6.1; WOW64; Trident/7.0; rv:11.0) like Gecko"
193.194.132.70 - - [29/Nov/2017:10:54:17 +0100] "GET /js/magiczoom/magiczoom.css HTTP/1.1" 200 1210 "http://renault.2web.at/11660361?print=true" "Mozilla/5.0 (Windows NT 6.1; WOW64; Trident/7.0; rv:11.0) like Gecko"
193.194.132.70 - - [29/Nov/2017:10:54:17 +0100] "GET /js/Produkt.js HTTP/1.1" 200 852 "http://renault.2web.at/11660361?print=true" "Mozilla/5.0 (Windows NT 6.1; WOW64; Trident/7.0; rv:11.0) like Gecko"
193.194.132.70 - - [29/Nov/2017:10:54:17 +0100] "GET /js/magiczoom/magiczoom.js HTTP/1.1" 200 26397 "http://renault.2web.at/11660361?print=true" "Mozilla/5.0 (Windows NT 6.1; WOW64; Trident/7.0; rv:11.0) like Gecko"
193.194.132.70 - - [29/Nov/2017:10:54:17 +0100] "GET /loadthumbnail.php?id=11660364&width=250 HTTP/1.1" 200 6062 "http://renault.2web.at/11660361?print=true" "Mozilla/5.0 (Windows NT 6.1; WOW64; Trident/7.0; rv:11.0) like Gecko"
193.194.132.70 - - [29/Nov/2017:10:54:17 +0100] "GET /loadthumbnail.php?id=11660364&width=900&height=900 HTTP/1.1" 200 45754 "http://renault.2web.at/11660361?print=true" "Mozilla/5.0 (Windows NT 6.1; WOW64; Trident/7.0; rv:11.0) like Gecko"
193.194.132.70 - - [29/Nov/2017:10:54:18 +0100] "GET /js/magiczoom/graphics/loader.gif HTTP/1.1" 200 1849 "http://renault.2web.at/11660361?print=true" "Mozilla/5.0 (Windows NT 6.1; WOW64; Trident/7.0; rv:11.0) like Gecko"
193.194.132.70 - - [29/Nov/2017:10:54:18 +0100] "GET /js/magiczoom/graphics/hint.gif HTTP/1.1" 200 73 "http://renault.2web.at/11660361?print=true" "Mozilla/5.0 (Windows NT 6.1; WOW64; Trident/7.0; rv:11.0) like Gecko"
193.194.132.70 - - [29/Nov/2017:10:54:19 +0100] "GET /graphics/zoomin.cur HTTP/1.1" 200 5804 "http://renault.2web.at/11660361?print=true" "Mozilla/5.0 (Windows NT 6.1; WOW64; Trident/7.0; rv:11.0) like Gecko"
193.194.132.70 - - [29/Nov/2017:10:54:21 +0100] "GET /graphics/zoomin.cur HTTP/1.1" 200 5804 "http://renault.2web.at/11660361?print=true" "Mozilla/5.0 (Windows NT 6.1; WOW64; Trident/7.0; rv:11.0) like Gecko"
193.194.132.70 - - [29/Nov/2017:10:54:23 +0100] "GET /graphics/zoomin.cur HTTP/1.1" 200 5804 "http://renault.2web.at/11660361?print=true" "Mozilla/5.0 (Windows NT 6.1; WOW64; Trident/7.0; rv:11.0) like Gecko"
193.194.132.70 - - [29/Nov/2017:10:54:23 +0100] "GET /null HTTP/1.1" 200 5804 "http://renault.2web.at/result?searchterm=true&search=REH5246" "Mozilla/5.0 (Windows NT 6.1; WOW64; Trident/7.0; rv:11.0) like Gecko"
80.80.251.48 - - [29/Nov/2017:10:54:30 +0100] "GET /reload?ser=1511949270093 HTTP/1.1" 200 28 "http://renault.activities.at/result?searchterm=true&search=REH5291" "Mozilla/5.0 (Windows NT 10.0; WOW64; Trident/7.0; Touch; rv:11.0) like Gecko"
193.194.132.75 - - [29/Nov/2017:10:54:28 +0100] "POST /result?dir=ASC&mode=grid&order=name&limit=15&page=1&search=kangoo HTTP/1.1" 200 11420 "http://renault.2web.at/result?dir=ASC&mode=grid&order=name&limit=15&page=1&search=kangoo" "Mozilla/5.0 (Windows NT 6.1; WOW64; Trident/7.0; rv:11.0) like Gecko"
193.194.132.75 - - [29/Nov/2017:10:54:32 +0100] "GET /js/index.php?c=auto&f=,prototype/prototype.js,prototype/validation.js,scriptaculous/builder.js,scriptaculous/effects.js,scriptaculous/dragdrop.js,scriptaculous/controls.js,scriptaculous/slider.js,varien/js.js,varien/form.js,varien/menu.js,mage/translate.js,mage/cookies.js,varien/product.js,spinner/SpinnerControl.jsmin.js,prototype/window.js,prototype/window_ext.js HTTP/1.1" 304 - "http://renault.2web.at/result?dir=ASC&mode=grid&order=name&limit=15&page=1&search=kangoo" "Mozilla/5.0 (Windows NT 6.1; WOW64; Trident/7.0; rv:11.0) like Gecko"
193.194.132.70 - - [29/Nov/2017:10:54:31 +0100] "GET /result?searchterm=true&search=REH5247 HTTP/1.1" 200 7982 "http://renault.2web.at/result?searchterm=true&search=REH5246" "Mozilla/5.0 (Windows NT 6.1; WOW64; Trident/7.0; rv:11.0) like Gecko"
193.194.132.70 - - [29/Nov/2017:10:54:33 +0100] "GET /loadthumbnail.php?id=11660371&width=113 HTTP/1.1" 200 1292 "http://renault.2web.at/result?searchterm=true&search=REH5247" "Mozilla/5.0 (Windows NT 6.1; WOW64; Trident/7.0; rv:11.0) like Gecko"
193.194.132.70 - - [29/Nov/2017:10:54:34 +0100] "GET /11660367?print=true HTTP/1.1" 200 2682 "http://renault.2web.at/result?searchterm=true&search=REH5247" "Mozilla/5.0 (Windows NT 6.1; WOW64; Trident/7.0; rv:11.0) like Gecko"
193.194.132.70 - - [29/Nov/2017:10:54:37 +0100] "GET /loadthumbnail.php?id=11660371&width=250 HTTP/1.1" 200 3625 "http://renault.2web.at/11660367?print=true" "Mozilla/5.0 (Windows NT 6.1; WOW64; Trident/7.0; rv:11.0) like Gecko"
193.194.132.70 - - [29/Nov/2017:10:54:37 +0100] "GET /loadthumbnail.php?id=11660371&width=900&height=900 HTTP/1.1" 200 31896 "http://renault.2web.at/11660367?print=true" "Mozilla/5.0 (Windows NT 6.1; WOW64; Trident/7.0; rv:11.0) like Gecko"
193.194.132.70 - - [29/Nov/2017:10:54:39 +0100] "GET /graphics/zoomin.cur HTTP/1.1" 200 5804 "http://renault.2web.at/11660367?print=true" "Mozilla/5.0 (Windows NT 6.1; WOW64; Trident/7.0; rv:11.0) like Gecko"
193.194.132.75 - - [29/Nov/2017:10:54:33 +0100] "GET /checkout HTTP/1.1" 200 22709 "http://renault.2web.at/result?dir=ASC&mode=grid&order=name&limit=15&page=1&search=kangoo" "Mozilla/5.0 (Windows NT 6.1; WOW64; Trident/7.0; rv:11.0) like Gecko"
193.194.132.75 - - [29/Nov/2017:10:54:42 +0100] "GET /js/index.php?c=auto&f=,prototype/prototype.js,prototype/validation.js,scriptaculous/builder.js,scriptaculous/effects.js,scriptaculous/dragdrop.js,scriptaculous/controls.js,scriptaculous/slider.js,varien/js.js,varien/form.js,varien/menu.js,mage/translate.js,mage/cookies.js,varien/product.js,spinner/SpinnerControl.jsmin.js,prototype/window.js,prototype/window_ext.js HTTP/1.1" 304 - "http://renault.2web.at/checkout" "Mozilla/5.0 (Windows NT 6.1; WOW64; Trident/7.0; rv:11.0) like Gecko"
193.194.132.70 - - [29/Nov/2017:10:54:43 +0100] "GET /null HTTP/1.1" 200 5804 "http://renault.2web.at/result?searchterm=true&search=REH5247" "Mozilla/5.0 (Windows NT 6.1; WOW64; Trident/7.0; rv:11.0) like Gecko"
193.194.132.75 - - [29/Nov/2017:10:54:46 +0100] "POST /docheckout HTTP/1.1" 200 449 "http://renault.2web.at/checkout" "Mozilla/5.0 (Windows NT 6.1; WOW64; Trident/7.0; rv:11.0) like Gecko"
193.194.132.75 - - [29/Nov/2017:10:54:50 +0100] "POST /docheckout HTTP/1.1" 200 692 "http://renault.2web.at/checkout" "Mozilla/5.0 (Windows NT 6.1; WOW64; Trident/7.0; rv:11.0) like Gecko"
193.194.132.75 - - [29/Nov/2017:10:54:57 +0100] "GET /cart HTTP/1.1" 200 8136 "http://renault.2web.at/checkout" "Mozilla/5.0 (Windows NT 6.1; WOW64; Trident/7.0; rv:11.0) like Gecko"
193.194.132.75 - - [29/Nov/2017:10:54:59 +0100] "GET /js/index.php?c=auto&f=,prototype/prototype.js,prototype/validation.js,scriptaculous/builder.js,scriptaculous/effects.js,scriptaculous/dragdrop.js,scriptaculous/controls.js,scriptaculous/slider.js,varien/js.js,varien/form.js,varien/menu.js,mage/translate.js,mage/cookies.js,varien/product.js,spinner/SpinnerControl.jsmin.js,prototype/window.js,prototype/window_ext.js HTTP/1.1" 304 - "http://renault.2web.at/cart" "Mozilla/5.0 (Windows NT 6.1; WOW64; Trident/7.0; rv:11.0) like Gecko"
193.194.132.75 - - [29/Nov/2017:10:54:59 +0100] "GET /loadthumbnail.php?id=11361004&width=100 HTTP/1.1" 200 2508 "http://renault.2web.at/cart" "Mozilla/5.0 (Windows NT 6.1; WOW64; Trident/7.0; rv:11.0) like Gecko"
193.194.132.75 - - [29/Nov/2017:10:54:59 +0100] "GET /loadthumbnail.php?id=11590243&width=100 HTTP/1.1" 200 2991 "http://renault.2web.at/cart" "Mozilla/5.0 (Windows NT 6.1; WOW64; Trident/7.0; rv:11.0) like Gecko"
193.194.132.75 - - [29/Nov/2017:10:54:59 +0100] "GET /loadthumbnail.php?id=11228566&width=100 HTTP/1.1" 200 3387 "http://renault.2web.at/cart" "Mozilla/5.0 (Windows NT 6.1; WOW64; Trident/7.0; rv:11.0) like Gecko"
193.194.132.75 - - [29/Nov/2017:10:54:59 +0100] "GET /loadthumbnail.php?id=10232009&width=16&height=16 HTTP/1.1" 200 700 "http://renault.2web.at/cart" "Mozilla/5.0 (Windows NT 6.1; WOW64; Trident/7.0; rv:11.0) like Gecko"
80.123.225.34 - - [29/Nov/2017:10:55:09 +0100] "GET /reload?ser=1511949309357 HTTP/1.1" 200 28 "http://renault.activities.at/result?dir=DESC&mode=grid&order=name&limit=50&page=2&search=Renault" "Mozilla/5.0 (compatible; MSIE 10.0; Windows NT 6.1; WOW64; Trident/6.0)"
