91.133.70.9 - - [29/Nov/2017:11:57:20 +0100] "POST /axjaxrequest?mode=suggest HTTP/1.1" 200 2115 "http://renault.activities.at/account" "Mozilla/5.0 (Windows NT 6.1; WOW64; Trident/7.0; MASBJS; rv:11.0) like Gecko"
91.133.70.9 - - [29/Nov/2017:11:57:23 +0100] "POST /axjaxrequest?mode=suggest HTTP/1.1" 200 683 "http://renault.activities.at/account" "Mozilla/5.0 (Windows NT 6.1; WOW64; Trident/7.0; MASBJS; rv:11.0) like Gecko"
91.133.70.9 - - [29/Nov/2017:11:57:23 +0100] "GET /result?searchterm=true&search=reh5081 HTTP/1.1" 200 5795 "http://renault.activities.at/account" "Mozilla/5.0 (Windows NT 6.1; WOW64; Trident/7.0; MASBJS; rv:11.0) like Gecko"
91.133.70.9 - - [29/Nov/2017:11:57:27 +0100] "GET /js/prototip.js HTTP/1.1" 200 4588 "http://renault.activities.at/result?searchterm=true&search=reh5081" "Mozilla/5.0 (Windows NT 6.1; WOW64; Trident/7.0; MASBJS; rv:11.0) like Gecko"
91.133.70.9 - - [29/Nov/2017:11:57:27 +0100] "GET /js/ProduktGrp.js HTTP/1.1" 200 1569 "http://renault.activities.at/result?searchterm=true&search=reh5081" "Mozilla/5.0 (Windows NT 6.1; WOW64; Trident/7.0; MASBJS; rv:11.0) like Gecko"
91.133.70.9 - - [29/Nov/2017:11:57:27 +0100] "GET /images/loading.gif HTTP/1.1" 200 3208 "http://renault.activities.at/result?searchterm=true&search=reh5081" "Mozilla/5.0 (Windows NT 6.1; WOW64; Trident/7.0; MASBJS; rv:11.0) like Gecko"
91.133.70.9 - - [29/Nov/2017:11:57:27 +0100] "GET /images/pager_bg.gif HTTP/1.1" 200 150 "http://renault.activities.at/result?searchterm=true&search=reh5081" "Mozilla/5.0 (Windows NT 6.1; WOW64; Trident/7.0; MASBJS; rv:11.0) like Gecko"
91.133.70.9 - - [29/Nov/2017:11:57:27 +0100] "GET /images/validation_advice_bg.gif HTTP/1.1" 200 134 "http://renault.activities.at/result?searchterm=true&search=reh5081" "Mozilla/5.0 (Windows NT 6.1; WOW64; Trident/7.0; MASBJS; rv:11.0) like Gecko"
91.133.70.9 - - [29/Nov/2017:11:57:27 +0100] "GET /images/vista-up.gif HTTP/1.1" 200 131 "http://renault.activities.at/result?searchterm=true&search=reh5081" "Mozilla/5.0 (Windows NT 6.1; WOW64; Trident/7.0; MASBJS; rv:11.0) like Gecko"
91.133.70.9 - - [29/Nov/2017:11:57:27 +0100] "GET /images/vista-dn.gif HTTP/1.1" 200 128 "http://renault.activities.at/result?searchterm=true&search=reh5081" "Mozilla/5.0 (Windows NT 6.1; WOW64; Trident/7.0; MASBJS; rv:11.0) like Gecko"
91.133.70.9 - - [29/Nov/2017:11:57:27 +0100] "GET /loadthumbnail.php?id=10203255 HTTP/1.1" 200 137 "http://renault.activities.at/result?searchterm=true&search=reh5081" "Mozilla/5.0 (Windows NT 6.1; WOW64; Trident/7.0; MASBJS; rv:11.0) like Gecko"
91.133.70.9 - - [29/Nov/2017:11:57:27 +0100] "GET /loadthumbnail.php?id=11434114&width=113 HTTP/1.1" 200 4564 "http://renault.activities.at/result?searchterm=true&search=reh5081" "Mozilla/5.0 (Windows NT 6.1; WOW64; Trident/7.0; MASBJS; rv:11.0) like Gecko"
193.194.132.75 - - [29/Nov/2017:11:57:27 +0100] "GET /reload?ser=1511953047015 HTTP/1.1" 200 28 "http://renault.2web.at/success" "Mozilla/5.0 (Windows NT 6.1; WOW64; Trident/7.0; rv:11.0) like Gecko"
91.133.70.9 - - [29/Nov/2017:11:57:24 +0100] "POST /axjaxrequest?mode=suggest HTTP/1.1" 200 112 "http://renault.activities.at/account" "Mozilla/5.0 (Windows NT 6.1; WOW64; Trident/7.0; MASBJS; rv:11.0) like Gecko"
91.133.70.9 - - [29/Nov/2017:11:57:29 +0100] "GET /images/vista-up-hover.gif HTTP/1.1" 200 130 "http://renault.activities.at/result?searchterm=true&search=reh5081" "Mozilla/5.0 (Windows NT 6.1; WOW64; Trident/7.0; MASBJS; rv:11.0) like Gecko"
91.133.70.9 - - [29/Nov/2017:11:57:34 +0100] "POST /result?searchterm=true&search=reh5081 HTTP/1.1" 200 5982 "http://renault.activities.at/result?searchterm=true&search=reh5081" "Mozilla/5.0 (Windows NT 6.1; WOW64; Trident/7.0; MASBJS; rv:11.0) like Gecko"
91.133.70.9 - - [29/Nov/2017:11:57:37 +0100] "GET /images/success_msg_icon.gif HTTP/1.1" 200 1024 "http://renault.activities.at/result?searchterm=true&search=reh5081" "Mozilla/5.0 (Windows NT 6.1; WOW64; Trident/7.0; MASBJS; rv:11.0) like Gecko"
91.133.70.9 - - [29/Nov/2017:11:57:48 +0100] "POST /axjaxrequest?mode=suggest HTTP/1.1" 200 133 "http://renault.activities.at/result?searchterm=true&search=reh5081" "Mozilla/5.0 (Windows NT 6.1; WOW64; Trident/7.0; MASBJS; rv:11.0) like Gecko"
91.133.70.9 - - [29/Nov/2017:11:57:50 +0100] "POST /axjaxrequest?mode=suggest HTTP/1.1" 200 237 "http://renault.activities.at/result?searchterm=true&search=reh5081" "Mozilla/5.0 (Windows NT 6.1; WOW64; Trident/7.0; MASBJS; rv:11.0) like Gecko"
91.133.70.9 - - [29/Nov/2017:11:57:51 +0100] "POST /axjaxrequest?mode=suggest HTTP/1.1" 200 166 "http://renault.activities.at/result?searchterm=true&search=reh5081" "Mozilla/5.0 (Windows NT 6.1; WOW64; Trident/7.0; MASBJS; rv:11.0) like Gecko"
91.133.70.9 - - [29/Nov/2017:11:57:51 +0100] "GET /result?searchterm=true&search=mobili HTTP/1.1" 200 6375 "http://renault.activities.at/result?searchterm=true&search=reh5081" "Mozilla/5.0 (Windows NT 6.1; WOW64; Trident/7.0; MASBJS; rv:11.0) like Gecko"
91.133.70.9 - - [29/Nov/2017:11:57:54 +0100] "GET /loadthumbnail.php?id=11351222&width=113 HTTP/1.1" 200 17851 "http://renault.activities.at/result?searchterm=true&search=mobili" "Mozilla/5.0 (Windows NT 6.1; WOW64; Trident/7.0; MASBJS; rv:11.0) like Gecko"
91.133.70.9 - - [29/Nov/2017:11:57:54 +0100] "GET /loadthumbnail.php?id=11351226&width=113 HTTP/1.1" 200 16210 "http://renault.activities.at/result?searchterm=true&search=mobili" "Mozilla/5.0 (Windows NT 6.1; WOW64; Trident/7.0; MASBJS; rv:11.0) like Gecko"
91.133.70.9 - - [29/Nov/2017:11:57:54 +0100] "GET /loadthumbnail.php?id=10745359&width=113 HTTP/1.1" 200 4202 "http://renault.activities.at/result?searchterm=true&search=mobili" "Mozilla/5.0 (Windows NT 6.1; WOW64; Trident/7.0; MASBJS; rv:11.0) like Gecko"
91.133.70.9 - - [29/Nov/2017:11:57:59 +0100] "GET /images/vista-dn-hover.gif HTTP/1.1" 200 127 "http://renault.activities.at/result?searchterm=true&search=mobili" "Mozilla/5.0 (Windows NT 6.1; WOW64; Trident/7.0; MASBJS; rv:11.0) like Gecko"
91.133.70.9 - - [29/Nov/2017:11:58:02 +0100] "POST /result?searchterm=true&search=mobili HTTP/1.1" 200 6476 "http://renault.activities.at/result?searchterm=true&search=mobili" "Mozilla/5.0 (Windows NT 6.1; WOW64; Trident/7.0; MASBJS; rv:11.0) like Gecko"
91.133.70.9 - - [29/Nov/2017:11:58:10 +0100] "POST /result?searchterm=true&search=mobili HTTP/1.1" 200 6477 "http://renault.activities.at/result?searchterm=true&search=mobili" "Mozilla/5.0 (Windows NT 6.1; WOW64; Trident/7.0; MASBJS; rv:11.0) like Gecko"
80.123.225.34 - - [29/Nov/2017:11:58:12 +0100] "GET /reload?ser=1511953091776 HTTP/1.1" 200 28 "http://renault.activities.at/result?dir=DESC&mode=grid&order=name&limit=50&page=2&search=Renault" "Mozilla/5.0 (compatible; MSIE 10.0; Windows NT 6.1; WOW64; Trident/6.0)"
91.133.70.9 - - [29/Nov/2017:11:58:18 +0100] "GET /checkout HTTP/1.1" 200 10251 "http://renault.activities.at/result?searchterm=true&search=mobili" "Mozilla/5.0 (Windows NT 6.1; WOW64; Trident/7.0; MASBJS; rv:11.0) like Gecko"
91.133.70.9 - - [29/Nov/2017:11:58:27 +0100] "GET /js/checkout2.js HTTP/1.1" 200 4122 "http://renault.activities.at/checkout" "Mozilla/5.0 (Windows NT 6.1; WOW64; Trident/7.0; MASBJS; rv:11.0) like Gecko"
91.133.70.9 - - [29/Nov/2017:11:58:27 +0100] "GET /images/ajax_loading.gif HTTP/1.1" 200 1542 "http://renault.activities.at/checkout" "Mozilla/5.0 (Windows NT 6.1; WOW64; Trident/7.0; MASBJS; rv:11.0) like Gecko"
91.133.70.9 - - [29/Nov/2017:11:58:27 +0100] "GET /images/step_bg.jpg HTTP/1.1" 200 319 "http://renault.activities.at/checkout" "Mozilla/5.0 (Windows NT 6.1; WOW64; Trident/7.0; MASBJS; rv:11.0) like Gecko"
91.133.70.9 - - [29/Nov/2017:11:58:27 +0100] "GET /images/checkout_border_top.gif HTTP/1.1" 200 156 "http://renault.activities.at/checkout" "Mozilla/5.0 (Windows NT 6.1; WOW64; Trident/7.0; MASBJS; rv:11.0) like Gecko"
91.133.70.9 - - [29/Nov/2017:11:58:27 +0100] "GET /images/step_marker.gif HTTP/1.1" 200 650 "http://renault.activities.at/checkout" "Mozilla/5.0 (Windows NT 6.1; WOW64; Trident/7.0; MASBJS; rv:11.0) like Gecko"
91.133.70.9 - - [29/Nov/2017:11:58:27 +0100] "GET /images/checkout_border.gif HTTP/1.1" 200 43 "http://renault.activities.at/checkout" "Mozilla/5.0 (Windows NT 6.1; WOW64; Trident/7.0; MASBJS; rv:11.0) like Gecko"
91.133.70.9 - - [29/Nov/2017:11:58:27 +0100] "GET /loadthumbnail.php?id=10201939 HTTP/1.1" 200 201 "http://renault.activities.at/checkout" "Mozilla/5.0 (Windows NT 6.1; WOW64; Trident/7.0; MASBJS; rv:11.0) like Gecko"
91.133.70.9 - - [29/Nov/2017:11:58:27 +0100] "GET /loadthumbnail.php?id=10202698 HTTP/1.1" 200 16686 "http://renault.activities.at/checkout" "Mozilla/5.0 (Windows NT 6.1; WOW64; Trident/7.0; MASBJS; rv:11.0) like Gecko"
193.194.132.75 - - [29/Nov/2017:11:58:28 +0100] "GET /reload?ser=1511953108078 HTTP/1.1" 200 28 "http://renault.2web.at/success" "Mozilla/5.0 (Windows NT 6.1; WOW64; Trident/7.0; rv:11.0) like Gecko"
91.133.70.9 - - [29/Nov/2017:11:58:33 +0100] "POST /docheckout HTTP/1.1" 200 457 "http://renault.activities.at/checkout" "Mozilla/5.0 (Windows NT 6.1; WOW64; Trident/7.0; MASBJS; rv:11.0) like Gecko"
91.133.70.9 - - [29/Nov/2017:11:58:37 +0100] "POST /docheckout HTTP/1.1" 200 661 "http://renault.activities.at/checkout" "Mozilla/5.0 (Windows NT 6.1; WOW64; Trident/7.0; MASBJS; rv:11.0) like Gecko"
91.133.70.9 - - [29/Nov/2017:11:58:39 +0100] "GET /images/error_msg_icon.gif HTTP/1.1" 200 1013 "http://renault.activities.at/checkout" "Mozilla/5.0 (Windows NT 6.1; WOW64; Trident/7.0; MASBJS; rv:11.0) like Gecko"
91.133.70.9 - - [29/Nov/2017:11:58:55 +0100] "GET /logout HTTP/1.1" 302 140 "http://renault.activities.at/checkout" "Mozilla/5.0 (Windows NT 6.1; WOW64; Trident/7.0; MASBJS; rv:11.0) like Gecko"
91.133.70.9 - - [29/Nov/2017:11:58:56 +0100] "GET /logout HTTP/1.1" 200 1583 "http://renault.activities.at/checkout" "Mozilla/5.0 (Windows NT 6.1; WOW64; Trident/7.0; MASBJS; rv:11.0) like Gecko"
91.133.70.9 - - [29/Nov/2017:11:59:02 +0100] "GET / HTTP/1.1" 200 4275 "http://renault.activities.at/logout" "Mozilla/5.0 (Windows NT 6.1; WOW64; Trident/7.0; MASBJS; rv:11.0) like Gecko"
80.123.225.34 - - [29/Nov/2017:11:59:13 +0100] "GET /reload?ser=1511953152753 HTTP/1.1" 200 28 "http://renault.activities.at/result?dir=DESC&mode=grid&order=name&limit=50&page=2&search=Renault" "Mozilla/5.0 (compatible; MSIE 10.0; Windows NT 6.1; WOW64; Trident/6.0)"
193.194.132.75 - - [29/Nov/2017:11:59:29 +0100] "GET /reload?ser=1511953169109 HTTP/1.1" 200 28 "http://renault.2web.at/success" "Mozilla/5.0 (Windows NT 6.1; WOW64; Trident/7.0; rv:11.0) like Gecko"
91.133.70.9 - - [29/Nov/2017:12:00:03 +0100] "GET /reload?ser=1511953157410 HTTP/1.1" 200 28 "http://renault.activities.at/" "Mozilla/5.0 (Windows NT 6.1; WOW64; Trident/7.0; MASBJS; rv:11.0) like Gecko"
80.123.225.34 - - [29/Nov/2017:12:00:14 +0100] "GET /reload?ser=1511953213781 HTTP/1.1" 200 28 "http://renault.activities.at/result?dir=DESC&mode=grid&order=name&limit=50&page=2&search=Renault" "Mozilla/5.0 (compatible; MSIE 10.0; Windows NT 6.1; WOW64; Trident/6.0)"
193.194.132.75 - - [29/Nov/2017:12:00:30 +0100] "GET /reload?ser=1511953230234 HTTP/1.1" 200 28 "http://renault.2web.at/success" "Mozilla/5.0 (Windows NT 6.1; WOW64; Trident/7.0; rv:11.0) like Gecko"
91.133.70.9 - - [29/Nov/2017:12:01:04 +0100] "GET /reload?ser=1511953218093 HTTP/1.1" 200 28 "http://renault.activities.at/" "Mozilla/5.0 (Windows NT 6.1; WOW64; Trident/7.0; MASBJS; rv:11.0) like Gecko"
80.123.225.34 - - [29/Nov/2017:12:01:15 +0100] "GET /reload?ser=1511953274791 HTTP/1.1" 200 28 "http://renault.activities.at/result?dir=DESC&mode=grid&order=name&limit=50&page=2&search=Renault" "Mozilla/5.0 (compatible; MSIE 10.0; Windows NT 6.1; WOW64; Trident/6.0)"
193.194.132.75 - - [29/Nov/2017:12:01:31 +0100] "GET /reload?ser=1511953291354 HTTP/1.1" 200 28 "http://renault.2web.at/success" "Mozilla/5.0 (Windows NT 6.1; WOW64; Trident/7.0; rv:11.0) like Gecko"
91.133.70.9 - - [29/Nov/2017:12:02:04 +0100] "GET /reload?ser=1511953278777 HTTP/1.1" 200 28 "http://renault.activities.at/" "Mozilla/5.0 (Windows NT 6.1; WOW64; Trident/7.0; MASBJS; rv:11.0) like Gecko"
80.123.225.34 - - [29/Nov/2017:12:02:16 +0100] "GET /reload?ser=1511953335819 HTTP/1.1" 200 28 "http://renault.activities.at/result?dir=DESC&mode=grid&order=name&limit=50&page=2&search=Renault" "Mozilla/5.0 (compatible; MSIE 10.0; Windows NT 6.1; WOW64; Trident/6.0)"
193.194.132.75 - - [29/Nov/2017:12:02:32 +0100] "GET /reload?ser=1511953352471 HTTP/1.1" 200 28 "http://renault.2web.at/success" "Mozilla/5.0 (Windows NT 6.1; WOW64; Trident/7.0; rv:11.0) like Gecko"
91.133.70.9 - - [29/Nov/2017:12:03:05 +0100] "GET /reload?ser=1511953339475 HTTP/1.1" 200 28 "http://renault.activities.at/" "Mozilla/5.0 (Windows NT 6.1; WOW64; Trident/7.0; MASBJS; rv:11.0) like Gecko"
80.123.225.34 - - [29/Nov/2017:12:03:17 +0100] "GET /reload?ser=1511953396791 HTTP/1.1" 200 28 "http://renault.activities.at/result?dir=DESC&mode=grid&order=name&limit=50&page=2&search=Renault" "Mozilla/5.0 (compatible; MSIE 10.0; Windows NT 6.1; WOW64; Trident/6.0)"
193.194.132.75 - - [29/Nov/2017:12:03:33 +0100] "GET /reload?ser=1511953413665 HTTP/1.1" 200 28 "http://renault.2web.at/success" "Mozilla/5.0 (Windows NT 6.1; WOW64; Trident/7.0; rv:11.0) like Gecko"
91.133.70.9 - - [29/Nov/2017:12:04:06 +0100] "GET /reload?ser=1511953400148 HTTP/1.1" 200 28 "http://renault.activities.at/" "Mozilla/5.0 (Windows NT 6.1; WOW64; Trident/7.0; MASBJS; rv:11.0) like Gecko"
80.123.225.34 - - [29/Nov/2017:12:04:18 +0100] "GET /reload?ser=1511953457784 HTTP/1.1" 200 28 "http://renault.activities.at/result?dir=DESC&mode=grid&order=name&limit=50&page=2&search=Renault" "Mozilla/5.0 (compatible; MSIE 10.0; Windows NT 6.1; WOW64; Trident/6.0)"
193.194.132.75 - - [29/Nov/2017:12:04:34 +0100] "GET /reload?ser=1511953474764 HTTP/1.1" 200 28 "http://renault.2web.at/success" "Mozilla/5.0 (Windows NT 6.1; WOW64; Trident/7.0; rv:11.0) like Gecko"
91.133.70.9 - - [29/Nov/2017:12:05:06 +0100] "GET /reload?ser=1511953460838 HTTP/1.1" 200 28 "http://renault.activities.at/" "Mozilla/5.0 (Windows NT 6.1; WOW64; Trident/7.0; MASBJS; rv:11.0) like Gecko"
80.123.225.34 - - [29/Nov/2017:12:05:19 +0100] "GET /reload?ser=1511953518774 HTTP/1.1" 200 28 "http://renault.activities.at/result?dir=DESC&mode=grid&order=name&limit=50&page=2&search=Renault" "Mozilla/5.0 (compatible; MSIE 10.0; Windows NT 6.1; WOW64; Trident/6.0)"
193.194.132.75 - - [29/Nov/2017:12:05:36 +0100] "GET /reload?ser=1511953535882 HTTP/1.1" 200 28 "http://renault.2web.at/success" "Mozilla/5.0 (Windows NT 6.1; WOW64; Trident/7.0; rv:11.0) like Gecko"
91.133.70.9 - - [29/Nov/2017:12:06:07 +0100] "GET /reload?ser=1511953521512 HTTP/1.1" 200 28 "http://renault.activities.at/" "Mozilla/5.0 (Windows NT 6.1; WOW64; Trident/7.0; MASBJS; rv:11.0) like Gecko"
80.123.225.34 - - [29/Nov/2017:12:06:20 +0100] "GET /reload?ser=1511953579777 HTTP/1.1" 200 28 "http://renault.activities.at/result?dir=DESC&mode=grid&order=name&limit=50&page=2&search=Renault" "Mozilla/5.0 (compatible; MSIE 10.0; Windows NT 6.1; WOW64; Trident/6.0)"
193.194.132.75 - - [29/Nov/2017:12:06:37 +0100] "GET /reload?ser=1511953597032 HTTP/1.1" 200 28 "http://renault.2web.at/success" "Mozilla/5.0 (Windows NT 6.1; WOW64; Trident/7.0; rv:11.0) like Gecko"
91.133.70.9 - - [29/Nov/2017:12:07:08 +0100] "GET /reload?ser=1511953582186 HTTP/1.1" 200 28 "http://renault.activities.at/" "Mozilla/5.0 (Windows NT 6.1; WOW64; Trident/7.0; MASBJS; rv:11.0) like Gecko"
80.123.225.34 - - [29/Nov/2017:12:07:21 +0100] "GET /reload?ser=1511953640788 HTTP/1.1" 200 28 "http://renault.activities.at/result?dir=DESC&mode=grid&order=name&limit=50&page=2&search=Renault" "Mozilla/5.0 (compatible; MSIE 10.0; Windows NT 6.1; WOW64; Trident/6.0)"
193.194.132.75 - - [29/Nov/2017:12:07:38 +0100] "GET /reload?ser=1511953658105 HTTP/1.1" 200 28 "http://renault.2web.at/success" "Mozilla/5.0 (Windows NT 6.1; WOW64; Trident/7.0; rv:11.0) like Gecko"
91.133.70.9 - - [29/Nov/2017:12:08:08 +0100] "GET /reload?ser=1511953642860 HTTP/1.1" 200 28 "http://renault.activities.at/" "Mozilla/5.0 (Windows NT 6.1; WOW64; Trident/7.0; MASBJS; rv:11.0) like Gecko"
80.123.225.34 - - [29/Nov/2017:12:08:22 +0100] "GET /reload?ser=1511953701817 HTTP/1.1" 200 28 "http://renault.activities.at/result?dir=DESC&mode=grid&order=name&limit=50&page=2&search=Renault" "Mozilla/5.0 (compatible; MSIE 10.0; Windows NT 6.1; WOW64; Trident/6.0)"
193.194.132.75 - - [29/Nov/2017:12:08:39 +0100] "GET /reload?ser=1511953719392 HTTP/1.1" 200 28 "http://renault.2web.at/success" "Mozilla/5.0 (Windows NT 6.1; WOW64; Trident/7.0; rv:11.0) like Gecko"
91.133.70.9 - - [29/Nov/2017:12:09:09 +0100] "GET /reload?ser=1511953703534 HTTP/1.1" 200 28 "http://renault.activities.at/" "Mozilla/5.0 (Windows NT 6.1; WOW64; Trident/7.0; MASBJS; rv:11.0) like Gecko"
80.123.225.34 - - [29/Nov/2017:12:09:23 +0100] "GET /reload?ser=1511953762847 HTTP/1.1" 200 28 "http://renault.activities.at/result?dir=DESC&mode=grid&order=name&limit=50&page=2&search=Renault" "Mozilla/5.0 (compatible; MSIE 10.0; Windows NT 6.1; WOW64; Trident/6.0)"
193.194.132.75 - - [29/Nov/2017:12:09:40 +0100] "GET /reload?ser=1511953780509 HTTP/1.1" 200 28 "http://renault.2web.at/success" "Mozilla/5.0 (Windows NT 6.1; WOW64; Trident/7.0; rv:11.0) like Gecko"
91.133.70.9 - - [29/Nov/2017:12:10:10 +0100] "GET /reload?ser=1511953764208 HTTP/1.1" 200 28 "http://renault.activities.at/" "Mozilla/5.0 (Windows NT 6.1; WOW64; Trident/7.0; MASBJS; rv:11.0) like Gecko"
80.123.225.34 - - [29/Nov/2017:12:10:24 +0100] "GET /reload?ser=1511953823833 HTTP/1.1" 200 28 "http://renault.activities.at/result?dir=DESC&mode=grid&order=name&limit=50&page=2&search=Renault" "Mozilla/5.0 (compatible; MSIE 10.0; Windows NT 6.1; WOW64; Trident/6.0)"
193.194.132.75 - - [29/Nov/2017:12:10:41 +0100] "GET /reload?ser=1511953841615 HTTP/1.1" 200 28 "http://renault.2web.at/success" "Mozilla/5.0 (Windows NT 6.1; WOW64; Trident/7.0; rv:11.0) like Gecko"
91.133.70.9 - - [29/Nov/2017:12:11:11 +0100] "GET /reload?ser=1511953824882 HTTP/1.1" 200 28 "http://renault.activities.at/" "Mozilla/5.0 (Windows NT 6.1; WOW64; Trident/7.0; MASBJS; rv:11.0) like Gecko"
80.123.225.34 - - [29/Nov/2017:12:11:25 +0100] "GET /reload?ser=1511953884842 HTTP/1.1" 200 28 "http://renault.activities.at/result?dir=DESC&mode=grid&order=name&limit=50&page=2&search=Renault" "Mozilla/5.0 (compatible; MSIE 10.0; Windows NT 6.1; WOW64; Trident/6.0)"
193.194.132.75 - - [29/Nov/2017:12:11:42 +0100] "GET /reload?ser=1511953902775 HTTP/1.1" 200 28 "http://renault.2web.at/success" "Mozilla/5.0 (Windows NT 6.1; WOW64; Trident/7.0; rv:11.0) like Gecko"
91.133.70.9 - - [29/Nov/2017:12:12:11 +0100] "GET /reload?ser=1511953885571 HTTP/1.1" 200 28 "http://renault.activities.at/" "Mozilla/5.0 (Windows NT 6.1; WOW64; Trident/7.0; MASBJS; rv:11.0) like Gecko"
80.123.225.34 - - [29/Nov/2017:12:12:26 +0100] "GET /reload?ser=1511953945822 HTTP/1.1" 200 28 "http://renault.activities.at/result?dir=DESC&mode=grid&order=name&limit=50&page=2&search=Renault" "Mozilla/5.0 (compatible; MSIE 10.0; Windows NT 6.1; WOW64; Trident/6.0)"
193.194.132.75 - - [29/Nov/2017:12:12:44 +0100] "GET /reload?ser=1511953963899 HTTP/1.1" 200 28 "http://renault.2web.at/success" "Mozilla/5.0 (Windows NT 6.1; WOW64; Trident/7.0; rv:11.0) like Gecko"
91.133.70.9 - - [29/Nov/2017:12:13:12 +0100] "GET /reload?ser=1511953946245 HTTP/1.1" 200 28 "http://renault.activities.at/" "Mozilla/5.0 (Windows NT 6.1; WOW64; Trident/7.0; MASBJS; rv:11.0) like Gecko"
80.123.225.34 - - [29/Nov/2017:12:13:27 +0100] "GET /reload?ser=1511954006806 HTTP/1.1" 200 28 "http://renault.activities.at/result?dir=DESC&mode=grid&order=name&limit=50&page=2&search=Renault" "Mozilla/5.0 (compatible; MSIE 10.0; Windows NT 6.1; WOW64; Trident/6.0)"
193.194.132.75 - - [29/Nov/2017:12:13:45 +0100] "GET /reload?ser=1511954025009 HTTP/1.1" 200 28 "http://renault.2web.at/success" "Mozilla/5.0 (Windows NT 6.1; WOW64; Trident/7.0; rv:11.0) like Gecko"
91.133.70.9 - - [29/Nov/2017:12:14:13 +0100] "GET /reload?ser=1511954006919 HTTP/1.1" 200 28 "http://renault.activities.at/" "Mozilla/5.0 (Windows NT 6.1; WOW64; Trident/7.0; MASBJS; rv:11.0) like Gecko"
80.123.225.34 - - [29/Nov/2017:12:14:28 +0100] "GET /reload?ser=1511954067844 HTTP/1.1" 200 28 "http://renault.activities.at/result?dir=DESC&mode=grid&order=name&limit=50&page=2&search=Renault" "Mozilla/5.0 (compatible; MSIE 10.0; Windows NT 6.1; WOW64; Trident/6.0)"
193.194.132.75 - - [29/Nov/2017:12:14:46 +0100] "GET /reload?ser=1511954086118 HTTP/1.1" 200 28 "http://renault.2web.at/success" "Mozilla/5.0 (Windows NT 6.1; WOW64; Trident/7.0; rv:11.0) like Gecko"
91.133.70.9 - - [29/Nov/2017:12:15:13 +0100] "GET /reload?ser=1511954067581 HTTP/1.1" 200 28 "http://renault.activities.at/" "Mozilla/5.0 (Windows NT 6.1; WOW64; Trident/7.0; MASBJS; rv:11.0) like Gecko"
80.123.225.34 - - [29/Nov/2017:12:15:29 +0100] "GET /reload?ser=1511954128822 HTTP/1.1" 200 28 "http://renault.activities.at/result?dir=DESC&mode=grid&order=name&limit=50&page=2&search=Renault" "Mozilla/5.0 (compatible; MSIE 10.0; Windows NT 6.1; WOW64; Trident/6.0)"
193.194.132.75 - - [29/Nov/2017:12:15:47 +0100] "GET /reload?ser=1511954147204 HTTP/1.1" 200 28 "http://renault.2web.at/success" "Mozilla/5.0 (Windows NT 6.1; WOW64; Trident/7.0; rv:11.0) like Gecko"
91.133.70.9 - - [29/Nov/2017:12:16:14 +0100] "GET /reload?ser=1511954128250 HTTP/1.1" 200 28 "http://renault.activities.at/" "Mozilla/5.0 (Windows NT 6.1; WOW64; Trident/7.0; MASBJS; rv:11.0) like Gecko"
80.123.225.34 - - [29/Nov/2017:12:16:30 +0100] "GET /reload?ser=1511954189828 HTTP/1.1" 200 28 "http://renault.activities.at/result?dir=DESC&mode=grid&order=name&limit=50&page=2&search=Renault" "Mozilla/5.0 (compatible; MSIE 10.0; Windows NT 6.1; WOW64; Trident/6.0)"
193.194.132.75 - - [29/Nov/2017:12:16:48 +0100] "GET /reload?ser=1511954208332 HTTP/1.1" 200 28 "http://renault.2web.at/success" "Mozilla/5.0 (Windows NT 6.1; WOW64; Trident/7.0; rv:11.0) like Gecko"
91.133.70.9 - - [29/Nov/2017:12:17:15 +0100] "GET /reload?ser=1511954188918 HTTP/1.1" 200 28 "http://renault.activities.at/" "Mozilla/5.0 (Windows NT 6.1; WOW64; Trident/7.0; MASBJS; rv:11.0) like Gecko"
80.123.225.34 - - [29/Nov/2017:12:17:31 +0100] "GET /reload?ser=1511954250832 HTTP/1.1" 200 28 "http://renault.activities.at/result?dir=DESC&mode=grid&order=name&limit=50&page=2&search=Renault" "Mozilla/5.0 (compatible; MSIE 10.0; Windows NT 6.1; WOW64; Trident/6.0)"
193.194.132.75 - - [29/Nov/2017:12:17:49 +0100] "GET /reload?ser=1511954269396 HTTP/1.1" 200 28 "http://renault.2web.at/success" "Mozilla/5.0 (Windows NT 6.1; WOW64; Trident/7.0; rv:11.0) like Gecko"
91.133.70.9 - - [29/Nov/2017:12:18:15 +0100] "GET /reload?ser=1511954249587 HTTP/1.1" 200 28 "http://renault.activities.at/" "Mozilla/5.0 (Windows NT 6.1; WOW64; Trident/7.0; MASBJS; rv:11.0) like Gecko"
80.123.225.34 - - [29/Nov/2017:12:18:32 +0100] "GET /reload?ser=1511954311832 HTTP/1.1" 200 28 "http://renault.activities.at/result?dir=DESC&mode=grid&order=name&limit=50&page=2&search=Renault" "Mozilla/5.0 (compatible; MSIE 10.0; Windows NT 6.1; WOW64; Trident/6.0)"
193.194.132.75 - - [29/Nov/2017:12:18:50 +0100] "GET /reload?ser=1511954330526 HTTP/1.1" 200 28 "http://renault.2web.at/success" "Mozilla/5.0 (Windows NT 6.1; WOW64; Trident/7.0; rv:11.0) like Gecko"
91.133.70.9 - - [29/Nov/2017:12:19:16 +0100] "GET /reload?ser=1511954310256 HTTP/1.1" 200 28 "http://renault.activities.at/" "Mozilla/5.0 (Windows NT 6.1; WOW64; Trident/7.0; MASBJS; rv:11.0) like Gecko"
80.123.225.34 - - [29/Nov/2017:12:19:33 +0100] "GET /reload?ser=1511954372790 HTTP/1.1" 200 28 "http://renault.activities.at/result?dir=DESC&mode=grid&order=name&limit=50&page=2&search=Renault" "Mozilla/5.0 (compatible; MSIE 10.0; Windows NT 6.1; WOW64; Trident/6.0)"
193.194.132.75 - - [29/Nov/2017:12:19:51 +0100] "GET /reload?ser=1511954391618 HTTP/1.1" 200 28 "http://renault.2web.at/success" "Mozilla/5.0 (Windows NT 6.1; WOW64; Trident/7.0; rv:11.0) like Gecko"
91.133.70.9 - - [29/Nov/2017:12:20:17 +0100] "GET /reload?ser=1511954370941 HTTP/1.1" 200 28 "http://renault.activities.at/" "Mozilla/5.0 (Windows NT 6.1; WOW64; Trident/7.0; MASBJS; rv:11.0) like Gecko"
80.123.225.34 - - [29/Nov/2017:12:20:34 +0100] "GET /reload?ser=1511954433793 HTTP/1.1" 200 28 "http://renault.activities.at/result?dir=DESC&mode=grid&order=name&limit=50&page=2&search=Renault" "Mozilla/5.0 (compatible; MSIE 10.0; Windows NT 6.1; WOW64; Trident/6.0)"
193.194.132.75 - - [29/Nov/2017:12:20:52 +0100] "GET /reload?ser=1511954452706 HTTP/1.1" 200 28 "http://renault.2web.at/success" "Mozilla/5.0 (Windows NT 6.1; WOW64; Trident/7.0; rv:11.0) like Gecko"
91.133.70.9 - - [29/Nov/2017:12:21:17 +0100] "GET /reload?ser=1511954431609 HTTP/1.1" 200 28 "http://renault.activities.at/" "Mozilla/5.0 (Windows NT 6.1; WOW64; Trident/7.0; MASBJS; rv:11.0) like Gecko"
80.123.225.34 - - [29/Nov/2017:12:21:35 +0100] "GET /reload?ser=1511954494788 HTTP/1.1" 200 28 "http://renault.activities.at/result?dir=DESC&mode=grid&order=name&limit=50&page=2&search=Renault" "Mozilla/5.0 (compatible; MSIE 10.0; Windows NT 6.1; WOW64; Trident/6.0)"
193.194.132.75 - - [29/Nov/2017:12:21:53 +0100] "GET /reload?ser=1511954513778 HTTP/1.1" 200 28 "http://renault.2web.at/success" "Mozilla/5.0 (Windows NT 6.1; WOW64; Trident/7.0; rv:11.0) like Gecko"
91.133.70.9 - - [29/Nov/2017:12:22:18 +0100] "GET /reload?ser=1511954492278 HTTP/1.1" 200 28 "http://renault.activities.at/" "Mozilla/5.0 (Windows NT 6.1; WOW64; Trident/7.0; MASBJS; rv:11.0) like Gecko"
80.123.225.34 - - [29/Nov/2017:12:22:36 +0100] "GET /reload?ser=1511954555771 HTTP/1.1" 200 28 "http://renault.activities.at/result?dir=DESC&mode=grid&order=name&limit=50&page=2&search=Renault" "Mozilla/5.0 (compatible; MSIE 10.0; Windows NT 6.1; WOW64; Trident/6.0)"
193.194.132.75 - - [29/Nov/2017:12:22:55 +0100] "GET /reload?ser=1511954574904 HTTP/1.1" 200 28 "http://renault.2web.at/success" "Mozilla/5.0 (Windows NT 6.1; WOW64; Trident/7.0; rv:11.0) like Gecko"
91.133.70.9 - - [29/Nov/2017:12:23:19 +0100] "GET /reload?ser=1511954552963 HTTP/1.1" 200 28 "http://renault.activities.at/" "Mozilla/5.0 (Windows NT 6.1; WOW64; Trident/7.0; MASBJS; rv:11.0) like Gecko"
80.123.225.34 - - [29/Nov/2017:12:23:37 +0100] "GET /reload?ser=1511954616772 HTTP/1.1" 200 28 "http://renault.activities.at/result?dir=DESC&mode=grid&order=name&limit=50&page=2&search=Renault" "Mozilla/5.0 (compatible; MSIE 10.0; Windows NT 6.1; WOW64; Trident/6.0)"
193.194.132.75 - - [29/Nov/2017:12:23:56 +0100] "GET /reload?ser=1511954636022 HTTP/1.1" 200 28 "http://renault.2web.at/success" "Mozilla/5.0 (Windows NT 6.1; WOW64; Trident/7.0; rv:11.0) like Gecko"
91.133.70.9 - - [29/Nov/2017:12:24:19 +0100] "GET /reload?ser=1511954613632 HTTP/1.1" 200 28 "http://renault.activities.at/" "Mozilla/5.0 (Windows NT 6.1; WOW64; Trident/7.0; MASBJS; rv:11.0) like Gecko"
80.123.225.34 - - [29/Nov/2017:12:24:38 +0100] "GET /reload?ser=1511954677778 HTTP/1.1" 200 28 "http://renault.activities.at/result?dir=DESC&mode=grid&order=name&limit=50&page=2&search=Renault" "Mozilla/5.0 (compatible; MSIE 10.0; Windows NT 6.1; WOW64; Trident/6.0)"
193.194.132.75 - - [29/Nov/2017:12:24:57 +0100] "GET /reload?ser=1511954697136 HTTP/1.1" 200 28 "http://renault.2web.at/success" "Mozilla/5.0 (Windows NT 6.1; WOW64; Trident/7.0; rv:11.0) like Gecko"
91.133.70.9 - - [29/Nov/2017:12:25:20 +0100] "GET /reload?ser=1511954674301 HTTP/1.1" 200 28 "http://renault.activities.at/" "Mozilla/5.0 (Windows NT 6.1; WOW64; Trident/7.0; MASBJS; rv:11.0) like Gecko"
80.123.225.34 - - [29/Nov/2017:12:25:39 +0100] "GET /reload?ser=1511954738785 HTTP/1.1" 200 28 "http://renault.activities.at/result?dir=DESC&mode=grid&order=name&limit=50&page=2&search=Renault" "Mozilla/5.0 (compatible; MSIE 10.0; Windows NT 6.1; WOW64; Trident/6.0)"
193.194.132.75 - - [29/Nov/2017:12:25:58 +0100] "GET /reload?ser=1511954758307 HTTP/1.1" 200 28 "http://renault.2web.at/success" "Mozilla/5.0 (Windows NT 6.1; WOW64; Trident/7.0; rv:11.0) like Gecko"
91.133.70.9 - - [29/Nov/2017:12:26:21 +0100] "GET /reload?ser=1511954734969 HTTP/1.1" 200 28 "http://renault.activities.at/" "Mozilla/5.0 (Windows NT 6.1; WOW64; Trident/7.0; MASBJS; rv:11.0) like Gecko"
80.123.225.34 - - [29/Nov/2017:12:26:40 +0100] "GET /reload?ser=1511954799839 HTTP/1.1" 200 28 "http://renault.activities.at/result?dir=DESC&mode=grid&order=name&limit=50&page=2&search=Renault" "Mozilla/5.0 (compatible; MSIE 10.0; Windows NT 6.1; WOW64; Trident/6.0)"
193.194.132.75 - - [29/Nov/2017:12:26:59 +0100] "GET /reload?ser=1511954819465 HTTP/1.1" 200 28 "http://renault.2web.at/success" "Mozilla/5.0 (Windows NT 6.1; WOW64; Trident/7.0; rv:11.0) like Gecko"
91.133.70.9 - - [29/Nov/2017:12:27:21 +0100] "GET /reload?ser=1511954795654 HTTP/1.1" 200 28 "http://renault.activities.at/" "Mozilla/5.0 (Windows NT 6.1; WOW64; Trident/7.0; MASBJS; rv:11.0) like Gecko"
80.123.225.34 - - [29/Nov/2017:12:27:41 +0100] "GET /reload?ser=1511954860835 HTTP/1.1" 200 28 "http://renault.activities.at/result?dir=DESC&mode=grid&order=name&limit=50&page=2&search=Renault" "Mozilla/5.0 (compatible; MSIE 10.0; Windows NT 6.1; WOW64; Trident/6.0)"
193.194.132.75 - - [29/Nov/2017:12:28:00 +0100] "GET /reload?ser=1511954880559 HTTP/1.1" 200 28 "http://renault.2web.at/success" "Mozilla/5.0 (Windows NT 6.1; WOW64; Trident/7.0; rv:11.0) like Gecko"
91.133.70.9 - - [29/Nov/2017:12:28:22 +0100] "GET /reload?ser=1511954856338 HTTP/1.1" 200 28 "http://renault.activities.at/" "Mozilla/5.0 (Windows NT 6.1; WOW64; Trident/7.0; MASBJS; rv:11.0) like Gecko"
80.123.225.34 - - [29/Nov/2017:12:28:42 +0100] "GET /reload?ser=1511954921865 HTTP/1.1" 200 28 "http://renault.activities.at/result?dir=DESC&mode=grid&order=name&limit=50&page=2&search=Renault" "Mozilla/5.0 (compatible; MSIE 10.0; Windows NT 6.1; WOW64; Trident/6.0)"
193.194.132.75 - - [29/Nov/2017:12:29:01 +0100] "GET /reload?ser=1511954941681 HTTP/1.1" 200 28 "http://renault.2web.at/success" "Mozilla/5.0 (Windows NT 6.1; WOW64; Trident/7.0; rv:11.0) like Gecko"
91.133.70.9 - - [29/Nov/2017:12:29:23 +0100] "GET /reload?ser=1511954917023 HTTP/1.1" 200 28 "http://renault.activities.at/" "Mozilla/5.0 (Windows NT 6.1; WOW64; Trident/7.0; MASBJS; rv:11.0) like Gecko"
80.123.225.34 - - [29/Nov/2017:12:29:43 +0100] "GET /reload?ser=1511954982862 HTTP/1.1" 200 28 "http://renault.activities.at/result?dir=DESC&mode=grid&order=name&limit=50&page=2&search=Renault" "Mozilla/5.0 (compatible; MSIE 10.0; Windows NT 6.1; WOW64; Trident/6.0)"
80.120.5.131 - - [29/Nov/2017:12:29:56 +0100] "GET /10201637 HTTP/1.1" 302 150 "-" "Mozilla/5.0 (Macintosh; Intel Mac OS X 10_12_6) AppleWebKit/604.3.5 (KHTML, like Gecko)"
80.120.5.131 - - [29/Nov/2017:12:29:59 +0100] "GET /login?required=true HTTP/1.1" 200 2086 "-" "Mozilla/5.0 (Macintosh; Intel Mac OS X 10_12_6) AppleWebKit/604.3.5 (KHTML, like Gecko)"
80.120.5.131 - - [29/Nov/2017:12:30:00 +0100] "GET /apple-touch-icon-precomposed.png HTTP/1.1" 200 1559 "-" "Safari/12604.3.5.1.1 CFNetwork/811.7.2 Darwin/16.7.0 (x86_64)"
80.120.5.131 - - [29/Nov/2017:12:30:01 +0100] "GET /apple-touch-icon.png HTTP/1.1" 200 1559 "-" "Safari/12604.3.5.1.1 CFNetwork/811.7.2 Darwin/16.7.0 (x86_64)"
80.120.5.131 - - [29/Nov/2017:12:30:02 +0100] "GET /images/favicon.ico HTTP/1.1" 404 305 "-" "Safari/12604.3.5.1.1 CFNetwork/811.7.2 Darwin/16.7.0 (x86_64)"
80.120.5.131 - - [29/Nov/2017:12:30:02 +0100] "GET /images/favicon.ico HTTP/1.1" 404 305 "-" "Safari/12604.3.5.1.1 CFNetwork/811.7.2 Darwin/16.7.0 (x86_64)"
80.120.5.131 - - [29/Nov/2017:12:30:02 +0100] "GET /favicon.ico HTTP/1.1" 200 3250 "-" "Safari/12604.3.5.1.1 CFNetwork/811.7.2 Darwin/16.7.0 (x86_64)"
80.120.5.131 - - [29/Nov/2017:12:30:02 +0100] "GET /apple-touch-icon-precomposed.png HTTP/1.1" 200 1559 "-" "Safari/12604.3.5.1.1 CFNetwork/811.7.2 Darwin/16.7.0 (x86_64)"
193.194.132.75 - - [29/Nov/2017:12:30:03 +0100] "GET /reload?ser=1511955002790 HTTP/1.1" 200 28 "http://renault.2web.at/success" "Mozilla/5.0 (Windows NT 6.1; WOW64; Trident/7.0; rv:11.0) like Gecko"
80.120.5.131 - - [29/Nov/2017:12:30:03 +0100] "GET /apple-touch-icon.png HTTP/1.1" 200 1559 "-" "Safari/12604.3.5.1.1 CFNetwork/811.7.2 Darwin/16.7.0 (x86_64)"
80.120.5.131 - - [29/Nov/2017:12:30:04 +0100] "GET /images/favicon.ico HTTP/1.1" 404 305 "-" "Safari/12604.3.5.1.1 CFNetwork/811.7.2 Darwin/16.7.0 (x86_64)"
80.120.5.131 - - [29/Nov/2017:12:30:05 +0100] "GET /images/favicon.ico HTTP/1.1" 404 305 "-" "Safari/12604.3.5.1.1 CFNetwork/811.7.2 Darwin/16.7.0 (x86_64)"
80.120.5.131 - - [29/Nov/2017:12:30:05 +0100] "GET /favicon.ico HTTP/1.1" 200 3250 "-" "Safari/12604.3.5.1.1 CFNetwork/811.7.2 Darwin/16.7.0 (x86_64)"
80.120.5.131 - - [29/Nov/2017:12:30:05 +0100] "GET /10201637 HTTP/1.1" 302 150 "-" "Mozilla/5.0 (iPhone; CPU iPhone OS 10_3 like Mac OS X) AppleWebKit/603.1.30 (KHTML, like Gecko) Version/10.3 Mobile/14E277 Safari/603.1.30"
80.120.5.131 - - [29/Nov/2017:12:30:05 +0100] "GET /login?required=true HTTP/1.1" 200 2086 "-" "Mozilla/5.0 (iPhone; CPU iPhone OS 10_3 like Mac OS X) AppleWebKit/603.1.30 (KHTML, like Gecko) Version/10.3 Mobile/14E277 Safari/603.1.30"
80.120.5.131 - - [29/Nov/2017:12:30:06 +0100] "GET /apple-touch-icon-precomposed.png HTTP/1.1" 200 1559 "-" "Safari/12604.3.5.1.1 CFNetwork/811.7.2 Darwin/16.7.0 (x86_64)"
80.120.5.131 - - [29/Nov/2017:12:30:07 +0100] "GET /apple-touch-icon.png HTTP/1.1" 200 1559 "-" "Safari/12604.3.5.1.1 CFNetwork/811.7.2 Darwin/16.7.0 (x86_64)"
80.120.5.131 - - [29/Nov/2017:12:30:08 +0100] "GET /images/favicon.ico HTTP/1.1" 404 305 "-" "Safari/12604.3.5.1.1 CFNetwork/811.7.2 Darwin/16.7.0 (x86_64)"
80.120.5.131 - - [29/Nov/2017:12:30:08 +0100] "GET /images/favicon.ico HTTP/1.1" 404 305 "-" "Safari/12604.3.5.1.1 CFNetwork/811.7.2 Darwin/16.7.0 (x86_64)"
80.120.5.131 - - [29/Nov/2017:12:30:08 +0100] "GET /favicon.ico HTTP/1.1" 200 3250 "-" "Safari/12604.3.5.1.1 CFNetwork/811.7.2 Darwin/16.7.0 (x86_64)"
80.120.5.131 - - [29/Nov/2017:12:30:08 +0100] "GET /apple-touch-icon-precomposed.png HTTP/1.1" 200 1559 "-" "Safari/12604.3.5.1.1 CFNetwork/811.7.2 Darwin/16.7.0 (x86_64)"
80.120.5.131 - - [29/Nov/2017:12:30:09 +0100] "GET /apple-touch-icon.png HTTP/1.1" 200 1559 "-" "Safari/12604.3.5.1.1 CFNetwork/811.7.2 Darwin/16.7.0 (x86_64)"
80.120.5.131 - - [29/Nov/2017:12:30:10 +0100] "GET /images/favicon.ico HTTP/1.1" 404 305 "-" "Safari/12604.3.5.1.1 CFNetwork/811.7.2 Darwin/16.7.0 (x86_64)"
80.120.5.131 - - [29/Nov/2017:12:30:10 +0100] "GET /images/favicon.ico HTTP/1.1" 404 305 "-" "Safari/12604.3.5.1.1 CFNetwork/811.7.2 Darwin/16.7.0 (x86_64)"
80.120.5.131 - - [29/Nov/2017:12:30:10 +0100] "GET /favicon.ico HTTP/1.1" 200 3250 "-" "Safari/12604.3.5.1.1 CFNetwork/811.7.2 Darwin/16.7.0 (x86_64)"
91.133.70.9 - - [29/Nov/2017:12:30:23 +0100] "GET /reload?ser=1511954977707 HTTP/1.1" 200 28 "http://renault.activities.at/" "Mozilla/5.0 (Windows NT 6.1; WOW64; Trident/7.0; MASBJS; rv:11.0) like Gecko"
80.123.225.34 - - [29/Nov/2017:12:30:44 +0100] "GET /reload?ser=1511955043893 HTTP/1.1" 200 28 "http://renault.activities.at/result?dir=DESC&mode=grid&order=name&limit=50&page=2&search=Renault" "Mozilla/5.0 (compatible; MSIE 10.0; Windows NT 6.1; WOW64; Trident/6.0)"
193.194.132.75 - - [29/Nov/2017:12:31:04 +0100] "GET /reload?ser=1511955063900 HTTP/1.1" 200 28 "http://renault.2web.at/success" "Mozilla/5.0 (Windows NT 6.1; WOW64; Trident/7.0; rv:11.0) like Gecko"
91.133.70.9 - - [29/Nov/2017:12:31:24 +0100] "GET /reload?ser=1511955038376 HTTP/1.1" 200 28 "http://renault.activities.at/" "Mozilla/5.0 (Windows NT 6.1; WOW64; Trident/7.0; MASBJS; rv:11.0) like Gecko"
80.123.225.34 - - [29/Nov/2017:12:31:45 +0100] "GET /reload?ser=1511955104878 HTTP/1.1" 200 28 "http://renault.activities.at/result?dir=DESC&mode=grid&order=name&limit=50&page=2&search=Renault" "Mozilla/5.0 (compatible; MSIE 10.0; Windows NT 6.1; WOW64; Trident/6.0)"
193.194.132.75 - - [29/Nov/2017:12:32:05 +0100] "GET /reload?ser=1511955125016 HTTP/1.1" 200 28 "http://renault.2web.at/success" "Mozilla/5.0 (Windows NT 6.1; WOW64; Trident/7.0; rv:11.0) like Gecko"
91.133.70.9 - - [29/Nov/2017:12:32:25 +0100] "GET /reload?ser=1511955099045 HTTP/1.1" 200 28 "http://renault.activities.at/" "Mozilla/5.0 (Windows NT 6.1; WOW64; Trident/7.0; MASBJS; rv:11.0) like Gecko"
80.123.225.34 - - [29/Nov/2017:12:32:46 +0100] "GET /reload?ser=1511955165884 HTTP/1.1" 200 28 "http://renault.activities.at/result?dir=DESC&mode=grid&order=name&limit=50&page=2&search=Renault" "Mozilla/5.0 (compatible; MSIE 10.0; Windows NT 6.1; WOW64; Trident/6.0)"
193.194.132.75 - - [29/Nov/2017:12:33:06 +0100] "GET /reload?ser=1511955186158 HTTP/1.1" 200 28 "http://renault.2web.at/success" "Mozilla/5.0 (Windows NT 6.1; WOW64; Trident/7.0; rv:11.0) like Gecko"
91.133.70.9 - - [29/Nov/2017:12:33:25 +0100] "GET /reload?ser=1511955159714 HTTP/1.1" 200 28 "http://renault.activities.at/" "Mozilla/5.0 (Windows NT 6.1; WOW64; Trident/7.0; MASBJS; rv:11.0) like Gecko"
80.123.225.34 - - [29/Nov/2017:12:33:47 +0100] "GET /reload?ser=1511955226883 HTTP/1.1" 200 28 "http://renault.activities.at/result?dir=DESC&mode=grid&order=name&limit=50&page=2&search=Renault" "Mozilla/5.0 (compatible; MSIE 10.0; Windows NT 6.1; WOW64; Trident/6.0)"
193.194.132.75 - - [29/Nov/2017:12:34:07 +0100] "GET /reload?ser=1511955247258 HTTP/1.1" 200 28 "http://renault.2web.at/success" "Mozilla/5.0 (Windows NT 6.1; WOW64; Trident/7.0; rv:11.0) like Gecko"
91.133.70.9 - - [29/Nov/2017:12:34:26 +0100] "GET /reload?ser=1511955220398 HTTP/1.1" 200 28 "http://renault.activities.at/" "Mozilla/5.0 (Windows NT 6.1; WOW64; Trident/7.0; MASBJS; rv:11.0) like Gecko"
80.123.225.34 - - [29/Nov/2017:12:34:48 +0100] "GET /reload?ser=1511955287864 HTTP/1.1" 200 28 "http://renault.activities.at/result?dir=DESC&mode=grid&order=name&limit=50&page=2&search=Renault" "Mozilla/5.0 (compatible; MSIE 10.0; Windows NT 6.1; WOW64; Trident/6.0)"
193.194.132.75 - - [29/Nov/2017:12:35:08 +0100] "GET /reload?ser=1511955308381 HTTP/1.1" 200 28 "http://renault.2web.at/success" "Mozilla/5.0 (Windows NT 6.1; WOW64; Trident/7.0; rv:11.0) like Gecko"
91.133.70.9 - - [29/Nov/2017:12:35:27 +0100] "GET /reload?ser=1511955281192 HTTP/1.1" 200 28 "http://renault.activities.at/" "Mozilla/5.0 (Windows NT 6.1; WOW64; Trident/7.0; MASBJS; rv:11.0) like Gecko"
80.123.225.34 - - [29/Nov/2017:12:35:49 +0100] "GET /reload?ser=1511955348844 HTTP/1.1" 200 28 "http://renault.activities.at/result?dir=DESC&mode=grid&order=name&limit=50&page=2&search=Renault" "Mozilla/5.0 (compatible; MSIE 10.0; Windows NT 6.1; WOW64; Trident/6.0)"
104.237.242.2 - - [29/Nov/2017:12:36:03 +0100] "GET /reload?ser=1511955220398 HTTP/1.1" 200 10166 "-" "Mozilla/5.0 (Windows NT 6.1; WOW64; rv:27.0) Gecko/20100101 Firefox/27.0"
193.194.132.75 - - [29/Nov/2017:12:36:09 +0100] "GET /reload?ser=1511955369486 HTTP/1.1" 200 28 "http://renault.2web.at/success" "Mozilla/5.0 (Windows NT 6.1; WOW64; Trident/7.0; rv:11.0) like Gecko"
91.133.70.9 - - [29/Nov/2017:12:36:27 +0100] "GET /reload?ser=1511955341861 HTTP/1.1" 200 28 "http://renault.activities.at/" "Mozilla/5.0 (Windows NT 6.1; WOW64; Trident/7.0; MASBJS; rv:11.0) like Gecko"
80.123.225.34 - - [29/Nov/2017:12:36:50 +0100] "GET /reload?ser=1511955409868 HTTP/1.1" 200 28 "http://renault.activities.at/result?dir=DESC&mode=grid&order=name&limit=50&page=2&search=Renault" "Mozilla/5.0 (compatible; MSIE 10.0; Windows NT 6.1; WOW64; Trident/6.0)"
193.194.132.75 - - [29/Nov/2017:12:37:10 +0100] "GET /reload?ser=1511955430596 HTTP/1.1" 200 28 "http://renault.2web.at/success" "Mozilla/5.0 (Windows NT 6.1; WOW64; Trident/7.0; rv:11.0) like Gecko"
91.133.70.9 - - [29/Nov/2017:12:37:28 +0100] "GET /reload?ser=1511955402530 HTTP/1.1" 200 28 "http://renault.activities.at/" "Mozilla/5.0 (Windows NT 6.1; WOW64; Trident/7.0; MASBJS; rv:11.0) like Gecko"
80.123.225.34 - - [29/Nov/2017:12:37:51 +0100] "GET /reload?ser=1511955470861 HTTP/1.1" 200 28 "http://renault.activities.at/result?dir=DESC&mode=grid&order=name&limit=50&page=2&search=Renault" "Mozilla/5.0 (compatible; MSIE 10.0; Windows NT 6.1; WOW64; Trident/6.0)"
193.194.132.75 - - [29/Nov/2017:12:38:12 +0100] "GET /reload?ser=1511955491701 HTTP/1.1" 200 28 "http://renault.2web.at/success" "Mozilla/5.0 (Windows NT 6.1; WOW64; Trident/7.0; rv:11.0) like Gecko"
91.133.70.9 - - [29/Nov/2017:12:38:29 +0100] "GET /reload?ser=1511955463245 HTTP/1.1" 200 28 "http://renault.activities.at/" "Mozilla/5.0 (Windows NT 6.1; WOW64; Trident/7.0; MASBJS; rv:11.0) like Gecko"
80.123.225.34 - - [29/Nov/2017:12:38:52 +0100] "GET /reload?ser=1511955531871 HTTP/1.1" 200 28 "http://renault.activities.at/result?dir=DESC&mode=grid&order=name&limit=50&page=2&search=Renault" "Mozilla/5.0 (compatible; MSIE 10.0; Windows NT 6.1; WOW64; Trident/6.0)"
193.194.132.75 - - [29/Nov/2017:12:39:13 +0100] "GET /reload?ser=1511955553005 HTTP/1.1" 200 28 "http://renault.2web.at/success" "Mozilla/5.0 (Windows NT 6.1; WOW64; Trident/7.0; rv:11.0) like Gecko"
91.133.70.9 - - [29/Nov/2017:12:39:30 +0100] "GET /reload?ser=1511955523918 HTTP/1.1" 200 28 "http://renault.activities.at/" "Mozilla/5.0 (Windows NT 6.1; WOW64; Trident/7.0; MASBJS; rv:11.0) like Gecko"
80.123.225.34 - - [29/Nov/2017:12:39:53 +0100] "GET /reload?ser=1511955592882 HTTP/1.1" 200 28 "http://renault.activities.at/result?dir=DESC&mode=grid&order=name&limit=50&page=2&search=Renault" "Mozilla/5.0 (compatible; MSIE 10.0; Windows NT 6.1; WOW64; Trident/6.0)"
193.194.132.75 - - [29/Nov/2017:12:40:14 +0100] "GET /reload?ser=1511955614127 HTTP/1.1" 200 28 "http://renault.2web.at/success" "Mozilla/5.0 (Windows NT 6.1; WOW64; Trident/7.0; rv:11.0) like Gecko"
91.133.70.9 - - [29/Nov/2017:12:40:30 +0100] "GET /reload?ser=1511955584592 HTTP/1.1" 200 28 "http://renault.activities.at/" "Mozilla/5.0 (Windows NT 6.1; WOW64; Trident/7.0; MASBJS; rv:11.0) like Gecko"
80.123.225.34 - - [29/Nov/2017:12:40:54 +0100] "GET /reload?ser=1511955653884 HTTP/1.1" 200 28 "http://renault.activities.at/result?dir=DESC&mode=grid&order=name&limit=50&page=2&search=Renault" "Mozilla/5.0 (compatible; MSIE 10.0; Windows NT 6.1; WOW64; Trident/6.0)"
193.194.132.75 - - [29/Nov/2017:12:41:15 +0100] "GET /reload?ser=1511955675235 HTTP/1.1" 200 28 "http://renault.2web.at/success" "Mozilla/5.0 (Windows NT 6.1; WOW64; Trident/7.0; rv:11.0) like Gecko"
91.133.70.9 - - [29/Nov/2017:12:41:31 +0100] "GET /reload?ser=1511955645281 HTTP/1.1" 200 28 "http://renault.activities.at/" "Mozilla/5.0 (Windows NT 6.1; WOW64; Trident/7.0; MASBJS; rv:11.0) like Gecko"
80.123.225.34 - - [29/Nov/2017:12:41:55 +0100] "GET /reload?ser=1511955714914 HTTP/1.1" 200 28 "http://renault.activities.at/result?dir=DESC&mode=grid&order=name&limit=50&page=2&search=Renault" "Mozilla/5.0 (compatible; MSIE 10.0; Windows NT 6.1; WOW64; Trident/6.0)"
193.194.132.75 - - [29/Nov/2017:12:42:16 +0100] "GET /reload?ser=1511955736449 HTTP/1.1" 200 28 "http://renault.2web.at/success" "Mozilla/5.0 (Windows NT 6.1; WOW64; Trident/7.0; rv:11.0) like Gecko"
91.133.70.9 - - [29/Nov/2017:12:42:32 +0100] "GET /reload?ser=1511955705954 HTTP/1.1" 200 28 "http://renault.activities.at/" "Mozilla/5.0 (Windows NT 6.1; WOW64; Trident/7.0; MASBJS; rv:11.0) like Gecko"
80.123.225.34 - - [29/Nov/2017:12:42:56 +0100] "GET /reload?ser=1511955775918 HTTP/1.1" 200 28 "http://renault.activities.at/result?dir=DESC&mode=grid&order=name&limit=50&page=2&search=Renault" "Mozilla/5.0 (compatible; MSIE 10.0; Windows NT 6.1; WOW64; Trident/6.0)"
193.194.132.75 - - [29/Nov/2017:12:43:17 +0100] "GET /reload?ser=1511955797560 HTTP/1.1" 200 28 "http://renault.2web.at/success" "Mozilla/5.0 (Windows NT 6.1; WOW64; Trident/7.0; rv:11.0) like Gecko"
91.133.70.9 - - [29/Nov/2017:12:43:32 +0100] "GET /reload?ser=1511955766628 HTTP/1.1" 200 28 "http://renault.activities.at/" "Mozilla/5.0 (Windows NT 6.1; WOW64; Trident/7.0; MASBJS; rv:11.0) like Gecko"
80.123.225.34 - - [29/Nov/2017:12:43:57 +0100] "GET /reload?ser=1511955836880 HTTP/1.1" 200 28 "http://renault.activities.at/result?dir=DESC&mode=grid&order=name&limit=50&page=2&search=Renault" "Mozilla/5.0 (compatible; MSIE 10.0; Windows NT 6.1; WOW64; Trident/6.0)"
193.194.132.75 - - [29/Nov/2017:12:44:18 +0100] "GET /reload?ser=1511955858708 HTTP/1.1" 200 28 "http://renault.2web.at/success" "Mozilla/5.0 (Windows NT 6.1; WOW64; Trident/7.0; rv:11.0) like Gecko"
91.133.70.9 - - [29/Nov/2017:12:44:33 +0100] "GET /reload?ser=1511955827301 HTTP/1.1" 200 28 "http://renault.activities.at/" "Mozilla/5.0 (Windows NT 6.1; WOW64; Trident/7.0; MASBJS; rv:11.0) like Gecko"
80.123.225.34 - - [29/Nov/2017:12:44:58 +0100] "GET /reload?ser=1511955897886 HTTP/1.1" 200 28 "http://renault.activities.at/result?dir=DESC&mode=grid&order=name&limit=50&page=2&search=Renault" "Mozilla/5.0 (compatible; MSIE 10.0; Windows NT 6.1; WOW64; Trident/6.0)"
193.194.132.75 - - [29/Nov/2017:12:45:19 +0100] "GET /reload?ser=1511955919782 HTTP/1.1" 200 28 "http://renault.2web.at/success" "Mozilla/5.0 (Windows NT 6.1; WOW64; Trident/7.0; rv:11.0) like Gecko"
91.133.70.9 - - [29/Nov/2017:12:45:34 +0100] "GET /reload?ser=1511955887975 HTTP/1.1" 200 28 "http://renault.activities.at/" "Mozilla/5.0 (Windows NT 6.1; WOW64; Trident/7.0; MASBJS; rv:11.0) like Gecko"
80.123.225.34 - - [29/Nov/2017:12:45:59 +0100] "GET /reload?ser=1511955958895 HTTP/1.1" 200 28 "http://renault.activities.at/result?dir=DESC&mode=grid&order=name&limit=50&page=2&search=Renault" "Mozilla/5.0 (compatible; MSIE 10.0; Windows NT 6.1; WOW64; Trident/6.0)"
193.194.132.75 - - [29/Nov/2017:12:46:21 +0100] "GET /reload?ser=1511955980898 HTTP/1.1" 200 28 "http://renault.2web.at/success" "Mozilla/5.0 (Windows NT 6.1; WOW64; Trident/7.0; rv:11.0) like Gecko"
91.133.70.9 - - [29/Nov/2017:12:46:34 +0100] "GET /reload?ser=1511955948648 HTTP/1.1" 200 28 "http://renault.activities.at/" "Mozilla/5.0 (Windows NT 6.1; WOW64; Trident/7.0; MASBJS; rv:11.0) like Gecko"
80.123.225.34 - - [29/Nov/2017:12:47:00 +0100] "GET /reload?ser=1511956019873 HTTP/1.1" 200 28 "http://renault.activities.at/result?dir=DESC&mode=grid&order=name&limit=50&page=2&search=Renault" "Mozilla/5.0 (compatible; MSIE 10.0; Windows NT 6.1; WOW64; Trident/6.0)"
193.194.132.75 - - [29/Nov/2017:12:47:22 +0100] "GET /reload?ser=1511956041983 HTTP/1.1" 200 28 "http://renault.2web.at/success" "Mozilla/5.0 (Windows NT 6.1; WOW64; Trident/7.0; rv:11.0) like Gecko"
91.133.70.9 - - [29/Nov/2017:12:47:35 +0100] "GET /reload?ser=1511956009338 HTTP/1.1" 200 28 "http://renault.activities.at/" "Mozilla/5.0 (Windows NT 6.1; WOW64; Trident/7.0; MASBJS; rv:11.0) like Gecko"
80.123.225.34 - - [29/Nov/2017:12:48:01 +0100] "GET /reload?ser=1511956080879 HTTP/1.1" 200 28 "http://renault.activities.at/result?dir=DESC&mode=grid&order=name&limit=50&page=2&search=Renault" "Mozilla/5.0 (compatible; MSIE 10.0; Windows NT 6.1; WOW64; Trident/6.0)"
193.194.132.75 - - [29/Nov/2017:12:48:23 +0100] "GET /reload?ser=1511956103076 HTTP/1.1" 200 28 "http://renault.2web.at/success" "Mozilla/5.0 (Windows NT 6.1; WOW64; Trident/7.0; rv:11.0) like Gecko"
91.133.70.9 - - [29/Nov/2017:12:48:36 +0100] "GET /reload?ser=1511956069986 HTTP/1.1" 200 28 "http://renault.activities.at/" "Mozilla/5.0 (Windows NT 6.1; WOW64; Trident/7.0; MASBJS; rv:11.0) like Gecko"
80.123.225.34 - - [29/Nov/2017:12:49:02 +0100] "GET /reload?ser=1511956141911 HTTP/1.1" 200 28 "http://renault.activities.at/result?dir=DESC&mode=grid&order=name&limit=50&page=2&search=Renault" "Mozilla/5.0 (compatible; MSIE 10.0; Windows NT 6.1; WOW64; Trident/6.0)"
193.194.132.75 - - [29/Nov/2017:12:49:24 +0100] "GET /reload?ser=1511956164210 HTTP/1.1" 200 28 "http://renault.2web.at/success" "Mozilla/5.0 (Windows NT 6.1; WOW64; Trident/7.0; rv:11.0) like Gecko"
91.133.70.9 - - [29/Nov/2017:12:49:36 +0100] "GET /reload?ser=1511956130654 HTTP/1.1" 200 28 "http://renault.activities.at/" "Mozilla/5.0 (Windows NT 6.1; WOW64; Trident/7.0; MASBJS; rv:11.0) like Gecko"
80.123.225.34 - - [29/Nov/2017:12:50:03 +0100] "GET /reload?ser=1511956202909 HTTP/1.1" 200 28 "http://renault.activities.at/result?dir=DESC&mode=grid&order=name&limit=50&page=2&search=Renault" "Mozilla/5.0 (compatible; MSIE 10.0; Windows NT 6.1; WOW64; Trident/6.0)"
193.194.132.75 - - [29/Nov/2017:12:50:25 +0100] "GET /reload?ser=1511956225341 HTTP/1.1" 200 28 "http://renault.2web.at/success" "Mozilla/5.0 (Windows NT 6.1; WOW64; Trident/7.0; rv:11.0) like Gecko"
91.133.70.9 - - [29/Nov/2017:12:50:37 +0100] "GET /reload?ser=1511956191339 HTTP/1.1" 200 28 "http://renault.activities.at/" "Mozilla/5.0 (Windows NT 6.1; WOW64; Trident/7.0; MASBJS; rv:11.0) like Gecko"
80.123.225.34 - - [29/Nov/2017:12:51:04 +0100] "GET /reload?ser=1511956263930 HTTP/1.1" 200 28 "http://renault.activities.at/result?dir=DESC&mode=grid&order=name&limit=50&page=2&search=Renault" "Mozilla/5.0 (compatible; MSIE 10.0; Windows NT 6.1; WOW64; Trident/6.0)"
193.194.132.75 - - [29/Nov/2017:12:51:26 +0100] "GET /reload?ser=1511956286476 HTTP/1.1" 200 28 "http://renault.2web.at/success" "Mozilla/5.0 (Windows NT 6.1; WOW64; Trident/7.0; rv:11.0) like Gecko"
91.133.70.9 - - [29/Nov/2017:12:51:38 +0100] "GET /reload?ser=1511956252008 HTTP/1.1" 200 28 "http://renault.activities.at/" "Mozilla/5.0 (Windows NT 6.1; WOW64; Trident/7.0; MASBJS; rv:11.0) like Gecko"
80.123.225.34 - - [29/Nov/2017:12:52:05 +0100] "GET /reload?ser=1511956324914 HTTP/1.1" 200 28 "http://renault.activities.at/result?dir=DESC&mode=grid&order=name&limit=50&page=2&search=Renault" "Mozilla/5.0 (compatible; MSIE 10.0; Windows NT 6.1; WOW64; Trident/6.0)"
193.194.132.75 - - [29/Nov/2017:12:52:27 +0100] "GET /reload?ser=1511956347572 HTTP/1.1" 200 28 "http://renault.2web.at/success" "Mozilla/5.0 (Windows NT 6.1; WOW64; Trident/7.0; rv:11.0) like Gecko"
91.133.70.9 - - [29/Nov/2017:12:52:38 +0100] "GET /reload?ser=1511956312677 HTTP/1.1" 200 28 "http://renault.activities.at/" "Mozilla/5.0 (Windows NT 6.1; WOW64; Trident/7.0; MASBJS; rv:11.0) like Gecko"
