188.21.129.54 - - [30/Nov/2017:09:29:21 +0100] "GET /images/title_corner_right_top.jpg HTTP/1.1" 304 - "http://renault.activities.at/result?searchterm=true&search=service" "Mozilla/5.0 (Windows NT 6.3; WOW64; Trident/7.0; rv:11.0) like Gecko"
188.21.129.54 - - [30/Nov/2017:09:29:21 +0100] "GET /images/title_border.jpg HTTP/1.1" 304 - "http://renault.activities.at/result?searchterm=true&search=service" "Mozilla/5.0 (Windows NT 6.3; WOW64; Trident/7.0; rv:11.0) like Gecko"
188.21.129.54 - - [30/Nov/2017:09:29:21 +0100] "GET /images/validation_advice_bg.gif HTTP/1.1" 304 - "http://renault.activities.at/result?searchterm=true&search=service" "Mozilla/5.0 (Windows NT 6.3; WOW64; Trident/7.0; rv:11.0) like Gecko"
188.21.129.54 - - [30/Nov/2017:09:29:21 +0100] "GET /images/success_msg_icon.gif HTTP/1.1" 304 - "http://renault.activities.at/result?searchterm=true&search=service" "Mozilla/5.0 (Windows NT 6.3; WOW64; Trident/7.0; rv:11.0) like Gecko"
193.194.132.79 - - [30/Nov/2017:09:29:27 +0100] "GET /reload?ser=1512030567812 HTTP/1.1" 200 28 "http://renault.2web.at/success" "Mozilla/5.0 (Windows NT 6.1; WOW64; Trident/7.0; rv:11.0) like Gecko"
188.21.129.54 - - [30/Nov/2017:09:29:29 +0100] "GET /css/themes/alphacube/frame_right.gif HTTP/1.1" 304 - "http://renault.activities.at/result?searchterm=true&search=service" "Mozilla/5.0 (Windows NT 6.3; WOW64; Trident/7.0; rv:11.0) like Gecko"
188.21.129.54 - - [30/Nov/2017:09:29:29 +0100] "GET /css/themes/alphacube/bottom_middle.gif HTTP/1.1" 304 - "http://renault.activities.at/result?searchterm=true&search=service" "Mozilla/5.0 (Windows NT 6.3; WOW64; Trident/7.0; rv:11.0) like Gecko"
188.21.129.54 - - [30/Nov/2017:09:29:29 +0100] "GET /css/themes/alphacube/top_mid.gif HTTP/1.1" 304 - "http://renault.activities.at/result?searchterm=true&search=service" "Mozilla/5.0 (Windows NT 6.3; WOW64; Trident/7.0; rv:11.0) like Gecko"
188.21.129.54 - - [30/Nov/2017:09:29:29 +0100] "GET /css/themes/alphacube/frame_left.gif HTTP/1.1" 304 - "http://renault.activities.at/result?searchterm=true&search=service" "Mozilla/5.0 (Windows NT 6.3; WOW64; Trident/7.0; rv:11.0) like Gecko"
188.21.129.54 - - [30/Nov/2017:09:29:29 +0100] "GET /css/themes/alphacube/button-close-focus.gif HTTP/1.1" 304 - "http://renault.activities.at/result?searchterm=true&search=service" "Mozilla/5.0 (Windows NT 6.3; WOW64; Trident/7.0; rv:11.0) like Gecko"
188.21.129.54 - - [30/Nov/2017:09:29:29 +0100] "GET /css/themes/alphacube/top_right.gif HTTP/1.1" 304 - "http://renault.activities.at/result?searchterm=true&search=service" "Mozilla/5.0 (Windows NT 6.3; WOW64; Trident/7.0; rv:11.0) like Gecko"
188.21.129.54 - - [30/Nov/2017:09:29:29 +0100] "GET /css/themes/alphacube/bottom_right-c.gif HTTP/1.1" 304 - "http://renault.activities.at/result?searchterm=true&search=service" "Mozilla/5.0 (Windows NT 6.3; WOW64; Trident/7.0; rv:11.0) like Gecko"
188.21.129.54 - - [30/Nov/2017:09:29:29 +0100] "GET /css/themes/alphacube/bottom_left-c.gif HTTP/1.1" 304 - "http://renault.activities.at/result?searchterm=true&search=service" "Mozilla/5.0 (Windows NT 6.3; WOW64; Trident/7.0; rv:11.0) like Gecko"
188.21.129.54 - - [30/Nov/2017:09:29:29 +0100] "GET /css/themes/alphacube/top_left.gif HTTP/1.1" 304 - "http://renault.activities.at/result?searchterm=true&search=service" "Mozilla/5.0 (Windows NT 6.3; WOW64; Trident/7.0; rv:11.0) like Gecko"
188.21.129.54 - - [30/Nov/2017:09:29:29 +0100] "GET /717264?print=true HTTP/1.1" 200 2675 "http://renault.activities.at/result?searchterm=true&search=service" "Mozilla/5.0 (Windows NT 6.3; WOW64; Trident/7.0; rv:11.0) like Gecko"
188.21.129.54 - - [30/Nov/2017:09:29:32 +0100] "GET /js/default.js HTTP/1.1" 304 - "http://renault.activities.at/717264?print=true" "Mozilla/5.0 (Windows NT 6.3; WOW64; Trident/7.0; rv:11.0) like Gecko"
188.21.129.54 - - [30/Nov/2017:09:29:32 +0100] "GET /css/print.css HTTP/1.1" 304 - "http://renault.activities.at/717264?print=true" "Mozilla/5.0 (Windows NT 6.3; WOW64; Trident/7.0; rv:11.0) like Gecko"
188.21.129.54 - - [30/Nov/2017:09:29:32 +0100] "GET /css/clears.css HTTP/1.1" 304 - "http://renault.activities.at/717264?print=true" "Mozilla/5.0 (Windows NT 6.3; WOW64; Trident/7.0; rv:11.0) like Gecko"
188.21.129.54 - - [30/Nov/2017:09:29:32 +0100] "GET /css/styles.css HTTP/1.1" 304 - "http://renault.activities.at/717264?print=true" "Mozilla/5.0 (Windows NT 6.3; WOW64; Trident/7.0; rv:11.0) like Gecko"
188.21.129.54 - - [30/Nov/2017:09:29:32 +0100] "GET /css/reset.css HTTP/1.1" 304 - "http://renault.activities.at/717264?print=true" "Mozilla/5.0 (Windows NT 6.3; WOW64; Trident/7.0; rv:11.0) like Gecko"
188.21.129.54 - - [30/Nov/2017:09:29:32 +0100] "GET /js/index.php?c=auto&f=,prototype/prototype.js,prototype/validation.js,scriptaculous/builder.js,scriptaculous/effects.js,scriptaculous/dragdrop.js,scriptaculous/controls.js,scriptaculous/slider.js,varien/js.js,varien/form.js,varien/menu.js,mage/translate.js,mage/cookies.js,varien/product.js,spinner/SpinnerControl.jsmin.js,prototype/window.js,prototype/window_ext.js HTTP/1.1" 304 - "http://renault.activities.at/717264?print=true" "Mozilla/5.0 (Windows NT 6.3; WOW64; Trident/7.0; rv:11.0) like Gecko"
188.21.129.54 - - [30/Nov/2017:09:29:32 +0100] "GET /js/checkout.css HTTP/1.1" 304 - "http://renault.activities.at/717264?print=true" "Mozilla/5.0 (Windows NT 6.3; WOW64; Trident/7.0; rv:11.0) like Gecko"
188.21.129.54 - - [30/Nov/2017:09:29:32 +0100] "GET /css/prototip.css HTTP/1.1" 304 - "http://renault.activities.at/717264?print=true" "Mozilla/5.0 (Windows NT 6.3; WOW64; Trident/7.0; rv:11.0) like Gecko"
188.21.129.54 - - [30/Nov/2017:09:29:32 +0100] "GET /css/themes/default.css HTTP/1.1" 304 - "http://renault.activities.at/717264?print=true" "Mozilla/5.0 (Windows NT 6.3; WOW64; Trident/7.0; rv:11.0) like Gecko"
188.21.129.54 - - [30/Nov/2017:09:29:32 +0100] "GET /css/themes/alphacube.css HTTP/1.1" 304 - "http://renault.activities.at/717264?print=true" "Mozilla/5.0 (Windows NT 6.3; WOW64; Trident/7.0; rv:11.0) like Gecko"
188.21.129.54 - - [30/Nov/2017:09:29:32 +0100] "GET /js/magiczoom/magiczoom.js HTTP/1.1" 304 - "http://renault.activities.at/717264?print=true" "Mozilla/5.0 (Windows NT 6.3; WOW64; Trident/7.0; rv:11.0) like Gecko"
188.21.129.54 - - [30/Nov/2017:09:29:32 +0100] "GET /js/magiczoom/magiczoom.css HTTP/1.1" 304 - "http://renault.activities.at/717264?print=true" "Mozilla/5.0 (Windows NT 6.3; WOW64; Trident/7.0; rv:11.0) like Gecko"
188.21.129.54 - - [30/Nov/2017:09:29:32 +0100] "GET /js/Produkt.js HTTP/1.1" 304 - "http://renault.activities.at/717264?print=true" "Mozilla/5.0 (Windows NT 6.3; WOW64; Trident/7.0; rv:11.0) like Gecko"
188.21.129.54 - - [30/Nov/2017:09:29:32 +0100] "GET /loadthumbnail.php?id=11017457&width=250 HTTP/1.1" 200 21007 "http://renault.activities.at/717264?print=true" "Mozilla/5.0 (Windows NT 6.3; WOW64; Trident/7.0; rv:11.0) like Gecko"
188.21.129.54 - - [30/Nov/2017:09:29:32 +0100] "GET /loadthumbnail.php?id=11017457&width=900&height=900 HTTP/1.1" 200 129929 "http://renault.activities.at/717264?print=true" "Mozilla/5.0 (Windows NT 6.3; WOW64; Trident/7.0; rv:11.0) like Gecko"
188.21.129.54 - - [30/Nov/2017:09:29:32 +0100] "GET /js/magiczoom/graphics/hint.gif HTTP/1.1" 200 73 "http://renault.activities.at/717264?print=true" "Mozilla/5.0 (Windows NT 6.3; WOW64; Trident/7.0; rv:11.0) like Gecko"
188.21.129.54 - - [30/Nov/2017:09:29:35 +0100] "GET /graphics/zoomin.cur HTTP/1.1" 200 3617 "http://renault.activities.at/717264?print=true" "Mozilla/5.0 (Windows NT 6.3; WOW64; Trident/7.0; rv:11.0) like Gecko"
188.21.129.54 - - [30/Nov/2017:09:29:35 +0100] "GET /graphics/zoomin.cur HTTP/1.1" 200 3617 "http://renault.activities.at/717264?print=true" "Mozilla/5.0 (Windows NT 6.3; WOW64; Trident/7.0; rv:11.0) like Gecko"
188.21.129.54 - - [30/Nov/2017:09:29:43 +0100] "GET /graphics/zoomin.cur HTTP/1.1" 200 3617 "http://renault.activities.at/717264?print=true" "Mozilla/5.0 (Windows NT 6.3; WOW64; Trident/7.0; rv:11.0) like Gecko"
188.21.129.54 - - [30/Nov/2017:09:29:51 +0100] "GET /null HTTP/1.1" 200 3617 "http://renault.activities.at/result?searchterm=true&search=service" "Mozilla/5.0 (Windows NT 6.3; WOW64; Trident/7.0; rv:11.0) like Gecko"
188.21.129.54 - - [30/Nov/2017:09:29:52 +0100] "GET /js/default.js HTTP/1.1" 304 - "http://renault.activities.at/null" "Mozilla/5.0 (Windows NT 6.3; WOW64; Trident/7.0; rv:11.0) like Gecko"
188.21.129.54 - - [30/Nov/2017:09:29:53 +0100] "GET /css/reset.css HTTP/1.1" 304 - "http://renault.activities.at/null" "Mozilla/5.0 (Windows NT 6.3; WOW64; Trident/7.0; rv:11.0) like Gecko"
188.21.129.54 - - [30/Nov/2017:09:29:53 +0100] "GET /css/styles.css HTTP/1.1" 304 - "http://renault.activities.at/null" "Mozilla/5.0 (Windows NT 6.3; WOW64; Trident/7.0; rv:11.0) like Gecko"
188.21.129.54 - - [30/Nov/2017:09:29:53 +0100] "GET /css/clears.css HTTP/1.1" 304 - "http://renault.activities.at/null" "Mozilla/5.0 (Windows NT 6.3; WOW64; Trident/7.0; rv:11.0) like Gecko"
188.21.129.54 - - [30/Nov/2017:09:29:53 +0100] "GET /css/print.css HTTP/1.1" 304 - "http://renault.activities.at/null" "Mozilla/5.0 (Windows NT 6.3; WOW64; Trident/7.0; rv:11.0) like Gecko"
188.21.129.54 - - [30/Nov/2017:09:29:53 +0100] "GET /js/index.php?c=auto&f=,prototype/prototype.js,prototype/validation.js,scriptaculous/builder.js,scriptaculous/effects.js,scriptaculous/dragdrop.js,scriptaculous/controls.js,scriptaculous/slider.js,varien/js.js,varien/form.js,varien/menu.js,mage/translate.js,mage/cookies.js,varien/product.js,spinner/SpinnerControl.jsmin.js,prototype/window.js,prototype/window_ext.js HTTP/1.1" 304 - "http://renault.activities.at/null" "Mozilla/5.0 (Windows NT 6.3; WOW64; Trident/7.0; rv:11.0) like Gecko"
188.21.129.54 - - [30/Nov/2017:09:29:53 +0100] "GET /js/checkout.css HTTP/1.1" 304 - "http://renault.activities.at/null" "Mozilla/5.0 (Windows NT 6.3; WOW64; Trident/7.0; rv:11.0) like Gecko"
188.21.129.54 - - [30/Nov/2017:09:29:53 +0100] "GET /css/prototip.css HTTP/1.1" 304 - "http://renault.activities.at/null" "Mozilla/5.0 (Windows NT 6.3; WOW64; Trident/7.0; rv:11.0) like Gecko"
188.21.129.54 - - [30/Nov/2017:09:29:53 +0100] "GET /css/themes/alphacube.css HTTP/1.1" 304 - "http://renault.activities.at/null" "Mozilla/5.0 (Windows NT 6.3; WOW64; Trident/7.0; rv:11.0) like Gecko"
188.21.129.54 - - [30/Nov/2017:09:29:53 +0100] "GET /css/themes/default.css HTTP/1.1" 304 - "http://renault.activities.at/null" "Mozilla/5.0 (Windows NT 6.3; WOW64; Trident/7.0; rv:11.0) like Gecko"
80.123.225.34 - - [30/Nov/2017:09:30:04 +0100] "GET /reload?ser=1512030607230 HTTP/1.1" 200 28 "http://renault.activities.at/success" "Mozilla/5.0 (compatible; MSIE 10.0; Windows NT 6.1; WOW64; Trident/6.0)"
188.21.129.54 - - [30/Nov/2017:09:30:21 +0100] "GET /reload?ser=1512030621399 HTTP/1.1" 200 28 "http://renault.activities.at/result?searchterm=true&search=service" "Mozilla/5.0 (Windows NT 6.3; WOW64; Trident/7.0; rv:11.0) like Gecko"
193.194.132.79 - - [30/Nov/2017:09:30:29 +0100] "GET /reload?ser=1512030628852 HTTP/1.1" 200 28 "http://renault.2web.at/success" "Mozilla/5.0 (Windows NT 6.1; WOW64; Trident/7.0; rv:11.0) like Gecko"
80.123.225.34 - - [30/Nov/2017:09:31:05 +0100] "GET /reload?ser=1512030668180 HTTP/1.1" 200 28 "http://renault.activities.at/success" "Mozilla/5.0 (compatible; MSIE 10.0; Windows NT 6.1; WOW64; Trident/6.0)"
188.21.129.54 - - [30/Nov/2017:09:31:22 +0100] "GET /reload?ser=1512030682342 HTTP/1.1" 200 28 "http://renault.activities.at/result?searchterm=true&search=service" "Mozilla/5.0 (Windows NT 6.3; WOW64; Trident/7.0; rv:11.0) like Gecko"
193.194.132.79 - - [30/Nov/2017:09:31:30 +0100] "GET /reload?ser=1512030689994 HTTP/1.1" 200 28 "http://renault.2web.at/success" "Mozilla/5.0 (Windows NT 6.1; WOW64; Trident/7.0; rv:11.0) like Gecko"
80.123.225.34 - - [30/Nov/2017:09:32:06 +0100] "GET /reload?ser=1512030729335 HTTP/1.1" 200 28 "http://renault.activities.at/success" "Mozilla/5.0 (compatible; MSIE 10.0; Windows NT 6.1; WOW64; Trident/6.0)"
188.21.129.54 - - [30/Nov/2017:09:32:23 +0100] "GET /reload?ser=1512030743314 HTTP/1.1" 200 28 "http://renault.activities.at/result?searchterm=true&search=service" "Mozilla/5.0 (Windows NT 6.3; WOW64; Trident/7.0; rv:11.0) like Gecko"
193.194.132.79 - - [30/Nov/2017:09:32:31 +0100] "GET /reload?ser=1512030751096 HTTP/1.1" 200 28 "http://renault.2web.at/success" "Mozilla/5.0 (Windows NT 6.1; WOW64; Trident/7.0; rv:11.0) like Gecko"
80.123.225.34 - - [30/Nov/2017:09:33:07 +0100] "GET /reload?ser=1512030790330 HTTP/1.1" 200 28 "http://renault.activities.at/success" "Mozilla/5.0 (compatible; MSIE 10.0; Windows NT 6.1; WOW64; Trident/6.0)"
188.21.129.54 - - [30/Nov/2017:09:33:24 +0100] "GET /reload?ser=1512030804282 HTTP/1.1" 200 28 "http://renault.activities.at/result?searchterm=true&search=service" "Mozilla/5.0 (Windows NT 6.3; WOW64; Trident/7.0; rv:11.0) like Gecko"
193.194.132.79 - - [30/Nov/2017:09:33:32 +0100] "GET /reload?ser=1512030812157 HTTP/1.1" 200 28 "http://renault.2web.at/success" "Mozilla/5.0 (Windows NT 6.1; WOW64; Trident/7.0; rv:11.0) like Gecko"
80.123.225.34 - - [30/Nov/2017:09:34:08 +0100] "GET /reload?ser=1512030851311 HTTP/1.1" 200 28 "http://renault.activities.at/success" "Mozilla/5.0 (compatible; MSIE 10.0; Windows NT 6.1; WOW64; Trident/6.0)"
188.21.129.54 - - [30/Nov/2017:09:34:17 +0100] "GET /cart HTTP/1.1" 200 5577 "http://renault.activities.at/result?searchterm=true&search=service" "Mozilla/5.0 (Windows NT 6.3; WOW64; Trident/7.0; rv:11.0) like Gecko"
188.21.129.54 - - [30/Nov/2017:09:34:20 +0100] "GET /js/default.js HTTP/1.1" 304 - "http://renault.activities.at/cart" "Mozilla/5.0 (Windows NT 6.3; WOW64; Trident/7.0; rv:11.0) like Gecko"
188.21.129.54 - - [30/Nov/2017:09:34:20 +0100] "GET /css/reset.css HTTP/1.1" 304 - "http://renault.activities.at/cart" "Mozilla/5.0 (Windows NT 6.3; WOW64; Trident/7.0; rv:11.0) like Gecko"
188.21.129.54 - - [30/Nov/2017:09:34:20 +0100] "GET /css/clears.css HTTP/1.1" 304 - "http://renault.activities.at/cart" "Mozilla/5.0 (Windows NT 6.3; WOW64; Trident/7.0; rv:11.0) like Gecko"
188.21.129.54 - - [30/Nov/2017:09:34:20 +0100] "GET /css/styles.css HTTP/1.1" 304 - "http://renault.activities.at/cart" "Mozilla/5.0 (Windows NT 6.3; WOW64; Trident/7.0; rv:11.0) like Gecko"
188.21.129.54 - - [30/Nov/2017:09:34:20 +0100] "GET /js/index.php?c=auto&f=,prototype/prototype.js,prototype/validation.js,scriptaculous/builder.js,scriptaculous/effects.js,scriptaculous/dragdrop.js,scriptaculous/controls.js,scriptaculous/slider.js,varien/js.js,varien/form.js,varien/menu.js,mage/translate.js,mage/cookies.js,varien/product.js,spinner/SpinnerControl.jsmin.js,prototype/window.js,prototype/window_ext.js HTTP/1.1" 304 - "http://renault.activities.at/cart" "Mozilla/5.0 (Windows NT 6.3; WOW64; Trident/7.0; rv:11.0) like Gecko"
188.21.129.54 - - [30/Nov/2017:09:34:20 +0100] "GET /css/print.css HTTP/1.1" 304 - "http://renault.activities.at/cart" "Mozilla/5.0 (Windows NT 6.3; WOW64; Trident/7.0; rv:11.0) like Gecko"
188.21.129.54 - - [30/Nov/2017:09:34:20 +0100] "GET /js/checkout.css HTTP/1.1" 304 - "http://renault.activities.at/cart" "Mozilla/5.0 (Windows NT 6.3; WOW64; Trident/7.0; rv:11.0) like Gecko"
188.21.129.54 - - [30/Nov/2017:09:34:20 +0100] "GET /css/prototip.css HTTP/1.1" 304 - "http://renault.activities.at/cart" "Mozilla/5.0 (Windows NT 6.3; WOW64; Trident/7.0; rv:11.0) like Gecko"
188.21.129.54 - - [30/Nov/2017:09:34:20 +0100] "GET /css/themes/default.css HTTP/1.1" 304 - "http://renault.activities.at/cart" "Mozilla/5.0 (Windows NT 6.3; WOW64; Trident/7.0; rv:11.0) like Gecko"
188.21.129.54 - - [30/Nov/2017:09:34:20 +0100] "GET /css/themes/alphacube.css HTTP/1.1" 304 - "http://renault.activities.at/cart" "Mozilla/5.0 (Windows NT 6.3; WOW64; Trident/7.0; rv:11.0) like Gecko"
188.21.129.54 - - [30/Nov/2017:09:34:20 +0100] "GET /js/ProduktGrp.js HTTP/1.1" 304 - "http://renault.activities.at/cart" "Mozilla/5.0 (Windows NT 6.3; WOW64; Trident/7.0; rv:11.0) like Gecko"
188.21.129.54 - - [30/Nov/2017:09:34:20 +0100] "GET /images/search_bg.gif HTTP/1.1" 304 - "http://renault.activities.at/cart" "Mozilla/5.0 (Windows NT 6.3; WOW64; Trident/7.0; rv:11.0) like Gecko"
188.21.129.54 - - [30/Nov/2017:09:34:21 +0100] "GET /images/header_block_corner_left_top.gif HTTP/1.1" 304 - "http://renault.activities.at/cart" "Mozilla/5.0 (Windows NT 6.3; WOW64; Trident/7.0; rv:11.0) like Gecko"
188.21.129.54 - - [30/Nov/2017:09:34:21 +0100] "GET /images/header_block_corner_right_top.gif HTTP/1.1" 304 - "http://renault.activities.at/cart" "Mozilla/5.0 (Windows NT 6.3; WOW64; Trident/7.0; rv:11.0) like Gecko"
188.21.129.54 - - [30/Nov/2017:09:34:21 +0100] "GET /images/header_block_border.gif HTTP/1.1" 304 - "http://renault.activities.at/cart" "Mozilla/5.0 (Windows NT 6.3; WOW64; Trident/7.0; rv:11.0) like Gecko"
188.21.129.54 - - [30/Nov/2017:09:34:20 +0100] "GET /loadthumbnail.php?id=10232009&width=16&height=16 HTTP/1.1" 200 700 "http://renault.activities.at/cart" "Mozilla/5.0 (Windows NT 6.3; WOW64; Trident/7.0; rv:11.0) like Gecko"
188.21.129.54 - - [30/Nov/2017:09:34:21 +0100] "GET /images/menu_button_bg.jpg HTTP/1.1" 304 - "http://renault.activities.at/cart" "Mozilla/5.0 (Windows NT 6.3; WOW64; Trident/7.0; rv:11.0) like Gecko"
188.21.129.54 - - [30/Nov/2017:09:34:20 +0100] "GET /loadthumbnail.php?id=10203650&width=100 HTTP/1.1" 200 2545 "http://renault.activities.at/cart" "Mozilla/5.0 (Windows NT 6.3; WOW64; Trident/7.0; rv:11.0) like Gecko"
188.21.129.54 - - [30/Nov/2017:09:34:20 +0100] "GET /loadthumbnail.php?id=10269567&width=100 HTTP/1.1" 200 1333 "http://renault.activities.at/cart" "Mozilla/5.0 (Windows NT 6.3; WOW64; Trident/7.0; rv:11.0) like Gecko"
188.21.129.54 - - [30/Nov/2017:09:34:20 +0100] "GET /loadthumbnail.php?id=10269569&width=100 HTTP/1.1" 200 1229 "http://renault.activities.at/cart" "Mozilla/5.0 (Windows NT 6.3; WOW64; Trident/7.0; rv:11.0) like Gecko"
188.21.129.54 - - [30/Nov/2017:09:34:20 +0100] "GET /loadthumbnail.php?id=11075482&width=100 HTTP/1.1" 200 2117 "http://renault.activities.at/cart" "Mozilla/5.0 (Windows NT 6.3; WOW64; Trident/7.0; rv:11.0) like Gecko"
188.21.129.54 - - [30/Nov/2017:09:34:21 +0100] "GET /images/nav_divider.gif HTTP/1.1" 304 - "http://renault.activities.at/cart" "Mozilla/5.0 (Windows NT 6.3; WOW64; Trident/7.0; rv:11.0) like Gecko"
188.21.129.54 - - [30/Nov/2017:09:34:21 +0100] "GET /images/menu_divider.gif HTTP/1.1" 304 - "http://renault.activities.at/cart" "Mozilla/5.0 (Windows NT 6.3; WOW64; Trident/7.0; rv:11.0) like Gecko"
188.21.129.54 - - [30/Nov/2017:09:34:21 +0100] "GET /images/top_links_divider.gif HTTP/1.1" 304 - "http://renault.activities.at/cart" "Mozilla/5.0 (Windows NT 6.3; WOW64; Trident/7.0; rv:11.0) like Gecko"
188.21.129.54 - - [30/Nov/2017:09:34:21 +0100] "GET /images/main_block_corner_left_bot.gif HTTP/1.1" 304 - "http://renault.activities.at/cart" "Mozilla/5.0 (Windows NT 6.3; WOW64; Trident/7.0; rv:11.0) like Gecko"
188.21.129.54 - - [30/Nov/2017:09:34:21 +0100] "GET /images/main_block_corner_right_bot.gif HTTP/1.1" 304 - "http://renault.activities.at/cart" "Mozilla/5.0 (Windows NT 6.3; WOW64; Trident/7.0; rv:11.0) like Gecko"
188.21.129.54 - - [30/Nov/2017:09:34:21 +0100] "GET /images/main_block_corner_right_top.gif HTTP/1.1" 304 - "http://renault.activities.at/cart" "Mozilla/5.0 (Windows NT 6.3; WOW64; Trident/7.0; rv:11.0) like Gecko"
188.21.129.54 - - [30/Nov/2017:09:34:21 +0100] "GET /images/main_block_border.gif HTTP/1.1" 304 - "http://renault.activities.at/cart" "Mozilla/5.0 (Windows NT 6.3; WOW64; Trident/7.0; rv:11.0) like Gecko"
188.21.129.54 - - [30/Nov/2017:09:34:21 +0100] "GET /images/main_block_corner_left_top.gif HTTP/1.1" 304 - "http://renault.activities.at/cart" "Mozilla/5.0 (Windows NT 6.3; WOW64; Trident/7.0; rv:11.0) like Gecko"
188.21.129.54 - - [30/Nov/2017:09:34:21 +0100] "GET /images/button_left_bg.gif HTTP/1.1" 304 - "http://renault.activities.at/cart" "Mozilla/5.0 (Windows NT 6.3; WOW64; Trident/7.0; rv:11.0) like Gecko"
188.21.129.54 - - [30/Nov/2017:09:34:21 +0100] "GET /images/vista-dn.gif HTTP/1.1" 304 - "http://renault.activities.at/cart" "Mozilla/5.0 (Windows NT 6.3; WOW64; Trident/7.0; rv:11.0) like Gecko"
188.21.129.54 - - [30/Nov/2017:09:34:21 +0100] "GET /images/title_corner_left_top.jpg HTTP/1.1" 304 - "http://renault.activities.at/cart" "Mozilla/5.0 (Windows NT 6.3; WOW64; Trident/7.0; rv:11.0) like Gecko"
188.21.129.54 - - [30/Nov/2017:09:34:21 +0100] "GET /images/validation_advice_bg.gif HTTP/1.1" 304 - "http://renault.activities.at/cart" "Mozilla/5.0 (Windows NT 6.3; WOW64; Trident/7.0; rv:11.0) like Gecko"
188.21.129.54 - - [30/Nov/2017:09:34:21 +0100] "GET /images/button_bg.gif HTTP/1.1" 304 - "http://renault.activities.at/cart" "Mozilla/5.0 (Windows NT 6.3; WOW64; Trident/7.0; rv:11.0) like Gecko"
188.21.129.54 - - [30/Nov/2017:09:34:21 +0100] "GET /images/button_right_bg.gif HTTP/1.1" 304 - "http://renault.activities.at/cart" "Mozilla/5.0 (Windows NT 6.3; WOW64; Trident/7.0; rv:11.0) like Gecko"
188.21.129.54 - - [30/Nov/2017:09:34:21 +0100] "GET /images/title_border.jpg HTTP/1.1" 304 - "http://renault.activities.at/cart" "Mozilla/5.0 (Windows NT 6.3; WOW64; Trident/7.0; rv:11.0) like Gecko"
188.21.129.54 - - [30/Nov/2017:09:34:21 +0100] "GET /images/title_corner_right_top.jpg HTTP/1.1" 304 - "http://renault.activities.at/cart" "Mozilla/5.0 (Windows NT 6.3; WOW64; Trident/7.0; rv:11.0) like Gecko"
188.21.129.54 - - [30/Nov/2017:09:34:21 +0100] "GET /images/vista-up.gif HTTP/1.1" 304 - "http://renault.activities.at/cart" "Mozilla/5.0 (Windows NT 6.3; WOW64; Trident/7.0; rv:11.0) like Gecko"
188.21.129.54 - - [30/Nov/2017:09:34:21 +0100] "GET /images/title_border_top.jpg HTTP/1.1" 304 - "http://renault.activities.at/cart" "Mozilla/5.0 (Windows NT 6.3; WOW64; Trident/7.0; rv:11.0) like Gecko"
188.21.129.54 - - [30/Nov/2017:09:34:21 +0100] "GET /images/footer_divider.gif HTTP/1.1" 304 - "http://renault.activities.at/cart" "Mozilla/5.0 (Windows NT 6.3; WOW64; Trident/7.0; rv:11.0) like Gecko"
193.194.132.79 - - [30/Nov/2017:09:34:33 +0100] "GET /reload?ser=1512030873293 HTTP/1.1" 200 28 "http://renault.2web.at/success" "Mozilla/5.0 (Windows NT 6.1; WOW64; Trident/7.0; rv:11.0) like Gecko"
188.21.129.54 - - [30/Nov/2017:09:34:56 +0100] "GET /checkout HTTP/1.1" 200 19996 "http://renault.activities.at/cart" "Mozilla/5.0 (Windows NT 6.3; WOW64; Trident/7.0; rv:11.0) like Gecko"
188.21.129.54 - - [30/Nov/2017:09:35:01 +0100] "GET /js/default.js HTTP/1.1" 304 - "http://renault.activities.at/checkout" "Mozilla/5.0 (Windows NT 6.3; WOW64; Trident/7.0; rv:11.0) like Gecko"
188.21.129.54 - - [30/Nov/2017:09:35:01 +0100] "GET /css/styles.css HTTP/1.1" 304 - "http://renault.activities.at/checkout" "Mozilla/5.0 (Windows NT 6.3; WOW64; Trident/7.0; rv:11.0) like Gecko"
188.21.129.54 - - [30/Nov/2017:09:35:01 +0100] "GET /css/clears.css HTTP/1.1" 304 - "http://renault.activities.at/checkout" "Mozilla/5.0 (Windows NT 6.3; WOW64; Trident/7.0; rv:11.0) like Gecko"
188.21.129.54 - - [30/Nov/2017:09:35:01 +0100] "GET /css/reset.css HTTP/1.1" 304 - "http://renault.activities.at/checkout" "Mozilla/5.0 (Windows NT 6.3; WOW64; Trident/7.0; rv:11.0) like Gecko"
188.21.129.54 - - [30/Nov/2017:09:35:01 +0100] "GET /js/index.php?c=auto&f=,prototype/prototype.js,prototype/validation.js,scriptaculous/builder.js,scriptaculous/effects.js,scriptaculous/dragdrop.js,scriptaculous/controls.js,scriptaculous/slider.js,varien/js.js,varien/form.js,varien/menu.js,mage/translate.js,mage/cookies.js,varien/product.js,spinner/SpinnerControl.jsmin.js,prototype/window.js,prototype/window_ext.js HTTP/1.1" 304 - "http://renault.activities.at/checkout" "Mozilla/5.0 (Windows NT 6.3; WOW64; Trident/7.0; rv:11.0) like Gecko"
188.21.129.54 - - [30/Nov/2017:09:35:01 +0100] "GET /css/print.css HTTP/1.1" 304 - "http://renault.activities.at/checkout" "Mozilla/5.0 (Windows NT 6.3; WOW64; Trident/7.0; rv:11.0) like Gecko"
188.21.129.54 - - [30/Nov/2017:09:35:01 +0100] "GET /js/checkout.css HTTP/1.1" 304 - "http://renault.activities.at/checkout" "Mozilla/5.0 (Windows NT 6.3; WOW64; Trident/7.0; rv:11.0) like Gecko"
188.21.129.54 - - [30/Nov/2017:09:35:01 +0100] "GET /css/themes/default.css HTTP/1.1" 304 - "http://renault.activities.at/checkout" "Mozilla/5.0 (Windows NT 6.3; WOW64; Trident/7.0; rv:11.0) like Gecko"
188.21.129.54 - - [30/Nov/2017:09:35:01 +0100] "GET /css/prototip.css HTTP/1.1" 304 - "http://renault.activities.at/checkout" "Mozilla/5.0 (Windows NT 6.3; WOW64; Trident/7.0; rv:11.0) like Gecko"
188.21.129.54 - - [30/Nov/2017:09:35:01 +0100] "GET /js/checkout2.js HTTP/1.1" 304 - "http://renault.activities.at/checkout" "Mozilla/5.0 (Windows NT 6.3; WOW64; Trident/7.0; rv:11.0) like Gecko"
188.21.129.54 - - [30/Nov/2017:09:35:01 +0100] "GET /css/themes/alphacube.css HTTP/1.1" 304 - "http://renault.activities.at/checkout" "Mozilla/5.0 (Windows NT 6.3; WOW64; Trident/7.0; rv:11.0) like Gecko"
188.21.129.54 - - [30/Nov/2017:09:35:01 +0100] "GET /images/ajax_loading.gif HTTP/1.1" 200 1542 "http://renault.activities.at/checkout" "Mozilla/5.0 (Windows NT 6.3; WOW64; Trident/7.0; rv:11.0) like Gecko"
188.21.129.54 - - [30/Nov/2017:09:35:01 +0100] "GET /images/header_block_corner_right_top.gif HTTP/1.1" 304 - "http://renault.activities.at/checkout" "Mozilla/5.0 (Windows NT 6.3; WOW64; Trident/7.0; rv:11.0) like Gecko"
188.21.129.54 - - [30/Nov/2017:09:35:01 +0100] "GET /images/header_block_border.gif HTTP/1.1" 304 - "http://renault.activities.at/checkout" "Mozilla/5.0 (Windows NT 6.3; WOW64; Trident/7.0; rv:11.0) like Gecko"
188.21.129.54 - - [30/Nov/2017:09:35:01 +0100] "GET /images/main_block_corner_left_bot.gif HTTP/1.1" 304 - "http://renault.activities.at/checkout" "Mozilla/5.0 (Windows NT 6.3; WOW64; Trident/7.0; rv:11.0) like Gecko"
188.21.129.54 - - [30/Nov/2017:09:35:01 +0100] "GET /images/search_bg.gif HTTP/1.1" 304 - "http://renault.activities.at/checkout" "Mozilla/5.0 (Windows NT 6.3; WOW64; Trident/7.0; rv:11.0) like Gecko"
188.21.129.54 - - [30/Nov/2017:09:35:01 +0100] "GET /images/main_block_corner_right_bot.gif HTTP/1.1" 304 - "http://renault.activities.at/checkout" "Mozilla/5.0 (Windows NT 6.3; WOW64; Trident/7.0; rv:11.0) like Gecko"
188.21.129.54 - - [30/Nov/2017:09:35:01 +0100] "GET /images/main_block_border.gif HTTP/1.1" 304 - "http://renault.activities.at/checkout" "Mozilla/5.0 (Windows NT 6.3; WOW64; Trident/7.0; rv:11.0) like Gecko"
188.21.129.54 - - [30/Nov/2017:09:35:01 +0100] "GET /images/main_block_corner_right_top.gif HTTP/1.1" 304 - "http://renault.activities.at/checkout" "Mozilla/5.0 (Windows NT 6.3; WOW64; Trident/7.0; rv:11.0) like Gecko"
188.21.129.54 - - [30/Nov/2017:09:35:01 +0100] "GET /images/main_block_corner_left_top.gif HTTP/1.1" 304 - "http://renault.activities.at/checkout" "Mozilla/5.0 (Windows NT 6.3; WOW64; Trident/7.0; rv:11.0) like Gecko"
188.21.129.54 - - [30/Nov/2017:09:35:01 +0100] "GET /loadthumbnail.php?id=10201939 HTTP/1.1" 200 201 "http://renault.activities.at/checkout" "Mozilla/5.0 (Windows NT 6.3; WOW64; Trident/7.0; rv:11.0) like Gecko"
188.21.129.54 - - [30/Nov/2017:09:35:01 +0100] "GET /images/header_block_corner_left_top.gif HTTP/1.1" 304 - "http://renault.activities.at/checkout" "Mozilla/5.0 (Windows NT 6.3; WOW64; Trident/7.0; rv:11.0) like Gecko"
188.21.129.54 - - [30/Nov/2017:09:35:01 +0100] "GET /images/top_links_divider.gif HTTP/1.1" 304 - "http://renault.activities.at/checkout" "Mozilla/5.0 (Windows NT 6.3; WOW64; Trident/7.0; rv:11.0) like Gecko"
188.21.129.54 - - [30/Nov/2017:09:35:01 +0100] "GET /images/footer_divider.gif HTTP/1.1" 304 - "http://renault.activities.at/checkout" "Mozilla/5.0 (Windows NT 6.3; WOW64; Trident/7.0; rv:11.0) like Gecko"
188.21.129.54 - - [30/Nov/2017:09:35:01 +0100] "GET /images/menu_button_bg.jpg HTTP/1.1" 304 - "http://renault.activities.at/checkout" "Mozilla/5.0 (Windows NT 6.3; WOW64; Trident/7.0; rv:11.0) like Gecko"
188.21.129.54 - - [30/Nov/2017:09:35:01 +0100] "GET /images/nav_divider.gif HTTP/1.1" 304 - "http://renault.activities.at/checkout" "Mozilla/5.0 (Windows NT 6.3; WOW64; Trident/7.0; rv:11.0) like Gecko"
188.21.129.54 - - [30/Nov/2017:09:35:01 +0100] "GET /loadthumbnail.php?id=10202698 HTTP/1.1" 200 16686 "http://renault.activities.at/checkout" "Mozilla/5.0 (Windows NT 6.3; WOW64; Trident/7.0; rv:11.0) like Gecko"
188.21.129.54 - - [30/Nov/2017:09:35:01 +0100] "GET /images/sidebar_title_border.gif HTTP/1.1" 304 - "http://renault.activities.at/checkout" "Mozilla/5.0 (Windows NT 6.3; WOW64; Trident/7.0; rv:11.0) like Gecko"
188.21.129.54 - - [30/Nov/2017:09:35:01 +0100] "GET /images/step_bg.jpg HTTP/1.1" 200 319 "http://renault.activities.at/checkout" "Mozilla/5.0 (Windows NT 6.3; WOW64; Trident/7.0; rv:11.0) like Gecko"
188.21.129.54 - - [30/Nov/2017:09:35:01 +0100] "GET /images/checkout_border.gif HTTP/1.1" 200 43 "http://renault.activities.at/checkout" "Mozilla/5.0 (Windows NT 6.3; WOW64; Trident/7.0; rv:11.0) like Gecko"
188.21.129.54 - - [30/Nov/2017:09:35:01 +0100] "GET /images/button_left_bg.gif HTTP/1.1" 304 - "http://renault.activities.at/checkout" "Mozilla/5.0 (Windows NT 6.3; WOW64; Trident/7.0; rv:11.0) like Gecko"
188.21.129.54 - - [30/Nov/2017:09:35:01 +0100] "GET /images/button_bg.gif HTTP/1.1" 304 - "http://renault.activities.at/checkout" "Mozilla/5.0 (Windows NT 6.3; WOW64; Trident/7.0; rv:11.0) like Gecko"
188.21.129.54 - - [30/Nov/2017:09:35:01 +0100] "GET /images/sidebar_title_corner_left_top.gif HTTP/1.1" 304 - "http://renault.activities.at/checkout" "Mozilla/5.0 (Windows NT 6.3; WOW64; Trident/7.0; rv:11.0) like Gecko"
188.21.129.54 - - [30/Nov/2017:09:35:01 +0100] "GET /images/checkout_border_top.gif HTTP/1.1" 200 156 "http://renault.activities.at/checkout" "Mozilla/5.0 (Windows NT 6.3; WOW64; Trident/7.0; rv:11.0) like Gecko"
188.21.129.54 - - [30/Nov/2017:09:35:01 +0100] "GET /images/menu_divider.gif HTTP/1.1" 304 - "http://renault.activities.at/checkout" "Mozilla/5.0 (Windows NT 6.3; WOW64; Trident/7.0; rv:11.0) like Gecko"
188.21.129.54 - - [30/Nov/2017:09:35:01 +0100] "GET /images/step_marker.gif HTTP/1.1" 200 650 "http://renault.activities.at/checkout" "Mozilla/5.0 (Windows NT 6.3; WOW64; Trident/7.0; rv:11.0) like Gecko"
188.21.129.54 - - [30/Nov/2017:09:35:01 +0100] "GET /images/button_right_bg.gif HTTP/1.1" 304 - "http://renault.activities.at/checkout" "Mozilla/5.0 (Windows NT 6.3; WOW64; Trident/7.0; rv:11.0) like Gecko"
188.21.129.54 - - [30/Nov/2017:09:35:01 +0100] "GET /images/sidebar_title_border_top.gif HTTP/1.1" 304 - "http://renault.activities.at/checkout" "Mozilla/5.0 (Windows NT 6.3; WOW64; Trident/7.0; rv:11.0) like Gecko"
188.21.129.54 - - [30/Nov/2017:09:35:01 +0100] "GET /images/sidebar_title_corner_right_top.gif HTTP/1.1" 304 - "http://renault.activities.at/checkout" "Mozilla/5.0 (Windows NT 6.3; WOW64; Trident/7.0; rv:11.0) like Gecko"
80.123.225.34 - - [30/Nov/2017:09:35:09 +0100] "GET /reload?ser=1512030912330 HTTP/1.1" 200 28 "http://renault.activities.at/success" "Mozilla/5.0 (compatible; MSIE 10.0; Windows NT 6.1; WOW64; Trident/6.0)"
188.21.129.54 - - [30/Nov/2017:09:35:11 +0100] "POST /docheckout HTTP/1.1" 200 446 "http://renault.activities.at/checkout" "Mozilla/5.0 (Windows NT 6.3; WOW64; Trident/7.0; rv:11.0) like Gecko"
188.21.129.54 - - [30/Nov/2017:09:35:15 +0100] "POST /docheckout HTTP/1.1" 200 721 "http://renault.activities.at/checkout" "Mozilla/5.0 (Windows NT 6.3; WOW64; Trident/7.0; rv:11.0) like Gecko"
188.21.129.54 - - [30/Nov/2017:09:35:17 +0100] "GET /images/error_msg_icon.gif HTTP/1.1" 200 1013 "http://renault.activities.at/checkout" "Mozilla/5.0 (Windows NT 6.3; WOW64; Trident/7.0; rv:11.0) like Gecko"
188.21.129.54 - - [30/Nov/2017:09:35:21 +0100] "POST /docheckout HTTP/1.1" 200 68 "http://renault.activities.at/checkout" "Mozilla/5.0 (Windows NT 6.3; WOW64; Trident/7.0; rv:11.0) like Gecko"
188.21.129.54 - - [30/Nov/2017:09:35:24 +0100] "GET /success HTTP/1.1" 200 3786 "http://renault.activities.at/checkout" "Mozilla/5.0 (Windows NT 6.3; WOW64; Trident/7.0; rv:11.0) like Gecko"
188.21.129.54 - - [30/Nov/2017:09:35:26 +0100] "GET /js/default.js HTTP/1.1" 304 - "http://renault.activities.at/success" "Mozilla/5.0 (Windows NT 6.3; WOW64; Trident/7.0; rv:11.0) like Gecko"
188.21.129.54 - - [30/Nov/2017:09:35:26 +0100] "GET /css/reset.css HTTP/1.1" 304 - "http://renault.activities.at/success" "Mozilla/5.0 (Windows NT 6.3; WOW64; Trident/7.0; rv:11.0) like Gecko"
188.21.129.54 - - [30/Nov/2017:09:35:26 +0100] "GET /css/print.css HTTP/1.1" 304 - "http://renault.activities.at/success" "Mozilla/5.0 (Windows NT 6.3; WOW64; Trident/7.0; rv:11.0) like Gecko"
188.21.129.54 - - [30/Nov/2017:09:35:26 +0100] "GET /css/clears.css HTTP/1.1" 304 - "http://renault.activities.at/success" "Mozilla/5.0 (Windows NT 6.3; WOW64; Trident/7.0; rv:11.0) like Gecko"
188.21.129.54 - - [30/Nov/2017:09:35:26 +0100] "GET /css/styles.css HTTP/1.1" 304 - "http://renault.activities.at/success" "Mozilla/5.0 (Windows NT 6.3; WOW64; Trident/7.0; rv:11.0) like Gecko"
188.21.129.54 - - [30/Nov/2017:09:35:26 +0100] "GET /js/index.php?c=auto&f=,prototype/prototype.js,prototype/validation.js,scriptaculous/builder.js,scriptaculous/effects.js,scriptaculous/dragdrop.js,scriptaculous/controls.js,scriptaculous/slider.js,varien/js.js,varien/form.js,varien/menu.js,mage/translate.js,mage/cookies.js,varien/product.js,spinner/SpinnerControl.jsmin.js,prototype/window.js,prototype/window_ext.js HTTP/1.1" 304 - "http://renault.activities.at/success" "Mozilla/5.0 (Windows NT 6.3; WOW64; Trident/7.0; rv:11.0) like Gecko"
188.21.129.54 - - [30/Nov/2017:09:35:26 +0100] "GET /js/checkout.css HTTP/1.1" 304 - "http://renault.activities.at/success" "Mozilla/5.0 (Windows NT 6.3; WOW64; Trident/7.0; rv:11.0) like Gecko"
188.21.129.54 - - [30/Nov/2017:09:35:26 +0100] "GET /css/themes/default.css HTTP/1.1" 304 - "http://renault.activities.at/success" "Mozilla/5.0 (Windows NT 6.3; WOW64; Trident/7.0; rv:11.0) like Gecko"
188.21.129.54 - - [30/Nov/2017:09:35:26 +0100] "GET /css/prototip.css HTTP/1.1" 304 - "http://renault.activities.at/success" "Mozilla/5.0 (Windows NT 6.3; WOW64; Trident/7.0; rv:11.0) like Gecko"
188.21.129.54 - - [30/Nov/2017:09:35:26 +0100] "GET /css/themes/alphacube.css HTTP/1.1" 304 - "http://renault.activities.at/success" "Mozilla/5.0 (Windows NT 6.3; WOW64; Trident/7.0; rv:11.0) like Gecko"
188.21.129.54 - - [30/Nov/2017:09:35:27 +0100] "GET /images/header_block_corner_left_top.gif HTTP/1.1" 304 - "http://renault.activities.at/success" "Mozilla/5.0 (Windows NT 6.3; WOW64; Trident/7.0; rv:11.0) like Gecko"
188.21.129.54 - - [30/Nov/2017:09:35:27 +0100] "GET /images/header_block_corner_right_top.gif HTTP/1.1" 304 - "http://renault.activities.at/success" "Mozilla/5.0 (Windows NT 6.3; WOW64; Trident/7.0; rv:11.0) like Gecko"
188.21.129.54 - - [30/Nov/2017:09:35:27 +0100] "GET /images/header_block_border.gif HTTP/1.1" 304 - "http://renault.activities.at/success" "Mozilla/5.0 (Windows NT 6.3; WOW64; Trident/7.0; rv:11.0) like Gecko"
188.21.129.54 - - [30/Nov/2017:09:35:27 +0100] "GET /images/search_bg.gif HTTP/1.1" 304 - "http://renault.activities.at/success" "Mozilla/5.0 (Windows NT 6.3; WOW64; Trident/7.0; rv:11.0) like Gecko"
188.21.129.54 - - [30/Nov/2017:09:35:27 +0100] "GET /images/footer_divider.gif HTTP/1.1" 304 - "http://renault.activities.at/success" "Mozilla/5.0 (Windows NT 6.3; WOW64; Trident/7.0; rv:11.0) like Gecko"
188.21.129.54 - - [30/Nov/2017:09:35:27 +0100] "GET /images/title_border_top.jpg HTTP/1.1" 304 - "http://renault.activities.at/success" "Mozilla/5.0 (Windows NT 6.3; WOW64; Trident/7.0; rv:11.0) like Gecko"
188.21.129.54 - - [30/Nov/2017:09:35:27 +0100] "GET /images/title_corner_right_top.jpg HTTP/1.1" 304 - "http://renault.activities.at/success" "Mozilla/5.0 (Windows NT 6.3; WOW64; Trident/7.0; rv:11.0) like Gecko"
188.21.129.54 - - [30/Nov/2017:09:35:27 +0100] "GET /images/menu_divider.gif HTTP/1.1" 304 - "http://renault.activities.at/success" "Mozilla/5.0 (Windows NT 6.3; WOW64; Trident/7.0; rv:11.0) like Gecko"
188.21.129.54 - - [30/Nov/2017:09:35:27 +0100] "GET /images/main_block_corner_right_bot.gif HTTP/1.1" 304 - "http://renault.activities.at/success" "Mozilla/5.0 (Windows NT 6.3; WOW64; Trident/7.0; rv:11.0) like Gecko"
188.21.129.54 - - [30/Nov/2017:09:35:27 +0100] "GET /images/menu_button_bg.jpg HTTP/1.1" 304 - "http://renault.activities.at/success" "Mozilla/5.0 (Windows NT 6.3; WOW64; Trident/7.0; rv:11.0) like Gecko"
188.21.129.54 - - [30/Nov/2017:09:35:27 +0100] "GET /images/top_links_divider.gif HTTP/1.1" 304 - "http://renault.activities.at/success" "Mozilla/5.0 (Windows NT 6.3; WOW64; Trident/7.0; rv:11.0) like Gecko"
188.21.129.54 - - [30/Nov/2017:09:35:27 +0100] "GET /images/title_border.jpg HTTP/1.1" 304 - "http://renault.activities.at/success" "Mozilla/5.0 (Windows NT 6.3; WOW64; Trident/7.0; rv:11.0) like Gecko"
188.21.129.54 - - [30/Nov/2017:09:35:27 +0100] "GET /images/title_corner_left_top.jpg HTTP/1.1" 304 - "http://renault.activities.at/success" "Mozilla/5.0 (Windows NT 6.3; WOW64; Trident/7.0; rv:11.0) like Gecko"
188.21.129.54 - - [30/Nov/2017:09:35:27 +0100] "GET /images/main_block_border.gif HTTP/1.1" 304 - "http://renault.activities.at/success" "Mozilla/5.0 (Windows NT 6.3; WOW64; Trident/7.0; rv:11.0) like Gecko"
188.21.129.54 - - [30/Nov/2017:09:35:27 +0100] "GET /images/main_block_corner_left_bot.gif HTTP/1.1" 304 - "http://renault.activities.at/success" "Mozilla/5.0 (Windows NT 6.3; WOW64; Trident/7.0; rv:11.0) like Gecko"
188.21.129.54 - - [30/Nov/2017:09:35:27 +0100] "GET /images/main_block_corner_left_top.gif HTTP/1.1" 304 - "http://renault.activities.at/success" "Mozilla/5.0 (Windows NT 6.3; WOW64; Trident/7.0; rv:11.0) like Gecko"
188.21.129.54 - - [30/Nov/2017:09:35:27 +0100] "GET /images/nav_divider.gif HTTP/1.1" 304 - "http://renault.activities.at/success" "Mozilla/5.0 (Windows NT 6.3; WOW64; Trident/7.0; rv:11.0) like Gecko"
188.21.129.54 - - [30/Nov/2017:09:35:27 +0100] "GET /images/button_left_bg.gif HTTP/1.1" 304 - "http://renault.activities.at/success" "Mozilla/5.0 (Windows NT 6.3; WOW64; Trident/7.0; rv:11.0) like Gecko"
188.21.129.54 - - [30/Nov/2017:09:35:27 +0100] "GET /images/main_block_corner_right_top.gif HTTP/1.1" 304 - "http://renault.activities.at/success" "Mozilla/5.0 (Windows NT 6.3; WOW64; Trident/7.0; rv:11.0) like Gecko"
193.194.132.79 - - [30/Nov/2017:09:35:34 +0100] "GET /reload?ser=1512030934428 HTTP/1.1" 200 28 "http://renault.2web.at/success" "Mozilla/5.0 (Windows NT 6.1; WOW64; Trident/7.0; rv:11.0) like Gecko"
80.123.225.34 - - [30/Nov/2017:09:36:10 +0100] "GET /reload?ser=1512030973328 HTTP/1.1" 200 28 "http://renault.activities.at/success" "Mozilla/5.0 (compatible; MSIE 10.0; Windows NT 6.1; WOW64; Trident/6.0)"
193.194.132.79 - - [30/Nov/2017:09:36:35 +0100] "GET /reload?ser=1512030995509 HTTP/1.1" 200 28 "http://renault.2web.at/success" "Mozilla/5.0 (Windows NT 6.1; WOW64; Trident/7.0; rv:11.0) like Gecko"
80.123.225.34 - - [30/Nov/2017:09:37:11 +0100] "GET /reload?ser=1512031034310 HTTP/1.1" 200 28 "http://renault.activities.at/success" "Mozilla/5.0 (compatible; MSIE 10.0; Windows NT 6.1; WOW64; Trident/6.0)"
193.194.132.79 - - [30/Nov/2017:09:37:36 +0100] "GET /reload?ser=1512031056605 HTTP/1.1" 200 28 "http://renault.2web.at/success" "Mozilla/5.0 (Windows NT 6.1; WOW64; Trident/7.0; rv:11.0) like Gecko"
80.123.225.34 - - [30/Nov/2017:09:38:12 +0100] "GET /reload?ser=1512031095315 HTTP/1.1" 200 28 "http://renault.activities.at/success" "Mozilla/5.0 (compatible; MSIE 10.0; Windows NT 6.1; WOW64; Trident/6.0)"
193.194.132.79 - - [30/Nov/2017:09:38:37 +0100] "GET /reload?ser=1512031117692 HTTP/1.1" 200 28 "http://renault.2web.at/success" "Mozilla/5.0 (Windows NT 6.1; WOW64; Trident/7.0; rv:11.0) like Gecko"
80.123.225.34 - - [30/Nov/2017:09:39:13 +0100] "GET /reload?ser=1512031156350 HTTP/1.1" 200 28 "http://renault.activities.at/success" "Mozilla/5.0 (compatible; MSIE 10.0; Windows NT 6.1; WOW64; Trident/6.0)"
193.194.132.79 - - [30/Nov/2017:09:39:38 +0100] "GET /reload?ser=1512031178838 HTTP/1.1" 200 28 "http://renault.2web.at/success" "Mozilla/5.0 (Windows NT 6.1; WOW64; Trident/7.0; rv:11.0) like Gecko"
80.123.225.34 - - [30/Nov/2017:09:40:14 +0100] "GET /reload?ser=1512031217306 HTTP/1.1" 200 28 "http://renault.activities.at/success" "Mozilla/5.0 (compatible; MSIE 10.0; Windows NT 6.1; WOW64; Trident/6.0)"
193.194.132.79 - - [30/Nov/2017:09:40:40 +0100] "GET /reload?ser=1512031239934 HTTP/1.1" 200 28 "http://renault.2web.at/success" "Mozilla/5.0 (Windows NT 6.1; WOW64; Trident/7.0; rv:11.0) like Gecko"
80.123.225.34 - - [30/Nov/2017:09:41:15 +0100] "GET /reload?ser=1512031278323 HTTP/1.1" 200 28 "http://renault.activities.at/success" "Mozilla/5.0 (compatible; MSIE 10.0; Windows NT 6.1; WOW64; Trident/6.0)"
193.194.132.79 - - [30/Nov/2017:09:41:41 +0100] "GET /reload?ser=1512031301027 HTTP/1.1" 200 28 "http://renault.2web.at/success" "Mozilla/5.0 (Windows NT 6.1; WOW64; Trident/7.0; rv:11.0) like Gecko"
80.123.225.34 - - [30/Nov/2017:09:42:16 +0100] "GET /reload?ser=1512031339351 HTTP/1.1" 200 28 "http://renault.activities.at/success" "Mozilla/5.0 (compatible; MSIE 10.0; Windows NT 6.1; WOW64; Trident/6.0)"
193.194.132.79 - - [30/Nov/2017:09:42:42 +0100] "GET /reload?ser=1512031362122 HTTP/1.1" 200 28 "http://renault.2web.at/success" "Mozilla/5.0 (Windows NT 6.1; WOW64; Trident/7.0; rv:11.0) like Gecko"
80.123.225.34 - - [30/Nov/2017:09:43:17 +0100] "GET /reload?ser=1512031400388 HTTP/1.1" 200 28 "http://renault.activities.at/success" "Mozilla/5.0 (compatible; MSIE 10.0; Windows NT 6.1; WOW64; Trident/6.0)"
193.194.132.79 - - [30/Nov/2017:09:43:43 +0100] "GET /reload?ser=1512031423204 HTTP/1.1" 200 28 "http://renault.2web.at/success" "Mozilla/5.0 (Windows NT 6.1; WOW64; Trident/7.0; rv:11.0) like Gecko"
80.120.5.131 - - [30/Nov/2017:09:43:49 +0100] "GET /10201637 HTTP/1.1" 302 150 "-" "Mozilla/5.0 (Macintosh; Intel Mac OS X 10_12_6) AppleWebKit/604.3.5 (KHTML, like Gecko)"
80.120.5.131 - - [30/Nov/2017:09:43:51 +0100] "GET /login?required=true HTTP/1.1" 200 2086 "-" "Mozilla/5.0 (Macintosh; Intel Mac OS X 10_12_6) AppleWebKit/604.3.5 (KHTML, like Gecko)"
80.120.5.131 - - [30/Nov/2017:09:43:52 +0100] "GET /apple-touch-icon-precomposed.png HTTP/1.1" 200 1559 "-" "Safari/12604.3.5.1.1 CFNetwork/811.7.2 Darwin/16.7.0 (x86_64)"
80.120.5.131 - - [30/Nov/2017:09:43:53 +0100] "GET /apple-touch-icon.png HTTP/1.1" 200 1559 "-" "Safari/12604.3.5.1.1 CFNetwork/811.7.2 Darwin/16.7.0 (x86_64)"
80.120.5.131 - - [30/Nov/2017:09:43:54 +0100] "GET /images/favicon.ico HTTP/1.1" 404 305 "-" "Safari/12604.3.5.1.1 CFNetwork/811.7.2 Darwin/16.7.0 (x86_64)"
80.120.5.131 - - [30/Nov/2017:09:43:54 +0100] "GET /images/favicon.ico HTTP/1.1" 404 305 "-" "Safari/12604.3.5.1.1 CFNetwork/811.7.2 Darwin/16.7.0 (x86_64)"
80.120.5.131 - - [30/Nov/2017:09:43:54 +0100] "GET /favicon.ico HTTP/1.1" 200 3250 "-" "Safari/12604.3.5.1.1 CFNetwork/811.7.2 Darwin/16.7.0 (x86_64)"
80.120.5.131 - - [30/Nov/2017:09:43:54 +0100] "GET /apple-touch-icon-precomposed.png HTTP/1.1" 200 1559 "-" "Safari/12604.3.5.1.1 CFNetwork/811.7.2 Darwin/16.7.0 (x86_64)"
80.120.5.131 - - [30/Nov/2017:09:43:55 +0100] "GET /apple-touch-icon.png HTTP/1.1" 200 1559 "-" "Safari/12604.3.5.1.1 CFNetwork/811.7.2 Darwin/16.7.0 (x86_64)"
80.120.5.131 - - [30/Nov/2017:09:43:56 +0100] "GET /images/favicon.ico HTTP/1.1" 404 305 "-" "Safari/12604.3.5.1.1 CFNetwork/811.7.2 Darwin/16.7.0 (x86_64)"
80.120.5.131 - - [30/Nov/2017:09:43:56 +0100] "GET /images/favicon.ico HTTP/1.1" 404 305 "-" "Safari/12604.3.5.1.1 CFNetwork/811.7.2 Darwin/16.7.0 (x86_64)"
80.120.5.131 - - [30/Nov/2017:09:43:57 +0100] "GET /favicon.ico HTTP/1.1" 200 3250 "-" "Safari/12604.3.5.1.1 CFNetwork/811.7.2 Darwin/16.7.0 (x86_64)"
80.120.5.131 - - [30/Nov/2017:09:43:57 +0100] "GET /10201637 HTTP/1.1" 302 150 "-" "Mozilla/5.0 (iPhone; CPU iPhone OS 10_3 like Mac OS X) AppleWebKit/603.1.30 (KHTML, like Gecko) Version/10.3 Mobile/14E277 Safari/603.1.30"
80.120.5.131 - - [30/Nov/2017:09:43:57 +0100] "GET /login?required=true HTTP/1.1" 200 2086 "-" "Mozilla/5.0 (iPhone; CPU iPhone OS 10_3 like Mac OS X) AppleWebKit/603.1.30 (KHTML, like Gecko) Version/10.3 Mobile/14E277 Safari/603.1.30"
80.120.5.131 - - [30/Nov/2017:09:43:58 +0100] "GET /apple-touch-icon-precomposed.png HTTP/1.1" 200 1559 "-" "Safari/12604.3.5.1.1 CFNetwork/811.7.2 Darwin/16.7.0 (x86_64)"
80.120.5.131 - - [30/Nov/2017:09:43:59 +0100] "GET /apple-touch-icon.png HTTP/1.1" 200 1559 "-" "Safari/12604.3.5.1.1 CFNetwork/811.7.2 Darwin/16.7.0 (x86_64)"
80.120.5.131 - - [30/Nov/2017:09:44:00 +0100] "GET /images/favicon.ico HTTP/1.1" 404 305 "-" "Safari/12604.3.5.1.1 CFNetwork/811.7.2 Darwin/16.7.0 (x86_64)"
80.120.5.131 - - [30/Nov/2017:09:44:00 +0100] "GET /images/favicon.ico HTTP/1.1" 404 305 "-" "Safari/12604.3.5.1.1 CFNetwork/811.7.2 Darwin/16.7.0 (x86_64)"
80.120.5.131 - - [30/Nov/2017:09:44:00 +0100] "GET /favicon.ico HTTP/1.1" 200 3250 "-" "Safari/12604.3.5.1.1 CFNetwork/811.7.2 Darwin/16.7.0 (x86_64)"
80.120.5.131 - - [30/Nov/2017:09:44:00 +0100] "GET /apple-touch-icon-precomposed.png HTTP/1.1" 200 1559 "-" "Safari/12604.3.5.1.1 CFNetwork/811.7.2 Darwin/16.7.0 (x86_64)"
80.120.5.131 - - [30/Nov/2017:09:44:01 +0100] "GET /apple-touch-icon.png HTTP/1.1" 200 1559 "-" "Safari/12604.3.5.1.1 CFNetwork/811.7.2 Darwin/16.7.0 (x86_64)"
80.120.5.131 - - [30/Nov/2017:09:44:02 +0100] "GET /images/favicon.ico HTTP/1.1" 404 305 "-" "Safari/12604.3.5.1.1 CFNetwork/811.7.2 Darwin/16.7.0 (x86_64)"
80.120.5.131 - - [30/Nov/2017:09:44:02 +0100] "GET /images/favicon.ico HTTP/1.1" 404 305 "-" "Safari/12604.3.5.1.1 CFNetwork/811.7.2 Darwin/16.7.0 (x86_64)"
80.120.5.131 - - [30/Nov/2017:09:44:02 +0100] "GET /favicon.ico HTTP/1.1" 200 3250 "-" "Safari/12604.3.5.1.1 CFNetwork/811.7.2 Darwin/16.7.0 (x86_64)"
80.123.225.34 - - [30/Nov/2017:09:44:18 +0100] "GET /reload?ser=1512031461417 HTTP/1.1" 200 28 "http://renault.activities.at/success" "Mozilla/5.0 (compatible; MSIE 10.0; Windows NT 6.1; WOW64; Trident/6.0)"
193.194.132.79 - - [30/Nov/2017:09:44:44 +0100] "GET /reload?ser=1512031484267 HTTP/1.1" 200 28 "http://renault.2web.at/success" "Mozilla/5.0 (Windows NT 6.1; WOW64; Trident/7.0; rv:11.0) like Gecko"
80.123.225.34 - - [30/Nov/2017:09:45:19 +0100] "GET /reload?ser=1512031522401 HTTP/1.1" 200 28 "http://renault.activities.at/success" "Mozilla/5.0 (compatible; MSIE 10.0; Windows NT 6.1; WOW64; Trident/6.0)"
193.194.132.79 - - [30/Nov/2017:09:45:45 +0100] "GET /reload?ser=1512031545346 HTTP/1.1" 200 28 "http://renault.2web.at/success" "Mozilla/5.0 (Windows NT 6.1; WOW64; Trident/7.0; rv:11.0) like Gecko"
80.123.225.34 - - [30/Nov/2017:09:46:20 +0100] "GET /reload?ser=1512031583435 HTTP/1.1" 200 28 "http://renault.activities.at/success" "Mozilla/5.0 (compatible; MSIE 10.0; Windows NT 6.1; WOW64; Trident/6.0)"
193.194.132.79 - - [30/Nov/2017:09:46:46 +0100] "GET /reload?ser=1512031606458 HTTP/1.1" 200 28 "http://renault.2web.at/success" "Mozilla/5.0 (Windows NT 6.1; WOW64; Trident/7.0; rv:11.0) like Gecko"
80.123.225.34 - - [30/Nov/2017:09:47:21 +0100] "GET /reload?ser=1512031644454 HTTP/1.1" 200 28 "http://renault.activities.at/success" "Mozilla/5.0 (compatible; MSIE 10.0; Windows NT 6.1; WOW64; Trident/6.0)"
193.194.132.79 - - [30/Nov/2017:09:47:47 +0100] "GET /reload?ser=1512031667574 HTTP/1.1" 200 28 "http://renault.2web.at/success" "Mozilla/5.0 (Windows NT 6.1; WOW64; Trident/7.0; rv:11.0) like Gecko"
80.123.225.34 - - [30/Nov/2017:09:48:22 +0100] "GET /reload?ser=1512031705439 HTTP/1.1" 200 28 "http://renault.activities.at/success" "Mozilla/5.0 (compatible; MSIE 10.0; Windows NT 6.1; WOW64; Trident/6.0)"
193.194.132.79 - - [30/Nov/2017:09:48:48 +0100] "GET /reload?ser=1512031728697 HTTP/1.1" 200 28 "http://renault.2web.at/success" "Mozilla/5.0 (Windows NT 6.1; WOW64; Trident/7.0; rv:11.0) like Gecko"
80.123.225.34 - - [30/Nov/2017:09:49:23 +0100] "GET /reload?ser=1512031766417 HTTP/1.1" 200 28 "http://renault.activities.at/success" "Mozilla/5.0 (compatible; MSIE 10.0; Windows NT 6.1; WOW64; Trident/6.0)"
193.194.132.79 - - [30/Nov/2017:09:49:49 +0100] "GET /reload?ser=1512031789751 HTTP/1.1" 200 28 "http://renault.2web.at/success" "Mozilla/5.0 (Windows NT 6.1; WOW64; Trident/7.0; rv:11.0) like Gecko"
80.123.225.34 - - [30/Nov/2017:09:50:24 +0100] "GET /reload?ser=1512031827374 HTTP/1.1" 200 28 "http://renault.activities.at/success" "Mozilla/5.0 (compatible; MSIE 10.0; Windows NT 6.1; WOW64; Trident/6.0)"
193.194.132.79 - - [30/Nov/2017:09:50:51 +0100] "GET /reload?ser=1512031850864 HTTP/1.1" 200 28 "http://renault.2web.at/success" "Mozilla/5.0 (Windows NT 6.1; WOW64; Trident/7.0; rv:11.0) like Gecko"
80.123.225.34 - - [30/Nov/2017:09:51:25 +0100] "GET /reload?ser=1512031888399 HTTP/1.1" 200 28 "http://renault.activities.at/success" "Mozilla/5.0 (compatible; MSIE 10.0; Windows NT 6.1; WOW64; Trident/6.0)"
193.194.132.79 - - [30/Nov/2017:09:51:52 +0100] "GET /reload?ser=1512031911993 HTTP/1.1" 200 28 "http://renault.2web.at/success" "Mozilla/5.0 (Windows NT 6.1; WOW64; Trident/7.0; rv:11.0) like Gecko"
80.123.225.34 - - [30/Nov/2017:09:52:26 +0100] "GET /reload?ser=1512031949373 HTTP/1.1" 200 28 "http://renault.activities.at/success" "Mozilla/5.0 (compatible; MSIE 10.0; Windows NT 6.1; WOW64; Trident/6.0)"
193.194.132.79 - - [30/Nov/2017:09:52:53 +0100] "GET /reload?ser=1512031973071 HTTP/1.1" 200 28 "http://renault.2web.at/success" "Mozilla/5.0 (Windows NT 6.1; WOW64; Trident/7.0; rv:11.0) like Gecko"
80.123.225.34 - - [30/Nov/2017:09:53:27 +0100] "GET /reload?ser=1512032010367 HTTP/1.1" 200 28 "http://renault.activities.at/success" "Mozilla/5.0 (compatible; MSIE 10.0; Windows NT 6.1; WOW64; Trident/6.0)"
185.216.34.90 - - [30/Nov/2017:09:53:32 +0100] "GET / HTTP/1.1" 200 4275 "-" "Mozilla/5.0 (Windows NT 6.1; WOW64; Trident/7.0; rv:11.0) like Gecko"
185.216.34.90 - - [30/Nov/2017:09:53:34 +0100] "GET /images/main_block_border.gif HTTP/1.1" 200 43 "http://renault.activities.at/" "Mozilla/5.0 (Windows NT 6.1; WOW64; Trident/7.0; rv:11.0) like Gecko"
