212.152.246.134 - - [30/Nov/2017:10:00:58 +0100] "GET /images/nav_divider.gif HTTP/1.1" 304 - "http://renault.activities.at/10201634?dir=DESC&mode=grid&order=name&limit=15&page=2&cat=10260260" "Mozilla/5.0 (Windows NT 10.0; WOW64; Trident/7.0; rv:11.0) like Gecko"
212.152.246.134 - - [30/Nov/2017:10:00:58 +0100] "GET /images/menu_button_bg.jpg HTTP/1.1" 304 - "http://renault.activities.at/10201634?dir=DESC&mode=grid&order=name&limit=15&page=2&cat=10260260" "Mozilla/5.0 (Windows NT 10.0; WOW64; Trident/7.0; rv:11.0) like Gecko"
212.152.246.134 - - [30/Nov/2017:10:00:58 +0100] "GET /images/title_border_top.jpg HTTP/1.1" 304 - "http://renault.activities.at/10201634?dir=DESC&mode=grid&order=name&limit=15&page=2&cat=10260260" "Mozilla/5.0 (Windows NT 10.0; WOW64; Trident/7.0; rv:11.0) like Gecko"
212.152.246.134 - - [30/Nov/2017:10:00:58 +0100] "GET /images/menu_divider.gif HTTP/1.1" 304 - "http://renault.activities.at/10201634?dir=DESC&mode=grid&order=name&limit=15&page=2&cat=10260260" "Mozilla/5.0 (Windows NT 10.0; WOW64; Trident/7.0; rv:11.0) like Gecko"
212.152.246.134 - - [30/Nov/2017:10:00:58 +0100] "GET /images/sidebar_title_corner_right_top.gif HTTP/1.1" 304 - "http://renault.activities.at/10201634?dir=DESC&mode=grid&order=name&limit=15&page=2&cat=10260260" "Mozilla/5.0 (Windows NT 10.0; WOW64; Trident/7.0; rv:11.0) like Gecko"
212.152.246.134 - - [30/Nov/2017:10:00:58 +0100] "GET /images/button_left_bg.gif HTTP/1.1" 304 - "http://renault.activities.at/10201634?dir=DESC&mode=grid&order=name&limit=15&page=2&cat=10260260" "Mozilla/5.0 (Windows NT 10.0; WOW64; Trident/7.0; rv:11.0) like Gecko"
212.152.246.134 - - [30/Nov/2017:10:00:58 +0100] "GET /images/button_bg.gif HTTP/1.1" 304 - "http://renault.activities.at/10201634?dir=DESC&mode=grid&order=name&limit=15&page=2&cat=10260260" "Mozilla/5.0 (Windows NT 10.0; WOW64; Trident/7.0; rv:11.0) like Gecko"
212.152.246.134 - - [30/Nov/2017:10:00:58 +0100] "GET /images/sidebar_title_border.gif HTTP/1.1" 304 - "http://renault.activities.at/10201634?dir=DESC&mode=grid&order=name&limit=15&page=2&cat=10260260" "Mozilla/5.0 (Windows NT 10.0; WOW64; Trident/7.0; rv:11.0) like Gecko"
212.152.246.134 - - [30/Nov/2017:10:00:58 +0100] "GET /images/top_links_divider.gif HTTP/1.1" 304 - "http://renault.activities.at/10201634?dir=DESC&mode=grid&order=name&limit=15&page=2&cat=10260260" "Mozilla/5.0 (Windows NT 10.0; WOW64; Trident/7.0; rv:11.0) like Gecko"
212.152.246.134 - - [30/Nov/2017:10:00:58 +0100] "GET /images/vista-dn.gif HTTP/1.1" 304 - "http://renault.activities.at/10201634?dir=DESC&mode=grid&order=name&limit=15&page=2&cat=10260260" "Mozilla/5.0 (Windows NT 10.0; WOW64; Trident/7.0; rv:11.0) like Gecko"
212.152.246.134 - - [30/Nov/2017:10:00:58 +0100] "GET /images/validation_advice_bg.gif HTTP/1.1" 304 - "http://renault.activities.at/10201634?dir=DESC&mode=grid&order=name&limit=15&page=2&cat=10260260" "Mozilla/5.0 (Windows NT 10.0; WOW64; Trident/7.0; rv:11.0) like Gecko"
212.152.246.134 - - [30/Nov/2017:10:00:58 +0100] "GET /images/title_border.jpg HTTP/1.1" 304 - "http://renault.activities.at/10201634?dir=DESC&mode=grid&order=name&limit=15&page=2&cat=10260260" "Mozilla/5.0 (Windows NT 10.0; WOW64; Trident/7.0; rv:11.0) like Gecko"
212.152.246.134 - - [30/Nov/2017:10:00:58 +0100] "GET /images/footer_divider.gif HTTP/1.1" 304 - "http://renault.activities.at/10201634?dir=DESC&mode=grid&order=name&limit=15&page=2&cat=10260260" "Mozilla/5.0 (Windows NT 10.0; WOW64; Trident/7.0; rv:11.0) like Gecko"
193.194.132.79 - - [30/Nov/2017:10:01:01 +0100] "GET /reload?ser=1512032461793 HTTP/1.1" 200 28 "http://renault.2web.at/success" "Mozilla/5.0 (Windows NT 6.1; WOW64; Trident/7.0; rv:11.0) like Gecko"
212.152.246.134 - - [30/Nov/2017:10:01:13 +0100] "GET /cart HTTP/1.1" 200 5525 "http://renault.activities.at/10201634?dir=DESC&mode=grid&order=name&limit=15&page=2&cat=10260260" "Mozilla/5.0 (Windows NT 10.0; WOW64; Trident/7.0; rv:11.0) like Gecko"
212.152.246.134 - - [30/Nov/2017:10:01:16 +0100] "GET /js/default.js HTTP/1.1" 304 - "http://renault.activities.at/cart" "Mozilla/5.0 (Windows NT 10.0; WOW64; Trident/7.0; rv:11.0) like Gecko"
212.152.246.134 - - [30/Nov/2017:10:01:16 +0100] "GET /css/clears.css HTTP/1.1" 304 - "http://renault.activities.at/cart" "Mozilla/5.0 (Windows NT 10.0; WOW64; Trident/7.0; rv:11.0) like Gecko"
212.152.246.134 - - [30/Nov/2017:10:01:16 +0100] "GET /css/styles.css HTTP/1.1" 304 - "http://renault.activities.at/cart" "Mozilla/5.0 (Windows NT 10.0; WOW64; Trident/7.0; rv:11.0) like Gecko"
212.152.246.134 - - [30/Nov/2017:10:01:16 +0100] "GET /css/print.css HTTP/1.1" 304 - "http://renault.activities.at/cart" "Mozilla/5.0 (Windows NT 10.0; WOW64; Trident/7.0; rv:11.0) like Gecko"
212.152.246.134 - - [30/Nov/2017:10:01:16 +0100] "GET /js/checkout.css HTTP/1.1" 304 - "http://renault.activities.at/cart" "Mozilla/5.0 (Windows NT 10.0; WOW64; Trident/7.0; rv:11.0) like Gecko"
212.152.246.134 - - [30/Nov/2017:10:01:17 +0100] "GET /css/reset.css HTTP/1.1" 304 - "http://renault.activities.at/cart" "Mozilla/5.0 (Windows NT 10.0; WOW64; Trident/7.0; rv:11.0) like Gecko"
212.152.246.134 - - [30/Nov/2017:10:01:17 +0100] "GET /css/prototip.css HTTP/1.1" 304 - "http://renault.activities.at/cart" "Mozilla/5.0 (Windows NT 10.0; WOW64; Trident/7.0; rv:11.0) like Gecko"
212.152.246.134 - - [30/Nov/2017:10:01:17 +0100] "GET /css/themes/default.css HTTP/1.1" 304 - "http://renault.activities.at/cart" "Mozilla/5.0 (Windows NT 10.0; WOW64; Trident/7.0; rv:11.0) like Gecko"
212.152.246.134 - - [30/Nov/2017:10:01:17 +0100] "GET /css/themes/alphacube.css HTTP/1.1" 304 - "http://renault.activities.at/cart" "Mozilla/5.0 (Windows NT 10.0; WOW64; Trident/7.0; rv:11.0) like Gecko"
212.152.246.134 - - [30/Nov/2017:10:01:17 +0100] "GET /js/ProduktGrp.js HTTP/1.1" 304 - "http://renault.activities.at/cart" "Mozilla/5.0 (Windows NT 10.0; WOW64; Trident/7.0; rv:11.0) like Gecko"
212.152.246.134 - - [30/Nov/2017:10:01:17 +0100] "GET /images/header_block_corner_left_top.gif HTTP/1.1" 304 - "http://renault.activities.at/cart" "Mozilla/5.0 (Windows NT 10.0; WOW64; Trident/7.0; rv:11.0) like Gecko"
212.152.246.134 - - [30/Nov/2017:10:01:17 +0100] "GET /images/header_block_corner_right_top.gif HTTP/1.1" 304 - "http://renault.activities.at/cart" "Mozilla/5.0 (Windows NT 10.0; WOW64; Trident/7.0; rv:11.0) like Gecko"
212.152.246.134 - - [30/Nov/2017:10:01:17 +0100] "GET /images/search_bg.gif HTTP/1.1" 304 - "http://renault.activities.at/cart" "Mozilla/5.0 (Windows NT 10.0; WOW64; Trident/7.0; rv:11.0) like Gecko"
212.152.246.134 - - [30/Nov/2017:10:01:17 +0100] "GET /loadthumbnail.php?id=10232009&width=16&height=16 HTTP/1.1" 200 700 "http://renault.activities.at/cart" "Mozilla/5.0 (Windows NT 10.0; WOW64; Trident/7.0; rv:11.0) like Gecko"
212.152.246.134 - - [30/Nov/2017:10:01:17 +0100] "GET /loadthumbnail.php?id=11351222&width=100 HTTP/1.1" 200 14583 "http://renault.activities.at/cart" "Mozilla/5.0 (Windows NT 10.0; WOW64; Trident/7.0; rv:11.0) like Gecko"
212.152.246.134 - - [30/Nov/2017:10:01:17 +0100] "GET /loadthumbnail.php?id=11351226&width=100 HTTP/1.1" 200 12621 "http://renault.activities.at/cart" "Mozilla/5.0 (Windows NT 10.0; WOW64; Trident/7.0; rv:11.0) like Gecko"
212.152.246.134 - - [30/Nov/2017:10:01:17 +0100] "GET /images/header_block_border.gif HTTP/1.1" 304 - "http://renault.activities.at/cart" "Mozilla/5.0 (Windows NT 10.0; WOW64; Trident/7.0; rv:11.0) like Gecko"
212.152.246.134 - - [30/Nov/2017:10:01:17 +0100] "GET /loadthumbnail.php?id=11592489&width=100 HTTP/1.1" 200 12501 "http://renault.activities.at/cart" "Mozilla/5.0 (Windows NT 10.0; WOW64; Trident/7.0; rv:11.0) like Gecko"
212.152.246.134 - - [30/Nov/2017:10:01:17 +0100] "GET /loadthumbnail.php?id=10272696&width=100 HTTP/1.1" 200 5269 "http://renault.activities.at/cart" "Mozilla/5.0 (Windows NT 10.0; WOW64; Trident/7.0; rv:11.0) like Gecko"
212.152.246.134 - - [30/Nov/2017:10:01:17 +0100] "GET /images/title_corner_left_top.jpg HTTP/1.1" 304 - "http://renault.activities.at/cart" "Mozilla/5.0 (Windows NT 10.0; WOW64; Trident/7.0; rv:11.0) like Gecko"
212.152.246.134 - - [30/Nov/2017:10:01:17 +0100] "GET /images/menu_button_bg.jpg HTTP/1.1" 304 - "http://renault.activities.at/cart" "Mozilla/5.0 (Windows NT 10.0; WOW64; Trident/7.0; rv:11.0) like Gecko"
212.152.246.134 - - [30/Nov/2017:10:01:17 +0100] "GET /images/button_bg.gif HTTP/1.1" 304 - "http://renault.activities.at/cart" "Mozilla/5.0 (Windows NT 10.0; WOW64; Trident/7.0; rv:11.0) like Gecko"
212.152.246.134 - - [30/Nov/2017:10:01:17 +0100] "GET /images/button_left_bg.gif HTTP/1.1" 304 - "http://renault.activities.at/cart" "Mozilla/5.0 (Windows NT 10.0; WOW64; Trident/7.0; rv:11.0) like Gecko"
212.152.246.134 - - [30/Nov/2017:10:01:17 +0100] "GET /images/title_border.jpg HTTP/1.1" 304 - "http://renault.activities.at/cart" "Mozilla/5.0 (Windows NT 10.0; WOW64; Trident/7.0; rv:11.0) like Gecko"
212.152.246.134 - - [30/Nov/2017:10:01:17 +0100] "GET /images/main_block_corner_right_top.gif HTTP/1.1" 304 - "http://renault.activities.at/cart" "Mozilla/5.0 (Windows NT 10.0; WOW64; Trident/7.0; rv:11.0) like Gecko"
212.152.246.134 - - [30/Nov/2017:10:01:17 +0100] "GET /images/main_block_corner_right_bot.gif HTTP/1.1" 304 - "http://renault.activities.at/cart" "Mozilla/5.0 (Windows NT 10.0; WOW64; Trident/7.0; rv:11.0) like Gecko"
212.152.246.134 - - [30/Nov/2017:10:01:17 +0100] "GET /images/title_corner_right_top.jpg HTTP/1.1" 304 - "http://renault.activities.at/cart" "Mozilla/5.0 (Windows NT 10.0; WOW64; Trident/7.0; rv:11.0) like Gecko"
212.152.246.134 - - [30/Nov/2017:10:01:17 +0100] "GET /images/vista-dn.gif HTTP/1.1" 304 - "http://renault.activities.at/cart" "Mozilla/5.0 (Windows NT 10.0; WOW64; Trident/7.0; rv:11.0) like Gecko"
212.152.246.134 - - [30/Nov/2017:10:01:17 +0100] "GET /images/menu_divider.gif HTTP/1.1" 304 - "http://renault.activities.at/cart" "Mozilla/5.0 (Windows NT 10.0; WOW64; Trident/7.0; rv:11.0) like Gecko"
212.152.246.134 - - [30/Nov/2017:10:01:17 +0100] "GET /images/vista-up.gif HTTP/1.1" 304 - "http://renault.activities.at/cart" "Mozilla/5.0 (Windows NT 10.0; WOW64; Trident/7.0; rv:11.0) like Gecko"
212.152.246.134 - - [30/Nov/2017:10:01:17 +0100] "GET /images/validation_advice_bg.gif HTTP/1.1" 304 - "http://renault.activities.at/cart" "Mozilla/5.0 (Windows NT 10.0; WOW64; Trident/7.0; rv:11.0) like Gecko"
212.152.246.134 - - [30/Nov/2017:10:01:17 +0100] "GET /images/main_block_corner_left_top.gif HTTP/1.1" 304 - "http://renault.activities.at/cart" "Mozilla/5.0 (Windows NT 10.0; WOW64; Trident/7.0; rv:11.0) like Gecko"
212.152.246.134 - - [30/Nov/2017:10:01:17 +0100] "GET /images/main_block_border.gif HTTP/1.1" 304 - "http://renault.activities.at/cart" "Mozilla/5.0 (Windows NT 10.0; WOW64; Trident/7.0; rv:11.0) like Gecko"
212.152.246.134 - - [30/Nov/2017:10:01:17 +0100] "GET /images/button_right_bg.gif HTTP/1.1" 304 - "http://renault.activities.at/cart" "Mozilla/5.0 (Windows NT 10.0; WOW64; Trident/7.0; rv:11.0) like Gecko"
212.152.246.134 - - [30/Nov/2017:10:01:17 +0100] "GET /images/main_block_corner_left_bot.gif HTTP/1.1" 304 - "http://renault.activities.at/cart" "Mozilla/5.0 (Windows NT 10.0; WOW64; Trident/7.0; rv:11.0) like Gecko"
212.152.246.134 - - [30/Nov/2017:10:01:17 +0100] "GET /images/title_border_top.jpg HTTP/1.1" 304 - "http://renault.activities.at/cart" "Mozilla/5.0 (Windows NT 10.0; WOW64; Trident/7.0; rv:11.0) like Gecko"
212.152.246.134 - - [30/Nov/2017:10:01:17 +0100] "GET /images/top_links_divider.gif HTTP/1.1" 304 - "http://renault.activities.at/cart" "Mozilla/5.0 (Windows NT 10.0; WOW64; Trident/7.0; rv:11.0) like Gecko"
212.152.246.134 - - [30/Nov/2017:10:01:17 +0100] "GET /images/nav_divider.gif HTTP/1.1" 304 - "http://renault.activities.at/cart" "Mozilla/5.0 (Windows NT 10.0; WOW64; Trident/7.0; rv:11.0) like Gecko"
212.152.246.134 - - [30/Nov/2017:10:01:17 +0100] "GET /images/footer_divider.gif HTTP/1.1" 304 - "http://renault.activities.at/cart" "Mozilla/5.0 (Windows NT 10.0; WOW64; Trident/7.0; rv:11.0) like Gecko"
212.152.246.134 - - [30/Nov/2017:10:01:29 +0100] "GET /images/vista-up-hover.gif HTTP/1.1" 304 - "http://renault.activities.at/cart" "Mozilla/5.0 (Windows NT 10.0; WOW64; Trident/7.0; rv:11.0) like Gecko"
80.123.225.34 - - [30/Nov/2017:10:01:35 +0100] "GET /reload?ser=1512032498398 HTTP/1.1" 200 28 "http://renault.activities.at/success" "Mozilla/5.0 (compatible; MSIE 10.0; Windows NT 6.1; WOW64; Trident/6.0)"
212.152.246.134 - - [30/Nov/2017:10:01:38 +0100] "GET /checkout HTTP/1.1" 200 10265 "http://renault.activities.at/cart" "Mozilla/5.0 (Windows NT 10.0; WOW64; Trident/7.0; rv:11.0) like Gecko"
212.152.246.134 - - [30/Nov/2017:10:01:42 +0100] "GET /js/default.js HTTP/1.1" 304 - "http://renault.activities.at/checkout" "Mozilla/5.0 (Windows NT 10.0; WOW64; Trident/7.0; rv:11.0) like Gecko"
212.152.246.134 - - [30/Nov/2017:10:01:42 +0100] "GET /css/reset.css HTTP/1.1" 304 - "http://renault.activities.at/checkout" "Mozilla/5.0 (Windows NT 10.0; WOW64; Trident/7.0; rv:11.0) like Gecko"
212.152.246.134 - - [30/Nov/2017:10:01:42 +0100] "GET /css/styles.css HTTP/1.1" 304 - "http://renault.activities.at/checkout" "Mozilla/5.0 (Windows NT 10.0; WOW64; Trident/7.0; rv:11.0) like Gecko"
212.152.246.134 - - [30/Nov/2017:10:01:42 +0100] "GET /css/clears.css HTTP/1.1" 304 - "http://renault.activities.at/checkout" "Mozilla/5.0 (Windows NT 10.0; WOW64; Trident/7.0; rv:11.0) like Gecko"
212.152.246.134 - - [30/Nov/2017:10:01:42 +0100] "GET /css/print.css HTTP/1.1" 304 - "http://renault.activities.at/checkout" "Mozilla/5.0 (Windows NT 10.0; WOW64; Trident/7.0; rv:11.0) like Gecko"
212.152.246.134 - - [30/Nov/2017:10:01:42 +0100] "GET /js/checkout.css HTTP/1.1" 304 - "http://renault.activities.at/checkout" "Mozilla/5.0 (Windows NT 10.0; WOW64; Trident/7.0; rv:11.0) like Gecko"
212.152.246.134 - - [30/Nov/2017:10:01:42 +0100] "GET /css/prototip.css HTTP/1.1" 304 - "http://renault.activities.at/checkout" "Mozilla/5.0 (Windows NT 10.0; WOW64; Trident/7.0; rv:11.0) like Gecko"
212.152.246.134 - - [30/Nov/2017:10:01:42 +0100] "GET /css/themes/default.css HTTP/1.1" 304 - "http://renault.activities.at/checkout" "Mozilla/5.0 (Windows NT 10.0; WOW64; Trident/7.0; rv:11.0) like Gecko"
212.152.246.134 - - [30/Nov/2017:10:01:42 +0100] "GET /css/themes/alphacube.css HTTP/1.1" 304 - "http://renault.activities.at/checkout" "Mozilla/5.0 (Windows NT 10.0; WOW64; Trident/7.0; rv:11.0) like Gecko"
212.152.246.134 - - [30/Nov/2017:10:01:42 +0100] "GET /js/checkout2.js HTTP/1.1" 304 - "http://renault.activities.at/checkout" "Mozilla/5.0 (Windows NT 10.0; WOW64; Trident/7.0; rv:11.0) like Gecko"
212.152.246.134 - - [30/Nov/2017:10:01:42 +0100] "GET /images/ajax_loading.gif HTTP/1.1" 304 - "http://renault.activities.at/checkout" "Mozilla/5.0 (Windows NT 10.0; WOW64; Trident/7.0; rv:11.0) like Gecko"
212.152.246.134 - - [30/Nov/2017:10:01:42 +0100] "GET /images/search_bg.gif HTTP/1.1" 304 - "http://renault.activities.at/checkout" "Mozilla/5.0 (Windows NT 10.0; WOW64; Trident/7.0; rv:11.0) like Gecko"
212.152.246.134 - - [30/Nov/2017:10:01:42 +0100] "GET /images/header_block_corner_left_top.gif HTTP/1.1" 304 - "http://renault.activities.at/checkout" "Mozilla/5.0 (Windows NT 10.0; WOW64; Trident/7.0; rv:11.0) like Gecko"
212.152.246.134 - - [30/Nov/2017:10:01:42 +0100] "GET /images/main_block_corner_right_top.gif HTTP/1.1" 304 - "http://renault.activities.at/checkout" "Mozilla/5.0 (Windows NT 10.0; WOW64; Trident/7.0; rv:11.0) like Gecko"
212.152.246.134 - - [30/Nov/2017:10:01:42 +0100] "GET /images/main_block_corner_right_bot.gif HTTP/1.1" 304 - "http://renault.activities.at/checkout" "Mozilla/5.0 (Windows NT 10.0; WOW64; Trident/7.0; rv:11.0) like Gecko"
212.152.246.134 - - [30/Nov/2017:10:01:42 +0100] "GET /images/header_block_border.gif HTTP/1.1" 304 - "http://renault.activities.at/checkout" "Mozilla/5.0 (Windows NT 10.0; WOW64; Trident/7.0; rv:11.0) like Gecko"
212.152.246.134 - - [30/Nov/2017:10:01:42 +0100] "GET /images/main_block_corner_left_top.gif HTTP/1.1" 304 - "http://renault.activities.at/checkout" "Mozilla/5.0 (Windows NT 10.0; WOW64; Trident/7.0; rv:11.0) like Gecko"
212.152.246.134 - - [30/Nov/2017:10:01:42 +0100] "GET /images/main_block_border.gif HTTP/1.1" 304 - "http://renault.activities.at/checkout" "Mozilla/5.0 (Windows NT 10.0; WOW64; Trident/7.0; rv:11.0) like Gecko"
212.152.246.134 - - [30/Nov/2017:10:01:42 +0100] "GET /images/header_block_corner_right_top.gif HTTP/1.1" 304 - "http://renault.activities.at/checkout" "Mozilla/5.0 (Windows NT 10.0; WOW64; Trident/7.0; rv:11.0) like Gecko"
212.152.246.134 - - [30/Nov/2017:10:01:42 +0100] "GET /images/main_block_corner_left_bot.gif HTTP/1.1" 304 - "http://renault.activities.at/checkout" "Mozilla/5.0 (Windows NT 10.0; WOW64; Trident/7.0; rv:11.0) like Gecko"
212.152.246.134 - - [30/Nov/2017:10:01:42 +0100] "GET /images/step_bg.jpg HTTP/1.1" 304 - "http://renault.activities.at/checkout" "Mozilla/5.0 (Windows NT 10.0; WOW64; Trident/7.0; rv:11.0) like Gecko"
212.152.246.134 - - [30/Nov/2017:10:01:42 +0100] "GET /images/top_links_divider.gif HTTP/1.1" 304 - "http://renault.activities.at/checkout" "Mozilla/5.0 (Windows NT 10.0; WOW64; Trident/7.0; rv:11.0) like Gecko"
212.152.246.134 - - [30/Nov/2017:10:01:42 +0100] "GET /images/sidebar_title_corner_left_top.gif HTTP/1.1" 304 - "http://renault.activities.at/checkout" "Mozilla/5.0 (Windows NT 10.0; WOW64; Trident/7.0; rv:11.0) like Gecko"
212.152.246.134 - - [30/Nov/2017:10:01:42 +0100] "GET /images/step_marker.gif HTTP/1.1" 304 - "http://renault.activities.at/checkout" "Mozilla/5.0 (Windows NT 10.0; WOW64; Trident/7.0; rv:11.0) like Gecko"
212.152.246.134 - - [30/Nov/2017:10:01:42 +0100] "GET /images/sidebar_title_border.gif HTTP/1.1" 304 - "http://renault.activities.at/checkout" "Mozilla/5.0 (Windows NT 10.0; WOW64; Trident/7.0; rv:11.0) like Gecko"
212.152.246.134 - - [30/Nov/2017:10:01:42 +0100] "GET /images/button_bg.gif HTTP/1.1" 304 - "http://renault.activities.at/checkout" "Mozilla/5.0 (Windows NT 10.0; WOW64; Trident/7.0; rv:11.0) like Gecko"
212.152.246.134 - - [30/Nov/2017:10:01:42 +0100] "GET /images/menu_button_bg.jpg HTTP/1.1" 304 - "http://renault.activities.at/checkout" "Mozilla/5.0 (Windows NT 10.0; WOW64; Trident/7.0; rv:11.0) like Gecko"
212.152.246.134 - - [30/Nov/2017:10:01:42 +0100] "GET /images/sidebar_title_border_top.gif HTTP/1.1" 304 - "http://renault.activities.at/checkout" "Mozilla/5.0 (Windows NT 10.0; WOW64; Trident/7.0; rv:11.0) like Gecko"
212.152.246.134 - - [30/Nov/2017:10:01:42 +0100] "GET /images/checkout_border.gif HTTP/1.1" 304 - "http://renault.activities.at/checkout" "Mozilla/5.0 (Windows NT 10.0; WOW64; Trident/7.0; rv:11.0) like Gecko"
212.152.246.134 - - [30/Nov/2017:10:01:42 +0100] "GET /images/checkout_border_top.gif HTTP/1.1" 304 - "http://renault.activities.at/checkout" "Mozilla/5.0 (Windows NT 10.0; WOW64; Trident/7.0; rv:11.0) like Gecko"
212.152.246.134 - - [30/Nov/2017:10:01:42 +0100] "GET /images/button_left_bg.gif HTTP/1.1" 304 - "http://renault.activities.at/checkout" "Mozilla/5.0 (Windows NT 10.0; WOW64; Trident/7.0; rv:11.0) like Gecko"
212.152.246.134 - - [30/Nov/2017:10:01:42 +0100] "GET /images/sidebar_title_corner_right_top.gif HTTP/1.1" 304 - "http://renault.activities.at/checkout" "Mozilla/5.0 (Windows NT 10.0; WOW64; Trident/7.0; rv:11.0) like Gecko"
212.152.246.134 - - [30/Nov/2017:10:01:42 +0100] "GET /images/footer_divider.gif HTTP/1.1" 304 - "http://renault.activities.at/checkout" "Mozilla/5.0 (Windows NT 10.0; WOW64; Trident/7.0; rv:11.0) like Gecko"
212.152.246.134 - - [30/Nov/2017:10:01:42 +0100] "GET /images/menu_divider.gif HTTP/1.1" 304 - "http://renault.activities.at/checkout" "Mozilla/5.0 (Windows NT 10.0; WOW64; Trident/7.0; rv:11.0) like Gecko"
212.152.246.134 - - [30/Nov/2017:10:01:42 +0100] "GET /images/nav_divider.gif HTTP/1.1" 304 - "http://renault.activities.at/checkout" "Mozilla/5.0 (Windows NT 10.0; WOW64; Trident/7.0; rv:11.0) like Gecko"
212.152.246.134 - - [30/Nov/2017:10:01:42 +0100] "GET /images/button_right_bg.gif HTTP/1.1" 304 - "http://renault.activities.at/checkout" "Mozilla/5.0 (Windows NT 10.0; WOW64; Trident/7.0; rv:11.0) like Gecko"
212.152.246.134 - - [30/Nov/2017:10:01:50 +0100] "POST /docheckout HTTP/1.1" 200 454 "http://renault.activities.at/checkout" "Mozilla/5.0 (Windows NT 10.0; WOW64; Trident/7.0; rv:11.0) like Gecko"
212.152.246.134 - - [30/Nov/2017:10:01:53 +0100] "POST /docheckout HTTP/1.1" 200 727 "http://renault.activities.at/checkout" "Mozilla/5.0 (Windows NT 10.0; WOW64; Trident/7.0; rv:11.0) like Gecko"
212.152.246.134 - - [30/Nov/2017:10:01:55 +0100] "GET /images/error_msg_icon.gif HTTP/1.1" 304 - "http://renault.activities.at/checkout" "Mozilla/5.0 (Windows NT 10.0; WOW64; Trident/7.0; rv:11.0) like Gecko"
193.194.132.79 - - [30/Nov/2017:10:02:03 +0100] "GET /reload?ser=1512032522913 HTTP/1.1" 200 28 "http://renault.2web.at/success" "Mozilla/5.0 (Windows NT 6.1; WOW64; Trident/7.0; rv:11.0) like Gecko"
212.152.246.134 - - [30/Nov/2017:10:02:10 +0100] "POST /docheckout HTTP/1.1" 200 68 "http://renault.activities.at/checkout" "Mozilla/5.0 (Windows NT 10.0; WOW64; Trident/7.0; rv:11.0) like Gecko"
212.152.246.134 - - [30/Nov/2017:10:02:13 +0100] "GET /success HTTP/1.1" 200 3792 "http://renault.activities.at/checkout" "Mozilla/5.0 (Windows NT 10.0; WOW64; Trident/7.0; rv:11.0) like Gecko"
212.152.246.134 - - [30/Nov/2017:10:02:15 +0100] "GET /js/default.js HTTP/1.1" 304 - "http://renault.activities.at/success" "Mozilla/5.0 (Windows NT 10.0; WOW64; Trident/7.0; rv:11.0) like Gecko"
212.152.246.134 - - [30/Nov/2017:10:02:15 +0100] "GET /css/reset.css HTTP/1.1" 304 - "http://renault.activities.at/success" "Mozilla/5.0 (Windows NT 10.0; WOW64; Trident/7.0; rv:11.0) like Gecko"
212.152.246.134 - - [30/Nov/2017:10:02:15 +0100] "GET /css/styles.css HTTP/1.1" 304 - "http://renault.activities.at/success" "Mozilla/5.0 (Windows NT 10.0; WOW64; Trident/7.0; rv:11.0) like Gecko"
212.152.246.134 - - [30/Nov/2017:10:02:15 +0100] "GET /css/clears.css HTTP/1.1" 304 - "http://renault.activities.at/success" "Mozilla/5.0 (Windows NT 10.0; WOW64; Trident/7.0; rv:11.0) like Gecko"
212.152.246.134 - - [30/Nov/2017:10:02:15 +0100] "GET /css/print.css HTTP/1.1" 304 - "http://renault.activities.at/success" "Mozilla/5.0 (Windows NT 10.0; WOW64; Trident/7.0; rv:11.0) like Gecko"
212.152.246.134 - - [30/Nov/2017:10:02:15 +0100] "GET /js/checkout.css HTTP/1.1" 304 - "http://renault.activities.at/success" "Mozilla/5.0 (Windows NT 10.0; WOW64; Trident/7.0; rv:11.0) like Gecko"
212.152.246.134 - - [30/Nov/2017:10:02:15 +0100] "GET /css/prototip.css HTTP/1.1" 304 - "http://renault.activities.at/success" "Mozilla/5.0 (Windows NT 10.0; WOW64; Trident/7.0; rv:11.0) like Gecko"
212.152.246.134 - - [30/Nov/2017:10:02:15 +0100] "GET /css/themes/default.css HTTP/1.1" 304 - "http://renault.activities.at/success" "Mozilla/5.0 (Windows NT 10.0; WOW64; Trident/7.0; rv:11.0) like Gecko"
212.152.246.134 - - [30/Nov/2017:10:02:16 +0100] "GET /css/themes/alphacube.css HTTP/1.1" 304 - "http://renault.activities.at/success" "Mozilla/5.0 (Windows NT 10.0; WOW64; Trident/7.0; rv:11.0) like Gecko"
212.152.246.134 - - [30/Nov/2017:10:02:16 +0100] "GET /images/header_block_corner_right_top.gif HTTP/1.1" 304 - "http://renault.activities.at/success" "Mozilla/5.0 (Windows NT 10.0; WOW64; Trident/7.0; rv:11.0) like Gecko"
212.152.246.134 - - [30/Nov/2017:10:02:16 +0100] "GET /images/search_bg.gif HTTP/1.1" 304 - "http://renault.activities.at/success" "Mozilla/5.0 (Windows NT 10.0; WOW64; Trident/7.0; rv:11.0) like Gecko"
212.152.246.134 - - [30/Nov/2017:10:02:16 +0100] "GET /images/header_block_corner_left_top.gif HTTP/1.1" 304 - "http://renault.activities.at/success" "Mozilla/5.0 (Windows NT 10.0; WOW64; Trident/7.0; rv:11.0) like Gecko"
212.152.246.134 - - [30/Nov/2017:10:02:16 +0100] "GET /images/header_block_border.gif HTTP/1.1" 304 - "http://renault.activities.at/success" "Mozilla/5.0 (Windows NT 10.0; WOW64; Trident/7.0; rv:11.0) like Gecko"
212.152.246.134 - - [30/Nov/2017:10:02:16 +0100] "GET /images/footer_divider.gif HTTP/1.1" 304 - "http://renault.activities.at/success" "Mozilla/5.0 (Windows NT 10.0; WOW64; Trident/7.0; rv:11.0) like Gecko"
212.152.246.134 - - [30/Nov/2017:10:02:16 +0100] "GET /images/title_border.jpg HTTP/1.1" 304 - "http://renault.activities.at/success" "Mozilla/5.0 (Windows NT 10.0; WOW64; Trident/7.0; rv:11.0) like Gecko"
212.152.246.134 - - [30/Nov/2017:10:02:16 +0100] "GET /images/main_block_corner_left_top.gif HTTP/1.1" 304 - "http://renault.activities.at/success" "Mozilla/5.0 (Windows NT 10.0; WOW64; Trident/7.0; rv:11.0) like Gecko"
212.152.246.134 - - [30/Nov/2017:10:02:16 +0100] "GET /images/main_block_corner_left_bot.gif HTTP/1.1" 304 - "http://renault.activities.at/success" "Mozilla/5.0 (Windows NT 10.0; WOW64; Trident/7.0; rv:11.0) like Gecko"
212.152.246.134 - - [30/Nov/2017:10:02:16 +0100] "GET /images/nav_divider.gif HTTP/1.1" 304 - "http://renault.activities.at/success" "Mozilla/5.0 (Windows NT 10.0; WOW64; Trident/7.0; rv:11.0) like Gecko"
212.152.246.134 - - [30/Nov/2017:10:02:16 +0100] "GET /images/menu_divider.gif HTTP/1.1" 304 - "http://renault.activities.at/success" "Mozilla/5.0 (Windows NT 10.0; WOW64; Trident/7.0; rv:11.0) like Gecko"
212.152.246.134 - - [30/Nov/2017:10:02:16 +0100] "GET /images/top_links_divider.gif HTTP/1.1" 304 - "http://renault.activities.at/success" "Mozilla/5.0 (Windows NT 10.0; WOW64; Trident/7.0; rv:11.0) like Gecko"
212.152.246.134 - - [30/Nov/2017:10:02:16 +0100] "GET /images/title_border_top.jpg HTTP/1.1" 304 - "http://renault.activities.at/success" "Mozilla/5.0 (Windows NT 10.0; WOW64; Trident/7.0; rv:11.0) like Gecko"
212.152.246.134 - - [30/Nov/2017:10:02:16 +0100] "GET /images/button_left_bg.gif HTTP/1.1" 304 - "http://renault.activities.at/success" "Mozilla/5.0 (Windows NT 10.0; WOW64; Trident/7.0; rv:11.0) like Gecko"
212.152.246.134 - - [30/Nov/2017:10:02:16 +0100] "GET /images/menu_button_bg.jpg HTTP/1.1" 304 - "http://renault.activities.at/success" "Mozilla/5.0 (Windows NT 10.0; WOW64; Trident/7.0; rv:11.0) like Gecko"
212.152.246.134 - - [30/Nov/2017:10:02:16 +0100] "GET /images/main_block_border.gif HTTP/1.1" 304 - "http://renault.activities.at/success" "Mozilla/5.0 (Windows NT 10.0; WOW64; Trident/7.0; rv:11.0) like Gecko"
212.152.246.134 - - [30/Nov/2017:10:02:16 +0100] "GET /images/main_block_corner_right_bot.gif HTTP/1.1" 304 - "http://renault.activities.at/success" "Mozilla/5.0 (Windows NT 10.0; WOW64; Trident/7.0; rv:11.0) like Gecko"
212.152.246.134 - - [30/Nov/2017:10:02:16 +0100] "GET /images/main_block_corner_right_top.gif HTTP/1.1" 304 - "http://renault.activities.at/success" "Mozilla/5.0 (Windows NT 10.0; WOW64; Trident/7.0; rv:11.0) like Gecko"
212.152.246.134 - - [30/Nov/2017:10:02:16 +0100] "GET /images/title_corner_left_top.jpg HTTP/1.1" 304 - "http://renault.activities.at/success" "Mozilla/5.0 (Windows NT 10.0; WOW64; Trident/7.0; rv:11.0) like Gecko"
212.152.246.134 - - [30/Nov/2017:10:02:16 +0100] "GET /images/title_corner_right_top.jpg HTTP/1.1" 304 - "http://renault.activities.at/success" "Mozilla/5.0 (Windows NT 10.0; WOW64; Trident/7.0; rv:11.0) like Gecko"
80.123.225.34 - - [30/Nov/2017:10:02:36 +0100] "GET /reload?ser=1512032559408 HTTP/1.1" 200 28 "http://renault.activities.at/success" "Mozilla/5.0 (compatible; MSIE 10.0; Windows NT 6.1; WOW64; Trident/6.0)"
212.152.246.134 - - [30/Nov/2017:10:02:42 +0100] "GET /logout HTTP/1.1" 302 140 "http://renault.activities.at/success" "Mozilla/5.0 (Windows NT 10.0; WOW64; Trident/7.0; rv:11.0) like Gecko"
212.152.246.134 - - [30/Nov/2017:10:02:43 +0100] "GET /logout HTTP/1.1" 200 1583 "http://renault.activities.at/success" "Mozilla/5.0 (Windows NT 10.0; WOW64; Trident/7.0; rv:11.0) like Gecko"
212.152.246.134 - - [30/Nov/2017:10:02:43 +0100] "GET /js/default.js HTTP/1.1" 304 - "http://renault.activities.at/logout" "Mozilla/5.0 (Windows NT 10.0; WOW64; Trident/7.0; rv:11.0) like Gecko"
212.152.246.134 - - [30/Nov/2017:10:02:43 +0100] "GET /css/reset.css HTTP/1.1" 304 - "http://renault.activities.at/logout" "Mozilla/5.0 (Windows NT 10.0; WOW64; Trident/7.0; rv:11.0) like Gecko"
212.152.246.134 - - [30/Nov/2017:10:02:43 +0100] "GET /css/styles.css HTTP/1.1" 304 - "http://renault.activities.at/logout" "Mozilla/5.0 (Windows NT 10.0; WOW64; Trident/7.0; rv:11.0) like Gecko"
212.152.246.134 - - [30/Nov/2017:10:02:43 +0100] "GET /css/clears.css HTTP/1.1" 304 - "http://renault.activities.at/logout" "Mozilla/5.0 (Windows NT 10.0; WOW64; Trident/7.0; rv:11.0) like Gecko"
212.152.246.134 - - [30/Nov/2017:10:02:43 +0100] "GET /css/print.css HTTP/1.1" 304 - "http://renault.activities.at/logout" "Mozilla/5.0 (Windows NT 10.0; WOW64; Trident/7.0; rv:11.0) like Gecko"
212.152.246.134 - - [30/Nov/2017:10:02:43 +0100] "GET /js/checkout.css HTTP/1.1" 304 - "http://renault.activities.at/logout" "Mozilla/5.0 (Windows NT 10.0; WOW64; Trident/7.0; rv:11.0) like Gecko"
212.152.246.134 - - [30/Nov/2017:10:02:43 +0100] "GET /css/prototip.css HTTP/1.1" 304 - "http://renault.activities.at/logout" "Mozilla/5.0 (Windows NT 10.0; WOW64; Trident/7.0; rv:11.0) like Gecko"
212.152.246.134 - - [30/Nov/2017:10:02:43 +0100] "GET /css/themes/alphacube.css HTTP/1.1" 304 - "http://renault.activities.at/logout" "Mozilla/5.0 (Windows NT 10.0; WOW64; Trident/7.0; rv:11.0) like Gecko"
212.152.246.134 - - [30/Nov/2017:10:02:43 +0100] "GET /css/themes/default.css HTTP/1.1" 304 - "http://renault.activities.at/logout" "Mozilla/5.0 (Windows NT 10.0; WOW64; Trident/7.0; rv:11.0) like Gecko"
212.152.246.134 - - [30/Nov/2017:10:02:43 +0100] "GET /images/title_corner_left_top.jpg HTTP/1.1" 304 - "http://renault.activities.at/logout" "Mozilla/5.0 (Windows NT 10.0; WOW64; Trident/7.0; rv:11.0) like Gecko"
212.152.246.134 - - [30/Nov/2017:10:02:43 +0100] "GET /images/main_block_border.gif HTTP/1.1" 304 - "http://renault.activities.at/logout" "Mozilla/5.0 (Windows NT 10.0; WOW64; Trident/7.0; rv:11.0) like Gecko"
212.152.246.134 - - [30/Nov/2017:10:02:43 +0100] "GET /images/main_block_corner_left_top.gif HTTP/1.1" 304 - "http://renault.activities.at/logout" "Mozilla/5.0 (Windows NT 10.0; WOW64; Trident/7.0; rv:11.0) like Gecko"
212.152.246.134 - - [30/Nov/2017:10:02:43 +0100] "GET /images/title_border.jpg HTTP/1.1" 304 - "http://renault.activities.at/logout" "Mozilla/5.0 (Windows NT 10.0; WOW64; Trident/7.0; rv:11.0) like Gecko"
212.152.246.134 - - [30/Nov/2017:10:02:43 +0100] "GET /images/main_block_corner_left_bot.gif HTTP/1.1" 304 - "http://renault.activities.at/logout" "Mozilla/5.0 (Windows NT 10.0; WOW64; Trident/7.0; rv:11.0) like Gecko"
212.152.246.134 - - [30/Nov/2017:10:02:44 +0100] "GET /images/header_block_border.gif HTTP/1.1" 304 - "http://renault.activities.at/logout" "Mozilla/5.0 (Windows NT 10.0; WOW64; Trident/7.0; rv:11.0) like Gecko"
212.152.246.134 - - [30/Nov/2017:10:02:44 +0100] "GET /images/main_block_corner_right_bot.gif HTTP/1.1" 304 - "http://renault.activities.at/logout" "Mozilla/5.0 (Windows NT 10.0; WOW64; Trident/7.0; rv:11.0) like Gecko"
212.152.246.134 - - [30/Nov/2017:10:02:44 +0100] "GET /images/header_block_corner_left_top.gif HTTP/1.1" 304 - "http://renault.activities.at/logout" "Mozilla/5.0 (Windows NT 10.0; WOW64; Trident/7.0; rv:11.0) like Gecko"
212.152.246.134 - - [30/Nov/2017:10:02:44 +0100] "GET /images/title_corner_right_top.jpg HTTP/1.1" 304 - "http://renault.activities.at/logout" "Mozilla/5.0 (Windows NT 10.0; WOW64; Trident/7.0; rv:11.0) like Gecko"
212.152.246.134 - - [30/Nov/2017:10:02:44 +0100] "GET /images/title_border_top.jpg HTTP/1.1" 304 - "http://renault.activities.at/logout" "Mozilla/5.0 (Windows NT 10.0; WOW64; Trident/7.0; rv:11.0) like Gecko"
212.152.246.134 - - [30/Nov/2017:10:02:44 +0100] "GET /images/main_block_corner_right_top.gif HTTP/1.1" 304 - "http://renault.activities.at/logout" "Mozilla/5.0 (Windows NT 10.0; WOW64; Trident/7.0; rv:11.0) like Gecko"
212.152.246.134 - - [30/Nov/2017:10:02:44 +0100] "GET /images/header_block_corner_right_top.gif HTTP/1.1" 304 - "http://renault.activities.at/logout" "Mozilla/5.0 (Windows NT 10.0; WOW64; Trident/7.0; rv:11.0) like Gecko"
193.194.132.79 - - [30/Nov/2017:10:03:04 +0100] "GET /reload?ser=1512032583997 HTTP/1.1" 200 28 "http://renault.2web.at/success" "Mozilla/5.0 (Windows NT 6.1; WOW64; Trident/7.0; rv:11.0) like Gecko"
80.123.225.34 - - [30/Nov/2017:10:03:37 +0100] "GET /reload?ser=1512032620404 HTTP/1.1" 200 28 "http://renault.activities.at/success" "Mozilla/5.0 (compatible; MSIE 10.0; Windows NT 6.1; WOW64; Trident/6.0)"
193.194.132.79 - - [30/Nov/2017:10:04:05 +0100] "GET /reload?ser=1512032645077 HTTP/1.1" 200 28 "http://renault.2web.at/success" "Mozilla/5.0 (Windows NT 6.1; WOW64; Trident/7.0; rv:11.0) like Gecko"
80.123.225.34 - - [30/Nov/2017:10:04:38 +0100] "GET /reload?ser=1512032681416 HTTP/1.1" 200 28 "http://renault.activities.at/success" "Mozilla/5.0 (compatible; MSIE 10.0; Windows NT 6.1; WOW64; Trident/6.0)"
193.194.132.79 - - [30/Nov/2017:10:05:06 +0100] "GET /reload?ser=1512032706157 HTTP/1.1" 200 28 "http://renault.2web.at/success" "Mozilla/5.0 (Windows NT 6.1; WOW64; Trident/7.0; rv:11.0) like Gecko"
80.123.225.34 - - [30/Nov/2017:10:05:39 +0100] "GET /reload?ser=1512032742438 HTTP/1.1" 200 28 "http://renault.activities.at/success" "Mozilla/5.0 (compatible; MSIE 10.0; Windows NT 6.1; WOW64; Trident/6.0)"
193.194.132.79 - - [30/Nov/2017:10:06:07 +0100] "GET /reload?ser=1512032767279 HTTP/1.1" 200 28 "http://renault.2web.at/success" "Mozilla/5.0 (Windows NT 6.1; WOW64; Trident/7.0; rv:11.0) like Gecko"
80.123.225.34 - - [30/Nov/2017:10:06:40 +0100] "GET /reload?ser=1512032803416 HTTP/1.1" 200 28 "http://renault.activities.at/success" "Mozilla/5.0 (compatible; MSIE 10.0; Windows NT 6.1; WOW64; Trident/6.0)"
193.194.132.79 - - [30/Nov/2017:10:07:08 +0100] "GET /reload?ser=1512032828368 HTTP/1.1" 200 28 "http://renault.2web.at/success" "Mozilla/5.0 (Windows NT 6.1; WOW64; Trident/7.0; rv:11.0) like Gecko"
80.123.225.34 - - [30/Nov/2017:10:07:41 +0100] "GET /reload?ser=1512032864400 HTTP/1.1" 200 28 "http://renault.activities.at/success" "Mozilla/5.0 (compatible; MSIE 10.0; Windows NT 6.1; WOW64; Trident/6.0)"
193.194.132.79 - - [30/Nov/2017:10:08:09 +0100] "GET /reload?ser=1512032889378 HTTP/1.1" 200 28 "http://renault.2web.at/success" "Mozilla/5.0 (Windows NT 6.1; WOW64; Trident/7.0; rv:11.0) like Gecko"
80.123.225.34 - - [30/Nov/2017:10:08:42 +0100] "GET /reload?ser=1512032925389 HTTP/1.1" 200 28 "http://renault.activities.at/success" "Mozilla/5.0 (compatible; MSIE 10.0; Windows NT 6.1; WOW64; Trident/6.0)"
193.194.132.79 - - [30/Nov/2017:10:09:10 +0100] "GET /reload?ser=1512032950454 HTTP/1.1" 200 28 "http://renault.2web.at/success" "Mozilla/5.0 (Windows NT 6.1; WOW64; Trident/7.0; rv:11.0) like Gecko"
80.123.225.34 - - [30/Nov/2017:10:09:43 +0100] "GET /reload?ser=1512032986396 HTTP/1.1" 200 28 "http://renault.activities.at/success" "Mozilla/5.0 (compatible; MSIE 10.0; Windows NT 6.1; WOW64; Trident/6.0)"
193.194.132.79 - - [30/Nov/2017:10:10:11 +0100] "GET /reload?ser=1512033011478 HTTP/1.1" 200 28 "http://renault.2web.at/success" "Mozilla/5.0 (Windows NT 6.1; WOW64; Trident/7.0; rv:11.0) like Gecko"
80.123.225.34 - - [30/Nov/2017:10:10:44 +0100] "GET /reload?ser=1512033047386 HTTP/1.1" 200 28 "http://renault.activities.at/success" "Mozilla/5.0 (compatible; MSIE 10.0; Windows NT 6.1; WOW64; Trident/6.0)"
193.194.132.79 - - [30/Nov/2017:10:11:12 +0100] "GET /reload?ser=1512033072559 HTTP/1.1" 200 28 "http://renault.2web.at/success" "Mozilla/5.0 (Windows NT 6.1; WOW64; Trident/7.0; rv:11.0) like Gecko"
80.123.225.34 - - [30/Nov/2017:10:11:45 +0100] "GET /reload?ser=1512033108392 HTTP/1.1" 200 28 "http://renault.activities.at/success" "Mozilla/5.0 (compatible; MSIE 10.0; Windows NT 6.1; WOW64; Trident/6.0)"
193.194.132.79 - - [30/Nov/2017:10:12:13 +0100] "GET /reload?ser=1512033133678 HTTP/1.1" 200 28 "http://renault.2web.at/success" "Mozilla/5.0 (Windows NT 6.1; WOW64; Trident/7.0; rv:11.0) like Gecko"
80.123.225.34 - - [30/Nov/2017:10:12:46 +0100] "GET /reload?ser=1512033169408 HTTP/1.1" 200 28 "http://renault.activities.at/success" "Mozilla/5.0 (compatible; MSIE 10.0; Windows NT 6.1; WOW64; Trident/6.0)"
193.194.132.79 - - [30/Nov/2017:10:13:14 +0100] "GET /reload?ser=1512033194758 HTTP/1.1" 200 28 "http://renault.2web.at/success" "Mozilla/5.0 (Windows NT 6.1; WOW64; Trident/7.0; rv:11.0) like Gecko"
80.123.225.34 - - [30/Nov/2017:10:13:47 +0100] "GET /reload?ser=1512033230422 HTTP/1.1" 200 28 "http://renault.activities.at/success" "Mozilla/5.0 (compatible; MSIE 10.0; Windows NT 6.1; WOW64; Trident/6.0)"
178.188.80.226 - - [30/Nov/2017:10:14:11 +0100] "GET / HTTP/1.1" 200 4275 "-" "Mozilla/5.0 (Windows NT 6.1; WOW64; Trident/7.0; rv:11.0) like Gecko"
178.188.80.226 - - [30/Nov/2017:10:14:12 +0100] "GET /js/default.js HTTP/1.1" 200 14698 "http://renault.activities.at/" "Mozilla/5.0 (Windows NT 6.1; WOW64; Trident/7.0; rv:11.0) like Gecko"
178.188.80.226 - - [30/Nov/2017:10:14:12 +0100] "GET /js/flashdetection.js HTTP/1.1" 200 1059 "http://renault.activities.at/" "Mozilla/5.0 (Windows NT 6.1; WOW64; Trident/7.0; rv:11.0) like Gecko"
178.188.80.226 - - [30/Nov/2017:10:14:12 +0100] "GET /css/reset.css HTTP/1.1" 200 1356 "http://renault.activities.at/" "Mozilla/5.0 (Windows NT 6.1; WOW64; Trident/7.0; rv:11.0) like Gecko"
178.188.80.226 - - [30/Nov/2017:10:14:12 +0100] "GET /css/styles.css HTTP/1.1" 200 14664 "http://renault.activities.at/" "Mozilla/5.0 (Windows NT 6.1; WOW64; Trident/7.0; rv:11.0) like Gecko"
178.188.80.226 - - [30/Nov/2017:10:14:12 +0100] "GET /css/clears.css HTTP/1.1" 200 851 "http://renault.activities.at/" "Mozilla/5.0 (Windows NT 6.1; WOW64; Trident/7.0; rv:11.0) like Gecko"
178.188.80.226 - - [30/Nov/2017:10:14:12 +0100] "GET /js/index.php?c=auto&f=,prototype/prototype.js,prototype/validation.js,scriptaculous/builder.js,scriptaculous/effects.js,scriptaculous/dragdrop.js,scriptaculous/controls.js,scriptaculous/slider.js,varien/js.js,varien/form.js,varien/menu.js,mage/translate.js,mage/cookies.js,varien/product.js,spinner/SpinnerControl.jsmin.js,prototype/window.js,prototype/window_ext.js HTTP/1.1" 200 94182 "http://renault.activities.at/" "Mozilla/5.0 (Windows NT 6.1; WOW64; Trident/7.0; rv:11.0) like Gecko"
178.188.80.226 - - [30/Nov/2017:10:14:12 +0100] "GET /css/print.css HTTP/1.1" 200 543 "http://renault.activities.at/" "Mozilla/5.0 (Windows NT 6.1; WOW64; Trident/7.0; rv:11.0) like Gecko"
178.188.80.226 - - [30/Nov/2017:10:14:12 +0100] "GET /css/prototip.css HTTP/1.1" 200 968 "http://renault.activities.at/" "Mozilla/5.0 (Windows NT 6.1; WOW64; Trident/7.0; rv:11.0) like Gecko"
178.188.80.226 - - [30/Nov/2017:10:14:12 +0100] "GET /js/checkout.css HTTP/1.1" 200 359 "http://renault.activities.at/" "Mozilla/5.0 (Windows NT 6.1; WOW64; Trident/7.0; rv:11.0) like Gecko"
178.188.80.226 - - [30/Nov/2017:10:14:13 +0100] "GET /css/themes/default.css HTTP/1.1" 200 769 "http://renault.activities.at/" "Mozilla/5.0 (Windows NT 6.1; WOW64; Trident/7.0; rv:11.0) like Gecko"
178.188.80.226 - - [30/Nov/2017:10:14:13 +0100] "GET /css/themes/alphacube.css HTTP/1.1" 200 743 "http://renault.activities.at/" "Mozilla/5.0 (Windows NT 6.1; WOW64; Trident/7.0; rv:11.0) like Gecko"
178.188.80.226 - - [30/Nov/2017:10:14:13 +0100] "GET /images/header_block_border.gif HTTP/1.1" 200 43 "http://renault.activities.at/" "Mozilla/5.0 (Windows NT 6.1; WOW64; Trident/7.0; rv:11.0) like Gecko"
178.188.80.226 - - [30/Nov/2017:10:14:13 +0100] "GET /images/main_block_corner_right_bot.gif HTTP/1.1" 200 158 "http://renault.activities.at/" "Mozilla/5.0 (Windows NT 6.1; WOW64; Trident/7.0; rv:11.0) like Gecko"
178.188.80.226 - - [30/Nov/2017:10:14:13 +0100] "GET /images/main_block_corner_left_bot.gif HTTP/1.1" 200 159 "http://renault.activities.at/" "Mozilla/5.0 (Windows NT 6.1; WOW64; Trident/7.0; rv:11.0) like Gecko"
178.188.80.226 - - [30/Nov/2017:10:14:13 +0100] "GET /images/main_block_border.gif HTTP/1.1" 200 43 "http://renault.activities.at/" "Mozilla/5.0 (Windows NT 6.1; WOW64; Trident/7.0; rv:11.0) like Gecko"
178.188.80.226 - - [30/Nov/2017:10:14:13 +0100] "GET /images/header_block_corner_left_top.gif HTTP/1.1" 200 160 "http://renault.activities.at/" "Mozilla/5.0 (Windows NT 6.1; WOW64; Trident/7.0; rv:11.0) like Gecko"
178.188.80.226 - - [30/Nov/2017:10:14:13 +0100] "GET /images/header_block_corner_right_top.gif HTTP/1.1" 200 160 "http://renault.activities.at/" "Mozilla/5.0 (Windows NT 6.1; WOW64; Trident/7.0; rv:11.0) like Gecko"
178.188.80.226 - - [30/Nov/2017:10:14:13 +0100] "GET /images/favicon.ico HTTP/1.1" 404 305 "-" "Mozilla/5.0 (Windows NT 6.1; Win64; x64; Trident/7.0; rv:11.0) like Gecko"
178.188.80.226 - - [30/Nov/2017:10:14:14 +0100] "GET /images/main_block_corner_right_top.gif HTTP/1.1" 200 159 "http://renault.activities.at/" "Mozilla/5.0 (Windows NT 6.1; WOW64; Trident/7.0; rv:11.0) like Gecko"
178.188.80.226 - - [30/Nov/2017:10:14:14 +0100] "GET /images/main_block_corner_left_top.gif HTTP/1.1" 200 159 "http://renault.activities.at/" "Mozilla/5.0 (Windows NT 6.1; WOW64; Trident/7.0; rv:11.0) like Gecko"
178.188.80.226 - - [30/Nov/2017:10:14:14 +0100] "GET /images/title_border.jpg HTTP/1.1" 200 304 "http://renault.activities.at/" "Mozilla/5.0 (Windows NT 6.1; WOW64; Trident/7.0; rv:11.0) like Gecko"
178.188.80.226 - - [30/Nov/2017:10:14:14 +0100] "GET /images/title_border_top.jpg HTTP/1.1" 200 336 "http://renault.activities.at/" "Mozilla/5.0 (Windows NT 6.1; WOW64; Trident/7.0; rv:11.0) like Gecko"
178.188.80.226 - - [30/Nov/2017:10:14:14 +0100] "GET /images/title_corner_left_top.jpg HTTP/1.1" 200 372 "http://renault.activities.at/" "Mozilla/5.0 (Windows NT 6.1; WOW64; Trident/7.0; rv:11.0) like Gecko"
178.188.80.226 - - [30/Nov/2017:10:14:14 +0100] "GET /images/title_corner_right_top.jpg HTTP/1.1" 200 389 "http://renault.activities.at/" "Mozilla/5.0 (Windows NT 6.1; WOW64; Trident/7.0; rv:11.0) like Gecko"
178.188.80.226 - - [30/Nov/2017:10:14:14 +0100] "GET /loadthumbnail.php?id=11127982 HTTP/1.1" 200 399614 "http://renault.activities.at/" "Mozilla/5.0 (Windows NT 6.1; WOW64; Trident/7.0; rv:11.0) like Gecko"
178.188.80.226 - - [30/Nov/2017:10:14:15 +0100] "GET /login HTTP/1.1" 200 2086 "http://renault.activities.at/" "Mozilla/5.0 (Windows NT 6.1; WOW64; Trident/7.0; rv:11.0) like Gecko"
178.188.80.226 - - [30/Nov/2017:10:14:16 +0100] "GET /images/button_left_bg.gif HTTP/1.1" 200 564 "http://renault.activities.at/login" "Mozilla/5.0 (Windows NT 6.1; WOW64; Trident/7.0; rv:11.0) like Gecko"
178.188.80.226 - - [30/Nov/2017:10:14:16 +0100] "GET /images/button_right_bg.gif HTTP/1.1" 200 561 "http://renault.activities.at/login" "Mozilla/5.0 (Windows NT 6.1; WOW64; Trident/7.0; rv:11.0) like Gecko"
178.188.80.226 - - [30/Nov/2017:10:14:16 +0100] "GET /images/button_bg.gif HTTP/1.1" 200 151 "http://renault.activities.at/login" "Mozilla/5.0 (Windows NT 6.1; WOW64; Trident/7.0; rv:11.0) like Gecko"
178.188.80.226 - - [30/Nov/2017:10:14:16 +0100] "GET /loadthumbnail.php?id=11127982 HTTP/1.1" 200 399614 "http://renault.activities.at/login" "Mozilla/5.0 (Windows NT 6.1; WOW64; Trident/7.0; rv:11.0) like Gecko"
193.194.132.79 - - [30/Nov/2017:10:14:15 +0100] "GET /reload?ser=1512033255879 HTTP/1.1" 200 28 "http://renault.2web.at/success" "Mozilla/5.0 (Windows NT 6.1; WOW64; Trident/7.0; rv:11.0) like Gecko"
178.188.80.226 - - [30/Nov/2017:10:14:18 +0100] "GET /images/favicon.ico HTTP/1.1" 404 305 "-" "Mozilla/5.0 (Windows NT 6.1; Win64; x64; Trident/7.0; rv:11.0) like Gecko"
178.188.80.226 - - [30/Nov/2017:10:14:19 +0100] "GET /favicon.ico HTTP/1.1" 200 3250 "-" "Mozilla/5.0 (Windows NT 6.1; Win64; x64; Trident/7.0; rv:11.0) like Gecko"
178.188.80.226 - - [30/Nov/2017:10:14:24 +0100] "POST /login HTTP/1.1" 302 140 "http://renault.activities.at/login" "Mozilla/5.0 (Windows NT 6.1; WOW64; Trident/7.0; rv:11.0) like Gecko"
178.188.80.226 - - [30/Nov/2017:10:14:27 +0100] "GET /account HTTP/1.1" 200 6024 "http://renault.activities.at/login" "Mozilla/5.0 (Windows NT 6.1; WOW64; Trident/7.0; rv:11.0) like Gecko"
178.188.80.226 - - [30/Nov/2017:10:14:30 +0100] "GET /js/account.js HTTP/1.1" 200 953 "http://renault.activities.at/account" "Mozilla/5.0 (Windows NT 6.1; WOW64; Trident/7.0; rv:11.0) like Gecko"
178.188.80.226 - - [30/Nov/2017:10:14:30 +0100] "GET /loadthumbnail.php?id=11423557&width=50&height=50 HTTP/1.1" 200 1235 "http://renault.activities.at/account" "Mozilla/5.0 (Windows NT 6.1; WOW64; Trident/7.0; rv:11.0) like Gecko"
178.188.80.226 - - [30/Nov/2017:10:14:30 +0100] "GET /images/search_bg.gif HTTP/1.1" 200 1726 "http://renault.activities.at/account" "Mozilla/5.0 (Windows NT 6.1; WOW64; Trident/7.0; rv:11.0) like Gecko"
178.188.80.226 - - [30/Nov/2017:10:14:30 +0100] "GET /images/sidebar_title_corner_left_top.gif HTTP/1.1" 200 1124 "http://renault.activities.at/account" "Mozilla/5.0 (Windows NT 6.1; WOW64; Trident/7.0; rv:11.0) like Gecko"
178.188.80.226 - - [30/Nov/2017:10:14:30 +0100] "GET /images/sidebar_title_border_top.gif HTTP/1.1" 200 155 "http://renault.activities.at/account" "Mozilla/5.0 (Windows NT 6.1; WOW64; Trident/7.0; rv:11.0) like Gecko"
178.188.80.226 - - [30/Nov/2017:10:14:30 +0100] "GET /images/sidebar_title_corner_right_top.gif HTTP/1.1" 200 383 "http://renault.activities.at/account" "Mozilla/5.0 (Windows NT 6.1; WOW64; Trident/7.0; rv:11.0) like Gecko"
178.188.80.226 - - [30/Nov/2017:10:14:30 +0100] "GET /images/footer_divider.gif HTTP/1.1" 200 44 "http://renault.activities.at/account" "Mozilla/5.0 (Windows NT 6.1; WOW64; Trident/7.0; rv:11.0) like Gecko"
178.188.80.226 - - [30/Nov/2017:10:14:31 +0100] "GET /images/sidebar_title_border.gif HTTP/1.1" 200 43 "http://renault.activities.at/account" "Mozilla/5.0 (Windows NT 6.1; WOW64; Trident/7.0; rv:11.0) like Gecko"
178.188.80.226 - - [30/Nov/2017:10:14:31 +0100] "GET /images/top_links_divider.gif HTTP/1.1" 200 44 "http://renault.activities.at/account" "Mozilla/5.0 (Windows NT 6.1; WOW64; Trident/7.0; rv:11.0) like Gecko"
178.188.80.226 - - [30/Nov/2017:10:14:31 +0100] "GET /images/nav_divider.gif HTTP/1.1" 200 43 "http://renault.activities.at/account" "Mozilla/5.0 (Windows NT 6.1; WOW64; Trident/7.0; rv:11.0) like Gecko"
178.188.80.226 - - [30/Nov/2017:10:14:31 +0100] "GET /images/menu_button_bg.jpg HTTP/1.1" 200 322 "http://renault.activities.at/account" "Mozilla/5.0 (Windows NT 6.1; WOW64; Trident/7.0; rv:11.0) like Gecko"
178.188.80.226 - - [30/Nov/2017:10:14:33 +0100] "GET /images/menu_divider.gif HTTP/1.1" 200 176 "http://renault.activities.at/account" "Mozilla/5.0 (Windows NT 6.1; WOW64; Trident/7.0; rv:11.0) like Gecko"
178.188.80.226 - - [30/Nov/2017:10:14:33 +0100] "GET /favicon.ico HTTP/1.1" 200 3250 "-" "Mozilla/5.0 (Windows NT 6.1; Win64; x64; Trident/7.0; rv:11.0) like Gecko"
80.123.225.34 - - [30/Nov/2017:10:14:48 +0100] "GET /reload?ser=1512033291431 HTTP/1.1" 200 28 "http://renault.activities.at/success" "Mozilla/5.0 (compatible; MSIE 10.0; Windows NT 6.1; WOW64; Trident/6.0)"
193.194.132.79 - - [30/Nov/2017:10:15:17 +0100] "GET /reload?ser=1512033316957 HTTP/1.1" 200 28 "http://renault.2web.at/success" "Mozilla/5.0 (Windows NT 6.1; WOW64; Trident/7.0; rv:11.0) like Gecko"
178.188.80.226 - - [30/Nov/2017:10:15:34 +0100] "GET /reload?ser=1512033342180 HTTP/1.1" 200 28 "http://renault.activities.at/account" "Mozilla/5.0 (Windows NT 6.1; WOW64; Trident/7.0; rv:11.0) like Gecko"
80.123.225.34 - - [30/Nov/2017:10:15:49 +0100] "GET /reload?ser=1512033352404 HTTP/1.1" 200 28 "http://renault.activities.at/success" "Mozilla/5.0 (compatible; MSIE 10.0; Windows NT 6.1; WOW64; Trident/6.0)"
193.194.132.79 - - [30/Nov/2017:10:16:18 +0100] "GET /reload?ser=1512033378030 HTTP/1.1" 200 28 "http://renault.2web.at/success" "Mozilla/5.0 (Windows NT 6.1; WOW64; Trident/7.0; rv:11.0) like Gecko"
178.188.80.226 - - [30/Nov/2017:10:16:35 +0100] "GET /reload?ser=1512033403410 HTTP/1.1" 200 28 "http://renault.activities.at/account" "Mozilla/5.0 (Windows NT 6.1; WOW64; Trident/7.0; rv:11.0) like Gecko"
80.123.225.34 - - [30/Nov/2017:10:16:50 +0100] "GET /reload?ser=1512033413406 HTTP/1.1" 200 28 "http://renault.activities.at/success" "Mozilla/5.0 (compatible; MSIE 10.0; Windows NT 6.1; WOW64; Trident/6.0)"
193.194.132.79 - - [30/Nov/2017:10:17:19 +0100] "GET /reload?ser=1512033439087 HTTP/1.1" 200 28 "http://renault.2web.at/success" "Mozilla/5.0 (Windows NT 6.1; WOW64; Trident/7.0; rv:11.0) like Gecko"
178.188.80.226 - - [30/Nov/2017:10:17:36 +0100] "GET /reload?ser=1512033464646 HTTP/1.1" 200 28 "http://renault.activities.at/account" "Mozilla/5.0 (Windows NT 6.1; WOW64; Trident/7.0; rv:11.0) like Gecko"
80.123.225.34 - - [30/Nov/2017:10:17:51 +0100] "GET /reload?ser=1512033474428 HTTP/1.1" 200 28 "http://renault.activities.at/success" "Mozilla/5.0 (compatible; MSIE 10.0; Windows NT 6.1; WOW64; Trident/6.0)"
193.194.132.79 - - [30/Nov/2017:10:18:20 +0100] "GET /reload?ser=1512033500226 HTTP/1.1" 200 28 "http://renault.2web.at/success" "Mozilla/5.0 (Windows NT 6.1; WOW64; Trident/7.0; rv:11.0) like Gecko"
178.188.80.226 - - [30/Nov/2017:10:18:37 +0100] "GET /reload?ser=1512033525834 HTTP/1.1" 200 28 "http://renault.activities.at/account" "Mozilla/5.0 (Windows NT 6.1; WOW64; Trident/7.0; rv:11.0) like Gecko"
80.123.225.34 - - [30/Nov/2017:10:18:52 +0100] "GET /reload?ser=1512033535421 HTTP/1.1" 200 28 "http://renault.activities.at/success" "Mozilla/5.0 (compatible; MSIE 10.0; Windows NT 6.1; WOW64; Trident/6.0)"
193.194.132.79 - - [30/Nov/2017:10:19:21 +0100] "GET /reload?ser=1512033561315 HTTP/1.1" 200 28 "http://renault.2web.at/success" "Mozilla/5.0 (Windows NT 6.1; WOW64; Trident/7.0; rv:11.0) like Gecko"
178.188.80.226 - - [30/Nov/2017:10:19:38 +0100] "GET /reload?ser=1512033587070 HTTP/1.1" 200 28 "http://renault.activities.at/account" "Mozilla/5.0 (Windows NT 6.1; WOW64; Trident/7.0; rv:11.0) like Gecko"
