88.116.10.164 - - [12/Dec/2017:14:24:26 +0100] "GET /reload?ser=1513085066368 HTTP/1.1" 200 28 "http://renault.activities.at/10260019" "Mozilla/5.0 (Windows NT 6.1; WOW64; Trident/7.0; rv:11.0) like Gecko"
80.120.5.131 - - [12/Dec/2017:14:24:51 +0100] "GET /reload?ser=1513085091423 HTTP/1.1" 200 28 "http://renault.activities.at/login" "Mozilla/5.0 (Windows NT 6.1; WOW64; Trident/7.0; rv:11.0) like Gecko"
88.116.10.164 - - [12/Dec/2017:14:25:08 +0100] "POST /axjaxrequest?mode=suggest HTTP/1.1" 200 111 "http://renault.activities.at/10260019" "Mozilla/5.0 (Windows NT 6.1; WOW64; Trident/7.0; rv:11.0) like Gecko"
88.116.10.164 - - [12/Dec/2017:14:25:10 +0100] "GET /result?searchterm=true&search=welcome HTTP/1.1" 200 6097 "http://renault.activities.at/10260019" "Mozilla/5.0 (Windows NT 6.1; WOW64; Trident/7.0; rv:11.0) like Gecko"
88.116.10.164 - - [12/Dec/2017:14:25:10 +0100] "POST /axjaxrequest?mode=suggest HTTP/1.1" 200 111 "http://renault.activities.at/10260019" "Mozilla/5.0 (Windows NT 6.1; WOW64; Trident/7.0; rv:11.0) like Gecko"
80.80.251.48 - - [12/Dec/2017:14:25:23 +0100] "GET /reload?ser=1513085123533 HTTP/1.1" 200 1251 "http://renault.activities.at/result?searchterm=true&search=name" "Mozilla/5.0 (Windows NT 10.0; WOW64; Trident/7.0; Touch; rv:11.0) like Gecko"
88.116.10.164 - - [12/Dec/2017:14:25:31 +0100] "GET /result?searchterm=true&search=folder HTTP/1.1" 200 8368 "http://renault.activities.at/result?searchterm=true&search=welcome" "Mozilla/5.0 (Windows NT 6.1; WOW64; Trident/7.0; rv:11.0) like Gecko"
88.116.10.164 - - [12/Dec/2017:14:25:34 +0100] "GET /loadthumbnail.php?id=11117056&width=113 HTTP/1.1" 200 2184 "http://renault.activities.at/result?searchterm=true&search=folder" "Mozilla/5.0 (Windows NT 6.1; WOW64; Trident/7.0; rv:11.0) like Gecko"
88.116.10.164 - - [12/Dec/2017:14:25:34 +0100] "GET /loadthumbnail.php?id=11461714&width=113 HTTP/1.1" 200 9391 "http://renault.activities.at/result?searchterm=true&search=folder" "Mozilla/5.0 (Windows NT 6.1; WOW64; Trident/7.0; rv:11.0) like Gecko"
88.116.10.164 - - [12/Dec/2017:14:25:34 +0100] "GET /loadthumbnail.php?id=11321678&width=113 HTTP/1.1" 200 2897 "http://renault.activities.at/result?searchterm=true&search=folder" "Mozilla/5.0 (Windows NT 6.1; WOW64; Trident/7.0; rv:11.0) like Gecko"
88.116.10.164 - - [12/Dec/2017:14:25:34 +0100] "GET /loadthumbnail.php?id=11308855&width=113 HTTP/1.1" 200 4521 "http://renault.activities.at/result?searchterm=true&search=folder" "Mozilla/5.0 (Windows NT 6.1; WOW64; Trident/7.0; rv:11.0) like Gecko"
88.116.10.164 - - [12/Dec/2017:14:25:34 +0100] "GET /loadthumbnail.php?id=11461707&width=113 HTTP/1.1" 200 27994 "http://renault.activities.at/result?searchterm=true&search=folder" "Mozilla/5.0 (Windows NT 6.1; WOW64; Trident/7.0; rv:11.0) like Gecko"
88.116.10.164 - - [12/Dec/2017:14:25:34 +0100] "GET /loadthumbnail.php?id=11504843&width=113 HTTP/1.1" 200 33866 "http://renault.activities.at/result?searchterm=true&search=folder" "Mozilla/5.0 (Windows NT 6.1; WOW64; Trident/7.0; rv:11.0) like Gecko"
88.116.10.164 - - [12/Dec/2017:14:25:35 +0100] "GET /loadthumbnail.php?id=11122042&width=113 HTTP/1.1" 200 3085 "http://renault.activities.at/result?searchterm=true&search=folder" "Mozilla/5.0 (Windows NT 6.1; WOW64; Trident/7.0; rv:11.0) like Gecko"
88.116.10.164 - - [12/Dec/2017:14:25:35 +0100] "GET /loadthumbnail.php?id=11117040&width=113 HTTP/1.1" 200 16697 "http://renault.activities.at/result?searchterm=true&search=folder" "Mozilla/5.0 (Windows NT 6.1; WOW64; Trident/7.0; rv:11.0) like Gecko"
88.116.10.164 - - [12/Dec/2017:14:25:32 +0100] "POST /axjaxrequest?mode=suggest HTTP/1.1" 200 110 "http://renault.activities.at/result?searchterm=true&search=welcome" "Mozilla/5.0 (Windows NT 6.1; WOW64; Trident/7.0; rv:11.0) like Gecko"
80.120.5.131 - - [12/Dec/2017:14:25:52 +0100] "GET /reload?ser=1513085152074 HTTP/1.1" 200 28 "http://renault.activities.at/login" "Mozilla/5.0 (Windows NT 6.1; WOW64; Trident/7.0; rv:11.0) like Gecko"
88.116.10.164 - - [12/Dec/2017:14:25:57 +0100] "POST /axjaxrequest?mode=suggest HTTP/1.1" 200 111 "http://renault.activities.at/result?searchterm=true&search=folder" "Mozilla/5.0 (Windows NT 6.1; WOW64; Trident/7.0; rv:11.0) like Gecko"
88.116.10.164 - - [12/Dec/2017:14:25:57 +0100] "GET /result?searchterm=true&search=welcom HTTP/1.1" 200 6097 "http://renault.activities.at/result?searchterm=true&search=folder" "Mozilla/5.0 (Windows NT 6.1; WOW64; Trident/7.0; rv:11.0) like Gecko"
88.116.10.164 - - [12/Dec/2017:14:26:08 +0100] "POST /axjaxrequest?mode=suggest HTTP/1.1" 200 197 "http://renault.activities.at/result?searchterm=true&search=welcom" "Mozilla/5.0 (Windows NT 6.1; WOW64; Trident/7.0; rv:11.0) like Gecko"
88.116.10.164 - - [12/Dec/2017:14:26:09 +0100] "GET /result?searchterm=true&search=REN95058 HTTP/1.1" 200 4742 "http://renault.activities.at/result?searchterm=true&search=welcom" "Mozilla/5.0 (Windows NT 6.1; WOW64; Trident/7.0; rv:11.0) like Gecko"
88.116.10.164 - - [12/Dec/2017:14:26:10 +0100] "POST /axjaxrequest?mode=suggest HTTP/1.1" 200 21 "http://renault.activities.at/result?searchterm=true&search=welcom" "Mozilla/5.0 (Windows NT 6.1; WOW64; Trident/7.0; rv:11.0) like Gecko"
80.80.251.48 - - [12/Dec/2017:14:26:23 +0100] "GET /reload?ser=1513085183693 HTTP/1.1" 200 1238 "http://renault.activities.at/result?searchterm=true&search=name" "Mozilla/5.0 (Windows NT 10.0; WOW64; Trident/7.0; Touch; rv:11.0) like Gecko"
80.120.5.131 - - [12/Dec/2017:14:26:52 +0100] "GET /reload?ser=1513085212727 HTTP/1.1" 200 28 "http://renault.activities.at/login" "Mozilla/5.0 (Windows NT 6.1; WOW64; Trident/7.0; rv:11.0) like Gecko"
88.116.10.164 - - [12/Dec/2017:14:27:11 +0100] "GET /reload?ser=1513085231466 HTTP/1.1" 200 28 "http://renault.activities.at/result?searchterm=true&search=REN95058" "Mozilla/5.0 (Windows NT 6.1; WOW64; Trident/7.0; rv:11.0) like Gecko"
80.80.251.48 - - [12/Dec/2017:14:27:23 +0100] "GET /reload?ser=1513085243846 HTTP/1.1" 200 1235 "http://renault.activities.at/result?searchterm=true&search=name" "Mozilla/5.0 (Windows NT 10.0; WOW64; Trident/7.0; Touch; rv:11.0) like Gecko"
80.120.5.131 - - [12/Dec/2017:14:27:53 +0100] "GET /reload?ser=1513085273379 HTTP/1.1" 200 28 "http://renault.activities.at/login" "Mozilla/5.0 (Windows NT 6.1; WOW64; Trident/7.0; rv:11.0) like Gecko"
88.116.10.164 - - [12/Dec/2017:14:28:12 +0100] "GET /reload?ser=1513085292432 HTTP/1.1" 200 28 "http://renault.activities.at/result?searchterm=true&search=REN95058" "Mozilla/5.0 (Windows NT 6.1; WOW64; Trident/7.0; rv:11.0) like Gecko"
80.80.251.48 - - [12/Dec/2017:14:28:23 +0100] "GET /reload?ser=1513085304001 HTTP/1.1" 200 1243 "http://renault.activities.at/result?searchterm=true&search=name" "Mozilla/5.0 (Windows NT 10.0; WOW64; Trident/7.0; Touch; rv:11.0) like Gecko"
80.120.5.131 - - [12/Dec/2017:14:28:54 +0100] "GET /reload?ser=1513085334030 HTTP/1.1" 200 28 "http://renault.activities.at/login" "Mozilla/5.0 (Windows NT 6.1; WOW64; Trident/7.0; rv:11.0) like Gecko"
88.116.10.164 - - [12/Dec/2017:14:29:13 +0100] "GET /reload?ser=1513085353494 HTTP/1.1" 200 28 "http://renault.activities.at/result?searchterm=true&search=REN95058" "Mozilla/5.0 (Windows NT 6.1; WOW64; Trident/7.0; rv:11.0) like Gecko"
80.80.251.48 - - [12/Dec/2017:14:29:24 +0100] "GET /reload?ser=1513085364156 HTTP/1.1" 200 1248 "http://renault.activities.at/result?searchterm=true&search=name" "Mozilla/5.0 (Windows NT 10.0; WOW64; Trident/7.0; Touch; rv:11.0) like Gecko"
80.120.5.131 - - [12/Dec/2017:14:29:54 +0100] "GET /reload?ser=1513085394682 HTTP/1.1" 200 28 "http://renault.activities.at/login" "Mozilla/5.0 (Windows NT 6.1; WOW64; Trident/7.0; rv:11.0) like Gecko"
88.116.10.164 - - [12/Dec/2017:14:30:14 +0100] "GET /reload?ser=1513085414493 HTTP/1.1" 200 28 "http://renault.activities.at/result?searchterm=true&search=REN95058" "Mozilla/5.0 (Windows NT 6.1; WOW64; Trident/7.0; rv:11.0) like Gecko"
80.80.251.48 - - [12/Dec/2017:14:30:24 +0100] "GET /reload?ser=1513085424312 HTTP/1.1" 200 1242 "http://renault.activities.at/result?searchterm=true&search=name" "Mozilla/5.0 (Windows NT 10.0; WOW64; Trident/7.0; Touch; rv:11.0) like Gecko"
80.120.5.131 - - [12/Dec/2017:14:30:55 +0100] "GET /reload?ser=1513085455334 HTTP/1.1" 200 28 "http://renault.activities.at/login" "Mozilla/5.0 (Windows NT 6.1; WOW64; Trident/7.0; rv:11.0) like Gecko"
212.152.158.195 - - [12/Dec/2017:14:31:13 +0100] "GET / HTTP/1.1" 200 4051 "-" "Mozilla/5.0 (Windows NT 6.1; WOW64; Trident/7.0; rv:11.0) like Gecko"
212.152.158.195 - - [12/Dec/2017:14:31:14 +0100] "GET /js/flashdetection.js HTTP/1.1" 200 1059 "http://renault.activities.at/" "Mozilla/5.0 (Windows NT 6.1; WOW64; Trident/7.0; rv:11.0) like Gecko"
212.152.158.195 - - [12/Dec/2017:14:31:14 +0100] "GET /css/reset.css HTTP/1.1" 200 1356 "http://renault.activities.at/" "Mozilla/5.0 (Windows NT 6.1; WOW64; Trident/7.0; rv:11.0) like Gecko"
212.152.158.195 - - [12/Dec/2017:14:31:14 +0100] "GET /css/styles.css HTTP/1.1" 200 14664 "http://renault.activities.at/" "Mozilla/5.0 (Windows NT 6.1; WOW64; Trident/7.0; rv:11.0) like Gecko"
212.152.158.195 - - [12/Dec/2017:14:31:14 +0100] "GET /js/default.js HTTP/1.1" 200 14698 "http://renault.activities.at/" "Mozilla/5.0 (Windows NT 6.1; WOW64; Trident/7.0; rv:11.0) like Gecko"
212.152.158.195 - - [12/Dec/2017:14:31:14 +0100] "GET /js/index.php?c=auto&f=,prototype/prototype.js,prototype/validation.js,scriptaculous/builder.js,scriptaculous/effects.js,scriptaculous/dragdrop.js,scriptaculous/controls.js,scriptaculous/slider.js,varien/js.js,varien/form.js,varien/menu.js,mage/translate.js,mage/cookies.js,varien/product.js,spinner/SpinnerControl.jsmin.js,prototype/window.js,prototype/window_ext.js HTTP/1.1" 200 94182 "http://renault.activities.at/" "Mozilla/5.0 (Windows NT 6.1; WOW64; Trident/7.0; rv:11.0) like Gecko"
212.152.158.195 - - [12/Dec/2017:14:31:14 +0100] "GET /css/clears.css HTTP/1.1" 200 851 "http://renault.activities.at/" "Mozilla/5.0 (Windows NT 6.1; WOW64; Trident/7.0; rv:11.0) like Gecko"
212.152.158.195 - - [12/Dec/2017:14:31:14 +0100] "GET /css/print.css HTTP/1.1" 200 543 "http://renault.activities.at/" "Mozilla/5.0 (Windows NT 6.1; WOW64; Trident/7.0; rv:11.0) like Gecko"
212.152.158.195 - - [12/Dec/2017:14:31:14 +0100] "GET /js/checkout.css HTTP/1.1" 200 359 "http://renault.activities.at/" "Mozilla/5.0 (Windows NT 6.1; WOW64; Trident/7.0; rv:11.0) like Gecko"
212.152.158.195 - - [12/Dec/2017:14:31:14 +0100] "GET /css/themes/default.css HTTP/1.1" 200 769 "http://renault.activities.at/" "Mozilla/5.0 (Windows NT 6.1; WOW64; Trident/7.0; rv:11.0) like Gecko"
212.152.158.195 - - [12/Dec/2017:14:31:14 +0100] "GET /css/prototip.css HTTP/1.1" 200 968 "http://renault.activities.at/" "Mozilla/5.0 (Windows NT 6.1; WOW64; Trident/7.0; rv:11.0) like Gecko"
212.152.158.195 - - [12/Dec/2017:14:31:14 +0100] "GET /css/themes/alphacube.css HTTP/1.1" 200 743 "http://renault.activities.at/" "Mozilla/5.0 (Windows NT 6.1; WOW64; Trident/7.0; rv:11.0) like Gecko"
212.152.158.195 - - [12/Dec/2017:14:31:14 +0100] "GET /images/favicon.ico HTTP/1.1" 404 305 "-" "Mozilla/5.0 (Windows NT 6.1; WOW64; Trident/7.0; rv:11.0) like Gecko"
212.152.158.195 - - [12/Dec/2017:14:31:15 +0100] "GET /images/main_block_border.gif HTTP/1.1" 200 43 "http://renault.activities.at/" "Mozilla/5.0 (Windows NT 6.1; WOW64; Trident/7.0; rv:11.0) like Gecko"
212.152.158.195 - - [12/Dec/2017:14:31:15 +0100] "GET /images/main_block_corner_left_bot.gif HTTP/1.1" 200 159 "http://renault.activities.at/" "Mozilla/5.0 (Windows NT 6.1; WOW64; Trident/7.0; rv:11.0) like Gecko"
212.152.158.195 - - [12/Dec/2017:14:31:15 +0100] "GET /images/main_block_corner_right_bot.gif HTTP/1.1" 200 158 "http://renault.activities.at/" "Mozilla/5.0 (Windows NT 6.1; WOW64; Trident/7.0; rv:11.0) like Gecko"
212.152.158.195 - - [12/Dec/2017:14:31:15 +0100] "GET /images/header_block_border.gif HTTP/1.1" 200 43 "http://renault.activities.at/" "Mozilla/5.0 (Windows NT 6.1; WOW64; Trident/7.0; rv:11.0) like Gecko"
212.152.158.195 - - [12/Dec/2017:14:31:15 +0100] "GET /images/header_block_corner_left_top.gif HTTP/1.1" 200 160 "http://renault.activities.at/" "Mozilla/5.0 (Windows NT 6.1; WOW64; Trident/7.0; rv:11.0) like Gecko"
212.152.158.195 - - [12/Dec/2017:14:31:15 +0100] "GET /images/main_block_corner_left_top.gif HTTP/1.1" 200 159 "http://renault.activities.at/" "Mozilla/5.0 (Windows NT 6.1; WOW64; Trident/7.0; rv:11.0) like Gecko"
212.152.158.195 - - [12/Dec/2017:14:31:15 +0100] "GET /images/header_block_corner_right_top.gif HTTP/1.1" 200 160 "http://renault.activities.at/" "Mozilla/5.0 (Windows NT 6.1; WOW64; Trident/7.0; rv:11.0) like Gecko"
212.152.158.195 - - [12/Dec/2017:14:31:15 +0100] "GET /images/main_block_corner_right_top.gif HTTP/1.1" 200 159 "http://renault.activities.at/" "Mozilla/5.0 (Windows NT 6.1; WOW64; Trident/7.0; rv:11.0) like Gecko"
212.152.158.195 - - [12/Dec/2017:14:31:15 +0100] "GET /images/title_border_top.jpg HTTP/1.1" 200 336 "http://renault.activities.at/" "Mozilla/5.0 (Windows NT 6.1; WOW64; Trident/7.0; rv:11.0) like Gecko"
212.152.158.195 - - [12/Dec/2017:14:31:15 +0100] "GET /images/title_corner_right_top.jpg HTTP/1.1" 200 389 "http://renault.activities.at/" "Mozilla/5.0 (Windows NT 6.1; WOW64; Trident/7.0; rv:11.0) like Gecko"
212.152.158.195 - - [12/Dec/2017:14:31:15 +0100] "GET /images/title_border.jpg HTTP/1.1" 200 304 "http://renault.activities.at/" "Mozilla/5.0 (Windows NT 6.1; WOW64; Trident/7.0; rv:11.0) like Gecko"
212.152.158.195 - - [12/Dec/2017:14:31:15 +0100] "GET /images/title_corner_left_top.jpg HTTP/1.1" 200 372 "http://renault.activities.at/" "Mozilla/5.0 (Windows NT 6.1; WOW64; Trident/7.0; rv:11.0) like Gecko"
212.152.158.195 - - [12/Dec/2017:14:31:15 +0100] "GET /loadthumbnail.php?id=11127982 HTTP/1.1" 200 399614 "http://renault.activities.at/" "Mozilla/5.0 (Windows NT 6.1; WOW64; Trident/7.0; rv:11.0) like Gecko"
88.116.10.164 - - [12/Dec/2017:14:31:15 +0100] "GET /reload?ser=1513085475536 HTTP/1.1" 200 28 "http://renault.activities.at/result?searchterm=true&search=REN95058" "Mozilla/5.0 (Windows NT 6.1; WOW64; Trident/7.0; rv:11.0) like Gecko"
80.80.251.48 - - [12/Dec/2017:14:31:24 +0100] "GET /reload?ser=1513085484468 HTTP/1.1" 200 1246 "http://renault.activities.at/result?searchterm=true&search=name" "Mozilla/5.0 (Windows NT 10.0; WOW64; Trident/7.0; Touch; rv:11.0) like Gecko"
212.152.158.195 - - [12/Dec/2017:14:31:54 +0100] "GET /login HTTP/1.1" 200 2086 "http://renault.activities.at/" "Mozilla/5.0 (Windows NT 6.1; WOW64; Trident/7.0; rv:11.0) like Gecko"
212.152.158.195 - - [12/Dec/2017:14:31:55 +0100] "GET /images/button_left_bg.gif HTTP/1.1" 200 564 "http://renault.activities.at/login" "Mozilla/5.0 (Windows NT 6.1; WOW64; Trident/7.0; rv:11.0) like Gecko"
212.152.158.195 - - [12/Dec/2017:14:31:55 +0100] "GET /images/button_right_bg.gif HTTP/1.1" 200 561 "http://renault.activities.at/login" "Mozilla/5.0 (Windows NT 6.1; WOW64; Trident/7.0; rv:11.0) like Gecko"
212.152.158.195 - - [12/Dec/2017:14:31:55 +0100] "GET /images/button_bg.gif HTTP/1.1" 200 151 "http://renault.activities.at/login" "Mozilla/5.0 (Windows NT 6.1; WOW64; Trident/7.0; rv:11.0) like Gecko"
212.152.158.195 - - [12/Dec/2017:14:31:55 +0100] "GET /images/favicon.ico HTTP/1.1" 404 305 "-" "Mozilla/5.0 (Windows NT 6.1; WOW64; Trident/7.0; rv:11.0) like Gecko"
212.152.158.195 - - [12/Dec/2017:14:31:55 +0100] "GET /favicon.ico HTTP/1.1" 200 3250 "-" "Mozilla/5.0 (Windows NT 6.1; WOW64; Trident/7.0; rv:11.0) like Gecko"
80.120.5.131 - - [12/Dec/2017:14:31:56 +0100] "GET /reload?ser=1513085516012 HTTP/1.1" 200 28 "http://renault.activities.at/login" "Mozilla/5.0 (Windows NT 6.1; WOW64; Trident/7.0; rv:11.0) like Gecko"
212.152.158.195 - - [12/Dec/2017:14:32:03 +0100] "POST /login HTTP/1.1" 200 2146 "http://renault.activities.at/login" "Mozilla/5.0 (Windows NT 6.1; WOW64; Trident/7.0; rv:11.0) like Gecko"
212.152.158.195 - - [12/Dec/2017:14:32:05 +0100] "GET /images/error_msg_icon.gif HTTP/1.1" 200 1013 "http://renault.activities.at/login" "Mozilla/5.0 (Windows NT 6.1; WOW64; Trident/7.0; rv:11.0) like Gecko"
212.152.158.195 - - [12/Dec/2017:14:32:05 +0100] "GET /favicon.ico HTTP/1.1" 200 3250 "-" "Mozilla/5.0 (Windows NT 6.1; WOW64; Trident/7.0; rv:11.0) like Gecko"
212.152.158.195 - - [12/Dec/2017:14:32:09 +0100] "POST /login HTTP/1.1" 302 140 "http://renault.activities.at/login" "Mozilla/5.0 (Windows NT 6.1; WOW64; Trident/7.0; rv:11.0) like Gecko"
212.152.158.195 - - [12/Dec/2017:14:32:14 +0100] "GET /account HTTP/1.1" 200 5955 "http://renault.activities.at/login" "Mozilla/5.0 (Windows NT 6.1; WOW64; Trident/7.0; rv:11.0) like Gecko"
212.152.158.195 - - [12/Dec/2017:14:32:17 +0100] "GET /js/account.js HTTP/1.1" 200 953 "http://renault.activities.at/account" "Mozilla/5.0 (Windows NT 6.1; WOW64; Trident/7.0; rv:11.0) like Gecko"
88.116.10.164 - - [12/Dec/2017:14:32:16 +0100] "GET /reload?ser=1513085536549 HTTP/1.1" 200 28 "http://renault.activities.at/result?searchterm=true&search=REN95058" "Mozilla/5.0 (Windows NT 6.1; WOW64; Trident/7.0; rv:11.0) like Gecko"
212.152.158.195 - - [12/Dec/2017:14:32:17 +0100] "GET /images/search_bg.gif HTTP/1.1" 200 1726 "http://renault.activities.at/account" "Mozilla/5.0 (Windows NT 6.1; WOW64; Trident/7.0; rv:11.0) like Gecko"
212.152.158.195 - - [12/Dec/2017:14:32:17 +0100] "GET /images/sidebar_title_border_top.gif HTTP/1.1" 200 155 "http://renault.activities.at/account" "Mozilla/5.0 (Windows NT 6.1; WOW64; Trident/7.0; rv:11.0) like Gecko"
212.152.158.195 - - [12/Dec/2017:14:32:17 +0100] "GET /images/sidebar_title_border.gif HTTP/1.1" 200 43 "http://renault.activities.at/account" "Mozilla/5.0 (Windows NT 6.1; WOW64; Trident/7.0; rv:11.0) like Gecko"
212.152.158.195 - - [12/Dec/2017:14:32:17 +0100] "GET /images/menu_button_bg.jpg HTTP/1.1" 200 322 "http://renault.activities.at/account" "Mozilla/5.0 (Windows NT 6.1; WOW64; Trident/7.0; rv:11.0) like Gecko"
212.152.158.195 - - [12/Dec/2017:14:32:17 +0100] "GET /images/nav_divider.gif HTTP/1.1" 200 43 "http://renault.activities.at/account" "Mozilla/5.0 (Windows NT 6.1; WOW64; Trident/7.0; rv:11.0) like Gecko"
212.152.158.195 - - [12/Dec/2017:14:32:17 +0100] "GET /images/top_links_divider.gif HTTP/1.1" 200 44 "http://renault.activities.at/account" "Mozilla/5.0 (Windows NT 6.1; WOW64; Trident/7.0; rv:11.0) like Gecko"
212.152.158.195 - - [12/Dec/2017:14:32:17 +0100] "GET /images/menu_divider.gif HTTP/1.1" 200 176 "http://renault.activities.at/account" "Mozilla/5.0 (Windows NT 6.1; WOW64; Trident/7.0; rv:11.0) like Gecko"
212.152.158.195 - - [12/Dec/2017:14:32:17 +0100] "GET /images/sidebar_title_corner_left_top.gif HTTP/1.1" 200 1124 "http://renault.activities.at/account" "Mozilla/5.0 (Windows NT 6.1; WOW64; Trident/7.0; rv:11.0) like Gecko"
212.152.158.195 - - [12/Dec/2017:14:32:17 +0100] "GET /images/sidebar_title_corner_right_top.gif HTTP/1.1" 200 383 "http://renault.activities.at/account" "Mozilla/5.0 (Windows NT 6.1; WOW64; Trident/7.0; rv:11.0) like Gecko"
212.152.158.195 - - [12/Dec/2017:14:32:17 +0100] "GET /images/footer_divider.gif HTTP/1.1" 200 44 "http://renault.activities.at/account" "Mozilla/5.0 (Windows NT 6.1; WOW64; Trident/7.0; rv:11.0) like Gecko"
212.152.158.195 - - [12/Dec/2017:14:32:17 +0100] "GET /loadthumbnail.php?id=11324763&width=50&height=50 HTTP/1.1" 200 1289 "http://renault.activities.at/account" "Mozilla/5.0 (Windows NT 6.1; WOW64; Trident/7.0; rv:11.0) like Gecko"
80.80.251.48 - - [12/Dec/2017:14:32:24 +0100] "GET /reload?ser=1513085544622 HTTP/1.1" 200 1248 "http://renault.activities.at/result?searchterm=true&search=name" "Mozilla/5.0 (Windows NT 10.0; WOW64; Trident/7.0; Touch; rv:11.0) like Gecko"
212.152.158.195 - - [12/Dec/2017:14:32:26 +0100] "GET /11660876 HTTP/1.1" 200 5652 "http://renault.activities.at/account" "Mozilla/5.0 (Windows NT 6.1; WOW64; Trident/7.0; rv:11.0) like Gecko"
212.152.158.195 - - [12/Dec/2017:14:32:29 +0100] "GET /images/pager_bg.gif HTTP/1.1" 200 150 "http://renault.activities.at/11660876" "Mozilla/5.0 (Windows NT 6.1; WOW64; Trident/7.0; rv:11.0) like Gecko"
212.152.158.195 - - [12/Dec/2017:14:32:39 +0100] "GET /result?searchterm=true&search=checkbl%F6cke HTTP/1.1" 200 4568 "http://renault.activities.at/11660876" "Mozilla/5.0 (Windows NT 6.1; WOW64; Trident/7.0; rv:11.0) like Gecko"
212.152.158.195 - - [12/Dec/2017:14:32:41 +0100] "GET /js/prototip.js HTTP/1.1" 200 4588 "http://renault.activities.at/result?searchterm=true&search=checkbl%F6cke" "Mozilla/5.0 (Windows NT 6.1; WOW64; Trident/7.0; rv:11.0) like Gecko"
212.152.158.195 - - [12/Dec/2017:14:32:41 +0100] "GET /js/ProduktGrp.js HTTP/1.1" 200 1569 "http://renault.activities.at/result?searchterm=true&search=checkbl%F6cke" "Mozilla/5.0 (Windows NT 6.1; WOW64; Trident/7.0; rv:11.0) like Gecko"
212.152.158.195 - - [12/Dec/2017:14:32:41 +0100] "GET /images/loading.gif HTTP/1.1" 200 3208 "http://renault.activities.at/result?searchterm=true&search=checkbl%F6cke" "Mozilla/5.0 (Windows NT 6.1; WOW64; Trident/7.0; rv:11.0) like Gecko"
212.152.158.195 - - [12/Dec/2017:14:32:41 +0100] "GET /images/note_msg_icon.gif HTTP/1.1" 200 1022 "http://renault.activities.at/result?searchterm=true&search=checkbl%F6cke" "Mozilla/5.0 (Windows NT 6.1; WOW64; Trident/7.0; rv:11.0) like Gecko"
212.152.158.195 - - [12/Dec/2017:14:32:39 +0100] "POST /axjaxrequest?mode=suggest HTTP/1.1" 200 21 "http://renault.activities.at/11660876" "Mozilla/5.0 (Windows NT 6.1; WOW64; Trident/7.0; rv:11.0) like Gecko"
212.152.158.195 - - [12/Dec/2017:14:32:42 +0100] "GET /11660876 HTTP/1.1" 200 5674 "http://renault.activities.at/account" "Mozilla/5.0 (Windows NT 6.1; WOW64; Trident/7.0; rv:11.0) like Gecko"
212.152.158.195 - - [12/Dec/2017:14:32:42 +0100] "GET /account HTTP/1.1" 200 5955 "http://renault.activities.at/login" "Mozilla/5.0 (Windows NT 6.1; WOW64; Trident/7.0; rv:11.0) like Gecko"
212.152.158.195 - - [12/Dec/2017:14:32:46 +0100] "GET /result?searchterm=true&search=checkblock HTTP/1.1" 200 6016 "http://renault.activities.at/result?searchterm=true&search=checkbl%F6cke" "Mozilla/5.0 (Windows NT 6.1; WOW64; Trident/7.0; rv:11.0) like Gecko"
212.152.158.195 - - [12/Dec/2017:14:32:49 +0100] "GET /images/vista-up.gif HTTP/1.1" 200 131 "http://renault.activities.at/result?searchterm=true&search=checkblock" "Mozilla/5.0 (Windows NT 6.1; WOW64; Trident/7.0; rv:11.0) like Gecko"
212.152.158.195 - - [12/Dec/2017:14:32:49 +0100] "GET /images/vista-dn.gif HTTP/1.1" 200 128 "http://renault.activities.at/result?searchterm=true&search=checkblock" "Mozilla/5.0 (Windows NT 6.1; WOW64; Trident/7.0; rv:11.0) like Gecko"
212.152.158.195 - - [12/Dec/2017:14:32:49 +0100] "GET /images/validation_advice_bg.gif HTTP/1.1" 200 134 "http://renault.activities.at/result?searchterm=true&search=checkblock" "Mozilla/5.0 (Windows NT 6.1; WOW64; Trident/7.0; rv:11.0) like Gecko"
212.152.158.195 - - [12/Dec/2017:14:32:49 +0100] "GET /loadthumbnail.php?id=10203255 HTTP/1.1" 200 137 "http://renault.activities.at/result?searchterm=true&search=checkblock" "Mozilla/5.0 (Windows NT 6.1; WOW64; Trident/7.0; rv:11.0) like Gecko"
212.152.158.195 - - [12/Dec/2017:14:32:49 +0100] "GET /loadthumbnail.php?id=10203650&width=113 HTTP/1.1" 200 2741 "http://renault.activities.at/result?searchterm=true&search=checkblock" "Mozilla/5.0 (Windows NT 6.1; WOW64; Trident/7.0; rv:11.0) like Gecko"
212.152.158.195 - - [12/Dec/2017:14:32:49 +0100] "GET /loadthumbnail.php?id=11615283&width=113 HTTP/1.1" 200 22408 "http://renault.activities.at/result?searchterm=true&search=checkblock" "Mozilla/5.0 (Windows NT 6.1; WOW64; Trident/7.0; rv:11.0) like Gecko"
212.152.158.195 - - [12/Dec/2017:14:32:47 +0100] "POST /axjaxrequest?mode=suggest HTTP/1.1" 200 160 "http://renault.activities.at/result?searchterm=true&search=checkbl%F6cke" "Mozilla/5.0 (Windows NT 6.1; WOW64; Trident/7.0; rv:11.0) like Gecko"
212.152.158.195 - - [12/Dec/2017:14:32:52 +0100] "GET /css/themes/alphacube/frame_right.gif HTTP/1.1" 200 64 "http://renault.activities.at/result?searchterm=true&search=checkblock" "Mozilla/5.0 (Windows NT 6.1; WOW64; Trident/7.0; rv:11.0) like Gecko"
212.152.158.195 - - [12/Dec/2017:14:32:52 +0100] "GET /css/themes/alphacube/top_mid.gif HTTP/1.1" 200 833 "http://renault.activities.at/result?searchterm=true&search=checkblock" "Mozilla/5.0 (Windows NT 6.1; WOW64; Trident/7.0; rv:11.0) like Gecko"
212.152.158.195 - - [12/Dec/2017:14:32:52 +0100] "GET /css/themes/alphacube/frame_left.gif HTTP/1.1" 200 64 "http://renault.activities.at/result?searchterm=true&search=checkblock" "Mozilla/5.0 (Windows NT 6.1; WOW64; Trident/7.0; rv:11.0) like Gecko"
212.152.158.195 - - [12/Dec/2017:14:32:52 +0100] "GET /css/themes/alphacube/bottom_middle.gif HTTP/1.1" 200 44 "http://renault.activities.at/result?searchterm=true&search=checkblock" "Mozilla/5.0 (Windows NT 6.1; WOW64; Trident/7.0; rv:11.0) like Gecko"
212.152.158.195 - - [12/Dec/2017:14:32:52 +0100] "GET /css/themes/alphacube/top_right.gif HTTP/1.1" 200 972 "http://renault.activities.at/result?searchterm=true&search=checkblock" "Mozilla/5.0 (Windows NT 6.1; WOW64; Trident/7.0; rv:11.0) like Gecko"
212.152.158.195 - - [12/Dec/2017:14:32:52 +0100] "GET /css/themes/alphacube/button-close-focus.gif HTTP/1.1" 200 699 "http://renault.activities.at/result?searchterm=true&search=checkblock" "Mozilla/5.0 (Windows NT 6.1; WOW64; Trident/7.0; rv:11.0) like Gecko"
212.152.158.195 - - [12/Dec/2017:14:32:52 +0100] "GET /css/themes/alphacube/bottom_left-c.gif HTTP/1.1" 200 62 "http://renault.activities.at/result?searchterm=true&search=checkblock" "Mozilla/5.0 (Windows NT 6.1; WOW64; Trident/7.0; rv:11.0) like Gecko"
212.152.158.195 - - [12/Dec/2017:14:32:52 +0100] "GET /css/themes/alphacube/top_left.gif HTTP/1.1" 200 973 "http://renault.activities.at/result?searchterm=true&search=checkblock" "Mozilla/5.0 (Windows NT 6.1; WOW64; Trident/7.0; rv:11.0) like Gecko"
212.152.158.195 - - [12/Dec/2017:14:32:52 +0100] "GET /css/themes/alphacube/bottom_right-c.gif HTTP/1.1" 200 62 "http://renault.activities.at/result?searchterm=true&search=checkblock" "Mozilla/5.0 (Windows NT 6.1; WOW64; Trident/7.0; rv:11.0) like Gecko"
212.152.158.195 - - [12/Dec/2017:14:32:52 +0100] "GET /11651824?print=true HTTP/1.1" 200 2592 "http://renault.activities.at/result?searchterm=true&search=checkblock" "Mozilla/5.0 (Windows NT 6.1; WOW64; Trident/7.0; rv:11.0) like Gecko"
212.152.158.195 - - [12/Dec/2017:14:32:55 +0100] "GET /js/magiczoom/magiczoom.css HTTP/1.1" 200 1210 "http://renault.activities.at/11651824?print=true" "Mozilla/5.0 (Windows NT 6.1; WOW64; Trident/7.0; rv:11.0) like Gecko"
212.152.158.195 - - [12/Dec/2017:14:32:55 +0100] "GET /js/Produkt.js HTTP/1.1" 200 852 "http://renault.activities.at/11651824?print=true" "Mozilla/5.0 (Windows NT 6.1; WOW64; Trident/7.0; rv:11.0) like Gecko"
212.152.158.195 - - [12/Dec/2017:14:32:55 +0100] "GET /js/magiczoom/magiczoom.js HTTP/1.1" 200 26397 "http://renault.activities.at/11651824?print=true" "Mozilla/5.0 (Windows NT 6.1; WOW64; Trident/7.0; rv:11.0) like Gecko"
212.152.158.195 - - [12/Dec/2017:14:32:55 +0100] "GET /loadthumbnail.php?id=10203650&width=200 HTTP/1.1" 200 4671 "http://renault.activities.at/11651824?print=true" "Mozilla/5.0 (Windows NT 6.1; WOW64; Trident/7.0; rv:11.0) like Gecko"
80.120.5.131 - - [12/Dec/2017:14:32:56 +0100] "GET /reload?ser=1513085576663 HTTP/1.1" 200 28 "http://renault.activities.at/login" "Mozilla/5.0 (Windows NT 6.1; WOW64; Trident/7.0; rv:11.0) like Gecko"
88.116.10.164 - - [12/Dec/2017:14:33:17 +0100] "GET /reload?ser=1513085597567 HTTP/1.1" 200 28 "http://renault.activities.at/result?searchterm=true&search=REN95058" "Mozilla/5.0 (Windows NT 6.1; WOW64; Trident/7.0; rv:11.0) like Gecko"
80.80.251.48 - - [12/Dec/2017:14:33:24 +0100] "GET /reload?ser=1513085604775 HTTP/1.1" 200 1243 "http://renault.activities.at/result?searchterm=true&search=name" "Mozilla/5.0 (Windows NT 10.0; WOW64; Trident/7.0; Touch; rv:11.0) like Gecko"
212.152.158.195 - - [12/Dec/2017:14:33:49 +0100] "GET /reload?ser=1513086248502 HTTP/1.1" 200 28 "http://renault.activities.at/result?searchterm=true&search=checkblock" "Mozilla/5.0 (Windows NT 6.1; WOW64; Trident/7.0; rv:11.0) like Gecko"
80.120.5.131 - - [12/Dec/2017:14:33:57 +0100] "GET /reload?ser=1513085637299 HTTP/1.1" 200 28 "http://renault.activities.at/login" "Mozilla/5.0 (Windows NT 6.1; WOW64; Trident/7.0; rv:11.0) like Gecko"
212.152.158.195 - - [12/Dec/2017:14:34:06 +0100] "GET /null HTTP/1.1" 200 3613 "http://renault.activities.at/result?searchterm=true&search=checkblock" "Mozilla/5.0 (Windows NT 6.1; WOW64; Trident/7.0; rv:11.0) like Gecko"
212.152.158.195 - - [12/Dec/2017:14:34:07 +0100] "GET /logout HTTP/1.1" 302 140 "http://renault.activities.at/result?searchterm=true&search=checkblock" "Mozilla/5.0 (Windows NT 6.1; WOW64; Trident/7.0; rv:11.0) like Gecko"
212.152.158.195 - - [12/Dec/2017:14:34:08 +0100] "GET /logout HTTP/1.1" 200 1583 "http://renault.activities.at/result?searchterm=true&search=checkblock" "Mozilla/5.0 (Windows NT 6.1; WOW64; Trident/7.0; rv:11.0) like Gecko"
212.152.158.195 - - [12/Dec/2017:14:34:15 +0100] "GET / HTTP/1.1" 200 4051 "http://renault.activities.at/logout" "Mozilla/5.0 (Windows NT 6.1; WOW64; Trident/7.0; rv:11.0) like Gecko"
88.116.10.164 - - [12/Dec/2017:14:34:18 +0100] "GET /reload?ser=1513085658565 HTTP/1.1" 200 28 "http://renault.activities.at/result?searchterm=true&search=REN95058" "Mozilla/5.0 (Windows NT 6.1; WOW64; Trident/7.0; rv:11.0) like Gecko"
80.80.251.48 - - [12/Dec/2017:14:34:24 +0100] "GET /reload?ser=1513085664935 HTTP/1.1" 200 1241 "http://renault.activities.at/result?searchterm=true&search=name" "Mozilla/5.0 (Windows NT 10.0; WOW64; Trident/7.0; Touch; rv:11.0) like Gecko"
80.120.5.131 - - [12/Dec/2017:14:34:57 +0100] "GET /reload?ser=1513085697951 HTTP/1.1" 200 28 "http://renault.activities.at/login" "Mozilla/5.0 (Windows NT 6.1; WOW64; Trident/7.0; rv:11.0) like Gecko"
88.116.10.164 - - [12/Dec/2017:14:35:19 +0100] "GET /reload?ser=1513085719564 HTTP/1.1" 200 28 "http://renault.activities.at/result?searchterm=true&search=REN95058" "Mozilla/5.0 (Windows NT 6.1; WOW64; Trident/7.0; rv:11.0) like Gecko"
80.80.251.48 - - [12/Dec/2017:14:35:25 +0100] "GET /reload?ser=1513085725087 HTTP/1.1" 200 1247 "http://renault.activities.at/result?searchterm=true&search=name" "Mozilla/5.0 (Windows NT 10.0; WOW64; Trident/7.0; Touch; rv:11.0) like Gecko"
80.120.5.131 - - [12/Dec/2017:14:35:58 +0100] "GET /reload?ser=1513085758603 HTTP/1.1" 200 28 "http://renault.activities.at/login" "Mozilla/5.0 (Windows NT 6.1; WOW64; Trident/7.0; rv:11.0) like Gecko"
88.116.10.164 - - [12/Dec/2017:14:36:20 +0100] "GET /reload?ser=1513085780561 HTTP/1.1" 200 28 "http://renault.activities.at/result?searchterm=true&search=REN95058" "Mozilla/5.0 (Windows NT 6.1; WOW64; Trident/7.0; rv:11.0) like Gecko"
80.80.251.48 - - [12/Dec/2017:14:36:25 +0100] "GET /reload?ser=1513085785241 HTTP/1.1" 200 1251 "http://renault.activities.at/result?searchterm=true&search=name" "Mozilla/5.0 (Windows NT 10.0; WOW64; Trident/7.0; Touch; rv:11.0) like Gecko"
80.120.5.131 - - [12/Dec/2017:14:36:59 +0100] "GET /reload?ser=1513085819255 HTTP/1.1" 200 28 "http://renault.activities.at/login" "Mozilla/5.0 (Windows NT 6.1; WOW64; Trident/7.0; rv:11.0) like Gecko"
88.116.10.164 - - [12/Dec/2017:14:37:21 +0100] "GET /reload?ser=1513085841559 HTTP/1.1" 200 28 "http://renault.activities.at/result?searchterm=true&search=REN95058" "Mozilla/5.0 (Windows NT 6.1; WOW64; Trident/7.0; rv:11.0) like Gecko"
80.80.251.48 - - [12/Dec/2017:14:37:25 +0100] "GET /reload?ser=1513085845401 HTTP/1.1" 200 1250 "http://renault.activities.at/result?searchterm=true&search=name" "Mozilla/5.0 (Windows NT 10.0; WOW64; Trident/7.0; Touch; rv:11.0) like Gecko"
80.120.5.131 - - [12/Dec/2017:14:37:59 +0100] "GET /reload?ser=1513085879907 HTTP/1.1" 200 28 "http://renault.activities.at/login" "Mozilla/5.0 (Windows NT 6.1; WOW64; Trident/7.0; rv:11.0) like Gecko"
88.116.10.164 - - [12/Dec/2017:14:38:22 +0100] "GET /reload?ser=1513085902605 HTTP/1.1" 200 28 "http://renault.activities.at/result?searchterm=true&search=REN95058" "Mozilla/5.0 (Windows NT 6.1; WOW64; Trident/7.0; rv:11.0) like Gecko"
80.80.251.48 - - [12/Dec/2017:14:38:25 +0100] "GET /reload?ser=1513085905556 HTTP/1.1" 200 1244 "http://renault.activities.at/result?searchterm=true&search=name" "Mozilla/5.0 (Windows NT 10.0; WOW64; Trident/7.0; Touch; rv:11.0) like Gecko"
80.120.5.131 - - [12/Dec/2017:14:39:00 +0100] "GET /reload?ser=1513085940559 HTTP/1.1" 200 28 "http://renault.activities.at/login" "Mozilla/5.0 (Windows NT 6.1; WOW64; Trident/7.0; rv:11.0) like Gecko"
88.116.10.164 - - [12/Dec/2017:14:39:23 +0100] "GET /reload?ser=1513085963649 HTTP/1.1" 200 28 "http://renault.activities.at/result?searchterm=true&search=REN95058" "Mozilla/5.0 (Windows NT 6.1; WOW64; Trident/7.0; rv:11.0) like Gecko"
80.80.251.48 - - [12/Dec/2017:14:39:25 +0100] "GET /reload?ser=1513085965712 HTTP/1.1" 200 1242 "http://renault.activities.at/result?searchterm=true&search=name" "Mozilla/5.0 (Windows NT 10.0; WOW64; Trident/7.0; Touch; rv:11.0) like Gecko"
80.120.5.131 - - [12/Dec/2017:14:40:01 +0100] "GET /reload?ser=1513086001211 HTTP/1.1" 200 28 "http://renault.activities.at/login" "Mozilla/5.0 (Windows NT 6.1; WOW64; Trident/7.0; rv:11.0) like Gecko"
88.116.10.164 - - [12/Dec/2017:14:40:24 +0100] "GET /reload?ser=1513086024662 HTTP/1.1" 200 28 "http://renault.activities.at/result?searchterm=true&search=REN95058" "Mozilla/5.0 (Windows NT 6.1; WOW64; Trident/7.0; rv:11.0) like Gecko"
80.80.251.48 - - [12/Dec/2017:14:40:25 +0100] "GET /reload?ser=1513086025867 HTTP/1.1" 200 1246 "http://renault.activities.at/result?searchterm=true&search=name" "Mozilla/5.0 (Windows NT 10.0; WOW64; Trident/7.0; Touch; rv:11.0) like Gecko"
80.120.5.131 - - [12/Dec/2017:14:41:01 +0100] "GET /reload?ser=1513086061863 HTTP/1.1" 200 28 "http://renault.activities.at/login" "Mozilla/5.0 (Windows NT 6.1; WOW64; Trident/7.0; rv:11.0) like Gecko"
80.120.5.131 - - [12/Dec/2017:14:41:11 +0100] "GET /10201637 HTTP/1.1" 302 150 "-" "Mozilla/5.0 (Macintosh; Intel Mac OS X 10_12_6) AppleWebKit/604.4.7 (KHTML, like Gecko)"
80.120.5.131 - - [12/Dec/2017:14:41:13 +0100] "GET /login?required=true HTTP/1.1" 200 2086 "-" "Mozilla/5.0 (Macintosh; Intel Mac OS X 10_12_6) AppleWebKit/604.4.7 (KHTML, like Gecko)"
80.120.5.131 - - [12/Dec/2017:14:41:14 +0100] "GET /apple-touch-icon-precomposed.png HTTP/1.1" 200 1559 "-" "Safari/12604.4.7.1.4 CFNetwork/811.7.2 Darwin/16.7.0 (x86_64)"
80.120.5.131 - - [12/Dec/2017:14:41:15 +0100] "GET /apple-touch-icon.png HTTP/1.1" 200 1559 "-" "Safari/12604.4.7.1.4 CFNetwork/811.7.2 Darwin/16.7.0 (x86_64)"
80.120.5.131 - - [12/Dec/2017:14:41:16 +0100] "GET /images/favicon.ico HTTP/1.1" 404 305 "-" "Safari/12604.4.7.1.4 CFNetwork/811.7.2 Darwin/16.7.0 (x86_64)"
80.120.5.131 - - [12/Dec/2017:14:41:16 +0100] "GET /images/favicon.ico HTTP/1.1" 404 305 "-" "Safari/12604.4.7.1.4 CFNetwork/811.7.2 Darwin/16.7.0 (x86_64)"
80.120.5.131 - - [12/Dec/2017:14:41:16 +0100] "GET /favicon.ico HTTP/1.1" 200 3250 "-" "Safari/12604.4.7.1.4 CFNetwork/811.7.2 Darwin/16.7.0 (x86_64)"
80.120.5.131 - - [12/Dec/2017:14:41:16 +0100] "GET /apple-touch-icon-precomposed.png HTTP/1.1" 200 1559 "-" "Safari/12604.4.7.1.4 CFNetwork/811.7.2 Darwin/16.7.0 (x86_64)"
80.120.5.131 - - [12/Dec/2017:14:41:17 +0100] "GET /apple-touch-icon.png HTTP/1.1" 200 1559 "-" "Safari/12604.4.7.1.4 CFNetwork/811.7.2 Darwin/16.7.0 (x86_64)"
80.120.5.131 - - [12/Dec/2017:14:41:18 +0100] "GET /images/favicon.ico HTTP/1.1" 404 305 "-" "Safari/12604.4.7.1.4 CFNetwork/811.7.2 Darwin/16.7.0 (x86_64)"
80.120.5.131 - - [12/Dec/2017:14:41:18 +0100] "GET /images/favicon.ico HTTP/1.1" 404 305 "-" "Safari/12604.4.7.1.4 CFNetwork/811.7.2 Darwin/16.7.0 (x86_64)"
80.120.5.131 - - [12/Dec/2017:14:41:19 +0100] "GET /favicon.ico HTTP/1.1" 200 3250 "-" "Safari/12604.4.7.1.4 CFNetwork/811.7.2 Darwin/16.7.0 (x86_64)"
80.120.5.131 - - [12/Dec/2017:14:41:19 +0100] "GET /10201637 HTTP/1.1" 302 150 "-" "\"Mozilla/5.0 (iPhone; CPU iPhone OS 11_0 like Mac OS X) AppleWebKit/604.1.38 (KHTML, like Gecko) Version/11.0 Mobile/15A372 Safari/604.1\""
80.120.5.131 - - [12/Dec/2017:14:41:19 +0100] "GET /login?required=true HTTP/1.1" 200 2086 "-" "\"Mozilla/5.0 (iPhone; CPU iPhone OS 11_0 like Mac OS X) AppleWebKit/604.1.38 (KHTML, like Gecko) Version/11.0 Mobile/15A372 Safari/604.1\""
80.120.5.131 - - [12/Dec/2017:14:41:20 +0100] "GET /apple-touch-icon-precomposed.png HTTP/1.1" 200 1559 "-" "Safari/12604.4.7.1.4 CFNetwork/811.7.2 Darwin/16.7.0 (x86_64)"
80.120.5.131 - - [12/Dec/2017:14:41:21 +0100] "GET /apple-touch-icon.png HTTP/1.1" 200 1559 "-" "Safari/12604.4.7.1.4 CFNetwork/811.7.2 Darwin/16.7.0 (x86_64)"
80.120.5.131 - - [12/Dec/2017:14:41:22 +0100] "GET /images/favicon.ico HTTP/1.1" 404 305 "-" "Safari/12604.4.7.1.4 CFNetwork/811.7.2 Darwin/16.7.0 (x86_64)"
80.120.5.131 - - [12/Dec/2017:14:41:22 +0100] "GET /images/favicon.ico HTTP/1.1" 404 305 "-" "Safari/12604.4.7.1.4 CFNetwork/811.7.2 Darwin/16.7.0 (x86_64)"
80.120.5.131 - - [12/Dec/2017:14:41:22 +0100] "GET /favicon.ico HTTP/1.1" 200 3250 "-" "Safari/12604.4.7.1.4 CFNetwork/811.7.2 Darwin/16.7.0 (x86_64)"
80.120.5.131 - - [12/Dec/2017:14:41:22 +0100] "GET /apple-touch-icon-precomposed.png HTTP/1.1" 200 1559 "-" "Safari/12604.4.7.1.4 CFNetwork/811.7.2 Darwin/16.7.0 (x86_64)"
80.120.5.131 - - [12/Dec/2017:14:41:23 +0100] "GET /apple-touch-icon.png HTTP/1.1" 200 1559 "-" "Safari/12604.4.7.1.4 CFNetwork/811.7.2 Darwin/16.7.0 (x86_64)"
80.120.5.131 - - [12/Dec/2017:14:41:24 +0100] "GET /images/favicon.ico HTTP/1.1" 404 305 "-" "Safari/12604.4.7.1.4 CFNetwork/811.7.2 Darwin/16.7.0 (x86_64)"
80.120.5.131 - - [12/Dec/2017:14:41:24 +0100] "GET /images/favicon.ico HTTP/1.1" 404 305 "-" "Safari/12604.4.7.1.4 CFNetwork/811.7.2 Darwin/16.7.0 (x86_64)"
80.120.5.131 - - [12/Dec/2017:14:41:25 +0100] "GET /favicon.ico HTTP/1.1" 200 3250 "-" "Safari/12604.4.7.1.4 CFNetwork/811.7.2 Darwin/16.7.0 (x86_64)"
80.80.251.48 - - [12/Dec/2017:14:41:26 +0100] "GET /reload?ser=1513086086025 HTTP/1.1" 200 1246 "http://renault.activities.at/result?searchterm=true&search=name" "Mozilla/5.0 (Windows NT 10.0; WOW64; Trident/7.0; Touch; rv:11.0) like Gecko"
88.116.10.164 - - [12/Dec/2017:14:41:25 +0100] "GET /reload?ser=1513086085692 HTTP/1.1" 200 28 "http://renault.activities.at/result?searchterm=true&search=REN95058" "Mozilla/5.0 (Windows NT 6.1; WOW64; Trident/7.0; rv:11.0) like Gecko"
80.120.5.131 - - [12/Dec/2017:14:42:02 +0100] "GET /reload?ser=1513086122515 HTTP/1.1" 200 28 "http://renault.activities.at/login" "Mozilla/5.0 (Windows NT 6.1; WOW64; Trident/7.0; rv:11.0) like Gecko"
80.80.251.48 - - [12/Dec/2017:14:42:26 +0100] "GET /reload?ser=1513086146186 HTTP/1.1" 200 1250 "http://renault.activities.at/result?searchterm=true&search=name" "Mozilla/5.0 (Windows NT 10.0; WOW64; Trident/7.0; Touch; rv:11.0) like Gecko"
88.116.10.164 - - [12/Dec/2017:14:42:26 +0100] "GET /reload?ser=1513086146659 HTTP/1.1" 200 28 "http://renault.activities.at/result?searchterm=true&search=REN95058" "Mozilla/5.0 (Windows NT 6.1; WOW64; Trident/7.0; rv:11.0) like Gecko"
80.120.5.131 - - [12/Dec/2017:14:43:03 +0100] "GET /reload?ser=1513086183167 HTTP/1.1" 200 28 "http://renault.activities.at/login" "Mozilla/5.0 (Windows NT 6.1; WOW64; Trident/7.0; rv:11.0) like Gecko"
80.80.251.48 - - [12/Dec/2017:14:43:26 +0100] "GET /reload?ser=1513086206341 HTTP/1.1" 200 1245 "http://renault.activities.at/result?searchterm=true&search=name" "Mozilla/5.0 (Windows NT 10.0; WOW64; Trident/7.0; Touch; rv:11.0) like Gecko"
88.116.10.164 - - [12/Dec/2017:14:43:27 +0100] "GET /reload?ser=1513086207689 HTTP/1.1" 200 28 "http://renault.activities.at/result?searchterm=true&search=REN95058" "Mozilla/5.0 (Windows NT 6.1; WOW64; Trident/7.0; rv:11.0) like Gecko"
80.120.5.131 - - [12/Dec/2017:14:44:03 +0100] "GET /reload?ser=1513086243819 HTTP/1.1" 200 28 "http://renault.activities.at/login" "Mozilla/5.0 (Windows NT 6.1; WOW64; Trident/7.0; rv:11.0) like Gecko"
80.80.251.48 - - [12/Dec/2017:14:44:26 +0100] "GET /reload?ser=1513086266495 HTTP/1.1" 200 1244 "http://renault.activities.at/result?searchterm=true&search=name" "Mozilla/5.0 (Windows NT 10.0; WOW64; Trident/7.0; Touch; rv:11.0) like Gecko"
88.116.10.164 - - [12/Dec/2017:14:44:28 +0100] "GET /reload?ser=1513086268719 HTTP/1.1" 200 28 "http://renault.activities.at/result?searchterm=true&search=REN95058" "Mozilla/5.0 (Windows NT 6.1; WOW64; Trident/7.0; rv:11.0) like Gecko"
80.120.5.131 - - [12/Dec/2017:14:45:04 +0100] "GET /reload?ser=1513086304455 HTTP/1.1" 200 28 "http://renault.activities.at/login" "Mozilla/5.0 (Windows NT 6.1; WOW64; Trident/7.0; rv:11.0) like Gecko"
80.80.251.48 - - [12/Dec/2017:14:45:26 +0100] "GET /reload?ser=1513086326655 HTTP/1.1" 200 1245 "http://renault.activities.at/result?searchterm=true&search=name" "Mozilla/5.0 (Windows NT 10.0; WOW64; Trident/7.0; Touch; rv:11.0) like Gecko"
88.116.10.164 - - [12/Dec/2017:14:45:29 +0100] "GET /reload?ser=1513086329790 HTTP/1.1" 200 28 "http://renault.activities.at/result?searchterm=true&search=REN95058" "Mozilla/5.0 (Windows NT 6.1; WOW64; Trident/7.0; rv:11.0) like Gecko"
80.120.5.131 - - [12/Dec/2017:14:46:05 +0100] "GET /reload?ser=1513086365107 HTTP/1.1" 200 28 "http://renault.activities.at/login" "Mozilla/5.0 (Windows NT 6.1; WOW64; Trident/7.0; rv:11.0) like Gecko"
80.80.251.48 - - [12/Dec/2017:14:46:26 +0100] "GET /reload?ser=1513086386810 HTTP/1.1" 200 1242 "http://renault.activities.at/result?searchterm=true&search=name" "Mozilla/5.0 (Windows NT 10.0; WOW64; Trident/7.0; Touch; rv:11.0) like Gecko"
88.116.10.164 - - [12/Dec/2017:14:46:30 +0100] "GET /reload?ser=1513086390818 HTTP/1.1" 200 28 "http://renault.activities.at/result?searchterm=true&search=REN95058" "Mozilla/5.0 (Windows NT 6.1; WOW64; Trident/7.0; rv:11.0) like Gecko"
80.120.5.131 - - [12/Dec/2017:14:47:05 +0100] "GET /reload?ser=1513086425759 HTTP/1.1" 200 28 "http://renault.activities.at/login" "Mozilla/5.0 (Windows NT 6.1; WOW64; Trident/7.0; rv:11.0) like Gecko"
80.80.251.48 - - [12/Dec/2017:14:47:26 +0100] "GET /reload?ser=1513086446964 HTTP/1.1" 200 1240 "http://renault.activities.at/result?searchterm=true&search=name" "Mozilla/5.0 (Windows NT 10.0; WOW64; Trident/7.0; Touch; rv:11.0) like Gecko"
88.116.10.164 - - [12/Dec/2017:14:47:31 +0100] "GET /reload?ser=1513086451863 HTTP/1.1" 200 28 "http://renault.activities.at/result?searchterm=true&search=REN95058" "Mozilla/5.0 (Windows NT 6.1; WOW64; Trident/7.0; rv:11.0) like Gecko"
80.120.5.131 - - [12/Dec/2017:14:48:06 +0100] "GET /reload?ser=1513086486438 HTTP/1.1" 200 28 "http://renault.activities.at/login" "Mozilla/5.0 (Windows NT 6.1; WOW64; Trident/7.0; rv:11.0) like Gecko"
80.80.251.48 - - [12/Dec/2017:14:48:27 +0100] "GET /reload?ser=1513086507115 HTTP/1.1" 200 1245 "http://renault.activities.at/result?searchterm=true&search=name" "Mozilla/5.0 (Windows NT 10.0; WOW64; Trident/7.0; Touch; rv:11.0) like Gecko"
88.116.10.164 - - [12/Dec/2017:14:48:32 +0100] "GET /reload?ser=1513086512861 HTTP/1.1" 200 28 "http://renault.activities.at/result?searchterm=true&search=REN95058" "Mozilla/5.0 (Windows NT 6.1; WOW64; Trident/7.0; rv:11.0) like Gecko"
80.120.5.131 - - [12/Dec/2017:14:49:08 +0100] "GET /reload?ser=1513086548587 HTTP/1.1" 200 28 "http://renault.activities.at/login" "Mozilla/5.0 (Windows NT 6.1; WOW64; Trident/7.0; rv:11.0) like Gecko"
80.80.251.48 - - [12/Dec/2017:14:49:27 +0100] "GET /reload?ser=1513086567270 HTTP/1.1" 200 1247 "http://renault.activities.at/result?searchterm=true&search=name" "Mozilla/5.0 (Windows NT 10.0; WOW64; Trident/7.0; Touch; rv:11.0) like Gecko"
88.116.10.164 - - [12/Dec/2017:14:49:33 +0100] "GET /reload?ser=1513086573907 HTTP/1.1" 200 28 "http://renault.activities.at/result?searchterm=true&search=REN95058" "Mozilla/5.0 (Windows NT 6.1; WOW64; Trident/7.0; rv:11.0) like Gecko"
80.120.5.131 - - [12/Dec/2017:14:50:09 +0100] "GET /reload?ser=1513086609223 HTTP/1.1" 200 28 "http://renault.activities.at/login" "Mozilla/5.0 (Windows NT 6.1; WOW64; Trident/7.0; rv:11.0) like Gecko"
80.80.251.48 - - [12/Dec/2017:14:50:27 +0100] "GET /reload?ser=1513086627425 HTTP/1.1" 200 1250 "http://renault.activities.at/result?searchterm=true&search=name" "Mozilla/5.0 (Windows NT 10.0; WOW64; Trident/7.0; Touch; rv:11.0) like Gecko"
88.116.10.164 - - [12/Dec/2017:14:50:34 +0100] "GET /reload?ser=1513086634937 HTTP/1.1" 200 28 "http://renault.activities.at/result?searchterm=true&search=REN95058" "Mozilla/5.0 (Windows NT 6.1; WOW64; Trident/7.0; rv:11.0) like Gecko"
80.120.5.131 - - [12/Dec/2017:14:51:09 +0100] "GET /reload?ser=1513086669857 HTTP/1.1" 200 28 "http://renault.activities.at/login" "Mozilla/5.0 (Windows NT 6.1; WOW64; Trident/7.0; rv:11.0) like Gecko"
80.80.251.48 - - [12/Dec/2017:14:51:27 +0100] "GET /reload?ser=1513086687588 HTTP/1.1" 200 1249 "http://renault.activities.at/result?searchterm=true&search=name" "Mozilla/5.0 (Windows NT 10.0; WOW64; Trident/7.0; Touch; rv:11.0) like Gecko"
88.116.10.164 - - [12/Dec/2017:14:51:35 +0100] "GET /reload?ser=1513086695936 HTTP/1.1" 200 28 "http://renault.activities.at/result?searchterm=true&search=REN95058" "Mozilla/5.0 (Windows NT 6.1; WOW64; Trident/7.0; rv:11.0) like Gecko"
80.120.5.131 - - [12/Dec/2017:14:52:10 +0100] "GET /reload?ser=1513086730543 HTTP/1.1" 200 28 "http://renault.activities.at/login" "Mozilla/5.0 (Windows NT 6.1; WOW64; Trident/7.0; rv:11.0) like Gecko"
80.80.251.48 - - [12/Dec/2017:14:52:27 +0100] "GET /reload?ser=1513086747747 HTTP/1.1" 200 1245 "http://renault.activities.at/result?searchterm=true&search=name" "Mozilla/5.0 (Windows NT 10.0; WOW64; Trident/7.0; Touch; rv:11.0) like Gecko"
88.116.10.164 - - [12/Dec/2017:14:52:36 +0100] "GET /reload?ser=1513086756949 HTTP/1.1" 200 28 "http://renault.activities.at/result?searchterm=true&search=REN95058" "Mozilla/5.0 (Windows NT 6.1; WOW64; Trident/7.0; rv:11.0) like Gecko"
80.120.5.131 - - [12/Dec/2017:14:53:11 +0100] "GET /reload?ser=1513086791199 HTTP/1.1" 200 28 "http://renault.activities.at/login" "Mozilla/5.0 (Windows NT 6.1; WOW64; Trident/7.0; rv:11.0) like Gecko"
80.80.251.48 - - [12/Dec/2017:14:53:27 +0100] "GET /reload?ser=1513086807909 HTTP/1.1" 200 1250 "http://renault.activities.at/result?searchterm=true&search=name" "Mozilla/5.0 (Windows NT 10.0; WOW64; Trident/7.0; Touch; rv:11.0) like Gecko"
88.116.10.164 - - [12/Dec/2017:14:53:38 +0100] "GET /reload?ser=1513086817993 HTTP/1.1" 200 28 "http://renault.activities.at/result?searchterm=true&search=REN95058" "Mozilla/5.0 (Windows NT 6.1; WOW64; Trident/7.0; rv:11.0) like Gecko"
80.120.5.131 - - [12/Dec/2017:14:54:11 +0100] "GET /reload?ser=1513086851854 HTTP/1.1" 200 28 "http://renault.activities.at/login" "Mozilla/5.0 (Windows NT 6.1; WOW64; Trident/7.0; rv:11.0) like Gecko"
80.80.251.48 - - [12/Dec/2017:14:54:28 +0100] "GET /reload?ser=1513086868064 HTTP/1.1" 200 1245 "http://renault.activities.at/result?searchterm=true&search=name" "Mozilla/5.0 (Windows NT 10.0; WOW64; Trident/7.0; Touch; rv:11.0) like Gecko"
88.116.10.164 - - [12/Dec/2017:14:54:39 +0100] "GET /reload?ser=1513086878992 HTTP/1.1" 200 28 "http://renault.activities.at/result?searchterm=true&search=REN95058" "Mozilla/5.0 (Windows NT 6.1; WOW64; Trident/7.0; rv:11.0) like Gecko"
80.120.5.131 - - [12/Dec/2017:14:55:12 +0100] "GET /reload?ser=1513086912502 HTTP/1.1" 200 28 "http://renault.activities.at/login" "Mozilla/5.0 (Windows NT 6.1; WOW64; Trident/7.0; rv:11.0) like Gecko"
80.80.251.48 - - [12/Dec/2017:14:55:28 +0100] "GET /reload?ser=1513086928218 HTTP/1.1" 200 1253 "http://renault.activities.at/result?searchterm=true&search=name" "Mozilla/5.0 (Windows NT 10.0; WOW64; Trident/7.0; Touch; rv:11.0) like Gecko"
88.116.10.164 - - [12/Dec/2017:14:55:40 +0100] "GET /reload?ser=1513086940021 HTTP/1.1" 200 28 "http://renault.activities.at/result?searchterm=true&search=REN95058" "Mozilla/5.0 (Windows NT 6.1; WOW64; Trident/7.0; rv:11.0) like Gecko"
80.120.5.131 - - [12/Dec/2017:14:56:13 +0100] "GET /reload?ser=1513086973123 HTTP/1.1" 200 28 "http://renault.activities.at/login" "Mozilla/5.0 (Windows NT 6.1; WOW64; Trident/7.0; rv:11.0) like Gecko"
80.80.251.48 - - [12/Dec/2017:14:56:28 +0100] "GET /reload?ser=1513086988379 HTTP/1.1" 200 1243 "http://renault.activities.at/result?searchterm=true&search=name" "Mozilla/5.0 (Windows NT 10.0; WOW64; Trident/7.0; Touch; rv:11.0) like Gecko"
88.116.10.164 - - [12/Dec/2017:14:56:41 +0100] "GET /reload?ser=1513087001066 HTTP/1.1" 200 28 "http://renault.activities.at/result?searchterm=true&search=REN95058" "Mozilla/5.0 (Windows NT 6.1; WOW64; Trident/7.0; rv:11.0) like Gecko"
80.120.5.131 - - [12/Dec/2017:14:57:13 +0100] "GET /reload?ser=1513087033764 HTTP/1.1" 200 28 "http://renault.activities.at/login" "Mozilla/5.0 (Windows NT 6.1; WOW64; Trident/7.0; rv:11.0) like Gecko"
80.80.251.48 - - [12/Dec/2017:14:57:28 +0100] "GET /reload?ser=1513087048533 HTTP/1.1" 200 1241 "http://renault.activities.at/result?searchterm=true&search=name" "Mozilla/5.0 (Windows NT 10.0; WOW64; Trident/7.0; Touch; rv:11.0) like Gecko"
88.116.10.164 - - [12/Dec/2017:14:57:42 +0100] "GET /reload?ser=1513087062141 HTTP/1.1" 200 28 "http://renault.activities.at/result?searchterm=true&search=REN95058" "Mozilla/5.0 (Windows NT 6.1; WOW64; Trident/7.0; rv:11.0) like Gecko"
80.120.5.131 - - [12/Dec/2017:14:58:14 +0100] "GET /reload?ser=1513087094415 HTTP/1.1" 200 28 "http://renault.activities.at/login" "Mozilla/5.0 (Windows NT 6.1; WOW64; Trident/7.0; rv:11.0) like Gecko"
80.80.251.48 - - [12/Dec/2017:14:58:28 +0100] "GET /reload?ser=1513087108662 HTTP/1.1" 200 1242 "http://renault.activities.at/result?searchterm=true&search=name" "Mozilla/5.0 (Windows NT 10.0; WOW64; Trident/7.0; Touch; rv:11.0) like Gecko"
88.116.10.164 - - [12/Dec/2017:14:58:43 +0100] "GET /reload?ser=1513087123155 HTTP/1.1" 200 28 "http://renault.activities.at/result?searchterm=true&search=REN95058" "Mozilla/5.0 (Windows NT 6.1; WOW64; Trident/7.0; rv:11.0) like Gecko"
