193.194.132.79 - - [12/Dec/2017:11:22:22 +0100] "GET /reload?ser=1513074142598 HTTP/1.1" 200 28 "http://renault.2web.at/account?loadrequest=true" "Mozilla/5.0 (Windows NT 6.1; WOW64; Trident/7.0; rv:11.0) like Gecko"
80.80.251.48 - - [12/Dec/2017:11:22:54 +0100] "GET /reload?ser=1513074174752 HTTP/1.1" 200 28 "http://renault.activities.at/result?searchterm=true&search=name" "Mozilla/5.0 (Windows NT 10.0; WOW64; Trident/7.0; Touch; rv:11.0) like Gecko"
80.120.148.242 - - [12/Dec/2017:11:23:15 +0100] "GET /reload?ser=1513074195916 HTTP/1.1" 200 28 "http://renault.activities.at/cart?noamount=true" "Mozilla/5.0 (Windows NT 6.1; WOW64; Trident/7.0; (gmx/1.4.0.0); rv:11.0) like Gecko"
88.116.10.164 - - [12/Dec/2017:11:23:18 +0100] "GET /reload?ser=1513074198012 HTTP/1.1" 200 28 "http://renault.activities.at/10201636" "Mozilla/5.0 (Windows NT 6.1; WOW64; Trident/7.0; rv:11.0) like Gecko"
91.113.144.26 - - [12/Dec/2017:11:23:21 +0100] "GET /reload?ser=1513074201883 HTTP/1.1" 200 28 "http://renault.activities.at/" "Mozilla/5.0 (Windows NT 6.3; WOW64; Trident/7.0; rv:11.0) like Gecko"
193.194.132.79 - - [12/Dec/2017:11:23:23 +0100] "GET /reload?ser=1513074203693 HTTP/1.1" 200 28 "http://renault.2web.at/account?loadrequest=true" "Mozilla/5.0 (Windows NT 6.1; WOW64; Trident/7.0; rv:11.0) like Gecko"
80.80.251.48 - - [12/Dec/2017:11:23:55 +0100] "GET /reload?ser=1513074235713 HTTP/1.1" 200 28 "http://renault.activities.at/result?searchterm=true&search=name" "Mozilla/5.0 (Windows NT 10.0; WOW64; Trident/7.0; Touch; rv:11.0) like Gecko"
80.120.148.242 - - [12/Dec/2017:11:24:16 +0100] "GET /reload?ser=1513074256882 HTTP/1.1" 200 28 "http://renault.activities.at/cart?noamount=true" "Mozilla/5.0 (Windows NT 6.1; WOW64; Trident/7.0; (gmx/1.4.0.0); rv:11.0) like Gecko"
88.116.10.164 - - [12/Dec/2017:11:24:19 +0100] "GET /reload?ser=1513074259025 HTTP/1.1" 200 28 "http://renault.activities.at/10201636" "Mozilla/5.0 (Windows NT 6.1; WOW64; Trident/7.0; rv:11.0) like Gecko"
91.113.144.26 - - [12/Dec/2017:11:24:22 +0100] "GET /reload?ser=1513074262539 HTTP/1.1" 200 28 "http://renault.activities.at/" "Mozilla/5.0 (Windows NT 6.3; WOW64; Trident/7.0; rv:11.0) like Gecko"
193.194.132.79 - - [12/Dec/2017:11:24:24 +0100] "GET /reload?ser=1513074264772 HTTP/1.1" 200 28 "http://renault.2web.at/account?loadrequest=true" "Mozilla/5.0 (Windows NT 6.1; WOW64; Trident/7.0; rv:11.0) like Gecko"
80.80.251.48 - - [12/Dec/2017:11:24:56 +0100] "GET /reload?ser=1513074296714 HTTP/1.1" 200 28 "http://renault.activities.at/result?searchterm=true&search=name" "Mozilla/5.0 (Windows NT 10.0; WOW64; Trident/7.0; Touch; rv:11.0) like Gecko"
80.120.148.242 - - [12/Dec/2017:11:25:17 +0100] "GET /reload?ser=1513074317849 HTTP/1.1" 200 28 "http://renault.activities.at/cart?noamount=true" "Mozilla/5.0 (Windows NT 6.1; WOW64; Trident/7.0; (gmx/1.4.0.0); rv:11.0) like Gecko"
88.116.10.164 - - [12/Dec/2017:11:25:20 +0100] "GET /reload?ser=1513074320023 HTTP/1.1" 200 28 "http://renault.activities.at/10201636" "Mozilla/5.0 (Windows NT 6.1; WOW64; Trident/7.0; rv:11.0) like Gecko"
91.113.144.26 - - [12/Dec/2017:11:25:23 +0100] "GET /reload?ser=1513074323194 HTTP/1.1" 200 28 "http://renault.activities.at/" "Mozilla/5.0 (Windows NT 6.3; WOW64; Trident/7.0; rv:11.0) like Gecko"
193.194.132.79 - - [12/Dec/2017:11:25:25 +0100] "GET /reload?ser=1513074325858 HTTP/1.1" 200 28 "http://renault.2web.at/account?loadrequest=true" "Mozilla/5.0 (Windows NT 6.1; WOW64; Trident/7.0; rv:11.0) like Gecko"
80.80.251.48 - - [12/Dec/2017:11:26:00 +0100] "GET /reload?ser=1513074360716 HTTP/1.1" 200 28 "http://renault.activities.at/result?searchterm=true&search=name" "Mozilla/5.0 (Windows NT 10.0; WOW64; Trident/7.0; Touch; rv:11.0) like Gecko"
80.120.148.242 - - [12/Dec/2017:11:26:18 +0100] "GET /reload?ser=1513074378826 HTTP/1.1" 200 28 "http://renault.activities.at/cart?noamount=true" "Mozilla/5.0 (Windows NT 6.1; WOW64; Trident/7.0; (gmx/1.4.0.0); rv:11.0) like Gecko"
88.116.10.164 - - [12/Dec/2017:11:26:21 +0100] "GET /reload?ser=1513074381081 HTTP/1.1" 200 28 "http://renault.activities.at/10201636" "Mozilla/5.0 (Windows NT 6.1; WOW64; Trident/7.0; rv:11.0) like Gecko"
91.113.144.26 - - [12/Dec/2017:11:26:23 +0100] "GET /reload?ser=1513074383866 HTTP/1.1" 200 28 "http://renault.activities.at/" "Mozilla/5.0 (Windows NT 6.3; WOW64; Trident/7.0; rv:11.0) like Gecko"
193.194.132.79 - - [12/Dec/2017:11:26:27 +0100] "GET /reload?ser=1513074386950 HTTP/1.1" 200 28 "http://renault.2web.at/account?loadrequest=true" "Mozilla/5.0 (Windows NT 6.1; WOW64; Trident/7.0; rv:11.0) like Gecko"
80.80.251.48 - - [12/Dec/2017:11:27:01 +0100] "GET /reload?ser=1513074421711 HTTP/1.1" 200 28 "http://renault.activities.at/result?searchterm=true&search=name" "Mozilla/5.0 (Windows NT 10.0; WOW64; Trident/7.0; Touch; rv:11.0) like Gecko"
80.120.148.242 - - [12/Dec/2017:11:27:19 +0100] "GET /reload?ser=1513074439796 HTTP/1.1" 200 28 "http://renault.activities.at/cart?noamount=true" "Mozilla/5.0 (Windows NT 6.1; WOW64; Trident/7.0; (gmx/1.4.0.0); rv:11.0) like Gecko"
88.116.10.164 - - [12/Dec/2017:11:27:22 +0100] "GET /reload?ser=1513074442094 HTTP/1.1" 200 28 "http://renault.activities.at/10201636" "Mozilla/5.0 (Windows NT 6.1; WOW64; Trident/7.0; rv:11.0) like Gecko"
91.113.144.26 - - [12/Dec/2017:11:27:24 +0100] "GET /reload?ser=1513074444522 HTTP/1.1" 200 28 "http://renault.activities.at/" "Mozilla/5.0 (Windows NT 6.3; WOW64; Trident/7.0; rv:11.0) like Gecko"
193.194.132.79 - - [12/Dec/2017:11:27:28 +0100] "GET /reload?ser=1513074448072 HTTP/1.1" 200 28 "http://renault.2web.at/account?loadrequest=true" "Mozilla/5.0 (Windows NT 6.1; WOW64; Trident/7.0; rv:11.0) like Gecko"
80.80.251.48 - - [12/Dec/2017:11:28:02 +0100] "GET /reload?ser=1513074482664 HTTP/1.1" 200 28 "http://renault.activities.at/result?searchterm=true&search=name" "Mozilla/5.0 (Windows NT 10.0; WOW64; Trident/7.0; Touch; rv:11.0) like Gecko"
80.120.148.242 - - [12/Dec/2017:11:28:20 +0100] "GET /reload?ser=1513074500750 HTTP/1.1" 200 28 "http://renault.activities.at/cart?noamount=true" "Mozilla/5.0 (Windows NT 6.1; WOW64; Trident/7.0; (gmx/1.4.0.0); rv:11.0) like Gecko"
88.116.10.164 - - [12/Dec/2017:11:28:23 +0100] "GET /reload?ser=1513074503091 HTTP/1.1" 200 28 "http://renault.activities.at/10201636" "Mozilla/5.0 (Windows NT 6.1; WOW64; Trident/7.0; rv:11.0) like Gecko"
91.113.144.26 - - [12/Dec/2017:11:28:25 +0100] "GET /reload?ser=1513074505163 HTTP/1.1" 200 28 "http://renault.activities.at/" "Mozilla/5.0 (Windows NT 6.3; WOW64; Trident/7.0; rv:11.0) like Gecko"
193.194.132.79 - - [12/Dec/2017:11:28:29 +0100] "GET /reload?ser=1513074509138 HTTP/1.1" 200 28 "http://renault.2web.at/account?loadrequest=true" "Mozilla/5.0 (Windows NT 6.1; WOW64; Trident/7.0; rv:11.0) like Gecko"
80.80.251.48 - - [12/Dec/2017:11:29:03 +0100] "GET /reload?ser=1513074543667 HTTP/1.1" 200 28 "http://renault.activities.at/result?searchterm=true&search=name" "Mozilla/5.0 (Windows NT 10.0; WOW64; Trident/7.0; Touch; rv:11.0) like Gecko"
80.120.148.242 - - [12/Dec/2017:11:29:21 +0100] "GET /reload?ser=1513074561751 HTTP/1.1" 200 28 "http://renault.activities.at/cart?noamount=true" "Mozilla/5.0 (Windows NT 6.1; WOW64; Trident/7.0; (gmx/1.4.0.0); rv:11.0) like Gecko"
88.116.10.164 - - [12/Dec/2017:11:29:24 +0100] "GET /reload?ser=1513074564119 HTTP/1.1" 200 28 "http://renault.activities.at/10201636" "Mozilla/5.0 (Windows NT 6.1; WOW64; Trident/7.0; rv:11.0) like Gecko"
91.113.144.26 - - [12/Dec/2017:11:29:25 +0100] "GET /reload?ser=1513074565819 HTTP/1.1" 200 28 "http://renault.activities.at/" "Mozilla/5.0 (Windows NT 6.3; WOW64; Trident/7.0; rv:11.0) like Gecko"
193.194.132.79 - - [12/Dec/2017:11:29:30 +0100] "GET /reload?ser=1513074570307 HTTP/1.1" 200 28 "http://renault.2web.at/account?loadrequest=true" "Mozilla/5.0 (Windows NT 6.1; WOW64; Trident/7.0; rv:11.0) like Gecko"
80.80.251.48 - - [12/Dec/2017:11:29:43 +0100] "POST /axjaxrequest?mode=suggest HTTP/1.1" 200 149 "http://renault.activities.at/result?searchterm=true&search=name" "Mozilla/5.0 (Windows NT 10.0; WOW64; Trident/7.0; Touch; rv:11.0) like Gecko"
80.80.251.48 - - [12/Dec/2017:11:29:44 +0100] "GET /result?searchterm=true&search=tisch HTTP/1.1" 200 6403 "http://renault.activities.at/result?searchterm=true&search=name" "Mozilla/5.0 (Windows NT 10.0; WOW64; Trident/7.0; Touch; rv:11.0) like Gecko"
80.80.251.48 - - [12/Dec/2017:11:29:47 +0100] "GET /js/default.js HTTP/1.1" 304 - "http://renault.activities.at/result?searchterm=true&search=tisch" "Mozilla/5.0 (Windows NT 10.0; WOW64; Trident/7.0; Touch; rv:11.0) like Gecko"
80.80.251.48 - - [12/Dec/2017:11:29:47 +0100] "GET /css/styles.css HTTP/1.1" 304 - "http://renault.activities.at/result?searchterm=true&search=tisch" "Mozilla/5.0 (Windows NT 10.0; WOW64; Trident/7.0; Touch; rv:11.0) like Gecko"
80.80.251.48 - - [12/Dec/2017:11:29:47 +0100] "GET /js/prototip.js HTTP/1.1" 304 - "http://renault.activities.at/result?searchterm=true&search=tisch" "Mozilla/5.0 (Windows NT 10.0; WOW64; Trident/7.0; Touch; rv:11.0) like Gecko"
80.80.251.48 - - [12/Dec/2017:11:29:47 +0100] "GET /css/reset.css HTTP/1.1" 304 - "http://renault.activities.at/result?searchterm=true&search=tisch" "Mozilla/5.0 (Windows NT 10.0; WOW64; Trident/7.0; Touch; rv:11.0) like Gecko"
80.80.251.48 - - [12/Dec/2017:11:29:47 +0100] "GET /css/print.css HTTP/1.1" 304 - "http://renault.activities.at/result?searchterm=true&search=tisch" "Mozilla/5.0 (Windows NT 10.0; WOW64; Trident/7.0; Touch; rv:11.0) like Gecko"
80.80.251.48 - - [12/Dec/2017:11:29:47 +0100] "GET /css/clears.css HTTP/1.1" 304 - "http://renault.activities.at/result?searchterm=true&search=tisch" "Mozilla/5.0 (Windows NT 10.0; WOW64; Trident/7.0; Touch; rv:11.0) like Gecko"
80.80.251.48 - - [12/Dec/2017:11:29:47 +0100] "GET /js/checkout.css HTTP/1.1" 304 - "http://renault.activities.at/result?searchterm=true&search=tisch" "Mozilla/5.0 (Windows NT 10.0; WOW64; Trident/7.0; Touch; rv:11.0) like Gecko"
80.80.251.48 - - [12/Dec/2017:11:29:47 +0100] "GET /css/themes/default.css HTTP/1.1" 304 - "http://renault.activities.at/result?searchterm=true&search=tisch" "Mozilla/5.0 (Windows NT 10.0; WOW64; Trident/7.0; Touch; rv:11.0) like Gecko"
80.80.251.48 - - [12/Dec/2017:11:29:47 +0100] "GET /css/prototip.css HTTP/1.1" 304 - "http://renault.activities.at/result?searchterm=true&search=tisch" "Mozilla/5.0 (Windows NT 10.0; WOW64; Trident/7.0; Touch; rv:11.0) like Gecko"
80.80.251.48 - - [12/Dec/2017:11:29:47 +0100] "GET /css/themes/alphacube.css HTTP/1.1" 304 - "http://renault.activities.at/result?searchterm=true&search=tisch" "Mozilla/5.0 (Windows NT 10.0; WOW64; Trident/7.0; Touch; rv:11.0) like Gecko"
80.80.251.48 - - [12/Dec/2017:11:29:47 +0100] "GET /js/ProduktGrp.js HTTP/1.1" 304 - "http://renault.activities.at/result?searchterm=true&search=tisch" "Mozilla/5.0 (Windows NT 10.0; WOW64; Trident/7.0; Touch; rv:11.0) like Gecko"
80.80.251.48 - - [12/Dec/2017:11:29:47 +0100] "GET /images/loading.gif HTTP/1.1" 304 - "http://renault.activities.at/result?searchterm=true&search=tisch" "Mozilla/5.0 (Windows NT 10.0; WOW64; Trident/7.0; Touch; rv:11.0) like Gecko"
80.80.251.48 - - [12/Dec/2017:11:29:47 +0100] "GET /images/main_block_corner_left_top.gif HTTP/1.1" 304 - "http://renault.activities.at/result?searchterm=true&search=tisch" "Mozilla/5.0 (Windows NT 10.0; WOW64; Trident/7.0; Touch; rv:11.0) like Gecko"
80.80.251.48 - - [12/Dec/2017:11:29:47 +0100] "GET /images/main_block_border.gif HTTP/1.1" 304 - "http://renault.activities.at/result?searchterm=true&search=tisch" "Mozilla/5.0 (Windows NT 10.0; WOW64; Trident/7.0; Touch; rv:11.0) like Gecko"
80.80.251.48 - - [12/Dec/2017:11:29:47 +0100] "GET /images/main_block_corner_right_bot.gif HTTP/1.1" 304 - "http://renault.activities.at/result?searchterm=true&search=tisch" "Mozilla/5.0 (Windows NT 10.0; WOW64; Trident/7.0; Touch; rv:11.0) like Gecko"
80.80.251.48 - - [12/Dec/2017:11:29:47 +0100] "GET /images/main_block_corner_left_bot.gif HTTP/1.1" 304 - "http://renault.activities.at/result?searchterm=true&search=tisch" "Mozilla/5.0 (Windows NT 10.0; WOW64; Trident/7.0; Touch; rv:11.0) like Gecko"
80.80.251.48 - - [12/Dec/2017:11:29:47 +0100] "GET /images/main_block_corner_right_top.gif HTTP/1.1" 304 - "http://renault.activities.at/result?searchterm=true&search=tisch" "Mozilla/5.0 (Windows NT 10.0; WOW64; Trident/7.0; Touch; rv:11.0) like Gecko"
80.80.251.48 - - [12/Dec/2017:11:29:47 +0100] "GET /images/search_bg.gif HTTP/1.1" 304 - "http://renault.activities.at/result?searchterm=true&search=tisch" "Mozilla/5.0 (Windows NT 10.0; WOW64; Trident/7.0; Touch; rv:11.0) like Gecko"
80.80.251.48 - - [12/Dec/2017:11:29:47 +0100] "GET /loadthumbnail.php?id=11247081&width=113 HTTP/1.1" 200 2512 "http://renault.activities.at/result?searchterm=true&search=tisch" "Mozilla/5.0 (Windows NT 10.0; WOW64; Trident/7.0; Touch; rv:11.0) like Gecko"
80.80.251.48 - - [12/Dec/2017:11:29:47 +0100] "GET /images/header_block_corner_right_top.gif HTTP/1.1" 304 - "http://renault.activities.at/result?searchterm=true&search=tisch" "Mozilla/5.0 (Windows NT 10.0; WOW64; Trident/7.0; Touch; rv:11.0) like Gecko"
80.80.251.48 - - [12/Dec/2017:11:29:47 +0100] "GET /loadthumbnail.php?id=11340124&width=113 HTTP/1.1" 200 4949 "http://renault.activities.at/result?searchterm=true&search=tisch" "Mozilla/5.0 (Windows NT 10.0; WOW64; Trident/7.0; Touch; rv:11.0) like Gecko"
80.80.251.48 - - [12/Dec/2017:11:29:47 +0100] "GET /loadthumbnail.php?id=11355691&width=113 HTTP/1.1" 200 1198 "http://renault.activities.at/result?searchterm=true&search=tisch" "Mozilla/5.0 (Windows NT 10.0; WOW64; Trident/7.0; Touch; rv:11.0) like Gecko"
80.80.251.48 - - [12/Dec/2017:11:29:47 +0100] "GET /loadthumbnail.php?id=11340123&width=113 HTTP/1.1" 200 5559 "http://renault.activities.at/result?searchterm=true&search=tisch" "Mozilla/5.0 (Windows NT 10.0; WOW64; Trident/7.0; Touch; rv:11.0) like Gecko"
80.80.251.48 - - [12/Dec/2017:11:29:47 +0100] "GET /images/header_block_corner_left_top.gif HTTP/1.1" 304 - "http://renault.activities.at/result?searchterm=true&search=tisch" "Mozilla/5.0 (Windows NT 10.0; WOW64; Trident/7.0; Touch; rv:11.0) like Gecko"
80.80.251.48 - - [12/Dec/2017:11:29:47 +0100] "GET /images/header_block_border.gif HTTP/1.1" 304 - "http://renault.activities.at/result?searchterm=true&search=tisch" "Mozilla/5.0 (Windows NT 10.0; WOW64; Trident/7.0; Touch; rv:11.0) like Gecko"
80.80.251.48 - - [12/Dec/2017:11:29:47 +0100] "GET /loadthumbnail.php?id=11090247&width=113 HTTP/1.1" 200 2847 "http://renault.activities.at/result?searchterm=true&search=tisch" "Mozilla/5.0 (Windows NT 10.0; WOW64; Trident/7.0; Touch; rv:11.0) like Gecko"
80.80.251.48 - - [12/Dec/2017:11:29:47 +0100] "GET /images/nav_divider.gif HTTP/1.1" 304 - "http://renault.activities.at/result?searchterm=true&search=tisch" "Mozilla/5.0 (Windows NT 10.0; WOW64; Trident/7.0; Touch; rv:11.0) like Gecko"
80.80.251.48 - - [12/Dec/2017:11:29:47 +0100] "GET /images/menu_button_bg.jpg HTTP/1.1" 304 - "http://renault.activities.at/result?searchterm=true&search=tisch" "Mozilla/5.0 (Windows NT 10.0; WOW64; Trident/7.0; Touch; rv:11.0) like Gecko"
80.80.251.48 - - [12/Dec/2017:11:29:47 +0100] "GET /images/menu_divider.gif HTTP/1.1" 304 - "http://renault.activities.at/result?searchterm=true&search=tisch" "Mozilla/5.0 (Windows NT 10.0; WOW64; Trident/7.0; Touch; rv:11.0) like Gecko"
80.80.251.48 - - [12/Dec/2017:11:29:47 +0100] "GET /images/button_left_bg.gif HTTP/1.1" 304 - "http://renault.activities.at/result?searchterm=true&search=tisch" "Mozilla/5.0 (Windows NT 10.0; WOW64; Trident/7.0; Touch; rv:11.0) like Gecko"
80.80.251.48 - - [12/Dec/2017:11:29:47 +0100] "GET /images/sidebar_title_border_top.gif HTTP/1.1" 304 - "http://renault.activities.at/result?searchterm=true&search=tisch" "Mozilla/5.0 (Windows NT 10.0; WOW64; Trident/7.0; Touch; rv:11.0) like Gecko"
80.80.251.48 - - [12/Dec/2017:11:29:47 +0100] "GET /images/sidebar_title_border.gif HTTP/1.1" 304 - "http://renault.activities.at/result?searchterm=true&search=tisch" "Mozilla/5.0 (Windows NT 10.0; WOW64; Trident/7.0; Touch; rv:11.0) like Gecko"
80.80.251.48 - - [12/Dec/2017:11:29:47 +0100] "GET /images/top_links_divider.gif HTTP/1.1" 304 - "http://renault.activities.at/result?searchterm=true&search=tisch" "Mozilla/5.0 (Windows NT 10.0; WOW64; Trident/7.0; Touch; rv:11.0) like Gecko"
80.80.251.48 - - [12/Dec/2017:11:29:47 +0100] "GET /images/sidebar_title_corner_left_top.gif HTTP/1.1" 304 - "http://renault.activities.at/result?searchterm=true&search=tisch" "Mozilla/5.0 (Windows NT 10.0; WOW64; Trident/7.0; Touch; rv:11.0) like Gecko"
80.80.251.48 - - [12/Dec/2017:11:29:47 +0100] "GET /images/sidebar_title_corner_right_top.gif HTTP/1.1" 304 - "http://renault.activities.at/result?searchterm=true&search=tisch" "Mozilla/5.0 (Windows NT 10.0; WOW64; Trident/7.0; Touch; rv:11.0) like Gecko"
80.80.251.48 - - [12/Dec/2017:11:29:47 +0100] "GET /images/button_right_bg.gif HTTP/1.1" 304 - "http://renault.activities.at/result?searchterm=true&search=tisch" "Mozilla/5.0 (Windows NT 10.0; WOW64; Trident/7.0; Touch; rv:11.0) like Gecko"
80.80.251.48 - - [12/Dec/2017:11:29:47 +0100] "GET /images/button_bg.gif HTTP/1.1" 304 - "http://renault.activities.at/result?searchterm=true&search=tisch" "Mozilla/5.0 (Windows NT 10.0; WOW64; Trident/7.0; Touch; rv:11.0) like Gecko"
80.80.251.48 - - [12/Dec/2017:11:29:47 +0100] "GET /images/title_corner_left_top.jpg HTTP/1.1" 304 - "http://renault.activities.at/result?searchterm=true&search=tisch" "Mozilla/5.0 (Windows NT 10.0; WOW64; Trident/7.0; Touch; rv:11.0) like Gecko"
80.80.251.48 - - [12/Dec/2017:11:29:47 +0100] "GET /images/title_border_top.jpg HTTP/1.1" 304 - "http://renault.activities.at/result?searchterm=true&search=tisch" "Mozilla/5.0 (Windows NT 10.0; WOW64; Trident/7.0; Touch; rv:11.0) like Gecko"
80.80.251.48 - - [12/Dec/2017:11:29:47 +0100] "GET /images/title_border.jpg HTTP/1.1" 304 - "http://renault.activities.at/result?searchterm=true&search=tisch" "Mozilla/5.0 (Windows NT 10.0; WOW64; Trident/7.0; Touch; rv:11.0) like Gecko"
80.80.251.48 - - [12/Dec/2017:11:29:47 +0100] "GET /images/title_corner_right_top.jpg HTTP/1.1" 304 - "http://renault.activities.at/result?searchterm=true&search=tisch" "Mozilla/5.0 (Windows NT 10.0; WOW64; Trident/7.0; Touch; rv:11.0) like Gecko"
80.80.251.48 - - [12/Dec/2017:11:29:47 +0100] "GET /images/vista-up.gif HTTP/1.1" 304 - "http://renault.activities.at/result?searchterm=true&search=tisch" "Mozilla/5.0 (Windows NT 10.0; WOW64; Trident/7.0; Touch; rv:11.0) like Gecko"
80.80.251.48 - - [12/Dec/2017:11:29:47 +0100] "GET /images/pager_bg.gif HTTP/1.1" 304 - "http://renault.activities.at/result?searchterm=true&search=tisch" "Mozilla/5.0 (Windows NT 10.0; WOW64; Trident/7.0; Touch; rv:11.0) like Gecko"
80.80.251.48 - - [12/Dec/2017:11:29:47 +0100] "GET /images/footer_divider.gif HTTP/1.1" 304 - "http://renault.activities.at/result?searchterm=true&search=tisch" "Mozilla/5.0 (Windows NT 10.0; WOW64; Trident/7.0; Touch; rv:11.0) like Gecko"
80.80.251.48 - - [12/Dec/2017:11:29:47 +0100] "GET /images/vista-dn.gif HTTP/1.1" 304 - "http://renault.activities.at/result?searchterm=true&search=tisch" "Mozilla/5.0 (Windows NT 10.0; WOW64; Trident/7.0; Touch; rv:11.0) like Gecko"
80.80.251.48 - - [12/Dec/2017:11:29:47 +0100] "GET /images/validation_advice_bg.gif HTTP/1.1" 304 - "http://renault.activities.at/result?searchterm=true&search=tisch" "Mozilla/5.0 (Windows NT 10.0; WOW64; Trident/7.0; Touch; rv:11.0) like Gecko"
80.80.251.48 - - [12/Dec/2017:11:30:00 +0100] "GET /images/vista-dn-hover.gif HTTP/1.1" 304 - "http://renault.activities.at/result?searchterm=true&search=tisch" "Mozilla/5.0 (Windows NT 10.0; WOW64; Trident/7.0; Touch; rv:11.0) like Gecko"
80.80.251.48 - - [12/Dec/2017:11:30:00 +0100] "GET /images/vista-up-hover.gif HTTP/1.1" 304 - "http://renault.activities.at/result?searchterm=true&search=tisch" "Mozilla/5.0 (Windows NT 10.0; WOW64; Trident/7.0; Touch; rv:11.0) like Gecko"
80.120.148.242 - - [12/Dec/2017:11:30:22 +0100] "GET /reload?ser=1513074622726 HTTP/1.1" 200 28 "http://renault.activities.at/cart?noamount=true" "Mozilla/5.0 (Windows NT 6.1; WOW64; Trident/7.0; (gmx/1.4.0.0); rv:11.0) like Gecko"
88.116.10.164 - - [12/Dec/2017:11:30:25 +0100] "GET /reload?ser=1513074625132 HTTP/1.1" 200 28 "http://renault.activities.at/10201636" "Mozilla/5.0 (Windows NT 6.1; WOW64; Trident/7.0; rv:11.0) like Gecko"
91.113.144.26 - - [12/Dec/2017:11:30:26 +0100] "GET /reload?ser=1513074626475 HTTP/1.1" 200 28 "http://renault.activities.at/" "Mozilla/5.0 (Windows NT 6.3; WOW64; Trident/7.0; rv:11.0) like Gecko"
193.194.132.79 - - [12/Dec/2017:11:30:31 +0100] "GET /reload?ser=1513074631412 HTTP/1.1" 200 28 "http://renault.2web.at/account?loadrequest=true" "Mozilla/5.0 (Windows NT 6.1; WOW64; Trident/7.0; rv:11.0) like Gecko"
80.80.251.48 - - [12/Dec/2017:11:30:47 +0100] "GET /reload?ser=1513074647550 HTTP/1.1" 200 28 "http://renault.activities.at/result?searchterm=true&search=tisch" "Mozilla/5.0 (Windows NT 10.0; WOW64; Trident/7.0; Touch; rv:11.0) like Gecko"
80.120.148.242 - - [12/Dec/2017:11:31:23 +0100] "GET /reload?ser=1513074683697 HTTP/1.1" 200 28 "http://renault.activities.at/cart?noamount=true" "Mozilla/5.0 (Windows NT 6.1; WOW64; Trident/7.0; (gmx/1.4.0.0); rv:11.0) like Gecko"
88.116.10.164 - - [12/Dec/2017:11:31:26 +0100] "GET /reload?ser=1513074686176 HTTP/1.1" 200 28 "http://renault.activities.at/10201636" "Mozilla/5.0 (Windows NT 6.1; WOW64; Trident/7.0; rv:11.0) like Gecko"
91.113.144.26 - - [12/Dec/2017:11:31:27 +0100] "GET /reload?ser=1513074687131 HTTP/1.1" 200 28 "http://renault.activities.at/" "Mozilla/5.0 (Windows NT 6.3; WOW64; Trident/7.0; rv:11.0) like Gecko"
193.194.132.79 - - [12/Dec/2017:11:31:32 +0100] "GET /reload?ser=1513074692547 HTTP/1.1" 200 28 "http://renault.2web.at/account?loadrequest=true" "Mozilla/5.0 (Windows NT 6.1; WOW64; Trident/7.0; rv:11.0) like Gecko"
80.80.251.48 - - [12/Dec/2017:11:31:48 +0100] "GET /reload?ser=1513074708522 HTTP/1.1" 200 28 "http://renault.activities.at/result?searchterm=true&search=tisch" "Mozilla/5.0 (Windows NT 10.0; WOW64; Trident/7.0; Touch; rv:11.0) like Gecko"
80.120.148.242 - - [12/Dec/2017:11:32:24 +0100] "GET /reload?ser=1513074744691 HTTP/1.1" 200 28 "http://renault.activities.at/cart?noamount=true" "Mozilla/5.0 (Windows NT 6.1; WOW64; Trident/7.0; (gmx/1.4.0.0); rv:11.0) like Gecko"
88.116.10.164 - - [12/Dec/2017:11:32:27 +0100] "GET /reload?ser=1513074747277 HTTP/1.1" 200 28 "http://renault.activities.at/10201636" "Mozilla/5.0 (Windows NT 6.1; WOW64; Trident/7.0; rv:11.0) like Gecko"
91.113.144.26 - - [12/Dec/2017:11:32:27 +0100] "GET /reload?ser=1513074747787 HTTP/1.1" 200 28 "http://renault.activities.at/" "Mozilla/5.0 (Windows NT 6.3; WOW64; Trident/7.0; rv:11.0) like Gecko"
193.194.132.79 - - [12/Dec/2017:11:32:33 +0100] "GET /reload?ser=1513074753658 HTTP/1.1" 200 28 "http://renault.2web.at/account?loadrequest=true" "Mozilla/5.0 (Windows NT 6.1; WOW64; Trident/7.0; rv:11.0) like Gecko"
80.80.251.48 - - [12/Dec/2017:11:32:49 +0100] "GET /reload?ser=1513074769523 HTTP/1.1" 200 28 "http://renault.activities.at/result?searchterm=true&search=tisch" "Mozilla/5.0 (Windows NT 10.0; WOW64; Trident/7.0; Touch; rv:11.0) like Gecko"
80.120.148.242 - - [12/Dec/2017:11:33:25 +0100] "GET /reload?ser=1513074805681 HTTP/1.1" 200 28 "http://renault.activities.at/cart?noamount=true" "Mozilla/5.0 (Windows NT 6.1; WOW64; Trident/7.0; (gmx/1.4.0.0); rv:11.0) like Gecko"
91.113.144.26 - - [12/Dec/2017:11:33:28 +0100] "GET /reload?ser=1513074808458 HTTP/1.1" 200 28 "http://renault.activities.at/" "Mozilla/5.0 (Windows NT 6.3; WOW64; Trident/7.0; rv:11.0) like Gecko"
88.116.10.164 - - [12/Dec/2017:11:33:28 +0100] "GET /reload?ser=1513074808275 HTTP/1.1" 200 28 "http://renault.activities.at/10201636" "Mozilla/5.0 (Windows NT 6.1; WOW64; Trident/7.0; rv:11.0) like Gecko"
193.194.132.79 - - [12/Dec/2017:11:33:34 +0100] "GET /reload?ser=1513074814797 HTTP/1.1" 200 28 "http://renault.2web.at/account?loadrequest=true" "Mozilla/5.0 (Windows NT 6.1; WOW64; Trident/7.0; rv:11.0) like Gecko"
80.80.251.48 - - [12/Dec/2017:11:33:50 +0100] "GET /reload?ser=1513074830492 HTTP/1.1" 200 28 "http://renault.activities.at/result?searchterm=true&search=tisch" "Mozilla/5.0 (Windows NT 10.0; WOW64; Trident/7.0; Touch; rv:11.0) like Gecko"
80.120.148.242 - - [12/Dec/2017:11:34:26 +0100] "GET /reload?ser=1513074866651 HTTP/1.1" 200 28 "http://renault.activities.at/cart?noamount=true" "Mozilla/5.0 (Windows NT 6.1; WOW64; Trident/7.0; (gmx/1.4.0.0); rv:11.0) like Gecko"
91.113.144.26 - - [12/Dec/2017:11:34:29 +0100] "GET /reload?ser=1513074869130 HTTP/1.1" 200 28 "http://renault.activities.at/" "Mozilla/5.0 (Windows NT 6.3; WOW64; Trident/7.0; rv:11.0) like Gecko"
88.116.10.164 - - [12/Dec/2017:11:34:29 +0100] "GET /reload?ser=1513074869320 HTTP/1.1" 200 28 "http://renault.activities.at/10201636" "Mozilla/5.0 (Windows NT 6.1; WOW64; Trident/7.0; rv:11.0) like Gecko"
193.194.132.79 - - [12/Dec/2017:11:34:36 +0100] "GET /reload?ser=1513074875943 HTTP/1.1" 200 28 "http://renault.2web.at/account?loadrequest=true" "Mozilla/5.0 (Windows NT 6.1; WOW64; Trident/7.0; rv:11.0) like Gecko"
80.80.251.48 - - [12/Dec/2017:11:34:51 +0100] "GET /reload?ser=1513074891477 HTTP/1.1" 200 28 "http://renault.activities.at/result?searchterm=true&search=tisch" "Mozilla/5.0 (Windows NT 10.0; WOW64; Trident/7.0; Touch; rv:11.0) like Gecko"
80.120.148.242 - - [12/Dec/2017:11:35:27 +0100] "GET /reload?ser=1513074927656 HTTP/1.1" 200 28 "http://renault.activities.at/cart?noamount=true" "Mozilla/5.0 (Windows NT 6.1; WOW64; Trident/7.0; (gmx/1.4.0.0); rv:11.0) like Gecko"
91.113.144.26 - - [12/Dec/2017:11:35:29 +0100] "GET /reload?ser=1513074929833 HTTP/1.1" 200 28 "http://renault.activities.at/" "Mozilla/5.0 (Windows NT 6.3; WOW64; Trident/7.0; rv:11.0) like Gecko"
88.116.10.164 - - [12/Dec/2017:11:35:30 +0100] "GET /reload?ser=1513074930397 HTTP/1.1" 200 28 "http://renault.activities.at/10201636" "Mozilla/5.0 (Windows NT 6.1; WOW64; Trident/7.0; rv:11.0) like Gecko"
193.194.132.79 - - [12/Dec/2017:11:35:37 +0100] "GET /reload?ser=1513074937171 HTTP/1.1" 200 28 "http://renault.2web.at/account?loadrequest=true" "Mozilla/5.0 (Windows NT 6.1; WOW64; Trident/7.0; rv:11.0) like Gecko"
80.80.251.48 - - [12/Dec/2017:11:35:52 +0100] "GET /reload?ser=1513074952479 HTTP/1.1" 200 28 "http://renault.activities.at/result?searchterm=true&search=tisch" "Mozilla/5.0 (Windows NT 10.0; WOW64; Trident/7.0; Touch; rv:11.0) like Gecko"
80.120.148.242 - - [12/Dec/2017:11:36:28 +0100] "GET /reload?ser=1513074988621 HTTP/1.1" 200 28 "http://renault.activities.at/cart?noamount=true" "Mozilla/5.0 (Windows NT 6.1; WOW64; Trident/7.0; (gmx/1.4.0.0); rv:11.0) like Gecko"
91.113.144.26 - - [12/Dec/2017:11:36:30 +0100] "GET /reload?ser=1513074990489 HTTP/1.1" 200 28 "http://renault.activities.at/" "Mozilla/5.0 (Windows NT 6.3; WOW64; Trident/7.0; rv:11.0) like Gecko"
88.116.10.164 - - [12/Dec/2017:11:36:31 +0100] "GET /reload?ser=1513074991380 HTTP/1.1" 200 28 "http://renault.activities.at/10201636" "Mozilla/5.0 (Windows NT 6.1; WOW64; Trident/7.0; rv:11.0) like Gecko"
193.194.132.79 - - [12/Dec/2017:11:36:38 +0100] "GET /reload?ser=1513074998246 HTTP/1.1" 200 28 "http://renault.2web.at/account?loadrequest=true" "Mozilla/5.0 (Windows NT 6.1; WOW64; Trident/7.0; rv:11.0) like Gecko"
80.80.251.48 - - [12/Dec/2017:11:36:53 +0100] "GET /reload?ser=1513075013476 HTTP/1.1" 200 28 "http://renault.activities.at/result?searchterm=true&search=tisch" "Mozilla/5.0 (Windows NT 10.0; WOW64; Trident/7.0; Touch; rv:11.0) like Gecko"
80.120.148.242 - - [12/Dec/2017:11:37:29 +0100] "GET /reload?ser=1513075049625 HTTP/1.1" 200 28 "http://renault.activities.at/cart?noamount=true" "Mozilla/5.0 (Windows NT 6.1; WOW64; Trident/7.0; (gmx/1.4.0.0); rv:11.0) like Gecko"
91.113.144.26 - - [12/Dec/2017:11:37:31 +0100] "GET /reload?ser=1513075051145 HTTP/1.1" 200 28 "http://renault.activities.at/" "Mozilla/5.0 (Windows NT 6.3; WOW64; Trident/7.0; rv:11.0) like Gecko"
88.116.10.164 - - [12/Dec/2017:11:37:32 +0100] "GET /reload?ser=1513075052394 HTTP/1.1" 200 28 "http://renault.activities.at/10201636" "Mozilla/5.0 (Windows NT 6.1; WOW64; Trident/7.0; rv:11.0) like Gecko"
193.194.132.79 - - [12/Dec/2017:11:37:39 +0100] "GET /reload?ser=1513075059320 HTTP/1.1" 200 28 "http://renault.2web.at/account?loadrequest=true" "Mozilla/5.0 (Windows NT 6.1; WOW64; Trident/7.0; rv:11.0) like Gecko"
80.80.251.48 - - [12/Dec/2017:11:37:54 +0100] "GET /reload?ser=1513075074435 HTTP/1.1" 200 28 "http://renault.activities.at/result?searchterm=true&search=tisch" "Mozilla/5.0 (Windows NT 10.0; WOW64; Trident/7.0; Touch; rv:11.0) like Gecko"
80.120.5.131 - - [12/Dec/2017:11:37:53 +0100] "GET /10201637 HTTP/1.1" 302 150 "-" "Mozilla/5.0 (Macintosh; Intel Mac OS X 10_12_6) AppleWebKit/604.3.5 (KHTML, like Gecko)"
80.120.5.131 - - [12/Dec/2017:11:37:56 +0100] "GET /login?required=true HTTP/1.1" 200 2086 "-" "Mozilla/5.0 (Macintosh; Intel Mac OS X 10_12_6) AppleWebKit/604.3.5 (KHTML, like Gecko)"
80.120.5.131 - - [12/Dec/2017:11:37:57 +0100] "GET /apple-touch-icon-precomposed.png HTTP/1.1" 200 1559 "-" "Safari/12604.3.5.1.1 CFNetwork/811.7.2 Darwin/16.7.0 (x86_64)"
80.120.5.131 - - [12/Dec/2017:11:37:58 +0100] "GET /apple-touch-icon.png HTTP/1.1" 200 1559 "-" "Safari/12604.3.5.1.1 CFNetwork/811.7.2 Darwin/16.7.0 (x86_64)"
80.120.5.131 - - [12/Dec/2017:11:37:59 +0100] "GET /images/favicon.ico HTTP/1.1" 404 305 "-" "Safari/12604.3.5.1.1 CFNetwork/811.7.2 Darwin/16.7.0 (x86_64)"
80.120.5.131 - - [12/Dec/2017:11:37:59 +0100] "GET /images/favicon.ico HTTP/1.1" 404 305 "-" "Safari/12604.3.5.1.1 CFNetwork/811.7.2 Darwin/16.7.0 (x86_64)"
80.120.5.131 - - [12/Dec/2017:11:37:59 +0100] "GET /favicon.ico HTTP/1.1" 200 3250 "-" "Safari/12604.3.5.1.1 CFNetwork/811.7.2 Darwin/16.7.0 (x86_64)"
80.120.5.131 - - [12/Dec/2017:11:37:59 +0100] "GET /apple-touch-icon-precomposed.png HTTP/1.1" 200 1559 "-" "Safari/12604.3.5.1.1 CFNetwork/811.7.2 Darwin/16.7.0 (x86_64)"
80.120.5.131 - - [12/Dec/2017:11:38:00 +0100] "GET /apple-touch-icon.png HTTP/1.1" 200 1559 "-" "Safari/12604.3.5.1.1 CFNetwork/811.7.2 Darwin/16.7.0 (x86_64)"
80.120.5.131 - - [12/Dec/2017:11:38:01 +0100] "GET /images/favicon.ico HTTP/1.1" 404 305 "-" "Safari/12604.3.5.1.1 CFNetwork/811.7.2 Darwin/16.7.0 (x86_64)"
80.120.5.131 - - [12/Dec/2017:11:38:01 +0100] "GET /images/favicon.ico HTTP/1.1" 404 305 "-" "Safari/12604.3.5.1.1 CFNetwork/811.7.2 Darwin/16.7.0 (x86_64)"
80.120.5.131 - - [12/Dec/2017:11:38:01 +0100] "GET /favicon.ico HTTP/1.1" 200 3250 "-" "Safari/12604.3.5.1.1 CFNetwork/811.7.2 Darwin/16.7.0 (x86_64)"
80.120.5.131 - - [12/Dec/2017:11:38:01 +0100] "GET /10201637 HTTP/1.1" 302 150 "-" "Mozilla/5.0 (iPhone; CPU iPhone OS 10_3 like Mac OS X) AppleWebKit/603.1.30 (KHTML, like Gecko) Version/10.3 Mobile/14E277 Safari/603.1.30"
80.120.5.131 - - [12/Dec/2017:11:38:02 +0100] "GET /login?required=true HTTP/1.1" 200 2086 "-" "Mozilla/5.0 (iPhone; CPU iPhone OS 10_3 like Mac OS X) AppleWebKit/603.1.30 (KHTML, like Gecko) Version/10.3 Mobile/14E277 Safari/603.1.30"
80.120.5.131 - - [12/Dec/2017:11:38:02 +0100] "GET /apple-touch-icon-precomposed.png HTTP/1.1" 200 1559 "-" "Safari/12604.3.5.1.1 CFNetwork/811.7.2 Darwin/16.7.0 (x86_64)"
80.120.5.131 - - [12/Dec/2017:11:38:03 +0100] "GET /apple-touch-icon.png HTTP/1.1" 200 1559 "-" "Safari/12604.3.5.1.1 CFNetwork/811.7.2 Darwin/16.7.0 (x86_64)"
80.120.5.131 - - [12/Dec/2017:11:38:04 +0100] "GET /images/favicon.ico HTTP/1.1" 404 305 "-" "Safari/12604.3.5.1.1 CFNetwork/811.7.2 Darwin/16.7.0 (x86_64)"
80.120.5.131 - - [12/Dec/2017:11:38:04 +0100] "GET /images/favicon.ico HTTP/1.1" 404 305 "-" "Safari/12604.3.5.1.1 CFNetwork/811.7.2 Darwin/16.7.0 (x86_64)"
80.120.5.131 - - [12/Dec/2017:11:38:04 +0100] "GET /favicon.ico HTTP/1.1" 200 3250 "-" "Safari/12604.3.5.1.1 CFNetwork/811.7.2 Darwin/16.7.0 (x86_64)"
80.120.5.131 - - [12/Dec/2017:11:38:04 +0100] "GET /apple-touch-icon-precomposed.png HTTP/1.1" 200 1559 "-" "Safari/12604.3.5.1.1 CFNetwork/811.7.2 Darwin/16.7.0 (x86_64)"
80.120.5.131 - - [12/Dec/2017:11:38:06 +0100] "GET /apple-touch-icon.png HTTP/1.1" 200 1559 "-" "Safari/12604.3.5.1.1 CFNetwork/811.7.2 Darwin/16.7.0 (x86_64)"
80.120.5.131 - - [12/Dec/2017:11:38:06 +0100] "GET /images/favicon.ico HTTP/1.1" 404 305 "-" "Safari/12604.3.5.1.1 CFNetwork/811.7.2 Darwin/16.7.0 (x86_64)"
80.120.5.131 - - [12/Dec/2017:11:38:07 +0100] "GET /images/favicon.ico HTTP/1.1" 404 305 "-" "Safari/12604.3.5.1.1 CFNetwork/811.7.2 Darwin/16.7.0 (x86_64)"
80.120.5.131 - - [12/Dec/2017:11:38:07 +0100] "GET /favicon.ico HTTP/1.1" 200 3250 "-" "Safari/12604.3.5.1.1 CFNetwork/811.7.2 Darwin/16.7.0 (x86_64)"
80.120.148.242 - - [12/Dec/2017:11:38:30 +0100] "GET /reload?ser=1513075110586 HTTP/1.1" 200 28 "http://renault.activities.at/cart?noamount=true" "Mozilla/5.0 (Windows NT 6.1; WOW64; Trident/7.0; (gmx/1.4.0.0); rv:11.0) like Gecko"
91.113.144.26 - - [12/Dec/2017:11:38:31 +0100] "GET /reload?ser=1513075111817 HTTP/1.1" 200 28 "http://renault.activities.at/" "Mozilla/5.0 (Windows NT 6.3; WOW64; Trident/7.0; rv:11.0) like Gecko"
88.116.10.164 - - [12/Dec/2017:11:38:33 +0100] "GET /reload?ser=1513075113393 HTTP/1.1" 200 28 "http://renault.activities.at/10201636" "Mozilla/5.0 (Windows NT 6.1; WOW64; Trident/7.0; rv:11.0) like Gecko"
193.194.132.79 - - [12/Dec/2017:11:38:40 +0100] "GET /reload?ser=1513075120431 HTTP/1.1" 200 28 "http://renault.2web.at/account?loadrequest=true" "Mozilla/5.0 (Windows NT 6.1; WOW64; Trident/7.0; rv:11.0) like Gecko"
80.80.251.48 - - [12/Dec/2017:11:38:55 +0100] "GET /reload?ser=1513075135386 HTTP/1.1" 200 28 "http://renault.activities.at/result?searchterm=true&search=tisch" "Mozilla/5.0 (Windows NT 10.0; WOW64; Trident/7.0; Touch; rv:11.0) like Gecko"
80.120.148.242 - - [12/Dec/2017:11:39:31 +0100] "GET /reload?ser=1513075171563 HTTP/1.1" 200 28 "http://renault.activities.at/cart?noamount=true" "Mozilla/5.0 (Windows NT 6.1; WOW64; Trident/7.0; (gmx/1.4.0.0); rv:11.0) like Gecko"
91.113.144.26 - - [12/Dec/2017:11:39:32 +0100] "GET /reload?ser=1513075172473 HTTP/1.1" 200 28 "http://renault.activities.at/" "Mozilla/5.0 (Windows NT 6.3; WOW64; Trident/7.0; rv:11.0) like Gecko"
88.116.10.164 - - [12/Dec/2017:11:39:34 +0100] "GET /reload?ser=1513075174423 HTTP/1.1" 200 28 "http://renault.activities.at/10201636" "Mozilla/5.0 (Windows NT 6.1; WOW64; Trident/7.0; rv:11.0) like Gecko"
193.194.132.79 - - [12/Dec/2017:11:39:41 +0100] "GET /reload?ser=1513075181508 HTTP/1.1" 200 28 "http://renault.2web.at/account?loadrequest=true" "Mozilla/5.0 (Windows NT 6.1; WOW64; Trident/7.0; rv:11.0) like Gecko"
80.80.251.48 - - [12/Dec/2017:11:39:56 +0100] "GET /reload?ser=1513075196352 HTTP/1.1" 200 28 "http://renault.activities.at/result?searchterm=true&search=tisch" "Mozilla/5.0 (Windows NT 10.0; WOW64; Trident/7.0; Touch; rv:11.0) like Gecko"
80.120.148.242 - - [12/Dec/2017:11:40:32 +0100] "GET /reload?ser=1513075232571 HTTP/1.1" 200 28 "http://renault.activities.at/cart?noamount=true" "Mozilla/5.0 (Windows NT 6.1; WOW64; Trident/7.0; (gmx/1.4.0.0); rv:11.0) like Gecko"
91.113.144.26 - - [12/Dec/2017:11:40:33 +0100] "GET /reload?ser=1513075233129 HTTP/1.1" 200 28 "http://renault.activities.at/" "Mozilla/5.0 (Windows NT 6.3; WOW64; Trident/7.0; rv:11.0) like Gecko"
88.116.10.164 - - [12/Dec/2017:11:40:35 +0100] "GET /reload?ser=1513075235436 HTTP/1.1" 200 28 "http://renault.activities.at/10201636" "Mozilla/5.0 (Windows NT 6.1; WOW64; Trident/7.0; rv:11.0) like Gecko"
193.194.132.79 - - [12/Dec/2017:11:40:42 +0100] "GET /reload?ser=1513075242521 HTTP/1.1" 200 28 "http://renault.2web.at/account?loadrequest=true" "Mozilla/5.0 (Windows NT 6.1; WOW64; Trident/7.0; rv:11.0) like Gecko"
80.80.251.48 - - [12/Dec/2017:11:40:57 +0100] "GET /reload?ser=1513075257315 HTTP/1.1" 200 28 "http://renault.activities.at/result?searchterm=true&search=tisch" "Mozilla/5.0 (Windows NT 10.0; WOW64; Trident/7.0; Touch; rv:11.0) like Gecko"
91.113.144.26 - - [12/Dec/2017:11:41:33 +0100] "GET /reload?ser=1513075293785 HTTP/1.1" 200 28 "http://renault.activities.at/" "Mozilla/5.0 (Windows NT 6.3; WOW64; Trident/7.0; rv:11.0) like Gecko"
80.120.148.242 - - [12/Dec/2017:11:41:33 +0100] "GET /reload?ser=1513075293510 HTTP/1.1" 200 28 "http://renault.activities.at/cart?noamount=true" "Mozilla/5.0 (Windows NT 6.1; WOW64; Trident/7.0; (gmx/1.4.0.0); rv:11.0) like Gecko"
88.116.10.164 - - [12/Dec/2017:11:41:36 +0100] "GET /reload?ser=1513075296450 HTTP/1.1" 200 28 "http://renault.activities.at/10201636" "Mozilla/5.0 (Windows NT 6.1; WOW64; Trident/7.0; rv:11.0) like Gecko"
193.194.132.79 - - [12/Dec/2017:11:41:43 +0100] "GET /reload?ser=1513075303622 HTTP/1.1" 200 28 "http://renault.2web.at/account?loadrequest=true" "Mozilla/5.0 (Windows NT 6.1; WOW64; Trident/7.0; rv:11.0) like Gecko"
80.80.251.48 - - [12/Dec/2017:11:41:58 +0100] "GET /reload?ser=1513075318308 HTTP/1.1" 200 28 "http://renault.activities.at/result?searchterm=true&search=tisch" "Mozilla/5.0 (Windows NT 10.0; WOW64; Trident/7.0; Touch; rv:11.0) like Gecko"
91.113.144.26 - - [12/Dec/2017:11:42:34 +0100] "GET /reload?ser=1513075354440 HTTP/1.1" 200 28 "http://renault.activities.at/" "Mozilla/5.0 (Windows NT 6.3; WOW64; Trident/7.0; rv:11.0) like Gecko"
80.120.148.242 - - [12/Dec/2017:11:42:34 +0100] "GET /reload?ser=1513075354466 HTTP/1.1" 200 28 "http://renault.activities.at/cart?noamount=true" "Mozilla/5.0 (Windows NT 6.1; WOW64; Trident/7.0; (gmx/1.4.0.0); rv:11.0) like Gecko"
88.116.10.164 - - [12/Dec/2017:11:42:37 +0100] "GET /reload?ser=1513075357465 HTTP/1.1" 200 28 "http://renault.activities.at/10201636" "Mozilla/5.0 (Windows NT 6.1; WOW64; Trident/7.0; rv:11.0) like Gecko"
193.194.132.79 - - [12/Dec/2017:11:42:44 +0100] "GET /reload?ser=1513075364642 HTTP/1.1" 200 28 "http://renault.2web.at/account?loadrequest=true" "Mozilla/5.0 (Windows NT 6.1; WOW64; Trident/7.0; rv:11.0) like Gecko"
80.80.251.48 - - [12/Dec/2017:11:42:59 +0100] "GET /reload?ser=1513075379280 HTTP/1.1" 200 28 "http://renault.activities.at/result?searchterm=true&search=tisch" "Mozilla/5.0 (Windows NT 10.0; WOW64; Trident/7.0; Touch; rv:11.0) like Gecko"
91.113.144.26 - - [12/Dec/2017:11:43:35 +0100] "GET /reload?ser=1513075415096 HTTP/1.1" 200 28 "http://renault.activities.at/" "Mozilla/5.0 (Windows NT 6.3; WOW64; Trident/7.0; rv:11.0) like Gecko"
80.120.148.242 - - [12/Dec/2017:11:43:35 +0100] "GET /reload?ser=1513075415459 HTTP/1.1" 200 28 "http://renault.activities.at/cart?noamount=true" "Mozilla/5.0 (Windows NT 6.1; WOW64; Trident/7.0; (gmx/1.4.0.0); rv:11.0) like Gecko"
88.116.10.164 - - [12/Dec/2017:11:43:38 +0100] "GET /reload?ser=1513075418463 HTTP/1.1" 200 28 "http://renault.activities.at/10201636" "Mozilla/5.0 (Windows NT 6.1; WOW64; Trident/7.0; rv:11.0) like Gecko"
193.194.132.79 - - [12/Dec/2017:11:43:45 +0100] "GET /reload?ser=1513075425746 HTTP/1.1" 200 28 "http://renault.2web.at/account?loadrequest=true" "Mozilla/5.0 (Windows NT 6.1; WOW64; Trident/7.0; rv:11.0) like Gecko"
80.80.251.48 - - [12/Dec/2017:11:44:00 +0100] "GET /reload?ser=1513075440264 HTTP/1.1" 200 28 "http://renault.activities.at/result?searchterm=true&search=tisch" "Mozilla/5.0 (Windows NT 10.0; WOW64; Trident/7.0; Touch; rv:11.0) like Gecko"
91.113.144.26 - - [12/Dec/2017:11:44:35 +0100] "GET /reload?ser=1513075475752 HTTP/1.1" 200 28 "http://renault.activities.at/" "Mozilla/5.0 (Windows NT 6.3; WOW64; Trident/7.0; rv:11.0) like Gecko"
80.120.148.242 - - [12/Dec/2017:11:44:36 +0100] "GET /reload?ser=1513075476397 HTTP/1.1" 200 28 "http://renault.activities.at/cart?noamount=true" "Mozilla/5.0 (Windows NT 6.1; WOW64; Trident/7.0; (gmx/1.4.0.0); rv:11.0) like Gecko"
88.116.10.164 - - [12/Dec/2017:11:44:39 +0100] "GET /reload?ser=1513075479476 HTTP/1.1" 200 28 "http://renault.activities.at/10201636" "Mozilla/5.0 (Windows NT 6.1; WOW64; Trident/7.0; rv:11.0) like Gecko"
193.194.132.79 - - [12/Dec/2017:11:44:47 +0100] "GET /reload?ser=1513075486852 HTTP/1.1" 200 28 "http://renault.2web.at/account?loadrequest=true" "Mozilla/5.0 (Windows NT 6.1; WOW64; Trident/7.0; rv:11.0) like Gecko"
80.80.251.48 - - [12/Dec/2017:11:45:01 +0100] "GET /reload?ser=1513075501241 HTTP/1.1" 200 28 "http://renault.activities.at/result?searchterm=true&search=tisch" "Mozilla/5.0 (Windows NT 10.0; WOW64; Trident/7.0; Touch; rv:11.0) like Gecko"
91.113.144.26 - - [12/Dec/2017:11:45:36 +0100] "GET /reload?ser=1513075536408 HTTP/1.1" 200 28 "http://renault.activities.at/" "Mozilla/5.0 (Windows NT 6.3; WOW64; Trident/7.0; rv:11.0) like Gecko"
80.120.148.242 - - [12/Dec/2017:11:45:37 +0100] "GET /reload?ser=1513075537370 HTTP/1.1" 200 28 "http://renault.activities.at/cart?noamount=true" "Mozilla/5.0 (Windows NT 6.1; WOW64; Trident/7.0; (gmx/1.4.0.0); rv:11.0) like Gecko"
88.116.10.164 - - [12/Dec/2017:11:45:40 +0100] "GET /reload?ser=1513075540522 HTTP/1.1" 200 28 "http://renault.activities.at/10201636" "Mozilla/5.0 (Windows NT 6.1; WOW64; Trident/7.0; rv:11.0) like Gecko"
193.194.132.79 - - [12/Dec/2017:11:45:48 +0100] "GET /reload?ser=1513075547924 HTTP/1.1" 200 28 "http://renault.2web.at/account?loadrequest=true" "Mozilla/5.0 (Windows NT 6.1; WOW64; Trident/7.0; rv:11.0) like Gecko"
80.80.251.48 - - [12/Dec/2017:11:46:02 +0100] "GET /reload?ser=1513075562234 HTTP/1.1" 200 28 "http://renault.activities.at/result?searchterm=true&search=tisch" "Mozilla/5.0 (Windows NT 10.0; WOW64; Trident/7.0; Touch; rv:11.0) like Gecko"
91.113.144.26 - - [12/Dec/2017:11:46:37 +0100] "GET /reload?ser=1513075597079 HTTP/1.1" 200 28 "http://renault.activities.at/" "Mozilla/5.0 (Windows NT 6.3; WOW64; Trident/7.0; rv:11.0) like Gecko"
80.120.148.242 - - [12/Dec/2017:11:46:38 +0100] "GET /reload?ser=1513075598333 HTTP/1.1" 200 28 "http://renault.activities.at/cart?noamount=true" "Mozilla/5.0 (Windows NT 6.1; WOW64; Trident/7.0; (gmx/1.4.0.0); rv:11.0) like Gecko"
88.116.10.164 - - [12/Dec/2017:11:46:41 +0100] "GET /reload?ser=1513075601521 HTTP/1.1" 200 28 "http://renault.activities.at/10201636" "Mozilla/5.0 (Windows NT 6.1; WOW64; Trident/7.0; rv:11.0) like Gecko"
193.194.132.79 - - [12/Dec/2017:11:46:49 +0100] "GET /reload?ser=1513075609034 HTTP/1.1" 200 28 "http://renault.2web.at/account?loadrequest=true" "Mozilla/5.0 (Windows NT 6.1; WOW64; Trident/7.0; rv:11.0) like Gecko"
80.80.251.48 - - [12/Dec/2017:11:47:03 +0100] "GET /reload?ser=1513075623228 HTTP/1.1" 200 28 "http://renault.activities.at/result?searchterm=true&search=tisch" "Mozilla/5.0 (Windows NT 10.0; WOW64; Trident/7.0; Touch; rv:11.0) like Gecko"
91.113.144.26 - - [12/Dec/2017:11:47:37 +0100] "GET /reload?ser=1513075657735 HTTP/1.1" 200 28 "http://renault.activities.at/" "Mozilla/5.0 (Windows NT 6.3; WOW64; Trident/7.0; rv:11.0) like Gecko"
80.120.148.242 - - [12/Dec/2017:11:47:39 +0100] "GET /reload?ser=1513075659295 HTTP/1.1" 200 28 "http://renault.activities.at/cart?noamount=true" "Mozilla/5.0 (Windows NT 6.1; WOW64; Trident/7.0; (gmx/1.4.0.0); rv:11.0) like Gecko"
88.116.10.164 - - [12/Dec/2017:11:47:42 +0100] "GET /reload?ser=1513075662533 HTTP/1.1" 200 28 "http://renault.activities.at/10201636" "Mozilla/5.0 (Windows NT 6.1; WOW64; Trident/7.0; rv:11.0) like Gecko"
193.194.132.79 - - [12/Dec/2017:11:47:50 +0100] "GET /reload?ser=1513075670181 HTTP/1.1" 200 28 "http://renault.2web.at/account?loadrequest=true" "Mozilla/5.0 (Windows NT 6.1; WOW64; Trident/7.0; rv:11.0) like Gecko"
80.80.251.48 - - [12/Dec/2017:11:48:04 +0100] "GET /reload?ser=1513075684199 HTTP/1.1" 200 28 "http://renault.activities.at/result?searchterm=true&search=tisch" "Mozilla/5.0 (Windows NT 10.0; WOW64; Trident/7.0; Touch; rv:11.0) like Gecko"
91.113.144.26 - - [12/Dec/2017:11:48:38 +0100] "GET /reload?ser=1513075718385 HTTP/1.1" 200 28 "http://renault.activities.at/" "Mozilla/5.0 (Windows NT 6.3; WOW64; Trident/7.0; rv:11.0) like Gecko"
80.120.148.242 - - [12/Dec/2017:11:48:40 +0100] "GET /reload?ser=1513075720264 HTTP/1.1" 200 28 "http://renault.activities.at/cart?noamount=true" "Mozilla/5.0 (Windows NT 6.1; WOW64; Trident/7.0; (gmx/1.4.0.0); rv:11.0) like Gecko"
88.116.10.164 - - [12/Dec/2017:11:48:43 +0100] "GET /reload?ser=1513075723563 HTTP/1.1" 200 28 "http://renault.activities.at/10201636" "Mozilla/5.0 (Windows NT 6.1; WOW64; Trident/7.0; rv:11.0) like Gecko"
80.80.251.48 - - [12/Dec/2017:11:48:44 +0100] "GET /result?searchterm=true&search=name HTTP/1.1" 200 5897 "http://renault.activities.at/result?searchterm=true&search=schild" "Mozilla/5.0 (Windows NT 10.0; WOW64; Trident/7.0; Touch; rv:11.0) like Gecko"
80.80.251.48 - - [12/Dec/2017:11:48:46 +0100] "GET /js/prototip.js HTTP/1.1" 304 - "http://renault.activities.at/result?searchterm=true&search=name" "Mozilla/5.0 (Windows NT 10.0; WOW64; Trident/7.0; Touch; rv:11.0) like Gecko"
80.80.251.48 - - [12/Dec/2017:11:48:46 +0100] "GET /js/default.js HTTP/1.1" 304 - "http://renault.activities.at/result?searchterm=true&search=name" "Mozilla/5.0 (Windows NT 10.0; WOW64; Trident/7.0; Touch; rv:11.0) like Gecko"
80.80.251.48 - - [12/Dec/2017:11:48:46 +0100] "GET /css/clears.css HTTP/1.1" 304 - "http://renault.activities.at/result?searchterm=true&search=name" "Mozilla/5.0 (Windows NT 10.0; WOW64; Trident/7.0; Touch; rv:11.0) like Gecko"
80.80.251.48 - - [12/Dec/2017:11:48:46 +0100] "GET /css/reset.css HTTP/1.1" 304 - "http://renault.activities.at/result?searchterm=true&search=name" "Mozilla/5.0 (Windows NT 10.0; WOW64; Trident/7.0; Touch; rv:11.0) like Gecko"
80.80.251.48 - - [12/Dec/2017:11:48:46 +0100] "GET /css/styles.css HTTP/1.1" 304 - "http://renault.activities.at/result?searchterm=true&search=name" "Mozilla/5.0 (Windows NT 10.0; WOW64; Trident/7.0; Touch; rv:11.0) like Gecko"
80.80.251.48 - - [12/Dec/2017:11:48:46 +0100] "GET /css/print.css HTTP/1.1" 304 - "http://renault.activities.at/result?searchterm=true&search=name" "Mozilla/5.0 (Windows NT 10.0; WOW64; Trident/7.0; Touch; rv:11.0) like Gecko"
80.80.251.48 - - [12/Dec/2017:11:48:46 +0100] "GET /css/prototip.css HTTP/1.1" 304 - "http://renault.activities.at/result?searchterm=true&search=name" "Mozilla/5.0 (Windows NT 10.0; WOW64; Trident/7.0; Touch; rv:11.0) like Gecko"
80.80.251.48 - - [12/Dec/2017:11:48:46 +0100] "GET /js/checkout.css HTTP/1.1" 304 - "http://renault.activities.at/result?searchterm=true&search=name" "Mozilla/5.0 (Windows NT 10.0; WOW64; Trident/7.0; Touch; rv:11.0) like Gecko"
80.80.251.48 - - [12/Dec/2017:11:48:46 +0100] "GET /css/themes/default.css HTTP/1.1" 304 - "http://renault.activities.at/result?searchterm=true&search=name" "Mozilla/5.0 (Windows NT 10.0; WOW64; Trident/7.0; Touch; rv:11.0) like Gecko"
80.80.251.48 - - [12/Dec/2017:11:48:46 +0100] "GET /css/themes/alphacube.css HTTP/1.1" 304 - "http://renault.activities.at/result?searchterm=true&search=name" "Mozilla/5.0 (Windows NT 10.0; WOW64; Trident/7.0; Touch; rv:11.0) like Gecko"
80.80.251.48 - - [12/Dec/2017:11:48:46 +0100] "GET /js/ProduktGrp.js HTTP/1.1" 304 - "http://renault.activities.at/result?searchterm=true&search=name" "Mozilla/5.0 (Windows NT 10.0; WOW64; Trident/7.0; Touch; rv:11.0) like Gecko"
80.80.251.48 - - [12/Dec/2017:11:48:46 +0100] "GET /images/loading.gif HTTP/1.1" 304 - "http://renault.activities.at/result?searchterm=true&search=name" "Mozilla/5.0 (Windows NT 10.0; WOW64; Trident/7.0; Touch; rv:11.0) like Gecko"
80.80.251.48 - - [12/Dec/2017:11:48:46 +0100] "GET /images/nav_divider.gif HTTP/1.1" 304 - "http://renault.activities.at/result?searchterm=true&search=name" "Mozilla/5.0 (Windows NT 10.0; WOW64; Trident/7.0; Touch; rv:11.0) like Gecko"
80.80.251.48 - - [12/Dec/2017:11:48:46 +0100] "GET /images/menu_divider.gif HTTP/1.1" 304 - "http://renault.activities.at/result?searchterm=true&search=name" "Mozilla/5.0 (Windows NT 10.0; WOW64; Trident/7.0; Touch; rv:11.0) like Gecko"
80.80.251.48 - - [12/Dec/2017:11:48:46 +0100] "GET /images/menu_button_bg.jpg HTTP/1.1" 304 - "http://renault.activities.at/result?searchterm=true&search=name" "Mozilla/5.0 (Windows NT 10.0; WOW64; Trident/7.0; Touch; rv:11.0) like Gecko"
80.80.251.48 - - [12/Dec/2017:11:48:46 +0100] "GET /images/header_block_border.gif HTTP/1.1" 304 - "http://renault.activities.at/result?searchterm=true&search=name" "Mozilla/5.0 (Windows NT 10.0; WOW64; Trident/7.0; Touch; rv:11.0) like Gecko"
80.80.251.48 - - [12/Dec/2017:11:48:46 +0100] "GET /images/header_block_corner_left_top.gif HTTP/1.1" 304 - "http://renault.activities.at/result?searchterm=true&search=name" "Mozilla/5.0 (Windows NT 10.0; WOW64; Trident/7.0; Touch; rv:11.0) like Gecko"
80.80.251.48 - - [12/Dec/2017:11:48:46 +0100] "GET /images/header_block_corner_right_top.gif HTTP/1.1" 304 - "http://renault.activities.at/result?searchterm=true&search=name" "Mozilla/5.0 (Windows NT 10.0; WOW64; Trident/7.0; Touch; rv:11.0) like Gecko"
80.80.251.48 - - [12/Dec/2017:11:48:46 +0100] "GET /images/main_block_corner_right_top.gif HTTP/1.1" 304 - "http://renault.activities.at/result?searchterm=true&search=name" "Mozilla/5.0 (Windows NT 10.0; WOW64; Trident/7.0; Touch; rv:11.0) like Gecko"
80.80.251.48 - - [12/Dec/2017:11:48:46 +0100] "GET /images/main_block_border.gif HTTP/1.1" 304 - "http://renault.activities.at/result?searchterm=true&search=name" "Mozilla/5.0 (Windows NT 10.0; WOW64; Trident/7.0; Touch; rv:11.0) like Gecko"
80.80.251.48 - - [12/Dec/2017:11:48:46 +0100] "GET /images/search_bg.gif HTTP/1.1" 304 - "http://renault.activities.at/result?searchterm=true&search=name" "Mozilla/5.0 (Windows NT 10.0; WOW64; Trident/7.0; Touch; rv:11.0) like Gecko"
80.80.251.48 - - [12/Dec/2017:11:48:46 +0100] "GET /images/top_links_divider.gif HTTP/1.1" 304 - "http://renault.activities.at/result?searchterm=true&search=name" "Mozilla/5.0 (Windows NT 10.0; WOW64; Trident/7.0; Touch; rv:11.0) like Gecko"
80.80.251.48 - - [12/Dec/2017:11:48:46 +0100] "GET /images/main_block_corner_left_top.gif HTTP/1.1" 304 - "http://renault.activities.at/result?searchterm=true&search=name" "Mozilla/5.0 (Windows NT 10.0; WOW64; Trident/7.0; Touch; rv:11.0) like Gecko"
