80.123.225.34 - - [13/Dec/2017:09:16:37 +0100] "GET /loadthumbnail.php?id=11523715&width=113 HTTP/1.1" 200 2817 "http://renault.activities.at/result?searchterm=true&search=Koleos" "Mozilla/5.0 (Windows NT 6.1; WOW64; Trident/7.0; rv:11.0) like Gecko"
80.123.225.34 - - [13/Dec/2017:09:16:37 +0100] "GET /loadthumbnail.php?id=11532185&width=113 HTTP/1.1" 200 2800 "http://renault.activities.at/result?searchterm=true&search=Koleos" "Mozilla/5.0 (Windows NT 6.1; WOW64; Trident/7.0; rv:11.0) like Gecko"
80.123.225.34 - - [13/Dec/2017:09:16:37 +0100] "GET /loadthumbnail.php?id=10260861&width=113 HTTP/1.1" 200 1170 "http://renault.activities.at/result?searchterm=true&search=Koleos" "Mozilla/5.0 (Windows NT 6.1; WOW64; Trident/7.0; rv:11.0) like Gecko"
80.123.225.34 - - [13/Dec/2017:09:16:37 +0100] "GET /loadthumbnail.php?id=11577924&width=113 HTTP/1.1" 200 28282 "http://renault.activities.at/result?searchterm=true&search=Koleos" "Mozilla/5.0 (Windows NT 6.1; WOW64; Trident/7.0; rv:11.0) like Gecko"
80.123.225.34 - - [13/Dec/2017:09:16:37 +0100] "GET /loadthumbnail.php?id=11658180&width=113 HTTP/1.1" 200 29422 "http://renault.activities.at/result?searchterm=true&search=Koleos" "Mozilla/5.0 (Windows NT 6.1; WOW64; Trident/7.0; rv:11.0) like Gecko"
193.194.132.74 - - [13/Dec/2017:09:16:52 +0100] "GET /reload?ser=1513153011874 HTTP/1.1" 200 28 "http://renault.2web.at/account?loadrequest=true" "Mozilla/5.0 (Windows NT 6.1; WOW64; Trident/7.0; rv:11.0) like Gecko"
80.123.225.34 - - [13/Dec/2017:09:16:55 +0100] "GET /images/vista-dn-hover.gif HTTP/1.1" 200 127 "http://renault.activities.at/result?searchterm=true&search=Koleos" "Mozilla/5.0 (Windows NT 6.1; WOW64; Trident/7.0; rv:11.0) like Gecko"
80.123.225.34 - - [13/Dec/2017:09:16:58 +0100] "GET /css/themes/alphacube/frame_left.gif HTTP/1.1" 200 64 "http://renault.activities.at/result?searchterm=true&search=Koleos" "Mozilla/5.0 (Windows NT 6.1; WOW64; Trident/7.0; rv:11.0) like Gecko"
80.123.225.34 - - [13/Dec/2017:09:16:58 +0100] "GET /css/themes/alphacube/frame_right.gif HTTP/1.1" 200 64 "http://renault.activities.at/result?searchterm=true&search=Koleos" "Mozilla/5.0 (Windows NT 6.1; WOW64; Trident/7.0; rv:11.0) like Gecko"
80.123.225.34 - - [13/Dec/2017:09:16:58 +0100] "GET /css/themes/alphacube/top_mid.gif HTTP/1.1" 200 833 "http://renault.activities.at/result?searchterm=true&search=Koleos" "Mozilla/5.0 (Windows NT 6.1; WOW64; Trident/7.0; rv:11.0) like Gecko"
80.123.225.34 - - [13/Dec/2017:09:16:58 +0100] "GET /css/themes/alphacube/bottom_middle.gif HTTP/1.1" 200 44 "http://renault.activities.at/result?searchterm=true&search=Koleos" "Mozilla/5.0 (Windows NT 6.1; WOW64; Trident/7.0; rv:11.0) like Gecko"
80.123.225.34 - - [13/Dec/2017:09:16:58 +0100] "GET /css/themes/alphacube/top_right.gif HTTP/1.1" 200 972 "http://renault.activities.at/result?searchterm=true&search=Koleos" "Mozilla/5.0 (Windows NT 6.1; WOW64; Trident/7.0; rv:11.0) like Gecko"
80.123.225.34 - - [13/Dec/2017:09:16:58 +0100] "GET /css/themes/alphacube/top_left.gif HTTP/1.1" 200 973 "http://renault.activities.at/result?searchterm=true&search=Koleos" "Mozilla/5.0 (Windows NT 6.1; WOW64; Trident/7.0; rv:11.0) like Gecko"
80.123.225.34 - - [13/Dec/2017:09:16:58 +0100] "GET /css/themes/alphacube/bottom_right-c.gif HTTP/1.1" 200 62 "http://renault.activities.at/result?searchterm=true&search=Koleos" "Mozilla/5.0 (Windows NT 6.1; WOW64; Trident/7.0; rv:11.0) like Gecko"
80.123.225.34 - - [13/Dec/2017:09:16:58 +0100] "GET /css/themes/alphacube/bottom_left-c.gif HTTP/1.1" 200 62 "http://renault.activities.at/result?searchterm=true&search=Koleos" "Mozilla/5.0 (Windows NT 6.1; WOW64; Trident/7.0; rv:11.0) like Gecko"
80.123.225.34 - - [13/Dec/2017:09:16:58 +0100] "GET /css/themes/alphacube/button-close-focus.gif HTTP/1.1" 200 699 "http://renault.activities.at/result?searchterm=true&search=Koleos" "Mozilla/5.0 (Windows NT 6.1; WOW64; Trident/7.0; rv:11.0) like Gecko"
80.123.225.34 - - [13/Dec/2017:09:16:58 +0100] "GET /11555179?print=true HTTP/1.1" 200 2646 "http://renault.activities.at/result?searchterm=true&search=Koleos" "Mozilla/5.0 (Windows NT 6.1; WOW64; Trident/7.0; rv:11.0) like Gecko"
80.123.225.34 - - [13/Dec/2017:09:17:02 +0100] "GET /js/magiczoom/magiczoom.css HTTP/1.1" 200 1210 "http://renault.activities.at/11555179?print=true" "Mozilla/5.0 (Windows NT 6.1; WOW64; Trident/7.0; rv:11.0) like Gecko"
80.123.225.34 - - [13/Dec/2017:09:17:02 +0100] "GET /js/Produkt.js HTTP/1.1" 200 852 "http://renault.activities.at/11555179?print=true" "Mozilla/5.0 (Windows NT 6.1; WOW64; Trident/7.0; rv:11.0) like Gecko"
80.123.225.34 - - [13/Dec/2017:09:17:02 +0100] "GET /js/magiczoom/magiczoom.js HTTP/1.1" 200 26397 "http://renault.activities.at/11555179?print=true" "Mozilla/5.0 (Windows NT 6.1; WOW64; Trident/7.0; rv:11.0) like Gecko"
80.123.225.34 - - [13/Dec/2017:09:17:02 +0100] "GET /loadthumbnail.php?id=11555219&width=250 HTTP/1.1" 200 6543 "http://renault.activities.at/11555179?print=true" "Mozilla/5.0 (Windows NT 6.1; WOW64; Trident/7.0; rv:11.0) like Gecko"
80.123.225.34 - - [13/Dec/2017:09:17:02 +0100] "GET /loadthumbnail.php?id=11555219&width=900&height=900 HTTP/1.1" 200 43209 "http://renault.activities.at/11555179?print=true" "Mozilla/5.0 (Windows NT 6.1; WOW64; Trident/7.0; rv:11.0) like Gecko"
80.123.225.34 - - [13/Dec/2017:09:17:02 +0100] "GET /js/magiczoom/graphics/hint.gif HTTP/1.1" 200 73 "http://renault.activities.at/11555179?print=true" "Mozilla/5.0 (Windows NT 6.1; WOW64; Trident/7.0; rv:11.0) like Gecko"
80.123.225.34 - - [13/Dec/2017:09:17:02 +0100] "GET /graphics/zoomin.cur HTTP/1.1" 200 3617 "http://renault.activities.at/11555179?print=true" "Mozilla/5.0 (Windows NT 6.1; WOW64; Trident/7.0; rv:11.0) like Gecko"
80.123.225.34 - - [13/Dec/2017:09:17:09 +0100] "GET /null HTTP/1.1" 200 3617 "http://renault.activities.at/result?searchterm=true&search=Koleos" "Mozilla/5.0 (Windows NT 6.1; WOW64; Trident/7.0; rv:11.0) like Gecko"
80.123.225.34 - - [13/Dec/2017:09:17:15 +0100] "GET /11555179?print=true HTTP/1.1" 200 2646 "http://renault.activities.at/result?searchterm=true&search=Koleos" "Mozilla/5.0 (Windows NT 6.1; WOW64; Trident/7.0; rv:11.0) like Gecko"
80.123.225.34 - - [13/Dec/2017:09:17:17 +0100] "GET /graphics/zoomin.cur HTTP/1.1" 200 3617 "http://renault.activities.at/11555179?print=true" "Mozilla/5.0 (Windows NT 6.1; WOW64; Trident/7.0; rv:11.0) like Gecko"
213.153.47.173 - - [13/Dec/2017:09:17:26 +0100] "GET /reload?ser=1513153050793 HTTP/1.1" 200 28 "http://renault.activities.at/10260008" "Mozilla/5.0 (Windows NT 6.1; WOW64) AppleWebKit/537.36 (KHTML, like Gecko) Chrome/62.0.3202.89 Safari/537.36 OPR/49.0.2725.47"
80.123.225.34 - - [13/Dec/2017:09:17:31 +0100] "GET /null HTTP/1.1" 200 3617 "http://renault.activities.at/result?searchterm=true&search=Koleos" "Mozilla/5.0 (Windows NT 6.1; WOW64; Trident/7.0; rv:11.0) like Gecko"
80.123.225.34 - - [13/Dec/2017:09:17:34 +0100] "GET /11555179?print=true HTTP/1.1" 200 2646 "http://renault.activities.at/result?searchterm=true&search=Koleos" "Mozilla/5.0 (Windows NT 6.1; WOW64; Trident/7.0; rv:11.0) like Gecko"
193.194.132.79 - - [13/Dec/2017:09:17:35 +0100] "GET /reload?ser=1513153055803 HTTP/1.1" 200 28 "http://renault.2web.at/success" "Mozilla/5.0 (Windows NT 6.1; WOW64; Trident/7.0; rv:11.0) like Gecko"
80.123.225.34 - - [13/Dec/2017:09:17:36 +0100] "GET /graphics/zoomin.cur HTTP/1.1" 200 3617 "http://renault.activities.at/11555179?print=true" "Mozilla/5.0 (Windows NT 6.1; WOW64; Trident/7.0; rv:11.0) like Gecko"
80.123.225.34 - - [13/Dec/2017:09:17:37 +0100] "GET /reload?ser=1513153057466 HTTP/1.1" 200 28 "http://renault.activities.at/result?searchterm=true&search=Koleos" "Mozilla/5.0 (Windows NT 6.1; WOW64; Trident/7.0; rv:11.0) like Gecko"
80.123.225.34 - - [13/Dec/2017:09:17:43 +0100] "GET /graphics/zoomin.cur HTTP/1.1" 200 3617 "http://renault.activities.at/11555179?print=true" "Mozilla/5.0 (Windows NT 6.1; WOW64; Trident/7.0; rv:11.0) like Gecko"
80.123.225.34 - - [13/Dec/2017:09:17:43 +0100] "GET /null HTTP/1.1" 200 3617 "http://renault.activities.at/result?searchterm=true&search=Koleos" "Mozilla/5.0 (Windows NT 6.1; WOW64; Trident/7.0; rv:11.0) like Gecko"
193.194.132.74 - - [13/Dec/2017:09:17:53 +0100] "GET /reload?ser=1513153072923 HTTP/1.1" 200 28 "http://renault.2web.at/account?loadrequest=true" "Mozilla/5.0 (Windows NT 6.1; WOW64; Trident/7.0; rv:11.0) like Gecko"
80.123.225.34 - - [13/Dec/2017:09:17:55 +0100] "GET /11555176?print=true HTTP/1.1" 200 2647 "http://renault.activities.at/result?searchterm=true&search=Koleos" "Mozilla/5.0 (Windows NT 6.1; WOW64; Trident/7.0; rv:11.0) like Gecko"
80.123.225.34 - - [13/Dec/2017:09:17:58 +0100] "GET /loadthumbnail.php?id=11555218&width=250 HTTP/1.1" 200 6543 "http://renault.activities.at/11555176?print=true" "Mozilla/5.0 (Windows NT 6.1; WOW64; Trident/7.0; rv:11.0) like Gecko"
80.123.225.34 - - [13/Dec/2017:09:17:58 +0100] "GET /loadthumbnail.php?id=11555218&width=900&height=900 HTTP/1.1" 200 43209 "http://renault.activities.at/11555176?print=true" "Mozilla/5.0 (Windows NT 6.1; WOW64; Trident/7.0; rv:11.0) like Gecko"
80.123.225.34 - - [13/Dec/2017:09:17:59 +0100] "GET /graphics/zoomin.cur HTTP/1.1" 200 3617 "http://renault.activities.at/11555176?print=true" "Mozilla/5.0 (Windows NT 6.1; WOW64; Trident/7.0; rv:11.0) like Gecko"
80.123.225.34 - - [13/Dec/2017:09:18:03 +0100] "GET /graphics/zoomin.cur HTTP/1.1" 200 3617 "http://renault.activities.at/11555176?print=true" "Mozilla/5.0 (Windows NT 6.1; WOW64; Trident/7.0; rv:11.0) like Gecko"
80.123.225.34 - - [13/Dec/2017:09:18:06 +0100] "GET /null HTTP/1.1" 200 3617 "http://renault.activities.at/result?searchterm=true&search=Koleos" "Mozilla/5.0 (Windows NT 6.1; WOW64; Trident/7.0; rv:11.0) like Gecko"
213.153.47.173 - - [13/Dec/2017:09:18:27 +0100] "GET /reload?ser=1513153111781 HTTP/1.1" 200 28 "http://renault.activities.at/10260008" "Mozilla/5.0 (Windows NT 6.1; WOW64) AppleWebKit/537.36 (KHTML, like Gecko) Chrome/62.0.3202.89 Safari/537.36 OPR/49.0.2725.47"
193.194.132.79 - - [13/Dec/2017:09:18:37 +0100] "GET /reload?ser=1513153116904 HTTP/1.1" 200 28 "http://renault.2web.at/success" "Mozilla/5.0 (Windows NT 6.1; WOW64; Trident/7.0; rv:11.0) like Gecko"
80.123.225.34 - - [13/Dec/2017:09:18:38 +0100] "GET /reload?ser=1513153118456 HTTP/1.1" 200 28 "http://renault.activities.at/result?searchterm=true&search=Koleos" "Mozilla/5.0 (Windows NT 6.1; WOW64; Trident/7.0; rv:11.0) like Gecko"
193.194.132.79 - - [13/Dec/2017:09:18:46 +0100] "POST /axjaxrequest?mode=suggest HTTP/1.1" 200 1120 "http://renault.2web.at/success" "Mozilla/5.0 (Windows NT 6.1; WOW64; Trident/7.0; rv:11.0) like Gecko"
193.194.132.79 - - [13/Dec/2017:09:18:47 +0100] "POST /axjaxrequest?mode=suggest HTTP/1.1" 200 219 "http://renault.2web.at/success" "Mozilla/5.0 (Windows NT 6.1; WOW64; Trident/7.0; rv:11.0) like Gecko"
193.194.132.79 - - [13/Dec/2017:09:18:49 +0100] "POST /axjaxrequest?mode=suggest HTTP/1.1" 200 683 "http://renault.2web.at/success" "Mozilla/5.0 (Windows NT 6.1; WOW64; Trident/7.0; rv:11.0) like Gecko"
193.194.132.79 - - [13/Dec/2017:09:18:50 +0100] "POST /axjaxrequest?mode=suggest HTTP/1.1" 200 484 "http://renault.2web.at/success" "Mozilla/5.0 (Windows NT 6.1; WOW64; Trident/7.0; rv:11.0) like Gecko"
193.194.132.79 - - [13/Dec/2017:09:18:51 +0100] "POST /axjaxrequest?mode=suggest HTTP/1.1" 200 21 "http://renault.2web.at/success" "Mozilla/5.0 (Windows NT 6.1; WOW64; Trident/7.0; rv:11.0) like Gecko"
193.194.132.74 - - [13/Dec/2017:09:18:54 +0100] "GET /reload?ser=1513153133978 HTTP/1.1" 200 28 "http://renault.2web.at/account?loadrequest=true" "Mozilla/5.0 (Windows NT 6.1; WOW64; Trident/7.0; rv:11.0) like Gecko"
193.194.132.79 - - [13/Dec/2017:09:18:56 +0100] "GET /result?searchterm=true&search=REH5246 HTTP/1.1" 200 6706 "http://renault.2web.at/success" "Mozilla/5.0 (Windows NT 6.1; WOW64; Trident/7.0; rv:11.0) like Gecko"
193.194.132.79 - - [13/Dec/2017:09:18:58 +0100] "GET /images/note_msg_icon.gif HTTP/1.1" 200 1022 "http://renault.2web.at/result?searchterm=true&search=REH5246" "Mozilla/5.0 (Windows NT 6.1; WOW64; Trident/7.0; rv:11.0) like Gecko"
213.153.47.173 - - [13/Dec/2017:09:19:28 +0100] "GET /reload?ser=1513153172745 HTTP/1.1" 200 28 "http://renault.activities.at/10260008" "Mozilla/5.0 (Windows NT 6.1; WOW64) AppleWebKit/537.36 (KHTML, like Gecko) Chrome/62.0.3202.89 Safari/537.36 OPR/49.0.2725.47"
80.123.225.34 - - [13/Dec/2017:09:19:39 +0100] "GET /reload?ser=1513153179480 HTTP/1.1" 200 28 "http://renault.activities.at/result?searchterm=true&search=Koleos" "Mozilla/5.0 (Windows NT 6.1; WOW64; Trident/7.0; rv:11.0) like Gecko"
193.194.132.74 - - [13/Dec/2017:09:19:55 +0100] "GET /reload?ser=1513153195059 HTTP/1.1" 200 28 "http://renault.2web.at/account?loadrequest=true" "Mozilla/5.0 (Windows NT 6.1; WOW64; Trident/7.0; rv:11.0) like Gecko"
193.194.132.79 - - [13/Dec/2017:09:19:58 +0100] "GET /reload?ser=1513153197966 HTTP/1.1" 200 28 "http://renault.2web.at/result?searchterm=true&search=REH5246" "Mozilla/5.0 (Windows NT 6.1; WOW64; Trident/7.0; rv:11.0) like Gecko"
213.153.47.173 - - [13/Dec/2017:09:20:29 +0100] "GET /reload?ser=1513153233771 HTTP/1.1" 200 28 "http://renault.activities.at/10260008" "Mozilla/5.0 (Windows NT 6.1; WOW64) AppleWebKit/537.36 (KHTML, like Gecko) Chrome/62.0.3202.89 Safari/537.36 OPR/49.0.2725.47"
80.123.225.34 - - [13/Dec/2017:09:20:40 +0100] "GET /reload?ser=1513153240486 HTTP/1.1" 200 28 "http://renault.activities.at/result?searchterm=true&search=Koleos" "Mozilla/5.0 (Windows NT 6.1; WOW64; Trident/7.0; rv:11.0) like Gecko"
193.194.132.74 - - [13/Dec/2017:09:20:56 +0100] "GET /reload?ser=1513153256160 HTTP/1.1" 200 28 "http://renault.2web.at/account?loadrequest=true" "Mozilla/5.0 (Windows NT 6.1; WOW64; Trident/7.0; rv:11.0) like Gecko"
193.194.132.79 - - [13/Dec/2017:09:20:59 +0100] "GET /reload?ser=1513153259050 HTTP/1.1" 200 28 "http://renault.2web.at/result?searchterm=true&search=REH5246" "Mozilla/5.0 (Windows NT 6.1; WOW64; Trident/7.0; rv:11.0) like Gecko"
213.153.47.173 - - [13/Dec/2017:09:21:30 +0100] "GET /reload?ser=1513153294739 HTTP/1.1" 200 28 "http://renault.activities.at/10260008" "Mozilla/5.0 (Windows NT 6.1; WOW64) AppleWebKit/537.36 (KHTML, like Gecko) Chrome/62.0.3202.89 Safari/537.36 OPR/49.0.2725.47"
80.123.225.34 - - [13/Dec/2017:09:21:41 +0100] "GET /reload?ser=1513153301525 HTTP/1.1" 200 28 "http://renault.activities.at/result?searchterm=true&search=Koleos" "Mozilla/5.0 (Windows NT 6.1; WOW64; Trident/7.0; rv:11.0) like Gecko"
193.194.132.74 - - [13/Dec/2017:09:21:57 +0100] "GET /reload?ser=1513153317324 HTTP/1.1" 200 28 "http://renault.2web.at/account?loadrequest=true" "Mozilla/5.0 (Windows NT 6.1; WOW64; Trident/7.0; rv:11.0) like Gecko"
193.194.132.79 - - [13/Dec/2017:09:22:00 +0100] "GET /reload?ser=1513153320202 HTTP/1.1" 200 28 "http://renault.2web.at/result?searchterm=true&search=REH5246" "Mozilla/5.0 (Windows NT 6.1; WOW64; Trident/7.0; rv:11.0) like Gecko"
213.153.47.173 - - [13/Dec/2017:09:22:31 +0100] "GET /reload?ser=1513153355706 HTTP/1.1" 200 28 "http://renault.activities.at/10260008" "Mozilla/5.0 (Windows NT 6.1; WOW64) AppleWebKit/537.36 (KHTML, like Gecko) Chrome/62.0.3202.89 Safari/537.36 OPR/49.0.2725.47"
80.123.225.34 - - [13/Dec/2017:09:22:42 +0100] "GET /reload?ser=1513153362535 HTTP/1.1" 200 28 "http://renault.activities.at/result?searchterm=true&search=Koleos" "Mozilla/5.0 (Windows NT 6.1; WOW64; Trident/7.0; rv:11.0) like Gecko"
193.194.132.74 - - [13/Dec/2017:09:22:58 +0100] "GET /reload?ser=1513153378435 HTTP/1.1" 200 28 "http://renault.2web.at/account?loadrequest=true" "Mozilla/5.0 (Windows NT 6.1; WOW64; Trident/7.0; rv:11.0) like Gecko"
193.194.132.79 - - [13/Dec/2017:09:23:01 +0100] "GET /reload?ser=1513153381318 HTTP/1.1" 200 28 "http://renault.2web.at/result?searchterm=true&search=REH5246" "Mozilla/5.0 (Windows NT 6.1; WOW64; Trident/7.0; rv:11.0) like Gecko"
213.153.47.173 - - [13/Dec/2017:09:23:32 +0100] "GET /reload?ser=1513153416681 HTTP/1.1" 200 28 "http://renault.activities.at/10260008" "Mozilla/5.0 (Windows NT 6.1; WOW64) AppleWebKit/537.36 (KHTML, like Gecko) Chrome/62.0.3202.89 Safari/537.36 OPR/49.0.2725.47"
80.123.225.34 - - [13/Dec/2017:09:23:43 +0100] "GET /reload?ser=1513153423544 HTTP/1.1" 200 28 "http://renault.activities.at/result?searchterm=true&search=Koleos" "Mozilla/5.0 (Windows NT 6.1; WOW64; Trident/7.0; rv:11.0) like Gecko"
193.194.132.74 - - [13/Dec/2017:09:23:59 +0100] "GET /reload?ser=1513153439506 HTTP/1.1" 200 28 "http://renault.2web.at/account?loadrequest=true" "Mozilla/5.0 (Windows NT 6.1; WOW64; Trident/7.0; rv:11.0) like Gecko"
193.194.132.79 - - [13/Dec/2017:09:24:02 +0100] "GET /reload?ser=1513153442403 HTTP/1.1" 200 28 "http://renault.2web.at/result?searchterm=true&search=REH5246" "Mozilla/5.0 (Windows NT 6.1; WOW64; Trident/7.0; rv:11.0) like Gecko"
213.153.47.173 - - [13/Dec/2017:09:24:33 +0100] "GET /reload?ser=1513153477694 HTTP/1.1" 200 28 "http://renault.activities.at/10260008" "Mozilla/5.0 (Windows NT 6.1; WOW64) AppleWebKit/537.36 (KHTML, like Gecko) Chrome/62.0.3202.89 Safari/537.36 OPR/49.0.2725.47"
80.123.225.34 - - [13/Dec/2017:09:24:44 +0100] "GET /reload?ser=1513153484538 HTTP/1.1" 200 28 "http://renault.activities.at/result?searchterm=true&search=Koleos" "Mozilla/5.0 (Windows NT 6.1; WOW64; Trident/7.0; rv:11.0) like Gecko"
193.194.132.74 - - [13/Dec/2017:09:25:00 +0100] "GET /reload?ser=1513153500610 HTTP/1.1" 200 28 "http://renault.2web.at/account?loadrequest=true" "Mozilla/5.0 (Windows NT 6.1; WOW64; Trident/7.0; rv:11.0) like Gecko"
193.194.132.79 - - [13/Dec/2017:09:25:03 +0100] "GET /reload?ser=1513153503514 HTTP/1.1" 200 28 "http://renault.2web.at/result?searchterm=true&search=REH5246" "Mozilla/5.0 (Windows NT 6.1; WOW64; Trident/7.0; rv:11.0) like Gecko"
213.153.47.173 - - [13/Dec/2017:09:25:34 +0100] "GET /reload?ser=1513153538664 HTTP/1.1" 200 28 "http://renault.activities.at/10260008" "Mozilla/5.0 (Windows NT 6.1; WOW64) AppleWebKit/537.36 (KHTML, like Gecko) Chrome/62.0.3202.89 Safari/537.36 OPR/49.0.2725.47"
80.123.225.34 - - [13/Dec/2017:09:25:45 +0100] "GET /reload?ser=1513153545548 HTTP/1.1" 200 28 "http://renault.activities.at/result?searchterm=true&search=Koleos" "Mozilla/5.0 (Windows NT 6.1; WOW64; Trident/7.0; rv:11.0) like Gecko"
193.194.132.74 - - [13/Dec/2017:09:26:01 +0100] "GET /reload?ser=1513153561664 HTTP/1.1" 200 28 "http://renault.2web.at/account?loadrequest=true" "Mozilla/5.0 (Windows NT 6.1; WOW64; Trident/7.0; rv:11.0) like Gecko"
193.194.132.79 - - [13/Dec/2017:09:26:04 +0100] "GET /reload?ser=1513153564601 HTTP/1.1" 200 28 "http://renault.2web.at/result?searchterm=true&search=REH5246" "Mozilla/5.0 (Windows NT 6.1; WOW64; Trident/7.0; rv:11.0) like Gecko"
213.153.47.173 - - [13/Dec/2017:09:26:35 +0100] "GET /reload?ser=1513153599645 HTTP/1.1" 200 28 "http://renault.activities.at/10260008" "Mozilla/5.0 (Windows NT 6.1; WOW64) AppleWebKit/537.36 (KHTML, like Gecko) Chrome/62.0.3202.89 Safari/537.36 OPR/49.0.2725.47"
80.123.225.34 - - [13/Dec/2017:09:26:46 +0100] "GET /reload?ser=1513153606605 HTTP/1.1" 200 28 "http://renault.activities.at/result?searchterm=true&search=Koleos" "Mozilla/5.0 (Windows NT 6.1; WOW64; Trident/7.0; rv:11.0) like Gecko"
193.194.132.74 - - [13/Dec/2017:09:27:02 +0100] "GET /reload?ser=1513153622772 HTTP/1.1" 200 28 "http://renault.2web.at/account?loadrequest=true" "Mozilla/5.0 (Windows NT 6.1; WOW64; Trident/7.0; rv:11.0) like Gecko"
193.194.132.79 - - [13/Dec/2017:09:27:05 +0100] "GET /reload?ser=1513153625703 HTTP/1.1" 200 28 "http://renault.2web.at/result?searchterm=true&search=REH5246" "Mozilla/5.0 (Windows NT 6.1; WOW64; Trident/7.0; rv:11.0) like Gecko"
213.153.47.173 - - [13/Dec/2017:09:27:36 +0100] "GET /reload?ser=1513153660612 HTTP/1.1" 200 28 "http://renault.activities.at/10260008" "Mozilla/5.0 (Windows NT 6.1; WOW64) AppleWebKit/537.36 (KHTML, like Gecko) Chrome/62.0.3202.89 Safari/537.36 OPR/49.0.2725.47"
80.123.225.34 - - [13/Dec/2017:09:27:47 +0100] "GET /reload?ser=1513153667597 HTTP/1.1" 200 28 "http://renault.activities.at/result?searchterm=true&search=Koleos" "Mozilla/5.0 (Windows NT 6.1; WOW64; Trident/7.0; rv:11.0) like Gecko"
193.194.132.74 - - [13/Dec/2017:09:28:04 +0100] "GET /reload?ser=1513153683851 HTTP/1.1" 200 28 "http://renault.2web.at/account?loadrequest=true" "Mozilla/5.0 (Windows NT 6.1; WOW64; Trident/7.0; rv:11.0) like Gecko"
193.194.132.79 - - [13/Dec/2017:09:28:06 +0100] "GET /reload?ser=1513153686791 HTTP/1.1" 200 28 "http://renault.2web.at/result?searchterm=true&search=REH5246" "Mozilla/5.0 (Windows NT 6.1; WOW64; Trident/7.0; rv:11.0) like Gecko"
213.153.47.173 - - [13/Dec/2017:09:28:37 +0100] "GET /reload?ser=1513153721616 HTTP/1.1" 200 28 "http://renault.activities.at/10260008" "Mozilla/5.0 (Windows NT 6.1; WOW64) AppleWebKit/537.36 (KHTML, like Gecko) Chrome/62.0.3202.89 Safari/537.36 OPR/49.0.2725.47"
80.123.225.34 - - [13/Dec/2017:09:28:48 +0100] "GET /reload?ser=1513153728683 HTTP/1.1" 200 28 "http://renault.activities.at/result?searchterm=true&search=Koleos" "Mozilla/5.0 (Windows NT 6.1; WOW64; Trident/7.0; rv:11.0) like Gecko"
193.194.132.74 - - [13/Dec/2017:09:29:05 +0100] "GET /reload?ser=1513153745012 HTTP/1.1" 200 28 "http://renault.2web.at/account?loadrequest=true" "Mozilla/5.0 (Windows NT 6.1; WOW64; Trident/7.0; rv:11.0) like Gecko"
193.194.132.79 - - [13/Dec/2017:09:29:08 +0100] "GET /reload?ser=1513153747832 HTTP/1.1" 200 28 "http://renault.2web.at/result?searchterm=true&search=REH5246" "Mozilla/5.0 (Windows NT 6.1; WOW64; Trident/7.0; rv:11.0) like Gecko"
213.153.47.173 - - [13/Dec/2017:09:29:38 +0100] "GET /reload?ser=1513153782613 HTTP/1.1" 200 28 "http://renault.activities.at/10260008" "Mozilla/5.0 (Windows NT 6.1; WOW64) AppleWebKit/537.36 (KHTML, like Gecko) Chrome/62.0.3202.89 Safari/537.36 OPR/49.0.2725.47"
80.123.225.34 - - [13/Dec/2017:09:29:49 +0100] "GET /reload?ser=1513153789753 HTTP/1.1" 200 28 "http://renault.activities.at/result?searchterm=true&search=Koleos" "Mozilla/5.0 (Windows NT 6.1; WOW64; Trident/7.0; rv:11.0) like Gecko"
193.194.132.74 - - [13/Dec/2017:09:30:06 +0100] "GET /reload?ser=1513153806118 HTTP/1.1" 200 28 "http://renault.2web.at/account?loadrequest=true" "Mozilla/5.0 (Windows NT 6.1; WOW64; Trident/7.0; rv:11.0) like Gecko"
193.194.132.79 - - [13/Dec/2017:09:30:09 +0100] "GET /reload?ser=1513153808920 HTTP/1.1" 200 28 "http://renault.2web.at/result?searchterm=true&search=REH5246" "Mozilla/5.0 (Windows NT 6.1; WOW64; Trident/7.0; rv:11.0) like Gecko"
213.153.47.173 - - [13/Dec/2017:09:30:39 +0100] "GET /reload?ser=1513153843593 HTTP/1.1" 200 28 "http://renault.activities.at/10260008" "Mozilla/5.0 (Windows NT 6.1; WOW64) AppleWebKit/537.36 (KHTML, like Gecko) Chrome/62.0.3202.89 Safari/537.36 OPR/49.0.2725.47"
80.123.225.34 - - [13/Dec/2017:09:30:50 +0100] "GET /reload?ser=1513153850745 HTTP/1.1" 200 28 "http://renault.activities.at/result?searchterm=true&search=Koleos" "Mozilla/5.0 (Windows NT 6.1; WOW64; Trident/7.0; rv:11.0) like Gecko"
193.194.132.74 - - [13/Dec/2017:09:31:07 +0100] "GET /reload?ser=1513153867247 HTTP/1.1" 200 28 "http://renault.2web.at/account?loadrequest=true" "Mozilla/5.0 (Windows NT 6.1; WOW64; Trident/7.0; rv:11.0) like Gecko"
193.194.132.79 - - [13/Dec/2017:09:31:10 +0100] "GET /reload?ser=1513153869976 HTTP/1.1" 200 28 "http://renault.2web.at/result?searchterm=true&search=REH5246" "Mozilla/5.0 (Windows NT 6.1; WOW64; Trident/7.0; rv:11.0) like Gecko"
213.153.47.173 - - [13/Dec/2017:09:31:40 +0100] "GET /reload?ser=1513153904588 HTTP/1.1" 200 28 "http://renault.activities.at/10260008" "Mozilla/5.0 (Windows NT 6.1; WOW64) AppleWebKit/537.36 (KHTML, like Gecko) Chrome/62.0.3202.89 Safari/537.36 OPR/49.0.2725.47"
80.123.225.34 - - [13/Dec/2017:09:31:51 +0100] "GET /reload?ser=1513153911768 HTTP/1.1" 200 28 "http://renault.activities.at/result?searchterm=true&search=Koleos" "Mozilla/5.0 (Windows NT 6.1; WOW64; Trident/7.0; rv:11.0) like Gecko"
193.194.132.74 - - [13/Dec/2017:09:32:08 +0100] "GET /reload?ser=1513153928354 HTTP/1.1" 200 28 "http://renault.2web.at/account?loadrequest=true" "Mozilla/5.0 (Windows NT 6.1; WOW64; Trident/7.0; rv:11.0) like Gecko"
193.194.132.79 - - [13/Dec/2017:09:32:11 +0100] "GET /reload?ser=1513153931063 HTTP/1.1" 200 28 "http://renault.2web.at/result?searchterm=true&search=REH5246" "Mozilla/5.0 (Windows NT 6.1; WOW64; Trident/7.0; rv:11.0) like Gecko"
213.153.47.173 - - [13/Dec/2017:09:32:41 +0100] "GET /reload?ser=1513153965607 HTTP/1.1" 200 28 "http://renault.activities.at/10260008" "Mozilla/5.0 (Windows NT 6.1; WOW64) AppleWebKit/537.36 (KHTML, like Gecko) Chrome/62.0.3202.89 Safari/537.36 OPR/49.0.2725.47"
80.123.225.34 - - [13/Dec/2017:09:32:52 +0100] "GET /reload?ser=1513153972792 HTTP/1.1" 200 28 "http://renault.activities.at/result?searchterm=true&search=Koleos" "Mozilla/5.0 (Windows NT 6.1; WOW64; Trident/7.0; rv:11.0) like Gecko"
193.194.132.74 - - [13/Dec/2017:09:33:09 +0100] "GET /reload?ser=1513153989448 HTTP/1.1" 200 28 "http://renault.2web.at/account?loadrequest=true" "Mozilla/5.0 (Windows NT 6.1; WOW64; Trident/7.0; rv:11.0) like Gecko"
193.194.132.79 - - [13/Dec/2017:09:33:12 +0100] "GET /reload?ser=1513153992151 HTTP/1.1" 200 28 "http://renault.2web.at/result?searchterm=true&search=REH5246" "Mozilla/5.0 (Windows NT 6.1; WOW64; Trident/7.0; rv:11.0) like Gecko"
213.153.47.173 - - [13/Dec/2017:09:33:42 +0100] "GET /reload?ser=1513154026588 HTTP/1.1" 200 28 "http://renault.activities.at/10260008" "Mozilla/5.0 (Windows NT 6.1; WOW64) AppleWebKit/537.36 (KHTML, like Gecko) Chrome/62.0.3202.89 Safari/537.36 OPR/49.0.2725.47"
80.123.225.34 - - [13/Dec/2017:09:33:53 +0100] "GET /reload?ser=1513154033781 HTTP/1.1" 200 28 "http://renault.activities.at/result?searchterm=true&search=Koleos" "Mozilla/5.0 (Windows NT 6.1; WOW64; Trident/7.0; rv:11.0) like Gecko"
193.194.132.74 - - [13/Dec/2017:09:34:10 +0100] "GET /reload?ser=1513154050525 HTTP/1.1" 200 28 "http://renault.2web.at/account?loadrequest=true" "Mozilla/5.0 (Windows NT 6.1; WOW64; Trident/7.0; rv:11.0) like Gecko"
193.194.132.79 - - [13/Dec/2017:09:34:13 +0100] "GET /reload?ser=1513154053254 HTTP/1.1" 200 28 "http://renault.2web.at/result?searchterm=true&search=REH5246" "Mozilla/5.0 (Windows NT 6.1; WOW64; Trident/7.0; rv:11.0) like Gecko"
213.153.47.173 - - [13/Dec/2017:09:34:43 +0100] "GET /reload?ser=1513154087601 HTTP/1.1" 200 28 "http://renault.activities.at/10260008" "Mozilla/5.0 (Windows NT 6.1; WOW64) AppleWebKit/537.36 (KHTML, like Gecko) Chrome/62.0.3202.89 Safari/537.36 OPR/49.0.2725.47"
80.123.225.34 - - [13/Dec/2017:09:34:54 +0100] "GET /reload?ser=1513154094819 HTTP/1.1" 200 28 "http://renault.activities.at/result?searchterm=true&search=Koleos" "Mozilla/5.0 (Windows NT 6.1; WOW64; Trident/7.0; rv:11.0) like Gecko"
193.194.132.74 - - [13/Dec/2017:09:35:11 +0100] "GET /reload?ser=1513154111673 HTTP/1.1" 200 28 "http://renault.2web.at/account?loadrequest=true" "Mozilla/5.0 (Windows NT 6.1; WOW64; Trident/7.0; rv:11.0) like Gecko"
193.194.132.79 - - [13/Dec/2017:09:35:14 +0100] "GET /reload?ser=1513154114398 HTTP/1.1" 200 28 "http://renault.2web.at/result?searchterm=true&search=REH5246" "Mozilla/5.0 (Windows NT 6.1; WOW64; Trident/7.0; rv:11.0) like Gecko"
213.153.47.173 - - [13/Dec/2017:09:35:44 +0100] "GET /reload?ser=1513154148563 HTTP/1.1" 200 28 "http://renault.activities.at/10260008" "Mozilla/5.0 (Windows NT 6.1; WOW64) AppleWebKit/537.36 (KHTML, like Gecko) Chrome/62.0.3202.89 Safari/537.36 OPR/49.0.2725.47"
80.123.225.34 - - [13/Dec/2017:09:35:55 +0100] "GET /reload?ser=1513154155842 HTTP/1.1" 200 28 "http://renault.activities.at/result?searchterm=true&search=Koleos" "Mozilla/5.0 (Windows NT 6.1; WOW64; Trident/7.0; rv:11.0) like Gecko"
193.194.132.74 - - [13/Dec/2017:09:36:12 +0100] "GET /reload?ser=1513154172747 HTTP/1.1" 200 28 "http://renault.2web.at/account?loadrequest=true" "Mozilla/5.0 (Windows NT 6.1; WOW64; Trident/7.0; rv:11.0) like Gecko"
193.194.132.79 - - [13/Dec/2017:09:36:15 +0100] "GET /reload?ser=1513154175449 HTTP/1.1" 200 28 "http://renault.2web.at/result?searchterm=true&search=REH5246" "Mozilla/5.0 (Windows NT 6.1; WOW64; Trident/7.0; rv:11.0) like Gecko"
213.153.47.173 - - [13/Dec/2017:09:36:45 +0100] "GET /reload?ser=1513154209549 HTTP/1.1" 200 28 "http://renault.activities.at/10260008" "Mozilla/5.0 (Windows NT 6.1; WOW64) AppleWebKit/537.36 (KHTML, like Gecko) Chrome/62.0.3202.89 Safari/537.36 OPR/49.0.2725.47"
80.123.225.34 - - [13/Dec/2017:09:36:56 +0100] "GET /reload?ser=1513154216801 HTTP/1.1" 200 28 "http://renault.activities.at/result?searchterm=true&search=Koleos" "Mozilla/5.0 (Windows NT 6.1; WOW64; Trident/7.0; rv:11.0) like Gecko"
193.194.132.74 - - [13/Dec/2017:09:37:13 +0100] "GET /reload?ser=1513154233820 HTTP/1.1" 200 28 "http://renault.2web.at/account?loadrequest=true" "Mozilla/5.0 (Windows NT 6.1; WOW64; Trident/7.0; rv:11.0) like Gecko"
193.194.132.79 - - [13/Dec/2017:09:37:16 +0100] "GET /reload?ser=1513154236531 HTTP/1.1" 200 28 "http://renault.2web.at/result?searchterm=true&search=REH5246" "Mozilla/5.0 (Windows NT 6.1; WOW64; Trident/7.0; rv:11.0) like Gecko"
213.153.47.173 - - [13/Dec/2017:09:37:46 +0100] "GET /reload?ser=1513154270538 HTTP/1.1" 200 28 "http://renault.activities.at/10260008" "Mozilla/5.0 (Windows NT 6.1; WOW64) AppleWebKit/537.36 (KHTML, like Gecko) Chrome/62.0.3202.89 Safari/537.36 OPR/49.0.2725.47"
80.123.225.34 - - [13/Dec/2017:09:37:57 +0100] "GET /reload?ser=1513154277845 HTTP/1.1" 200 28 "http://renault.activities.at/result?searchterm=true&search=Koleos" "Mozilla/5.0 (Windows NT 6.1; WOW64; Trident/7.0; rv:11.0) like Gecko"
80.123.225.34 - - [13/Dec/2017:09:38:05 +0100] "GET /11555179?print=true HTTP/1.1" 200 2646 "http://renault.activities.at/result?searchterm=true&search=Koleos" "Mozilla/5.0 (Windows NT 6.1; WOW64; Trident/7.0; rv:11.0) like Gecko"
80.123.225.34 - - [13/Dec/2017:09:38:07 +0100] "GET /graphics/zoomin.cur HTTP/1.1" 200 3617 "http://renault.activities.at/11555179?print=true" "Mozilla/5.0 (Windows NT 6.1; WOW64; Trident/7.0; rv:11.0) like Gecko"
193.194.132.74 - - [13/Dec/2017:09:38:15 +0100] "GET /reload?ser=1513154294919 HTTP/1.1" 200 28 "http://renault.2web.at/account?loadrequest=true" "Mozilla/5.0 (Windows NT 6.1; WOW64; Trident/7.0; rv:11.0) like Gecko"
193.194.132.79 - - [13/Dec/2017:09:38:17 +0100] "GET /reload?ser=1513154297676 HTTP/1.1" 200 28 "http://renault.2web.at/result?searchterm=true&search=REH5246" "Mozilla/5.0 (Windows NT 6.1; WOW64; Trident/7.0; rv:11.0) like Gecko"
80.123.225.34 - - [13/Dec/2017:09:38:36 +0100] "GET /graphics/zoomin.cur HTTP/1.1" 200 3617 "http://renault.activities.at/11555179?print=true" "Mozilla/5.0 (Windows NT 6.1; WOW64; Trident/7.0; rv:11.0) like Gecko"
80.123.225.34 - - [13/Dec/2017:09:38:42 +0100] "GET /null HTTP/1.1" 200 3617 "http://renault.activities.at/result?searchterm=true&search=Koleos" "Mozilla/5.0 (Windows NT 6.1; WOW64; Trident/7.0; rv:11.0) like Gecko"
213.153.47.173 - - [13/Dec/2017:09:38:47 +0100] "GET /reload?ser=1513154331526 HTTP/1.1" 200 28 "http://renault.activities.at/10260008" "Mozilla/5.0 (Windows NT 6.1; WOW64) AppleWebKit/537.36 (KHTML, like Gecko) Chrome/62.0.3202.89 Safari/537.36 OPR/49.0.2725.47"
80.123.225.34 - - [13/Dec/2017:09:38:59 +0100] "GET /reload?ser=1513154338945 HTTP/1.1" 200 28 "http://renault.activities.at/result?searchterm=true&search=Koleos" "Mozilla/5.0 (Windows NT 6.1; WOW64; Trident/7.0; rv:11.0) like Gecko"
193.194.132.74 - - [13/Dec/2017:09:39:16 +0100] "GET /reload?ser=1513154355994 HTTP/1.1" 200 28 "http://renault.2web.at/account?loadrequest=true" "Mozilla/5.0 (Windows NT 6.1; WOW64; Trident/7.0; rv:11.0) like Gecko"
193.194.132.79 - - [13/Dec/2017:09:39:18 +0100] "GET /reload?ser=1513154358757 HTTP/1.1" 200 28 "http://renault.2web.at/result?searchterm=true&search=REH5246" "Mozilla/5.0 (Windows NT 6.1; WOW64; Trident/7.0; rv:11.0) like Gecko"
213.153.47.173 - - [13/Dec/2017:09:39:48 +0100] "GET /reload?ser=1513154392516 HTTP/1.1" 200 28 "http://renault.activities.at/10260008" "Mozilla/5.0 (Windows NT 6.1; WOW64) AppleWebKit/537.36 (KHTML, like Gecko) Chrome/62.0.3202.89 Safari/537.36 OPR/49.0.2725.47"
80.123.225.34 - - [13/Dec/2017:09:40:00 +0100] "GET /reload?ser=1513154399937 HTTP/1.1" 200 28 "http://renault.activities.at/result?searchterm=true&search=Koleos" "Mozilla/5.0 (Windows NT 6.1; WOW64; Trident/7.0; rv:11.0) like Gecko"
193.194.132.74 - - [13/Dec/2017:09:40:17 +0100] "GET /reload?ser=1513154417022 HTTP/1.1" 200 28 "http://renault.2web.at/account?loadrequest=true" "Mozilla/5.0 (Windows NT 6.1; WOW64; Trident/7.0; rv:11.0) like Gecko"
193.194.132.79 - - [13/Dec/2017:09:40:19 +0100] "GET /reload?ser=1513154419839 HTTP/1.1" 200 28 "http://renault.2web.at/result?searchterm=true&search=REH5246" "Mozilla/5.0 (Windows NT 6.1; WOW64; Trident/7.0; rv:11.0) like Gecko"
213.153.47.173 - - [13/Dec/2017:09:40:49 +0100] "GET /reload?ser=1513154453573 HTTP/1.1" 200 28 "http://renault.activities.at/10260008" "Mozilla/5.0 (Windows NT 6.1; WOW64) AppleWebKit/537.36 (KHTML, like Gecko) Chrome/62.0.3202.89 Safari/537.36 OPR/49.0.2725.47"
80.123.225.34 - - [13/Dec/2017:09:40:58 +0100] "GET /11555179?print=true HTTP/1.1" 200 2646 "http://renault.activities.at/result?searchterm=true&search=Koleos" "Mozilla/5.0 (Windows NT 6.1; WOW64; Trident/7.0; rv:11.0) like Gecko"
80.123.225.34 - - [13/Dec/2017:09:41:00 +0100] "GET /reload?ser=1513154460897 HTTP/1.1" 200 28 "http://renault.activities.at/result?searchterm=true&search=Koleos" "Mozilla/5.0 (Windows NT 6.1; WOW64; Trident/7.0; rv:11.0) like Gecko"
80.123.225.34 - - [13/Dec/2017:09:41:01 +0100] "GET /graphics/zoomin.cur HTTP/1.1" 200 3617 "http://renault.activities.at/11555179?print=true" "Mozilla/5.0 (Windows NT 6.1; WOW64; Trident/7.0; rv:11.0) like Gecko"
80.123.225.34 - - [13/Dec/2017:09:41:11 +0100] "GET /null HTTP/1.1" 200 3617 "http://renault.activities.at/result?searchterm=true&search=Koleos" "Mozilla/5.0 (Windows NT 6.1; WOW64; Trident/7.0; rv:11.0) like Gecko"
193.194.132.74 - - [13/Dec/2017:09:41:18 +0100] "GET /reload?ser=1513154478175 HTTP/1.1" 200 28 "http://renault.2web.at/account?loadrequest=true" "Mozilla/5.0 (Windows NT 6.1; WOW64; Trident/7.0; rv:11.0) like Gecko"
193.194.132.79 - - [13/Dec/2017:09:41:21 +0100] "GET /reload?ser=1513154480937 HTTP/1.1" 200 28 "http://renault.2web.at/result?searchterm=true&search=REH5246" "Mozilla/5.0 (Windows NT 6.1; WOW64; Trident/7.0; rv:11.0) like Gecko"
213.153.47.173 - - [13/Dec/2017:09:41:50 +0100] "GET /reload?ser=1513154514877 HTTP/1.1" 200 28 "http://renault.activities.at/10260008" "Mozilla/5.0 (Windows NT 6.1; WOW64) AppleWebKit/537.36 (KHTML, like Gecko) Chrome/62.0.3202.89 Safari/537.36 OPR/49.0.2725.47"
80.123.225.34 - - [13/Dec/2017:09:42:01 +0100] "GET /reload?ser=1513154521891 HTTP/1.1" 200 28 "http://renault.activities.at/result?searchterm=true&search=Koleos" "Mozilla/5.0 (Windows NT 6.1; WOW64; Trident/7.0; rv:11.0) like Gecko"
38.80.27.9 - - [13/Dec/2017:09:42:02 +0100] "GET /null HTTP/1.1" 200 5660 "-" "Mozilla/5.0 (Windows NT 6.1; WOW64; rv:27.0) Gecko/20100101 Firefox/27.0"
80.123.225.34 - - [13/Dec/2017:09:42:13 +0100] "POST /result?searchterm=true&search=Koleos HTTP/1.1" 200 8258 "http://renault.activities.at/result?searchterm=true&search=Koleos" "Mozilla/5.0 (Windows NT 6.1; WOW64; Trident/7.0; rv:11.0) like Gecko"
80.123.225.34 - - [13/Dec/2017:09:42:17 +0100] "GET /images/success_msg_icon.gif HTTP/1.1" 200 1024 "http://renault.activities.at/result?searchterm=true&search=Koleos" "Mozilla/5.0 (Windows NT 6.1; WOW64; Trident/7.0; rv:11.0) like Gecko"
193.194.132.74 - - [13/Dec/2017:09:42:19 +0100] "GET /reload?ser=1513154539287 HTTP/1.1" 200 28 "http://renault.2web.at/account?loadrequest=true" "Mozilla/5.0 (Windows NT 6.1; WOW64; Trident/7.0; rv:11.0) like Gecko"
193.194.132.79 - - [13/Dec/2017:09:42:22 +0100] "GET /reload?ser=1513154542035 HTTP/1.1" 200 28 "http://renault.2web.at/result?searchterm=true&search=REH5246" "Mozilla/5.0 (Windows NT 6.1; WOW64; Trident/7.0; rv:11.0) like Gecko"
80.123.225.34 - - [13/Dec/2017:09:42:21 +0100] "GET /cart HTTP/1.1" 200 5084 "http://renault.activities.at/result?searchterm=true&search=Koleos" "Mozilla/5.0 (Windows NT 6.1; WOW64; Trident/7.0; rv:11.0) like Gecko"
80.123.225.34 - - [13/Dec/2017:09:42:23 +0100] "GET /loadthumbnail.php?id=10232009&width=16&height=16 HTTP/1.1" 200 700 "http://renault.activities.at/cart" "Mozilla/5.0 (Windows NT 6.1; WOW64; Trident/7.0; rv:11.0) like Gecko"
80.123.225.34 - - [13/Dec/2017:09:42:23 +0100] "GET /loadthumbnail.php?id=11555219&width=100 HTTP/1.1" 200 1901 "http://renault.activities.at/cart" "Mozilla/5.0 (Windows NT 6.1; WOW64; Trident/7.0; rv:11.0) like Gecko"
80.123.225.34 - - [13/Dec/2017:09:42:32 +0100] "GET /11555179 HTTP/1.1" 200 5912 "http://renault.activities.at/cart" "Mozilla/5.0 (Windows NT 6.1; WOW64; Trident/7.0; rv:11.0) like Gecko"
80.123.225.34 - - [13/Dec/2017:09:42:34 +0100] "GET /graphics/zoomin.cur HTTP/1.1" 200 3617 "http://renault.activities.at/11555179" "Mozilla/5.0 (Windows NT 6.1; WOW64; Trident/7.0; rv:11.0) like Gecko"
80.123.225.34 - - [13/Dec/2017:09:42:39 +0100] "GET /graphics/zoomin.cur HTTP/1.1" 200 3617 "http://renault.activities.at/11555179" "Mozilla/5.0 (Windows NT 6.1; WOW64; Trident/7.0; rv:11.0) like Gecko"
213.153.47.173 - - [13/Dec/2017:09:42:51 +0100] "GET /reload?ser=1513154575841 HTTP/1.1" 200 28 "http://renault.activities.at/10260008" "Mozilla/5.0 (Windows NT 6.1; WOW64) AppleWebKit/537.36 (KHTML, like Gecko) Chrome/62.0.3202.89 Safari/537.36 OPR/49.0.2725.47"
193.194.132.74 - - [13/Dec/2017:09:43:20 +0100] "GET /reload?ser=1513154600348 HTTP/1.1" 200 28 "http://renault.2web.at/account?loadrequest=true" "Mozilla/5.0 (Windows NT 6.1; WOW64; Trident/7.0; rv:11.0) like Gecko"
193.194.132.79 - - [13/Dec/2017:09:43:23 +0100] "GET /reload?ser=1513154603117 HTTP/1.1" 200 28 "http://renault.2web.at/result?searchterm=true&search=REH5246" "Mozilla/5.0 (Windows NT 6.1; WOW64; Trident/7.0; rv:11.0) like Gecko"
80.123.225.34 - - [13/Dec/2017:09:43:33 +0100] "GET /reload?ser=1513154613596 HTTP/1.1" 200 28 "http://renault.activities.at/11555179" "Mozilla/5.0 (Windows NT 6.1; WOW64; Trident/7.0; rv:11.0) like Gecko"
213.153.47.173 - - [13/Dec/2017:09:43:52 +0100] "GET /reload?ser=1513154636856 HTTP/1.1" 200 28 "http://renault.activities.at/10260008" "Mozilla/5.0 (Windows NT 6.1; WOW64) AppleWebKit/537.36 (KHTML, like Gecko) Chrome/62.0.3202.89 Safari/537.36 OPR/49.0.2725.47"
80.123.225.34 - - [13/Dec/2017:09:44:04 +0100] "GET / HTTP/1.1" 200 4051 "-" "Mozilla/5.0 (compatible; MSIE 10.0; Windows NT 6.1; WOW64; Trident/6.0)"
80.123.225.34 - - [13/Dec/2017:09:44:05 +0100] "GET /images/header_block_border.gif HTTP/1.1" 200 43 "http://renault.activities.at/" "Mozilla/5.0 (compatible; MSIE 10.0; Windows NT 6.1; WOW64; Trident/6.0)"
80.123.225.34 - - [13/Dec/2017:09:44:05 +0100] "GET /images/header_block_corner_right_top.gif HTTP/1.1" 200 160 "http://renault.activities.at/" "Mozilla/5.0 (compatible; MSIE 10.0; Windows NT 6.1; WOW64; Trident/6.0)"
80.123.225.34 - - [13/Dec/2017:09:44:05 +0100] "GET /images/header_block_corner_left_top.gif HTTP/1.1" 200 160 "http://renault.activities.at/" "Mozilla/5.0 (compatible; MSIE 10.0; Windows NT 6.1; WOW64; Trident/6.0)"
80.123.225.34 - - [13/Dec/2017:09:44:05 +0100] "GET /images/main_block_corner_right_top.gif HTTP/1.1" 200 159 "http://renault.activities.at/" "Mozilla/5.0 (compatible; MSIE 10.0; Windows NT 6.1; WOW64; Trident/6.0)"
80.123.225.34 - - [13/Dec/2017:09:44:05 +0100] "GET /images/main_block_corner_left_top.gif HTTP/1.1" 200 159 "http://renault.activities.at/" "Mozilla/5.0 (compatible; MSIE 10.0; Windows NT 6.1; WOW64; Trident/6.0)"
80.123.225.34 - - [13/Dec/2017:09:44:05 +0100] "GET /images/main_block_corner_left_bot.gif HTTP/1.1" 200 159 "http://renault.activities.at/" "Mozilla/5.0 (compatible; MSIE 10.0; Windows NT 6.1; WOW64; Trident/6.0)"
80.123.225.34 - - [13/Dec/2017:09:44:05 +0100] "GET /images/main_block_border.gif HTTP/1.1" 200 43 "http://renault.activities.at/" "Mozilla/5.0 (compatible; MSIE 10.0; Windows NT 6.1; WOW64; Trident/6.0)"
80.123.225.34 - - [13/Dec/2017:09:44:05 +0100] "GET /images/main_block_corner_right_bot.gif HTTP/1.1" 200 158 "http://renault.activities.at/" "Mozilla/5.0 (compatible; MSIE 10.0; Windows NT 6.1; WOW64; Trident/6.0)"
80.123.225.34 - - [13/Dec/2017:09:44:05 +0100] "GET /images/title_border.jpg HTTP/1.1" 200 304 "http://renault.activities.at/" "Mozilla/5.0 (compatible; MSIE 10.0; Windows NT 6.1; WOW64; Trident/6.0)"
80.123.225.34 - - [13/Dec/2017:09:44:05 +0100] "GET /images/title_border_top.jpg HTTP/1.1" 200 336 "http://renault.activities.at/" "Mozilla/5.0 (compatible; MSIE 10.0; Windows NT 6.1; WOW64; Trident/6.0)"
80.123.225.34 - - [13/Dec/2017:09:44:05 +0100] "GET /images/title_corner_left_top.jpg HTTP/1.1" 200 372 "http://renault.activities.at/" "Mozilla/5.0 (compatible; MSIE 10.0; Windows NT 6.1; WOW64; Trident/6.0)"
80.123.225.34 - - [13/Dec/2017:09:44:05 +0100] "GET /images/title_corner_right_top.jpg HTTP/1.1" 200 389 "http://renault.activities.at/" "Mozilla/5.0 (compatible; MSIE 10.0; Windows NT 6.1; WOW64; Trident/6.0)"
80.123.225.34 - - [13/Dec/2017:09:44:05 +0100] "GET /loadthumbnail.php?id=11127982 HTTP/1.1" 200 399614 "http://renault.activities.at/" "Mozilla/5.0 (compatible; MSIE 10.0; Windows NT 6.1; WOW64; Trident/6.0)"
80.123.225.34 - - [13/Dec/2017:09:44:11 +0100] "GET /login HTTP/1.1" 200 2086 "http://renault.activities.at/" "Mozilla/5.0 (compatible; MSIE 10.0; Windows NT 6.1; WOW64; Trident/6.0)"
80.123.225.34 - - [13/Dec/2017:09:44:11 +0100] "GET /images/button_left_bg.gif HTTP/1.1" 200 564 "http://renault.activities.at/login" "Mozilla/5.0 (compatible; MSIE 10.0; Windows NT 6.1; WOW64; Trident/6.0)"
80.123.225.34 - - [13/Dec/2017:09:44:11 +0100] "GET /images/button_right_bg.gif HTTP/1.1" 200 561 "http://renault.activities.at/login" "Mozilla/5.0 (compatible; MSIE 10.0; Windows NT 6.1; WOW64; Trident/6.0)"
80.123.225.34 - - [13/Dec/2017:09:44:11 +0100] "GET /images/button_bg.gif HTTP/1.1" 200 151 "http://renault.activities.at/login" "Mozilla/5.0 (compatible; MSIE 10.0; Windows NT 6.1; WOW64; Trident/6.0)"
193.194.132.74 - - [13/Dec/2017:09:44:21 +0100] "GET /reload?ser=1513154661494 HTTP/1.1" 200 28 "http://renault.2web.at/account?loadrequest=true" "Mozilla/5.0 (Windows NT 6.1; WOW64; Trident/7.0; rv:11.0) like Gecko"
193.194.132.79 - - [13/Dec/2017:09:44:24 +0100] "GET /reload?ser=1513154664189 HTTP/1.1" 200 28 "http://renault.2web.at/result?searchterm=true&search=REH5246" "Mozilla/5.0 (Windows NT 6.1; WOW64; Trident/7.0; rv:11.0) like Gecko"
80.123.225.34 - - [13/Dec/2017:09:44:34 +0100] "GET /reload?ser=1513154674618 HTTP/1.1" 200 28 "http://renault.activities.at/11555179" "Mozilla/5.0 (Windows NT 6.1; WOW64; Trident/7.0; rv:11.0) like Gecko"
80.123.225.34 - - [13/Dec/2017:09:44:38 +0100] "GET /graphics/zoomin.cur HTTP/1.1" 200 3617 "http://renault.activities.at/11555179" "Mozilla/5.0 (Windows NT 6.1; WOW64; Trident/7.0; rv:11.0) like Gecko"
80.123.225.34 - - [13/Dec/2017:09:44:41 +0100] "GET /graphics/zoomin.cur HTTP/1.1" 200 3617 "http://renault.activities.at/11555179" "Mozilla/5.0 (Windows NT 6.1; WOW64; Trident/7.0; rv:11.0) like Gecko"
80.123.225.34 - - [13/Dec/2017:09:44:42 +0100] "GET /graphics/zoomin.cur HTTP/1.1" 200 3617 "http://renault.activities.at/11555179" "Mozilla/5.0 (Windows NT 6.1; WOW64; Trident/7.0; rv:11.0) like Gecko"
80.123.225.34 - - [13/Dec/2017:09:44:46 +0100] "GET /graphics/zoomin.cur HTTP/1.1" 200 3617 "http://renault.activities.at/11555179" "Mozilla/5.0 (Windows NT 6.1; WOW64; Trident/7.0; rv:11.0) like Gecko"
213.153.47.173 - - [13/Dec/2017:09:44:53 +0100] "GET /reload?ser=1513154697842 HTTP/1.1" 200 28 "http://renault.activities.at/10260008" "Mozilla/5.0 (Windows NT 6.1; WOW64) AppleWebKit/537.36 (KHTML, like Gecko) Chrome/62.0.3202.89 Safari/537.36 OPR/49.0.2725.47"
80.123.225.34 - - [13/Dec/2017:09:44:53 +0100] "GET /result?searchterm=true&search=Koleos HTTP/1.1" 200 8157 "http://renault.activities.at/11555179" "Mozilla/5.0 (Windows NT 6.1; WOW64; Trident/7.0; rv:11.0) like Gecko"
80.123.225.34 - - [13/Dec/2017:09:44:59 +0100] "GET /cart HTTP/1.1" 200 5084 "http://renault.activities.at/result?searchterm=true&search=Koleos" "Mozilla/5.0 (Windows NT 6.1; WOW64; Trident/7.0; rv:11.0) like Gecko"
80.123.225.34 - - [13/Dec/2017:09:45:02 +0100] "GET /images/vista-up-hover.gif HTTP/1.1" 200 130 "http://renault.activities.at/cart" "Mozilla/5.0 (Windows NT 6.1; WOW64; Trident/7.0; rv:11.0) like Gecko"
80.123.225.34 - - [13/Dec/2017:09:45:06 +0100] "POST /cart HTTP/1.1" 200 3834 "http://renault.activities.at/cart" "Mozilla/5.0 (Windows NT 6.1; WOW64; Trident/7.0; rv:11.0) like Gecko"
80.123.225.34 - - [13/Dec/2017:09:45:11 +0100] "GET /reload?ser=1513154717046 HTTP/1.1" 200 28 "http://renault.activities.at/login" "Mozilla/5.0 (compatible; MSIE 10.0; Windows NT 6.1; WOW64; Trident/6.0)"
80.123.225.34 - - [13/Dec/2017:09:45:18 +0100] "POST /login HTTP/1.1" 302 140 "http://renault.activities.at/login" "Mozilla/5.0 (compatible; MSIE 10.0; Windows NT 6.1; WOW64; Trident/6.0)"
80.123.225.34 - - [13/Dec/2017:09:45:20 +0100] "GET /account HTTP/1.1" 200 5995 "http://renault.activities.at/login" "Mozilla/5.0 (compatible; MSIE 10.0; Windows NT 6.1; WOW64; Trident/6.0)"
193.194.132.74 - - [13/Dec/2017:09:45:22 +0100] "GET /reload?ser=1513154722576 HTTP/1.1" 200 28 "http://renault.2web.at/account?loadrequest=true" "Mozilla/5.0 (Windows NT 6.1; WOW64; Trident/7.0; rv:11.0) like Gecko"
80.123.225.34 - - [13/Dec/2017:09:45:23 +0100] "GET /images/search_bg.gif HTTP/1.1" 200 1726 "http://renault.activities.at/account" "Mozilla/5.0 (compatible; MSIE 10.0; Windows NT 6.1; WOW64; Trident/6.0)"
80.123.225.34 - - [13/Dec/2017:09:45:23 +0100] "GET /images/menu_button_bg.jpg HTTP/1.1" 200 322 "http://renault.activities.at/account" "Mozilla/5.0 (compatible; MSIE 10.0; Windows NT 6.1; WOW64; Trident/6.0)"
80.123.225.34 - - [13/Dec/2017:09:45:23 +0100] "GET /images/nav_divider.gif HTTP/1.1" 200 43 "http://renault.activities.at/account" "Mozilla/5.0 (compatible; MSIE 10.0; Windows NT 6.1; WOW64; Trident/6.0)"
80.123.225.34 - - [13/Dec/2017:09:45:23 +0100] "GET /images/sidebar_title_border.gif HTTP/1.1" 200 43 "http://renault.activities.at/account" "Mozilla/5.0 (compatible; MSIE 10.0; Windows NT 6.1; WOW64; Trident/6.0)"
80.123.225.34 - - [13/Dec/2017:09:45:23 +0100] "GET /images/menu_divider.gif HTTP/1.1" 200 176 "http://renault.activities.at/account" "Mozilla/5.0 (compatible; MSIE 10.0; Windows NT 6.1; WOW64; Trident/6.0)"
80.123.225.34 - - [13/Dec/2017:09:45:23 +0100] "GET /images/top_links_divider.gif HTTP/1.1" 200 44 "http://renault.activities.at/account" "Mozilla/5.0 (compatible; MSIE 10.0; Windows NT 6.1; WOW64; Trident/6.0)"
80.123.225.34 - - [13/Dec/2017:09:45:23 +0100] "GET /images/sidebar_title_border_top.gif HTTP/1.1" 200 155 "http://renault.activities.at/account" "Mozilla/5.0 (compatible; MSIE 10.0; Windows NT 6.1; WOW64; Trident/6.0)"
80.123.225.34 - - [13/Dec/2017:09:45:23 +0100] "GET /images/sidebar_title_corner_right_top.gif HTTP/1.1" 200 383 "http://renault.activities.at/account" "Mozilla/5.0 (compatible; MSIE 10.0; Windows NT 6.1; WOW64; Trident/6.0)"
80.123.225.34 - - [13/Dec/2017:09:45:23 +0100] "GET /images/sidebar_title_corner_left_top.gif HTTP/1.1" 200 1124 "http://renault.activities.at/account" "Mozilla/5.0 (compatible; MSIE 10.0; Windows NT 6.1; WOW64; Trident/6.0)"
80.123.225.34 - - [13/Dec/2017:09:45:23 +0100] "GET /images/footer_divider.gif HTTP/1.1" 200 44 "http://renault.activities.at/account" "Mozilla/5.0 (compatible; MSIE 10.0; Windows NT 6.1; WOW64; Trident/6.0)"
80.123.225.34 - - [13/Dec/2017:09:45:23 +0100] "GET /loadthumbnail.php?id=11431080&width=50&height=50 HTTP/1.1" 200 866 "http://renault.activities.at/account" "Mozilla/5.0 (compatible; MSIE 10.0; Windows NT 6.1; WOW64; Trident/6.0)"
80.123.225.34 - - [13/Dec/2017:09:45:23 +0100] "GET /loadthumbnail.php?id=10460287&width=50&height=50 HTTP/1.1" 200 936 "http://renault.activities.at/account" "Mozilla/5.0 (compatible; MSIE 10.0; Windows NT 6.1; WOW64; Trident/6.0)"
193.194.132.79 - - [13/Dec/2017:09:45:25 +0100] "GET /reload?ser=1513154725264 HTTP/1.1" 200 28 "http://renault.2web.at/result?searchterm=true&search=REH5246" "Mozilla/5.0 (Windows NT 6.1; WOW64; Trident/7.0; rv:11.0) like Gecko"
80.123.225.34 - - [13/Dec/2017:09:45:29 +0100] "POST /axjaxrequest?mode=suggest HTTP/1.1" 200 112 "http://renault.activities.at/account" "Mozilla/5.0 (compatible; MSIE 10.0; Windows NT 6.1; WOW64; Trident/6.0)"
80.123.225.34 - - [13/Dec/2017:09:45:30 +0100] "POST /axjaxrequest?mode=suggest HTTP/1.1" 200 21 "http://renault.activities.at/account" "Mozilla/5.0 (compatible; MSIE 10.0; Windows NT 6.1; WOW64; Trident/6.0)"
80.123.225.34 - - [13/Dec/2017:09:45:31 +0100] "GET /result?searchterm=true&search=renault+service HTTP/1.1" 200 6367 "http://renault.activities.at/account" "Mozilla/5.0 (compatible; MSIE 10.0; Windows NT 6.1; WOW64; Trident/6.0)"
80.123.225.34 - - [13/Dec/2017:09:45:33 +0100] "GET /images/loading.gif HTTP/1.1" 200 3208 "http://renault.activities.at/result?searchterm=true&search=renault+service" "Mozilla/5.0 (compatible; MSIE 10.0; Windows NT 6.1; WOW64; Trident/6.0)"
80.123.225.34 - - [13/Dec/2017:09:45:33 +0100] "GET /js/PIE/PIE.htc HTTP/1.1" 200 41041 "-" "Mozilla/5.0 (compatible; MSIE 10.0; Windows NT 6.1; WOW64; Trident/6.0)"
80.123.225.34 - - [13/Dec/2017:09:45:33 +0100] "GET /images/pager_bg.gif HTTP/1.1" 200 150 "http://renault.activities.at/result?searchterm=true&search=renault+service" "Mozilla/5.0 (compatible; MSIE 10.0; Windows NT 6.1; WOW64; Trident/6.0)"
80.123.225.34 - - [13/Dec/2017:09:45:33 +0100] "GET /images/vista-up.gif HTTP/1.1" 200 131 "http://renault.activities.at/result?searchterm=true&search=renault+service" "Mozilla/5.0 (compatible; MSIE 10.0; Windows NT 6.1; WOW64; Trident/6.0)"
