80.123.225.34 - - [13/Dec/2017:09:45:33 +0100] "GET /images/vista-dn.gif HTTP/1.1" 200 128 "http://renault.activities.at/result?searchterm=true&search=renault+service" "Mozilla/5.0 (compatible; MSIE 10.0; Windows NT 6.1; WOW64; Trident/6.0)"
80.123.225.34 - - [13/Dec/2017:09:45:33 +0100] "GET /images/validation_advice_bg.gif HTTP/1.1" 200 134 "http://renault.activities.at/result?searchterm=true&search=renault+service" "Mozilla/5.0 (compatible; MSIE 10.0; Windows NT 6.1; WOW64; Trident/6.0)"
80.123.225.34 - - [13/Dec/2017:09:45:33 +0100] "GET /loadthumbnail.php?id=10203255 HTTP/1.1" 200 137 "http://renault.activities.at/result?searchterm=true&search=renault+service" "Mozilla/5.0 (compatible; MSIE 10.0; Windows NT 6.1; WOW64; Trident/6.0)"
80.123.225.34 - - [13/Dec/2017:09:45:33 +0100] "GET /loadthumbnail.php?id=11461719&width=113 HTTP/1.1" 200 32753 "http://renault.activities.at/result?searchterm=true&search=renault+service" "Mozilla/5.0 (compatible; MSIE 10.0; Windows NT 6.1; WOW64; Trident/6.0)"
80.123.225.34 - - [13/Dec/2017:09:45:33 +0100] "GET /loadthumbnail.php?id=11075492&width=113 HTTP/1.1" 200 2349 "http://renault.activities.at/result?searchterm=true&search=renault+service" "Mozilla/5.0 (compatible; MSIE 10.0; Windows NT 6.1; WOW64; Trident/6.0)"
80.123.225.34 - - [13/Dec/2017:09:45:33 +0100] "GET /loadthumbnail.php?id=11461707&width=113 HTTP/1.1" 200 27994 "http://renault.activities.at/result?searchterm=true&search=renault+service" "Mozilla/5.0 (compatible; MSIE 10.0; Windows NT 6.1; WOW64; Trident/6.0)"
80.123.225.34 - - [13/Dec/2017:09:45:33 +0100] "GET /loadthumbnail.php?id=11075482&width=113 HTTP/1.1" 200 2349 "http://renault.activities.at/result?searchterm=true&search=renault+service" "Mozilla/5.0 (compatible; MSIE 10.0; Windows NT 6.1; WOW64; Trident/6.0)"
80.123.225.34 - - [13/Dec/2017:09:45:31 +0100] "POST /axjaxrequest?mode=suggest HTTP/1.1" 200 21 "http://renault.activities.at/account" "Mozilla/5.0 (compatible; MSIE 10.0; Windows NT 6.1; WOW64; Trident/6.0)"
80.123.225.34 - - [13/Dec/2017:09:45:38 +0100] "GET /images/vista-up-hover.gif HTTP/1.1" 200 130 "http://renault.activities.at/result?searchterm=true&search=renault+service" "Mozilla/5.0 (compatible; MSIE 10.0; Windows NT 6.1; WOW64; Trident/6.0)"
213.153.47.173 - - [13/Dec/2017:09:45:55 +0100] "GET /reload?ser=1513154758872 HTTP/1.1" 200 28 "http://renault.activities.at/10260008" "Mozilla/5.0 (Windows NT 6.1; WOW64) AppleWebKit/537.36 (KHTML, like Gecko) Chrome/62.0.3202.89 Safari/537.36 OPR/49.0.2725.47"
80.123.225.34 - - [13/Dec/2017:09:45:56 +0100] "POST /result?searchterm=true&search=renault+service HTTP/1.1" 200 6558 "http://renault.activities.at/result?searchterm=true&search=renault+service" "Mozilla/5.0 (compatible; MSIE 10.0; Windows NT 6.1; WOW64; Trident/6.0)"
80.123.225.34 - - [13/Dec/2017:09:45:59 +0100] "GET /images/success_msg_icon.gif HTTP/1.1" 200 1024 "http://renault.activities.at/result?searchterm=true&search=renault+service" "Mozilla/5.0 (compatible; MSIE 10.0; Windows NT 6.1; WOW64; Trident/6.0)"
80.123.225.34 - - [13/Dec/2017:09:45:58 +0100] "GET /js/PIE/PIE.htc HTTP/1.1" 206 36994 "-" "Mozilla/5.0 (compatible; MSIE 10.0; Windows NT 6.1; WOW64; Trident/6.0)"
80.123.225.34 - - [13/Dec/2017:09:46:07 +0100] "GET /reload?ser=1513154767638 HTTP/1.1" 200 28 "http://renault.activities.at/cart" "Mozilla/5.0 (Windows NT 6.1; WOW64; Trident/7.0; rv:11.0) like Gecko"
80.123.225.34 - - [13/Dec/2017:09:46:12 +0100] "GET /images/vista-dn-hover.gif HTTP/1.1" 200 127 "http://renault.activities.at/result?searchterm=true&search=renault+service" "Mozilla/5.0 (compatible; MSIE 10.0; Windows NT 6.1; WOW64; Trident/6.0)"
80.123.225.34 - - [13/Dec/2017:09:46:15 +0100] "POST /result?searchterm=true&search=renault+service HTTP/1.1" 200 6565 "http://renault.activities.at/result?searchterm=true&search=renault+service" "Mozilla/5.0 (compatible; MSIE 10.0; Windows NT 6.1; WOW64; Trident/6.0)"
80.123.225.34 - - [13/Dec/2017:09:46:17 +0100] "GET /js/PIE/PIE.htc HTTP/1.1" 206 32849 "-" "Mozilla/5.0 (compatible; MSIE 10.0; Windows NT 6.1; WOW64; Trident/6.0)"
193.194.132.74 - - [13/Dec/2017:09:46:23 +0100] "GET /reload?ser=1513154783691 HTTP/1.1" 200 28 "http://renault.2web.at/account?loadrequest=true" "Mozilla/5.0 (Windows NT 6.1; WOW64; Trident/7.0; rv:11.0) like Gecko"
80.123.225.34 - - [13/Dec/2017:09:46:22 +0100] "GET /result?searchterm=true&search=dacia+service HTTP/1.1" 200 6442 "http://renault.activities.at/result?searchterm=true&search=renault+service" "Mozilla/5.0 (compatible; MSIE 10.0; Windows NT 6.1; WOW64; Trident/6.0)"
80.123.225.34 - - [13/Dec/2017:09:46:24 +0100] "GET /js/PIE/PIE.htc HTTP/1.1" 206 32849 "-" "Mozilla/5.0 (compatible; MSIE 10.0; Windows NT 6.1; WOW64; Trident/6.0)"
80.123.225.34 - - [13/Dec/2017:09:46:24 +0100] "GET /loadthumbnail.php?id=10269567&width=113 HTTP/1.1" 200 1590 "http://renault.activities.at/result?searchterm=true&search=dacia+service" "Mozilla/5.0 (compatible; MSIE 10.0; Windows NT 6.1; WOW64; Trident/6.0)"
80.123.225.34 - - [13/Dec/2017:09:46:24 +0100] "GET /loadthumbnail.php?id=10203650&width=113 HTTP/1.1" 200 2741 "http://renault.activities.at/result?searchterm=true&search=dacia+service" "Mozilla/5.0 (compatible; MSIE 10.0; Windows NT 6.1; WOW64; Trident/6.0)"
80.123.225.34 - - [13/Dec/2017:09:46:24 +0100] "GET /loadthumbnail.php?id=11461714&width=113 HTTP/1.1" 200 9391 "http://renault.activities.at/result?searchterm=true&search=dacia+service" "Mozilla/5.0 (compatible; MSIE 10.0; Windows NT 6.1; WOW64; Trident/6.0)"
80.123.225.34 - - [13/Dec/2017:09:46:24 +0100] "GET /loadthumbnail.php?id=10269569&width=113 HTTP/1.1" 200 1309 "http://renault.activities.at/result?searchterm=true&search=dacia+service" "Mozilla/5.0 (compatible; MSIE 10.0; Windows NT 6.1; WOW64; Trident/6.0)"
80.123.225.34 - - [13/Dec/2017:09:46:23 +0100] "POST /axjaxrequest?mode=suggest HTTP/1.1" 200 21 "http://renault.activities.at/result?searchterm=true&search=renault+service" "Mozilla/5.0 (compatible; MSIE 10.0; Windows NT 6.1; WOW64; Trident/6.0)"
193.194.132.79 - - [13/Dec/2017:09:46:26 +0100] "GET /reload?ser=1513154786323 HTTP/1.1" 200 28 "http://renault.2web.at/result?searchterm=true&search=REH5246" "Mozilla/5.0 (Windows NT 6.1; WOW64; Trident/7.0; rv:11.0) like Gecko"
213.153.47.173 - - [13/Dec/2017:09:46:56 +0100] "GET /reload?ser=1513154819936 HTTP/1.1" 200 28 "http://renault.activities.at/10260008" "Mozilla/5.0 (Windows NT 6.1; WOW64) AppleWebKit/537.36 (KHTML, like Gecko) Chrome/62.0.3202.89 Safari/537.36 OPR/49.0.2725.47"
80.123.225.34 - - [13/Dec/2017:09:47:08 +0100] "GET /reload?ser=1513154828674 HTTP/1.1" 200 28 "http://renault.activities.at/cart" "Mozilla/5.0 (Windows NT 6.1; WOW64; Trident/7.0; rv:11.0) like Gecko"
80.123.225.34 - - [13/Dec/2017:09:47:08 +0100] "POST /result?searchterm=true&search=dacia+service HTTP/1.1" 200 6543 "http://renault.activities.at/result?searchterm=true&search=dacia+service" "Mozilla/5.0 (compatible; MSIE 10.0; Windows NT 6.1; WOW64; Trident/6.0)"
80.123.225.34 - - [13/Dec/2017:09:47:12 +0100] "GET /js/PIE/PIE.htc HTTP/1.1" 206 32849 "-" "Mozilla/5.0 (compatible; MSIE 10.0; Windows NT 6.1; WOW64; Trident/6.0)"
193.194.132.74 - - [13/Dec/2017:09:47:24 +0100] "GET /reload?ser=1513154844844 HTTP/1.1" 200 28 "http://renault.2web.at/account?loadrequest=true" "Mozilla/5.0 (Windows NT 6.1; WOW64; Trident/7.0; rv:11.0) like Gecko"
193.194.132.79 - - [13/Dec/2017:09:47:27 +0100] "GET /reload?ser=1513154847445 HTTP/1.1" 200 28 "http://renault.2web.at/result?searchterm=true&search=REH5246" "Mozilla/5.0 (Windows NT 6.1; WOW64; Trident/7.0; rv:11.0) like Gecko"
80.123.225.34 - - [13/Dec/2017:09:47:27 +0100] "POST /result?searchterm=true&search=dacia+service HTTP/1.1" 200 6548 "http://renault.activities.at/result?searchterm=true&search=dacia+service" "Mozilla/5.0 (compatible; MSIE 10.0; Windows NT 6.1; WOW64; Trident/6.0)"
80.123.225.34 - - [13/Dec/2017:09:47:30 +0100] "GET /js/PIE/PIE.htc HTTP/1.1" 206 32849 "-" "Mozilla/5.0 (compatible; MSIE 10.0; Windows NT 6.1; WOW64; Trident/6.0)"
80.123.225.34 - - [13/Dec/2017:09:47:31 +0100] "GET /cart HTTP/1.1" 200 5454 "http://renault.activities.at/result?searchterm=true&search=dacia+service" "Mozilla/5.0 (compatible; MSIE 10.0; Windows NT 6.1; WOW64; Trident/6.0)"
80.123.225.34 - - [13/Dec/2017:09:47:33 +0100] "POST /axjaxrequest?mode=suggest HTTP/1.1" 200 144 "http://renault.activities.at/cart" "Mozilla/5.0 (Windows NT 6.1; WOW64; Trident/7.0; rv:11.0) like Gecko"
80.123.225.34 - - [13/Dec/2017:09:47:34 +0100] "GET /loadthumbnail.php?id=11075482&width=100 HTTP/1.1" 200 2117 "http://renault.activities.at/cart" "Mozilla/5.0 (compatible; MSIE 10.0; Windows NT 6.1; WOW64; Trident/6.0)"
80.123.225.34 - - [13/Dec/2017:09:47:34 +0100] "GET /loadthumbnail.php?id=10232009&width=16&height=16 HTTP/1.1" 200 700 "http://renault.activities.at/cart" "Mozilla/5.0 (compatible; MSIE 10.0; Windows NT 6.1; WOW64; Trident/6.0)"
80.123.225.34 - - [13/Dec/2017:09:47:34 +0100] "GET /loadthumbnail.php?id=10269567&width=100 HTTP/1.1" 200 1333 "http://renault.activities.at/cart" "Mozilla/5.0 (compatible; MSIE 10.0; Windows NT 6.1; WOW64; Trident/6.0)"
80.123.225.34 - - [13/Dec/2017:09:47:34 +0100] "GET /loadthumbnail.php?id=10269569&width=100 HTTP/1.1" 200 1229 "http://renault.activities.at/cart" "Mozilla/5.0 (compatible; MSIE 10.0; Windows NT 6.1; WOW64; Trident/6.0)"
80.123.225.34 - - [13/Dec/2017:09:47:34 +0100] "GET /loadthumbnail.php?id=11075492&width=100 HTTP/1.1" 200 2117 "http://renault.activities.at/cart" "Mozilla/5.0 (compatible; MSIE 10.0; Windows NT 6.1; WOW64; Trident/6.0)"
80.123.225.34 - - [13/Dec/2017:09:47:33 +0100] "POST /axjaxrequest?mode=suggest HTTP/1.1" 200 111 "http://renault.activities.at/cart" "Mozilla/5.0 (Windows NT 6.1; WOW64; Trident/7.0; rv:11.0) like Gecko"
80.123.225.34 - - [13/Dec/2017:09:47:34 +0100] "POST /axjaxrequest?mode=suggest HTTP/1.1" 200 111 "http://renault.activities.at/cart" "Mozilla/5.0 (Windows NT 6.1; WOW64; Trident/7.0; rv:11.0) like Gecko"
80.123.225.34 - - [13/Dec/2017:09:47:34 +0100] "GET /result?searchterm=true&search=koleos HTTP/1.1" 200 8071 "http://renault.activities.at/cart" "Mozilla/5.0 (Windows NT 6.1; WOW64; Trident/7.0; rv:11.0) like Gecko"
80.123.225.34 - - [13/Dec/2017:09:47:38 +0100] "GET /result?searchterm=true&search=koleos HTTP/1.1" 200 8071 "http://renault.activities.at/cart" "Mozilla/5.0 (Windows NT 6.1; WOW64; Trident/7.0; rv:11.0) like Gecko"
80.123.225.34 - - [13/Dec/2017:09:47:40 +0100] "GET /checkout HTTP/1.1" 200 20006 "http://renault.activities.at/cart" "Mozilla/5.0 (compatible; MSIE 10.0; Windows NT 6.1; WOW64; Trident/6.0)"
80.123.225.34 - - [13/Dec/2017:09:47:45 +0100] "GET /images/ajax_loading.gif HTTP/1.1" 200 1542 "http://renault.activities.at/checkout" "Mozilla/5.0 (compatible; MSIE 10.0; Windows NT 6.1; WOW64; Trident/6.0)"
80.123.225.34 - - [13/Dec/2017:09:47:45 +0100] "GET /js/checkout2.js HTTP/1.1" 200 4122 "http://renault.activities.at/checkout" "Mozilla/5.0 (compatible; MSIE 10.0; Windows NT 6.1; WOW64; Trident/6.0)"
80.123.225.34 - - [13/Dec/2017:09:47:45 +0100] "GET /images/checkout_border.gif HTTP/1.1" 200 43 "http://renault.activities.at/checkout" "Mozilla/5.0 (compatible; MSIE 10.0; Windows NT 6.1; WOW64; Trident/6.0)"
80.123.225.34 - - [13/Dec/2017:09:47:45 +0100] "GET /images/checkout_border_top.gif HTTP/1.1" 200 156 "http://renault.activities.at/checkout" "Mozilla/5.0 (compatible; MSIE 10.0; Windows NT 6.1; WOW64; Trident/6.0)"
80.123.225.34 - - [13/Dec/2017:09:47:45 +0100] "GET /images/step_marker.gif HTTP/1.1" 200 650 "http://renault.activities.at/checkout" "Mozilla/5.0 (compatible; MSIE 10.0; Windows NT 6.1; WOW64; Trident/6.0)"
80.123.225.34 - - [13/Dec/2017:09:47:45 +0100] "GET /images/step_bg.jpg HTTP/1.1" 200 319 "http://renault.activities.at/checkout" "Mozilla/5.0 (compatible; MSIE 10.0; Windows NT 6.1; WOW64; Trident/6.0)"
80.123.225.34 - - [13/Dec/2017:09:47:45 +0100] "GET /loadthumbnail.php?id=10201939 HTTP/1.1" 200 201 "http://renault.activities.at/checkout" "Mozilla/5.0 (compatible; MSIE 10.0; Windows NT 6.1; WOW64; Trident/6.0)"
80.123.225.34 - - [13/Dec/2017:09:47:45 +0100] "GET /loadthumbnail.php?id=10202698 HTTP/1.1" 200 16686 "http://renault.activities.at/checkout" "Mozilla/5.0 (compatible; MSIE 10.0; Windows NT 6.1; WOW64; Trident/6.0)"
80.123.225.34 - - [13/Dec/2017:09:47:50 +0100] "GET /11555179?print=true HTTP/1.1" 200 2646 "http://renault.activities.at/result?searchterm=true&search=koleos" "Mozilla/5.0 (Windows NT 6.1; WOW64; Trident/7.0; rv:11.0) like Gecko"
80.123.225.34 - - [13/Dec/2017:09:47:52 +0100] "GET /graphics/zoomin.cur HTTP/1.1" 200 3617 "http://renault.activities.at/11555179?print=true" "Mozilla/5.0 (Windows NT 6.1; WOW64; Trident/7.0; rv:11.0) like Gecko"
80.123.225.34 - - [13/Dec/2017:09:47:53 +0100] "GET /graphics/zoomin.cur HTTP/1.1" 200 3617 "http://renault.activities.at/11555179?print=true" "Mozilla/5.0 (Windows NT 6.1; WOW64; Trident/7.0; rv:11.0) like Gecko"
80.123.225.34 - - [13/Dec/2017:09:47:54 +0100] "GET /graphics/zoomin.cur HTTP/1.1" 200 3617 "http://renault.activities.at/11555179?print=true" "Mozilla/5.0 (Windows NT 6.1; WOW64; Trident/7.0; rv:11.0) like Gecko"
80.123.225.34 - - [13/Dec/2017:09:47:56 +0100] "GET /graphics/zoomin.cur HTTP/1.1" 200 3617 "http://renault.activities.at/11555179?print=true" "Mozilla/5.0 (Windows NT 6.1; WOW64; Trident/7.0; rv:11.0) like Gecko"
80.123.225.34 - - [13/Dec/2017:09:47:54 +0100] "POST /docheckout HTTP/1.1" 200 459 "http://renault.activities.at/checkout" "Mozilla/5.0 (compatible; MSIE 10.0; Windows NT 6.1; WOW64; Trident/6.0)"
213.153.47.173 - - [13/Dec/2017:09:47:57 +0100] "GET /reload?ser=1513154880963 HTTP/1.1" 200 28 "http://renault.activities.at/10260008" "Mozilla/5.0 (Windows NT 6.1; WOW64) AppleWebKit/537.36 (KHTML, like Gecko) Chrome/62.0.3202.89 Safari/537.36 OPR/49.0.2725.47"
80.123.225.34 - - [13/Dec/2017:09:47:57 +0100] "GET /graphics/zoomin.cur HTTP/1.1" 200 3617 "http://renault.activities.at/11555179?print=true" "Mozilla/5.0 (Windows NT 6.1; WOW64; Trident/7.0; rv:11.0) like Gecko"
80.123.225.34 - - [13/Dec/2017:09:47:57 +0100] "POST /docheckout HTTP/1.1" 200 693 "http://renault.activities.at/checkout" "Mozilla/5.0 (compatible; MSIE 10.0; Windows NT 6.1; WOW64; Trident/6.0)"
80.123.225.34 - - [13/Dec/2017:09:47:59 +0100] "GET /images/error_msg_icon.gif HTTP/1.1" 200 1013 "http://renault.activities.at/checkout" "Mozilla/5.0 (compatible; MSIE 10.0; Windows NT 6.1; WOW64; Trident/6.0)"
80.123.225.34 - - [13/Dec/2017:09:48:02 +0100] "POST /docheckout HTTP/1.1" 200 68 "http://renault.activities.at/checkout" "Mozilla/5.0 (compatible; MSIE 10.0; Windows NT 6.1; WOW64; Trident/6.0)"
80.123.225.34 - - [13/Dec/2017:09:48:04 +0100] "GET /success HTTP/1.1" 200 3782 "http://renault.activities.at/checkout" "Mozilla/5.0 (compatible; MSIE 10.0; Windows NT 6.1; WOW64; Trident/6.0)"
80.123.225.34 - - [13/Dec/2017:09:48:13 +0100] "GET /11672289?print=true HTTP/1.1" 200 2123 "-" "Mozilla/5.0 (compatible; MSIE 10.0; Windows NT 6.1; WOW64; Trident/6.0)"
80.123.225.34 - - [13/Dec/2017:09:48:23 +0100] "GET /graphics/zoomin.cur HTTP/1.1" 200 3617 "http://renault.activities.at/11555179?print=true" "Mozilla/5.0 (Windows NT 6.1; WOW64; Trident/7.0; rv:11.0) like Gecko"
193.194.132.74 - - [13/Dec/2017:09:48:26 +0100] "GET /reload?ser=1513154905948 HTTP/1.1" 200 28 "http://renault.2web.at/account?loadrequest=true" "Mozilla/5.0 (Windows NT 6.1; WOW64; Trident/7.0; rv:11.0) like Gecko"
193.194.132.79 - - [13/Dec/2017:09:48:28 +0100] "GET /reload?ser=1513154908551 HTTP/1.1" 200 28 "http://renault.2web.at/result?searchterm=true&search=REH5246" "Mozilla/5.0 (Windows NT 6.1; WOW64; Trident/7.0; rv:11.0) like Gecko"
80.123.225.34 - - [13/Dec/2017:09:48:42 +0100] "GET /reload?ser=1513154922097 HTTP/1.1" 200 28 "http://renault.activities.at/result?searchterm=true&search=koleos" "Mozilla/5.0 (Windows NT 6.1; WOW64; Trident/7.0; rv:11.0) like Gecko"
213.153.47.173 - - [13/Dec/2017:09:48:58 +0100] "GET /reload?ser=1513154941937 HTTP/1.1" 200 28 "http://renault.activities.at/10260008" "Mozilla/5.0 (Windows NT 6.1; WOW64) AppleWebKit/537.36 (KHTML, like Gecko) Chrome/62.0.3202.89 Safari/537.36 OPR/49.0.2725.47"
80.123.225.34 - - [13/Dec/2017:09:49:07 +0100] "GET /reload?ser=1513154952191 HTTP/1.1" 200 28 "http://renault.activities.at/success" "Mozilla/5.0 (compatible; MSIE 10.0; Windows NT 6.1; WOW64; Trident/6.0)"
193.194.132.74 - - [13/Dec/2017:09:49:27 +0100] "GET /reload?ser=1513154967037 HTTP/1.1" 200 28 "http://renault.2web.at/account?loadrequest=true" "Mozilla/5.0 (Windows NT 6.1; WOW64; Trident/7.0; rv:11.0) like Gecko"
193.194.132.79 - - [13/Dec/2017:09:49:29 +0100] "GET /reload?ser=1513154969642 HTTP/1.1" 200 28 "http://renault.2web.at/result?searchterm=true&search=REH5246" "Mozilla/5.0 (Windows NT 6.1; WOW64; Trident/7.0; rv:11.0) like Gecko"
80.123.225.34 - - [13/Dec/2017:09:49:43 +0100] "GET /reload?ser=1513154983071 HTTP/1.1" 200 28 "http://renault.activities.at/result?searchterm=true&search=koleos" "Mozilla/5.0 (Windows NT 6.1; WOW64; Trident/7.0; rv:11.0) like Gecko"
213.153.47.173 - - [13/Dec/2017:09:49:59 +0100] "GET /reload?ser=1513155002952 HTTP/1.1" 200 28 "http://renault.activities.at/10260008" "Mozilla/5.0 (Windows NT 6.1; WOW64) AppleWebKit/537.36 (KHTML, like Gecko) Chrome/62.0.3202.89 Safari/537.36 OPR/49.0.2725.47"
80.123.225.34 - - [13/Dec/2017:09:50:08 +0100] "GET /reload?ser=1513155013127 HTTP/1.1" 200 28 "http://renault.activities.at/success" "Mozilla/5.0 (compatible; MSIE 10.0; Windows NT 6.1; WOW64; Trident/6.0)"
80.123.225.34 - - [13/Dec/2017:09:50:16 +0100] "GET / HTTP/1.1" 200 7050 "http://renault.activities.at/success" "Mozilla/5.0 (compatible; MSIE 10.0; Windows NT 6.1; WOW64; Trident/6.0)"
80.123.225.34 - - [13/Dec/2017:09:50:17 +0100] "GET /loadthumbnail.php?id=11075492&width=50&height=50 HTTP/1.1" 200 1114 "http://renault.activities.at/" "Mozilla/5.0 (compatible; MSIE 10.0; Windows NT 6.1; WOW64; Trident/6.0)"
80.123.225.34 - - [13/Dec/2017:09:50:17 +0100] "GET /loadthumbnail.php?id=10269569&width=50&height=50 HTTP/1.1" 200 774 "http://renault.activities.at/" "Mozilla/5.0 (compatible; MSIE 10.0; Windows NT 6.1; WOW64; Trident/6.0)"
80.123.225.34 - - [13/Dec/2017:09:50:17 +0100] "GET /loadthumbnail.php?id=10269567&width=50&height=50 HTTP/1.1" 200 845 "http://renault.activities.at/" "Mozilla/5.0 (compatible; MSIE 10.0; Windows NT 6.1; WOW64; Trident/6.0)"
80.123.225.34 - - [13/Dec/2017:09:50:17 +0100] "GET /loadthumbnail.php?id=11075482&width=50&height=50 HTTP/1.1" 200 1114 "http://renault.activities.at/" "Mozilla/5.0 (compatible; MSIE 10.0; Windows NT 6.1; WOW64; Trident/6.0)"
80.123.225.34 - - [13/Dec/2017:09:50:20 +0100] "GET /logout HTTP/1.1" 302 140 "http://renault.activities.at/" "Mozilla/5.0 (compatible; MSIE 10.0; Windows NT 6.1; WOW64; Trident/6.0)"
80.123.225.34 - - [13/Dec/2017:09:50:21 +0100] "GET /logout HTTP/1.1" 200 1583 "http://renault.activities.at/" "Mozilla/5.0 (compatible; MSIE 10.0; Windows NT 6.1; WOW64; Trident/6.0)"
80.123.225.34 - - [13/Dec/2017:09:50:27 +0100] "GET / HTTP/1.1" 200 4051 "http://renault.activities.at/logout" "Mozilla/5.0 (compatible; MSIE 10.0; Windows NT 6.1; WOW64; Trident/6.0)"
193.194.132.74 - - [13/Dec/2017:09:50:28 +0100] "GET /reload?ser=1513155028146 HTTP/1.1" 200 28 "http://renault.2web.at/account?loadrequest=true" "Mozilla/5.0 (Windows NT 6.1; WOW64; Trident/7.0; rv:11.0) like Gecko"
193.194.132.79 - - [13/Dec/2017:09:50:30 +0100] "GET /reload?ser=1513155030748 HTTP/1.1" 200 28 "http://renault.2web.at/result?searchterm=true&search=REH5246" "Mozilla/5.0 (Windows NT 6.1; WOW64; Trident/7.0; rv:11.0) like Gecko"
80.123.225.34 - - [13/Dec/2017:09:50:44 +0100] "GET /reload?ser=1513155044072 HTTP/1.1" 200 28 "http://renault.activities.at/result?searchterm=true&search=koleos" "Mozilla/5.0 (Windows NT 6.1; WOW64; Trident/7.0; rv:11.0) like Gecko"
213.153.47.173 - - [13/Dec/2017:09:51:00 +0100] "GET /reload?ser=1513155063947 HTTP/1.1" 200 28 "http://renault.activities.at/10260008" "Mozilla/5.0 (Windows NT 6.1; WOW64) AppleWebKit/537.36 (KHTML, like Gecko) Chrome/62.0.3202.89 Safari/537.36 OPR/49.0.2725.47"
80.123.225.34 - - [13/Dec/2017:09:51:28 +0100] "GET /reload?ser=1513155093503 HTTP/1.1" 200 28 "http://renault.activities.at/" "Mozilla/5.0 (compatible; MSIE 10.0; Windows NT 6.1; WOW64; Trident/6.0)"
193.194.132.74 - - [13/Dec/2017:09:51:29 +0100] "GET /reload?ser=1513155089275 HTTP/1.1" 200 28 "http://renault.2web.at/account?loadrequest=true" "Mozilla/5.0 (Windows NT 6.1; WOW64; Trident/7.0; rv:11.0) like Gecko"
193.194.132.79 - - [13/Dec/2017:09:51:31 +0100] "GET /reload?ser=1513155091854 HTTP/1.1" 200 28 "http://renault.2web.at/result?searchterm=true&search=REH5246" "Mozilla/5.0 (Windows NT 6.1; WOW64; Trident/7.0; rv:11.0) like Gecko"
80.123.225.34 - - [13/Dec/2017:09:51:45 +0100] "GET /reload?ser=1513155105093 HTTP/1.1" 200 28 "http://renault.activities.at/result?searchterm=true&search=koleos" "Mozilla/5.0 (Windows NT 6.1; WOW64; Trident/7.0; rv:11.0) like Gecko"
213.153.47.173 - - [13/Dec/2017:09:52:01 +0100] "GET /reload?ser=1513155124924 HTTP/1.1" 200 28 "http://renault.activities.at/10260008" "Mozilla/5.0 (Windows NT 6.1; WOW64) AppleWebKit/537.36 (KHTML, like Gecko) Chrome/62.0.3202.89 Safari/537.36 OPR/49.0.2725.47"
80.123.225.34 - - [13/Dec/2017:09:52:17 +0100] "GET /graphics/zoomin.cur HTTP/1.1" 200 3617 "http://renault.activities.at/11555179?print=true" "Mozilla/5.0 (Windows NT 6.1; WOW64; Trident/7.0; rv:11.0) like Gecko"
80.123.225.34 - - [13/Dec/2017:09:52:29 +0100] "GET /reload?ser=1513155154144 HTTP/1.1" 200 28 "http://renault.activities.at/" "Mozilla/5.0 (compatible; MSIE 10.0; Windows NT 6.1; WOW64; Trident/6.0)"
193.194.132.74 - - [13/Dec/2017:09:52:30 +0100] "GET /reload?ser=1513155150358 HTTP/1.1" 200 28 "http://renault.2web.at/account?loadrequest=true" "Mozilla/5.0 (Windows NT 6.1; WOW64; Trident/7.0; rv:11.0) like Gecko"
193.194.132.79 - - [13/Dec/2017:09:52:33 +0100] "GET /reload?ser=1513155152944 HTTP/1.1" 200 28 "http://renault.2web.at/result?searchterm=true&search=REH5246" "Mozilla/5.0 (Windows NT 6.1; WOW64; Trident/7.0; rv:11.0) like Gecko"
80.123.225.34 - - [13/Dec/2017:09:52:46 +0100] "GET /reload?ser=1513155166038 HTTP/1.1" 200 28 "http://renault.activities.at/result?searchterm=true&search=koleos" "Mozilla/5.0 (Windows NT 6.1; WOW64; Trident/7.0; rv:11.0) like Gecko"
213.153.47.173 - - [13/Dec/2017:09:53:02 +0100] "GET /reload?ser=1513155185897 HTTP/1.1" 200 28 "http://renault.activities.at/10260008" "Mozilla/5.0 (Windows NT 6.1; WOW64) AppleWebKit/537.36 (KHTML, like Gecko) Chrome/62.0.3202.89 Safari/537.36 OPR/49.0.2725.47"
80.123.225.34 - - [13/Dec/2017:09:53:29 +0100] "GET /reload?ser=1513155214813 HTTP/1.1" 200 28 "http://renault.activities.at/" "Mozilla/5.0 (compatible; MSIE 10.0; Windows NT 6.1; WOW64; Trident/6.0)"
193.194.132.74 - - [13/Dec/2017:09:53:31 +0100] "GET /reload?ser=1513155211436 HTTP/1.1" 200 28 "http://renault.2web.at/account?loadrequest=true" "Mozilla/5.0 (Windows NT 6.1; WOW64; Trident/7.0; rv:11.0) like Gecko"
193.194.132.79 - - [13/Dec/2017:09:53:34 +0100] "GET /reload?ser=1513155214051 HTTP/1.1" 200 28 "http://renault.2web.at/result?searchterm=true&search=REH5246" "Mozilla/5.0 (Windows NT 6.1; WOW64; Trident/7.0; rv:11.0) like Gecko"
80.123.225.34 - - [13/Dec/2017:09:53:47 +0100] "GET /reload?ser=1513155227076 HTTP/1.1" 200 28 "http://renault.activities.at/result?searchterm=true&search=koleos" "Mozilla/5.0 (Windows NT 6.1; WOW64; Trident/7.0; rv:11.0) like Gecko"
213.153.47.173 - - [13/Dec/2017:09:54:03 +0100] "GET /reload?ser=1513155246901 HTTP/1.1" 200 28 "http://renault.activities.at/10260008" "Mozilla/5.0 (Windows NT 6.1; WOW64) AppleWebKit/537.36 (KHTML, like Gecko) Chrome/62.0.3202.89 Safari/537.36 OPR/49.0.2725.47"
80.123.225.34 - - [13/Dec/2017:09:54:30 +0100] "GET /reload?ser=1513155275443 HTTP/1.1" 200 28 "http://renault.activities.at/" "Mozilla/5.0 (compatible; MSIE 10.0; Windows NT 6.1; WOW64; Trident/6.0)"
193.194.132.74 - - [13/Dec/2017:09:54:32 +0100] "GET /reload?ser=1513155272535 HTTP/1.1" 200 28 "http://renault.2web.at/account?loadrequest=true" "Mozilla/5.0 (Windows NT 6.1; WOW64; Trident/7.0; rv:11.0) like Gecko"
193.194.132.79 - - [13/Dec/2017:09:54:35 +0100] "GET /reload?ser=1513155275189 HTTP/1.1" 200 28 "http://renault.2web.at/result?searchterm=true&search=REH5246" "Mozilla/5.0 (Windows NT 6.1; WOW64; Trident/7.0; rv:11.0) like Gecko"
80.123.225.34 - - [13/Dec/2017:09:54:48 +0100] "GET /reload?ser=1513155288098 HTTP/1.1" 200 28 "http://renault.activities.at/result?searchterm=true&search=koleos" "Mozilla/5.0 (Windows NT 6.1; WOW64; Trident/7.0; rv:11.0) like Gecko"
213.153.47.173 - - [13/Dec/2017:09:55:04 +0100] "GET /reload?ser=1513155307945 HTTP/1.1" 200 28 "http://renault.activities.at/10260008" "Mozilla/5.0 (Windows NT 6.1; WOW64) AppleWebKit/537.36 (KHTML, like Gecko) Chrome/62.0.3202.89 Safari/537.36 OPR/49.0.2725.47"
80.123.225.34 - - [13/Dec/2017:09:55:31 +0100] "GET /reload?ser=1513155336097 HTTP/1.1" 200 28 "http://renault.activities.at/" "Mozilla/5.0 (compatible; MSIE 10.0; Windows NT 6.1; WOW64; Trident/6.0)"
193.194.132.74 - - [13/Dec/2017:09:55:33 +0100] "GET /reload?ser=1513155333636 HTTP/1.1" 200 28 "http://renault.2web.at/account?loadrequest=true" "Mozilla/5.0 (Windows NT 6.1; WOW64; Trident/7.0; rv:11.0) like Gecko"
193.194.132.79 - - [13/Dec/2017:09:55:36 +0100] "GET /reload?ser=1513155336310 HTTP/1.1" 200 28 "http://renault.2web.at/result?searchterm=true&search=REH5246" "Mozilla/5.0 (Windows NT 6.1; WOW64; Trident/7.0; rv:11.0) like Gecko"
80.123.225.34 - - [13/Dec/2017:09:55:49 +0100] "GET /reload?ser=1513155349134 HTTP/1.1" 200 28 "http://renault.activities.at/result?searchterm=true&search=koleos" "Mozilla/5.0 (Windows NT 6.1; WOW64; Trident/7.0; rv:11.0) like Gecko"
213.153.47.173 - - [13/Dec/2017:09:56:05 +0100] "GET /reload?ser=1513155368947 HTTP/1.1" 200 28 "http://renault.activities.at/10260008" "Mozilla/5.0 (Windows NT 6.1; WOW64) AppleWebKit/537.36 (KHTML, like Gecko) Chrome/62.0.3202.89 Safari/537.36 OPR/49.0.2725.47"
80.123.225.34 - - [13/Dec/2017:09:56:10 +0100] "GET /null HTTP/1.1" 200 3617 "http://renault.activities.at/result?searchterm=true&search=koleos" "Mozilla/5.0 (Windows NT 6.1; WOW64; Trident/7.0; rv:11.0) like Gecko"
80.123.225.34 - - [13/Dec/2017:09:56:10 +0100] "GET /logout HTTP/1.1" 302 140 "http://renault.activities.at/result?searchterm=true&search=koleos" "Mozilla/5.0 (Windows NT 6.1; WOW64; Trident/7.0; rv:11.0) like Gecko"
80.123.225.34 - - [13/Dec/2017:09:56:12 +0100] "GET /logout HTTP/1.1" 200 1583 "http://renault.activities.at/result?searchterm=true&search=koleos" "Mozilla/5.0 (Windows NT 6.1; WOW64; Trident/7.0; rv:11.0) like Gecko"
80.123.225.34 - - [13/Dec/2017:09:56:31 +0100] "GET /reload?ser=1513155396756 HTTP/1.1" 200 28 "http://renault.activities.at/" "Mozilla/5.0 (compatible; MSIE 10.0; Windows NT 6.1; WOW64; Trident/6.0)"
193.194.132.74 - - [13/Dec/2017:09:56:34 +0100] "GET /reload?ser=1513155394756 HTTP/1.1" 200 28 "http://renault.2web.at/account?loadrequest=true" "Mozilla/5.0 (Windows NT 6.1; WOW64; Trident/7.0; rv:11.0) like Gecko"
193.194.132.79 - - [13/Dec/2017:09:56:37 +0100] "GET /reload?ser=1513155397386 HTTP/1.1" 200 28 "http://renault.2web.at/result?searchterm=true&search=REH5246" "Mozilla/5.0 (Windows NT 6.1; WOW64; Trident/7.0; rv:11.0) like Gecko"
213.153.47.173 - - [13/Dec/2017:09:57:06 +0100] "GET /reload?ser=1513155429912 HTTP/1.1" 200 28 "http://renault.activities.at/10260008" "Mozilla/5.0 (Windows NT 6.1; WOW64) AppleWebKit/537.36 (KHTML, like Gecko) Chrome/62.0.3202.89 Safari/537.36 OPR/49.0.2725.47"
80.123.225.34 - - [13/Dec/2017:09:57:32 +0100] "GET /reload?ser=1513155457381 HTTP/1.1" 200 28 "http://renault.activities.at/" "Mozilla/5.0 (compatible; MSIE 10.0; Windows NT 6.1; WOW64; Trident/6.0)"
193.194.132.74 - - [13/Dec/2017:09:57:35 +0100] "GET /reload?ser=1513155455808 HTTP/1.1" 200 28 "http://renault.2web.at/account?loadrequest=true" "Mozilla/5.0 (Windows NT 6.1; WOW64; Trident/7.0; rv:11.0) like Gecko"
193.194.132.79 - - [13/Dec/2017:09:57:38 +0100] "GET /reload?ser=1513155458445 HTTP/1.1" 200 28 "http://renault.2web.at/result?searchterm=true&search=REH5246" "Mozilla/5.0 (Windows NT 6.1; WOW64; Trident/7.0; rv:11.0) like Gecko"
213.153.47.173 - - [13/Dec/2017:09:58:06 +0100] "GET /reload?ser=1513155490888 HTTP/1.1" 200 28 "http://renault.activities.at/10260008" "Mozilla/5.0 (Windows NT 6.1; WOW64) AppleWebKit/537.36 (KHTML, like Gecko) Chrome/62.0.3202.89 Safari/537.36 OPR/49.0.2725.47"
80.123.225.34 - - [13/Dec/2017:09:58:32 +0100] "GET /reload?ser=1513155518009 HTTP/1.1" 200 28 "http://renault.activities.at/" "Mozilla/5.0 (compatible; MSIE 10.0; Windows NT 6.1; WOW64; Trident/6.0)"
193.194.132.74 - - [13/Dec/2017:09:58:37 +0100] "GET /reload?ser=1513155516920 HTTP/1.1" 200 28 "http://renault.2web.at/account?loadrequest=true" "Mozilla/5.0 (Windows NT 6.1; WOW64; Trident/7.0; rv:11.0) like Gecko"
38.80.27.248 - - [13/Dec/2017:09:58:39 +0100] "GET /images/favicon.ico HTTP/1.1" 404 380 "-" "Mozilla/5.0 (Windows NT 6.1; WOW64; rv:27.0) Gecko/20100101 Firefox/27.0"
193.194.132.79 - - [13/Dec/2017:09:58:39 +0100] "GET /reload?ser=1513155519551 HTTP/1.1" 200 28 "http://renault.2web.at/result?searchterm=true&search=REH5246" "Mozilla/5.0 (Windows NT 6.1; WOW64; Trident/7.0; rv:11.0) like Gecko"
213.153.47.173 - - [13/Dec/2017:09:59:07 +0100] "GET /reload?ser=1513155551849 HTTP/1.1" 200 28 "http://renault.activities.at/10260008" "Mozilla/5.0 (Windows NT 6.1; WOW64) AppleWebKit/537.36 (KHTML, like Gecko) Chrome/62.0.3202.89 Safari/537.36 OPR/49.0.2725.47"
80.123.225.34 - - [13/Dec/2017:09:59:33 +0100] "GET /reload?ser=1513155578642 HTTP/1.1" 200 28 "http://renault.activities.at/" "Mozilla/5.0 (compatible; MSIE 10.0; Windows NT 6.1; WOW64; Trident/6.0)"
193.194.132.74 - - [13/Dec/2017:09:59:38 +0100] "GET /reload?ser=1513155578036 HTTP/1.1" 200 28 "http://renault.2web.at/account?loadrequest=true" "Mozilla/5.0 (Windows NT 6.1; WOW64; Trident/7.0; rv:11.0) like Gecko"
193.194.132.79 - - [13/Dec/2017:09:59:40 +0100] "GET /reload?ser=1513155580626 HTTP/1.1" 200 28 "http://renault.2web.at/result?searchterm=true&search=REH5246" "Mozilla/5.0 (Windows NT 6.1; WOW64; Trident/7.0; rv:11.0) like Gecko"
213.153.47.173 - - [13/Dec/2017:10:00:08 +0100] "GET /reload?ser=1513155612819 HTTP/1.1" 200 28 "http://renault.activities.at/10260008" "Mozilla/5.0 (Windows NT 6.1; WOW64) AppleWebKit/537.36 (KHTML, like Gecko) Chrome/62.0.3202.89 Safari/537.36 OPR/49.0.2725.47"
80.123.225.34 - - [13/Dec/2017:10:00:34 +0100] "GET /reload?ser=1513155639270 HTTP/1.1" 200 28 "http://renault.activities.at/" "Mozilla/5.0 (compatible; MSIE 10.0; Windows NT 6.1; WOW64; Trident/6.0)"
193.194.132.74 - - [13/Dec/2017:10:00:39 +0100] "GET /reload?ser=1513155639140 HTTP/1.1" 200 28 "http://renault.2web.at/account?loadrequest=true" "Mozilla/5.0 (Windows NT 6.1; WOW64; Trident/7.0; rv:11.0) like Gecko"
193.194.132.79 - - [13/Dec/2017:10:00:41 +0100] "GET /reload?ser=1513155641717 HTTP/1.1" 200 28 "http://renault.2web.at/result?searchterm=true&search=REH5246" "Mozilla/5.0 (Windows NT 6.1; WOW64; Trident/7.0; rv:11.0) like Gecko"
213.153.47.173 - - [13/Dec/2017:10:01:09 +0100] "GET /reload?ser=1513155673808 HTTP/1.1" 200 28 "http://renault.activities.at/10260008" "Mozilla/5.0 (Windows NT 6.1; WOW64) AppleWebKit/537.36 (KHTML, like Gecko) Chrome/62.0.3202.89 Safari/537.36 OPR/49.0.2725.47"
80.123.225.34 - - [13/Dec/2017:10:01:34 +0100] "GET /reload?ser=1513155699894 HTTP/1.1" 200 28 "http://renault.activities.at/" "Mozilla/5.0 (compatible; MSIE 10.0; Windows NT 6.1; WOW64; Trident/6.0)"
193.194.132.74 - - [13/Dec/2017:10:01:40 +0100] "GET /reload?ser=1513155700239 HTTP/1.1" 200 28 "http://renault.2web.at/account?loadrequest=true" "Mozilla/5.0 (Windows NT 6.1; WOW64; Trident/7.0; rv:11.0) like Gecko"
193.194.132.79 - - [13/Dec/2017:10:01:43 +0100] "GET /reload?ser=1513155702839 HTTP/1.1" 200 28 "http://renault.2web.at/result?searchterm=true&search=REH5246" "Mozilla/5.0 (Windows NT 6.1; WOW64; Trident/7.0; rv:11.0) like Gecko"
213.153.47.173 - - [13/Dec/2017:10:02:10 +0100] "GET /reload?ser=1513155734835 HTTP/1.1" 200 28 "http://renault.activities.at/10260008" "Mozilla/5.0 (Windows NT 6.1; WOW64) AppleWebKit/537.36 (KHTML, like Gecko) Chrome/62.0.3202.89 Safari/537.36 OPR/49.0.2725.47"
80.123.225.34 - - [13/Dec/2017:10:02:35 +0100] "GET /reload?ser=1513155760523 HTTP/1.1" 200 28 "http://renault.activities.at/" "Mozilla/5.0 (compatible; MSIE 10.0; Windows NT 6.1; WOW64; Trident/6.0)"
193.194.132.74 - - [13/Dec/2017:10:02:41 +0100] "GET /reload?ser=1513155761295 HTTP/1.1" 200 28 "http://renault.2web.at/account?loadrequest=true" "Mozilla/5.0 (Windows NT 6.1; WOW64; Trident/7.0; rv:11.0) like Gecko"
193.194.132.79 - - [13/Dec/2017:10:02:44 +0100] "GET /reload?ser=1513155763960 HTTP/1.1" 200 28 "http://renault.2web.at/result?searchterm=true&search=REH5246" "Mozilla/5.0 (Windows NT 6.1; WOW64; Trident/7.0; rv:11.0) like Gecko"
213.153.47.173 - - [13/Dec/2017:10:03:11 +0100] "GET /reload?ser=1513155795826 HTTP/1.1" 200 28 "http://renault.activities.at/10260008" "Mozilla/5.0 (Windows NT 6.1; WOW64) AppleWebKit/537.36 (KHTML, like Gecko) Chrome/62.0.3202.89 Safari/537.36 OPR/49.0.2725.47"
80.123.225.34 - - [13/Dec/2017:10:03:36 +0100] "GET /reload?ser=1513155821157 HTTP/1.1" 200 28 "http://renault.activities.at/" "Mozilla/5.0 (compatible; MSIE 10.0; Windows NT 6.1; WOW64; Trident/6.0)"
193.194.132.74 - - [13/Dec/2017:10:03:42 +0100] "GET /reload?ser=1513155822377 HTTP/1.1" 200 28 "http://renault.2web.at/account?loadrequest=true" "Mozilla/5.0 (Windows NT 6.1; WOW64; Trident/7.0; rv:11.0) like Gecko"
193.194.132.79 - - [13/Dec/2017:10:03:45 +0100] "GET /reload?ser=1513155825082 HTTP/1.1" 200 28 "http://renault.2web.at/result?searchterm=true&search=REH5246" "Mozilla/5.0 (Windows NT 6.1; WOW64; Trident/7.0; rv:11.0) like Gecko"
213.153.47.173 - - [13/Dec/2017:10:04:12 +0100] "GET /reload?ser=1513155856814 HTTP/1.1" 200 28 "http://renault.activities.at/10260008" "Mozilla/5.0 (Windows NT 6.1; WOW64) AppleWebKit/537.36 (KHTML, like Gecko) Chrome/62.0.3202.89 Safari/537.36 OPR/49.0.2725.47"
80.123.225.34 - - [13/Dec/2017:10:04:36 +0100] "GET /reload?ser=1513155881799 HTTP/1.1" 200 28 "http://renault.activities.at/" "Mozilla/5.0 (compatible; MSIE 10.0; Windows NT 6.1; WOW64; Trident/6.0)"
193.194.132.74 - - [13/Dec/2017:10:04:43 +0100] "GET /reload?ser=1513155883455 HTTP/1.1" 200 28 "http://renault.2web.at/account?loadrequest=true" "Mozilla/5.0 (Windows NT 6.1; WOW64; Trident/7.0; rv:11.0) like Gecko"
193.194.132.79 - - [13/Dec/2017:10:04:46 +0100] "GET /reload?ser=1513155886204 HTTP/1.1" 200 28 "http://renault.2web.at/result?searchterm=true&search=REH5246" "Mozilla/5.0 (Windows NT 6.1; WOW64; Trident/7.0; rv:11.0) like Gecko"
213.153.47.173 - - [13/Dec/2017:10:05:13 +0100] "GET /reload?ser=1513155917753 HTTP/1.1" 200 28 "http://renault.activities.at/10260008" "Mozilla/5.0 (Windows NT 6.1; WOW64) AppleWebKit/537.36 (KHTML, like Gecko) Chrome/62.0.3202.89 Safari/537.36 OPR/49.0.2725.47"
80.123.225.34 - - [13/Dec/2017:10:05:37 +0100] "GET /reload?ser=1513155942494 HTTP/1.1" 200 28 "http://renault.activities.at/" "Mozilla/5.0 (compatible; MSIE 10.0; Windows NT 6.1; WOW64; Trident/6.0)"
193.194.132.74 - - [13/Dec/2017:10:05:44 +0100] "GET /reload?ser=1513155944535 HTTP/1.1" 200 28 "http://renault.2web.at/account?loadrequest=true" "Mozilla/5.0 (Windows NT 6.1; WOW64; Trident/7.0; rv:11.0) like Gecko"
193.194.132.79 - - [13/Dec/2017:10:05:47 +0100] "GET /reload?ser=1513155947331 HTTP/1.1" 200 28 "http://renault.2web.at/result?searchterm=true&search=REH5246" "Mozilla/5.0 (Windows NT 6.1; WOW64; Trident/7.0; rv:11.0) like Gecko"
213.153.47.173 - - [13/Dec/2017:10:06:14 +0100] "GET /reload?ser=1513155978745 HTTP/1.1" 200 28 "http://renault.activities.at/10260008" "Mozilla/5.0 (Windows NT 6.1; WOW64) AppleWebKit/537.36 (KHTML, like Gecko) Chrome/62.0.3202.89 Safari/537.36 OPR/49.0.2725.47"
80.123.225.34 - - [13/Dec/2017:10:06:38 +0100] "GET /reload?ser=1513156003141 HTTP/1.1" 200 28 "http://renault.activities.at/" "Mozilla/5.0 (compatible; MSIE 10.0; Windows NT 6.1; WOW64; Trident/6.0)"
193.194.132.74 - - [13/Dec/2017:10:06:45 +0100] "GET /reload?ser=1513156005666 HTTP/1.1" 200 28 "http://renault.2web.at/account?loadrequest=true" "Mozilla/5.0 (Windows NT 6.1; WOW64; Trident/7.0; rv:11.0) like Gecko"
193.194.132.79 - - [13/Dec/2017:10:06:48 +0100] "GET /reload?ser=1513156008484 HTTP/1.1" 200 28 "http://renault.2web.at/result?searchterm=true&search=REH5246" "Mozilla/5.0 (Windows NT 6.1; WOW64; Trident/7.0; rv:11.0) like Gecko"
213.153.47.173 - - [13/Dec/2017:10:07:15 +0100] "GET /reload?ser=1513156039740 HTTP/1.1" 200 28 "http://renault.activities.at/10260008" "Mozilla/5.0 (Windows NT 6.1; WOW64) AppleWebKit/537.36 (KHTML, like Gecko) Chrome/62.0.3202.89 Safari/537.36 OPR/49.0.2725.47"
80.123.225.34 - - [13/Dec/2017:10:07:38 +0100] "GET /reload?ser=1513156063776 HTTP/1.1" 200 28 "http://renault.activities.at/" "Mozilla/5.0 (compatible; MSIE 10.0; Windows NT 6.1; WOW64; Trident/6.0)"
193.194.132.74 - - [13/Dec/2017:10:07:46 +0100] "GET /reload?ser=1513156066773 HTTP/1.1" 200 28 "http://renault.2web.at/account?loadrequest=true" "Mozilla/5.0 (Windows NT 6.1; WOW64; Trident/7.0; rv:11.0) like Gecko"
193.194.132.79 - - [13/Dec/2017:10:07:49 +0100] "GET /reload?ser=1513156069590 HTTP/1.1" 200 28 "http://renault.2web.at/result?searchterm=true&search=REH5246" "Mozilla/5.0 (Windows NT 6.1; WOW64; Trident/7.0; rv:11.0) like Gecko"
213.153.47.173 - - [13/Dec/2017:10:08:16 +0100] "GET /reload?ser=1513156100703 HTTP/1.1" 200 28 "http://renault.activities.at/10260008" "Mozilla/5.0 (Windows NT 6.1; WOW64) AppleWebKit/537.36 (KHTML, like Gecko) Chrome/62.0.3202.89 Safari/537.36 OPR/49.0.2725.47"
193.194.132.74 - - [13/Dec/2017:10:08:47 +0100] "GET /reload?ser=1513156127864 HTTP/1.1" 200 28 "http://renault.2web.at/account?loadrequest=true" "Mozilla/5.0 (Windows NT 6.1; WOW64; Trident/7.0; rv:11.0) like Gecko"
193.194.132.79 - - [13/Dec/2017:10:08:50 +0100] "GET /reload?ser=1513156130759 HTTP/1.1" 200 28 "http://renault.2web.at/result?searchterm=true&search=REH5246" "Mozilla/5.0 (Windows NT 6.1; WOW64; Trident/7.0; rv:11.0) like Gecko"
213.153.47.173 - - [13/Dec/2017:10:09:17 +0100] "GET /reload?ser=1513156161668 HTTP/1.1" 200 28 "http://renault.activities.at/10260008" "Mozilla/5.0 (Windows NT 6.1; WOW64) AppleWebKit/537.36 (KHTML, like Gecko) Chrome/62.0.3202.89 Safari/537.36 OPR/49.0.2725.47"
193.194.132.74 - - [13/Dec/2017:10:09:49 +0100] "GET /reload?ser=1513156188943 HTTP/1.1" 200 28 "http://renault.2web.at/account?loadrequest=true" "Mozilla/5.0 (Windows NT 6.1; WOW64; Trident/7.0; rv:11.0) like Gecko"
193.194.132.79 - - [13/Dec/2017:10:09:51 +0100] "GET /reload?ser=1513156191845 HTTP/1.1" 200 28 "http://renault.2web.at/result?searchterm=true&search=REH5246" "Mozilla/5.0 (Windows NT 6.1; WOW64; Trident/7.0; rv:11.0) like Gecko"
213.153.47.173 - - [13/Dec/2017:10:10:18 +0100] "GET /reload?ser=1513156222671 HTTP/1.1" 200 28 "http://renault.activities.at/10260008" "Mozilla/5.0 (Windows NT 6.1; WOW64) AppleWebKit/537.36 (KHTML, like Gecko) Chrome/62.0.3202.89 Safari/537.36 OPR/49.0.2725.47"
193.194.132.74 - - [13/Dec/2017:10:10:50 +0100] "GET /reload?ser=1513156250062 HTTP/1.1" 200 28 "http://renault.2web.at/account?loadrequest=true" "Mozilla/5.0 (Windows NT 6.1; WOW64; Trident/7.0; rv:11.0) like Gecko"
193.194.132.79 - - [13/Dec/2017:10:10:53 +0100] "GET /reload?ser=1513156252979 HTTP/1.1" 200 28 "http://renault.2web.at/result?searchterm=true&search=REH5246" "Mozilla/5.0 (Windows NT 6.1; WOW64; Trident/7.0; rv:11.0) like Gecko"
213.153.47.173 - - [13/Dec/2017:10:11:19 +0100] "GET /reload?ser=1513156283640 HTTP/1.1" 200 28 "http://renault.activities.at/10260008" "Mozilla/5.0 (Windows NT 6.1; WOW64) AppleWebKit/537.36 (KHTML, like Gecko) Chrome/62.0.3202.89 Safari/537.36 OPR/49.0.2725.47"
193.194.132.74 - - [13/Dec/2017:10:11:51 +0100] "GET /reload?ser=1513156311200 HTTP/1.1" 200 28 "http://renault.2web.at/account?loadrequest=true" "Mozilla/5.0 (Windows NT 6.1; WOW64; Trident/7.0; rv:11.0) like Gecko"
193.194.132.79 - - [13/Dec/2017:10:11:54 +0100] "GET /reload?ser=1513156314118 HTTP/1.1" 200 28 "http://renault.2web.at/result?searchterm=true&search=REH5246" "Mozilla/5.0 (Windows NT 6.1; WOW64; Trident/7.0; rv:11.0) like Gecko"
213.153.47.173 - - [13/Dec/2017:10:12:20 +0100] "GET /reload?ser=1513156344584 HTTP/1.1" 200 28 "http://renault.activities.at/10260008" "Mozilla/5.0 (Windows NT 6.1; WOW64) AppleWebKit/537.36 (KHTML, like Gecko) Chrome/62.0.3202.89 Safari/537.36 OPR/49.0.2725.47"
193.194.132.74 - - [13/Dec/2017:10:12:52 +0100] "GET /reload?ser=1513156372333 HTTP/1.1" 200 28 "http://renault.2web.at/account?loadrequest=true" "Mozilla/5.0 (Windows NT 6.1; WOW64; Trident/7.0; rv:11.0) like Gecko"
193.194.132.79 - - [13/Dec/2017:10:12:55 +0100] "GET /reload?ser=1513156375227 HTTP/1.1" 200 28 "http://renault.2web.at/result?searchterm=true&search=REH5246" "Mozilla/5.0 (Windows NT 6.1; WOW64; Trident/7.0; rv:11.0) like Gecko"
213.153.47.173 - - [13/Dec/2017:10:13:21 +0100] "GET /reload?ser=1513156405560 HTTP/1.1" 200 28 "http://renault.activities.at/10260008" "Mozilla/5.0 (Windows NT 6.1; WOW64) AppleWebKit/537.36 (KHTML, like Gecko) Chrome/62.0.3202.89 Safari/537.36 OPR/49.0.2725.47"
193.194.132.74 - - [13/Dec/2017:10:13:53 +0100] "GET /reload?ser=1513156433839 HTTP/1.1" 200 28 "http://renault.2web.at/account?loadrequest=true" "Mozilla/5.0 (Windows NT 6.1; WOW64; Trident/7.0; rv:11.0) like Gecko"
193.194.132.79 - - [13/Dec/2017:10:13:56 +0100] "GET /reload?ser=1513156436366 HTTP/1.1" 200 28 "http://renault.2web.at/result?searchterm=true&search=REH5246" "Mozilla/5.0 (Windows NT 6.1; WOW64; Trident/7.0; rv:11.0) like Gecko"
213.153.47.173 - - [13/Dec/2017:10:14:22 +0100] "GET /reload?ser=1513156466534 HTTP/1.1" 200 28 "http://renault.activities.at/10260008" "Mozilla/5.0 (Windows NT 6.1; WOW64) AppleWebKit/537.36 (KHTML, like Gecko) Chrome/62.0.3202.89 Safari/537.36 OPR/49.0.2725.47"
193.194.132.74 - - [13/Dec/2017:10:14:55 +0100] "GET /reload?ser=1513156494993 HTTP/1.1" 200 28 "http://renault.2web.at/account?loadrequest=true" "Mozilla/5.0 (Windows NT 6.1; WOW64; Trident/7.0; rv:11.0) like Gecko"
193.194.132.79 - - [13/Dec/2017:10:14:57 +0100] "GET /reload?ser=1513156497506 HTTP/1.1" 200 28 "http://renault.2web.at/result?searchterm=true&search=REH5246" "Mozilla/5.0 (Windows NT 6.1; WOW64; Trident/7.0; rv:11.0) like Gecko"
213.153.47.173 - - [13/Dec/2017:10:15:23 +0100] "GET /reload?ser=1513156527550 HTTP/1.1" 200 28 "http://renault.activities.at/10260008" "Mozilla/5.0 (Windows NT 6.1; WOW64) AppleWebKit/537.36 (KHTML, like Gecko) Chrome/62.0.3202.89 Safari/537.36 OPR/49.0.2725.47"
80.120.5.131 - - [13/Dec/2017:10:15:38 +0100] "GET /10201637 HTTP/1.1" 302 150 "-" "Mozilla/5.0 (Macintosh; Intel Mac OS X 10_12_6) AppleWebKit/604.4.7 (KHTML, like Gecko)"
80.120.5.131 - - [13/Dec/2017:10:15:40 +0100] "GET /login?required=true HTTP/1.1" 200 2086 "-" "Mozilla/5.0 (Macintosh; Intel Mac OS X 10_12_6) AppleWebKit/604.4.7 (KHTML, like Gecko)"
80.120.5.131 - - [13/Dec/2017:10:15:41 +0100] "GET /apple-touch-icon-precomposed.png HTTP/1.1" 200 1559 "-" "Safari/12604.4.7.1.4 CFNetwork/811.7.2 Darwin/16.7.0 (x86_64)"
80.120.5.131 - - [13/Dec/2017:10:15:42 +0100] "GET /apple-touch-icon.png HTTP/1.1" 200 1559 "-" "Safari/12604.4.7.1.4 CFNetwork/811.7.2 Darwin/16.7.0 (x86_64)"
80.120.5.131 - - [13/Dec/2017:10:15:43 +0100] "GET /images/favicon.ico HTTP/1.1" 404 305 "-" "Safari/12604.4.7.1.4 CFNetwork/811.7.2 Darwin/16.7.0 (x86_64)"
80.120.5.131 - - [13/Dec/2017:10:15:43 +0100] "GET /images/favicon.ico HTTP/1.1" 404 305 "-" "Safari/12604.4.7.1.4 CFNetwork/811.7.2 Darwin/16.7.0 (x86_64)"
80.120.5.131 - - [13/Dec/2017:10:15:43 +0100] "GET /favicon.ico HTTP/1.1" 200 3250 "-" "Safari/12604.4.7.1.4 CFNetwork/811.7.2 Darwin/16.7.0 (x86_64)"
80.120.5.131 - - [13/Dec/2017:10:15:43 +0100] "GET /apple-touch-icon-precomposed.png HTTP/1.1" 200 1559 "-" "Safari/12604.4.7.1.4 CFNetwork/811.7.2 Darwin/16.7.0 (x86_64)"
80.120.5.131 - - [13/Dec/2017:10:15:44 +0100] "GET /apple-touch-icon.png HTTP/1.1" 200 1559 "-" "Safari/12604.4.7.1.4 CFNetwork/811.7.2 Darwin/16.7.0 (x86_64)"
80.120.5.131 - - [13/Dec/2017:10:15:45 +0100] "GET /images/favicon.ico HTTP/1.1" 404 305 "-" "Safari/12604.4.7.1.4 CFNetwork/811.7.2 Darwin/16.7.0 (x86_64)"
80.120.5.131 - - [13/Dec/2017:10:15:45 +0100] "GET /images/favicon.ico HTTP/1.1" 404 305 "-" "Safari/12604.4.7.1.4 CFNetwork/811.7.2 Darwin/16.7.0 (x86_64)"
80.120.5.131 - - [13/Dec/2017:10:15:45 +0100] "GET /favicon.ico HTTP/1.1" 200 3250 "-" "Safari/12604.4.7.1.4 CFNetwork/811.7.2 Darwin/16.7.0 (x86_64)"
80.120.5.131 - - [13/Dec/2017:10:15:45 +0100] "GET /10201637 HTTP/1.1" 302 150 "-" "\"Mozilla/5.0 (iPhone; CPU iPhone OS 11_0 like Mac OS X) AppleWebKit/604.1.38 (KHTML, like Gecko) Version/11.0 Mobile/15A372 Safari/604.1\""
80.120.5.131 - - [13/Dec/2017:10:15:46 +0100] "GET /login?required=true HTTP/1.1" 200 2086 "-" "\"Mozilla/5.0 (iPhone; CPU iPhone OS 11_0 like Mac OS X) AppleWebKit/604.1.38 (KHTML, like Gecko) Version/11.0 Mobile/15A372 Safari/604.1\""
80.120.5.131 - - [13/Dec/2017:10:15:47 +0100] "GET /apple-touch-icon-precomposed.png HTTP/1.1" 200 1559 "-" "Safari/12604.4.7.1.4 CFNetwork/811.7.2 Darwin/16.7.0 (x86_64)"
80.120.5.131 - - [13/Dec/2017:10:15:48 +0100] "GET /apple-touch-icon.png HTTP/1.1" 200 1559 "-" "Safari/12604.4.7.1.4 CFNetwork/811.7.2 Darwin/16.7.0 (x86_64)"
80.120.5.131 - - [13/Dec/2017:10:15:49 +0100] "GET /images/favicon.ico HTTP/1.1" 404 305 "-" "Safari/12604.4.7.1.4 CFNetwork/811.7.2 Darwin/16.7.0 (x86_64)"
80.120.5.131 - - [13/Dec/2017:10:15:49 +0100] "GET /images/favicon.ico HTTP/1.1" 404 305 "-" "Safari/12604.4.7.1.4 CFNetwork/811.7.2 Darwin/16.7.0 (x86_64)"
80.120.5.131 - - [13/Dec/2017:10:15:49 +0100] "GET /favicon.ico HTTP/1.1" 200 3250 "-" "Safari/12604.4.7.1.4 CFNetwork/811.7.2 Darwin/16.7.0 (x86_64)"
80.120.5.131 - - [13/Dec/2017:10:15:49 +0100] "GET /apple-touch-icon-precomposed.png HTTP/1.1" 200 1559 "-" "Safari/12604.4.7.1.4 CFNetwork/811.7.2 Darwin/16.7.0 (x86_64)"
80.120.5.131 - - [13/Dec/2017:10:15:50 +0100] "GET /apple-touch-icon.png HTTP/1.1" 200 1559 "-" "Safari/12604.4.7.1.4 CFNetwork/811.7.2 Darwin/16.7.0 (x86_64)"
80.120.5.131 - - [13/Dec/2017:10:15:51 +0100] "GET /images/favicon.ico HTTP/1.1" 404 305 "-" "Safari/12604.4.7.1.4 CFNetwork/811.7.2 Darwin/16.7.0 (x86_64)"
80.120.5.131 - - [13/Dec/2017:10:15:51 +0100] "GET /images/favicon.ico HTTP/1.1" 404 305 "-" "Safari/12604.4.7.1.4 CFNetwork/811.7.2 Darwin/16.7.0 (x86_64)"
80.120.5.131 - - [13/Dec/2017:10:15:51 +0100] "GET /favicon.ico HTTP/1.1" 200 3250 "-" "Safari/12604.4.7.1.4 CFNetwork/811.7.2 Darwin/16.7.0 (x86_64)"
193.194.132.74 - - [13/Dec/2017:10:15:56 +0100] "GET /reload?ser=1513156556103 HTTP/1.1" 200 28 "http://renault.2web.at/account?loadrequest=true" "Mozilla/5.0 (Windows NT 6.1; WOW64; Trident/7.0; rv:11.0) like Gecko"
193.194.132.79 - - [13/Dec/2017:10:15:58 +0100] "GET /reload?ser=1513156558645 HTTP/1.1" 200 28 "http://renault.2web.at/result?searchterm=true&search=REH5246" "Mozilla/5.0 (Windows NT 6.1; WOW64; Trident/7.0; rv:11.0) like Gecko"
213.153.47.173 - - [13/Dec/2017:10:16:24 +0100] "GET /reload?ser=1513156588557 HTTP/1.1" 200 28 "http://renault.activities.at/10260008" "Mozilla/5.0 (Windows NT 6.1; WOW64) AppleWebKit/537.36 (KHTML, like Gecko) Chrome/62.0.3202.89 Safari/537.36 OPR/49.0.2725.47"
193.194.132.74 - - [13/Dec/2017:10:16:57 +0100] "GET /reload?ser=1513156617209 HTTP/1.1" 200 28 "http://renault.2web.at/account?loadrequest=true" "Mozilla/5.0 (Windows NT 6.1; WOW64; Trident/7.0; rv:11.0) like Gecko"
193.194.132.79 - - [13/Dec/2017:10:16:59 +0100] "GET /reload?ser=1513156619738 HTTP/1.1" 200 28 "http://renault.2web.at/result?searchterm=true&search=REH5246" "Mozilla/5.0 (Windows NT 6.1; WOW64; Trident/7.0; rv:11.0) like Gecko"
213.153.47.173 - - [13/Dec/2017:10:17:25 +0100] "GET /reload?ser=1513156649536 HTTP/1.1" 200 28 "http://renault.activities.at/10260008" "Mozilla/5.0 (Windows NT 6.1; WOW64) AppleWebKit/537.36 (KHTML, like Gecko) Chrome/62.0.3202.89 Safari/537.36 OPR/49.0.2725.47"
193.194.132.74 - - [13/Dec/2017:10:17:58 +0100] "GET /reload?ser=1513156678307 HTTP/1.1" 200 28 "http://renault.2web.at/account?loadrequest=true" "Mozilla/5.0 (Windows NT 6.1; WOW64; Trident/7.0; rv:11.0) like Gecko"
193.194.132.79 - - [13/Dec/2017:10:18:00 +0100] "GET /reload?ser=1513156680841 HTTP/1.1" 200 28 "http://renault.2web.at/result?searchterm=true&search=REH5246" "Mozilla/5.0 (Windows NT 6.1; WOW64; Trident/7.0; rv:11.0) like Gecko"
213.153.47.173 - - [13/Dec/2017:10:18:26 +0100] "GET /reload?ser=1513156710507 HTTP/1.1" 200 28 "http://renault.activities.at/10260008" "Mozilla/5.0 (Windows NT 6.1; WOW64) AppleWebKit/537.36 (KHTML, like Gecko) Chrome/62.0.3202.89 Safari/537.36 OPR/49.0.2725.47"
193.194.132.74 - - [13/Dec/2017:10:18:59 +0100] "GET /reload?ser=1513156739366 HTTP/1.1" 200 28 "http://renault.2web.at/account?loadrequest=true" "Mozilla/5.0 (Windows NT 6.1; WOW64; Trident/7.0; rv:11.0) like Gecko"
193.194.132.79 - - [13/Dec/2017:10:19:02 +0100] "GET /reload?ser=1513156741933 HTTP/1.1" 200 28 "http://renault.2web.at/result?searchterm=true&search=REH5246" "Mozilla/5.0 (Windows NT 6.1; WOW64; Trident/7.0; rv:11.0) like Gecko"
213.153.47.173 - - [13/Dec/2017:10:19:27 +0100] "GET /reload?ser=1513156771492 HTTP/1.1" 200 28 "http://renault.activities.at/10260008" "Mozilla/5.0 (Windows NT 6.1; WOW64) AppleWebKit/537.36 (KHTML, like Gecko) Chrome/62.0.3202.89 Safari/537.36 OPR/49.0.2725.47"
193.194.132.74 - - [13/Dec/2017:10:20:00 +0100] "GET /reload?ser=1513156800481 HTTP/1.1" 200 28 "http://renault.2web.at/account?loadrequest=true" "Mozilla/5.0 (Windows NT 6.1; WOW64; Trident/7.0; rv:11.0) like Gecko"
