91.113.165.162 - - [28/Dec/2017:13:55:33 +0100] "GET /reload?ser=1514465733088 HTTP/1.1" 200 1242 "http://renault.activities.at/10201442" "Mozilla/5.0 (Windows NT 10.0; WOW64; Trident/7.0; rv:11.0) like Gecko"
91.113.165.162 - - [28/Dec/2017:13:56:33 +0100] "GET /reload?ser=1514465793239 HTTP/1.1" 200 1237 "http://renault.activities.at/10201442" "Mozilla/5.0 (Windows NT 10.0; WOW64; Trident/7.0; rv:11.0) like Gecko"
91.113.165.162 - - [28/Dec/2017:13:57:33 +0100] "GET /reload?ser=1514465853388 HTTP/1.1" 200 1232 "http://renault.activities.at/10201442" "Mozilla/5.0 (Windows NT 10.0; WOW64; Trident/7.0; rv:11.0) like Gecko"
91.113.165.162 - - [28/Dec/2017:13:58:33 +0100] "GET /reload?ser=1514465913538 HTTP/1.1" 200 1232 "http://renault.activities.at/10201442" "Mozilla/5.0 (Windows NT 10.0; WOW64; Trident/7.0; rv:11.0) like Gecko"
91.113.165.162 - - [28/Dec/2017:13:59:33 +0100] "GET /reload?ser=1514465973688 HTTP/1.1" 200 1236 "http://renault.activities.at/10201442" "Mozilla/5.0 (Windows NT 10.0; WOW64; Trident/7.0; rv:11.0) like Gecko"
91.113.165.162 - - [28/Dec/2017:14:00:33 +0100] "GET /reload?ser=1514466033836 HTTP/1.1" 200 1232 "http://renault.activities.at/10201442" "Mozilla/5.0 (Windows NT 10.0; WOW64; Trident/7.0; rv:11.0) like Gecko"
91.113.165.162 - - [28/Dec/2017:14:01:34 +0100] "GET /reload?ser=1514466093987 HTTP/1.1" 200 1251 "http://renault.activities.at/10201442" "Mozilla/5.0 (Windows NT 10.0; WOW64; Trident/7.0; rv:11.0) like Gecko"
91.113.165.162 - - [28/Dec/2017:14:02:34 +0100] "GET /reload?ser=1514466154138 HTTP/1.1" 200 1238 "http://renault.activities.at/10201442" "Mozilla/5.0 (Windows NT 10.0; WOW64; Trident/7.0; rv:11.0) like Gecko"
91.113.165.162 - - [28/Dec/2017:14:03:34 +0100] "GET /reload?ser=1514466214287 HTTP/1.1" 200 1242 "http://renault.activities.at/10201442" "Mozilla/5.0 (Windows NT 10.0; WOW64; Trident/7.0; rv:11.0) like Gecko"
91.113.165.162 - - [28/Dec/2017:14:04:34 +0100] "GET /reload?ser=1514466274437 HTTP/1.1" 200 1230 "http://renault.activities.at/10201442" "Mozilla/5.0 (Windows NT 10.0; WOW64; Trident/7.0; rv:11.0) like Gecko"
91.113.165.162 - - [28/Dec/2017:14:05:34 +0100] "GET /reload?ser=1514466334587 HTTP/1.1" 200 1239 "http://renault.activities.at/10201442" "Mozilla/5.0 (Windows NT 10.0; WOW64; Trident/7.0; rv:11.0) like Gecko"
91.113.165.162 - - [28/Dec/2017:14:06:34 +0100] "GET /reload?ser=1514466394737 HTTP/1.1" 200 1236 "http://renault.activities.at/10201442" "Mozilla/5.0 (Windows NT 10.0; WOW64; Trident/7.0; rv:11.0) like Gecko"
91.113.165.162 - - [28/Dec/2017:14:07:34 +0100] "GET /reload?ser=1514466454886 HTTP/1.1" 200 1241 "http://renault.activities.at/10201442" "Mozilla/5.0 (Windows NT 10.0; WOW64; Trident/7.0; rv:11.0) like Gecko"
91.113.165.162 - - [28/Dec/2017:14:08:35 +0100] "GET /reload?ser=1514466515035 HTTP/1.1" 200 1242 "http://renault.activities.at/10201442" "Mozilla/5.0 (Windows NT 10.0; WOW64; Trident/7.0; rv:11.0) like Gecko"
91.113.165.162 - - [28/Dec/2017:14:09:35 +0100] "GET /reload?ser=1514466575199 HTTP/1.1" 200 1238 "http://renault.activities.at/10201442" "Mozilla/5.0 (Windows NT 10.0; WOW64; Trident/7.0; rv:11.0) like Gecko"
91.113.165.162 - - [28/Dec/2017:14:10:35 +0100] "GET /reload?ser=1514466635349 HTTP/1.1" 200 1236 "http://renault.activities.at/10201442" "Mozilla/5.0 (Windows NT 10.0; WOW64; Trident/7.0; rv:11.0) like Gecko"
91.113.165.162 - - [28/Dec/2017:14:11:35 +0100] "GET /reload?ser=1514466695500 HTTP/1.1" 200 1237 "http://renault.activities.at/10201442" "Mozilla/5.0 (Windows NT 10.0; WOW64; Trident/7.0; rv:11.0) like Gecko"
91.113.165.162 - - [28/Dec/2017:14:12:35 +0100] "GET /reload?ser=1514466755648 HTTP/1.1" 200 1245 "http://renault.activities.at/10201442" "Mozilla/5.0 (Windows NT 10.0; WOW64; Trident/7.0; rv:11.0) like Gecko"
91.113.165.162 - - [28/Dec/2017:14:13:35 +0100] "GET /reload?ser=1514466815798 HTTP/1.1" 200 1238 "http://renault.activities.at/10201442" "Mozilla/5.0 (Windows NT 10.0; WOW64; Trident/7.0; rv:11.0) like Gecko"
91.113.165.162 - - [28/Dec/2017:14:14:35 +0100] "GET /reload?ser=1514466875947 HTTP/1.1" 200 1243 "http://renault.activities.at/10201442" "Mozilla/5.0 (Windows NT 10.0; WOW64; Trident/7.0; rv:11.0) like Gecko"
91.113.165.162 - - [28/Dec/2017:14:15:36 +0100] "GET /reload?ser=1514466936097 HTTP/1.1" 200 1240 "http://renault.activities.at/10201442" "Mozilla/5.0 (Windows NT 10.0; WOW64; Trident/7.0; rv:11.0) like Gecko"
91.113.165.162 - - [28/Dec/2017:14:16:36 +0100] "GET /reload?ser=1514466996256 HTTP/1.1" 200 1248 "http://renault.activities.at/10201442" "Mozilla/5.0 (Windows NT 10.0; WOW64; Trident/7.0; rv:11.0) like Gecko"
91.113.165.162 - - [28/Dec/2017:14:17:36 +0100] "GET /reload?ser=1514467056414 HTTP/1.1" 200 1238 "http://renault.activities.at/10201442" "Mozilla/5.0 (Windows NT 10.0; WOW64; Trident/7.0; rv:11.0) like Gecko"
91.113.165.162 - - [28/Dec/2017:14:18:36 +0100] "GET /reload?ser=1514467116561 HTTP/1.1" 200 1237 "http://renault.activities.at/10201442" "Mozilla/5.0 (Windows NT 10.0; WOW64; Trident/7.0; rv:11.0) like Gecko"
91.113.165.162 - - [28/Dec/2017:14:19:36 +0100] "GET /reload?ser=1514467176721 HTTP/1.1" 200 1239 "http://renault.activities.at/10201442" "Mozilla/5.0 (Windows NT 10.0; WOW64; Trident/7.0; rv:11.0) like Gecko"
91.113.165.162 - - [28/Dec/2017:14:20:36 +0100] "GET /reload?ser=1514467236878 HTTP/1.1" 200 1237 "http://renault.activities.at/10201442" "Mozilla/5.0 (Windows NT 10.0; WOW64; Trident/7.0; rv:11.0) like Gecko"
91.113.165.162 - - [28/Dec/2017:14:21:37 +0100] "GET /reload?ser=1514467297023 HTTP/1.1" 200 1234 "http://renault.activities.at/10201442" "Mozilla/5.0 (Windows NT 10.0; WOW64; Trident/7.0; rv:11.0) like Gecko"
91.113.165.162 - - [28/Dec/2017:14:22:37 +0100] "GET /reload?ser=1514467357181 HTTP/1.1" 200 1240 "http://renault.activities.at/10201442" "Mozilla/5.0 (Windows NT 10.0; WOW64; Trident/7.0; rv:11.0) like Gecko"
91.113.165.162 - - [28/Dec/2017:14:23:37 +0100] "GET /reload?ser=1514467417339 HTTP/1.1" 200 1245 "http://renault.activities.at/10201442" "Mozilla/5.0 (Windows NT 10.0; WOW64; Trident/7.0; rv:11.0) like Gecko"
91.113.165.162 - - [28/Dec/2017:14:24:37 +0100] "GET /reload?ser=1514467477498 HTTP/1.1" 200 1245 "http://renault.activities.at/10201442" "Mozilla/5.0 (Windows NT 10.0; WOW64; Trident/7.0; rv:11.0) like Gecko"
91.113.165.162 - - [28/Dec/2017:14:25:37 +0100] "GET /reload?ser=1514467537654 HTTP/1.1" 200 1236 "http://renault.activities.at/10201442" "Mozilla/5.0 (Windows NT 10.0; WOW64; Trident/7.0; rv:11.0) like Gecko"
91.113.165.162 - - [28/Dec/2017:14:26:37 +0100] "GET /reload?ser=1514467597812 HTTP/1.1" 200 1243 "http://renault.activities.at/10201442" "Mozilla/5.0 (Windows NT 10.0; WOW64; Trident/7.0; rv:11.0) like Gecko"
91.113.165.162 - - [28/Dec/2017:14:27:37 +0100] "GET /reload?ser=1514467657930 HTTP/1.1" 200 1243 "http://renault.activities.at/10201442" "Mozilla/5.0 (Windows NT 10.0; WOW64; Trident/7.0; rv:11.0) like Gecko"
91.113.165.162 - - [28/Dec/2017:14:28:38 +0100] "GET /reload?ser=1514467718086 HTTP/1.1" 200 1239 "http://renault.activities.at/10201442" "Mozilla/5.0 (Windows NT 10.0; WOW64; Trident/7.0; rv:11.0) like Gecko"
91.113.165.162 - - [28/Dec/2017:14:29:38 +0100] "GET /reload?ser=1514467778241 HTTP/1.1" 200 1232 "http://renault.activities.at/10201442" "Mozilla/5.0 (Windows NT 10.0; WOW64; Trident/7.0; rv:11.0) like Gecko"
91.113.165.162 - - [28/Dec/2017:14:30:38 +0100] "GET /reload?ser=1514467838399 HTTP/1.1" 200 1248 "http://renault.activities.at/10201442" "Mozilla/5.0 (Windows NT 10.0; WOW64; Trident/7.0; rv:11.0) like Gecko"
91.113.165.162 - - [28/Dec/2017:14:31:38 +0100] "GET /reload?ser=1514467898554 HTTP/1.1" 200 1241 "http://renault.activities.at/10201442" "Mozilla/5.0 (Windows NT 10.0; WOW64; Trident/7.0; rv:11.0) like Gecko"
91.113.165.162 - - [28/Dec/2017:14:32:38 +0100] "GET /reload?ser=1514467958709 HTTP/1.1" 200 1237 "http://renault.activities.at/10201442" "Mozilla/5.0 (Windows NT 10.0; WOW64; Trident/7.0; rv:11.0) like Gecko"
91.113.165.162 - - [28/Dec/2017:14:33:38 +0100] "GET /reload?ser=1514468018866 HTTP/1.1" 200 1244 "http://renault.activities.at/10201442" "Mozilla/5.0 (Windows NT 10.0; WOW64; Trident/7.0; rv:11.0) like Gecko"
91.113.165.162 - - [28/Dec/2017:14:34:39 +0100] "GET /reload?ser=1514468079022 HTTP/1.1" 200 1243 "http://renault.activities.at/10201442" "Mozilla/5.0 (Windows NT 10.0; WOW64; Trident/7.0; rv:11.0) like Gecko"
91.113.165.162 - - [28/Dec/2017:14:35:39 +0100] "GET /reload?ser=1514468139177 HTTP/1.1" 200 1234 "http://renault.activities.at/10201442" "Mozilla/5.0 (Windows NT 10.0; WOW64; Trident/7.0; rv:11.0) like Gecko"
91.113.165.162 - - [28/Dec/2017:14:36:39 +0100] "GET /reload?ser=1514468199335 HTTP/1.1" 200 1236 "http://renault.activities.at/10201442" "Mozilla/5.0 (Windows NT 10.0; WOW64; Trident/7.0; rv:11.0) like Gecko"
91.113.165.162 - - [28/Dec/2017:14:37:39 +0100] "GET /reload?ser=1514468259489 HTTP/1.1" 200 1232 "http://renault.activities.at/10201442" "Mozilla/5.0 (Windows NT 10.0; WOW64; Trident/7.0; rv:11.0) like Gecko"
91.113.165.162 - - [28/Dec/2017:14:38:39 +0100] "GET /reload?ser=1514468319645 HTTP/1.1" 200 1237 "http://renault.activities.at/10201442" "Mozilla/5.0 (Windows NT 10.0; WOW64; Trident/7.0; rv:11.0) like Gecko"
91.113.165.162 - - [28/Dec/2017:14:39:39 +0100] "GET /reload?ser=1514468379802 HTTP/1.1" 200 1248 "http://renault.activities.at/10201442" "Mozilla/5.0 (Windows NT 10.0; WOW64; Trident/7.0; rv:11.0) like Gecko"
91.113.165.162 - - [28/Dec/2017:14:40:40 +0100] "GET /reload?ser=1514468439959 HTTP/1.1" 200 1242 "http://renault.activities.at/10201442" "Mozilla/5.0 (Windows NT 10.0; WOW64; Trident/7.0; rv:11.0) like Gecko"
91.113.165.162 - - [28/Dec/2017:14:41:40 +0100] "GET /reload?ser=1514468500113 HTTP/1.1" 200 1238 "http://renault.activities.at/10201442" "Mozilla/5.0 (Windows NT 10.0; WOW64; Trident/7.0; rv:11.0) like Gecko"
91.113.165.162 - - [28/Dec/2017:14:42:40 +0100] "GET /reload?ser=1514468560270 HTTP/1.1" 200 1238 "http://renault.activities.at/10201442" "Mozilla/5.0 (Windows NT 10.0; WOW64; Trident/7.0; rv:11.0) like Gecko"
91.113.165.162 - - [28/Dec/2017:14:43:40 +0100] "GET /reload?ser=1514468620425 HTTP/1.1" 200 1232 "http://renault.activities.at/10201442" "Mozilla/5.0 (Windows NT 10.0; WOW64; Trident/7.0; rv:11.0) like Gecko"
66.249.65.215 - - [28/Dec/2017:14:44:04 +0100] "GET /favicon.ico HTTP/1.1" 304 - "-" "Googlebot-Image/1.0"
91.113.165.162 - - [28/Dec/2017:14:44:40 +0100] "GET /reload?ser=1514468680566 HTTP/1.1" 200 1236 "http://renault.activities.at/10201442" "Mozilla/5.0 (Windows NT 10.0; WOW64; Trident/7.0; rv:11.0) like Gecko"
91.113.165.162 - - [28/Dec/2017:14:45:40 +0100] "GET /reload?ser=1514468740722 HTTP/1.1" 200 1237 "http://renault.activities.at/10201442" "Mozilla/5.0 (Windows NT 10.0; WOW64; Trident/7.0; rv:11.0) like Gecko"
91.113.165.162 - - [28/Dec/2017:14:46:40 +0100] "GET /reload?ser=1514468800863 HTTP/1.1" 200 1242 "http://renault.activities.at/10201442" "Mozilla/5.0 (Windows NT 10.0; WOW64; Trident/7.0; rv:11.0) like Gecko"
91.113.165.162 - - [28/Dec/2017:14:47:41 +0100] "GET /reload?ser=1514468861020 HTTP/1.1" 200 1240 "http://renault.activities.at/10201442" "Mozilla/5.0 (Windows NT 10.0; WOW64; Trident/7.0; rv:11.0) like Gecko"
91.113.165.162 - - [28/Dec/2017:14:48:41 +0100] "GET /reload?ser=1514468921174 HTTP/1.1" 200 1237 "http://renault.activities.at/10201442" "Mozilla/5.0 (Windows NT 10.0; WOW64; Trident/7.0; rv:11.0) like Gecko"
91.113.165.162 - - [28/Dec/2017:14:49:41 +0100] "GET /reload?ser=1514468981330 HTTP/1.1" 200 1236 "http://renault.activities.at/10201442" "Mozilla/5.0 (Windows NT 10.0; WOW64; Trident/7.0; rv:11.0) like Gecko"
91.113.165.162 - - [28/Dec/2017:14:50:41 +0100] "GET /reload?ser=1514469041486 HTTP/1.1" 200 1241 "http://renault.activities.at/10201442" "Mozilla/5.0 (Windows NT 10.0; WOW64; Trident/7.0; rv:11.0) like Gecko"
91.113.165.162 - - [28/Dec/2017:14:51:41 +0100] "GET /reload?ser=1514469101668 HTTP/1.1" 200 1238 "http://renault.activities.at/10201442" "Mozilla/5.0 (Windows NT 10.0; WOW64; Trident/7.0; rv:11.0) like Gecko"
91.113.165.162 - - [28/Dec/2017:14:52:41 +0100] "GET /reload?ser=1514469161812 HTTP/1.1" 200 1242 "http://renault.activities.at/10201442" "Mozilla/5.0 (Windows NT 10.0; WOW64; Trident/7.0; rv:11.0) like Gecko"
91.113.165.162 - - [28/Dec/2017:14:53:42 +0100] "GET /reload?ser=1514469221962 HTTP/1.1" 200 1237 "http://renault.activities.at/10201442" "Mozilla/5.0 (Windows NT 10.0; WOW64; Trident/7.0; rv:11.0) like Gecko"
91.113.165.162 - - [28/Dec/2017:14:54:42 +0100] "GET /reload?ser=1514469282120 HTTP/1.1" 200 1240 "http://renault.activities.at/10201442" "Mozilla/5.0 (Windows NT 10.0; WOW64; Trident/7.0; rv:11.0) like Gecko"
91.113.165.162 - - [28/Dec/2017:14:55:42 +0100] "GET /reload?ser=1514469342276 HTTP/1.1" 200 1244 "http://renault.activities.at/10201442" "Mozilla/5.0 (Windows NT 10.0; WOW64; Trident/7.0; rv:11.0) like Gecko"
91.113.165.162 - - [28/Dec/2017:14:56:42 +0100] "GET /reload?ser=1514469402434 HTTP/1.1" 200 1236 "http://renault.activities.at/10201442" "Mozilla/5.0 (Windows NT 10.0; WOW64; Trident/7.0; rv:11.0) like Gecko"
91.113.165.162 - - [28/Dec/2017:14:57:42 +0100] "GET /reload?ser=1514469462591 HTTP/1.1" 200 1241 "http://renault.activities.at/10201442" "Mozilla/5.0 (Windows NT 10.0; WOW64; Trident/7.0; rv:11.0) like Gecko"
91.113.165.162 - - [28/Dec/2017:14:58:42 +0100] "GET /reload?ser=1514469522748 HTTP/1.1" 200 1247 "http://renault.activities.at/10201442" "Mozilla/5.0 (Windows NT 10.0; WOW64; Trident/7.0; rv:11.0) like Gecko"
91.113.165.162 - - [28/Dec/2017:14:59:42 +0100] "GET /reload?ser=1514469582906 HTTP/1.1" 200 1233 "http://renault.activities.at/10201442" "Mozilla/5.0 (Windows NT 10.0; WOW64; Trident/7.0; rv:11.0) like Gecko"
212.152.158.195 - - [28/Dec/2017:15:00:30 +0100] "GET / HTTP/1.1" 200 4051 "-" "Mozilla/5.0 (Windows NT 6.1; Win64; x64) AppleWebKit/537.36 (KHTML, like Gecko) Chrome/63.0.3239.84 Safari/537.36"
212.152.158.195 - - [28/Dec/2017:15:00:31 +0100] "GET /js/flashdetection.js HTTP/1.1" 200 1059 "http://renault.activities.at/" "Mozilla/5.0 (Windows NT 6.1; Win64; x64) AppleWebKit/537.36 (KHTML, like Gecko) Chrome/63.0.3239.84 Safari/537.36"
212.152.158.195 - - [28/Dec/2017:15:00:31 +0100] "GET /js/default.js HTTP/1.1" 200 14698 "http://renault.activities.at/" "Mozilla/5.0 (Windows NT 6.1; Win64; x64) AppleWebKit/537.36 (KHTML, like Gecko) Chrome/63.0.3239.84 Safari/537.36"
212.152.158.195 - - [28/Dec/2017:15:00:31 +0100] "GET /js/index.php?c=auto&f=,prototype/prototype.js,prototype/validation.js,scriptaculous/builder.js,scriptaculous/effects.js,scriptaculous/dragdrop.js,scriptaculous/controls.js,scriptaculous/slider.js,varien/js.js,varien/form.js,varien/menu.js,mage/translate.js,mage/cookies.js,varien/product.js,spinner/SpinnerControl.jsmin.js,prototype/window.js,prototype/window_ext.js HTTP/1.1" 200 94182 "http://renault.activities.at/" "Mozilla/5.0 (Windows NT 6.1; Win64; x64) AppleWebKit/537.36 (KHTML, like Gecko) Chrome/63.0.3239.84 Safari/537.36"
212.152.158.195 - - [28/Dec/2017:15:00:31 +0100] "GET /images/main_block_border.gif HTTP/1.1" 200 43 "http://renault.activities.at/css/styles.css" "Mozilla/5.0 (Windows NT 6.1; Win64; x64) AppleWebKit/537.36 (KHTML, like Gecko) Chrome/63.0.3239.84 Safari/537.36"
212.152.158.195 - - [28/Dec/2017:15:00:31 +0100] "GET /images/main_block_corner_left_bot.gif HTTP/1.1" 200 159 "http://renault.activities.at/css/styles.css" "Mozilla/5.0 (Windows NT 6.1; Win64; x64) AppleWebKit/537.36 (KHTML, like Gecko) Chrome/63.0.3239.84 Safari/537.36"
212.152.158.195 - - [28/Dec/2017:15:00:31 +0100] "GET /images/main_block_corner_right_bot.gif HTTP/1.1" 200 158 "http://renault.activities.at/css/styles.css" "Mozilla/5.0 (Windows NT 6.1; Win64; x64) AppleWebKit/537.36 (KHTML, like Gecko) Chrome/63.0.3239.84 Safari/537.36"
212.152.158.195 - - [28/Dec/2017:15:00:31 +0100] "GET /images/header_block_border.gif HTTP/1.1" 200 43 "http://renault.activities.at/css/styles.css" "Mozilla/5.0 (Windows NT 6.1; Win64; x64) AppleWebKit/537.36 (KHTML, like Gecko) Chrome/63.0.3239.84 Safari/537.36"
212.152.158.195 - - [28/Dec/2017:15:00:31 +0100] "GET /images/header_block_corner_left_top.gif HTTP/1.1" 200 160 "http://renault.activities.at/css/styles.css" "Mozilla/5.0 (Windows NT 6.1; Win64; x64) AppleWebKit/537.36 (KHTML, like Gecko) Chrome/63.0.3239.84 Safari/537.36"
212.152.158.195 - - [28/Dec/2017:15:00:31 +0100] "GET /images/header_block_corner_right_top.gif HTTP/1.1" 200 160 "http://renault.activities.at/css/styles.css" "Mozilla/5.0 (Windows NT 6.1; Win64; x64) AppleWebKit/537.36 (KHTML, like Gecko) Chrome/63.0.3239.84 Safari/537.36"
212.152.158.195 - - [28/Dec/2017:15:00:31 +0100] "GET /images/main_block_corner_left_top.gif HTTP/1.1" 200 159 "http://renault.activities.at/css/styles.css" "Mozilla/5.0 (Windows NT 6.1; Win64; x64) AppleWebKit/537.36 (KHTML, like Gecko) Chrome/63.0.3239.84 Safari/537.36"
212.152.158.195 - - [28/Dec/2017:15:00:31 +0100] "GET /images/main_block_corner_right_top.gif HTTP/1.1" 200 159 "http://renault.activities.at/css/styles.css" "Mozilla/5.0 (Windows NT 6.1; Win64; x64) AppleWebKit/537.36 (KHTML, like Gecko) Chrome/63.0.3239.84 Safari/537.36"
212.152.158.195 - - [28/Dec/2017:15:00:31 +0100] "GET /images/title_border_top.jpg HTTP/1.1" 200 336 "http://renault.activities.at/css/styles.css" "Mozilla/5.0 (Windows NT 6.1; Win64; x64) AppleWebKit/537.36 (KHTML, like Gecko) Chrome/63.0.3239.84 Safari/537.36"
212.152.158.195 - - [28/Dec/2017:15:00:31 +0100] "GET /images/title_border.jpg HTTP/1.1" 200 304 "http://renault.activities.at/css/styles.css" "Mozilla/5.0 (Windows NT 6.1; Win64; x64) AppleWebKit/537.36 (KHTML, like Gecko) Chrome/63.0.3239.84 Safari/537.36"
212.152.158.195 - - [28/Dec/2017:15:00:31 +0100] "GET /images/title_corner_left_top.jpg HTTP/1.1" 200 372 "http://renault.activities.at/css/styles.css" "Mozilla/5.0 (Windows NT 6.1; Win64; x64) AppleWebKit/537.36 (KHTML, like Gecko) Chrome/63.0.3239.84 Safari/537.36"
212.152.158.195 - - [28/Dec/2017:15:00:31 +0100] "GET /images/title_corner_right_top.jpg HTTP/1.1" 200 389 "http://renault.activities.at/css/styles.css" "Mozilla/5.0 (Windows NT 6.1; Win64; x64) AppleWebKit/537.36 (KHTML, like Gecko) Chrome/63.0.3239.84 Safari/537.36"
212.152.158.195 - - [28/Dec/2017:15:00:31 +0100] "GET /loadthumbnail.php?id=11127982 HTTP/1.1" 200 399614 "http://renault.activities.at/" "Mozilla/5.0 (Windows NT 6.1; Win64; x64) AppleWebKit/537.36 (KHTML, like Gecko) Chrome/63.0.3239.84 Safari/537.36"
212.152.158.195 - - [28/Dec/2017:15:00:32 +0100] "GET /images/favicon.ico HTTP/1.1" 404 305 "http://renault.activities.at/" "Mozilla/5.0 (Windows NT 6.1; Win64; x64) AppleWebKit/537.36 (KHTML, like Gecko) Chrome/63.0.3239.84 Safari/537.36"
212.152.158.195 - - [28/Dec/2017:15:00:34 +0100] "GET /login HTTP/1.1" 200 2086 "http://renault.activities.at/" "Mozilla/5.0 (Windows NT 6.1; Win64; x64) AppleWebKit/537.36 (KHTML, like Gecko) Chrome/63.0.3239.84 Safari/537.36"
212.152.158.195 - - [28/Dec/2017:15:00:34 +0100] "GET /images/button_right_bg.gif HTTP/1.1" 200 561 "http://renault.activities.at/css/styles.css" "Mozilla/5.0 (Windows NT 6.1; Win64; x64) AppleWebKit/537.36 (KHTML, like Gecko) Chrome/63.0.3239.84 Safari/537.36"
212.152.158.195 - - [28/Dec/2017:15:00:34 +0100] "GET /images/button_bg.gif HTTP/1.1" 200 151 "http://renault.activities.at/css/styles.css" "Mozilla/5.0 (Windows NT 6.1; Win64; x64) AppleWebKit/537.36 (KHTML, like Gecko) Chrome/63.0.3239.84 Safari/537.36"
212.152.158.195 - - [28/Dec/2017:15:00:34 +0100] "GET /images/button_left_bg.gif HTTP/1.1" 200 564 "http://renault.activities.at/css/styles.css" "Mozilla/5.0 (Windows NT 6.1; Win64; x64) AppleWebKit/537.36 (KHTML, like Gecko) Chrome/63.0.3239.84 Safari/537.36"
212.152.158.195 - - [28/Dec/2017:15:00:38 +0100] "POST /login HTTP/1.1" 302 140 "http://renault.activities.at/login" "Mozilla/5.0 (Windows NT 6.1; Win64; x64) AppleWebKit/537.36 (KHTML, like Gecko) Chrome/63.0.3239.84 Safari/537.36"
212.152.158.195 - - [28/Dec/2017:15:00:39 +0100] "POST /login HTTP/1.1" 302 140 "http://renault.activities.at/login" "Mozilla/5.0 (Windows NT 6.1; Win64; x64) AppleWebKit/537.36 (KHTML, like Gecko) Chrome/63.0.3239.84 Safari/537.36"
91.113.165.162 - - [28/Dec/2017:15:00:43 +0100] "GET /reload?ser=1514469643065 HTTP/1.1" 200 1236 "http://renault.activities.at/10201442" "Mozilla/5.0 (Windows NT 10.0; WOW64; Trident/7.0; rv:11.0) like Gecko"
212.152.158.195 - - [28/Dec/2017:15:00:41 +0100] "GET /account HTTP/1.1" 200 6831 "http://renault.activities.at/login" "Mozilla/5.0 (Windows NT 6.1; Win64; x64) AppleWebKit/537.36 (KHTML, like Gecko) Chrome/63.0.3239.84 Safari/537.36"
212.152.158.195 - - [28/Dec/2017:15:00:45 +0100] "POST /login HTTP/1.1" 302 140 "http://renault.activities.at/login" "Mozilla/5.0 (Windows NT 6.1; Win64; x64) AppleWebKit/537.36 (KHTML, like Gecko) Chrome/63.0.3239.84 Safari/537.36"
212.152.158.195 - - [28/Dec/2017:15:00:47 +0100] "GET /account HTTP/1.1" 200 6831 "http://renault.activities.at/login" "Mozilla/5.0 (Windows NT 6.1; Win64; x64) AppleWebKit/537.36 (KHTML, like Gecko) Chrome/63.0.3239.84 Safari/537.36"
212.152.158.195 - - [28/Dec/2017:15:00:50 +0100] "GET /js/account.js HTTP/1.1" 200 953 "http://renault.activities.at/account" "Mozilla/5.0 (Windows NT 6.1; Win64; x64) AppleWebKit/537.36 (KHTML, like Gecko) Chrome/63.0.3239.84 Safari/537.36"
212.152.158.195 - - [28/Dec/2017:15:00:50 +0100] "GET /images/ajax_loading.gif HTTP/1.1" 200 1542 "http://renault.activities.at/account" "Mozilla/5.0 (Windows NT 6.1; Win64; x64) AppleWebKit/537.36 (KHTML, like Gecko) Chrome/63.0.3239.84 Safari/537.36"
212.152.158.195 - - [28/Dec/2017:15:00:50 +0100] "GET /images/top_links_divider.gif HTTP/1.1" 200 44 "http://renault.activities.at/css/styles.css" "Mozilla/5.0 (Windows NT 6.1; Win64; x64) AppleWebKit/537.36 (KHTML, like Gecko) Chrome/63.0.3239.84 Safari/537.36"
212.152.158.195 - - [28/Dec/2017:15:00:50 +0100] "GET /images/menu_button_bg.jpg HTTP/1.1" 200 322 "http://renault.activities.at/css/styles.css" "Mozilla/5.0 (Windows NT 6.1; Win64; x64) AppleWebKit/537.36 (KHTML, like Gecko) Chrome/63.0.3239.84 Safari/537.36"
212.152.158.195 - - [28/Dec/2017:15:00:50 +0100] "GET /images/nav_divider.gif HTTP/1.1" 200 43 "http://renault.activities.at/css/styles.css" "Mozilla/5.0 (Windows NT 6.1; Win64; x64) AppleWebKit/537.36 (KHTML, like Gecko) Chrome/63.0.3239.84 Safari/537.36"
212.152.158.195 - - [28/Dec/2017:15:00:50 +0100] "GET /images/search_bg.gif HTTP/1.1" 200 1726 "http://renault.activities.at/css/styles.css" "Mozilla/5.0 (Windows NT 6.1; Win64; x64) AppleWebKit/537.36 (KHTML, like Gecko) Chrome/63.0.3239.84 Safari/537.36"
212.152.158.195 - - [28/Dec/2017:15:00:50 +0100] "GET /images/menu_divider.gif HTTP/1.1" 200 176 "http://renault.activities.at/css/styles.css" "Mozilla/5.0 (Windows NT 6.1; Win64; x64) AppleWebKit/537.36 (KHTML, like Gecko) Chrome/63.0.3239.84 Safari/537.36"
212.152.158.195 - - [28/Dec/2017:15:00:50 +0100] "GET /images/sidebar_title_border.gif HTTP/1.1" 200 43 "http://renault.activities.at/css/styles.css" "Mozilla/5.0 (Windows NT 6.1; Win64; x64) AppleWebKit/537.36 (KHTML, like Gecko) Chrome/63.0.3239.84 Safari/537.36"
212.152.158.195 - - [28/Dec/2017:15:00:50 +0100] "GET /images/sidebar_title_corner_left_top.gif HTTP/1.1" 200 1124 "http://renault.activities.at/css/styles.css" "Mozilla/5.0 (Windows NT 6.1; Win64; x64) AppleWebKit/537.36 (KHTML, like Gecko) Chrome/63.0.3239.84 Safari/537.36"
212.152.158.195 - - [28/Dec/2017:15:00:50 +0100] "GET /images/sidebar_title_border_top.gif HTTP/1.1" 200 155 "http://renault.activities.at/css/styles.css" "Mozilla/5.0 (Windows NT 6.1; Win64; x64) AppleWebKit/537.36 (KHTML, like Gecko) Chrome/63.0.3239.84 Safari/537.36"
212.152.158.195 - - [28/Dec/2017:15:00:50 +0100] "GET /images/sidebar_title_corner_right_top.gif HTTP/1.1" 200 383 "http://renault.activities.at/css/styles.css" "Mozilla/5.0 (Windows NT 6.1; Win64; x64) AppleWebKit/537.36 (KHTML, like Gecko) Chrome/63.0.3239.84 Safari/537.36"
212.152.158.195 - - [28/Dec/2017:15:00:50 +0100] "GET /images/reset_bg.gif HTTP/1.1" 200 785 "http://renault.activities.at/css/styles.css" "Mozilla/5.0 (Windows NT 6.1; Win64; x64) AppleWebKit/537.36 (KHTML, like Gecko) Chrome/63.0.3239.84 Safari/537.36"
212.152.158.195 - - [28/Dec/2017:15:00:50 +0100] "GET /images/validation_advice_bg.gif HTTP/1.1" 200 134 "http://renault.activities.at/css/styles.css" "Mozilla/5.0 (Windows NT 6.1; Win64; x64) AppleWebKit/537.36 (KHTML, like Gecko) Chrome/63.0.3239.84 Safari/537.36"
212.152.158.195 - - [28/Dec/2017:15:00:50 +0100] "GET /images/footer_divider.gif HTTP/1.1" 200 44 "http://renault.activities.at/css/styles.css" "Mozilla/5.0 (Windows NT 6.1; Win64; x64) AppleWebKit/537.36 (KHTML, like Gecko) Chrome/63.0.3239.84 Safari/537.36"
212.152.158.195 - - [28/Dec/2017:15:00:50 +0100] "GET /loadthumbnail.php?id=11122042&width=50&height=50 HTTP/1.1" 200 1195 "http://renault.activities.at/account" "Mozilla/5.0 (Windows NT 6.1; Win64; x64) AppleWebKit/537.36 (KHTML, like Gecko) Chrome/63.0.3239.84 Safari/537.36"
212.152.158.195 - - [28/Dec/2017:15:00:50 +0100] "GET /loadthumbnail.php?id=11553667&width=50&height=50 HTTP/1.1" 200 1193 "http://renault.activities.at/account" "Mozilla/5.0 (Windows NT 6.1; Win64; x64) AppleWebKit/537.36 (KHTML, like Gecko) Chrome/63.0.3239.84 Safari/537.36"
212.152.158.195 - - [28/Dec/2017:15:00:50 +0100] "GET /loadthumbnail.php?id=11312343&width=50&height=50 HTTP/1.1" 200 1316 "http://renault.activities.at/account" "Mozilla/5.0 (Windows NT 6.1; Win64; x64) AppleWebKit/537.36 (KHTML, like Gecko) Chrome/63.0.3239.84 Safari/537.36"
91.113.165.162 - - [28/Dec/2017:15:01:43 +0100] "GET /reload?ser=1514469703221 HTTP/1.1" 200 1231 "http://renault.activities.at/10201442" "Mozilla/5.0 (Windows NT 10.0; WOW64; Trident/7.0; rv:11.0) like Gecko"
212.152.158.195 - - [28/Dec/2017:15:01:53 +0100] "GET /reload?ser=1514469884289 HTTP/1.1" 200 28 "http://renault.activities.at/account" "Mozilla/5.0 (Windows NT 6.1; Win64; x64) AppleWebKit/537.36 (KHTML, like Gecko) Chrome/63.0.3239.84 Safari/537.36"
212.152.158.195 - - [28/Dec/2017:15:02:10 +0100] "GET /orders HTTP/1.1" 200 5784 "http://renault.activities.at/account" "Mozilla/5.0 (Windows NT 6.1; Win64; x64) AppleWebKit/537.36 (KHTML, like Gecko) Chrome/63.0.3239.84 Safari/537.36"
212.152.158.195 - - [28/Dec/2017:15:02:12 +0100] "GET /images/pager_bg.gif HTTP/1.1" 200 150 "http://renault.activities.at/css/styles.css" "Mozilla/5.0 (Windows NT 6.1; Win64; x64) AppleWebKit/537.36 (KHTML, like Gecko) Chrome/63.0.3239.84 Safari/537.36"
212.152.158.195 - - [28/Dec/2017:15:02:12 +0100] "GET /loadthumbnail.php?id=10203276 HTTP/1.1" 200 75 "http://renault.activities.at/orders" "Mozilla/5.0 (Windows NT 6.1; Win64; x64) AppleWebKit/537.36 (KHTML, like Gecko) Chrome/63.0.3239.84 Safari/537.36"
212.152.158.195 - - [28/Dec/2017:15:02:21 +0100] "GET /orders?limit=20&page=1 HTTP/1.1" 200 6019 "http://renault.activities.at/orders" "Mozilla/5.0 (Windows NT 6.1; Win64; x64) AppleWebKit/537.36 (KHTML, like Gecko) Chrome/63.0.3239.84 Safari/537.36"
212.152.158.195 - - [28/Dec/2017:15:02:28 +0100] "GET /orders HTTP/1.1" 200 5784 "http://renault.activities.at/orders?limit=20&page=1" "Mozilla/5.0 (Windows NT 6.1; Win64; x64) AppleWebKit/537.36 (KHTML, like Gecko) Chrome/63.0.3239.84 Safari/537.36"
212.152.158.195 - - [28/Dec/2017:15:02:37 +0100] "POST /axjaxrequest?mode=suggest HTTP/1.1" 200 184 "http://renault.activities.at/orders" "Mozilla/5.0 (Windows NT 6.1; Win64; x64) AppleWebKit/537.36 (KHTML, like Gecko) Chrome/63.0.3239.84 Safari/537.36"
212.152.158.195 - - [28/Dec/2017:15:02:41 +0100] "GET /result?searchterm=true&search=serviceheft HTTP/1.1" 200 6065 "http://renault.activities.at/orders" "Mozilla/5.0 (Windows NT 6.1; Win64; x64) AppleWebKit/537.36 (KHTML, like Gecko) Chrome/63.0.3239.84 Safari/537.36"
212.152.158.195 - - [28/Dec/2017:15:02:43 +0100] "GET /js/prototip.js HTTP/1.1" 200 4588 "http://renault.activities.at/result?searchterm=true&search=serviceheft" "Mozilla/5.0 (Windows NT 6.1; Win64; x64) AppleWebKit/537.36 (KHTML, like Gecko) Chrome/63.0.3239.84 Safari/537.36"
212.152.158.195 - - [28/Dec/2017:15:02:43 +0100] "GET /js/ProduktGrp.js HTTP/1.1" 200 1569 "http://renault.activities.at/result?searchterm=true&search=serviceheft" "Mozilla/5.0 (Windows NT 6.1; Win64; x64) AppleWebKit/537.36 (KHTML, like Gecko) Chrome/63.0.3239.84 Safari/537.36"
212.152.158.195 - - [28/Dec/2017:15:02:43 +0100] "GET /images/loading.gif HTTP/1.1" 200 3208 "http://renault.activities.at/result?searchterm=true&search=serviceheft" "Mozilla/5.0 (Windows NT 6.1; Win64; x64) AppleWebKit/537.36 (KHTML, like Gecko) Chrome/63.0.3239.84 Safari/537.36"
212.152.158.195 - - [28/Dec/2017:15:02:43 +0100] "GET /loadthumbnail.php?id=10203255 HTTP/1.1" 200 137 "http://renault.activities.at/result?searchterm=true&search=serviceheft" "Mozilla/5.0 (Windows NT 6.1; Win64; x64) AppleWebKit/537.36 (KHTML, like Gecko) Chrome/63.0.3239.84 Safari/537.36"
212.152.158.195 - - [28/Dec/2017:15:02:43 +0100] "GET /images/vista-up.gif HTTP/1.1" 200 131 "http://renault.activities.at/css/styles.css" "Mozilla/5.0 (Windows NT 6.1; Win64; x64) AppleWebKit/537.36 (KHTML, like Gecko) Chrome/63.0.3239.84 Safari/537.36"
212.152.158.195 - - [28/Dec/2017:15:02:43 +0100] "GET /images/vista-dn.gif HTTP/1.1" 200 128 "http://renault.activities.at/css/styles.css" "Mozilla/5.0 (Windows NT 6.1; Win64; x64) AppleWebKit/537.36 (KHTML, like Gecko) Chrome/63.0.3239.84 Safari/537.36"
91.113.165.162 - - [28/Dec/2017:15:02:43 +0100] "GET /reload?ser=1514469763364 HTTP/1.1" 200 1237 "http://renault.activities.at/10201442" "Mozilla/5.0 (Windows NT 10.0; WOW64; Trident/7.0; rv:11.0) like Gecko"
212.152.158.195 - - [28/Dec/2017:15:02:43 +0100] "GET /loadthumbnail.php?id=10203650&width=113 HTTP/1.1" 200 2741 "http://renault.activities.at/result?searchterm=true&search=serviceheft" "Mozilla/5.0 (Windows NT 6.1; Win64; x64) AppleWebKit/537.36 (KHTML, like Gecko) Chrome/63.0.3239.84 Safari/537.36"
212.152.158.195 - - [28/Dec/2017:15:02:41 +0100] "POST /axjaxrequest?mode=suggest HTTP/1.1" 200 113 "http://renault.activities.at/orders" "Mozilla/5.0 (Windows NT 6.1; Win64; x64) AppleWebKit/537.36 (KHTML, like Gecko) Chrome/63.0.3239.84 Safari/537.36"
212.152.158.195 - - [28/Dec/2017:15:02:50 +0100] "GET /result?searchterm=true&search=service HTTP/1.1" 200 8512 "http://renault.activities.at/result?searchterm=true&search=serviceheft" "Mozilla/5.0 (Windows NT 6.1; Win64; x64) AppleWebKit/537.36 (KHTML, like Gecko) Chrome/63.0.3239.84 Safari/537.36"
212.152.158.195 - - [28/Dec/2017:15:02:53 +0100] "GET /loadthumbnail.php?id=11121996&width=113 HTTP/1.1" 200 2215 "http://renault.activities.at/result?searchterm=true&search=service" "Mozilla/5.0 (Windows NT 6.1; Win64; x64) AppleWebKit/537.36 (KHTML, like Gecko) Chrome/63.0.3239.84 Safari/537.36"
212.152.158.195 - - [28/Dec/2017:15:02:53 +0100] "GET /loadthumbnail.php?id=11075482&width=113 HTTP/1.1" 200 2349 "http://renault.activities.at/result?searchterm=true&search=service" "Mozilla/5.0 (Windows NT 6.1; Win64; x64) AppleWebKit/537.36 (KHTML, like Gecko) Chrome/63.0.3239.84 Safari/537.36"
212.152.158.195 - - [28/Dec/2017:15:02:53 +0100] "GET /loadthumbnail.php?id=11075492&width=113 HTTP/1.1" 200 2349 "http://renault.activities.at/result?searchterm=true&search=service" "Mozilla/5.0 (Windows NT 6.1; Win64; x64) AppleWebKit/537.36 (KHTML, like Gecko) Chrome/63.0.3239.84 Safari/537.36"
212.152.158.195 - - [28/Dec/2017:15:02:53 +0100] "GET /loadthumbnail.php?id=11461707&width=113 HTTP/1.1" 200 27994 "http://renault.activities.at/result?searchterm=true&search=service" "Mozilla/5.0 (Windows NT 6.1; Win64; x64) AppleWebKit/537.36 (KHTML, like Gecko) Chrome/63.0.3239.84 Safari/537.36"
212.152.158.195 - - [28/Dec/2017:15:02:53 +0100] "GET /loadthumbnail.php?id=11461714&width=113 HTTP/1.1" 200 9391 "http://renault.activities.at/result?searchterm=true&search=service" "Mozilla/5.0 (Windows NT 6.1; Win64; x64) AppleWebKit/537.36 (KHTML, like Gecko) Chrome/63.0.3239.84 Safari/537.36"
212.152.158.195 - - [28/Dec/2017:15:02:53 +0100] "GET /loadthumbnail.php?id=11461719&width=113 HTTP/1.1" 200 32753 "http://renault.activities.at/result?searchterm=true&search=service" "Mozilla/5.0 (Windows NT 6.1; Win64; x64) AppleWebKit/537.36 (KHTML, like Gecko) Chrome/63.0.3239.84 Safari/537.36"
212.152.158.195 - - [28/Dec/2017:15:02:53 +0100] "GET /loadthumbnail.php?id=11538371&width=113 HTTP/1.1" 200 8307 "http://renault.activities.at/result?searchterm=true&search=service" "Mozilla/5.0 (Windows NT 6.1; Win64; x64) AppleWebKit/537.36 (KHTML, like Gecko) Chrome/63.0.3239.84 Safari/537.36"
212.152.158.195 - - [28/Dec/2017:15:02:53 +0100] "GET /loadthumbnail.php?id=10269567&width=113 HTTP/1.1" 200 1590 "http://renault.activities.at/result?searchterm=true&search=service" "Mozilla/5.0 (Windows NT 6.1; Win64; x64) AppleWebKit/537.36 (KHTML, like Gecko) Chrome/63.0.3239.84 Safari/537.36"
212.152.158.195 - - [28/Dec/2017:15:02:53 +0100] "GET /loadthumbnail.php?id=10269569&width=113 HTTP/1.1" 200 1309 "http://renault.activities.at/result?searchterm=true&search=service" "Mozilla/5.0 (Windows NT 6.1; Win64; x64) AppleWebKit/537.36 (KHTML, like Gecko) Chrome/63.0.3239.84 Safari/537.36"
212.152.158.195 - - [28/Dec/2017:15:02:53 +0100] "GET /loadthumbnail.php?id=11017457&width=113 HTTP/1.1" 200 4800 "http://renault.activities.at/result?searchterm=true&search=service" "Mozilla/5.0 (Windows NT 6.1; Win64; x64) AppleWebKit/537.36 (KHTML, like Gecko) Chrome/63.0.3239.84 Safari/537.36"
212.152.158.195 - - [28/Dec/2017:15:02:53 +0100] "GET /loadthumbnail.php?id=10633817&width=113 HTTP/1.1" 200 2614 "http://renault.activities.at/result?searchterm=true&search=service" "Mozilla/5.0 (Windows NT 6.1; Win64; x64) AppleWebKit/537.36 (KHTML, like Gecko) Chrome/63.0.3239.84 Safari/537.36"
212.152.158.195 - - [28/Dec/2017:15:03:08 +0100] "GET /css/themes/alphacube/top_mid.gif HTTP/1.1" 200 833 "http://renault.activities.at/css/themes/alphacube.css" "Mozilla/5.0 (Windows NT 6.1; Win64; x64) AppleWebKit/537.36 (KHTML, like Gecko) Chrome/63.0.3239.84 Safari/537.36"
212.152.158.195 - - [28/Dec/2017:15:03:08 +0100] "GET /css/themes/alphacube/bottom_middle.gif HTTP/1.1" 200 44 "http://renault.activities.at/css/themes/alphacube.css" "Mozilla/5.0 (Windows NT 6.1; Win64; x64) AppleWebKit/537.36 (KHTML, like Gecko) Chrome/63.0.3239.84 Safari/537.36"
212.152.158.195 - - [28/Dec/2017:15:03:08 +0100] "GET /css/themes/alphacube/frame_left.gif HTTP/1.1" 200 64 "http://renault.activities.at/css/themes/alphacube.css" "Mozilla/5.0 (Windows NT 6.1; Win64; x64) AppleWebKit/537.36 (KHTML, like Gecko) Chrome/63.0.3239.84 Safari/537.36"
212.152.158.195 - - [28/Dec/2017:15:03:08 +0100] "GET /css/themes/alphacube/frame_right.gif HTTP/1.1" 200 64 "http://renault.activities.at/css/themes/alphacube.css" "Mozilla/5.0 (Windows NT 6.1; Win64; x64) AppleWebKit/537.36 (KHTML, like Gecko) Chrome/63.0.3239.84 Safari/537.36"
212.152.158.195 - - [28/Dec/2017:15:03:08 +0100] "GET /css/themes/alphacube/button-close-focus.gif HTTP/1.1" 200 699 "http://renault.activities.at/css/themes/alphacube.css" "Mozilla/5.0 (Windows NT 6.1; Win64; x64) AppleWebKit/537.36 (KHTML, like Gecko) Chrome/63.0.3239.84 Safari/537.36"
212.152.158.195 - - [28/Dec/2017:15:03:08 +0100] "GET /css/themes/alphacube/top_left.gif HTTP/1.1" 200 973 "http://renault.activities.at/css/themes/alphacube.css" "Mozilla/5.0 (Windows NT 6.1; Win64; x64) AppleWebKit/537.36 (KHTML, like Gecko) Chrome/63.0.3239.84 Safari/537.36"
212.152.158.195 - - [28/Dec/2017:15:03:08 +0100] "GET /css/themes/alphacube/top_right.gif HTTP/1.1" 200 972 "http://renault.activities.at/css/themes/alphacube.css" "Mozilla/5.0 (Windows NT 6.1; Win64; x64) AppleWebKit/537.36 (KHTML, like Gecko) Chrome/63.0.3239.84 Safari/537.36"
212.152.158.195 - - [28/Dec/2017:15:03:08 +0100] "GET /css/themes/alphacube/bottom_right-c.gif HTTP/1.1" 200 62 "http://renault.activities.at/css/themes/alphacube.css" "Mozilla/5.0 (Windows NT 6.1; Win64; x64) AppleWebKit/537.36 (KHTML, like Gecko) Chrome/63.0.3239.84 Safari/537.36"
212.152.158.195 - - [28/Dec/2017:15:03:08 +0100] "GET /css/themes/alphacube/bottom_left-c.gif HTTP/1.1" 200 62 "http://renault.activities.at/css/themes/alphacube.css" "Mozilla/5.0 (Windows NT 6.1; Win64; x64) AppleWebKit/537.36 (KHTML, like Gecko) Chrome/63.0.3239.84 Safari/537.36"
212.152.158.195 - - [28/Dec/2017:15:03:08 +0100] "GET /718214?print=true HTTP/1.1" 200 2667 "http://renault.activities.at/result?searchterm=true&search=service" "Mozilla/5.0 (Windows NT 6.1; Win64; x64) AppleWebKit/537.36 (KHTML, like Gecko) Chrome/63.0.3239.84 Safari/537.36"
212.152.158.195 - - [28/Dec/2017:15:03:11 +0100] "GET /js/magiczoom/magiczoom.css HTTP/1.1" 200 1210 "http://renault.activities.at/718214?print=true" "Mozilla/5.0 (Windows NT 6.1; Win64; x64) AppleWebKit/537.36 (KHTML, like Gecko) Chrome/63.0.3239.84 Safari/537.36"
212.152.158.195 - - [28/Dec/2017:15:03:11 +0100] "GET /js/Produkt.js HTTP/1.1" 200 852 "http://renault.activities.at/718214?print=true" "Mozilla/5.0 (Windows NT 6.1; Win64; x64) AppleWebKit/537.36 (KHTML, like Gecko) Chrome/63.0.3239.84 Safari/537.36"
212.152.158.195 - - [28/Dec/2017:15:03:11 +0100] "GET /js/magiczoom/magiczoom.js HTTP/1.1" 200 26397 "http://renault.activities.at/718214?print=true" "Mozilla/5.0 (Windows NT 6.1; Win64; x64) AppleWebKit/537.36 (KHTML, like Gecko) Chrome/63.0.3239.84 Safari/537.36"
212.152.158.195 - - [28/Dec/2017:15:03:11 +0100] "GET /loadthumbnail.php?id=10269567&width=250 HTTP/1.1" 200 3711 "http://renault.activities.at/718214?print=true" "Mozilla/5.0 (Windows NT 6.1; Win64; x64) AppleWebKit/537.36 (KHTML, like Gecko) Chrome/63.0.3239.84 Safari/537.36"
212.152.158.195 - - [28/Dec/2017:15:03:12 +0100] "GET /loadthumbnail.php?id=10269567&width=900&height=900 HTTP/1.1" 200 18264 "http://renault.activities.at/718214?print=true" "Mozilla/5.0 (Windows NT 6.1; Win64; x64) AppleWebKit/537.36 (KHTML, like Gecko) Chrome/63.0.3239.84 Safari/537.36"
212.152.158.195 - - [28/Dec/2017:15:03:12 +0100] "GET /js/magiczoom/graphics/hint.gif HTTP/1.1" 200 73 "http://renault.activities.at/js/magiczoom/magiczoom.css" "Mozilla/5.0 (Windows NT 6.1; Win64; x64) AppleWebKit/537.36 (KHTML, like Gecko) Chrome/63.0.3239.84 Safari/537.36"
212.152.158.195 - - [28/Dec/2017:15:03:12 +0100] "GET /js/magiczoom/graphics/zoomin.cur HTTP/1.1" 200 326 "http://renault.activities.at/js/magiczoom/magiczoom.css" "Mozilla/5.0 (Windows NT 6.1; Win64; x64) AppleWebKit/537.36 (KHTML, like Gecko) Chrome/63.0.3239.84 Safari/537.36"
212.152.158.195 - - [28/Dec/2017:15:03:21 +0100] "GET /718212?print=true HTTP/1.1" 200 2668 "http://renault.activities.at/result?searchterm=true&search=service" "Mozilla/5.0 (Windows NT 6.1; Win64; x64) AppleWebKit/537.36 (KHTML, like Gecko) Chrome/63.0.3239.84 Safari/537.36"
212.152.158.195 - - [28/Dec/2017:15:03:25 +0100] "GET /loadthumbnail.php?id=10269569&width=250 HTTP/1.1" 200 2736 "http://renault.activities.at/718212?print=true" "Mozilla/5.0 (Windows NT 6.1; Win64; x64) AppleWebKit/537.36 (KHTML, like Gecko) Chrome/63.0.3239.84 Safari/537.36"
212.152.158.195 - - [28/Dec/2017:15:03:25 +0100] "GET /loadthumbnail.php?id=10269569&width=900&height=900 HTTP/1.1" 200 14604 "http://renault.activities.at/718212?print=true" "Mozilla/5.0 (Windows NT 6.1; Win64; x64) AppleWebKit/537.36 (KHTML, like Gecko) Chrome/63.0.3239.84 Safari/537.36"
91.113.165.162 - - [28/Dec/2017:15:03:43 +0100] "GET /reload?ser=1514469823520 HTTP/1.1" 200 1242 "http://renault.activities.at/10201442" "Mozilla/5.0 (Windows NT 10.0; WOW64; Trident/7.0; rv:11.0) like Gecko"
212.152.158.195 - - [28/Dec/2017:15:03:56 +0100] "GET /reload?ser=1514470007949 HTTP/1.1" 200 28 "http://renault.activities.at/result?searchterm=true&search=service" "Mozilla/5.0 (Windows NT 6.1; Win64; x64) AppleWebKit/537.36 (KHTML, like Gecko) Chrome/63.0.3239.84 Safari/537.36"
91.113.165.162 - - [28/Dec/2017:15:04:43 +0100] "GET /reload?ser=1514469883679 HTTP/1.1" 200 1236 "http://renault.activities.at/10201442" "Mozilla/5.0 (Windows NT 10.0; WOW64; Trident/7.0; rv:11.0) like Gecko"
212.152.158.195 - - [28/Dec/2017:15:04:57 +0100] "GET /reload?ser=1514470068905 HTTP/1.1" 200 28 "http://renault.activities.at/result?searchterm=true&search=service" "Mozilla/5.0 (Windows NT 6.1; Win64; x64) AppleWebKit/537.36 (KHTML, like Gecko) Chrome/63.0.3239.84 Safari/537.36"
212.152.158.195 - - [28/Dec/2017:15:05:02 +0100] "GET /images/vista-dn-hover.gif HTTP/1.1" 200 127 "http://renault.activities.at/css/styles.css" "Mozilla/5.0 (Windows NT 6.1; Win64; x64) AppleWebKit/537.36 (KHTML, like Gecko) Chrome/63.0.3239.84 Safari/537.36"
212.152.158.195 - - [28/Dec/2017:15:05:23 +0100] "GET /images/vista-up-hover.gif HTTP/1.1" 200 130 "http://renault.activities.at/css/styles.css" "Mozilla/5.0 (Windows NT 6.1; Win64; x64) AppleWebKit/537.36 (KHTML, like Gecko) Chrome/63.0.3239.84 Safari/537.36"
91.113.165.162 - - [28/Dec/2017:15:05:43 +0100] "GET /reload?ser=1514469943835 HTTP/1.1" 200 1228 "http://renault.activities.at/10201442" "Mozilla/5.0 (Windows NT 10.0; WOW64; Trident/7.0; rv:11.0) like Gecko"
212.152.158.195 - - [28/Dec/2017:15:05:58 +0100] "GET /reload?ser=1514470129845 HTTP/1.1" 200 28 "http://renault.activities.at/result?searchterm=true&search=service" "Mozilla/5.0 (Windows NT 6.1; Win64; x64) AppleWebKit/537.36 (KHTML, like Gecko) Chrome/63.0.3239.84 Safari/537.36"
91.113.165.162 - - [28/Dec/2017:15:06:44 +0100] "GET /reload?ser=1514470003992 HTTP/1.1" 200 1236 "http://renault.activities.at/10201442" "Mozilla/5.0 (Windows NT 10.0; WOW64; Trident/7.0; rv:11.0) like Gecko"
212.152.158.195 - - [28/Dec/2017:15:06:59 +0100] "GET /reload?ser=1514470190808 HTTP/1.1" 200 28 "http://renault.activities.at/result?searchterm=true&search=service" "Mozilla/5.0 (Windows NT 6.1; Win64; x64) AppleWebKit/537.36 (KHTML, like Gecko) Chrome/63.0.3239.84 Safari/537.36"
91.113.165.162 - - [28/Dec/2017:15:07:44 +0100] "GET /reload?ser=1514470064150 HTTP/1.1" 200 1238 "http://renault.activities.at/10201442" "Mozilla/5.0 (Windows NT 10.0; WOW64; Trident/7.0; rv:11.0) like Gecko"
212.152.158.195 - - [28/Dec/2017:15:08:00 +0100] "GET /reload?ser=1514470251777 HTTP/1.1" 200 28 "http://renault.activities.at/result?searchterm=true&search=service" "Mozilla/5.0 (Windows NT 6.1; Win64; x64) AppleWebKit/537.36 (KHTML, like Gecko) Chrome/63.0.3239.84 Safari/537.36"
91.113.165.162 - - [28/Dec/2017:15:08:44 +0100] "GET /reload?ser=1514470124307 HTTP/1.1" 200 1237 "http://renault.activities.at/10201442" "Mozilla/5.0 (Windows NT 10.0; WOW64; Trident/7.0; rv:11.0) like Gecko"
212.152.158.195 - - [28/Dec/2017:15:09:01 +0100] "GET /reload?ser=1514470312769 HTTP/1.1" 200 28 "http://renault.activities.at/result?searchterm=true&search=service" "Mozilla/5.0 (Windows NT 6.1; Win64; x64) AppleWebKit/537.36 (KHTML, like Gecko) Chrome/63.0.3239.84 Safari/537.36"
91.113.165.162 - - [28/Dec/2017:15:09:44 +0100] "GET /reload?ser=1514470184452 HTTP/1.1" 200 1240 "http://renault.activities.at/10201442" "Mozilla/5.0 (Windows NT 10.0; WOW64; Trident/7.0; rv:11.0) like Gecko"
212.152.158.195 - - [28/Dec/2017:15:10:02 +0100] "GET /reload?ser=1514470373746 HTTP/1.1" 200 28 "http://renault.activities.at/result?searchterm=true&search=service" "Mozilla/5.0 (Windows NT 6.1; Win64; x64) AppleWebKit/537.36 (KHTML, like Gecko) Chrome/63.0.3239.84 Safari/537.36"
212.152.158.195 - - [28/Dec/2017:15:10:05 +0100] "POST /result?searchterm=true&search=service HTTP/1.1" 200 8702 "http://renault.activities.at/result?searchterm=true&search=service" "Mozilla/5.0 (Windows NT 6.1; Win64; x64) AppleWebKit/537.36 (KHTML, like Gecko) Chrome/63.0.3239.84 Safari/537.36"
212.152.158.195 - - [28/Dec/2017:15:10:09 +0100] "GET /images/success_msg_icon.gif HTTP/1.1" 200 1024 "http://renault.activities.at/css/styles.css" "Mozilla/5.0 (Windows NT 6.1; Win64; x64) AppleWebKit/537.36 (KHTML, like Gecko) Chrome/63.0.3239.84 Safari/537.36"
212.152.158.195 - - [28/Dec/2017:15:10:11 +0100] "GET /checkout HTTP/1.1" 200 20141 "http://renault.activities.at/result?searchterm=true&search=service" "Mozilla/5.0 (Windows NT 6.1; Win64; x64) AppleWebKit/537.36 (KHTML, like Gecko) Chrome/63.0.3239.84 Safari/537.36"
212.152.158.195 - - [28/Dec/2017:15:10:16 +0100] "GET /js/checkout2.js HTTP/1.1" 200 4122 "http://renault.activities.at/checkout" "Mozilla/5.0 (Windows NT 6.1; Win64; x64) AppleWebKit/537.36 (KHTML, like Gecko) Chrome/63.0.3239.84 Safari/537.36"
212.152.158.195 - - [28/Dec/2017:15:10:16 +0100] "GET /images/step_bg.jpg HTTP/1.1" 200 319 "http://renault.activities.at/css/styles.css" "Mozilla/5.0 (Windows NT 6.1; Win64; x64) AppleWebKit/537.36 (KHTML, like Gecko) Chrome/63.0.3239.84 Safari/537.36"
212.152.158.195 - - [28/Dec/2017:15:10:16 +0100] "GET /images/step_marker.gif HTTP/1.1" 200 650 "http://renault.activities.at/css/styles.css" "Mozilla/5.0 (Windows NT 6.1; Win64; x64) AppleWebKit/537.36 (KHTML, like Gecko) Chrome/63.0.3239.84 Safari/537.36"
212.152.158.195 - - [28/Dec/2017:15:10:16 +0100] "GET /images/checkout_border.gif HTTP/1.1" 200 43 "http://renault.activities.at/css/styles.css" "Mozilla/5.0 (Windows NT 6.1; Win64; x64) AppleWebKit/537.36 (KHTML, like Gecko) Chrome/63.0.3239.84 Safari/537.36"
212.152.158.195 - - [28/Dec/2017:15:10:16 +0100] "GET /images/checkout_border_top.gif HTTP/1.1" 200 156 "http://renault.activities.at/css/styles.css" "Mozilla/5.0 (Windows NT 6.1; Win64; x64) AppleWebKit/537.36 (KHTML, like Gecko) Chrome/63.0.3239.84 Safari/537.36"
212.152.158.195 - - [28/Dec/2017:15:10:16 +0100] "GET /loadthumbnail.php?id=10202698 HTTP/1.1" 200 16686 "http://renault.activities.at/checkout" "Mozilla/5.0 (Windows NT 6.1; Win64; x64) AppleWebKit/537.36 (KHTML, like Gecko) Chrome/63.0.3239.84 Safari/537.36"
212.152.158.195 - - [28/Dec/2017:15:10:16 +0100] "GET /loadthumbnail.php?id=10201939 HTTP/1.1" 200 201 "http://renault.activities.at/checkout" "Mozilla/5.0 (Windows NT 6.1; Win64; x64) AppleWebKit/537.36 (KHTML, like Gecko) Chrome/63.0.3239.84 Safari/537.36"
212.152.158.195 - - [28/Dec/2017:15:10:22 +0100] "POST /docheckout HTTP/1.1" 200 469 "http://renault.activities.at/checkout" "Mozilla/5.0 (Windows NT 6.1; Win64; x64) AppleWebKit/537.36 (KHTML, like Gecko) Chrome/63.0.3239.84 Safari/537.36"
212.152.158.195 - - [28/Dec/2017:15:10:26 +0100] "POST /docheckout HTTP/1.1" 200 599 "http://renault.activities.at/checkout" "Mozilla/5.0 (Windows NT 6.1; Win64; x64) AppleWebKit/537.36 (KHTML, like Gecko) Chrome/63.0.3239.84 Safari/537.36"
212.152.158.195 - - [28/Dec/2017:15:10:28 +0100] "GET /images/error_msg_icon.gif HTTP/1.1" 200 1013 "http://renault.activities.at/checkout" "Mozilla/5.0 (Windows NT 6.1; Win64; x64) AppleWebKit/537.36 (KHTML, like Gecko) Chrome/63.0.3239.84 Safari/537.36"
212.152.158.195 - - [28/Dec/2017:15:10:30 +0100] "POST /docheckout HTTP/1.1" 200 68 "http://renault.activities.at/checkout" "Mozilla/5.0 (Windows NT 6.1; Win64; x64) AppleWebKit/537.36 (KHTML, like Gecko) Chrome/63.0.3239.84 Safari/537.36"
212.152.158.195 - - [28/Dec/2017:15:10:32 +0100] "GET /success HTTP/1.1" 200 3944 "http://renault.activities.at/checkout" "Mozilla/5.0 (Windows NT 6.1; Win64; x64) AppleWebKit/537.36 (KHTML, like Gecko) Chrome/63.0.3239.84 Safari/537.36"
91.113.165.162 - - [28/Dec/2017:15:10:44 +0100] "GET /reload?ser=1514470244605 HTTP/1.1" 200 1237 "http://renault.activities.at/10201442" "Mozilla/5.0 (Windows NT 10.0; WOW64; Trident/7.0; rv:11.0) like Gecko"
91.113.165.162 - - [28/Dec/2017:15:11:44 +0100] "GET /reload?ser=1514470304755 HTTP/1.1" 200 1237 "http://renault.activities.at/10201442" "Mozilla/5.0 (Windows NT 10.0; WOW64; Trident/7.0; rv:11.0) like Gecko"
91.113.165.162 - - [28/Dec/2017:15:12:44 +0100] "GET /reload?ser=1514470364911 HTTP/1.1" 200 1232 "http://renault.activities.at/10201442" "Mozilla/5.0 (Windows NT 10.0; WOW64; Trident/7.0; rv:11.0) like Gecko"
91.113.165.162 - - [28/Dec/2017:15:13:45 +0100] "GET /reload?ser=1514470425061 HTTP/1.1" 200 1245 "http://renault.activities.at/10201442" "Mozilla/5.0 (Windows NT 10.0; WOW64; Trident/7.0; rv:11.0) like Gecko"
91.113.165.162 - - [28/Dec/2017:15:14:45 +0100] "GET /reload?ser=1514470485232 HTTP/1.1" 200 1236 "http://renault.activities.at/10201442" "Mozilla/5.0 (Windows NT 10.0; WOW64; Trident/7.0; rv:11.0) like Gecko"
91.113.165.162 - - [28/Dec/2017:15:15:45 +0100] "GET /reload?ser=1514470545375 HTTP/1.1" 200 1237 "http://renault.activities.at/10201442" "Mozilla/5.0 (Windows NT 10.0; WOW64; Trident/7.0; rv:11.0) like Gecko"
91.113.165.162 - - [28/Dec/2017:15:16:45 +0100] "GET /reload?ser=1514470605540 HTTP/1.1" 200 1245 "http://renault.activities.at/10201442" "Mozilla/5.0 (Windows NT 10.0; WOW64; Trident/7.0; rv:11.0) like Gecko"
91.113.165.162 - - [28/Dec/2017:15:17:45 +0100] "GET /reload?ser=1514470665696 HTTP/1.1" 200 1246 "http://renault.activities.at/10201442" "Mozilla/5.0 (Windows NT 10.0; WOW64; Trident/7.0; rv:11.0) like Gecko"
91.113.165.162 - - [28/Dec/2017:15:18:45 +0100] "GET /reload?ser=1514470725848 HTTP/1.1" 200 1235 "http://renault.activities.at/10201442" "Mozilla/5.0 (Windows NT 10.0; WOW64; Trident/7.0; rv:11.0) like Gecko"
91.113.165.162 - - [28/Dec/2017:15:19:46 +0100] "GET /reload?ser=1514470785997 HTTP/1.1" 200 1234 "http://renault.activities.at/10201442" "Mozilla/5.0 (Windows NT 10.0; WOW64; Trident/7.0; rv:11.0) like Gecko"
91.113.165.162 - - [28/Dec/2017:15:20:46 +0100] "GET /reload?ser=1514470846148 HTTP/1.1" 200 1234 "http://renault.activities.at/10201442" "Mozilla/5.0 (Windows NT 10.0; WOW64; Trident/7.0; rv:11.0) like Gecko"
91.113.165.162 - - [28/Dec/2017:15:21:46 +0100] "GET /reload?ser=1514470906303 HTTP/1.1" 200 1239 "http://renault.activities.at/10201442" "Mozilla/5.0 (Windows NT 10.0; WOW64; Trident/7.0; rv:11.0) like Gecko"
91.113.165.162 - - [28/Dec/2017:15:22:46 +0100] "GET /reload?ser=1514470966446 HTTP/1.1" 200 1240 "http://renault.activities.at/10201442" "Mozilla/5.0 (Windows NT 10.0; WOW64; Trident/7.0; rv:11.0) like Gecko"
