80.121.171.86 - - [07/Feb/2018:09:39:36 +0100] "GET /reload?ser=1517992775991 HTTP/1.1" 200 28 "http://renault.activities.at/result?searchterm=true&search=duster" "Mozilla/5.0 (Windows NT 10.0; WOW64; Trident/7.0; rv:11.0) like Gecko"
193.194.132.75 - - [07/Feb/2018:09:39:38 +0100] "GET /reload?ser=1517992778568 HTTP/1.1" 200 28 "http://renault.2web.at/account?loadrequest=true" "Mozilla/5.0 (Windows NT 6.1; WOW64; Trident/7.0; rv:11.0) like Gecko"
80.122.133.118 - - [07/Feb/2018:09:39:41 +0100] "GET /10201442 HTTP/1.1" 200 8527 "http://renault.activities.at/account" "Mozilla/5.0 (Windows NT 6.1; Win64; x64; rv:58.0) Gecko/20100101 Firefox/58.0"
80.122.133.118 - - [07/Feb/2018:09:39:44 +0100] "GET /loadthumbnail.php?id=11679091&width=113 HTTP/1.1" 200 33845 "http://renault.activities.at/10201442" "Mozilla/5.0 (Windows NT 6.1; Win64; x64; rv:58.0) Gecko/20100101 Firefox/58.0"
80.122.133.118 - - [07/Feb/2018:09:39:44 +0100] "GET /loadthumbnail.php?id=11679096&width=113 HTTP/1.1" 200 34481 "http://renault.activities.at/10201442" "Mozilla/5.0 (Windows NT 6.1; Win64; x64; rv:58.0) Gecko/20100101 Firefox/58.0"
80.122.133.118 - - [07/Feb/2018:09:39:44 +0100] "GET /loadthumbnail.php?id=11679118&width=113 HTTP/1.1" 200 33438 "http://renault.activities.at/10201442" "Mozilla/5.0 (Windows NT 6.1; Win64; x64; rv:58.0) Gecko/20100101 Firefox/58.0"
80.122.133.118 - - [07/Feb/2018:09:39:44 +0100] "GET /loadthumbnail.php?id=11679123&width=113 HTTP/1.1" 200 35506 "http://renault.activities.at/10201442" "Mozilla/5.0 (Windows NT 6.1; Win64; x64; rv:58.0) Gecko/20100101 Firefox/58.0"
80.122.133.118 - - [07/Feb/2018:09:39:44 +0100] "GET /loadthumbnail.php?id=11679106&width=113 HTTP/1.1" 200 35719 "http://renault.activities.at/10201442" "Mozilla/5.0 (Windows NT 6.1; Win64; x64; rv:58.0) Gecko/20100101 Firefox/58.0"
80.122.133.118 - - [07/Feb/2018:09:39:44 +0100] "GET /loadthumbnail.php?id=11679101&width=113 HTTP/1.1" 200 36881 "http://renault.activities.at/10201442" "Mozilla/5.0 (Windows NT 6.1; Win64; x64; rv:58.0) Gecko/20100101 Firefox/58.0"
80.122.133.118 - - [07/Feb/2018:09:39:44 +0100] "GET /js/prototip.js HTTP/1.1" 304 - "http://renault.activities.at/10201442" "Mozilla/5.0 (Windows NT 6.1; Win64; x64; rv:58.0) Gecko/20100101 Firefox/58.0"
80.122.133.118 - - [07/Feb/2018:09:39:44 +0100] "GET /js/ProduktGrp.js HTTP/1.1" 304 - "http://renault.activities.at/10201442" "Mozilla/5.0 (Windows NT 6.1; Win64; x64; rv:58.0) Gecko/20100101 Firefox/58.0"
80.122.133.118 - - [07/Feb/2018:09:39:44 +0100] "GET /loadthumbnail.php?id=11679111&width=113 HTTP/1.1" 200 34281 "http://renault.activities.at/10201442" "Mozilla/5.0 (Windows NT 6.1; Win64; x64; rv:58.0) Gecko/20100101 Firefox/58.0"
80.122.133.118 - - [07/Feb/2018:09:39:44 +0100] "GET /loadthumbnail.php?id=11679140&width=113 HTTP/1.1" 200 33826 "http://renault.activities.at/10201442" "Mozilla/5.0 (Windows NT 6.1; Win64; x64; rv:58.0) Gecko/20100101 Firefox/58.0"
80.122.133.118 - - [07/Feb/2018:09:39:44 +0100] "GET /loadthumbnail.php?id=11679064&width=113 HTTP/1.1" 200 33783 "http://renault.activities.at/10201442" "Mozilla/5.0 (Windows NT 6.1; Win64; x64; rv:58.0) Gecko/20100101 Firefox/58.0"
80.122.133.118 - - [07/Feb/2018:09:39:44 +0100] "GET /loadthumbnail.php?id=11679076&width=113 HTTP/1.1" 200 34461 "http://renault.activities.at/10201442" "Mozilla/5.0 (Windows NT 6.1; Win64; x64; rv:58.0) Gecko/20100101 Firefox/58.0"
80.122.133.118 - - [07/Feb/2018:09:39:44 +0100] "GET /loadthumbnail.php?id=11679150&width=113 HTTP/1.1" 200 35622 "http://renault.activities.at/10201442" "Mozilla/5.0 (Windows NT 6.1; Win64; x64; rv:58.0) Gecko/20100101 Firefox/58.0"
80.122.133.118 - - [07/Feb/2018:09:39:44 +0100] "GET /loadthumbnail.php?id=11679071&width=113 HTTP/1.1" 200 37134 "http://renault.activities.at/10201442" "Mozilla/5.0 (Windows NT 6.1; Win64; x64; rv:58.0) Gecko/20100101 Firefox/58.0"
80.122.133.118 - - [07/Feb/2018:09:39:45 +0100] "GET /images/loading.gif HTTP/1.1" 304 - "http://renault.activities.at/10201442" "Mozilla/5.0 (Windows NT 6.1; Win64; x64; rv:58.0) Gecko/20100101 Firefox/58.0"
80.122.133.118 - - [07/Feb/2018:09:39:45 +0100] "GET /loadthumbnail.php?id=10203276 HTTP/1.1" 200 75 "http://renault.activities.at/10201442" "Mozilla/5.0 (Windows NT 6.1; Win64; x64; rv:58.0) Gecko/20100101 Firefox/58.0"
80.122.133.118 - - [07/Feb/2018:09:39:45 +0100] "GET /loadthumbnail.php?id=10203255 HTTP/1.1" 200 137 "http://renault.activities.at/10201442" "Mozilla/5.0 (Windows NT 6.1; Win64; x64; rv:58.0) Gecko/20100101 Firefox/58.0"
80.122.133.118 - - [07/Feb/2018:09:39:45 +0100] "GET /images/sub_title_bg.jpg HTTP/1.1" 200 314 "http://renault.activities.at/css/styles.css" "Mozilla/5.0 (Windows NT 6.1; Win64; x64; rv:58.0) Gecko/20100101 Firefox/58.0"
80.122.133.118 - - [07/Feb/2018:09:39:45 +0100] "GET /images/pager_bg.gif HTTP/1.1" 304 - "http://renault.activities.at/css/styles.css" "Mozilla/5.0 (Windows NT 6.1; Win64; x64; rv:58.0) Gecko/20100101 Firefox/58.0"
80.122.133.118 - - [07/Feb/2018:09:39:45 +0100] "GET /loadthumbnail.php?id=11679155&width=113 HTTP/1.1" 200 34091 "http://renault.activities.at/10201442" "Mozilla/5.0 (Windows NT 6.1; Win64; x64; rv:58.0) Gecko/20100101 Firefox/58.0"
80.122.133.118 - - [07/Feb/2018:09:39:45 +0100] "GET /images/vista-up.gif HTTP/1.1" 304 - "http://renault.activities.at/css/styles.css" "Mozilla/5.0 (Windows NT 6.1; Win64; x64; rv:58.0) Gecko/20100101 Firefox/58.0"
80.122.133.118 - - [07/Feb/2018:09:39:45 +0100] "GET /loadthumbnail.php?id=11679160&width=113 HTTP/1.1" 200 32885 "http://renault.activities.at/10201442" "Mozilla/5.0 (Windows NT 6.1; Win64; x64; rv:58.0) Gecko/20100101 Firefox/58.0"
80.122.133.118 - - [07/Feb/2018:09:39:45 +0100] "GET /loadthumbnail.php?id=11679081&width=113 HTTP/1.1" 200 36621 "http://renault.activities.at/10201442" "Mozilla/5.0 (Windows NT 6.1; Win64; x64; rv:58.0) Gecko/20100101 Firefox/58.0"
80.122.133.118 - - [07/Feb/2018:09:39:45 +0100] "GET /images/vista-dn.gif HTTP/1.1" 304 - "http://renault.activities.at/css/styles.css" "Mozilla/5.0 (Windows NT 6.1; Win64; x64; rv:58.0) Gecko/20100101 Firefox/58.0"
80.122.133.118 - - [07/Feb/2018:09:39:53 +0100] "GET /10260273 HTTP/1.1" 200 8712 "http://renault.activities.at/10201442" "Mozilla/5.0 (Windows NT 6.1; Win64; x64; rv:58.0) Gecko/20100101 Firefox/58.0"
80.122.133.118 - - [07/Feb/2018:09:39:56 +0100] "GET /loadthumbnail.php?id=11606810&width=113 HTTP/1.1" 200 2538 "http://renault.activities.at/10260273" "Mozilla/5.0 (Windows NT 6.1; Win64; x64; rv:58.0) Gecko/20100101 Firefox/58.0"
80.122.133.118 - - [07/Feb/2018:09:39:56 +0100] "GET /loadthumbnail.php?id=11623667&width=113 HTTP/1.1" 200 3762 "http://renault.activities.at/10260273" "Mozilla/5.0 (Windows NT 6.1; Win64; x64; rv:58.0) Gecko/20100101 Firefox/58.0"
80.122.133.118 - - [07/Feb/2018:09:39:56 +0100] "GET /loadthumbnail.php?id=11590241&width=113 HTTP/1.1" 200 3014 "http://renault.activities.at/10260273" "Mozilla/5.0 (Windows NT 6.1; Win64; x64; rv:58.0) Gecko/20100101 Firefox/58.0"
80.122.133.118 - - [07/Feb/2018:09:39:56 +0100] "GET /loadthumbnail.php?id=11590267&width=113 HTTP/1.1" 200 3213 "http://renault.activities.at/10260273" "Mozilla/5.0 (Windows NT 6.1; Win64; x64; rv:58.0) Gecko/20100101 Firefox/58.0"
80.122.133.118 - - [07/Feb/2018:09:39:56 +0100] "GET /loadthumbnail.php?id=11585055&width=113 HTTP/1.1" 200 2970 "http://renault.activities.at/10260273" "Mozilla/5.0 (Windows NT 6.1; Win64; x64; rv:58.0) Gecko/20100101 Firefox/58.0"
80.122.133.118 - - [07/Feb/2018:09:39:57 +0100] "GET /loadthumbnail.php?id=11665846&width=113 HTTP/1.1" 200 3147 "http://renault.activities.at/10260273" "Mozilla/5.0 (Windows NT 6.1; Win64; x64; rv:58.0) Gecko/20100101 Firefox/58.0"
80.122.133.118 - - [07/Feb/2018:09:39:57 +0100] "GET /loadthumbnail.php?id=11543815&width=113 HTTP/1.1" 200 1975 "http://renault.activities.at/10260273" "Mozilla/5.0 (Windows NT 6.1; Win64; x64; rv:58.0) Gecko/20100101 Firefox/58.0"
80.122.133.118 - - [07/Feb/2018:09:39:57 +0100] "GET /loadthumbnail.php?id=11361004&width=113 HTTP/1.1" 200 3059 "http://renault.activities.at/10260273" "Mozilla/5.0 (Windows NT 6.1; Win64; x64; rv:58.0) Gecko/20100101 Firefox/58.0"
80.122.133.118 - - [07/Feb/2018:09:39:57 +0100] "GET /loadthumbnail.php?id=11361003&width=113 HTTP/1.1" 200 3425 "http://renault.activities.at/10260273" "Mozilla/5.0 (Windows NT 6.1; Win64; x64; rv:58.0) Gecko/20100101 Firefox/58.0"
80.122.133.118 - - [07/Feb/2018:09:39:57 +0100] "GET /loadthumbnail.php?id=11590240&width=113 HTTP/1.1" 200 3363 "http://renault.activities.at/10260273" "Mozilla/5.0 (Windows NT 6.1; Win64; x64; rv:58.0) Gecko/20100101 Firefox/58.0"
80.122.133.118 - - [07/Feb/2018:09:39:57 +0100] "GET /loadthumbnail.php?id=11590239&width=113 HTTP/1.1" 200 4106 "http://renault.activities.at/10260273" "Mozilla/5.0 (Windows NT 6.1; Win64; x64; rv:58.0) Gecko/20100101 Firefox/58.0"
80.122.133.118 - - [07/Feb/2018:09:39:57 +0100] "GET /loadthumbnail.php?id=11590266&width=113 HTTP/1.1" 200 2727 "http://renault.activities.at/10260273" "Mozilla/5.0 (Windows NT 6.1; Win64; x64; rv:58.0) Gecko/20100101 Firefox/58.0"
80.122.133.118 - - [07/Feb/2018:09:39:57 +0100] "GET /loadthumbnail.php?id=11711050&width=113 HTTP/1.1" 200 3584 "http://renault.activities.at/10260273" "Mozilla/5.0 (Windows NT 6.1; Win64; x64; rv:58.0) Gecko/20100101 Firefox/58.0"
80.122.133.118 - - [07/Feb/2018:09:39:57 +0100] "GET /loadthumbnail.php?id=11228566&width=113 HTTP/1.1" 200 4033 "http://renault.activities.at/10260273" "Mozilla/5.0 (Windows NT 6.1; Win64; x64; rv:58.0) Gecko/20100101 Firefox/58.0"
80.122.133.118 - - [07/Feb/2018:09:39:59 +0100] "GET /loadthumbnail.php?id=11470096&width=113 HTTP/1.1" 200 2845 "http://renault.activities.at/10260273" "Mozilla/5.0 (Windows NT 6.1; Win64; x64; rv:58.0) Gecko/20100101 Firefox/58.0"
80.122.133.118 - - [07/Feb/2018:09:40:16 +0100] "GET /10260273?dir=DESC&mode=grid&order=name&limit=15&page=2 HTTP/1.1" 200 8673 "http://renault.activities.at/10260273" "Mozilla/5.0 (Windows NT 6.1; Win64; x64; rv:58.0) Gecko/20100101 Firefox/58.0"
80.122.133.118 - - [07/Feb/2018:09:40:20 +0100] "GET /loadthumbnail.php?id=10203275 HTTP/1.1" 200 85 "http://renault.activities.at/10260273?dir=DESC&mode=grid&order=name&limit=15&page=2" "Mozilla/5.0 (Windows NT 6.1; Win64; x64; rv:58.0) Gecko/20100101 Firefox/58.0"
80.122.133.118 - - [07/Feb/2018:09:40:20 +0100] "GET /loadthumbnail.php?id=11253834&width=113 HTTP/1.1" 200 2935 "http://renault.activities.at/10260273?dir=DESC&mode=grid&order=name&limit=15&page=2" "Mozilla/5.0 (Windows NT 6.1; Win64; x64; rv:58.0) Gecko/20100101 Firefox/58.0"
80.122.133.118 - - [07/Feb/2018:09:40:20 +0100] "GET /loadthumbnail.php?id=11711048&width=113 HTTP/1.1" 200 3085 "http://renault.activities.at/10260273?dir=DESC&mode=grid&order=name&limit=15&page=2" "Mozilla/5.0 (Windows NT 6.1; Win64; x64; rv:58.0) Gecko/20100101 Firefox/58.0"
80.122.133.118 - - [07/Feb/2018:09:40:20 +0100] "GET /loadthumbnail.php?id=11553667&width=113 HTTP/1.1" 200 3081 "http://renault.activities.at/10260273?dir=DESC&mode=grid&order=name&limit=15&page=2" "Mozilla/5.0 (Windows NT 6.1; Win64; x64; rv:58.0) Gecko/20100101 Firefox/58.0"
80.122.133.118 - - [07/Feb/2018:09:40:20 +0100] "GET /loadthumbnail.php?id=11711047&width=113 HTTP/1.1" 200 3709 "http://renault.activities.at/10260273?dir=DESC&mode=grid&order=name&limit=15&page=2" "Mozilla/5.0 (Windows NT 6.1; Win64; x64; rv:58.0) Gecko/20100101 Firefox/58.0"
80.122.133.118 - - [07/Feb/2018:09:40:20 +0100] "GET /loadthumbnail.php?id=11711045&width=113 HTTP/1.1" 200 2986 "http://renault.activities.at/10260273?dir=DESC&mode=grid&order=name&limit=15&page=2" "Mozilla/5.0 (Windows NT 6.1; Win64; x64; rv:58.0) Gecko/20100101 Firefox/58.0"
80.122.133.118 - - [07/Feb/2018:09:40:20 +0100] "GET /loadthumbnail.php?id=11711046&width=113 HTTP/1.1" 200 3050 "http://renault.activities.at/10260273?dir=DESC&mode=grid&order=name&limit=15&page=2" "Mozilla/5.0 (Windows NT 6.1; Win64; x64; rv:58.0) Gecko/20100101 Firefox/58.0"
80.122.133.118 - - [07/Feb/2018:09:40:20 +0100] "GET /loadthumbnail.php?id=11711049&width=113 HTTP/1.1" 200 3058 "http://renault.activities.at/10260273?dir=DESC&mode=grid&order=name&limit=15&page=2" "Mozilla/5.0 (Windows NT 6.1; Win64; x64; rv:58.0) Gecko/20100101 Firefox/58.0"
80.122.133.118 - - [07/Feb/2018:09:40:20 +0100] "GET /loadthumbnail.php?id=11523715&width=113 HTTP/1.1" 200 2817 "http://renault.activities.at/10260273?dir=DESC&mode=grid&order=name&limit=15&page=2" "Mozilla/5.0 (Windows NT 6.1; Win64; x64; rv:58.0) Gecko/20100101 Firefox/58.0"
80.122.133.118 - - [07/Feb/2018:09:40:20 +0100] "GET /loadthumbnail.php?id=11590243&width=113 HTTP/1.1" 200 3639 "http://renault.activities.at/10260273?dir=DESC&mode=grid&order=name&limit=15&page=2" "Mozilla/5.0 (Windows NT 6.1; Win64; x64; rv:58.0) Gecko/20100101 Firefox/58.0"
80.122.133.118 - - [07/Feb/2018:09:40:20 +0100] "GET /loadthumbnail.php?id=11590242&width=113 HTTP/1.1" 200 3202 "http://renault.activities.at/10260273?dir=DESC&mode=grid&order=name&limit=15&page=2" "Mozilla/5.0 (Windows NT 6.1; Win64; x64; rv:58.0) Gecko/20100101 Firefox/58.0"
80.122.133.118 - - [07/Feb/2018:09:40:20 +0100] "GET /loadthumbnail.php?id=11550106&width=113 HTTP/1.1" 200 3354 "http://renault.activities.at/10260273?dir=DESC&mode=grid&order=name&limit=15&page=2" "Mozilla/5.0 (Windows NT 6.1; Win64; x64; rv:58.0) Gecko/20100101 Firefox/58.0"
80.122.133.118 - - [07/Feb/2018:09:40:20 +0100] "GET /loadthumbnail.php?id=11590244&width=113 HTTP/1.1" 200 2420 "http://renault.activities.at/10260273?dir=DESC&mode=grid&order=name&limit=15&page=2" "Mozilla/5.0 (Windows NT 6.1; Win64; x64; rv:58.0) Gecko/20100101 Firefox/58.0"
80.122.133.118 - - [07/Feb/2018:09:40:20 +0100] "GET /loadthumbnail.php?id=11423557&width=113 HTTP/1.1" 200 2699 "http://renault.activities.at/10260273?dir=DESC&mode=grid&order=name&limit=15&page=2" "Mozilla/5.0 (Windows NT 6.1; Win64; x64; rv:58.0) Gecko/20100101 Firefox/58.0"
80.122.133.118 - - [07/Feb/2018:09:40:20 +0100] "GET /loadthumbnail.php?id=11253842&width=113 HTTP/1.1" 200 3342 "http://renault.activities.at/10260273?dir=DESC&mode=grid&order=name&limit=15&page=2" "Mozilla/5.0 (Windows NT 6.1; Win64; x64; rv:58.0) Gecko/20100101 Firefox/58.0"
80.122.133.118 - - [07/Feb/2018:09:40:20 +0100] "GET /loadthumbnail.php?id=11523900&width=113 HTTP/1.1" 200 3069 "http://renault.activities.at/10260273?dir=DESC&mode=grid&order=name&limit=15&page=2" "Mozilla/5.0 (Windows NT 6.1; Win64; x64; rv:58.0) Gecko/20100101 Firefox/58.0"
80.122.133.118 - - [07/Feb/2018:09:40:30 +0100] "GET /images/vista-dn-hover.gif HTTP/1.1" 304 - "http://renault.activities.at/css/styles.css" "Mozilla/5.0 (Windows NT 6.1; Win64; x64; rv:58.0) Gecko/20100101 Firefox/58.0"
80.122.133.118 - - [07/Feb/2018:09:40:31 +0100] "GET /images/vista-up-hover.gif HTTP/1.1" 304 - "http://renault.activities.at/css/styles.css" "Mozilla/5.0 (Windows NT 6.1; Win64; x64; rv:58.0) Gecko/20100101 Firefox/58.0"
80.121.171.86 - - [07/Feb/2018:09:40:37 +0100] "GET /reload?ser=1517992836936 HTTP/1.1" 200 28 "http://renault.activities.at/result?searchterm=true&search=duster" "Mozilla/5.0 (Windows NT 10.0; WOW64; Trident/7.0; rv:11.0) like Gecko"
80.122.133.118 - - [07/Feb/2018:09:40:38 +0100] "POST /10260273?dir=DESC&mode=grid&order=name&limit=15&page=2 HTTP/1.1" 200 8867 "http://renault.activities.at/10260273?dir=DESC&mode=grid&order=name&limit=15&page=2" "Mozilla/5.0 (Windows NT 6.1; Win64; x64; rv:58.0) Gecko/20100101 Firefox/58.0"
193.194.132.75 - - [07/Feb/2018:09:40:39 +0100] "GET /reload?ser=1517992839656 HTTP/1.1" 200 28 "http://renault.2web.at/account?loadrequest=true" "Mozilla/5.0 (Windows NT 6.1; WOW64; Trident/7.0; rv:11.0) like Gecko"
80.122.133.118 - - [07/Feb/2018:09:40:40 +0100] "GET /images/success_msg_icon.gif HTTP/1.1" 304 - "http://renault.activities.at/css/styles.css" "Mozilla/5.0 (Windows NT 6.1; Win64; x64; rv:58.0) Gecko/20100101 Firefox/58.0"
80.121.171.86 - - [07/Feb/2018:09:40:46 +0100] "GET / HTTP/1.1" 200 7035 "-" "Mozilla/5.0 (Windows NT 10.0; WOW64; Trident/7.0; rv:11.0) like Gecko"
80.122.133.118 - - [07/Feb/2018:09:40:50 +0100] "POST /10260273?dir=DESC&mode=grid&order=name&limit=15&page=2 HTTP/1.1" 200 8863 "http://renault.activities.at/10260273?dir=DESC&mode=grid&order=name&limit=15&page=2" "Mozilla/5.0 (Windows NT 6.1; Win64; x64; rv:58.0) Gecko/20100101 Firefox/58.0"
80.121.171.86 - - [07/Feb/2018:09:41:27 +0100] "GET /10260282 HTTP/1.1" 200 8873 "http://renault.activities.at/" "Mozilla/5.0 (Windows NT 10.0; WOW64; Trident/7.0; rv:11.0) like Gecko"
80.121.171.86 - - [07/Feb/2018:09:41:39 +0100] "GET /images/vista-dn-hover.gif HTTP/1.1" 200 127 "http://renault.activities.at/10260282" "Mozilla/5.0 (Windows NT 10.0; WOW64; Trident/7.0; rv:11.0) like Gecko"
193.194.132.75 - - [07/Feb/2018:09:41:40 +0100] "GET /reload?ser=1517992900774 HTTP/1.1" 200 28 "http://renault.2web.at/account?loadrequest=true" "Mozilla/5.0 (Windows NT 6.1; WOW64; Trident/7.0; rv:11.0) like Gecko"
80.121.171.86 - - [07/Feb/2018:09:41:41 +0100] "GET /10260282?dir=DESC&mode=grid&order=name&limit=15&page=2 HTTP/1.1" 200 8910 "http://renault.activities.at/10260282" "Mozilla/5.0 (Windows NT 10.0; WOW64; Trident/7.0; rv:11.0) like Gecko"
80.121.171.86 - - [07/Feb/2018:09:41:44 +0100] "GET /loadthumbnail.php?id=10203275 HTTP/1.1" 200 85 "http://renault.activities.at/10260282?dir=DESC&mode=grid&order=name&limit=15&page=2" "Mozilla/5.0 (Windows NT 10.0; WOW64; Trident/7.0; rv:11.0) like Gecko"
80.121.171.86 - - [07/Feb/2018:09:41:44 +0100] "GET /loadthumbnail.php?id=11186505&width=113 HTTP/1.1" 200 1516 "http://renault.activities.at/10260282?dir=DESC&mode=grid&order=name&limit=15&page=2" "Mozilla/5.0 (Windows NT 10.0; WOW64; Trident/7.0; rv:11.0) like Gecko"
80.121.171.86 - - [07/Feb/2018:09:41:44 +0100] "GET /loadthumbnail.php?id=11186518&width=113 HTTP/1.1" 200 1516 "http://renault.activities.at/10260282?dir=DESC&mode=grid&order=name&limit=15&page=2" "Mozilla/5.0 (Windows NT 10.0; WOW64; Trident/7.0; rv:11.0) like Gecko"
80.121.171.86 - - [07/Feb/2018:09:41:44 +0100] "GET /loadthumbnail.php?id=11339764&width=113 HTTP/1.1" 200 2128 "http://renault.activities.at/10260282?dir=DESC&mode=grid&order=name&limit=15&page=2" "Mozilla/5.0 (Windows NT 10.0; WOW64; Trident/7.0; rv:11.0) like Gecko"
80.121.171.86 - - [07/Feb/2018:09:41:44 +0100] "GET /loadthumbnail.php?id=11137061&width=113 HTTP/1.1" 200 2095 "http://renault.activities.at/10260282?dir=DESC&mode=grid&order=name&limit=15&page=2" "Mozilla/5.0 (Windows NT 10.0; WOW64; Trident/7.0; rv:11.0) like Gecko"
80.121.171.86 - - [07/Feb/2018:09:41:44 +0100] "GET /loadthumbnail.php?id=11183285&width=113 HTTP/1.1" 200 1898 "http://renault.activities.at/10260282?dir=DESC&mode=grid&order=name&limit=15&page=2" "Mozilla/5.0 (Windows NT 10.0; WOW64; Trident/7.0; rv:11.0) like Gecko"
80.121.171.86 - - [07/Feb/2018:09:41:44 +0100] "GET /loadthumbnail.php?id=11339768&width=113 HTTP/1.1" 200 2128 "http://renault.activities.at/10260282?dir=DESC&mode=grid&order=name&limit=15&page=2" "Mozilla/5.0 (Windows NT 10.0; WOW64; Trident/7.0; rv:11.0) like Gecko"
80.121.171.86 - - [07/Feb/2018:09:41:44 +0100] "GET /loadthumbnail.php?id=11181207&width=113 HTTP/1.1" 200 1279 "http://renault.activities.at/10260282?dir=DESC&mode=grid&order=name&limit=15&page=2" "Mozilla/5.0 (Windows NT 10.0; WOW64; Trident/7.0; rv:11.0) like Gecko"
80.121.171.86 - - [07/Feb/2018:09:41:44 +0100] "GET /loadthumbnail.php?id=11195908&width=113 HTTP/1.1" 200 1279 "http://renault.activities.at/10260282?dir=DESC&mode=grid&order=name&limit=15&page=2" "Mozilla/5.0 (Windows NT 10.0; WOW64; Trident/7.0; rv:11.0) like Gecko"
80.121.171.86 - - [07/Feb/2018:09:41:44 +0100] "GET /loadthumbnail.php?id=11181201&width=113 HTTP/1.1" 200 1279 "http://renault.activities.at/10260282?dir=DESC&mode=grid&order=name&limit=15&page=2" "Mozilla/5.0 (Windows NT 10.0; WOW64; Trident/7.0; rv:11.0) like Gecko"
80.121.171.86 - - [07/Feb/2018:09:41:44 +0100] "GET /loadthumbnail.php?id=11181227&width=113 HTTP/1.1" 200 1322 "http://renault.activities.at/10260282?dir=DESC&mode=grid&order=name&limit=15&page=2" "Mozilla/5.0 (Windows NT 10.0; WOW64; Trident/7.0; rv:11.0) like Gecko"
80.121.171.86 - - [07/Feb/2018:09:41:44 +0100] "GET /loadthumbnail.php?id=11194725&width=113 HTTP/1.1" 200 1322 "http://renault.activities.at/10260282?dir=DESC&mode=grid&order=name&limit=15&page=2" "Mozilla/5.0 (Windows NT 10.0; WOW64; Trident/7.0; rv:11.0) like Gecko"
80.121.171.86 - - [07/Feb/2018:09:41:45 +0100] "GET /loadthumbnail.php?id=11181225&width=113 HTTP/1.1" 200 1322 "http://renault.activities.at/10260282?dir=DESC&mode=grid&order=name&limit=15&page=2" "Mozilla/5.0 (Windows NT 10.0; WOW64; Trident/7.0; rv:11.0) like Gecko"
80.121.171.86 - - [07/Feb/2018:09:41:45 +0100] "GET /loadthumbnail.php?id=11308367&width=113 HTTP/1.1" 200 1939 "http://renault.activities.at/10260282?dir=DESC&mode=grid&order=name&limit=15&page=2" "Mozilla/5.0 (Windows NT 10.0; WOW64; Trident/7.0; rv:11.0) like Gecko"
80.122.133.118 - - [07/Feb/2018:09:41:52 +0100] "GET /reload?ser=1517992917832 HTTP/1.1" 200 28 "http://renault.activities.at/10260273?dir=DESC&mode=grid&order=name&limit=15&page=2" "Mozilla/5.0 (Windows NT 6.1; Win64; x64; rv:58.0) Gecko/20100101 Firefox/58.0"
80.121.171.86 - - [07/Feb/2018:09:41:52 +0100] "GET /10260282?dir=DESC&mode=grid&order=name&limit=15&page=3 HTTP/1.1" 200 8936 "http://renault.activities.at/10260282?dir=DESC&mode=grid&order=name&limit=15&page=2" "Mozilla/5.0 (Windows NT 10.0; WOW64; Trident/7.0; rv:11.0) like Gecko"
80.121.171.86 - - [07/Feb/2018:09:41:55 +0100] "GET /loadthumbnail.php?id=11308371&width=113 HTTP/1.1" 200 1939 "http://renault.activities.at/10260282?dir=DESC&mode=grid&order=name&limit=15&page=3" "Mozilla/5.0 (Windows NT 10.0; WOW64; Trident/7.0; rv:11.0) like Gecko"
80.121.171.86 - - [07/Feb/2018:09:41:55 +0100] "GET /loadthumbnail.php?id=11181199&width=113 HTTP/1.1" 200 1829 "http://renault.activities.at/10260282?dir=DESC&mode=grid&order=name&limit=15&page=3" "Mozilla/5.0 (Windows NT 10.0; WOW64; Trident/7.0; rv:11.0) like Gecko"
80.121.171.86 - - [07/Feb/2018:09:41:55 +0100] "GET /loadthumbnail.php?id=11194700&width=113 HTTP/1.1" 200 1829 "http://renault.activities.at/10260282?dir=DESC&mode=grid&order=name&limit=15&page=3" "Mozilla/5.0 (Windows NT 10.0; WOW64; Trident/7.0; rv:11.0) like Gecko"
80.121.171.86 - - [07/Feb/2018:09:41:55 +0100] "GET /loadthumbnail.php?id=11181197&width=113 HTTP/1.1" 200 1829 "http://renault.activities.at/10260282?dir=DESC&mode=grid&order=name&limit=15&page=3" "Mozilla/5.0 (Windows NT 10.0; WOW64; Trident/7.0; rv:11.0) like Gecko"
80.121.171.86 - - [07/Feb/2018:09:41:55 +0100] "GET /loadthumbnail.php?id=11186469&width=113 HTTP/1.1" 200 1278 "http://renault.activities.at/10260282?dir=DESC&mode=grid&order=name&limit=15&page=3" "Mozilla/5.0 (Windows NT 10.0; WOW64; Trident/7.0; rv:11.0) like Gecko"
80.121.171.86 - - [07/Feb/2018:09:41:55 +0100] "GET /loadthumbnail.php?id=11194717&width=113 HTTP/1.1" 200 1278 "http://renault.activities.at/10260282?dir=DESC&mode=grid&order=name&limit=15&page=3" "Mozilla/5.0 (Windows NT 10.0; WOW64; Trident/7.0; rv:11.0) like Gecko"
80.121.171.86 - - [07/Feb/2018:09:41:55 +0100] "GET /loadthumbnail.php?id=11186457&width=113 HTTP/1.1" 200 1278 "http://renault.activities.at/10260282?dir=DESC&mode=grid&order=name&limit=15&page=3" "Mozilla/5.0 (Windows NT 10.0; WOW64; Trident/7.0; rv:11.0) like Gecko"
80.121.171.86 - - [07/Feb/2018:09:41:55 +0100] "GET /loadthumbnail.php?id=11181237&width=113 HTTP/1.1" 200 1156 "http://renault.activities.at/10260282?dir=DESC&mode=grid&order=name&limit=15&page=3" "Mozilla/5.0 (Windows NT 10.0; WOW64; Trident/7.0; rv:11.0) like Gecko"
80.121.171.86 - - [07/Feb/2018:09:41:55 +0100] "GET /loadthumbnail.php?id=11181235&width=113 HTTP/1.1" 200 1156 "http://renault.activities.at/10260282?dir=DESC&mode=grid&order=name&limit=15&page=3" "Mozilla/5.0 (Windows NT 10.0; WOW64; Trident/7.0; rv:11.0) like Gecko"
80.121.171.86 - - [07/Feb/2018:09:41:55 +0100] "GET /loadthumbnail.php?id=11195851&width=113 HTTP/1.1" 200 1156 "http://renault.activities.at/10260282?dir=DESC&mode=grid&order=name&limit=15&page=3" "Mozilla/5.0 (Windows NT 10.0; WOW64; Trident/7.0; rv:11.0) like Gecko"
80.121.171.86 - - [07/Feb/2018:09:41:55 +0100] "GET /loadthumbnail.php?id=11186483&width=113 HTTP/1.1" 200 1974 "http://renault.activities.at/10260282?dir=DESC&mode=grid&order=name&limit=15&page=3" "Mozilla/5.0 (Windows NT 10.0; WOW64; Trident/7.0; rv:11.0) like Gecko"
80.121.171.86 - - [07/Feb/2018:09:41:55 +0100] "GET /loadthumbnail.php?id=11186495&width=113 HTTP/1.1" 200 1974 "http://renault.activities.at/10260282?dir=DESC&mode=grid&order=name&limit=15&page=3" "Mozilla/5.0 (Windows NT 10.0; WOW64; Trident/7.0; rv:11.0) like Gecko"
80.121.171.86 - - [07/Feb/2018:09:41:55 +0100] "GET /loadthumbnail.php?id=11186479&width=113 HTTP/1.1" 200 1083 "http://renault.activities.at/10260282?dir=DESC&mode=grid&order=name&limit=15&page=3" "Mozilla/5.0 (Windows NT 10.0; WOW64; Trident/7.0; rv:11.0) like Gecko"
80.121.171.86 - - [07/Feb/2018:09:41:56 +0100] "GET /loadthumbnail.php?id=11194721&width=113 HTTP/1.1" 200 1083 "http://renault.activities.at/10260282?dir=DESC&mode=grid&order=name&limit=15&page=3" "Mozilla/5.0 (Windows NT 10.0; WOW64; Trident/7.0; rv:11.0) like Gecko"
80.121.171.86 - - [07/Feb/2018:09:42:07 +0100] "GET /10260282?dir=DESC&mode=grid&order=name&limit=15&page=4 HTTP/1.1" 200 8889 "http://renault.activities.at/10260282?dir=DESC&mode=grid&order=name&limit=15&page=3" "Mozilla/5.0 (Windows NT 10.0; WOW64; Trident/7.0; rv:11.0) like Gecko"
80.121.171.86 - - [07/Feb/2018:09:42:10 +0100] "GET /loadthumbnail.php?id=11186475&width=113 HTTP/1.1" 200 1083 "http://renault.activities.at/10260282?dir=DESC&mode=grid&order=name&limit=15&page=4" "Mozilla/5.0 (Windows NT 10.0; WOW64; Trident/7.0; rv:11.0) like Gecko"
80.121.171.86 - - [07/Feb/2018:09:42:10 +0100] "GET /loadthumbnail.php?id=11194732&width=113 HTTP/1.1" 200 1353 "http://renault.activities.at/10260282?dir=DESC&mode=grid&order=name&limit=15&page=4" "Mozilla/5.0 (Windows NT 10.0; WOW64; Trident/7.0; rv:11.0) like Gecko"
80.121.171.86 - - [07/Feb/2018:09:42:10 +0100] "GET /loadthumbnail.php?id=11181233&width=113 HTTP/1.1" 200 1353 "http://renault.activities.at/10260282?dir=DESC&mode=grid&order=name&limit=15&page=4" "Mozilla/5.0 (Windows NT 10.0; WOW64; Trident/7.0; rv:11.0) like Gecko"
80.121.171.86 - - [07/Feb/2018:09:42:10 +0100] "GET /loadthumbnail.php?id=11181230&width=113 HTTP/1.1" 200 1353 "http://renault.activities.at/10260282?dir=DESC&mode=grid&order=name&limit=15&page=4" "Mozilla/5.0 (Windows NT 10.0; WOW64; Trident/7.0; rv:11.0) like Gecko"
80.121.171.86 - - [07/Feb/2018:09:42:10 +0100] "GET /loadthumbnail.php?id=11181209&width=113 HTTP/1.1" 200 1879 "http://renault.activities.at/10260282?dir=DESC&mode=grid&order=name&limit=15&page=4" "Mozilla/5.0 (Windows NT 10.0; WOW64; Trident/7.0; rv:11.0) like Gecko"
80.121.171.86 - - [07/Feb/2018:09:42:10 +0100] "GET /loadthumbnail.php?id=11181211&width=113 HTTP/1.1" 200 1879 "http://renault.activities.at/10260282?dir=DESC&mode=grid&order=name&limit=15&page=4" "Mozilla/5.0 (Windows NT 10.0; WOW64; Trident/7.0; rv:11.0) like Gecko"
80.121.171.86 - - [07/Feb/2018:09:42:10 +0100] "GET /loadthumbnail.php?id=11308365&width=113 HTTP/1.1" 200 1939 "http://renault.activities.at/10260282?dir=DESC&mode=grid&order=name&limit=15&page=4" "Mozilla/5.0 (Windows NT 10.0; WOW64; Trident/7.0; rv:11.0) like Gecko"
80.121.171.86 - - [07/Feb/2018:09:42:10 +0100] "GET /loadthumbnail.php?id=11308366&width=113 HTTP/1.1" 200 1939 "http://renault.activities.at/10260282?dir=DESC&mode=grid&order=name&limit=15&page=4" "Mozilla/5.0 (Windows NT 10.0; WOW64; Trident/7.0; rv:11.0) like Gecko"
80.121.171.86 - - [07/Feb/2018:09:42:10 +0100] "GET /loadthumbnail.php?id=11181219&width=113 HTTP/1.1" 200 2121 "http://renault.activities.at/10260282?dir=DESC&mode=grid&order=name&limit=15&page=4" "Mozilla/5.0 (Windows NT 10.0; WOW64; Trident/7.0; rv:11.0) like Gecko"
80.121.171.86 - - [07/Feb/2018:09:42:10 +0100] "GET /loadthumbnail.php?id=11181213&width=113 HTTP/1.1" 200 2121 "http://renault.activities.at/10260282?dir=DESC&mode=grid&order=name&limit=15&page=4" "Mozilla/5.0 (Windows NT 10.0; WOW64; Trident/7.0; rv:11.0) like Gecko"
80.121.171.86 - - [07/Feb/2018:09:42:10 +0100] "GET /loadthumbnail.php?id=11181223&width=113 HTTP/1.1" 200 1171 "http://renault.activities.at/10260282?dir=DESC&mode=grid&order=name&limit=15&page=4" "Mozilla/5.0 (Windows NT 10.0; WOW64; Trident/7.0; rv:11.0) like Gecko"
80.121.171.86 - - [07/Feb/2018:09:42:10 +0100] "GET /loadthumbnail.php?id=11194713&width=113 HTTP/1.1" 200 1171 "http://renault.activities.at/10260282?dir=DESC&mode=grid&order=name&limit=15&page=4" "Mozilla/5.0 (Windows NT 10.0; WOW64; Trident/7.0; rv:11.0) like Gecko"
80.121.171.86 - - [07/Feb/2018:09:42:10 +0100] "GET /loadthumbnail.php?id=11181221&width=113 HTTP/1.1" 200 1171 "http://renault.activities.at/10260282?dir=DESC&mode=grid&order=name&limit=15&page=4" "Mozilla/5.0 (Windows NT 10.0; WOW64; Trident/7.0; rv:11.0) like Gecko"
80.121.171.86 - - [07/Feb/2018:09:42:24 +0100] "GET /10260282?dir=DESC&mode=grid&order=name&limit=15&page=6 HTTP/1.1" 200 8891 "http://renault.activities.at/10260282?dir=DESC&mode=grid&order=name&limit=15&page=4" "Mozilla/5.0 (Windows NT 10.0; WOW64; Trident/7.0; rv:11.0) like Gecko"
80.121.171.86 - - [07/Feb/2018:09:42:27 +0100] "GET /loadthumbnail.php?id=11555219&width=113 HTTP/1.1" 200 2237 "http://renault.activities.at/10260282?dir=DESC&mode=grid&order=name&limit=15&page=6" "Mozilla/5.0 (Windows NT 10.0; WOW64; Trident/7.0; rv:11.0) like Gecko"
80.121.171.86 - - [07/Feb/2018:09:42:27 +0100] "GET /loadthumbnail.php?id=11555218&width=113 HTTP/1.1" 200 2237 "http://renault.activities.at/10260282?dir=DESC&mode=grid&order=name&limit=15&page=6" "Mozilla/5.0 (Windows NT 10.0; WOW64; Trident/7.0; rv:11.0) like Gecko"
193.194.132.75 - - [07/Feb/2018:09:42:42 +0100] "GET /reload?ser=1517992962221 HTTP/1.1" 200 28 "http://renault.2web.at/account?loadrequest=true" "Mozilla/5.0 (Windows NT 6.1; WOW64; Trident/7.0; rv:11.0) like Gecko"
80.121.171.86 - - [07/Feb/2018:09:42:43 +0100] "POST /axjaxrequest?mode=suggest HTTP/1.1" 200 111 "http://renault.activities.at/10260282?dir=DESC&mode=grid&order=name&limit=15&page=6" "Mozilla/5.0 (Windows NT 10.0; WOW64; Trident/7.0; rv:11.0) like Gecko"
80.122.133.118 - - [07/Feb/2018:09:42:46 +0100] "GET / HTTP/1.1" 200 3899 "-" "Mozilla/5.0 (Windows NT 6.1; Win64; x64; rv:58.0) Gecko/20100101 Firefox/58.0"
80.122.133.118 - - [07/Feb/2018:09:42:47 +0100] "GET /js/default.js HTTP/1.1" 200 14698 "http://renault.activities.at/" "Mozilla/5.0 (Windows NT 6.1; Win64; x64; rv:58.0) Gecko/20100101 Firefox/58.0"
80.122.133.118 - - [07/Feb/2018:09:42:47 +0100] "GET /js/flashdetection.js HTTP/1.1" 200 1059 "http://renault.activities.at/" "Mozilla/5.0 (Windows NT 6.1; Win64; x64; rv:58.0) Gecko/20100101 Firefox/58.0"
80.122.133.118 - - [07/Feb/2018:09:42:47 +0100] "GET /css/reset.css HTTP/1.1" 200 1356 "http://renault.activities.at/" "Mozilla/5.0 (Windows NT 6.1; Win64; x64; rv:58.0) Gecko/20100101 Firefox/58.0"
80.122.133.118 - - [07/Feb/2018:09:42:47 +0100] "GET /css/clears.css HTTP/1.1" 200 851 "http://renault.activities.at/" "Mozilla/5.0 (Windows NT 6.1; Win64; x64; rv:58.0) Gecko/20100101 Firefox/58.0"
80.122.133.118 - - [07/Feb/2018:09:42:47 +0100] "GET /css/styles.css HTTP/1.1" 200 14664 "http://renault.activities.at/" "Mozilla/5.0 (Windows NT 6.1; Win64; x64; rv:58.0) Gecko/20100101 Firefox/58.0"
80.122.133.118 - - [07/Feb/2018:09:42:47 +0100] "GET /css/print.css HTTP/1.1" 200 543 "http://renault.activities.at/" "Mozilla/5.0 (Windows NT 6.1; Win64; x64; rv:58.0) Gecko/20100101 Firefox/58.0"
80.122.133.118 - - [07/Feb/2018:09:42:47 +0100] "GET /js/checkout.css HTTP/1.1" 200 359 "http://renault.activities.at/" "Mozilla/5.0 (Windows NT 6.1; Win64; x64; rv:58.0) Gecko/20100101 Firefox/58.0"
80.122.133.118 - - [07/Feb/2018:09:42:47 +0100] "GET /css/prototip.css HTTP/1.1" 200 968 "http://renault.activities.at/" "Mozilla/5.0 (Windows NT 6.1; Win64; x64; rv:58.0) Gecko/20100101 Firefox/58.0"
80.122.133.118 - - [07/Feb/2018:09:42:47 +0100] "GET /css/themes/default.css HTTP/1.1" 200 769 "http://renault.activities.at/" "Mozilla/5.0 (Windows NT 6.1; Win64; x64; rv:58.0) Gecko/20100101 Firefox/58.0"
80.122.133.118 - - [07/Feb/2018:09:42:47 +0100] "GET /css/themes/alphacube.css HTTP/1.1" 200 743 "http://renault.activities.at/" "Mozilla/5.0 (Windows NT 6.1; Win64; x64; rv:58.0) Gecko/20100101 Firefox/58.0"
80.122.133.118 - - [07/Feb/2018:09:42:47 +0100] "GET /js/index.php?c=auto&f=,prototype/prototype.js,prototype/validation.js,scriptaculous/builder.js,scriptaculous/effects.js,scriptaculous/dragdrop.js,scriptaculous/controls.js,scriptaculous/slider.js,varien/js.js,varien/form.js,varien/menu.js,mage/translate.js,mage/cookies.js,varien/product.js,spinner/SpinnerControl.jsmin.js,prototype/window.js,prototype/window_ext.js HTTP/1.1" 200 94182 "http://renault.activities.at/" "Mozilla/5.0 (Windows NT 6.1; Win64; x64; rv:58.0) Gecko/20100101 Firefox/58.0"
80.122.133.118 - - [07/Feb/2018:09:42:47 +0100] "GET /images/main_block_border.gif HTTP/1.1" 200 43 "http://renault.activities.at/css/styles.css" "Mozilla/5.0 (Windows NT 6.1; Win64; x64; rv:58.0) Gecko/20100101 Firefox/58.0"
80.122.133.118 - - [07/Feb/2018:09:42:48 +0100] "GET /images/main_block_corner_left_bot.gif HTTP/1.1" 200 159 "http://renault.activities.at/css/styles.css" "Mozilla/5.0 (Windows NT 6.1; Win64; x64; rv:58.0) Gecko/20100101 Firefox/58.0"
80.122.133.118 - - [07/Feb/2018:09:42:48 +0100] "GET /images/main_block_corner_right_bot.gif HTTP/1.1" 200 158 "http://renault.activities.at/css/styles.css" "Mozilla/5.0 (Windows NT 6.1; Win64; x64; rv:58.0) Gecko/20100101 Firefox/58.0"
80.122.133.118 - - [07/Feb/2018:09:42:48 +0100] "GET /images/header_block_border.gif HTTP/1.1" 200 43 "http://renault.activities.at/css/styles.css" "Mozilla/5.0 (Windows NT 6.1; Win64; x64; rv:58.0) Gecko/20100101 Firefox/58.0"
80.122.133.118 - - [07/Feb/2018:09:42:48 +0100] "GET /images/header_block_corner_left_top.gif HTTP/1.1" 200 160 "http://renault.activities.at/css/styles.css" "Mozilla/5.0 (Windows NT 6.1; Win64; x64; rv:58.0) Gecko/20100101 Firefox/58.0"
80.122.133.118 - - [07/Feb/2018:09:42:48 +0100] "GET /images/header_block_corner_right_top.gif HTTP/1.1" 200 160 "http://renault.activities.at/css/styles.css" "Mozilla/5.0 (Windows NT 6.1; Win64; x64; rv:58.0) Gecko/20100101 Firefox/58.0"
80.122.133.118 - - [07/Feb/2018:09:42:48 +0100] "GET /images/main_block_corner_left_top.gif HTTP/1.1" 200 159 "http://renault.activities.at/css/styles.css" "Mozilla/5.0 (Windows NT 6.1; Win64; x64; rv:58.0) Gecko/20100101 Firefox/58.0"
80.122.133.118 - - [07/Feb/2018:09:42:48 +0100] "GET /images/main_block_corner_right_top.gif HTTP/1.1" 200 159 "http://renault.activities.at/css/styles.css" "Mozilla/5.0 (Windows NT 6.1; Win64; x64; rv:58.0) Gecko/20100101 Firefox/58.0"
80.122.133.118 - - [07/Feb/2018:09:42:48 +0100] "GET /images/title_border.jpg HTTP/1.1" 200 304 "http://renault.activities.at/css/styles.css" "Mozilla/5.0 (Windows NT 6.1; Win64; x64; rv:58.0) Gecko/20100101 Firefox/58.0"
80.122.133.118 - - [07/Feb/2018:09:42:48 +0100] "GET /images/title_border_top.jpg HTTP/1.1" 200 336 "http://renault.activities.at/css/styles.css" "Mozilla/5.0 (Windows NT 6.1; Win64; x64; rv:58.0) Gecko/20100101 Firefox/58.0"
80.122.133.118 - - [07/Feb/2018:09:42:48 +0100] "GET /images/title_corner_left_top.jpg HTTP/1.1" 200 372 "http://renault.activities.at/css/styles.css" "Mozilla/5.0 (Windows NT 6.1; Win64; x64; rv:58.0) Gecko/20100101 Firefox/58.0"
80.122.133.118 - - [07/Feb/2018:09:42:48 +0100] "GET /images/title_corner_right_top.jpg HTTP/1.1" 200 389 "http://renault.activities.at/css/styles.css" "Mozilla/5.0 (Windows NT 6.1; Win64; x64; rv:58.0) Gecko/20100101 Firefox/58.0"
80.122.133.118 - - [07/Feb/2018:09:42:48 +0100] "GET /loadthumbnail.php?id=11127982 HTTP/1.1" 200 399614 "http://renault.activities.at/" "Mozilla/5.0 (Windows NT 6.1; Win64; x64; rv:58.0) Gecko/20100101 Firefox/58.0"
80.121.171.86 - - [07/Feb/2018:09:42:47 +0100] "GET /result?searchterm=true&search=Duster HTTP/1.1" 200 8126 "http://renault.activities.at/10260282?dir=DESC&mode=grid&order=name&limit=15&page=6" "Mozilla/5.0 (Windows NT 10.0; WOW64; Trident/7.0; rv:11.0) like Gecko"
80.122.133.118 - - [07/Feb/2018:09:42:53 +0100] "GET /reload?ser=1517992978817 HTTP/1.1" 200 28 "http://renault.activities.at/10260273?dir=DESC&mode=grid&order=name&limit=15&page=2" "Mozilla/5.0 (Windows NT 6.1; Win64; x64; rv:58.0) Gecko/20100101 Firefox/58.0"
80.122.133.118 - - [07/Feb/2018:09:43:04 +0100] "POST /10260273?dir=DESC&mode=grid&order=name&limit=15&page=2 HTTP/1.1" 200 8875 "http://renault.activities.at/10260273?dir=DESC&mode=grid&order=name&limit=15&page=2" "Mozilla/5.0 (Windows NT 6.1; Win64; x64; rv:58.0) Gecko/20100101 Firefox/58.0"
80.121.171.86 - - [07/Feb/2018:09:43:14 +0100] "POST /result?searchterm=true&search=Duster HTTP/1.1" 200 8306 "http://renault.activities.at/result?searchterm=true&search=Duster" "Mozilla/5.0 (Windows NT 10.0; WOW64; Trident/7.0; rv:11.0) like Gecko"
80.121.171.86 - - [07/Feb/2018:09:43:17 +0100] "GET /images/success_msg_icon.gif HTTP/1.1" 200 1024 "http://renault.activities.at/result?searchterm=true&search=Duster" "Mozilla/5.0 (Windows NT 10.0; WOW64; Trident/7.0; rv:11.0) like Gecko"
80.121.171.86 - - [07/Feb/2018:09:43:23 +0100] "POST /result?searchterm=true&search=Duster HTTP/1.1" 200 8308 "http://renault.activities.at/result?searchterm=true&search=Duster" "Mozilla/5.0 (Windows NT 10.0; WOW64; Trident/7.0; rv:11.0) like Gecko"
80.122.133.118 - - [07/Feb/2018:09:43:26 +0100] "GET /10260273?dir=DESC&mode=grid&order=name&limit=15&page=3 HTTP/1.1" 200 6941 "http://renault.activities.at/10260273?dir=DESC&mode=grid&order=name&limit=15&page=2" "Mozilla/5.0 (Windows NT 6.1; Win64; x64; rv:58.0) Gecko/20100101 Firefox/58.0"
80.122.133.118 - - [07/Feb/2018:09:43:28 +0100] "GET /loadthumbnail.php?id=11524069&width=113 HTTP/1.1" 200 3002 "http://renault.activities.at/10260273?dir=DESC&mode=grid&order=name&limit=15&page=3" "Mozilla/5.0 (Windows NT 6.1; Win64; x64; rv:58.0) Gecko/20100101 Firefox/58.0"
80.122.133.118 - - [07/Feb/2018:09:43:29 +0100] "GET /loadthumbnail.php?id=11361002&width=113 HTTP/1.1" 200 2857 "http://renault.activities.at/10260273?dir=DESC&mode=grid&order=name&limit=15&page=3" "Mozilla/5.0 (Windows NT 6.1; Win64; x64; rv:58.0) Gecko/20100101 Firefox/58.0"
80.122.133.118 - - [07/Feb/2018:09:43:29 +0100] "GET /loadthumbnail.php?id=11534323&width=113 HTTP/1.1" 200 2945 "http://renault.activities.at/10260273?dir=DESC&mode=grid&order=name&limit=15&page=3" "Mozilla/5.0 (Windows NT 6.1; Win64; x64; rv:58.0) Gecko/20100101 Firefox/58.0"
80.122.133.118 - - [07/Feb/2018:09:43:29 +0100] "GET /loadthumbnail.php?id=11643691&width=113 HTTP/1.1" 200 3164 "http://renault.activities.at/10260273?dir=DESC&mode=grid&order=name&limit=15&page=3" "Mozilla/5.0 (Windows NT 6.1; Win64; x64; rv:58.0) Gecko/20100101 Firefox/58.0"
80.122.133.118 - - [07/Feb/2018:09:43:29 +0100] "GET /loadthumbnail.php?id=11524355&width=113 HTTP/1.1" 200 2757 "http://renault.activities.at/10260273?dir=DESC&mode=grid&order=name&limit=15&page=3" "Mozilla/5.0 (Windows NT 6.1; Win64; x64; rv:58.0) Gecko/20100101 Firefox/58.0"
80.122.133.118 - - [07/Feb/2018:09:43:29 +0100] "GET /loadthumbnail.php?id=11524431&width=113 HTTP/1.1" 200 2743 "http://renault.activities.at/10260273?dir=DESC&mode=grid&order=name&limit=15&page=3" "Mozilla/5.0 (Windows NT 6.1; Win64; x64; rv:58.0) Gecko/20100101 Firefox/58.0"
80.121.171.86 - - [07/Feb/2018:09:43:38 +0100] "GET /action HTTP/1.1" 200 3920 "http://renault.activities.at/result?searchterm=true&search=Duster" "Mozilla/5.0 (Windows NT 10.0; WOW64; Trident/7.0; rv:11.0) like Gecko"
80.122.133.118 - - [07/Feb/2018:09:43:38 +0100] "GET /10260273?dir=DESC&mode=grid&order=name&limit=15&page=1 HTTP/1.1" 200 8807 "http://renault.activities.at/10260273?dir=DESC&mode=grid&order=name&limit=15&page=3" "Mozilla/5.0 (Windows NT 6.1; Win64; x64; rv:58.0) Gecko/20100101 Firefox/58.0"
193.194.132.75 - - [07/Feb/2018:09:43:43 +0100] "GET /reload?ser=1517993023392 HTTP/1.1" 200 28 "http://renault.2web.at/account?loadrequest=true" "Mozilla/5.0 (Windows NT 6.1; WOW64; Trident/7.0; rv:11.0) like Gecko"
80.122.133.118 - - [07/Feb/2018:09:43:52 +0100] "GET /10260273?dir=DESC&mode=grid&order=name&limit=15&page=2 HTTP/1.1" 200 8765 "http://renault.activities.at/10260273?dir=DESC&mode=grid&order=name&limit=15&page=1" "Mozilla/5.0 (Windows NT 6.1; Win64; x64; rv:58.0) Gecko/20100101 Firefox/58.0"
80.121.171.86 - - [07/Feb/2018:09:44:00 +0100] "GET /10260003 HTTP/1.1" 200 9333 "http://renault.activities.at/action" "Mozilla/5.0 (Windows NT 10.0; WOW64; Trident/7.0; rv:11.0) like Gecko"
80.121.171.86 - - [07/Feb/2018:09:44:03 +0100] "GET /loadthumbnail.php?id=11075492&width=113 HTTP/1.1" 200 2349 "http://renault.activities.at/10260003" "Mozilla/5.0 (Windows NT 10.0; WOW64; Trident/7.0; rv:11.0) like Gecko"
80.121.171.86 - - [07/Feb/2018:09:44:03 +0100] "GET /loadthumbnail.php?id=11075482&width=113 HTTP/1.1" 200 2349 "http://renault.activities.at/10260003" "Mozilla/5.0 (Windows NT 10.0; WOW64; Trident/7.0; rv:11.0) like Gecko"
80.121.171.86 - - [07/Feb/2018:09:44:03 +0100] "GET /loadthumbnail.php?id=11108158&width=113 HTTP/1.1" 200 1545 "http://renault.activities.at/10260003" "Mozilla/5.0 (Windows NT 10.0; WOW64; Trident/7.0; rv:11.0) like Gecko"
80.122.133.118 - - [07/Feb/2018:09:44:17 +0100] "POST /10260273?dir=DESC&mode=grid&order=name&limit=15&page=2 HTTP/1.1" 200 8878 "http://renault.activities.at/10260273?dir=DESC&mode=grid&order=name&limit=15&page=2" "Mozilla/5.0 (Windows NT 6.1; Win64; x64; rv:58.0) Gecko/20100101 Firefox/58.0"
80.121.171.86 - - [07/Feb/2018:09:44:29 +0100] "GET /10201442 HTTP/1.1" 200 8905 "http://renault.activities.at/10260003" "Mozilla/5.0 (Windows NT 10.0; WOW64; Trident/7.0; rv:11.0) like Gecko"
80.122.133.118 - - [07/Feb/2018:09:44:35 +0100] "GET /10260273?dir=DESC&mode=grid&order=name&limit=15&page=1 HTTP/1.1" 200 8806 "http://renault.activities.at/10260273?dir=DESC&mode=grid&order=name&limit=15&page=2" "Mozilla/5.0 (Windows NT 6.1; Win64; x64; rv:58.0) Gecko/20100101 Firefox/58.0"
193.194.132.75 - - [07/Feb/2018:09:44:44 +0100] "GET /reload?ser=1517993084516 HTTP/1.1" 200 28 "http://renault.2web.at/account?loadrequest=true" "Mozilla/5.0 (Windows NT 6.1; WOW64; Trident/7.0; rv:11.0) like Gecko"
80.122.133.118 - - [07/Feb/2018:09:44:50 +0100] "GET /10260273?dir=DESC&mode=grid&order=name&limit=15&page=2 HTTP/1.1" 200 8764 "http://renault.activities.at/10260273?dir=DESC&mode=grid&order=name&limit=15&page=1" "Mozilla/5.0 (Windows NT 6.1; Win64; x64; rv:58.0) Gecko/20100101 Firefox/58.0"
80.122.133.118 - - [07/Feb/2018:09:45:05 +0100] "GET /10260273?dir=DESC&mode=grid&order=name&limit=15&page=3 HTTP/1.1" 200 6941 "http://renault.activities.at/10260273?dir=DESC&mode=grid&order=name&limit=15&page=2" "Mozilla/5.0 (Windows NT 6.1; Win64; x64; rv:58.0) Gecko/20100101 Firefox/58.0"
80.122.133.118 - - [07/Feb/2018:09:45:14 +0100] "POST /10260273?dir=DESC&mode=grid&order=name&limit=15&page=3 HTTP/1.1" 200 7051 "http://renault.activities.at/10260273?dir=DESC&mode=grid&order=name&limit=15&page=3" "Mozilla/5.0 (Windows NT 6.1; Win64; x64; rv:58.0) Gecko/20100101 Firefox/58.0"
80.122.133.118 - - [07/Feb/2018:09:45:23 +0100] "GET /cart HTTP/1.1" 200 5668 "http://renault.activities.at/10260273?dir=DESC&mode=grid&order=name&limit=15&page=3" "Mozilla/5.0 (Windows NT 6.1; Win64; x64; rv:58.0) Gecko/20100101 Firefox/58.0"
80.122.133.118 - - [07/Feb/2018:09:45:26 +0100] "GET /loadthumbnail.php?id=11711045&width=100 HTTP/1.1" 200 2495 "http://renault.activities.at/cart" "Mozilla/5.0 (Windows NT 6.1; Win64; x64; rv:58.0) Gecko/20100101 Firefox/58.0"
80.122.133.118 - - [07/Feb/2018:09:45:26 +0100] "GET /loadthumbnail.php?id=11423557&width=100 HTTP/1.1" 200 2383 "http://renault.activities.at/cart" "Mozilla/5.0 (Windows NT 6.1; Win64; x64; rv:58.0) Gecko/20100101 Firefox/58.0"
80.122.133.118 - - [07/Feb/2018:09:45:26 +0100] "GET /loadthumbnail.php?id=11523900&width=100 HTTP/1.1" 200 2644 "http://renault.activities.at/cart" "Mozilla/5.0 (Windows NT 6.1; Win64; x64; rv:58.0) Gecko/20100101 Firefox/58.0"
80.122.133.118 - - [07/Feb/2018:09:45:26 +0100] "GET /loadthumbnail.php?id=11524355&width=100 HTTP/1.1" 200 2311 "http://renault.activities.at/cart" "Mozilla/5.0 (Windows NT 6.1; Win64; x64; rv:58.0) Gecko/20100101 Firefox/58.0"
80.122.133.118 - - [07/Feb/2018:09:45:26 +0100] "GET /loadthumbnail.php?id=10232009&width=16&height=16 HTTP/1.1" 200 700 "http://renault.activities.at/cart" "Mozilla/5.0 (Windows NT 6.1; Win64; x64; rv:58.0) Gecko/20100101 Firefox/58.0"
80.122.133.118 - - [07/Feb/2018:09:45:26 +0100] "GET /loadthumbnail.php?id=11553667&width=100 HTTP/1.1" 200 2651 "http://renault.activities.at/cart" "Mozilla/5.0 (Windows NT 6.1; Win64; x64; rv:58.0) Gecko/20100101 Firefox/58.0"
193.194.132.75 - - [07/Feb/2018:09:45:45 +0100] "GET /reload?ser=1517993145621 HTTP/1.1" 200 28 "http://renault.2web.at/account?loadrequest=true" "Mozilla/5.0 (Windows NT 6.1; WOW64; Trident/7.0; rv:11.0) like Gecko"
80.122.133.118 - - [07/Feb/2018:09:45:50 +0100] "POST /cart HTTP/1.1" 200 5723 "http://renault.activities.at/cart" "Mozilla/5.0 (Windows NT 6.1; Win64; x64; rv:58.0) Gecko/20100101 Firefox/58.0"
80.122.133.118 - - [07/Feb/2018:09:45:58 +0100] "GET /checkout HTTP/1.1" 200 10248 "http://renault.activities.at/cart" "Mozilla/5.0 (Windows NT 6.1; Win64; x64; rv:58.0) Gecko/20100101 Firefox/58.0"
80.122.133.118 - - [07/Feb/2018:09:46:02 +0100] "GET /js/checkout2.js HTTP/1.1" 304 - "http://renault.activities.at/checkout" "Mozilla/5.0 (Windows NT 6.1; Win64; x64; rv:58.0) Gecko/20100101 Firefox/58.0"
80.122.133.118 - - [07/Feb/2018:09:46:02 +0100] "GET /images/ajax_loading.gif HTTP/1.1" 304 - "http://renault.activities.at/checkout" "Mozilla/5.0 (Windows NT 6.1; Win64; x64; rv:58.0) Gecko/20100101 Firefox/58.0"
80.122.133.118 - - [07/Feb/2018:09:46:02 +0100] "GET /images/step_bg.jpg HTTP/1.1" 304 - "http://renault.activities.at/css/styles.css" "Mozilla/5.0 (Windows NT 6.1; Win64; x64; rv:58.0) Gecko/20100101 Firefox/58.0"
80.122.133.118 - - [07/Feb/2018:09:46:02 +0100] "GET /images/step_marker.gif HTTP/1.1" 304 - "http://renault.activities.at/css/styles.css" "Mozilla/5.0 (Windows NT 6.1; Win64; x64; rv:58.0) Gecko/20100101 Firefox/58.0"
80.122.133.118 - - [07/Feb/2018:09:46:02 +0100] "GET /images/checkout_border_top.gif HTTP/1.1" 304 - "http://renault.activities.at/css/styles.css" "Mozilla/5.0 (Windows NT 6.1; Win64; x64; rv:58.0) Gecko/20100101 Firefox/58.0"
80.122.133.118 - - [07/Feb/2018:09:46:02 +0100] "GET /images/checkout_border.gif HTTP/1.1" 304 - "http://renault.activities.at/css/styles.css" "Mozilla/5.0 (Windows NT 6.1; Win64; x64; rv:58.0) Gecko/20100101 Firefox/58.0"
80.122.133.118 - - [07/Feb/2018:09:46:02 +0100] "GET /loadthumbnail.php?id=10201939 HTTP/1.1" 200 201 "http://renault.activities.at/checkout" "Mozilla/5.0 (Windows NT 6.1; Win64; x64; rv:58.0) Gecko/20100101 Firefox/58.0"
80.122.133.118 - - [07/Feb/2018:09:46:02 +0100] "GET /loadthumbnail.php?id=10202698 HTTP/1.1" 200 16686 "http://renault.activities.at/checkout" "Mozilla/5.0 (Windows NT 6.1; Win64; x64; rv:58.0) Gecko/20100101 Firefox/58.0"
80.122.133.118 - - [07/Feb/2018:09:46:06 +0100] "POST /docheckout HTTP/1.1" 200 436 "http://renault.activities.at/checkout" "Mozilla/5.0 (Windows NT 6.1; Win64; x64; rv:58.0) Gecko/20100101 Firefox/58.0"
80.122.133.118 - - [07/Feb/2018:09:46:10 +0100] "POST /docheckout HTTP/1.1" 200 753 "http://renault.activities.at/checkout" "Mozilla/5.0 (Windows NT 6.1; Win64; x64; rv:58.0) Gecko/20100101 Firefox/58.0"
80.122.133.118 - - [07/Feb/2018:09:46:12 +0100] "GET /images/error_msg_icon.gif HTTP/1.1" 304 - "http://renault.activities.at/checkout" "Mozilla/5.0 (Windows NT 6.1; Win64; x64; rv:58.0) Gecko/20100101 Firefox/58.0"
80.122.133.118 - - [07/Feb/2018:09:46:19 +0100] "POST /docheckout HTTP/1.1" 200 68 "http://renault.activities.at/checkout" "Mozilla/5.0 (Windows NT 6.1; Win64; x64; rv:58.0) Gecko/20100101 Firefox/58.0"
80.122.133.118 - - [07/Feb/2018:09:46:21 +0100] "GET /success HTTP/1.1" 200 3786 "http://renault.activities.at/checkout" "Mozilla/5.0 (Windows NT 6.1; Win64; x64; rv:58.0) Gecko/20100101 Firefox/58.0"
80.122.133.118 - - [07/Feb/2018:09:46:31 +0100] "GET / HTTP/1.1" 200 6944 "http://renault.activities.at/success" "Mozilla/5.0 (Windows NT 6.1; Win64; x64; rv:58.0) Gecko/20100101 Firefox/58.0"
80.122.133.118 - - [07/Feb/2018:09:46:33 +0100] "GET /loadthumbnail.php?id=11711045&width=50&height=50 HTTP/1.1" 200 1132 "http://renault.activities.at/" "Mozilla/5.0 (Windows NT 6.1; Win64; x64; rv:58.0) Gecko/20100101 Firefox/58.0"
80.122.133.118 - - [07/Feb/2018:09:46:33 +0100] "GET /loadthumbnail.php?id=11423557&width=50&height=50 HTTP/1.1" 200 1235 "http://renault.activities.at/" "Mozilla/5.0 (Windows NT 6.1; Win64; x64; rv:58.0) Gecko/20100101 Firefox/58.0"
80.122.133.118 - - [07/Feb/2018:09:46:33 +0100] "GET /loadthumbnail.php?id=11523900&width=50&height=50 HTTP/1.1" 200 1306 "http://renault.activities.at/" "Mozilla/5.0 (Windows NT 6.1; Win64; x64; rv:58.0) Gecko/20100101 Firefox/58.0"
80.122.133.118 - - [07/Feb/2018:09:46:33 +0100] "GET /loadthumbnail.php?id=11524355&width=50&height=50 HTTP/1.1" 200 1188 "http://renault.activities.at/" "Mozilla/5.0 (Windows NT 6.1; Win64; x64; rv:58.0) Gecko/20100101 Firefox/58.0"
80.122.133.118 - - [07/Feb/2018:09:46:40 +0100] "GET /logout HTTP/1.1" 302 140 "http://renault.activities.at/" "Mozilla/5.0 (Windows NT 6.1; Win64; x64; rv:58.0) Gecko/20100101 Firefox/58.0"
80.122.133.118 - - [07/Feb/2018:09:46:41 +0100] "GET /logout HTTP/1.1" 200 1583 "http://renault.activities.at/" "Mozilla/5.0 (Windows NT 6.1; Win64; x64; rv:58.0) Gecko/20100101 Firefox/58.0"
