80.123.225.34 - - [08/Feb/2018:11:37:20 +0100] "POST /docheckout HTTP/1.1" 200 68 "http://renault.activities.at/checkout" "Mozilla/5.0 (Windows NT 6.1; WOW64; Trident/7.0; rv:11.0) like Gecko"
80.123.225.34 - - [08/Feb/2018:11:37:22 +0100] "GET /success HTTP/1.1" 200 3788 "http://renault.activities.at/checkout" "Mozilla/5.0 (Windows NT 6.1; WOW64; Trident/7.0; rv:11.0) like Gecko"
80.123.225.34 - - [08/Feb/2018:11:37:28 +0100] "GET /11729311?print=true HTTP/1.1" 200 2065 "-" "Mozilla/5.0 (Windows NT 6.1; WOW64; Trident/7.0; rv:11.0) like Gecko"
212.152.158.195 - - [08/Feb/2018:11:37:48 +0100] "GET /reload?ser=1518086939328 HTTP/1.1" 200 28 "http://renault.activities.at/result?searchterm=true&search=tischaufsteller" "Mozilla/5.0 (Windows NT 6.1; WOW64; Trident/7.0; rv:11.0) like Gecko"
212.186.92.126 - - [08/Feb/2018:11:37:59 +0100] "GET /reload?ser=1518086279155 HTTP/1.1" 200 28 "http://renault.activities.at/success" "Mozilla/5.0 (Windows NT 6.1; WOW64; Trident/7.0; rv:11.0) like Gecko"
193.194.132.78 - - [08/Feb/2018:11:38:02 +0100] "GET /reload?ser=1518086282175 HTTP/1.1" 200 28 "http://renault.2web.at/account?loadrequest=true" "Mozilla/5.0 (Windows NT 6.1; WOW64; Trident/7.0; rv:11.0) like Gecko"
89.16.198.102 - - [08/Feb/2018:11:38:17 +0100] "GET /reload?ser=1518086298818 HTTP/1.1" 200 28 "http://renault.activities.at/" "Mozilla/5.0 (Windows NT 10.0; Win64; x64; rv:58.0) Gecko/20100101 Firefox/58.0"
212.152.158.195 - - [08/Feb/2018:11:38:19 +0100] "GET /null HTTP/1.1" 200 3613 "http://renault.activities.at/result?searchterm=true&search=tischaufsteller" "Mozilla/5.0 (Windows NT 6.1; WOW64; Trident/7.0; rv:11.0) like Gecko"
212.152.158.195 - - [08/Feb/2018:11:38:44 +0100] "GET /11247068?print=true HTTP/1.1" 200 2631 "http://renault.activities.at/result?searchterm=true&search=tischaufsteller" "Mozilla/5.0 (Windows NT 6.1; WOW64; Trident/7.0; rv:11.0) like Gecko"
212.152.158.195 - - [08/Feb/2018:11:38:47 +0100] "GET /loadthumbnail.php?id=11247081&width=250 HTTP/1.1" 200 6293 "http://renault.activities.at/11247068?print=true" "Mozilla/5.0 (Windows NT 6.1; WOW64; Trident/7.0; rv:11.0) like Gecko"
212.152.158.195 - - [08/Feb/2018:11:38:47 +0100] "GET /loadthumbnail.php?id=11247081&width=900&height=900 HTTP/1.1" 200 8329 "http://renault.activities.at/11247068?print=true" "Mozilla/5.0 (Windows NT 6.1; WOW64; Trident/7.0; rv:11.0) like Gecko"
212.152.158.195 - - [08/Feb/2018:11:38:48 +0100] "GET /graphics/zoomin.cur HTTP/1.1" 200 3613 "http://renault.activities.at/11247068?print=true" "Mozilla/5.0 (Windows NT 6.1; WOW64; Trident/7.0; rv:11.0) like Gecko"
212.152.158.195 - - [08/Feb/2018:11:38:49 +0100] "GET /reload?ser=1518087000317 HTTP/1.1" 200 28 "http://renault.activities.at/result?searchterm=true&search=tischaufsteller" "Mozilla/5.0 (Windows NT 6.1; WOW64; Trident/7.0; rv:11.0) like Gecko"
212.186.92.126 - - [08/Feb/2018:11:39:00 +0100] "GET /reload?ser=1518086340164 HTTP/1.1" 200 28 "http://renault.activities.at/success" "Mozilla/5.0 (Windows NT 6.1; WOW64; Trident/7.0; rv:11.0) like Gecko"
193.194.132.78 - - [08/Feb/2018:11:39:04 +0100] "GET /reload?ser=1518086343589 HTTP/1.1" 200 28 "http://renault.2web.at/account?loadrequest=true" "Mozilla/5.0 (Windows NT 6.1; WOW64; Trident/7.0; rv:11.0) like Gecko"
89.16.198.102 - - [08/Feb/2018:11:39:18 +0100] "GET /reload?ser=1518086359489 HTTP/1.1" 200 28 "http://renault.activities.at/" "Mozilla/5.0 (Windows NT 10.0; Win64; x64; rv:58.0) Gecko/20100101 Firefox/58.0"
212.152.158.195 - - [08/Feb/2018:11:39:50 +0100] "GET /reload?ser=1518087061826 HTTP/1.1" 200 28 "http://renault.activities.at/result?searchterm=true&search=tischaufsteller" "Mozilla/5.0 (Windows NT 6.1; WOW64; Trident/7.0; rv:11.0) like Gecko"
212.186.92.126 - - [08/Feb/2018:11:40:01 +0100] "GET /reload?ser=1518086401157 HTTP/1.1" 200 28 "http://renault.activities.at/success" "Mozilla/5.0 (Windows NT 6.1; WOW64; Trident/7.0; rv:11.0) like Gecko"
193.194.132.78 - - [08/Feb/2018:11:40:08 +0100] "GET /reload?ser=1518086405048 HTTP/1.1" 200 28 "http://renault.2web.at/account?loadrequest=true" "Mozilla/5.0 (Windows NT 6.1; WOW64; Trident/7.0; rv:11.0) like Gecko"
89.16.198.102 - - [08/Feb/2018:11:40:18 +0100] "GET /reload?ser=1518086420166 HTTP/1.1" 200 28 "http://renault.activities.at/" "Mozilla/5.0 (Windows NT 10.0; Win64; x64; rv:58.0) Gecko/20100101 Firefox/58.0"
212.186.92.126 - - [08/Feb/2018:11:40:36 +0100] "GET /logout HTTP/1.1" 302 140 "http://renault.activities.at/success" "Mozilla/5.0 (Windows NT 6.1; WOW64; Trident/7.0; rv:11.0) like Gecko"
212.186.92.126 - - [08/Feb/2018:11:40:37 +0100] "GET /logout HTTP/1.1" 200 1583 "http://renault.activities.at/success" "Mozilla/5.0 (Windows NT 6.1; WOW64; Trident/7.0; rv:11.0) like Gecko"
212.186.92.126 - - [08/Feb/2018:11:40:37 +0100] "GET /js/default.js HTTP/1.1" 304 - "http://renault.activities.at/logout" "Mozilla/5.0 (Windows NT 6.1; WOW64; Trident/7.0; rv:11.0) like Gecko"
212.186.92.126 - - [08/Feb/2018:11:40:37 +0100] "GET /css/styles.css HTTP/1.1" 304 - "http://renault.activities.at/logout" "Mozilla/5.0 (Windows NT 6.1; WOW64; Trident/7.0; rv:11.0) like Gecko"
212.186.92.126 - - [08/Feb/2018:11:40:37 +0100] "GET /css/reset.css HTTP/1.1" 304 - "http://renault.activities.at/logout" "Mozilla/5.0 (Windows NT 6.1; WOW64; Trident/7.0; rv:11.0) like Gecko"
212.186.92.126 - - [08/Feb/2018:11:40:37 +0100] "GET /js/checkout.css HTTP/1.1" 304 - "http://renault.activities.at/logout" "Mozilla/5.0 (Windows NT 6.1; WOW64; Trident/7.0; rv:11.0) like Gecko"
212.186.92.126 - - [08/Feb/2018:11:40:37 +0100] "GET /css/clears.css HTTP/1.1" 304 - "http://renault.activities.at/logout" "Mozilla/5.0 (Windows NT 6.1; WOW64; Trident/7.0; rv:11.0) like Gecko"
212.186.92.126 - - [08/Feb/2018:11:40:37 +0100] "GET /css/print.css HTTP/1.1" 304 - "http://renault.activities.at/logout" "Mozilla/5.0 (Windows NT 6.1; WOW64; Trident/7.0; rv:11.0) like Gecko"
212.186.92.126 - - [08/Feb/2018:11:40:38 +0100] "GET /css/prototip.css HTTP/1.1" 304 - "http://renault.activities.at/logout" "Mozilla/5.0 (Windows NT 6.1; WOW64; Trident/7.0; rv:11.0) like Gecko"
212.186.92.126 - - [08/Feb/2018:11:40:38 +0100] "GET /css/themes/alphacube.css HTTP/1.1" 304 - "http://renault.activities.at/logout" "Mozilla/5.0 (Windows NT 6.1; WOW64; Trident/7.0; rv:11.0) like Gecko"
212.186.92.126 - - [08/Feb/2018:11:40:38 +0100] "GET /css/themes/default.css HTTP/1.1" 304 - "http://renault.activities.at/logout" "Mozilla/5.0 (Windows NT 6.1; WOW64; Trident/7.0; rv:11.0) like Gecko"
212.186.92.126 - - [08/Feb/2018:11:40:38 +0100] "GET /images/main_block_corner_right_top.gif HTTP/1.1" 304 - "http://renault.activities.at/logout" "Mozilla/5.0 (Windows NT 6.1; WOW64; Trident/7.0; rv:11.0) like Gecko"
212.186.92.126 - - [08/Feb/2018:11:40:38 +0100] "GET /images/main_block_corner_left_bot.gif HTTP/1.1" 304 - "http://renault.activities.at/logout" "Mozilla/5.0 (Windows NT 6.1; WOW64; Trident/7.0; rv:11.0) like Gecko"
212.186.92.126 - - [08/Feb/2018:11:40:38 +0100] "GET /images/main_block_border.gif HTTP/1.1" 304 - "http://renault.activities.at/logout" "Mozilla/5.0 (Windows NT 6.1; WOW64; Trident/7.0; rv:11.0) like Gecko"
212.186.92.126 - - [08/Feb/2018:11:40:38 +0100] "GET /images/main_block_corner_left_top.gif HTTP/1.1" 304 - "http://renault.activities.at/logout" "Mozilla/5.0 (Windows NT 6.1; WOW64; Trident/7.0; rv:11.0) like Gecko"
212.186.92.126 - - [08/Feb/2018:11:40:38 +0100] "GET /images/main_block_corner_right_bot.gif HTTP/1.1" 304 - "http://renault.activities.at/logout" "Mozilla/5.0 (Windows NT 6.1; WOW64; Trident/7.0; rv:11.0) like Gecko"
212.186.92.126 - - [08/Feb/2018:11:40:38 +0100] "GET /images/header_block_corner_left_top.gif HTTP/1.1" 304 - "http://renault.activities.at/logout" "Mozilla/5.0 (Windows NT 6.1; WOW64; Trident/7.0; rv:11.0) like Gecko"
212.186.92.126 - - [08/Feb/2018:11:40:38 +0100] "GET /images/title_border.jpg HTTP/1.1" 304 - "http://renault.activities.at/logout" "Mozilla/5.0 (Windows NT 6.1; WOW64; Trident/7.0; rv:11.0) like Gecko"
212.186.92.126 - - [08/Feb/2018:11:40:38 +0100] "GET /images/header_block_border.gif HTTP/1.1" 304 - "http://renault.activities.at/logout" "Mozilla/5.0 (Windows NT 6.1; WOW64; Trident/7.0; rv:11.0) like Gecko"
212.186.92.126 - - [08/Feb/2018:11:40:38 +0100] "GET /images/title_corner_right_top.jpg HTTP/1.1" 304 - "http://renault.activities.at/logout" "Mozilla/5.0 (Windows NT 6.1; WOW64; Trident/7.0; rv:11.0) like Gecko"
212.186.92.126 - - [08/Feb/2018:11:40:38 +0100] "GET /images/title_corner_left_top.jpg HTTP/1.1" 304 - "http://renault.activities.at/logout" "Mozilla/5.0 (Windows NT 6.1; WOW64; Trident/7.0; rv:11.0) like Gecko"
212.186.92.126 - - [08/Feb/2018:11:40:38 +0100] "GET /images/title_border_top.jpg HTTP/1.1" 304 - "http://renault.activities.at/logout" "Mozilla/5.0 (Windows NT 6.1; WOW64; Trident/7.0; rv:11.0) like Gecko"
212.186.92.126 - - [08/Feb/2018:11:40:38 +0100] "GET /images/header_block_corner_right_top.gif HTTP/1.1" 304 - "http://renault.activities.at/logout" "Mozilla/5.0 (Windows NT 6.1; WOW64; Trident/7.0; rv:11.0) like Gecko"
212.152.158.195 - - [08/Feb/2018:11:40:51 +0100] "GET /reload?ser=1518087122792 HTTP/1.1" 200 28 "http://renault.activities.at/result?searchterm=true&search=tischaufsteller" "Mozilla/5.0 (Windows NT 6.1; WOW64; Trident/7.0; rv:11.0) like Gecko"
193.194.132.78 - - [08/Feb/2018:11:41:09 +0100] "GET /reload?ser=1518086469118 HTTP/1.1" 200 28 "http://renault.2web.at/account?loadrequest=true" "Mozilla/5.0 (Windows NT 6.1; WOW64; Trident/7.0; rv:11.0) like Gecko"
89.16.198.102 - - [08/Feb/2018:11:41:19 +0100] "GET /reload?ser=1518086480844 HTTP/1.1" 200 28 "http://renault.activities.at/" "Mozilla/5.0 (Windows NT 10.0; Win64; x64; rv:58.0) Gecko/20100101 Firefox/58.0"
212.152.158.195 - - [08/Feb/2018:11:41:52 +0100] "GET /reload?ser=1518087183784 HTTP/1.1" 200 28 "http://renault.activities.at/result?searchterm=true&search=tischaufsteller" "Mozilla/5.0 (Windows NT 6.1; WOW64; Trident/7.0; rv:11.0) like Gecko"
193.194.132.78 - - [08/Feb/2018:11:42:10 +0100] "GET /reload?ser=1518086530298 HTTP/1.1" 200 28 "http://renault.2web.at/account?loadrequest=true" "Mozilla/5.0 (Windows NT 6.1; WOW64; Trident/7.0; rv:11.0) like Gecko"
89.16.198.102 - - [08/Feb/2018:11:42:20 +0100] "GET /reload?ser=1518086541535 HTTP/1.1" 200 28 "http://renault.activities.at/" "Mozilla/5.0 (Windows NT 10.0; Win64; x64; rv:58.0) Gecko/20100101 Firefox/58.0"
212.152.158.195 - - [08/Feb/2018:11:42:53 +0100] "GET /reload?ser=1518087244764 HTTP/1.1" 200 28 "http://renault.activities.at/result?searchterm=true&search=tischaufsteller" "Mozilla/5.0 (Windows NT 6.1; WOW64; Trident/7.0; rv:11.0) like Gecko"
193.194.132.78 - - [08/Feb/2018:11:43:11 +0100] "GET /reload?ser=1518086591368 HTTP/1.1" 200 28 "http://renault.2web.at/account?loadrequest=true" "Mozilla/5.0 (Windows NT 6.1; WOW64; Trident/7.0; rv:11.0) like Gecko"
89.16.198.102 - - [08/Feb/2018:11:43:20 +0100] "GET /reload?ser=1518086602212 HTTP/1.1" 200 28 "http://renault.activities.at/" "Mozilla/5.0 (Windows NT 10.0; Win64; x64; rv:58.0) Gecko/20100101 Firefox/58.0"
212.152.158.195 - - [08/Feb/2018:11:43:54 +0100] "GET /reload?ser=1518087305727 HTTP/1.1" 200 28 "http://renault.activities.at/result?searchterm=true&search=tischaufsteller" "Mozilla/5.0 (Windows NT 6.1; WOW64; Trident/7.0; rv:11.0) like Gecko"
193.194.132.78 - - [08/Feb/2018:11:44:12 +0100] "GET /reload?ser=1518086652499 HTTP/1.1" 200 28 "http://renault.2web.at/account?loadrequest=true" "Mozilla/5.0 (Windows NT 6.1; WOW64; Trident/7.0; rv:11.0) like Gecko"
89.16.198.102 - - [08/Feb/2018:11:44:21 +0100] "GET /reload?ser=1518086662903 HTTP/1.1" 200 28 "http://renault.activities.at/" "Mozilla/5.0 (Windows NT 10.0; Win64; x64; rv:58.0) Gecko/20100101 Firefox/58.0"
212.152.158.195 - - [08/Feb/2018:11:44:55 +0100] "GET /reload?ser=1518087366726 HTTP/1.1" 200 28 "http://renault.activities.at/result?searchterm=true&search=tischaufsteller" "Mozilla/5.0 (Windows NT 6.1; WOW64; Trident/7.0; rv:11.0) like Gecko"
193.194.132.78 - - [08/Feb/2018:11:45:13 +0100] "GET /reload?ser=1518086713619 HTTP/1.1" 200 28 "http://renault.2web.at/account?loadrequest=true" "Mozilla/5.0 (Windows NT 6.1; WOW64; Trident/7.0; rv:11.0) like Gecko"
89.16.198.102 - - [08/Feb/2018:11:45:22 +0100] "GET /reload?ser=1518086723593 HTTP/1.1" 200 28 "http://renault.activities.at/" "Mozilla/5.0 (Windows NT 10.0; Win64; x64; rv:58.0) Gecko/20100101 Firefox/58.0"
212.152.158.195 - - [08/Feb/2018:11:45:27 +0100] "GET /null HTTP/1.1" 200 3613 "http://renault.activities.at/result?searchterm=true&search=tischaufsteller" "Mozilla/5.0 (Windows NT 6.1; WOW64; Trident/7.0; rv:11.0) like Gecko"
212.152.158.195 - - [08/Feb/2018:11:45:56 +0100] "GET /reload?ser=1518087427700 HTTP/1.1" 200 28 "http://renault.activities.at/result?searchterm=true&search=tischaufsteller" "Mozilla/5.0 (Windows NT 6.1; WOW64; Trident/7.0; rv:11.0) like Gecko"
193.194.132.78 - - [08/Feb/2018:11:46:14 +0100] "GET /reload?ser=1518086774680 HTTP/1.1" 200 28 "http://renault.2web.at/account?loadrequest=true" "Mozilla/5.0 (Windows NT 6.1; WOW64; Trident/7.0; rv:11.0) like Gecko"
89.16.198.102 - - [08/Feb/2018:11:46:22 +0100] "GET /reload?ser=1518086784275 HTTP/1.1" 200 28 "http://renault.activities.at/" "Mozilla/5.0 (Windows NT 10.0; Win64; x64; rv:58.0) Gecko/20100101 Firefox/58.0"
212.152.158.195 - - [08/Feb/2018:11:46:57 +0100] "GET /reload?ser=1518087488700 HTTP/1.1" 200 28 "http://renault.activities.at/result?searchterm=true&search=tischaufsteller" "Mozilla/5.0 (Windows NT 6.1; WOW64; Trident/7.0; rv:11.0) like Gecko"
193.194.132.78 - - [08/Feb/2018:11:47:15 +0100] "GET /reload?ser=1518086835838 HTTP/1.1" 200 28 "http://renault.2web.at/account?loadrequest=true" "Mozilla/5.0 (Windows NT 6.1; WOW64; Trident/7.0; rv:11.0) like Gecko"
89.16.198.102 - - [08/Feb/2018:11:47:23 +0100] "GET /reload?ser=1518086844954 HTTP/1.1" 200 28 "http://renault.activities.at/" "Mozilla/5.0 (Windows NT 10.0; Win64; x64; rv:58.0) Gecko/20100101 Firefox/58.0"
212.152.158.195 - - [08/Feb/2018:11:47:58 +0100] "GET /reload?ser=1518087549690 HTTP/1.1" 200 28 "http://renault.activities.at/result?searchterm=true&search=tischaufsteller" "Mozilla/5.0 (Windows NT 6.1; WOW64; Trident/7.0; rv:11.0) like Gecko"
193.194.132.78 - - [08/Feb/2018:11:48:17 +0100] "GET /reload?ser=1518086896884 HTTP/1.1" 200 28 "http://renault.2web.at/account?loadrequest=true" "Mozilla/5.0 (Windows NT 6.1; WOW64; Trident/7.0; rv:11.0) like Gecko"
193.194.132.78 - - [08/Feb/2018:11:48:17 +0100] "GET /result?searchterm=true&search=pos798 HTTP/1.1" 200 8536 "http://renault.2web.at/account?loadrequest=true" "Mozilla/5.0 (Windows NT 6.1; WOW64; Trident/7.0; rv:11.0) like Gecko"
193.194.132.78 - - [08/Feb/2018:11:48:19 +0100] "GET /js/index.php?c=auto&f=,prototype/prototype.js,prototype/validation.js,scriptaculous/builder.js,scriptaculous/effects.js,scriptaculous/dragdrop.js,scriptaculous/controls.js,scriptaculous/slider.js,varien/js.js,varien/form.js,varien/menu.js,mage/translate.js,mage/cookies.js,varien/product.js,spinner/SpinnerControl.jsmin.js,prototype/window.js,prototype/window_ext.js HTTP/1.1" 304 - "http://renault.2web.at/result?searchterm=true&search=pos798" "Mozilla/5.0 (Windows NT 6.1; WOW64; Trident/7.0; rv:11.0) like Gecko"
193.194.132.78 - - [08/Feb/2018:11:48:20 +0100] "GET /images/loading.gif HTTP/1.1" 200 3208 "http://renault.2web.at/result?searchterm=true&search=pos798" "Mozilla/5.0 (Windows NT 6.1; WOW64; Trident/7.0; rv:11.0) like Gecko"
193.194.132.78 - - [08/Feb/2018:11:48:20 +0100] "GET /images/search_bg.gif HTTP/1.1" 304 - "http://renault.2web.at/result?searchterm=true&search=pos798" "Mozilla/5.0 (Windows NT 6.1; WOW64; Trident/7.0; rv:11.0) like Gecko"
193.194.132.78 - - [08/Feb/2018:11:48:20 +0100] "GET /loadthumbnail.php?id=10203255 HTTP/1.1" 200 137 "http://renault.2web.at/result?searchterm=true&search=pos798" "Mozilla/5.0 (Windows NT 6.1; WOW64; Trident/7.0; rv:11.0) like Gecko"
193.194.132.78 - - [08/Feb/2018:11:48:20 +0100] "GET /images/main_block_corner_left_top.gif HTTP/1.1" 304 - "http://renault.2web.at/result?searchterm=true&search=pos798" "Mozilla/5.0 (Windows NT 6.1; WOW64; Trident/7.0; rv:11.0) like Gecko"
193.194.132.78 - - [08/Feb/2018:11:48:20 +0100] "GET /images/header_block_corner_right_top.gif HTTP/1.1" 304 - "http://renault.2web.at/result?searchterm=true&search=pos798" "Mozilla/5.0 (Windows NT 6.1; WOW64; Trident/7.0; rv:11.0) like Gecko"
193.194.132.78 - - [08/Feb/2018:11:48:20 +0100] "GET /images/header_block_corner_left_top.gif HTTP/1.1" 304 - "http://renault.2web.at/result?searchterm=true&search=pos798" "Mozilla/5.0 (Windows NT 6.1; WOW64; Trident/7.0; rv:11.0) like Gecko"
193.194.132.78 - - [08/Feb/2018:11:48:20 +0100] "GET /images/main_block_corner_left_bot.gif HTTP/1.1" 304 - "http://renault.2web.at/result?searchterm=true&search=pos798" "Mozilla/5.0 (Windows NT 6.1; WOW64; Trident/7.0; rv:11.0) like Gecko"
193.194.132.78 - - [08/Feb/2018:11:48:20 +0100] "GET /loadthumbnail.php?id=10203651&width=50&height=50 HTTP/1.1" 200 1234 "http://renault.2web.at/result?searchterm=true&search=pos798" "Mozilla/5.0 (Windows NT 6.1; WOW64; Trident/7.0; rv:11.0) like Gecko"
193.194.132.78 - - [08/Feb/2018:11:48:20 +0100] "GET /images/main_block_border.gif HTTP/1.1" 304 - "http://renault.2web.at/result?searchterm=true&search=pos798" "Mozilla/5.0 (Windows NT 6.1; WOW64; Trident/7.0; rv:11.0) like Gecko"
193.194.132.78 - - [08/Feb/2018:11:48:20 +0100] "GET /images/pager_bg.gif HTTP/1.1" 200 150 "http://renault.2web.at/result?searchterm=true&search=pos798" "Mozilla/5.0 (Windows NT 6.1; WOW64; Trident/7.0; rv:11.0) like Gecko"
193.194.132.78 - - [08/Feb/2018:11:48:20 +0100] "GET /loadthumbnail.php?id=11247081&width=113 HTTP/1.1" 200 2512 "http://renault.2web.at/result?searchterm=true&search=pos798" "Mozilla/5.0 (Windows NT 6.1; WOW64; Trident/7.0; rv:11.0) like Gecko"
193.194.132.78 - - [08/Feb/2018:11:48:20 +0100] "GET /images/vista-up.gif HTTP/1.1" 200 131 "http://renault.2web.at/result?searchterm=true&search=pos798" "Mozilla/5.0 (Windows NT 6.1; WOW64; Trident/7.0; rv:11.0) like Gecko"
193.194.132.78 - - [08/Feb/2018:11:48:20 +0100] "GET /images/button_bg.gif HTTP/1.1" 304 - "http://renault.2web.at/result?searchterm=true&search=pos798" "Mozilla/5.0 (Windows NT 6.1; WOW64; Trident/7.0; rv:11.0) like Gecko"
193.194.132.78 - - [08/Feb/2018:11:48:20 +0100] "GET /images/sidebar_title_border.gif HTTP/1.1" 304 - "http://renault.2web.at/result?searchterm=true&search=pos798" "Mozilla/5.0 (Windows NT 6.1; WOW64; Trident/7.0; rv:11.0) like Gecko"
193.194.132.78 - - [08/Feb/2018:11:48:20 +0100] "GET /images/title_corner_left_top.jpg HTTP/1.1" 304 - "http://renault.2web.at/result?searchterm=true&search=pos798" "Mozilla/5.0 (Windows NT 6.1; WOW64; Trident/7.0; rv:11.0) like Gecko"
193.194.132.78 - - [08/Feb/2018:11:48:20 +0100] "GET /images/title_border_top.jpg HTTP/1.1" 304 - "http://renault.2web.at/result?searchterm=true&search=pos798" "Mozilla/5.0 (Windows NT 6.1; WOW64; Trident/7.0; rv:11.0) like Gecko"
193.194.132.78 - - [08/Feb/2018:11:48:20 +0100] "GET /images/sidebar_title_border_top.gif HTTP/1.1" 304 - "http://renault.2web.at/result?searchterm=true&search=pos798" "Mozilla/5.0 (Windows NT 6.1; WOW64; Trident/7.0; rv:11.0) like Gecko"
193.194.132.78 - - [08/Feb/2018:11:48:20 +0100] "GET /images/nav_divider.gif HTTP/1.1" 304 - "http://renault.2web.at/result?searchterm=true&search=pos798" "Mozilla/5.0 (Windows NT 6.1; WOW64; Trident/7.0; rv:11.0) like Gecko"
193.194.132.78 - - [08/Feb/2018:11:48:20 +0100] "GET /images/sidebar_title_corner_right_top.gif HTTP/1.1" 304 - "http://renault.2web.at/result?searchterm=true&search=pos798" "Mozilla/5.0 (Windows NT 6.1; WOW64; Trident/7.0; rv:11.0) like Gecko"
193.194.132.78 - - [08/Feb/2018:11:48:20 +0100] "GET /images/sidebar_title_corner_left_top.gif HTTP/1.1" 304 - "http://renault.2web.at/result?searchterm=true&search=pos798" "Mozilla/5.0 (Windows NT 6.1; WOW64; Trident/7.0; rv:11.0) like Gecko"
193.194.132.78 - - [08/Feb/2018:11:48:20 +0100] "GET /images/vista-dn.gif HTTP/1.1" 200 128 "http://renault.2web.at/result?searchterm=true&search=pos798" "Mozilla/5.0 (Windows NT 6.1; WOW64; Trident/7.0; rv:11.0) like Gecko"
193.194.132.78 - - [08/Feb/2018:11:48:20 +0100] "GET /images/menu_button_bg.jpg HTTP/1.1" 304 - "http://renault.2web.at/result?searchterm=true&search=pos798" "Mozilla/5.0 (Windows NT 6.1; WOW64; Trident/7.0; rv:11.0) like Gecko"
193.194.132.78 - - [08/Feb/2018:11:48:20 +0100] "GET /images/top_links_divider.gif HTTP/1.1" 304 - "http://renault.2web.at/result?searchterm=true&search=pos798" "Mozilla/5.0 (Windows NT 6.1; WOW64; Trident/7.0; rv:11.0) like Gecko"
193.194.132.78 - - [08/Feb/2018:11:48:20 +0100] "GET /images/menu_divider.gif HTTP/1.1" 304 - "http://renault.2web.at/result?searchterm=true&search=pos798" "Mozilla/5.0 (Windows NT 6.1; WOW64; Trident/7.0; rv:11.0) like Gecko"
193.194.132.78 - - [08/Feb/2018:11:48:20 +0100] "GET /images/validation_advice_bg.gif HTTP/1.1" 304 - "http://renault.2web.at/result?searchterm=true&search=pos798" "Mozilla/5.0 (Windows NT 6.1; WOW64; Trident/7.0; rv:11.0) like Gecko"
193.194.132.78 - - [08/Feb/2018:11:48:20 +0100] "GET /images/footer_divider.gif HTTP/1.1" 304 - "http://renault.2web.at/result?searchterm=true&search=pos798" "Mozilla/5.0 (Windows NT 6.1; WOW64; Trident/7.0; rv:11.0) like Gecko"
193.194.132.78 - - [08/Feb/2018:11:48:20 +0100] "GET /images/header_block_border.gif HTTP/1.1" 304 - "http://renault.2web.at/result?searchterm=true&search=pos798" "Mozilla/5.0 (Windows NT 6.1; WOW64; Trident/7.0; rv:11.0) like Gecko"
193.194.132.78 - - [08/Feb/2018:11:48:17 +0100] "POST /axjaxrequest?mode=suggest HTTP/1.1" 200 111 "http://renault.2web.at/account?loadrequest=true" "Mozilla/5.0 (Windows NT 6.1; WOW64; Trident/7.0; rv:11.0) like Gecko"
193.194.132.78 - - [08/Feb/2018:11:48:20 +0100] "GET /loadthumbnail.php?id=11127982 HTTP/1.1" 200 399614 "http://renault.2web.at/result?searchterm=true&search=pos798" "Mozilla/5.0 (Windows NT 6.1; WOW64; Trident/7.0; rv:11.0) like Gecko"
193.194.132.78 - - [08/Feb/2018:11:48:19 +0100] "POST /axjaxrequest?mode=suggest HTTP/1.1" 200 818 "http://renault.2web.at/account?loadrequest=true" "Mozilla/5.0 (Windows NT 6.1; WOW64; Trident/7.0; rv:11.0) like Gecko"
193.194.132.78 - - [08/Feb/2018:11:48:23 +0100] "GET /images/main_block_corner_right_bot.gif HTTP/1.1" 304 - "http://renault.2web.at/result?searchterm=true&search=pos798" "Mozilla/5.0 (Windows NT 6.1; WOW64; Trident/7.0; rv:11.0) like Gecko"
193.194.132.78 - - [08/Feb/2018:11:48:23 +0100] "GET /images/title_border.jpg HTTP/1.1" 304 - "http://renault.2web.at/result?searchterm=true&search=pos798" "Mozilla/5.0 (Windows NT 6.1; WOW64; Trident/7.0; rv:11.0) like Gecko"
89.16.198.102 - - [08/Feb/2018:11:48:24 +0100] "GET /reload?ser=1518086905655 HTTP/1.1" 200 28 "http://renault.activities.at/" "Mozilla/5.0 (Windows NT 10.0; Win64; x64; rv:58.0) Gecko/20100101 Firefox/58.0"
212.152.158.195 - - [08/Feb/2018:11:48:59 +0100] "GET /reload?ser=1518087610659 HTTP/1.1" 200 28 "http://renault.activities.at/result?searchterm=true&search=tischaufsteller" "Mozilla/5.0 (Windows NT 6.1; WOW64; Trident/7.0; rv:11.0) like Gecko"
193.194.132.78 - - [08/Feb/2018:11:49:23 +0100] "GET /reload?ser=1518086963360 HTTP/1.1" 200 28 "http://renault.2web.at/result?searchterm=true&search=pos798" "Mozilla/5.0 (Windows NT 6.1; WOW64; Trident/7.0; rv:11.0) like Gecko"
89.16.198.102 - - [08/Feb/2018:11:49:24 +0100] "GET /reload?ser=1518086966361 HTTP/1.1" 200 28 "http://renault.activities.at/" "Mozilla/5.0 (Windows NT 10.0; Win64; x64; rv:58.0) Gecko/20100101 Firefox/58.0"
212.152.158.195 - - [08/Feb/2018:11:50:00 +0100] "GET /reload?ser=1518087671673 HTTP/1.1" 200 28 "http://renault.activities.at/result?searchterm=true&search=tischaufsteller" "Mozilla/5.0 (Windows NT 6.1; WOW64; Trident/7.0; rv:11.0) like Gecko"
193.194.132.78 - - [08/Feb/2018:11:50:24 +0100] "GET /reload?ser=1518087024508 HTTP/1.1" 200 28 "http://renault.2web.at/result?searchterm=true&search=pos798" "Mozilla/5.0 (Windows NT 6.1; WOW64; Trident/7.0; rv:11.0) like Gecko"
89.16.198.102 - - [08/Feb/2018:11:50:25 +0100] "GET /reload?ser=1518087027051 HTTP/1.1" 200 28 "http://renault.activities.at/" "Mozilla/5.0 (Windows NT 10.0; Win64; x64; rv:58.0) Gecko/20100101 Firefox/58.0"
212.152.158.195 - - [08/Feb/2018:11:51:01 +0100] "GET /reload?ser=1518087732636 HTTP/1.1" 200 28 "http://renault.activities.at/result?searchterm=true&search=tischaufsteller" "Mozilla/5.0 (Windows NT 6.1; WOW64; Trident/7.0; rv:11.0) like Gecko"
193.194.132.78 - - [08/Feb/2018:11:51:25 +0100] "GET /reload?ser=1518087085633 HTTP/1.1" 200 28 "http://renault.2web.at/result?searchterm=true&search=pos798" "Mozilla/5.0 (Windows NT 6.1; WOW64; Trident/7.0; rv:11.0) like Gecko"
89.16.198.102 - - [08/Feb/2018:11:51:26 +0100] "GET /reload?ser=1518087087760 HTTP/1.1" 200 28 "http://renault.activities.at/" "Mozilla/5.0 (Windows NT 10.0; Win64; x64; rv:58.0) Gecko/20100101 Firefox/58.0"
212.152.158.195 - - [08/Feb/2018:11:51:47 +0100] "POST /result?searchterm=true&search=tischaufsteller HTTP/1.1" 200 6469 "http://renault.activities.at/result?searchterm=true&search=tischaufsteller" "Mozilla/5.0 (Windows NT 6.1; WOW64; Trident/7.0; rv:11.0) like Gecko"
212.152.158.195 - - [08/Feb/2018:11:51:53 +0100] "GET /cart HTTP/1.1" 200 5229 "http://renault.activities.at/result?searchterm=true&search=tischaufsteller" "Mozilla/5.0 (Windows NT 6.1; WOW64; Trident/7.0; rv:11.0) like Gecko"
212.152.158.195 - - [08/Feb/2018:11:51:56 +0100] "GET /loadthumbnail.php?id=10232009&width=16&height=16 HTTP/1.1" 200 700 "http://renault.activities.at/cart" "Mozilla/5.0 (Windows NT 6.1; WOW64; Trident/7.0; rv:11.0) like Gecko"
212.152.158.195 - - [08/Feb/2018:11:51:56 +0100] "GET /loadthumbnail.php?id=11090247&width=100 HTTP/1.1" 200 2401 "http://renault.activities.at/cart" "Mozilla/5.0 (Windows NT 6.1; WOW64; Trident/7.0; rv:11.0) like Gecko"
212.152.158.195 - - [08/Feb/2018:11:51:56 +0100] "GET /loadthumbnail.php?id=11247081&width=100 HTTP/1.1" 200 2130 "http://renault.activities.at/cart" "Mozilla/5.0 (Windows NT 6.1; WOW64; Trident/7.0; rv:11.0) like Gecko"
212.152.158.195 - - [08/Feb/2018:11:51:58 +0100] "GET /images/vista-dn-hover.gif HTTP/1.1" 200 127 "http://renault.activities.at/cart" "Mozilla/5.0 (Windows NT 6.1; WOW64; Trident/7.0; rv:11.0) like Gecko"
212.152.158.195 - - [08/Feb/2018:11:52:03 +0100] "POST /cart HTTP/1.1" 200 5131 "http://renault.activities.at/cart" "Mozilla/5.0 (Windows NT 6.1; WOW64; Trident/7.0; rv:11.0) like Gecko"
212.152.158.195 - - [08/Feb/2018:11:52:12 +0100] "GET /checkout HTTP/1.1" 200 19988 "http://renault.activities.at/cart" "Mozilla/5.0 (Windows NT 6.1; WOW64; Trident/7.0; rv:11.0) like Gecko"
212.152.158.195 - - [08/Feb/2018:11:52:17 +0100] "GET /js/checkout2.js HTTP/1.1" 200 4122 "http://renault.activities.at/checkout" "Mozilla/5.0 (Windows NT 6.1; WOW64; Trident/7.0; rv:11.0) like Gecko"
212.152.158.195 - - [08/Feb/2018:11:52:17 +0100] "GET /images/ajax_loading.gif HTTP/1.1" 200 1542 "http://renault.activities.at/checkout" "Mozilla/5.0 (Windows NT 6.1; WOW64; Trident/7.0; rv:11.0) like Gecko"
212.152.158.195 - - [08/Feb/2018:11:52:17 +0100] "GET /loadthumbnail.php?id=10202698 HTTP/1.1" 200 16686 "http://renault.activities.at/checkout" "Mozilla/5.0 (Windows NT 6.1; WOW64; Trident/7.0; rv:11.0) like Gecko"
212.152.158.195 - - [08/Feb/2018:11:52:17 +0100] "GET /loadthumbnail.php?id=10201939 HTTP/1.1" 200 201 "http://renault.activities.at/checkout" "Mozilla/5.0 (Windows NT 6.1; WOW64; Trident/7.0; rv:11.0) like Gecko"
212.152.158.195 - - [08/Feb/2018:11:52:17 +0100] "GET /images/step_marker.gif HTTP/1.1" 200 650 "http://renault.activities.at/checkout" "Mozilla/5.0 (Windows NT 6.1; WOW64; Trident/7.0; rv:11.0) like Gecko"
212.152.158.195 - - [08/Feb/2018:11:52:17 +0100] "GET /images/checkout_border.gif HTTP/1.1" 200 43 "http://renault.activities.at/checkout" "Mozilla/5.0 (Windows NT 6.1; WOW64; Trident/7.0; rv:11.0) like Gecko"
212.152.158.195 - - [08/Feb/2018:11:52:17 +0100] "GET /images/step_bg.jpg HTTP/1.1" 200 319 "http://renault.activities.at/checkout" "Mozilla/5.0 (Windows NT 6.1; WOW64; Trident/7.0; rv:11.0) like Gecko"
212.152.158.195 - - [08/Feb/2018:11:52:17 +0100] "GET /images/checkout_border_top.gif HTTP/1.1" 200 156 "http://renault.activities.at/checkout" "Mozilla/5.0 (Windows NT 6.1; WOW64; Trident/7.0; rv:11.0) like Gecko"
89.16.198.102 - - [08/Feb/2018:11:52:26 +0100] "GET /reload?ser=1518087148437 HTTP/1.1" 200 28 "http://renault.activities.at/" "Mozilla/5.0 (Windows NT 10.0; Win64; x64; rv:58.0) Gecko/20100101 Firefox/58.0"
193.194.132.78 - - [08/Feb/2018:11:52:26 +0100] "GET /reload?ser=1518087146742 HTTP/1.1" 200 28 "http://renault.2web.at/result?searchterm=true&search=pos798" "Mozilla/5.0 (Windows NT 6.1; WOW64; Trident/7.0; rv:11.0) like Gecko"
212.152.158.195 - - [08/Feb/2018:11:53:20 +0100] "GET /reload?ser=1518087871663 HTTP/1.1" 200 28 "http://renault.activities.at/checkout" "Mozilla/5.0 (Windows NT 6.1; WOW64; Trident/7.0; rv:11.0) like Gecko"
89.16.198.102 - - [08/Feb/2018:11:53:27 +0100] "GET /reload?ser=1518087209135 HTTP/1.1" 200 28 "http://renault.activities.at/" "Mozilla/5.0 (Windows NT 10.0; Win64; x64; rv:58.0) Gecko/20100101 Firefox/58.0"
193.194.132.78 - - [08/Feb/2018:11:53:28 +0100] "GET /reload?ser=1518087207915 HTTP/1.1" 200 28 "http://renault.2web.at/result?searchterm=true&search=pos798" "Mozilla/5.0 (Windows NT 6.1; WOW64; Trident/7.0; rv:11.0) like Gecko"
212.152.158.195 - - [08/Feb/2018:11:54:21 +0100] "GET /reload?ser=1518087932654 HTTP/1.1" 200 28 "http://renault.activities.at/checkout" "Mozilla/5.0 (Windows NT 6.1; WOW64; Trident/7.0; rv:11.0) like Gecko"
212.152.158.195 - - [08/Feb/2018:11:54:21 +0100] "POST /docheckout HTTP/1.1" 200 469 "http://renault.activities.at/checkout" "Mozilla/5.0 (Windows NT 6.1; WOW64; Trident/7.0; rv:11.0) like Gecko"
212.152.158.195 - - [08/Feb/2018:11:54:26 +0100] "POST /docheckout HTTP/1.1" 200 597 "http://renault.activities.at/checkout" "Mozilla/5.0 (Windows NT 6.1; WOW64; Trident/7.0; rv:11.0) like Gecko"
212.152.158.195 - - [08/Feb/2018:11:54:27 +0100] "GET /images/error_msg_icon.gif HTTP/1.1" 200 1013 "http://renault.activities.at/checkout" "Mozilla/5.0 (Windows NT 6.1; WOW64; Trident/7.0; rv:11.0) like Gecko"
89.16.198.102 - - [08/Feb/2018:11:54:28 +0100] "GET /reload?ser=1518087269811 HTTP/1.1" 200 28 "http://renault.activities.at/" "Mozilla/5.0 (Windows NT 10.0; Win64; x64; rv:58.0) Gecko/20100101 Firefox/58.0"
193.194.132.78 - - [08/Feb/2018:11:54:29 +0100] "GET /reload?ser=1518087268995 HTTP/1.1" 200 28 "http://renault.2web.at/result?searchterm=true&search=pos798" "Mozilla/5.0 (Windows NT 6.1; WOW64; Trident/7.0; rv:11.0) like Gecko"
212.152.158.195 - - [08/Feb/2018:11:55:22 +0100] "GET /reload?ser=1518087993613 HTTP/1.1" 200 28 "http://renault.activities.at/checkout" "Mozilla/5.0 (Windows NT 6.1; WOW64; Trident/7.0; rv:11.0) like Gecko"
89.16.198.102 - - [08/Feb/2018:11:55:29 +0100] "GET /reload?ser=1518087330652 HTTP/1.1" 200 28 "http://renault.activities.at/" "Mozilla/5.0 (Windows NT 10.0; Win64; x64; rv:58.0) Gecko/20100101 Firefox/58.0"
193.194.132.78 - - [08/Feb/2018:11:55:30 +0100] "GET /reload?ser=1518087330196 HTTP/1.1" 200 28 "http://renault.2web.at/result?searchterm=true&search=pos798" "Mozilla/5.0 (Windows NT 6.1; WOW64; Trident/7.0; rv:11.0) like Gecko"
212.152.158.195 - - [08/Feb/2018:11:56:23 +0100] "GET /reload?ser=1518088054562 HTTP/1.1" 200 28 "http://renault.activities.at/checkout" "Mozilla/5.0 (Windows NT 6.1; WOW64; Trident/7.0; rv:11.0) like Gecko"
89.16.198.102 - - [08/Feb/2018:11:56:29 +0100] "GET /reload?ser=1518087391345 HTTP/1.1" 200 28 "http://renault.activities.at/" "Mozilla/5.0 (Windows NT 10.0; Win64; x64; rv:58.0) Gecko/20100101 Firefox/58.0"
193.194.132.78 - - [08/Feb/2018:11:56:31 +0100] "GET /reload?ser=1518087391306 HTTP/1.1" 200 28 "http://renault.2web.at/result?searchterm=true&search=pos798" "Mozilla/5.0 (Windows NT 6.1; WOW64; Trident/7.0; rv:11.0) like Gecko"
212.152.158.195 - - [08/Feb/2018:11:57:24 +0100] "GET /reload?ser=1518088115548 HTTP/1.1" 200 28 "http://renault.activities.at/checkout" "Mozilla/5.0 (Windows NT 6.1; WOW64; Trident/7.0; rv:11.0) like Gecko"
89.16.198.102 - - [08/Feb/2018:11:57:30 +0100] "GET /reload?ser=1518087452023 HTTP/1.1" 200 28 "http://renault.activities.at/" "Mozilla/5.0 (Windows NT 10.0; Win64; x64; rv:58.0) Gecko/20100101 Firefox/58.0"
193.194.132.78 - - [08/Feb/2018:11:57:32 +0100] "GET /reload?ser=1518087452529 HTTP/1.1" 200 28 "http://renault.2web.at/result?searchterm=true&search=pos798" "Mozilla/5.0 (Windows NT 6.1; WOW64; Trident/7.0; rv:11.0) like Gecko"
212.152.158.195 - - [08/Feb/2018:11:58:00 +0100] "POST /docheckout HTTP/1.1" 200 68 "http://renault.activities.at/checkout" "Mozilla/5.0 (Windows NT 6.1; WOW64; Trident/7.0; rv:11.0) like Gecko"
212.152.158.195 - - [08/Feb/2018:11:58:02 +0100] "GET /success HTTP/1.1" 200 3781 "http://renault.activities.at/checkout" "Mozilla/5.0 (Windows NT 6.1; WOW64; Trident/7.0; rv:11.0) like Gecko"
212.152.158.195 - - [08/Feb/2018:11:58:09 +0100] "GET /11729346 HTTP/1.1" 200 5602 "http://renault.activities.at/success" "Mozilla/5.0 (Windows NT 6.1; WOW64; Trident/7.0; rv:11.0) like Gecko"
212.152.158.195 - - [08/Feb/2018:11:58:11 +0100] "GET /loadthumbnail.php?id=11247081&width=50&height=50 HTTP/1.1" 200 688 "http://renault.activities.at/11729346" "Mozilla/5.0 (Windows NT 6.1; WOW64; Trident/7.0; rv:11.0) like Gecko"
212.152.158.195 - - [08/Feb/2018:11:58:16 +0100] "GET /orders HTTP/1.1" 200 5463 "http://renault.activities.at/11729346" "Mozilla/5.0 (Windows NT 6.1; WOW64; Trident/7.0; rv:11.0) like Gecko"
212.152.158.195 - - [08/Feb/2018:11:58:18 +0100] "GET /loadthumbnail.php?id=10203276 HTTP/1.1" 200 75 "http://renault.activities.at/orders" "Mozilla/5.0 (Windows NT 6.1; WOW64; Trident/7.0; rv:11.0) like Gecko"
212.152.158.195 - - [08/Feb/2018:11:58:21 +0100] "GET /11729346 HTTP/1.1" 200 5600 "http://renault.activities.at/orders" "Mozilla/5.0 (Windows NT 6.1; WOW64; Trident/7.0; rv:11.0) like Gecko"
89.16.198.102 - - [08/Feb/2018:11:58:31 +0100] "GET /reload?ser=1518087512703 HTTP/1.1" 200 28 "http://renault.activities.at/" "Mozilla/5.0 (Windows NT 10.0; Win64; x64; rv:58.0) Gecko/20100101 Firefox/58.0"
193.194.132.78 - - [08/Feb/2018:11:58:33 +0100] "GET /reload?ser=1518087513721 HTTP/1.1" 200 28 "http://renault.2web.at/result?searchterm=true&search=pos798" "Mozilla/5.0 (Windows NT 6.1; WOW64; Trident/7.0; rv:11.0) like Gecko"
212.152.158.195 - - [08/Feb/2018:11:59:23 +0100] "GET /reload?ser=1518088234860 HTTP/1.1" 200 28 "http://renault.activities.at/11729346" "Mozilla/5.0 (Windows NT 6.1; WOW64; Trident/7.0; rv:11.0) like Gecko"
89.16.198.102 - - [08/Feb/2018:11:59:31 +0100] "GET /reload?ser=1518087573393 HTTP/1.1" 200 28 "http://renault.activities.at/" "Mozilla/5.0 (Windows NT 10.0; Win64; x64; rv:58.0) Gecko/20100101 Firefox/58.0"
193.194.132.78 - - [08/Feb/2018:11:59:35 +0100] "GET /reload?ser=1518087574884 HTTP/1.1" 200 28 "http://renault.2web.at/result?searchterm=true&search=pos798" "Mozilla/5.0 (Windows NT 6.1; WOW64; Trident/7.0; rv:11.0) like Gecko"
212.152.158.195 - - [08/Feb/2018:12:00:24 +0100] "GET /reload?ser=1518088295840 HTTP/1.1" 200 28 "http://renault.activities.at/11729346" "Mozilla/5.0 (Windows NT 6.1; WOW64; Trident/7.0; rv:11.0) like Gecko"
89.16.198.102 - - [08/Feb/2018:12:00:32 +0100] "GET /reload?ser=1518087634134 HTTP/1.1" 200 28 "http://renault.activities.at/" "Mozilla/5.0 (Windows NT 10.0; Win64; x64; rv:58.0) Gecko/20100101 Firefox/58.0"
193.194.132.78 - - [08/Feb/2018:12:00:36 +0100] "GET /reload?ser=1518087636009 HTTP/1.1" 200 28 "http://renault.2web.at/result?searchterm=true&search=pos798" "Mozilla/5.0 (Windows NT 6.1; WOW64; Trident/7.0; rv:11.0) like Gecko"
212.152.158.195 - - [08/Feb/2018:12:01:25 +0100] "GET /reload?ser=1518088356843 HTTP/1.1" 200 28 "http://renault.activities.at/11729346" "Mozilla/5.0 (Windows NT 6.1; WOW64; Trident/7.0; rv:11.0) like Gecko"
89.16.198.102 - - [08/Feb/2018:12:01:33 +0100] "GET /reload?ser=1518087694820 HTTP/1.1" 200 28 "http://renault.activities.at/" "Mozilla/5.0 (Windows NT 10.0; Win64; x64; rv:58.0) Gecko/20100101 Firefox/58.0"
193.194.132.78 - - [08/Feb/2018:12:01:37 +0100] "GET /reload?ser=1518087697210 HTTP/1.1" 200 28 "http://renault.2web.at/result?searchterm=true&search=pos798" "Mozilla/5.0 (Windows NT 6.1; WOW64; Trident/7.0; rv:11.0) like Gecko"
212.152.158.195 - - [08/Feb/2018:12:02:26 +0100] "GET /reload?ser=1518088417817 HTTP/1.1" 200 28 "http://renault.activities.at/11729346" "Mozilla/5.0 (Windows NT 6.1; WOW64; Trident/7.0; rv:11.0) like Gecko"
89.16.198.102 - - [08/Feb/2018:12:02:33 +0100] "GET /reload?ser=1518087755492 HTTP/1.1" 200 28 "http://renault.activities.at/" "Mozilla/5.0 (Windows NT 10.0; Win64; x64; rv:58.0) Gecko/20100101 Firefox/58.0"
193.194.132.78 - - [08/Feb/2018:12:02:38 +0100] "GET /reload?ser=1518087758335 HTTP/1.1" 200 28 "http://renault.2web.at/result?searchterm=true&search=pos798" "Mozilla/5.0 (Windows NT 6.1; WOW64; Trident/7.0; rv:11.0) like Gecko"
212.152.158.195 - - [08/Feb/2018:12:03:27 +0100] "GET /reload?ser=1518088478793 HTTP/1.1" 200 28 "http://renault.activities.at/11729346" "Mozilla/5.0 (Windows NT 6.1; WOW64; Trident/7.0; rv:11.0) like Gecko"
89.16.198.102 - - [08/Feb/2018:12:03:34 +0100] "GET /reload?ser=1518087816165 HTTP/1.1" 200 28 "http://renault.activities.at/" "Mozilla/5.0 (Windows NT 10.0; Win64; x64; rv:58.0) Gecko/20100101 Firefox/58.0"
193.194.132.78 - - [08/Feb/2018:12:03:39 +0100] "GET /reload?ser=1518087819496 HTTP/1.1" 200 28 "http://renault.2web.at/result?searchterm=true&search=pos798" "Mozilla/5.0 (Windows NT 6.1; WOW64; Trident/7.0; rv:11.0) like Gecko"
212.152.158.195 - - [08/Feb/2018:12:04:28 +0100] "GET /reload?ser=1518088539775 HTTP/1.1" 200 28 "http://renault.activities.at/11729346" "Mozilla/5.0 (Windows NT 6.1; WOW64; Trident/7.0; rv:11.0) like Gecko"
89.16.198.102 - - [08/Feb/2018:12:04:35 +0100] "GET /reload?ser=1518087876836 HTTP/1.1" 200 28 "http://renault.activities.at/" "Mozilla/5.0 (Windows NT 10.0; Win64; x64; rv:58.0) Gecko/20100101 Firefox/58.0"
193.194.132.78 - - [08/Feb/2018:12:04:40 +0100] "GET /reload?ser=1518087880619 HTTP/1.1" 200 28 "http://renault.2web.at/result?searchterm=true&search=pos798" "Mozilla/5.0 (Windows NT 6.1; WOW64; Trident/7.0; rv:11.0) like Gecko"
212.152.158.195 - - [08/Feb/2018:12:05:29 +0100] "GET /reload?ser=1518088600798 HTTP/1.1" 200 28 "http://renault.activities.at/11729346" "Mozilla/5.0 (Windows NT 6.1; WOW64; Trident/7.0; rv:11.0) like Gecko"
89.16.198.102 - - [08/Feb/2018:12:05:36 +0100] "GET /reload?ser=1518087937534 HTTP/1.1" 200 28 "http://renault.activities.at/" "Mozilla/5.0 (Windows NT 10.0; Win64; x64; rv:58.0) Gecko/20100101 Firefox/58.0"
193.194.132.78 - - [08/Feb/2018:12:05:41 +0100] "GET /reload?ser=1518087941749 HTTP/1.1" 200 28 "http://renault.2web.at/result?searchterm=true&search=pos798" "Mozilla/5.0 (Windows NT 6.1; WOW64; Trident/7.0; rv:11.0) like Gecko"
212.152.158.195 - - [08/Feb/2018:12:06:30 +0100] "GET /reload?ser=1518088661771 HTTP/1.1" 200 28 "http://renault.activities.at/11729346" "Mozilla/5.0 (Windows NT 6.1; WOW64; Trident/7.0; rv:11.0) like Gecko"
89.16.198.102 - - [08/Feb/2018:12:06:36 +0100] "GET /reload?ser=1518087998217 HTTP/1.1" 200 28 "http://renault.activities.at/" "Mozilla/5.0 (Windows NT 10.0; Win64; x64; rv:58.0) Gecko/20100101 Firefox/58.0"
193.194.132.78 - - [08/Feb/2018:12:06:43 +0100] "GET /reload?ser=1518088002909 HTTP/1.1" 200 28 "http://renault.2web.at/result?searchterm=true&search=pos798" "Mozilla/5.0 (Windows NT 6.1; WOW64; Trident/7.0; rv:11.0) like Gecko"
212.152.158.195 - - [08/Feb/2018:12:07:31 +0100] "GET /reload?ser=1518088722745 HTTP/1.1" 200 28 "http://renault.activities.at/11729346" "Mozilla/5.0 (Windows NT 6.1; WOW64; Trident/7.0; rv:11.0) like Gecko"
193.194.132.78 - - [08/Feb/2018:12:07:44 +0100] "GET /reload?ser=1518088064095 HTTP/1.1" 200 28 "http://renault.2web.at/result?searchterm=true&search=pos798" "Mozilla/5.0 (Windows NT 6.1; WOW64; Trident/7.0; rv:11.0) like Gecko"
212.152.158.195 - - [08/Feb/2018:12:08:32 +0100] "GET /reload?ser=1518088783738 HTTP/1.1" 200 28 "http://renault.activities.at/11729346" "Mozilla/5.0 (Windows NT 6.1; WOW64; Trident/7.0; rv:11.0) like Gecko"
193.194.132.78 - - [08/Feb/2018:12:08:45 +0100] "GET /reload?ser=1518088125194 HTTP/1.1" 200 28 "http://renault.2web.at/result?searchterm=true&search=pos798" "Mozilla/5.0 (Windows NT 6.1; WOW64; Trident/7.0; rv:11.0) like Gecko"
212.152.158.195 - - [08/Feb/2018:12:09:36 +0100] "GET /reload?ser=1518088844750 HTTP/1.1" 200 28 "http://renault.activities.at/11729346" "Mozilla/5.0 (Windows NT 6.1; WOW64; Trident/7.0; rv:11.0) like Gecko"
193.194.132.78 - - [08/Feb/2018:12:09:46 +0100] "GET /reload?ser=1518088186281 HTTP/1.1" 200 28 "http://renault.2web.at/result?searchterm=true&search=pos798" "Mozilla/5.0 (Windows NT 6.1; WOW64; Trident/7.0; rv:11.0) like Gecko"
212.152.158.195 - - [08/Feb/2018:12:10:37 +0100] "GET /reload?ser=1518088908711 HTTP/1.1" 200 28 "http://renault.activities.at/11729346" "Mozilla/5.0 (Windows NT 6.1; WOW64; Trident/7.0; rv:11.0) like Gecko"
193.194.132.78 - - [08/Feb/2018:12:10:47 +0100] "GET /reload?ser=1518088247436 HTTP/1.1" 200 28 "http://renault.2web.at/result?searchterm=true&search=pos798" "Mozilla/5.0 (Windows NT 6.1; WOW64; Trident/7.0; rv:11.0) like Gecko"
212.152.158.195 - - [08/Feb/2018:12:11:38 +0100] "GET /reload?ser=1518088969712 HTTP/1.1" 200 28 "http://renault.activities.at/11729346" "Mozilla/5.0 (Windows NT 6.1; WOW64; Trident/7.0; rv:11.0) like Gecko"
193.194.132.78 - - [08/Feb/2018:12:11:48 +0100] "GET /reload?ser=1518088308590 HTTP/1.1" 200 28 "http://renault.2web.at/result?searchterm=true&search=pos798" "Mozilla/5.0 (Windows NT 6.1; WOW64; Trident/7.0; rv:11.0) like Gecko"
212.152.158.195 - - [08/Feb/2018:12:12:39 +0100] "GET /reload?ser=1518089030680 HTTP/1.1" 200 28 "http://renault.activities.at/11729346" "Mozilla/5.0 (Windows NT 6.1; WOW64; Trident/7.0; rv:11.0) like Gecko"
193.194.132.78 - - [08/Feb/2018:12:12:49 +0100] "GET /reload?ser=1518088369719 HTTP/1.1" 200 28 "http://renault.2web.at/result?searchterm=true&search=pos798" "Mozilla/5.0 (Windows NT 6.1; WOW64; Trident/7.0; rv:11.0) like Gecko"
212.152.158.195 - - [08/Feb/2018:12:13:40 +0100] "GET /reload?ser=1518089091671 HTTP/1.1" 200 28 "http://renault.activities.at/11729346" "Mozilla/5.0 (Windows NT 6.1; WOW64; Trident/7.0; rv:11.0) like Gecko"
193.194.132.78 - - [08/Feb/2018:12:13:51 +0100] "GET /reload?ser=1518088430870 HTTP/1.1" 200 28 "http://renault.2web.at/result?searchterm=true&search=pos798" "Mozilla/5.0 (Windows NT 6.1; WOW64; Trident/7.0; rv:11.0) like Gecko"
212.152.158.195 - - [08/Feb/2018:12:14:41 +0100] "GET /reload?ser=1518089152692 HTTP/1.1" 200 28 "http://renault.activities.at/11729346" "Mozilla/5.0 (Windows NT 6.1; WOW64; Trident/7.0; rv:11.0) like Gecko"
193.194.132.78 - - [08/Feb/2018:12:14:52 +0100] "GET /reload?ser=1518088492284 HTTP/1.1" 200 28 "http://renault.2web.at/result?searchterm=true&search=pos798" "Mozilla/5.0 (Windows NT 6.1; WOW64; Trident/7.0; rv:11.0) like Gecko"
212.152.158.195 - - [08/Feb/2018:12:15:42 +0100] "GET /reload?ser=1518089213631 HTTP/1.1" 200 28 "http://renault.activities.at/11729346" "Mozilla/5.0 (Windows NT 6.1; WOW64; Trident/7.0; rv:11.0) like Gecko"
193.194.132.78 - - [08/Feb/2018:12:15:53 +0100] "GET /reload?ser=1518088553372 HTTP/1.1" 200 28 "http://renault.2web.at/result?searchterm=true&search=pos798" "Mozilla/5.0 (Windows NT 6.1; WOW64; Trident/7.0; rv:11.0) like Gecko"
212.152.158.195 - - [08/Feb/2018:12:16:52 +0100] "GET /reload?ser=1518089274644 HTTP/1.1" 200 28 "http://renault.activities.at/11729346" "Mozilla/5.0 (Windows NT 6.1; WOW64; Trident/7.0; rv:11.0) like Gecko"
193.194.132.78 - - [08/Feb/2018:12:16:54 +0100] "GET /reload?ser=1518088614450 HTTP/1.1" 200 28 "http://renault.2web.at/result?searchterm=true&search=pos798" "Mozilla/5.0 (Windows NT 6.1; WOW64; Trident/7.0; rv:11.0) like Gecko"
193.194.132.78 - - [08/Feb/2018:12:17:55 +0100] "GET /reload?ser=1518088675579 HTTP/1.1" 200 28 "http://renault.2web.at/result?searchterm=true&search=pos798" "Mozilla/5.0 (Windows NT 6.1; WOW64; Trident/7.0; rv:11.0) like Gecko"
212.152.158.195 - - [08/Feb/2018:12:18:02 +0100] "GET /reload?ser=1518089353602 HTTP/1.1" 200 28 "http://renault.activities.at/11729346" "Mozilla/5.0 (Windows NT 6.1; WOW64; Trident/7.0; rv:11.0) like Gecko"
193.194.132.78 - - [08/Feb/2018:12:18:56 +0100] "GET /reload?ser=1518088736693 HTTP/1.1" 200 28 "http://renault.2web.at/result?searchterm=true&search=pos798" "Mozilla/5.0 (Windows NT 6.1; WOW64; Trident/7.0; rv:11.0) like Gecko"
212.152.158.195 - - [08/Feb/2018:12:19:03 +0100] "GET /reload?ser=1518089414637 HTTP/1.1" 200 28 "http://renault.activities.at/11729346" "Mozilla/5.0 (Windows NT 6.1; WOW64; Trident/7.0; rv:11.0) like Gecko"
193.194.132.78 - - [08/Feb/2018:12:19:58 +0100] "GET /reload?ser=1518088797812 HTTP/1.1" 200 28 "http://renault.2web.at/result?searchterm=true&search=pos798" "Mozilla/5.0 (Windows NT 6.1; WOW64; Trident/7.0; rv:11.0) like Gecko"
212.152.158.195 - - [08/Feb/2018:12:20:04 +0100] "GET /reload?ser=1518089475680 HTTP/1.1" 200 28 "http://renault.activities.at/11729346" "Mozilla/5.0 (Windows NT 6.1; WOW64; Trident/7.0; rv:11.0) like Gecko"
193.194.132.78 - - [08/Feb/2018:12:20:59 +0100] "GET /reload?ser=1518088858986 HTTP/1.1" 200 28 "http://renault.2web.at/result?searchterm=true&search=pos798" "Mozilla/5.0 (Windows NT 6.1; WOW64; Trident/7.0; rv:11.0) like Gecko"
212.152.158.195 - - [08/Feb/2018:12:21:05 +0100] "GET /reload?ser=1518089536692 HTTP/1.1" 200 28 "http://renault.activities.at/11729346" "Mozilla/5.0 (Windows NT 6.1; WOW64; Trident/7.0; rv:11.0) like Gecko"
193.194.132.78 - - [08/Feb/2018:12:22:00 +0100] "GET /reload?ser=1518088920157 HTTP/1.1" 200 28 "http://renault.2web.at/result?searchterm=true&search=pos798" "Mozilla/5.0 (Windows NT 6.1; WOW64; Trident/7.0; rv:11.0) like Gecko"
212.152.158.195 - - [08/Feb/2018:12:22:06 +0100] "GET /reload?ser=1518089597675 HTTP/1.1" 200 28 "http://renault.activities.at/11729346" "Mozilla/5.0 (Windows NT 6.1; WOW64; Trident/7.0; rv:11.0) like Gecko"
193.194.132.78 - - [08/Feb/2018:12:23:01 +0100] "GET /reload?ser=1518088981255 HTTP/1.1" 200 28 "http://renault.2web.at/result?searchterm=true&search=pos798" "Mozilla/5.0 (Windows NT 6.1; WOW64; Trident/7.0; rv:11.0) like Gecko"
212.152.158.195 - - [08/Feb/2018:12:23:07 +0100] "GET /reload?ser=1518089658649 HTTP/1.1" 200 28 "http://renault.activities.at/11729346" "Mozilla/5.0 (Windows NT 6.1; WOW64; Trident/7.0; rv:11.0) like Gecko"
193.194.132.78 - - [08/Feb/2018:12:24:02 +0100] "GET /reload?ser=1518089042441 HTTP/1.1" 200 28 "http://renault.2web.at/result?searchterm=true&search=pos798" "Mozilla/5.0 (Windows NT 6.1; WOW64; Trident/7.0; rv:11.0) like Gecko"
212.152.158.195 - - [08/Feb/2018:12:24:08 +0100] "GET /reload?ser=1518089719680 HTTP/1.1" 200 28 "http://renault.activities.at/11729346" "Mozilla/5.0 (Windows NT 6.1; WOW64; Trident/7.0; rv:11.0) like Gecko"
193.194.132.78 - - [08/Feb/2018:12:25:03 +0100] "GET /reload?ser=1518089103607 HTTP/1.1" 200 28 "http://renault.2web.at/result?searchterm=true&search=pos798" "Mozilla/5.0 (Windows NT 6.1; WOW64; Trident/7.0; rv:11.0) like Gecko"
212.152.158.195 - - [08/Feb/2018:12:25:12 +0100] "GET /reload?ser=1518089780681 HTTP/1.1" 200 28 "http://renault.activities.at/11729346" "Mozilla/5.0 (Windows NT 6.1; WOW64; Trident/7.0; rv:11.0) like Gecko"
193.194.132.78 - - [08/Feb/2018:12:25:51 +0100] "GET /account HTTP/1.1" 200 9321 "-" "Mozilla/5.0 (Windows NT 6.1; WOW64; Trident/7.0; rv:11.0) like Gecko"
193.194.132.78 - - [08/Feb/2018:12:25:56 +0100] "GET /js/index.php?c=auto&f=,prototype/prototype.js,prototype/validation.js,scriptaculous/builder.js,scriptaculous/effects.js,scriptaculous/dragdrop.js,scriptaculous/controls.js,scriptaculous/slider.js,varien/js.js,varien/form.js,varien/menu.js,mage/translate.js,mage/cookies.js,varien/product.js,spinner/SpinnerControl.jsmin.js,prototype/window.js,prototype/window_ext.js HTTP/1.1" 304 - "http://renault.2web.at/account" "Mozilla/5.0 (Windows NT 6.1; WOW64; Trident/7.0; rv:11.0) like Gecko"
193.194.132.78 - - [08/Feb/2018:12:25:56 +0100] "GET /images/ajax_loading.gif HTTP/1.1" 304 - "http://renault.2web.at/account" "Mozilla/5.0 (Windows NT 6.1; WOW64; Trident/7.0; rv:11.0) like Gecko"
193.194.132.78 - - [08/Feb/2018:12:25:56 +0100] "GET /images/header_block_corner_left_top.gif HTTP/1.1" 304 - "http://renault.2web.at/account" "Mozilla/5.0 (Windows NT 6.1; WOW64; Trident/7.0; rv:11.0) like Gecko"
193.194.132.78 - - [08/Feb/2018:12:25:56 +0100] "GET /images/main_block_corner_right_bot.gif HTTP/1.1" 304 - "http://renault.2web.at/account" "Mozilla/5.0 (Windows NT 6.1; WOW64; Trident/7.0; rv:11.0) like Gecko"
193.194.132.78 - - [08/Feb/2018:12:25:56 +0100] "GET /images/header_block_corner_right_top.gif HTTP/1.1" 304 - "http://renault.2web.at/account" "Mozilla/5.0 (Windows NT 6.1; WOW64; Trident/7.0; rv:11.0) like Gecko"
193.194.132.78 - - [08/Feb/2018:12:25:56 +0100] "GET /images/main_block_border.gif HTTP/1.1" 304 - "http://renault.2web.at/account" "Mozilla/5.0 (Windows NT 6.1; WOW64; Trident/7.0; rv:11.0) like Gecko"
193.194.132.78 - - [08/Feb/2018:12:25:56 +0100] "GET /images/search_bg.gif HTTP/1.1" 304 - "http://renault.2web.at/account" "Mozilla/5.0 (Windows NT 6.1; WOW64; Trident/7.0; rv:11.0) like Gecko"
193.194.132.78 - - [08/Feb/2018:12:25:56 +0100] "GET /images/main_block_corner_left_bot.gif HTTP/1.1" 304 - "http://renault.2web.at/account" "Mozilla/5.0 (Windows NT 6.1; WOW64; Trident/7.0; rv:11.0) like Gecko"
193.194.132.78 - - [08/Feb/2018:12:25:56 +0100] "GET /images/main_block_corner_left_top.gif HTTP/1.1" 304 - "http://renault.2web.at/account" "Mozilla/5.0 (Windows NT 6.1; WOW64; Trident/7.0; rv:11.0) like Gecko"
