91.130.43.14 - - [12/Feb/2018:11:59:11 +0100] "GET /js/checkout.css HTTP/1.1" 304 - "http://renault.activities.at/logout" "Mozilla/5.0 (Windows NT 6.1; Trident/7.0; rv:11.0) like Gecko"
91.130.43.14 - - [12/Feb/2018:11:59:11 +0100] "GET /css/prototip.css HTTP/1.1" 304 - "http://renault.activities.at/logout" "Mozilla/5.0 (Windows NT 6.1; Trident/7.0; rv:11.0) like Gecko"
91.130.43.14 - - [12/Feb/2018:11:59:11 +0100] "GET /css/themes/alphacube.css HTTP/1.1" 304 - "http://renault.activities.at/logout" "Mozilla/5.0 (Windows NT 6.1; Trident/7.0; rv:11.0) like Gecko"
91.130.43.14 - - [12/Feb/2018:11:59:11 +0100] "GET /css/themes/default.css HTTP/1.1" 304 - "http://renault.activities.at/logout" "Mozilla/5.0 (Windows NT 6.1; Trident/7.0; rv:11.0) like Gecko"
91.130.43.14 - - [12/Feb/2018:11:59:11 +0100] "GET /images/main_block_corner_left_bot.gif HTTP/1.1" 304 - "http://renault.activities.at/logout" "Mozilla/5.0 (Windows NT 6.1; Trident/7.0; rv:11.0) like Gecko"
91.130.43.14 - - [12/Feb/2018:11:59:11 +0100] "GET /images/main_block_corner_right_top.gif HTTP/1.1" 304 - "http://renault.activities.at/logout" "Mozilla/5.0 (Windows NT 6.1; Trident/7.0; rv:11.0) like Gecko"
91.130.43.14 - - [12/Feb/2018:11:59:11 +0100] "GET /images/main_block_border.gif HTTP/1.1" 304 - "http://renault.activities.at/logout" "Mozilla/5.0 (Windows NT 6.1; Trident/7.0; rv:11.0) like Gecko"
91.130.43.14 - - [12/Feb/2018:11:59:11 +0100] "GET /images/main_block_corner_right_bot.gif HTTP/1.1" 304 - "http://renault.activities.at/logout" "Mozilla/5.0 (Windows NT 6.1; Trident/7.0; rv:11.0) like Gecko"
91.130.43.14 - - [12/Feb/2018:11:59:11 +0100] "GET /images/main_block_corner_left_top.gif HTTP/1.1" 304 - "http://renault.activities.at/logout" "Mozilla/5.0 (Windows NT 6.1; Trident/7.0; rv:11.0) like Gecko"
91.130.43.14 - - [12/Feb/2018:11:59:11 +0100] "GET /images/header_block_border.gif HTTP/1.1" 304 - "http://renault.activities.at/logout" "Mozilla/5.0 (Windows NT 6.1; Trident/7.0; rv:11.0) like Gecko"
91.130.43.14 - - [12/Feb/2018:11:59:11 +0100] "GET /images/title_border_top.jpg HTTP/1.1" 304 - "http://renault.activities.at/logout" "Mozilla/5.0 (Windows NT 6.1; Trident/7.0; rv:11.0) like Gecko"
91.130.43.14 - - [12/Feb/2018:11:59:11 +0100] "GET /images/title_border.jpg HTTP/1.1" 304 - "http://renault.activities.at/logout" "Mozilla/5.0 (Windows NT 6.1; Trident/7.0; rv:11.0) like Gecko"
91.130.43.14 - - [12/Feb/2018:11:59:11 +0100] "GET /images/title_corner_left_top.jpg HTTP/1.1" 304 - "http://renault.activities.at/logout" "Mozilla/5.0 (Windows NT 6.1; Trident/7.0; rv:11.0) like Gecko"
91.130.43.14 - - [12/Feb/2018:11:59:11 +0100] "GET /images/header_block_corner_left_top.gif HTTP/1.1" 304 - "http://renault.activities.at/logout" "Mozilla/5.0 (Windows NT 6.1; Trident/7.0; rv:11.0) like Gecko"
91.130.43.14 - - [12/Feb/2018:11:59:11 +0100] "GET /images/header_block_corner_right_top.gif HTTP/1.1" 304 - "http://renault.activities.at/logout" "Mozilla/5.0 (Windows NT 6.1; Trident/7.0; rv:11.0) like Gecko"
91.130.43.14 - - [12/Feb/2018:11:59:11 +0100] "GET /images/title_corner_right_top.jpg HTTP/1.1" 304 - "http://renault.activities.at/logout" "Mozilla/5.0 (Windows NT 6.1; Trident/7.0; rv:11.0) like Gecko"
91.130.43.14 - - [12/Feb/2018:11:59:16 +0100] "GET / HTTP/1.1" 200 3899 "http://renault.activities.at/logout" "Mozilla/5.0 (Windows NT 6.1; Trident/7.0; rv:11.0) like Gecko"
91.130.43.14 - - [12/Feb/2018:11:59:17 +0100] "GET /js/index.php?c=auto&f=,prototype/prototype.js,prototype/validation.js,scriptaculous/builder.js,scriptaculous/effects.js,scriptaculous/dragdrop.js,scriptaculous/controls.js,scriptaculous/slider.js,varien/js.js,varien/form.js,varien/menu.js,mage/translate.js,mage/cookies.js,varien/product.js,spinner/SpinnerControl.jsmin.js,prototype/window.js,prototype/window_ext.js HTTP/1.1" 304 - "http://renault.activities.at/" "Mozilla/5.0 (Windows NT 6.1; Trident/7.0; rv:11.0) like Gecko"
91.130.43.14 - - [12/Feb/2018:11:59:17 +0100] "GET /js/flashdetection.js HTTP/1.1" 304 - "http://renault.activities.at/" "Mozilla/5.0 (Windows NT 6.1; Trident/7.0; rv:11.0) like Gecko"
91.130.43.14 - - [12/Feb/2018:11:59:17 +0100] "GET /css/styles.css HTTP/1.1" 304 - "http://renault.activities.at/" "Mozilla/5.0 (Windows NT 6.1; Trident/7.0; rv:11.0) like Gecko"
91.130.43.14 - - [12/Feb/2018:11:59:17 +0100] "GET /js/default.js HTTP/1.1" 304 - "http://renault.activities.at/" "Mozilla/5.0 (Windows NT 6.1; Trident/7.0; rv:11.0) like Gecko"
91.130.43.14 - - [12/Feb/2018:11:59:17 +0100] "GET /css/reset.css HTTP/1.1" 304 - "http://renault.activities.at/" "Mozilla/5.0 (Windows NT 6.1; Trident/7.0; rv:11.0) like Gecko"
91.130.43.14 - - [12/Feb/2018:11:59:17 +0100] "GET /css/clears.css HTTP/1.1" 304 - "http://renault.activities.at/" "Mozilla/5.0 (Windows NT 6.1; Trident/7.0; rv:11.0) like Gecko"
91.130.43.14 - - [12/Feb/2018:11:59:17 +0100] "GET /css/prototip.css HTTP/1.1" 304 - "http://renault.activities.at/" "Mozilla/5.0 (Windows NT 6.1; Trident/7.0; rv:11.0) like Gecko"
91.130.43.14 - - [12/Feb/2018:11:59:17 +0100] "GET /js/checkout.css HTTP/1.1" 304 - "http://renault.activities.at/" "Mozilla/5.0 (Windows NT 6.1; Trident/7.0; rv:11.0) like Gecko"
91.130.43.14 - - [12/Feb/2018:11:59:17 +0100] "GET /css/themes/default.css HTTP/1.1" 304 - "http://renault.activities.at/" "Mozilla/5.0 (Windows NT 6.1; Trident/7.0; rv:11.0) like Gecko"
91.130.43.14 - - [12/Feb/2018:11:59:17 +0100] "GET /css/print.css HTTP/1.1" 304 - "http://renault.activities.at/" "Mozilla/5.0 (Windows NT 6.1; Trident/7.0; rv:11.0) like Gecko"
91.130.43.14 - - [12/Feb/2018:11:59:17 +0100] "GET /css/themes/alphacube.css HTTP/1.1" 304 - "http://renault.activities.at/" "Mozilla/5.0 (Windows NT 6.1; Trident/7.0; rv:11.0) like Gecko"
91.130.43.14 - - [12/Feb/2018:11:59:17 +0100] "GET /images/title_border_top.jpg HTTP/1.1" 304 - "http://renault.activities.at/" "Mozilla/5.0 (Windows NT 6.1; Trident/7.0; rv:11.0) like Gecko"
91.130.43.14 - - [12/Feb/2018:11:59:17 +0100] "GET /images/main_block_corner_left_top.gif HTTP/1.1" 304 - "http://renault.activities.at/" "Mozilla/5.0 (Windows NT 6.1; Trident/7.0; rv:11.0) like Gecko"
91.130.43.14 - - [12/Feb/2018:11:59:17 +0100] "GET /images/title_corner_left_top.jpg HTTP/1.1" 304 - "http://renault.activities.at/" "Mozilla/5.0 (Windows NT 6.1; Trident/7.0; rv:11.0) like Gecko"
91.130.43.14 - - [12/Feb/2018:11:59:17 +0100] "GET /images/header_block_corner_right_top.gif HTTP/1.1" 304 - "http://renault.activities.at/" "Mozilla/5.0 (Windows NT 6.1; Trident/7.0; rv:11.0) like Gecko"
91.130.43.14 - - [12/Feb/2018:11:59:17 +0100] "GET /images/main_block_corner_right_top.gif HTTP/1.1" 304 - "http://renault.activities.at/" "Mozilla/5.0 (Windows NT 6.1; Trident/7.0; rv:11.0) like Gecko"
91.130.43.14 - - [12/Feb/2018:11:59:17 +0100] "GET /images/main_block_border.gif HTTP/1.1" 304 - "http://renault.activities.at/" "Mozilla/5.0 (Windows NT 6.1; Trident/7.0; rv:11.0) like Gecko"
91.130.43.14 - - [12/Feb/2018:11:59:17 +0100] "GET /images/title_border.jpg HTTP/1.1" 304 - "http://renault.activities.at/" "Mozilla/5.0 (Windows NT 6.1; Trident/7.0; rv:11.0) like Gecko"
91.130.43.14 - - [12/Feb/2018:11:59:17 +0100] "GET /images/main_block_corner_right_bot.gif HTTP/1.1" 304 - "http://renault.activities.at/" "Mozilla/5.0 (Windows NT 6.1; Trident/7.0; rv:11.0) like Gecko"
91.130.43.14 - - [12/Feb/2018:11:59:17 +0100] "GET /images/header_block_border.gif HTTP/1.1" 304 - "http://renault.activities.at/" "Mozilla/5.0 (Windows NT 6.1; Trident/7.0; rv:11.0) like Gecko"
91.130.43.14 - - [12/Feb/2018:11:59:17 +0100] "GET /images/title_corner_right_top.jpg HTTP/1.1" 304 - "http://renault.activities.at/" "Mozilla/5.0 (Windows NT 6.1; Trident/7.0; rv:11.0) like Gecko"
91.130.43.14 - - [12/Feb/2018:11:59:17 +0100] "GET /images/header_block_corner_left_top.gif HTTP/1.1" 304 - "http://renault.activities.at/" "Mozilla/5.0 (Windows NT 6.1; Trident/7.0; rv:11.0) like Gecko"
91.130.43.14 - - [12/Feb/2018:11:59:17 +0100] "GET /images/main_block_corner_left_bot.gif HTTP/1.1" 304 - "http://renault.activities.at/" "Mozilla/5.0 (Windows NT 6.1; Trident/7.0; rv:11.0) like Gecko"
193.194.132.76 - - [12/Feb/2018:11:59:17 +0100] "GET /reload?ser=1518433157720 HTTP/1.1" 200 28 "http://renault.2web.at/account" "Mozilla/5.0 (Windows NT 6.1; WOW64; Trident/7.0; rv:11.0) like Gecko"
80.80.251.48 - - [12/Feb/2018:12:00:11 +0100] "GET /reload?ser=1518433211339 HTTP/1.1" 200 28 "http://renault.activities.at/10201634" "Mozilla/5.0 (Windows NT 10.0; WOW64; Trident/7.0; rv:11.0) like Gecko"
91.130.43.14 - - [12/Feb/2018:12:00:17 +0100] "GET /reload?ser=1518433217994 HTTP/1.1" 200 28 "http://renault.activities.at/" "Mozilla/5.0 (Windows NT 6.1; Trident/7.0; rv:11.0) like Gecko"
193.194.132.76 - - [12/Feb/2018:12:00:18 +0100] "GET /reload?ser=1518433218892 HTTP/1.1" 200 28 "http://renault.2web.at/account" "Mozilla/5.0 (Windows NT 6.1; WOW64; Trident/7.0; rv:11.0) like Gecko"
80.80.251.48 - - [12/Feb/2018:12:01:12 +0100] "GET /reload?ser=1518433272293 HTTP/1.1" 200 28 "http://renault.activities.at/10201634" "Mozilla/5.0 (Windows NT 10.0; WOW64; Trident/7.0; rv:11.0) like Gecko"
91.130.43.14 - - [12/Feb/2018:12:01:18 +0100] "GET /reload?ser=1518433278661 HTTP/1.1" 200 28 "http://renault.activities.at/" "Mozilla/5.0 (Windows NT 6.1; Trident/7.0; rv:11.0) like Gecko"
193.194.132.76 - - [12/Feb/2018:12:01:20 +0100] "GET /reload?ser=1518433280034 HTTP/1.1" 200 28 "http://renault.2web.at/account" "Mozilla/5.0 (Windows NT 6.1; WOW64; Trident/7.0; rv:11.0) like Gecko"
80.80.251.48 - - [12/Feb/2018:12:02:13 +0100] "GET /reload?ser=1518433333311 HTTP/1.1" 200 28 "http://renault.activities.at/10201634" "Mozilla/5.0 (Windows NT 10.0; WOW64; Trident/7.0; rv:11.0) like Gecko"
91.130.43.14 - - [12/Feb/2018:12:02:19 +0100] "GET /reload?ser=1518433339312 HTTP/1.1" 200 28 "http://renault.activities.at/" "Mozilla/5.0 (Windows NT 6.1; Trident/7.0; rv:11.0) like Gecko"
193.194.132.76 - - [12/Feb/2018:12:02:21 +0100] "GET /reload?ser=1518433341175 HTTP/1.1" 200 28 "http://renault.2web.at/account" "Mozilla/5.0 (Windows NT 6.1; WOW64; Trident/7.0; rv:11.0) like Gecko"
80.80.251.48 - - [12/Feb/2018:12:03:14 +0100] "GET /reload?ser=1518433394311 HTTP/1.1" 200 28 "http://renault.activities.at/10201634" "Mozilla/5.0 (Windows NT 10.0; WOW64; Trident/7.0; rv:11.0) like Gecko"
91.130.43.14 - - [12/Feb/2018:12:03:19 +0100] "GET /reload?ser=1518433399980 HTTP/1.1" 200 28 "http://renault.activities.at/" "Mozilla/5.0 (Windows NT 6.1; Trident/7.0; rv:11.0) like Gecko"
193.194.132.76 - - [12/Feb/2018:12:03:22 +0100] "GET /reload?ser=1518433402328 HTTP/1.1" 200 28 "http://renault.2web.at/account" "Mozilla/5.0 (Windows NT 6.1; WOW64; Trident/7.0; rv:11.0) like Gecko"
80.80.251.48 - - [12/Feb/2018:12:04:15 +0100] "GET /reload?ser=1518433455297 HTTP/1.1" 200 28 "http://renault.activities.at/10201634" "Mozilla/5.0 (Windows NT 10.0; WOW64; Trident/7.0; rv:11.0) like Gecko"
91.130.43.14 - - [12/Feb/2018:12:04:20 +0100] "GET /reload?ser=1518433460663 HTTP/1.1" 200 28 "http://renault.activities.at/" "Mozilla/5.0 (Windows NT 6.1; Trident/7.0; rv:11.0) like Gecko"
193.194.132.76 - - [12/Feb/2018:12:04:23 +0100] "GET /reload?ser=1518433463449 HTTP/1.1" 200 28 "http://renault.2web.at/account" "Mozilla/5.0 (Windows NT 6.1; WOW64; Trident/7.0; rv:11.0) like Gecko"
80.80.251.48 - - [12/Feb/2018:12:05:16 +0100] "GET /reload?ser=1518433516283 HTTP/1.1" 200 28 "http://renault.activities.at/10201634" "Mozilla/5.0 (Windows NT 10.0; WOW64; Trident/7.0; rv:11.0) like Gecko"
91.130.43.14 - - [12/Feb/2018:12:05:21 +0100] "GET /reload?ser=1518433521330 HTTP/1.1" 200 28 "http://renault.activities.at/" "Mozilla/5.0 (Windows NT 6.1; Trident/7.0; rv:11.0) like Gecko"
193.194.132.76 - - [12/Feb/2018:12:05:24 +0100] "GET /reload?ser=1518433524685 HTTP/1.1" 200 28 "http://renault.2web.at/account" "Mozilla/5.0 (Windows NT 6.1; WOW64; Trident/7.0; rv:11.0) like Gecko"
80.80.251.48 - - [12/Feb/2018:12:06:17 +0100] "GET /reload?ser=1518433577284 HTTP/1.1" 200 28 "http://renault.activities.at/10201634" "Mozilla/5.0 (Windows NT 10.0; WOW64; Trident/7.0; rv:11.0) like Gecko"
91.130.43.14 - - [12/Feb/2018:12:06:21 +0100] "GET /reload?ser=1518433581997 HTTP/1.1" 200 28 "http://renault.activities.at/" "Mozilla/5.0 (Windows NT 6.1; Trident/7.0; rv:11.0) like Gecko"
193.194.132.76 - - [12/Feb/2018:12:06:25 +0100] "GET /reload?ser=1518433585848 HTTP/1.1" 200 28 "http://renault.2web.at/account" "Mozilla/5.0 (Windows NT 6.1; WOW64; Trident/7.0; rv:11.0) like Gecko"
80.80.251.48 - - [12/Feb/2018:12:07:18 +0100] "GET /reload?ser=1518433638270 HTTP/1.1" 200 28 "http://renault.activities.at/10201634" "Mozilla/5.0 (Windows NT 10.0; WOW64; Trident/7.0; rv:11.0) like Gecko"
91.130.43.14 - - [12/Feb/2018:12:07:22 +0100] "GET /reload?ser=1518433642758 HTTP/1.1" 200 28 "http://renault.activities.at/" "Mozilla/5.0 (Windows NT 6.1; Trident/7.0; rv:11.0) like Gecko"
193.194.132.76 - - [12/Feb/2018:12:07:26 +0100] "GET /reload?ser=1518433646935 HTTP/1.1" 200 28 "http://renault.2web.at/account" "Mozilla/5.0 (Windows NT 6.1; WOW64; Trident/7.0; rv:11.0) like Gecko"
80.80.251.48 - - [12/Feb/2018:12:08:19 +0100] "GET /reload?ser=1518433699240 HTTP/1.1" 200 28 "http://renault.activities.at/10201634" "Mozilla/5.0 (Windows NT 10.0; WOW64; Trident/7.0; rv:11.0) like Gecko"
91.130.43.14 - - [12/Feb/2018:12:08:23 +0100] "GET /reload?ser=1518433703425 HTTP/1.1" 200 28 "http://renault.activities.at/" "Mozilla/5.0 (Windows NT 6.1; Trident/7.0; rv:11.0) like Gecko"
193.194.132.76 - - [12/Feb/2018:12:08:28 +0100] "GET /reload?ser=1518433708004 HTTP/1.1" 200 28 "http://renault.2web.at/account" "Mozilla/5.0 (Windows NT 6.1; WOW64; Trident/7.0; rv:11.0) like Gecko"
80.80.251.48 - - [12/Feb/2018:12:09:20 +0100] "GET /reload?ser=1518433760225 HTTP/1.1" 200 28 "http://renault.activities.at/10201634" "Mozilla/5.0 (Windows NT 10.0; WOW64; Trident/7.0; rv:11.0) like Gecko"
91.130.43.14 - - [12/Feb/2018:12:09:24 +0100] "GET /reload?ser=1518433764108 HTTP/1.1" 200 28 "http://renault.activities.at/" "Mozilla/5.0 (Windows NT 6.1; Trident/7.0; rv:11.0) like Gecko"
193.194.132.76 - - [12/Feb/2018:12:09:29 +0100] "GET /reload?ser=1518433769020 HTTP/1.1" 200 28 "http://renault.2web.at/account" "Mozilla/5.0 (Windows NT 6.1; WOW64; Trident/7.0; rv:11.0) like Gecko"
80.80.251.48 - - [12/Feb/2018:12:10:21 +0100] "GET /reload?ser=1518433821227 HTTP/1.1" 200 28 "http://renault.activities.at/10201634" "Mozilla/5.0 (Windows NT 10.0; WOW64; Trident/7.0; rv:11.0) like Gecko"
91.130.43.14 - - [12/Feb/2018:12:10:24 +0100] "GET /reload?ser=1518433824775 HTTP/1.1" 200 28 "http://renault.activities.at/" "Mozilla/5.0 (Windows NT 6.1; Trident/7.0; rv:11.0) like Gecko"
193.194.132.76 - - [12/Feb/2018:12:10:30 +0100] "GET /reload?ser=1518433830112 HTTP/1.1" 200 28 "http://renault.2web.at/account" "Mozilla/5.0 (Windows NT 6.1; WOW64; Trident/7.0; rv:11.0) like Gecko"
80.80.251.48 - - [12/Feb/2018:12:11:22 +0100] "GET /reload?ser=1518433882197 HTTP/1.1" 200 28 "http://renault.activities.at/10201634" "Mozilla/5.0 (Windows NT 10.0; WOW64; Trident/7.0; rv:11.0) like Gecko"
91.130.43.14 - - [12/Feb/2018:12:11:25 +0100] "GET /reload?ser=1518433885443 HTTP/1.1" 200 28 "http://renault.activities.at/" "Mozilla/5.0 (Windows NT 6.1; Trident/7.0; rv:11.0) like Gecko"
193.194.132.76 - - [12/Feb/2018:12:11:31 +0100] "GET /reload?ser=1518433891156 HTTP/1.1" 200 28 "http://renault.2web.at/account" "Mozilla/5.0 (Windows NT 6.1; WOW64; Trident/7.0; rv:11.0) like Gecko"
80.80.251.48 - - [12/Feb/2018:12:12:23 +0100] "GET /reload?ser=1518433943213 HTTP/1.1" 200 28 "http://renault.activities.at/10201634" "Mozilla/5.0 (Windows NT 10.0; WOW64; Trident/7.0; rv:11.0) like Gecko"
91.130.43.14 - - [12/Feb/2018:12:12:26 +0100] "GET /reload?ser=1518433946126 HTTP/1.1" 200 28 "http://renault.activities.at/" "Mozilla/5.0 (Windows NT 6.1; Trident/7.0; rv:11.0) like Gecko"
193.194.132.76 - - [12/Feb/2018:12:12:32 +0100] "GET /reload?ser=1518433952247 HTTP/1.1" 200 28 "http://renault.2web.at/account" "Mozilla/5.0 (Windows NT 6.1; WOW64; Trident/7.0; rv:11.0) like Gecko"
80.80.251.48 - - [12/Feb/2018:12:13:24 +0100] "GET /reload?ser=1518434004230 HTTP/1.1" 200 28 "http://renault.activities.at/10201634" "Mozilla/5.0 (Windows NT 10.0; WOW64; Trident/7.0; rv:11.0) like Gecko"
91.130.43.14 - - [12/Feb/2018:12:13:26 +0100] "GET /reload?ser=1518434006918 HTTP/1.1" 200 28 "http://renault.activities.at/" "Mozilla/5.0 (Windows NT 6.1; Trident/7.0; rv:11.0) like Gecko"
193.194.132.76 - - [12/Feb/2018:12:13:33 +0100] "GET /reload?ser=1518434013374 HTTP/1.1" 200 28 "http://renault.2web.at/account" "Mozilla/5.0 (Windows NT 6.1; WOW64; Trident/7.0; rv:11.0) like Gecko"
80.80.251.48 - - [12/Feb/2018:12:14:25 +0100] "GET /reload?ser=1518434065216 HTTP/1.1" 200 28 "http://renault.activities.at/10201634" "Mozilla/5.0 (Windows NT 10.0; WOW64; Trident/7.0; rv:11.0) like Gecko"
91.130.43.14 - - [12/Feb/2018:12:14:27 +0100] "GET /reload?ser=1518434067585 HTTP/1.1" 200 28 "http://renault.activities.at/" "Mozilla/5.0 (Windows NT 6.1; Trident/7.0; rv:11.0) like Gecko"
193.194.132.76 - - [12/Feb/2018:12:14:34 +0100] "GET /reload?ser=1518434074458 HTTP/1.1" 200 28 "http://renault.2web.at/account" "Mozilla/5.0 (Windows NT 6.1; WOW64; Trident/7.0; rv:11.0) like Gecko"
80.80.251.48 - - [12/Feb/2018:12:15:26 +0100] "GET /reload?ser=1518434126202 HTTP/1.1" 200 28 "http://renault.activities.at/10201634" "Mozilla/5.0 (Windows NT 10.0; WOW64; Trident/7.0; rv:11.0) like Gecko"
91.130.43.14 - - [12/Feb/2018:12:15:28 +0100] "GET /reload?ser=1518434128237 HTTP/1.1" 200 28 "http://renault.activities.at/" "Mozilla/5.0 (Windows NT 6.1; Trident/7.0; rv:11.0) like Gecko"
193.194.132.76 - - [12/Feb/2018:12:15:35 +0100] "GET /reload?ser=1518434135551 HTTP/1.1" 200 28 "http://renault.2web.at/account" "Mozilla/5.0 (Windows NT 6.1; WOW64; Trident/7.0; rv:11.0) like Gecko"
80.80.251.48 - - [12/Feb/2018:12:16:27 +0100] "GET /reload?ser=1518434187172 HTTP/1.1" 200 28 "http://renault.activities.at/10201634" "Mozilla/5.0 (Windows NT 10.0; WOW64; Trident/7.0; rv:11.0) like Gecko"
91.130.43.14 - - [12/Feb/2018:12:16:28 +0100] "GET /reload?ser=1518434188904 HTTP/1.1" 200 28 "http://renault.activities.at/" "Mozilla/5.0 (Windows NT 6.1; Trident/7.0; rv:11.0) like Gecko"
193.194.132.76 - - [12/Feb/2018:12:16:36 +0100] "GET /reload?ser=1518434196626 HTTP/1.1" 200 28 "http://renault.2web.at/account" "Mozilla/5.0 (Windows NT 6.1; WOW64; Trident/7.0; rv:11.0) like Gecko"
80.80.251.48 - - [12/Feb/2018:12:17:28 +0100] "GET /reload?ser=1518434248173 HTTP/1.1" 200 28 "http://renault.activities.at/10201634" "Mozilla/5.0 (Windows NT 10.0; WOW64; Trident/7.0; rv:11.0) like Gecko"
91.130.43.14 - - [12/Feb/2018:12:17:29 +0100] "GET /reload?ser=1518434249571 HTTP/1.1" 200 28 "http://renault.activities.at/" "Mozilla/5.0 (Windows NT 6.1; Trident/7.0; rv:11.0) like Gecko"
193.194.132.76 - - [12/Feb/2018:12:17:37 +0100] "GET /reload?ser=1518434257734 HTTP/1.1" 200 28 "http://renault.2web.at/account" "Mozilla/5.0 (Windows NT 6.1; WOW64; Trident/7.0; rv:11.0) like Gecko"
80.80.251.48 - - [12/Feb/2018:12:18:29 +0100] "GET /reload?ser=1518434309143 HTTP/1.1" 200 28 "http://renault.activities.at/10201634" "Mozilla/5.0 (Windows NT 10.0; WOW64; Trident/7.0; rv:11.0) like Gecko"
91.130.43.14 - - [12/Feb/2018:12:18:30 +0100] "GET /reload?ser=1518434310254 HTTP/1.1" 200 28 "http://renault.activities.at/" "Mozilla/5.0 (Windows NT 6.1; Trident/7.0; rv:11.0) like Gecko"
193.194.132.76 - - [12/Feb/2018:12:18:38 +0100] "GET /reload?ser=1518434318785 HTTP/1.1" 200 28 "http://renault.2web.at/account" "Mozilla/5.0 (Windows NT 6.1; WOW64; Trident/7.0; rv:11.0) like Gecko"
80.80.251.48 - - [12/Feb/2018:12:19:30 +0100] "GET /reload?ser=1518434370129 HTTP/1.1" 200 28 "http://renault.activities.at/10201634" "Mozilla/5.0 (Windows NT 10.0; WOW64; Trident/7.0; rv:11.0) like Gecko"
91.130.43.14 - - [12/Feb/2018:12:19:30 +0100] "GET /reload?ser=1518434370947 HTTP/1.1" 200 28 "http://renault.activities.at/" "Mozilla/5.0 (Windows NT 6.1; Trident/7.0; rv:11.0) like Gecko"
193.194.132.76 - - [12/Feb/2018:12:19:39 +0100] "GET /reload?ser=1518434379871 HTTP/1.1" 200 28 "http://renault.2web.at/account" "Mozilla/5.0 (Windows NT 6.1; WOW64; Trident/7.0; rv:11.0) like Gecko"
91.130.43.14 - - [12/Feb/2018:12:20:31 +0100] "GET /reload?ser=1518434431614 HTTP/1.1" 200 28 "http://renault.activities.at/" "Mozilla/5.0 (Windows NT 6.1; Trident/7.0; rv:11.0) like Gecko"
80.80.251.48 - - [12/Feb/2018:12:20:31 +0100] "GET /reload?ser=1518434431161 HTTP/1.1" 200 28 "http://renault.activities.at/10201634" "Mozilla/5.0 (Windows NT 10.0; WOW64; Trident/7.0; rv:11.0) like Gecko"
193.194.132.76 - - [12/Feb/2018:12:20:41 +0100] "GET /reload?ser=1518434440937 HTTP/1.1" 200 28 "http://renault.2web.at/account" "Mozilla/5.0 (Windows NT 6.1; WOW64; Trident/7.0; rv:11.0) like Gecko"
91.130.43.14 - - [12/Feb/2018:12:21:32 +0100] "GET /reload?ser=1518434492265 HTTP/1.1" 200 28 "http://renault.activities.at/" "Mozilla/5.0 (Windows NT 6.1; Trident/7.0; rv:11.0) like Gecko"
80.80.251.48 - - [12/Feb/2018:12:21:32 +0100] "GET /reload?ser=1518434492162 HTTP/1.1" 200 28 "http://renault.activities.at/10201634" "Mozilla/5.0 (Windows NT 10.0; WOW64; Trident/7.0; rv:11.0) like Gecko"
193.194.132.76 - - [12/Feb/2018:12:21:42 +0100] "GET /reload?ser=1518434502077 HTTP/1.1" 200 28 "http://renault.2web.at/account" "Mozilla/5.0 (Windows NT 6.1; WOW64; Trident/7.0; rv:11.0) like Gecko"
91.130.43.14 - - [12/Feb/2018:12:22:32 +0100] "GET /reload?ser=1518434552933 HTTP/1.1" 200 28 "http://renault.activities.at/" "Mozilla/5.0 (Windows NT 6.1; Trident/7.0; rv:11.0) like Gecko"
80.80.251.48 - - [12/Feb/2018:12:22:33 +0100] "GET /reload?ser=1518434553164 HTTP/1.1" 200 28 "http://renault.activities.at/10201634" "Mozilla/5.0 (Windows NT 10.0; WOW64; Trident/7.0; rv:11.0) like Gecko"
193.194.132.76 - - [12/Feb/2018:12:22:43 +0100] "GET /reload?ser=1518434563153 HTTP/1.1" 200 28 "http://renault.2web.at/account" "Mozilla/5.0 (Windows NT 6.1; WOW64; Trident/7.0; rv:11.0) like Gecko"
91.130.43.14 - - [12/Feb/2018:12:23:33 +0100] "GET /reload?ser=1518434613600 HTTP/1.1" 200 28 "http://renault.activities.at/" "Mozilla/5.0 (Windows NT 6.1; Trident/7.0; rv:11.0) like Gecko"
80.80.251.48 - - [12/Feb/2018:12:23:34 +0100] "GET /reload?ser=1518434614134 HTTP/1.1" 200 28 "http://renault.activities.at/10201634" "Mozilla/5.0 (Windows NT 10.0; WOW64; Trident/7.0; rv:11.0) like Gecko"
193.194.132.76 - - [12/Feb/2018:12:23:44 +0100] "GET /reload?ser=1518434624268 HTTP/1.1" 200 28 "http://renault.2web.at/account" "Mozilla/5.0 (Windows NT 6.1; WOW64; Trident/7.0; rv:11.0) like Gecko"
91.130.43.14 - - [12/Feb/2018:12:24:34 +0100] "GET /reload?ser=1518434674267 HTTP/1.1" 200 28 "http://renault.activities.at/" "Mozilla/5.0 (Windows NT 6.1; Trident/7.0; rv:11.0) like Gecko"
80.80.251.48 - - [12/Feb/2018:12:24:35 +0100] "GET /reload?ser=1518434675119 HTTP/1.1" 200 28 "http://renault.activities.at/10201634" "Mozilla/5.0 (Windows NT 10.0; WOW64; Trident/7.0; rv:11.0) like Gecko"
193.194.132.76 - - [12/Feb/2018:12:24:45 +0100] "GET /reload?ser=1518434685427 HTTP/1.1" 200 28 "http://renault.2web.at/account" "Mozilla/5.0 (Windows NT 6.1; WOW64; Trident/7.0; rv:11.0) like Gecko"
91.130.43.14 - - [12/Feb/2018:12:25:34 +0100] "GET /reload?ser=1518434734934 HTTP/1.1" 200 28 "http://renault.activities.at/" "Mozilla/5.0 (Windows NT 6.1; Trident/7.0; rv:11.0) like Gecko"
80.80.251.48 - - [12/Feb/2018:12:25:36 +0100] "GET /reload?ser=1518434736214 HTTP/1.1" 200 28 "http://renault.activities.at/10201634" "Mozilla/5.0 (Windows NT 10.0; WOW64; Trident/7.0; rv:11.0) like Gecko"
193.194.132.76 - - [12/Feb/2018:12:25:46 +0100] "GET /reload?ser=1518434746589 HTTP/1.1" 200 28 "http://renault.2web.at/account" "Mozilla/5.0 (Windows NT 6.1; WOW64; Trident/7.0; rv:11.0) like Gecko"
87.250.224.32 - - [12/Feb/2018:12:26:02 +0100] "GET /robots.txt HTTP/1.1" 404 372 "-" "Mozilla/5.0 (compatible; YandexBot/3.0; +http://yandex.com/bots)"
87.250.224.32 - - [12/Feb/2018:12:26:06 +0100] "GET /10260003?dir=DESC&mode=list&order=name&limit=10&detail=717738 HTTP/1.1" 200 3635 "-" "Mozilla/5.0 (compatible; YandexBot/3.0; +http://yandex.com/bots)"
91.130.43.14 - - [12/Feb/2018:12:26:35 +0100] "GET /reload?ser=1518434795602 HTTP/1.1" 200 28 "http://renault.activities.at/" "Mozilla/5.0 (Windows NT 6.1; Trident/7.0; rv:11.0) like Gecko"
80.80.251.48 - - [12/Feb/2018:12:26:37 +0100] "GET /reload?ser=1518434797154 HTTP/1.1" 200 28 "http://renault.activities.at/10201634" "Mozilla/5.0 (Windows NT 10.0; WOW64; Trident/7.0; rv:11.0) like Gecko"
193.194.132.76 - - [12/Feb/2018:12:26:47 +0100] "GET /reload?ser=1518434807669 HTTP/1.1" 200 28 "http://renault.2web.at/account" "Mozilla/5.0 (Windows NT 6.1; WOW64; Trident/7.0; rv:11.0) like Gecko"
91.130.43.14 - - [12/Feb/2018:12:27:36 +0100] "GET /reload?ser=1518434856269 HTTP/1.1" 200 28 "http://renault.activities.at/" "Mozilla/5.0 (Windows NT 6.1; Trident/7.0; rv:11.0) like Gecko"
80.80.251.48 - - [12/Feb/2018:12:27:38 +0100] "GET /reload?ser=1518434858139 HTTP/1.1" 200 28 "http://renault.activities.at/10201634" "Mozilla/5.0 (Windows NT 10.0; WOW64; Trident/7.0; rv:11.0) like Gecko"
193.194.132.76 - - [12/Feb/2018:12:27:48 +0100] "GET /reload?ser=1518434868796 HTTP/1.1" 200 28 "http://renault.2web.at/account" "Mozilla/5.0 (Windows NT 6.1; WOW64; Trident/7.0; rv:11.0) like Gecko"
91.130.43.14 - - [12/Feb/2018:12:28:36 +0100] "GET /reload?ser=1518434916936 HTTP/1.1" 200 28 "http://renault.activities.at/" "Mozilla/5.0 (Windows NT 6.1; Trident/7.0; rv:11.0) like Gecko"
80.80.251.48 - - [12/Feb/2018:12:28:39 +0100] "GET /reload?ser=1518434919140 HTTP/1.1" 200 28 "http://renault.activities.at/10201634" "Mozilla/5.0 (Windows NT 10.0; WOW64; Trident/7.0; rv:11.0) like Gecko"
193.194.132.76 - - [12/Feb/2018:12:28:50 +0100] "GET /reload?ser=1518434929890 HTTP/1.1" 200 28 "http://renault.2web.at/account" "Mozilla/5.0 (Windows NT 6.1; WOW64; Trident/7.0; rv:11.0) like Gecko"
91.130.43.14 - - [12/Feb/2018:12:29:37 +0100] "GET /reload?ser=1518434977619 HTTP/1.1" 200 28 "http://renault.activities.at/" "Mozilla/5.0 (Windows NT 6.1; Trident/7.0; rv:11.0) like Gecko"
80.80.251.48 - - [12/Feb/2018:12:29:40 +0100] "GET /reload?ser=1518434980126 HTTP/1.1" 200 28 "http://renault.activities.at/10201634" "Mozilla/5.0 (Windows NT 10.0; WOW64; Trident/7.0; rv:11.0) like Gecko"
193.194.132.76 - - [12/Feb/2018:12:29:51 +0100] "GET /reload?ser=1518434991009 HTTP/1.1" 200 28 "http://renault.2web.at/account" "Mozilla/5.0 (Windows NT 6.1; WOW64; Trident/7.0; rv:11.0) like Gecko"
91.130.43.14 - - [12/Feb/2018:12:30:38 +0100] "GET /reload?ser=1518435038271 HTTP/1.1" 200 28 "http://renault.activities.at/" "Mozilla/5.0 (Windows NT 6.1; Trident/7.0; rv:11.0) like Gecko"
80.80.251.48 - - [12/Feb/2018:12:30:41 +0100] "GET /reload?ser=1518435041143 HTTP/1.1" 200 28 "http://renault.activities.at/10201634" "Mozilla/5.0 (Windows NT 10.0; WOW64; Trident/7.0; rv:11.0) like Gecko"
193.194.132.76 - - [12/Feb/2018:12:30:52 +0100] "GET /reload?ser=1518435052163 HTTP/1.1" 200 28 "http://renault.2web.at/account" "Mozilla/5.0 (Windows NT 6.1; WOW64; Trident/7.0; rv:11.0) like Gecko"
91.130.43.14 - - [12/Feb/2018:12:31:38 +0100] "GET /reload?ser=1518435098938 HTTP/1.1" 200 28 "http://renault.activities.at/" "Mozilla/5.0 (Windows NT 6.1; Trident/7.0; rv:11.0) like Gecko"
80.80.251.48 - - [12/Feb/2018:12:31:42 +0100] "GET /reload?ser=1518435102128 HTTP/1.1" 200 28 "http://renault.activities.at/10201634" "Mozilla/5.0 (Windows NT 10.0; WOW64; Trident/7.0; rv:11.0) like Gecko"
193.194.132.76 - - [12/Feb/2018:12:31:53 +0100] "GET /reload?ser=1518435113256 HTTP/1.1" 200 28 "http://renault.2web.at/account" "Mozilla/5.0 (Windows NT 6.1; WOW64; Trident/7.0; rv:11.0) like Gecko"
91.130.43.14 - - [12/Feb/2018:12:32:39 +0100] "GET /reload?ser=1518435159605 HTTP/1.1" 200 28 "http://renault.activities.at/" "Mozilla/5.0 (Windows NT 6.1; Trident/7.0; rv:11.0) like Gecko"
131.253.25.160 - - [12/Feb/2018:12:32:41 +0100] "GET /js/index.php?c=auto&f=,prototype/prototype.js,prototype/validation.js,scriptaculous/builder.js,scriptaculous/effects.js,scriptaculous/dragdrop.js,scriptaculous/controls.js,scriptaculous/slider.js,varien/js.js,varien/form.js,varien/menu.js,mage/translate.js,mage/cookies.js,varien/product.js,spinner/SpinnerControl.jsmin.js,prototype/window.js,prototype/window_ext.js HTTP/1.1" 200 398646 "-" "Mozilla/5.0 (iPhone; CPU iPhone OS 7_0 like Mac OS X) AppleWebKit/537.51.1 (KHTML, like Gecko) Version/7.0 Mobile/11A465 Safari/9537.53 BingPreview/1.0b"
80.80.251.48 - - [12/Feb/2018:12:32:43 +0100] "GET /reload?ser=1518435163082 HTTP/1.1" 200 28 "http://renault.activities.at/10201634" "Mozilla/5.0 (Windows NT 10.0; WOW64; Trident/7.0; rv:11.0) like Gecko"
131.253.25.170 - - [12/Feb/2018:12:32:44 +0100] "GET /css/reset.css HTTP/1.1" 200 3591 "-" "Mozilla/5.0 (iPhone; CPU iPhone OS 7_0 like Mac OS X) AppleWebKit/537.51.1 (KHTML, like Gecko) Version/7.0 Mobile/11A465 Safari/9537.53 BingPreview/1.0b"
131.253.25.156 - - [12/Feb/2018:12:32:44 +0100] "GET /css/clears.css HTTP/1.1" 200 1978 "-" "Mozilla/5.0 (iPhone; CPU iPhone OS 7_0 like Mac OS X) AppleWebKit/537.51.1 (KHTML, like Gecko) Version/7.0 Mobile/11A465 Safari/9537.53 BingPreview/1.0b"
131.253.27.110 - - [12/Feb/2018:12:32:45 +0100] "GET /css/prototip.css HTTP/1.1" 200 3299 "-" "Mozilla/5.0 (iPhone; CPU iPhone OS 7_0 like Mac OS X) AppleWebKit/537.51.1 (KHTML, like Gecko) Version/7.0 Mobile/11A465 Safari/9537.53 BingPreview/1.0b"
131.253.27.79 - - [12/Feb/2018:12:32:45 +0100] "GET /css/themes/alphacube.css HTTP/1.1" 200 2665 "-" "Mozilla/5.0 (iPhone; CPU iPhone OS 7_0 like Mac OS X) AppleWebKit/537.51.1 (KHTML, like Gecko) Version/7.0 Mobile/11A465 Safari/9537.53 BingPreview/1.0b"
193.194.132.76 - - [12/Feb/2018:12:32:54 +0100] "GET /reload?ser=1518435174396 HTTP/1.1" 200 28 "http://renault.2web.at/account" "Mozilla/5.0 (Windows NT 6.1; WOW64; Trident/7.0; rv:11.0) like Gecko"
91.130.43.14 - - [12/Feb/2018:12:33:40 +0100] "GET /reload?ser=1518435220288 HTTP/1.1" 200 28 "http://renault.activities.at/" "Mozilla/5.0 (Windows NT 6.1; Trident/7.0; rv:11.0) like Gecko"
80.80.251.48 - - [12/Feb/2018:12:33:44 +0100] "GET /reload?ser=1518435224131 HTTP/1.1" 200 28 "http://renault.activities.at/10201634" "Mozilla/5.0 (Windows NT 10.0; WOW64; Trident/7.0; rv:11.0) like Gecko"
193.194.132.76 - - [12/Feb/2018:12:33:55 +0100] "GET /reload?ser=1518435235541 HTTP/1.1" 200 28 "http://renault.2web.at/account" "Mozilla/5.0 (Windows NT 6.1; WOW64; Trident/7.0; rv:11.0) like Gecko"
91.130.43.14 - - [12/Feb/2018:12:34:40 +0100] "GET /reload?ser=1518435280955 HTTP/1.1" 200 28 "http://renault.activities.at/" "Mozilla/5.0 (Windows NT 6.1; Trident/7.0; rv:11.0) like Gecko"
80.80.251.48 - - [12/Feb/2018:12:34:45 +0100] "GET /reload?ser=1518435285116 HTTP/1.1" 200 28 "http://renault.activities.at/10201634" "Mozilla/5.0 (Windows NT 10.0; WOW64; Trident/7.0; rv:11.0) like Gecko"
193.194.132.76 - - [12/Feb/2018:12:34:56 +0100] "GET /reload?ser=1518435296589 HTTP/1.1" 200 28 "http://renault.2web.at/account" "Mozilla/5.0 (Windows NT 6.1; WOW64; Trident/7.0; rv:11.0) like Gecko"
91.130.43.14 - - [12/Feb/2018:12:35:41 +0100] "GET /reload?ser=1518435341623 HTTP/1.1" 200 28 "http://renault.activities.at/" "Mozilla/5.0 (Windows NT 6.1; Trident/7.0; rv:11.0) like Gecko"
80.80.251.48 - - [12/Feb/2018:12:35:46 +0100] "GET /reload?ser=1518435346118 HTTP/1.1" 200 28 "http://renault.activities.at/10201634" "Mozilla/5.0 (Windows NT 10.0; WOW64; Trident/7.0; rv:11.0) like Gecko"
193.194.132.76 - - [12/Feb/2018:12:35:57 +0100] "GET /reload?ser=1518435357680 HTTP/1.1" 200 28 "http://renault.2web.at/account" "Mozilla/5.0 (Windows NT 6.1; WOW64; Trident/7.0; rv:11.0) like Gecko"
91.130.43.14 - - [12/Feb/2018:12:36:42 +0100] "GET /reload?ser=1518435402305 HTTP/1.1" 200 28 "http://renault.activities.at/" "Mozilla/5.0 (Windows NT 6.1; Trident/7.0; rv:11.0) like Gecko"
80.80.251.48 - - [12/Feb/2018:12:36:47 +0100] "GET /reload?ser=1518435407119 HTTP/1.1" 200 28 "http://renault.activities.at/10201634" "Mozilla/5.0 (Windows NT 10.0; WOW64; Trident/7.0; rv:11.0) like Gecko"
193.194.132.76 - - [12/Feb/2018:12:36:58 +0100] "GET /reload?ser=1518435418805 HTTP/1.1" 200 28 "http://renault.2web.at/account" "Mozilla/5.0 (Windows NT 6.1; WOW64; Trident/7.0; rv:11.0) like Gecko"
91.130.43.14 - - [12/Feb/2018:12:37:42 +0100] "GET /reload?ser=1518435462988 HTTP/1.1" 200 28 "http://renault.activities.at/" "Mozilla/5.0 (Windows NT 6.1; Trident/7.0; rv:11.0) like Gecko"
80.80.251.48 - - [12/Feb/2018:12:37:48 +0100] "GET /reload?ser=1518435468089 HTTP/1.1" 200 28 "http://renault.activities.at/10201634" "Mozilla/5.0 (Windows NT 10.0; WOW64; Trident/7.0; rv:11.0) like Gecko"
193.194.132.76 - - [12/Feb/2018:12:38:00 +0100] "GET /reload?ser=1518435479919 HTTP/1.1" 200 28 "http://renault.2web.at/account" "Mozilla/5.0 (Windows NT 6.1; WOW64; Trident/7.0; rv:11.0) like Gecko"
91.130.43.14 - - [12/Feb/2018:12:38:43 +0100] "GET /reload?ser=1518435523656 HTTP/1.1" 200 28 "http://renault.activities.at/" "Mozilla/5.0 (Windows NT 6.1; Trident/7.0; rv:11.0) like Gecko"
80.80.251.48 - - [12/Feb/2018:12:38:49 +0100] "GET /reload?ser=1518435529090 HTTP/1.1" 200 28 "http://renault.activities.at/10201634" "Mozilla/5.0 (Windows NT 10.0; WOW64; Trident/7.0; rv:11.0) like Gecko"
193.194.132.76 - - [12/Feb/2018:12:39:01 +0100] "GET /reload?ser=1518435541044 HTTP/1.1" 200 28 "http://renault.2web.at/account" "Mozilla/5.0 (Windows NT 6.1; WOW64; Trident/7.0; rv:11.0) like Gecko"
91.130.43.14 - - [12/Feb/2018:12:39:44 +0100] "GET /reload?ser=1518435584364 HTTP/1.1" 200 28 "http://renault.activities.at/" "Mozilla/5.0 (Windows NT 6.1; Trident/7.0; rv:11.0) like Gecko"
80.80.251.48 - - [12/Feb/2018:12:39:50 +0100] "GET /reload?ser=1518435590123 HTTP/1.1" 200 28 "http://renault.activities.at/10201634" "Mozilla/5.0 (Windows NT 10.0; WOW64; Trident/7.0; rv:11.0) like Gecko"
193.194.132.76 - - [12/Feb/2018:12:40:02 +0100] "GET /reload?ser=1518435602176 HTTP/1.1" 200 28 "http://renault.2web.at/account" "Mozilla/5.0 (Windows NT 6.1; WOW64; Trident/7.0; rv:11.0) like Gecko"
91.130.43.14 - - [12/Feb/2018:12:40:44 +0100] "GET /reload?ser=1518435645015 HTTP/1.1" 200 28 "http://renault.activities.at/" "Mozilla/5.0 (Windows NT 6.1; Trident/7.0; rv:11.0) like Gecko"
80.80.251.48 - - [12/Feb/2018:12:40:51 +0100] "GET /reload?ser=1518435651108 HTTP/1.1" 200 28 "http://renault.activities.at/10201634" "Mozilla/5.0 (Windows NT 10.0; WOW64; Trident/7.0; rv:11.0) like Gecko"
193.194.132.76 - - [12/Feb/2018:12:41:03 +0100] "GET /reload?ser=1518435663273 HTTP/1.1" 200 28 "http://renault.2web.at/account" "Mozilla/5.0 (Windows NT 6.1; WOW64; Trident/7.0; rv:11.0) like Gecko"
91.130.43.14 - - [12/Feb/2018:12:41:45 +0100] "GET /reload?ser=1518435705682 HTTP/1.1" 200 28 "http://renault.activities.at/" "Mozilla/5.0 (Windows NT 6.1; Trident/7.0; rv:11.0) like Gecko"
80.80.251.48 - - [12/Feb/2018:12:41:52 +0100] "GET /reload?ser=1518435712047 HTTP/1.1" 200 28 "http://renault.activities.at/10201634" "Mozilla/5.0 (Windows NT 10.0; WOW64; Trident/7.0; rv:11.0) like Gecko"
193.194.132.76 - - [12/Feb/2018:12:42:04 +0100] "GET /reload?ser=1518435724443 HTTP/1.1" 200 28 "http://renault.2web.at/account" "Mozilla/5.0 (Windows NT 6.1; WOW64; Trident/7.0; rv:11.0) like Gecko"
91.130.43.14 - - [12/Feb/2018:12:42:46 +0100] "GET /reload?ser=1518435766350 HTTP/1.1" 200 28 "http://renault.activities.at/" "Mozilla/5.0 (Windows NT 6.1; Trident/7.0; rv:11.0) like Gecko"
80.80.251.48 - - [12/Feb/2018:12:42:53 +0100] "GET /reload?ser=1518435773048 HTTP/1.1" 200 28 "http://renault.activities.at/10201634" "Mozilla/5.0 (Windows NT 10.0; WOW64; Trident/7.0; rv:11.0) like Gecko"
193.194.132.76 - - [12/Feb/2018:12:43:05 +0100] "GET /reload?ser=1518435785599 HTTP/1.1" 200 28 "http://renault.2web.at/account" "Mozilla/5.0 (Windows NT 6.1; WOW64; Trident/7.0; rv:11.0) like Gecko"
91.130.43.14 - - [12/Feb/2018:12:43:46 +0100] "GET /reload?ser=1518435827017 HTTP/1.1" 200 28 "http://renault.activities.at/" "Mozilla/5.0 (Windows NT 6.1; Trident/7.0; rv:11.0) like Gecko"
80.80.251.48 - - [12/Feb/2018:12:43:52 +0100] "GET /images/vista-dn-hover.gif HTTP/1.1" 200 127 "http://renault.activities.at/10201634" "Mozilla/5.0 (Windows NT 10.0; WOW64; Trident/7.0; rv:11.0) like Gecko"
80.80.251.48 - - [12/Feb/2018:12:43:49 +0100] "GET /10201634?cat=10260257 HTTP/1.1" 200 8603 "http://renault.activities.at/10201634" "Mozilla/5.0 (Windows NT 10.0; WOW64; Trident/7.0; rv:11.0) like Gecko"
80.80.251.48 - - [12/Feb/2018:12:43:52 +0100] "GET /loadthumbnail.php?id=10201939&width=15&height=15 HTTP/1.1" 200 201 "http://renault.activities.at/10201634?cat=10260257" "Mozilla/5.0 (Windows NT 10.0; WOW64; Trident/7.0; rv:11.0) like Gecko"
80.80.251.48 - - [12/Feb/2018:12:44:03 +0100] "GET /10201634?dir=DESC&mode=grid&order=name&limit=15&page=2&cat=10260257 HTTP/1.1" 200 8950 "http://renault.activities.at/10201634?cat=10260257" "Mozilla/5.0 (Windows NT 10.0; WOW64; Trident/7.0; rv:11.0) like Gecko"
80.80.251.48 - - [12/Feb/2018:12:44:07 +0100] "GET /loadthumbnail.php?id=10203275 HTTP/1.1" 200 85 "http://renault.activities.at/10201634?dir=DESC&mode=grid&order=name&limit=15&page=2&cat=10260257" "Mozilla/5.0 (Windows NT 10.0; WOW64; Trident/7.0; rv:11.0) like Gecko"
80.80.251.48 - - [12/Feb/2018:12:44:07 +0100] "GET /loadthumbnail.php?id=11679086&width=113 HTTP/1.1" 200 33735 "http://renault.activities.at/10201634?dir=DESC&mode=grid&order=name&limit=15&page=2&cat=10260257" "Mozilla/5.0 (Windows NT 10.0; WOW64; Trident/7.0; rv:11.0) like Gecko"
80.80.251.48 - - [12/Feb/2018:12:44:07 +0100] "GET /loadthumbnail.php?id=11543815&width=113 HTTP/1.1" 200 1975 "http://renault.activities.at/10201634?dir=DESC&mode=grid&order=name&limit=15&page=2&cat=10260257" "Mozilla/5.0 (Windows NT 10.0; WOW64; Trident/7.0; rv:11.0) like Gecko"
80.80.251.48 - - [12/Feb/2018:12:44:07 +0100] "GET /loadthumbnail.php?id=11667527&width=113 HTTP/1.1" 200 12027 "http://renault.activities.at/10201634?dir=DESC&mode=grid&order=name&limit=15&page=2&cat=10260257" "Mozilla/5.0 (Windows NT 10.0; WOW64; Trident/7.0; rv:11.0) like Gecko"
80.80.251.48 - - [12/Feb/2018:12:44:07 +0100] "GET /loadthumbnail.php?id=11666767&width=113 HTTP/1.1" 200 11744 "http://renault.activities.at/10201634?dir=DESC&mode=grid&order=name&limit=15&page=2&cat=10260257" "Mozilla/5.0 (Windows NT 10.0; WOW64; Trident/7.0; rv:11.0) like Gecko"
80.80.251.48 - - [12/Feb/2018:12:44:07 +0100] "GET /loadthumbnail.php?id=11487305&width=113 HTTP/1.1" 200 39775 "http://renault.activities.at/10201634?dir=DESC&mode=grid&order=name&limit=15&page=2&cat=10260257" "Mozilla/5.0 (Windows NT 10.0; WOW64; Trident/7.0; rv:11.0) like Gecko"
80.80.251.48 - - [12/Feb/2018:12:44:07 +0100] "GET /loadthumbnail.php?id=11487313&width=113 HTTP/1.1" 200 54495 "http://renault.activities.at/10201634?dir=DESC&mode=grid&order=name&limit=15&page=2&cat=10260257" "Mozilla/5.0 (Windows NT 10.0; WOW64; Trident/7.0; rv:11.0) like Gecko"
80.80.251.48 - - [12/Feb/2018:12:44:07 +0100] "GET /loadthumbnail.php?id=11586948&width=113 HTTP/1.1" 200 5839 "http://renault.activities.at/10201634?dir=DESC&mode=grid&order=name&limit=15&page=2&cat=10260257" "Mozilla/5.0 (Windows NT 10.0; WOW64; Trident/7.0; rv:11.0) like Gecko"
80.80.251.48 - - [12/Feb/2018:12:44:07 +0100] "GET /loadthumbnail.php?id=11340123&width=113 HTTP/1.1" 200 5559 "http://renault.activities.at/10201634?dir=DESC&mode=grid&order=name&limit=15&page=2&cat=10260257" "Mozilla/5.0 (Windows NT 10.0; WOW64; Trident/7.0; rv:11.0) like Gecko"
80.80.251.48 - - [12/Feb/2018:12:44:07 +0100] "GET /loadthumbnail.php?id=11340124&width=113 HTTP/1.1" 200 4949 "http://renault.activities.at/10201634?dir=DESC&mode=grid&order=name&limit=15&page=2&cat=10260257" "Mozilla/5.0 (Windows NT 10.0; WOW64; Trident/7.0; rv:11.0) like Gecko"
80.80.251.48 - - [12/Feb/2018:12:44:07 +0100] "GET /loadthumbnail.php?id=11461719&width=113 HTTP/1.1" 200 32753 "http://renault.activities.at/10201634?dir=DESC&mode=grid&order=name&limit=15&page=2&cat=10260257" "Mozilla/5.0 (Windows NT 10.0; WOW64; Trident/7.0; rv:11.0) like Gecko"
80.80.251.48 - - [12/Feb/2018:12:44:07 +0100] "GET /loadthumbnail.php?id=11461707&width=113 HTTP/1.1" 200 27994 "http://renault.activities.at/10201634?dir=DESC&mode=grid&order=name&limit=15&page=2&cat=10260257" "Mozilla/5.0 (Windows NT 10.0; WOW64; Trident/7.0; rv:11.0) like Gecko"
80.80.251.48 - - [12/Feb/2018:12:44:07 +0100] "GET /loadthumbnail.php?id=11461714&width=113 HTTP/1.1" 200 9391 "http://renault.activities.at/10201634?dir=DESC&mode=grid&order=name&limit=15&page=2&cat=10260257" "Mozilla/5.0 (Windows NT 10.0; WOW64; Trident/7.0; rv:11.0) like Gecko"
80.80.251.48 - - [12/Feb/2018:12:44:07 +0100] "GET /loadthumbnail.php?id=11245117&width=113 HTTP/1.1" 200 2832 "http://renault.activities.at/10201634?dir=DESC&mode=grid&order=name&limit=15&page=2&cat=10260257" "Mozilla/5.0 (Windows NT 10.0; WOW64; Trident/7.0; rv:11.0) like Gecko"
193.194.132.76 - - [12/Feb/2018:12:44:06 +0100] "GET /reload?ser=1518435846685 HTTP/1.1" 200 28 "http://renault.2web.at/account" "Mozilla/5.0 (Windows NT 6.1; WOW64; Trident/7.0; rv:11.0) like Gecko"
80.80.251.48 - - [12/Feb/2018:12:44:07 +0100] "GET /loadthumbnail.php?id=11100138&width=113 HTTP/1.1" 200 4475 "http://renault.activities.at/10201634?dir=DESC&mode=grid&order=name&limit=15&page=2&cat=10260257" "Mozilla/5.0 (Windows NT 10.0; WOW64; Trident/7.0; rv:11.0) like Gecko"
80.80.251.48 - - [12/Feb/2018:12:44:07 +0100] "GET /loadthumbnail.php?id=10836228&width=113 HTTP/1.1" 200 4731 "http://renault.activities.at/10201634?dir=DESC&mode=grid&order=name&limit=15&page=2&cat=10260257" "Mozilla/5.0 (Windows NT 10.0; WOW64; Trident/7.0; rv:11.0) like Gecko"
80.80.251.48 - - [12/Feb/2018:12:44:23 +0100] "GET /10201634?dir=DESC&mode=grid&order=name&limit=15&page=3&cat=10260257 HTTP/1.1" 200 9017 "http://renault.activities.at/10201634?dir=DESC&mode=grid&order=name&limit=15&page=2&cat=10260257" "Mozilla/5.0 (Windows NT 10.0; WOW64; Trident/7.0; rv:11.0) like Gecko"
80.80.251.48 - - [12/Feb/2018:12:44:27 +0100] "GET /loadthumbnail.php?id=10836220&width=113 HTTP/1.1" 200 4675 "http://renault.activities.at/10201634?dir=DESC&mode=grid&order=name&limit=15&page=3&cat=10260257" "Mozilla/5.0 (Windows NT 10.0; WOW64; Trident/7.0; rv:11.0) like Gecko"
80.80.251.48 - - [12/Feb/2018:12:44:27 +0100] "GET /loadthumbnail.php?id=11627282&width=113 HTTP/1.1" 200 18342 "http://renault.activities.at/10201634?dir=DESC&mode=grid&order=name&limit=15&page=3&cat=10260257" "Mozilla/5.0 (Windows NT 10.0; WOW64; Trident/7.0; rv:11.0) like Gecko"
80.80.251.48 - - [12/Feb/2018:12:44:27 +0100] "GET /loadthumbnail.php?id=11493374&width=113 HTTP/1.1" 200 3339 "http://renault.activities.at/10201634?dir=DESC&mode=grid&order=name&limit=15&page=3&cat=10260257" "Mozilla/5.0 (Windows NT 10.0; WOW64; Trident/7.0; rv:11.0) like Gecko"
80.80.251.48 - - [12/Feb/2018:12:44:27 +0100] "GET /loadthumbnail.php?id=11340122&width=113 HTTP/1.1" 200 3786 "http://renault.activities.at/10201634?dir=DESC&mode=grid&order=name&limit=15&page=3&cat=10260257" "Mozilla/5.0 (Windows NT 10.0; WOW64; Trident/7.0; rv:11.0) like Gecko"
80.80.251.48 - - [12/Feb/2018:12:44:27 +0100] "GET /loadthumbnail.php?id=11340121&width=113 HTTP/1.1" 200 4540 "http://renault.activities.at/10201634?dir=DESC&mode=grid&order=name&limit=15&page=3&cat=10260257" "Mozilla/5.0 (Windows NT 10.0; WOW64; Trident/7.0; rv:11.0) like Gecko"
80.80.251.48 - - [12/Feb/2018:12:44:27 +0100] "GET /loadthumbnail.php?id=11435681&width=113 HTTP/1.1" 200 3946 "http://renault.activities.at/10201634?dir=DESC&mode=grid&order=name&limit=15&page=3&cat=10260257" "Mozilla/5.0 (Windows NT 10.0; WOW64; Trident/7.0; rv:11.0) like Gecko"
80.80.251.48 - - [12/Feb/2018:12:44:27 +0100] "GET /loadthumbnail.php?id=11538371&width=113 HTTP/1.1" 200 8307 "http://renault.activities.at/10201634?dir=DESC&mode=grid&order=name&limit=15&page=3&cat=10260257" "Mozilla/5.0 (Windows NT 10.0; WOW64; Trident/7.0; rv:11.0) like Gecko"
80.80.251.48 - - [12/Feb/2018:12:44:27 +0100] "GET /loadthumbnail.php?id=11340118&width=113 HTTP/1.1" 200 5862 "http://renault.activities.at/10201634?dir=DESC&mode=grid&order=name&limit=15&page=3&cat=10260257" "Mozilla/5.0 (Windows NT 10.0; WOW64; Trident/7.0; rv:11.0) like Gecko"
80.80.251.48 - - [12/Feb/2018:12:44:27 +0100] "GET /loadthumbnail.php?id=11355691&width=113 HTTP/1.1" 200 1198 "http://renault.activities.at/10201634?dir=DESC&mode=grid&order=name&limit=15&page=3&cat=10260257" "Mozilla/5.0 (Windows NT 10.0; WOW64; Trident/7.0; rv:11.0) like Gecko"
80.80.251.48 - - [12/Feb/2018:12:44:27 +0100] "GET /loadthumbnail.php?id=11340119&width=113 HTTP/1.1" 200 5321 "http://renault.activities.at/10201634?dir=DESC&mode=grid&order=name&limit=15&page=3&cat=10260257" "Mozilla/5.0 (Windows NT 10.0; WOW64; Trident/7.0; rv:11.0) like Gecko"
80.80.251.48 - - [12/Feb/2018:12:44:27 +0100] "GET /loadthumbnail.php?id=11226381&width=113 HTTP/1.1" 200 2887 "http://renault.activities.at/10201634?dir=DESC&mode=grid&order=name&limit=15&page=3&cat=10260257" "Mozilla/5.0 (Windows NT 10.0; WOW64; Trident/7.0; rv:11.0) like Gecko"
80.80.251.48 - - [12/Feb/2018:12:44:27 +0100] "GET /loadthumbnail.php?id=10203650&width=113 HTTP/1.1" 200 2741 "http://renault.activities.at/10201634?dir=DESC&mode=grid&order=name&limit=15&page=3&cat=10260257" "Mozilla/5.0 (Windows NT 10.0; WOW64; Trident/7.0; rv:11.0) like Gecko"
80.80.251.48 - - [12/Feb/2018:12:44:27 +0100] "GET /loadthumbnail.php?id=11340120&width=113 HTTP/1.1" 200 2962 "http://renault.activities.at/10201634?dir=DESC&mode=grid&order=name&limit=15&page=3&cat=10260257" "Mozilla/5.0 (Windows NT 10.0; WOW64; Trident/7.0; rv:11.0) like Gecko"
80.80.251.48 - - [12/Feb/2018:12:44:27 +0100] "GET /loadthumbnail.php?id=10970933&width=113 HTTP/1.1" 200 5132 "http://renault.activities.at/10201634?dir=DESC&mode=grid&order=name&limit=15&page=3&cat=10260257" "Mozilla/5.0 (Windows NT 10.0; WOW64; Trident/7.0; rv:11.0) like Gecko"
80.80.251.48 - - [12/Feb/2018:12:44:27 +0100] "GET /loadthumbnail.php?id=10413489&width=113 HTTP/1.1" 200 3213 "http://renault.activities.at/10201634?dir=DESC&mode=grid&order=name&limit=15&page=3&cat=10260257" "Mozilla/5.0 (Windows NT 10.0; WOW64; Trident/7.0; rv:11.0) like Gecko"
80.120.5.131 - - [12/Feb/2018:12:44:43 +0100] "GET /10201637 HTTP/1.1" 302 150 "-" "Mozilla/5.0 (Macintosh; Intel Mac OS X 10_13_1) AppleWebKit/604.3.5 (KHTML, like Gecko)"
80.120.5.131 - - [12/Feb/2018:12:44:46 +0100] "GET /login?required=true HTTP/1.1" 200 2086 "-" "Mozilla/5.0 (Macintosh; Intel Mac OS X 10_13_1) AppleWebKit/604.3.5 (KHTML, like Gecko)"
80.80.251.48 - - [12/Feb/2018:12:44:44 +0100] "GET /10201634?dir=DESC&mode=grid&order=name&limit=15&page=4&cat=10260257 HTTP/1.1" 200 7454 "http://renault.activities.at/10201634?dir=DESC&mode=grid&order=name&limit=15&page=3&cat=10260257" "Mozilla/5.0 (Windows NT 10.0; WOW64; Trident/7.0; rv:11.0) like Gecko"
80.80.251.48 - - [12/Feb/2018:12:44:47 +0100] "GET /loadthumbnail.php?id=10970934&width=113 HTTP/1.1" 200 4103 "http://renault.activities.at/10201634?dir=DESC&mode=grid&order=name&limit=15&page=4&cat=10260257" "Mozilla/5.0 (Windows NT 10.0; WOW64; Trident/7.0; rv:11.0) like Gecko"
80.80.251.48 - - [12/Feb/2018:12:44:47 +0100] "GET /loadthumbnail.php?id=10970931&width=113 HTTP/1.1" 200 6246 "http://renault.activities.at/10201634?dir=DESC&mode=grid&order=name&limit=15&page=4&cat=10260257" "Mozilla/5.0 (Windows NT 10.0; WOW64; Trident/7.0; rv:11.0) like Gecko"
80.80.251.48 - - [12/Feb/2018:12:44:47 +0100] "GET /loadthumbnail.php?id=11078141&width=113 HTTP/1.1" 200 8866 "http://renault.activities.at/10201634?dir=DESC&mode=grid&order=name&limit=15&page=4&cat=10260257" "Mozilla/5.0 (Windows NT 10.0; WOW64; Trident/7.0; rv:11.0) like Gecko"
80.80.251.48 - - [12/Feb/2018:12:44:47 +0100] "GET /loadthumbnail.php?id=10633817&width=113 HTTP/1.1" 200 2614 "http://renault.activities.at/10201634?dir=DESC&mode=grid&order=name&limit=15&page=4&cat=10260257" "Mozilla/5.0 (Windows NT 10.0; WOW64; Trident/7.0; rv:11.0) like Gecko"
80.80.251.48 - - [12/Feb/2018:12:44:47 +0100] "GET /loadthumbnail.php?id=11351226&width=113 HTTP/1.1" 200 16210 "http://renault.activities.at/10201634?dir=DESC&mode=grid&order=name&limit=15&page=4&cat=10260257" "Mozilla/5.0 (Windows NT 10.0; WOW64; Trident/7.0; rv:11.0) like Gecko"
80.80.251.48 - - [12/Feb/2018:12:44:47 +0100] "GET /loadthumbnail.php?id=11351222&width=113 HTTP/1.1" 200 17851 "http://renault.activities.at/10201634?dir=DESC&mode=grid&order=name&limit=15&page=4&cat=10260257" "Mozilla/5.0 (Windows NT 10.0; WOW64; Trident/7.0; rv:11.0) like Gecko"
80.80.251.48 - - [12/Feb/2018:12:44:47 +0100] "GET /loadthumbnail.php?id=11089820&width=113 HTTP/1.1" 200 2212 "http://renault.activities.at/10201634?dir=DESC&mode=grid&order=name&limit=15&page=4&cat=10260257" "Mozilla/5.0 (Windows NT 10.0; WOW64; Trident/7.0; rv:11.0) like Gecko"
80.80.251.48 - - [12/Feb/2018:12:44:47 +0100] "GET /loadthumbnail.php?id=11461403&width=113 HTTP/1.1" 200 20617 "http://renault.activities.at/10201634?dir=DESC&mode=grid&order=name&limit=15&page=4&cat=10260257" "Mozilla/5.0 (Windows NT 10.0; WOW64; Trident/7.0; rv:11.0) like Gecko"
80.120.5.131 - - [12/Feb/2018:12:44:46 +0100] "GET /apple-touch-icon-precomposed.png HTTP/1.1" 200 1559 "-" "Safari/13604.3.5 CFNetwork/889.9 Darwin/17.2.0 (x86_64)"
91.130.43.14 - - [12/Feb/2018:12:44:47 +0100] "GET /reload?ser=1518435887700 HTTP/1.1" 200 28 "http://renault.activities.at/" "Mozilla/5.0 (Windows NT 6.1; Trident/7.0; rv:11.0) like Gecko"
80.120.5.131 - - [12/Feb/2018:12:44:47 +0100] "GET /apple-touch-icon.png HTTP/1.1" 200 1559 "-" "Safari/13604.3.5 CFNetwork/889.9 Darwin/17.2.0 (x86_64)"
80.120.5.131 - - [12/Feb/2018:12:44:48 +0100] "GET /images/favicon.ico HTTP/1.1" 404 305 "-" "Safari/13604.3.5 CFNetwork/889.9 Darwin/17.2.0 (x86_64)"
80.120.5.131 - - [12/Feb/2018:12:44:48 +0100] "GET /images/favicon.ico HTTP/1.1" 404 305 "-" "Safari/13604.3.5 CFNetwork/889.9 Darwin/17.2.0 (x86_64)"
