80.120.5.131 - - [16/Feb/2018:11:59:49 +0100] "GET /login?required=true HTTP/1.1" 200 2086 "-" "\"Mozilla/5.0 (iPhone; CPU iPhone OS 11_0 like Mac OS X) AppleWebKit/604.1.38 (KHTML, like Gecko) Version/11.0 Mobile/15A372 Safari/604.1\""
80.120.5.131 - - [16/Feb/2018:11:59:50 +0100] "GET /apple-touch-icon-precomposed.png HTTP/1.1" 200 1559 "-" "Safari/13604.5.6 CFNetwork/893.13.1 Darwin/17.4.0 (x86_64)"
80.120.5.131 - - [16/Feb/2018:11:59:51 +0100] "GET /apple-touch-icon.png HTTP/1.1" 200 1559 "-" "Safari/13604.5.6 CFNetwork/893.13.1 Darwin/17.4.0 (x86_64)"
80.120.5.131 - - [16/Feb/2018:11:59:52 +0100] "GET /images/favicon.ico HTTP/1.1" 404 305 "-" "Safari/13604.5.6 CFNetwork/893.13.1 Darwin/17.4.0 (x86_64)"
80.120.5.131 - - [16/Feb/2018:11:59:52 +0100] "GET /images/favicon.ico HTTP/1.1" 404 305 "-" "Safari/13604.5.6 CFNetwork/893.13.1 Darwin/17.4.0 (x86_64)"
80.120.5.131 - - [16/Feb/2018:11:59:52 +0100] "GET /favicon.ico HTTP/1.1" 200 3250 "-" "Safari/13604.5.6 CFNetwork/893.13.1 Darwin/17.4.0 (x86_64)"
80.123.225.34 - - [16/Feb/2018:11:59:51 +0100] "GET /reload?ser=1518778792794 HTTP/1.1" 200 28 "http://renault.activities.at/result?searchterm=true&search=SCHILD" "Mozilla/5.0 (compatible; MSIE 9.0; Windows NT 6.1; WOW64; Trident/5.0)"
80.120.5.131 - - [16/Feb/2018:11:59:52 +0100] "GET /apple-touch-icon-precomposed.png HTTP/1.1" 200 1559 "-" "Safari/13604.5.6 CFNetwork/893.13.1 Darwin/17.4.0 (x86_64)"
80.120.5.131 - - [16/Feb/2018:11:59:53 +0100] "GET /apple-touch-icon.png HTTP/1.1" 200 1559 "-" "Safari/13604.5.6 CFNetwork/893.13.1 Darwin/17.4.0 (x86_64)"
80.120.5.131 - - [16/Feb/2018:11:59:54 +0100] "GET /images/favicon.ico HTTP/1.1" 404 305 "-" "Safari/13604.5.6 CFNetwork/893.13.1 Darwin/17.4.0 (x86_64)"
80.120.5.131 - - [16/Feb/2018:11:59:54 +0100] "GET /images/favicon.ico HTTP/1.1" 404 305 "-" "Safari/13604.5.6 CFNetwork/893.13.1 Darwin/17.4.0 (x86_64)"
80.120.5.131 - - [16/Feb/2018:11:59:54 +0100] "GET /favicon.ico HTTP/1.1" 200 3250 "-" "Safari/13604.5.6 CFNetwork/893.13.1 Darwin/17.4.0 (x86_64)"
89.185.116.110 - - [16/Feb/2018:11:59:55 +0100] "GET /reload?ser=1518778797615 HTTP/1.1" 200 28 "http://renault.activities.at/" "Mozilla/5.0 (Windows NT 6.3; WOW64; Trident/7.0; MAARJS; rv:11.0) like Gecko"
80.122.221.194 - - [16/Feb/2018:11:59:58 +0100] "GET /reload?ser=1518778798627 HTTP/1.1" 200 28 "http://renault.activities.at/" "Mozilla/5.0 (Windows NT 10.0; Win64; x64) AppleWebKit/537.36 (KHTML, like Gecko) Chrome/52.0.2743.116 Safari/537.36 Edge/15.15063"
80.123.221.50 - - [16/Feb/2018:12:00:09 +0100] "GET /reload?ser=1518778862989 HTTP/1.1" 200 28 "http://renault.2web.at/result?dir=DESC&mode=grid&order=name&limit=15&page=1&search=flying%20banner" "Mozilla/5.0 (Windows NT 6.1; Win64; x64; rv:58.0) Gecko/20100101 Firefox/58.0"
212.152.246.137 - - [16/Feb/2018:12:00:30 +0100] "GET /reload?ser=1518778833030 HTTP/1.1" 200 28 "http://renault.activities.at/11730470" "Mozilla/5.0 (Windows NT 6.1; WOW64; Trident/7.0; rv:11.0) like Gecko"
80.123.225.34 - - [16/Feb/2018:12:00:36 +0100] "GET /reload?ser=1518778845880 HTTP/1.1" 200 28 "http://renault.activities.at/success" "Mozilla/5.0 (compatible; MSIE 10.0; Windows NT 6.1; WOW64; Trident/6.0)"
185.58.53.32 - - [16/Feb/2018:12:00:43 +0100] "GET /reload?ser=1518778814886 HTTP/1.1" 200 28 "http://renault.activities.at/11730470" "Mozilla/5.0 (Windows NT 6.1; WOW64; Trident/7.0; rv:11.0) like Gecko"
80.122.222.62 - - [16/Feb/2018:12:00:49 +0100] "GET /reload?ser=1518778851700 HTTP/1.1" 200 28 "http://renault.activities.at/login" "Mozilla/5.0 (Windows NT 10.0; WOW64; Trident/7.0; rv:11.0) like Gecko"
80.123.225.34 - - [16/Feb/2018:12:00:52 +0100] "GET /reload?ser=1518778853953 HTTP/1.1" 200 28 "http://renault.activities.at/result?searchterm=true&search=SCHILD" "Mozilla/5.0 (compatible; MSIE 9.0; Windows NT 6.1; WOW64; Trident/5.0)"
89.185.116.110 - - [16/Feb/2018:12:00:56 +0100] "GET /reload?ser=1518778858329 HTTP/1.1" 200 28 "http://renault.activities.at/" "Mozilla/5.0 (Windows NT 6.3; WOW64; Trident/7.0; MAARJS; rv:11.0) like Gecko"
80.122.221.194 - - [16/Feb/2018:12:00:59 +0100] "GET /reload?ser=1518778859626 HTTP/1.1" 200 28 "http://renault.activities.at/" "Mozilla/5.0 (Windows NT 10.0; Win64; x64) AppleWebKit/537.36 (KHTML, like Gecko) Chrome/52.0.2743.116 Safari/537.36 Edge/15.15063"
80.123.221.50 - - [16/Feb/2018:12:01:10 +0100] "GET /reload?ser=1518778923908 HTTP/1.1" 200 28 "http://renault.2web.at/result?dir=DESC&mode=grid&order=name&limit=15&page=1&search=flying%20banner" "Mozilla/5.0 (Windows NT 6.1; Win64; x64; rv:58.0) Gecko/20100101 Firefox/58.0"
212.152.246.137 - - [16/Feb/2018:12:01:31 +0100] "GET /reload?ser=1518778894010 HTTP/1.1" 200 28 "http://renault.activities.at/11730470" "Mozilla/5.0 (Windows NT 6.1; WOW64; Trident/7.0; rv:11.0) like Gecko"
80.123.225.34 - - [16/Feb/2018:12:01:37 +0100] "GET /reload?ser=1518778906852 HTTP/1.1" 200 28 "http://renault.activities.at/success" "Mozilla/5.0 (compatible; MSIE 10.0; Windows NT 6.1; WOW64; Trident/6.0)"
185.58.53.32 - - [16/Feb/2018:12:01:44 +0100] "GET /reload?ser=1518778875915 HTTP/1.1" 200 28 "http://renault.activities.at/11730470" "Mozilla/5.0 (Windows NT 6.1; WOW64; Trident/7.0; rv:11.0) like Gecko"
80.122.222.62 - - [16/Feb/2018:12:01:50 +0100] "GET /reload?ser=1518778912391 HTTP/1.1" 200 28 "http://renault.activities.at/login" "Mozilla/5.0 (Windows NT 10.0; WOW64; Trident/7.0; rv:11.0) like Gecko"
80.123.225.34 - - [16/Feb/2018:12:01:54 +0100] "GET /reload?ser=1518778915103 HTTP/1.1" 200 28 "http://renault.activities.at/result?searchterm=true&search=SCHILD" "Mozilla/5.0 (compatible; MSIE 9.0; Windows NT 6.1; WOW64; Trident/5.0)"
89.185.116.110 - - [16/Feb/2018:12:01:57 +0100] "GET /reload?ser=1518778919027 HTTP/1.1" 200 28 "http://renault.activities.at/" "Mozilla/5.0 (Windows NT 6.3; WOW64; Trident/7.0; MAARJS; rv:11.0) like Gecko"
80.122.221.194 - - [16/Feb/2018:12:02:00 +0100] "GET /reload?ser=1518778920616 HTTP/1.1" 200 28 "http://renault.activities.at/" "Mozilla/5.0 (Windows NT 10.0; Win64; x64) AppleWebKit/537.36 (KHTML, like Gecko) Chrome/52.0.2743.116 Safari/537.36 Edge/15.15063"
80.123.221.50 - - [16/Feb/2018:12:02:11 +0100] "GET /reload?ser=1518778984917 HTTP/1.1" 200 28 "http://renault.2web.at/result?dir=DESC&mode=grid&order=name&limit=15&page=1&search=flying%20banner" "Mozilla/5.0 (Windows NT 6.1; Win64; x64; rv:58.0) Gecko/20100101 Firefox/58.0"
212.152.246.137 - - [16/Feb/2018:12:02:32 +0100] "GET /reload?ser=1518778955008 HTTP/1.1" 200 28 "http://renault.activities.at/11730470" "Mozilla/5.0 (Windows NT 6.1; WOW64; Trident/7.0; rv:11.0) like Gecko"
80.123.225.34 - - [16/Feb/2018:12:02:38 +0100] "GET /reload?ser=1518778967830 HTTP/1.1" 200 28 "http://renault.activities.at/success" "Mozilla/5.0 (compatible; MSIE 10.0; Windows NT 6.1; WOW64; Trident/6.0)"
185.58.53.32 - - [16/Feb/2018:12:02:45 +0100] "GET /reload?ser=1518778936953 HTTP/1.1" 200 28 "http://renault.activities.at/11730470" "Mozilla/5.0 (Windows NT 6.1; WOW64; Trident/7.0; rv:11.0) like Gecko"
80.122.222.62 - - [16/Feb/2018:12:02:50 +0100] "GET /reload?ser=1518778973050 HTTP/1.1" 200 28 "http://renault.activities.at/login" "Mozilla/5.0 (Windows NT 10.0; WOW64; Trident/7.0; rv:11.0) like Gecko"
80.123.225.34 - - [16/Feb/2018:12:02:54 +0100] "GET /reload?ser=1518778976064 HTTP/1.1" 200 28 "http://renault.activities.at/result?searchterm=true&search=SCHILD" "Mozilla/5.0 (compatible; MSIE 9.0; Windows NT 6.1; WOW64; Trident/5.0)"
89.185.116.110 - - [16/Feb/2018:12:02:57 +0100] "GET /reload?ser=1518778979733 HTTP/1.1" 200 28 "http://renault.activities.at/" "Mozilla/5.0 (Windows NT 6.3; WOW64; Trident/7.0; MAARJS; rv:11.0) like Gecko"
80.122.221.194 - - [16/Feb/2018:12:03:01 +0100] "GET /reload?ser=1518778981622 HTTP/1.1" 200 28 "http://renault.activities.at/" "Mozilla/5.0 (Windows NT 10.0; Win64; x64) AppleWebKit/537.36 (KHTML, like Gecko) Chrome/52.0.2743.116 Safari/537.36 Edge/15.15063"
80.123.221.50 - - [16/Feb/2018:12:03:12 +0100] "GET /reload?ser=1518779045868 HTTP/1.1" 200 28 "http://renault.2web.at/result?dir=DESC&mode=grid&order=name&limit=15&page=1&search=flying%20banner" "Mozilla/5.0 (Windows NT 6.1; Win64; x64; rv:58.0) Gecko/20100101 Firefox/58.0"
212.152.246.137 - - [16/Feb/2018:12:03:33 +0100] "GET /reload?ser=1518779016031 HTTP/1.1" 200 28 "http://renault.activities.at/11730470" "Mozilla/5.0 (Windows NT 6.1; WOW64; Trident/7.0; rv:11.0) like Gecko"
80.123.225.34 - - [16/Feb/2018:12:03:39 +0100] "GET /reload?ser=1518779028808 HTTP/1.1" 200 28 "http://renault.activities.at/success" "Mozilla/5.0 (compatible; MSIE 10.0; Windows NT 6.1; WOW64; Trident/6.0)"
185.58.53.32 - - [16/Feb/2018:12:03:46 +0100] "GET /reload?ser=1518778997974 HTTP/1.1" 200 28 "http://renault.activities.at/11730470" "Mozilla/5.0 (Windows NT 6.1; WOW64; Trident/7.0; rv:11.0) like Gecko"
80.122.222.62 - - [16/Feb/2018:12:03:51 +0100] "GET /reload?ser=1518779033725 HTTP/1.1" 200 28 "http://renault.activities.at/login" "Mozilla/5.0 (Windows NT 10.0; WOW64; Trident/7.0; rv:11.0) like Gecko"
80.123.225.34 - - [16/Feb/2018:12:03:55 +0100] "GET /reload?ser=1518779037084 HTTP/1.1" 200 28 "http://renault.activities.at/result?searchterm=true&search=SCHILD" "Mozilla/5.0 (compatible; MSIE 9.0; Windows NT 6.1; WOW64; Trident/5.0)"
89.185.116.110 - - [16/Feb/2018:12:03:58 +0100] "GET /reload?ser=1518779040440 HTTP/1.1" 200 28 "http://renault.activities.at/" "Mozilla/5.0 (Windows NT 6.3; WOW64; Trident/7.0; MAARJS; rv:11.0) like Gecko"
80.122.221.194 - - [16/Feb/2018:12:04:02 +0100] "GET /reload?ser=1518779042623 HTTP/1.1" 200 28 "http://renault.activities.at/" "Mozilla/5.0 (Windows NT 10.0; Win64; x64) AppleWebKit/537.36 (KHTML, like Gecko) Chrome/52.0.2743.116 Safari/537.36 Edge/15.15063"
80.123.221.50 - - [16/Feb/2018:12:04:13 +0100] "GET /reload?ser=1518779106817 HTTP/1.1" 200 28 "http://renault.2web.at/result?dir=DESC&mode=grid&order=name&limit=15&page=1&search=flying%20banner" "Mozilla/5.0 (Windows NT 6.1; Win64; x64; rv:58.0) Gecko/20100101 Firefox/58.0"
212.152.246.137 - - [16/Feb/2018:12:04:34 +0100] "GET /reload?ser=1518779077044 HTTP/1.1" 200 28 "http://renault.activities.at/11730470" "Mozilla/5.0 (Windows NT 6.1; WOW64; Trident/7.0; rv:11.0) like Gecko"
80.123.225.34 - - [16/Feb/2018:12:04:40 +0100] "GET /reload?ser=1518779089780 HTTP/1.1" 200 28 "http://renault.activities.at/success" "Mozilla/5.0 (compatible; MSIE 10.0; Windows NT 6.1; WOW64; Trident/6.0)"
185.58.53.32 - - [16/Feb/2018:12:04:47 +0100] "GET /reload?ser=1518779059020 HTTP/1.1" 200 28 "http://renault.activities.at/11730470" "Mozilla/5.0 (Windows NT 6.1; WOW64; Trident/7.0; rv:11.0) like Gecko"
80.122.222.62 - - [16/Feb/2018:12:04:52 +0100] "GET /reload?ser=1518779094369 HTTP/1.1" 200 28 "http://renault.activities.at/login" "Mozilla/5.0 (Windows NT 10.0; WOW64; Trident/7.0; rv:11.0) like Gecko"
80.123.225.34 - - [16/Feb/2018:12:04:56 +0100] "GET /reload?ser=1518779098011 HTTP/1.1" 200 28 "http://renault.activities.at/result?searchterm=true&search=SCHILD" "Mozilla/5.0 (compatible; MSIE 9.0; Windows NT 6.1; WOW64; Trident/5.0)"
89.185.116.110 - - [16/Feb/2018:12:04:59 +0100] "GET /reload?ser=1518779101137 HTTP/1.1" 200 28 "http://renault.activities.at/" "Mozilla/5.0 (Windows NT 6.3; WOW64; Trident/7.0; MAARJS; rv:11.0) like Gecko"
80.122.221.194 - - [16/Feb/2018:12:05:03 +0100] "GET /reload?ser=1518779103627 HTTP/1.1" 200 28 "http://renault.activities.at/" "Mozilla/5.0 (Windows NT 10.0; Win64; x64) AppleWebKit/537.36 (KHTML, like Gecko) Chrome/52.0.2743.116 Safari/537.36 Edge/15.15063"
80.123.221.50 - - [16/Feb/2018:12:05:14 +0100] "GET /reload?ser=1518779167796 HTTP/1.1" 200 28 "http://renault.2web.at/result?dir=DESC&mode=grid&order=name&limit=15&page=1&search=flying%20banner" "Mozilla/5.0 (Windows NT 6.1; Win64; x64; rv:58.0) Gecko/20100101 Firefox/58.0"
212.152.246.137 - - [16/Feb/2018:12:05:35 +0100] "GET /reload?ser=1518779138027 HTTP/1.1" 200 28 "http://renault.activities.at/11730470" "Mozilla/5.0 (Windows NT 6.1; WOW64; Trident/7.0; rv:11.0) like Gecko"
80.123.225.34 - - [16/Feb/2018:12:05:41 +0100] "GET /reload?ser=1518779150865 HTTP/1.1" 200 28 "http://renault.activities.at/success" "Mozilla/5.0 (compatible; MSIE 10.0; Windows NT 6.1; WOW64; Trident/6.0)"
185.58.53.32 - - [16/Feb/2018:12:05:48 +0100] "GET /reload?ser=1518779120056 HTTP/1.1" 200 28 "http://renault.activities.at/11730470" "Mozilla/5.0 (Windows NT 6.1; WOW64; Trident/7.0; rv:11.0) like Gecko"
80.122.222.62 - - [16/Feb/2018:12:05:52 +0100] "GET /reload?ser=1518779155060 HTTP/1.1" 200 28 "http://renault.activities.at/login" "Mozilla/5.0 (Windows NT 10.0; WOW64; Trident/7.0; rv:11.0) like Gecko"
80.123.225.34 - - [16/Feb/2018:12:05:57 +0100] "GET /reload?ser=1518779158984 HTTP/1.1" 200 28 "http://renault.activities.at/result?searchterm=true&search=SCHILD" "Mozilla/5.0 (compatible; MSIE 9.0; Windows NT 6.1; WOW64; Trident/5.0)"
89.185.116.110 - - [16/Feb/2018:12:06:00 +0100] "GET /reload?ser=1518779161890 HTTP/1.1" 200 28 "http://renault.activities.at/" "Mozilla/5.0 (Windows NT 6.3; WOW64; Trident/7.0; MAARJS; rv:11.0) like Gecko"
80.122.221.194 - - [16/Feb/2018:12:06:04 +0100] "GET /reload?ser=1518779164620 HTTP/1.1" 200 28 "http://renault.activities.at/" "Mozilla/5.0 (Windows NT 10.0; Win64; x64) AppleWebKit/537.36 (KHTML, like Gecko) Chrome/52.0.2743.116 Safari/537.36 Edge/15.15063"
80.123.221.50 - - [16/Feb/2018:12:06:15 +0100] "GET /reload?ser=1518779228755 HTTP/1.1" 200 28 "http://renault.2web.at/result?dir=DESC&mode=grid&order=name&limit=15&page=1&search=flying%20banner" "Mozilla/5.0 (Windows NT 6.1; Win64; x64; rv:58.0) Gecko/20100101 Firefox/58.0"
212.152.246.137 - - [16/Feb/2018:12:06:36 +0100] "GET /reload?ser=1518779199069 HTTP/1.1" 200 28 "http://renault.activities.at/11730470" "Mozilla/5.0 (Windows NT 6.1; WOW64; Trident/7.0; rv:11.0) like Gecko"
80.123.225.34 - - [16/Feb/2018:12:06:42 +0100] "GET /reload?ser=1518779211839 HTTP/1.1" 200 28 "http://renault.activities.at/success" "Mozilla/5.0 (compatible; MSIE 10.0; Windows NT 6.1; WOW64; Trident/6.0)"
185.58.53.32 - - [16/Feb/2018:12:06:49 +0100] "GET /reload?ser=1518779181084 HTTP/1.1" 200 28 "http://renault.activities.at/11730470" "Mozilla/5.0 (Windows NT 6.1; WOW64; Trident/7.0; rv:11.0) like Gecko"
80.122.222.62 - - [16/Feb/2018:12:06:53 +0100] "GET /reload?ser=1518779215719 HTTP/1.1" 200 28 "http://renault.activities.at/login" "Mozilla/5.0 (Windows NT 10.0; WOW64; Trident/7.0; rv:11.0) like Gecko"
80.123.225.34 - - [16/Feb/2018:12:06:58 +0100] "GET /reload?ser=1518779219968 HTTP/1.1" 200 28 "http://renault.activities.at/result?searchterm=true&search=SCHILD" "Mozilla/5.0 (compatible; MSIE 9.0; Windows NT 6.1; WOW64; Trident/5.0)"
89.185.116.110 - - [16/Feb/2018:12:07:00 +0100] "GET /reload?ser=1518779222596 HTTP/1.1" 200 28 "http://renault.activities.at/" "Mozilla/5.0 (Windows NT 6.3; WOW64; Trident/7.0; MAARJS; rv:11.0) like Gecko"
80.122.221.194 - - [16/Feb/2018:12:07:05 +0100] "GET /reload?ser=1518779225628 HTTP/1.1" 200 28 "http://renault.activities.at/" "Mozilla/5.0 (Windows NT 10.0; Win64; x64) AppleWebKit/537.36 (KHTML, like Gecko) Chrome/52.0.2743.116 Safari/537.36 Edge/15.15063"
80.123.221.50 - - [16/Feb/2018:12:07:16 +0100] "GET /reload?ser=1518779289694 HTTP/1.1" 200 28 "http://renault.2web.at/result?dir=DESC&mode=grid&order=name&limit=15&page=1&search=flying%20banner" "Mozilla/5.0 (Windows NT 6.1; Win64; x64; rv:58.0) Gecko/20100101 Firefox/58.0"
212.152.246.137 - - [16/Feb/2018:12:07:37 +0100] "GET /reload?ser=1518779260066 HTTP/1.1" 200 28 "http://renault.activities.at/11730470" "Mozilla/5.0 (Windows NT 6.1; WOW64; Trident/7.0; rv:11.0) like Gecko"
80.123.225.34 - - [16/Feb/2018:12:07:43 +0100] "GET /reload?ser=1518779272890 HTTP/1.1" 200 28 "http://renault.activities.at/success" "Mozilla/5.0 (compatible; MSIE 10.0; Windows NT 6.1; WOW64; Trident/6.0)"
185.58.53.32 - - [16/Feb/2018:12:07:51 +0100] "GET /reload?ser=1518779242115 HTTP/1.1" 200 28 "http://renault.activities.at/11730470" "Mozilla/5.0 (Windows NT 6.1; WOW64; Trident/7.0; rv:11.0) like Gecko"
80.122.222.62 - - [16/Feb/2018:12:07:54 +0100] "GET /reload?ser=1518779276394 HTTP/1.1" 200 28 "http://renault.activities.at/login" "Mozilla/5.0 (Windows NT 10.0; WOW64; Trident/7.0; rv:11.0) like Gecko"
80.123.225.34 - - [16/Feb/2018:12:07:59 +0100] "GET /reload?ser=1518779280955 HTTP/1.1" 200 28 "http://renault.activities.at/result?searchterm=true&search=SCHILD" "Mozilla/5.0 (compatible; MSIE 9.0; Windows NT 6.1; WOW64; Trident/5.0)"
89.185.116.110 - - [16/Feb/2018:12:08:01 +0100] "GET /reload?ser=1518779283303 HTTP/1.1" 200 28 "http://renault.activities.at/" "Mozilla/5.0 (Windows NT 6.3; WOW64; Trident/7.0; MAARJS; rv:11.0) like Gecko"
80.122.221.194 - - [16/Feb/2018:12:08:06 +0100] "GET /reload?ser=1518779286626 HTTP/1.1" 200 28 "http://renault.activities.at/" "Mozilla/5.0 (Windows NT 10.0; Win64; x64) AppleWebKit/537.36 (KHTML, like Gecko) Chrome/52.0.2743.116 Safari/537.36 Edge/15.15063"
80.123.221.50 - - [16/Feb/2018:12:08:17 +0100] "GET /reload?ser=1518779350693 HTTP/1.1" 200 28 "http://renault.2web.at/result?dir=DESC&mode=grid&order=name&limit=15&page=1&search=flying%20banner" "Mozilla/5.0 (Windows NT 6.1; Win64; x64; rv:58.0) Gecko/20100101 Firefox/58.0"
212.152.246.137 - - [16/Feb/2018:12:08:38 +0100] "GET /reload?ser=1518779321084 HTTP/1.1" 200 28 "http://renault.activities.at/11730470" "Mozilla/5.0 (Windows NT 6.1; WOW64; Trident/7.0; rv:11.0) like Gecko"
80.123.225.34 - - [16/Feb/2018:12:08:44 +0100] "GET /reload?ser=1518779333843 HTTP/1.1" 200 28 "http://renault.activities.at/success" "Mozilla/5.0 (compatible; MSIE 10.0; Windows NT 6.1; WOW64; Trident/6.0)"
185.58.53.32 - - [16/Feb/2018:12:08:52 +0100] "GET /reload?ser=1518779303097 HTTP/1.1" 200 28 "http://renault.activities.at/11730470" "Mozilla/5.0 (Windows NT 6.1; WOW64; Trident/7.0; rv:11.0) like Gecko"
80.122.222.62 - - [16/Feb/2018:12:08:54 +0100] "GET /reload?ser=1518779337053 HTTP/1.1" 200 28 "http://renault.activities.at/login" "Mozilla/5.0 (Windows NT 10.0; WOW64; Trident/7.0; rv:11.0) like Gecko"
80.123.225.34 - - [16/Feb/2018:12:09:00 +0100] "GET /reload?ser=1518779341967 HTTP/1.1" 200 28 "http://renault.activities.at/result?searchterm=true&search=SCHILD" "Mozilla/5.0 (compatible; MSIE 9.0; Windows NT 6.1; WOW64; Trident/5.0)"
89.185.116.110 - - [16/Feb/2018:12:09:02 +0100] "GET /reload?ser=1518779344008 HTTP/1.1" 200 28 "http://renault.activities.at/" "Mozilla/5.0 (Windows NT 6.3; WOW64; Trident/7.0; MAARJS; rv:11.0) like Gecko"
80.122.221.194 - - [16/Feb/2018:12:09:07 +0100] "GET /reload?ser=1518779347614 HTTP/1.1" 200 28 "http://renault.activities.at/" "Mozilla/5.0 (Windows NT 10.0; Win64; x64) AppleWebKit/537.36 (KHTML, like Gecko) Chrome/52.0.2743.116 Safari/537.36 Edge/15.15063"
80.123.221.50 - - [16/Feb/2018:12:09:18 +0100] "GET /reload?ser=1518779411654 HTTP/1.1" 200 28 "http://renault.2web.at/result?dir=DESC&mode=grid&order=name&limit=15&page=1&search=flying%20banner" "Mozilla/5.0 (Windows NT 6.1; Win64; x64; rv:58.0) Gecko/20100101 Firefox/58.0"
212.152.246.137 - - [16/Feb/2018:12:09:39 +0100] "GET /reload?ser=1518779382068 HTTP/1.1" 200 28 "http://renault.activities.at/11730470" "Mozilla/5.0 (Windows NT 6.1; WOW64; Trident/7.0; rv:11.0) like Gecko"
80.123.225.34 - - [16/Feb/2018:12:09:45 +0100] "GET /reload?ser=1518779394868 HTTP/1.1" 200 28 "http://renault.activities.at/success" "Mozilla/5.0 (compatible; MSIE 10.0; Windows NT 6.1; WOW64; Trident/6.0)"
185.58.53.32 - - [16/Feb/2018:12:09:53 +0100] "GET /reload?ser=1518779364128 HTTP/1.1" 200 28 "http://renault.activities.at/11730470" "Mozilla/5.0 (Windows NT 6.1; WOW64; Trident/7.0; rv:11.0) like Gecko"
80.122.222.62 - - [16/Feb/2018:12:09:55 +0100] "GET /reload?ser=1518779397729 HTTP/1.1" 200 28 "http://renault.activities.at/login" "Mozilla/5.0 (Windows NT 10.0; WOW64; Trident/7.0; rv:11.0) like Gecko"
80.123.225.34 - - [16/Feb/2018:12:10:01 +0100] "GET /reload?ser=1518779402977 HTTP/1.1" 200 28 "http://renault.activities.at/result?searchterm=true&search=SCHILD" "Mozilla/5.0 (compatible; MSIE 9.0; Windows NT 6.1; WOW64; Trident/5.0)"
89.185.116.110 - - [16/Feb/2018:12:10:02 +0100] "GET /reload?ser=1518779404699 HTTP/1.1" 200 28 "http://renault.activities.at/" "Mozilla/5.0 (Windows NT 6.3; WOW64; Trident/7.0; MAARJS; rv:11.0) like Gecko"
80.122.221.194 - - [16/Feb/2018:12:10:08 +0100] "GET /reload?ser=1518779408614 HTTP/1.1" 200 28 "http://renault.activities.at/" "Mozilla/5.0 (Windows NT 10.0; Win64; x64) AppleWebKit/537.36 (KHTML, like Gecko) Chrome/52.0.2743.116 Safari/537.36 Edge/15.15063"
80.123.221.50 - - [16/Feb/2018:12:10:19 +0100] "GET /reload?ser=1518779472622 HTTP/1.1" 200 28 "http://renault.2web.at/result?dir=DESC&mode=grid&order=name&limit=15&page=1&search=flying%20banner" "Mozilla/5.0 (Windows NT 6.1; Win64; x64; rv:58.0) Gecko/20100101 Firefox/58.0"
212.152.246.137 - - [16/Feb/2018:12:10:40 +0100] "GET /reload?ser=1518779443087 HTTP/1.1" 200 28 "http://renault.activities.at/11730470" "Mozilla/5.0 (Windows NT 6.1; WOW64; Trident/7.0; rv:11.0) like Gecko"
80.123.225.34 - - [16/Feb/2018:12:10:46 +0100] "GET /reload?ser=1518779455793 HTTP/1.1" 200 28 "http://renault.activities.at/success" "Mozilla/5.0 (compatible; MSIE 10.0; Windows NT 6.1; WOW64; Trident/6.0)"
185.58.53.32 - - [16/Feb/2018:12:10:54 +0100] "GET /reload?ser=1518779425158 HTTP/1.1" 200 28 "http://renault.activities.at/11730470" "Mozilla/5.0 (Windows NT 6.1; WOW64; Trident/7.0; rv:11.0) like Gecko"
80.122.222.62 - - [16/Feb/2018:12:10:56 +0100] "GET /reload?ser=1518779458388 HTTP/1.1" 200 28 "http://renault.activities.at/login" "Mozilla/5.0 (Windows NT 10.0; WOW64; Trident/7.0; rv:11.0) like Gecko"
80.123.225.34 - - [16/Feb/2018:12:11:02 +0100] "GET /reload?ser=1518779463953 HTTP/1.1" 200 28 "http://renault.activities.at/result?searchterm=true&search=SCHILD" "Mozilla/5.0 (compatible; MSIE 9.0; Windows NT 6.1; WOW64; Trident/5.0)"
89.185.116.110 - - [16/Feb/2018:12:11:03 +0100] "GET /reload?ser=1518779465389 HTTP/1.1" 200 28 "http://renault.activities.at/" "Mozilla/5.0 (Windows NT 6.3; WOW64; Trident/7.0; MAARJS; rv:11.0) like Gecko"
80.122.221.194 - - [16/Feb/2018:12:11:09 +0100] "GET /reload?ser=1518779469618 HTTP/1.1" 200 28 "http://renault.activities.at/" "Mozilla/5.0 (Windows NT 10.0; Win64; x64) AppleWebKit/537.36 (KHTML, like Gecko) Chrome/52.0.2743.116 Safari/537.36 Edge/15.15063"
80.123.221.50 - - [16/Feb/2018:12:11:19 +0100] "GET /reload?ser=1518779533540 HTTP/1.1" 200 28 "http://renault.2web.at/result?dir=DESC&mode=grid&order=name&limit=15&page=1&search=flying%20banner" "Mozilla/5.0 (Windows NT 6.1; Win64; x64; rv:58.0) Gecko/20100101 Firefox/58.0"
212.152.246.137 - - [16/Feb/2018:12:11:41 +0100] "GET /reload?ser=1518779504104 HTTP/1.1" 200 28 "http://renault.activities.at/11730470" "Mozilla/5.0 (Windows NT 6.1; WOW64; Trident/7.0; rv:11.0) like Gecko"
80.123.225.34 - - [16/Feb/2018:12:11:47 +0100] "GET /reload?ser=1518779516752 HTTP/1.1" 200 28 "http://renault.activities.at/success" "Mozilla/5.0 (compatible; MSIE 10.0; Windows NT 6.1; WOW64; Trident/6.0)"
185.58.53.32 - - [16/Feb/2018:12:11:55 +0100] "GET /reload?ser=1518779486211 HTTP/1.1" 200 28 "http://renault.activities.at/11730470" "Mozilla/5.0 (Windows NT 6.1; WOW64; Trident/7.0; rv:11.0) like Gecko"
80.122.222.62 - - [16/Feb/2018:12:11:56 +0100] "GET /reload?ser=1518779519063 HTTP/1.1" 200 28 "http://renault.activities.at/login" "Mozilla/5.0 (Windows NT 10.0; WOW64; Trident/7.0; rv:11.0) like Gecko"
80.123.225.34 - - [16/Feb/2018:12:12:03 +0100] "GET /reload?ser=1518779524876 HTTP/1.1" 200 28 "http://renault.activities.at/result?searchterm=true&search=SCHILD" "Mozilla/5.0 (compatible; MSIE 9.0; Windows NT 6.1; WOW64; Trident/5.0)"
89.185.116.110 - - [16/Feb/2018:12:12:05 +0100] "GET /reload?ser=1518779526788 HTTP/1.1" 200 28 "http://renault.activities.at/" "Mozilla/5.0 (Windows NT 6.3; WOW64; Trident/7.0; MAARJS; rv:11.0) like Gecko"
80.122.221.194 - - [16/Feb/2018:12:12:10 +0100] "GET /reload?ser=1518779530619 HTTP/1.1" 200 28 "http://renault.activities.at/" "Mozilla/5.0 (Windows NT 10.0; Win64; x64) AppleWebKit/537.36 (KHTML, like Gecko) Chrome/52.0.2743.116 Safari/537.36 Edge/15.15063"
80.123.221.50 - - [16/Feb/2018:12:12:20 +0100] "GET /reload?ser=1518779594500 HTTP/1.1" 200 28 "http://renault.2web.at/result?dir=DESC&mode=grid&order=name&limit=15&page=1&search=flying%20banner" "Mozilla/5.0 (Windows NT 6.1; Win64; x64; rv:58.0) Gecko/20100101 Firefox/58.0"
212.152.246.137 - - [16/Feb/2018:12:12:42 +0100] "GET /reload?ser=1518779565109 HTTP/1.1" 200 28 "http://renault.activities.at/11730470" "Mozilla/5.0 (Windows NT 6.1; WOW64; Trident/7.0; rv:11.0) like Gecko"
80.123.225.34 - - [16/Feb/2018:12:12:48 +0100] "GET /reload?ser=1518779577767 HTTP/1.1" 200 28 "http://renault.activities.at/success" "Mozilla/5.0 (compatible; MSIE 10.0; Windows NT 6.1; WOW64; Trident/6.0)"
185.58.53.32 - - [16/Feb/2018:12:12:56 +0100] "GET /reload?ser=1518779547256 HTTP/1.1" 200 28 "http://renault.activities.at/11730470" "Mozilla/5.0 (Windows NT 6.1; WOW64; Trident/7.0; rv:11.0) like Gecko"
80.122.222.62 - - [16/Feb/2018:12:12:57 +0100] "GET /reload?ser=1518779579722 HTTP/1.1" 200 28 "http://renault.activities.at/login" "Mozilla/5.0 (Windows NT 10.0; WOW64; Trident/7.0; rv:11.0) like Gecko"
80.123.225.34 - - [16/Feb/2018:12:13:04 +0100] "GET /reload?ser=1518779585854 HTTP/1.1" 200 28 "http://renault.activities.at/result?searchterm=true&search=SCHILD" "Mozilla/5.0 (compatible; MSIE 9.0; Windows NT 6.1; WOW64; Trident/5.0)"
89.185.116.110 - - [16/Feb/2018:12:13:05 +0100] "GET /reload?ser=1518779587489 HTTP/1.1" 200 28 "http://renault.activities.at/" "Mozilla/5.0 (Windows NT 6.3; WOW64; Trident/7.0; MAARJS; rv:11.0) like Gecko"
80.122.221.194 - - [16/Feb/2018:12:13:11 +0100] "GET /reload?ser=1518779591620 HTTP/1.1" 200 28 "http://renault.activities.at/" "Mozilla/5.0 (Windows NT 10.0; Win64; x64) AppleWebKit/537.36 (KHTML, like Gecko) Chrome/52.0.2743.116 Safari/537.36 Edge/15.15063"
80.123.221.50 - - [16/Feb/2018:12:13:21 +0100] "GET /reload?ser=1518779655419 HTTP/1.1" 200 28 "http://renault.2web.at/result?dir=DESC&mode=grid&order=name&limit=15&page=1&search=flying%20banner" "Mozilla/5.0 (Windows NT 6.1; Win64; x64; rv:58.0) Gecko/20100101 Firefox/58.0"
212.152.246.137 - - [16/Feb/2018:12:13:43 +0100] "GET /reload?ser=1518779626101 HTTP/1.1" 200 28 "http://renault.activities.at/11730470" "Mozilla/5.0 (Windows NT 6.1; WOW64; Trident/7.0; rv:11.0) like Gecko"
80.123.225.34 - - [16/Feb/2018:12:13:49 +0100] "GET /reload?ser=1518779638807 HTTP/1.1" 200 28 "http://renault.activities.at/success" "Mozilla/5.0 (compatible; MSIE 10.0; Windows NT 6.1; WOW64; Trident/6.0)"
185.58.53.32 - - [16/Feb/2018:12:13:57 +0100] "GET /reload?ser=1518779608242 HTTP/1.1" 200 28 "http://renault.activities.at/11730470" "Mozilla/5.0 (Windows NT 6.1; WOW64; Trident/7.0; rv:11.0) like Gecko"
80.122.222.62 - - [16/Feb/2018:12:13:58 +0100] "GET /reload?ser=1518779640382 HTTP/1.1" 200 28 "http://renault.activities.at/login" "Mozilla/5.0 (Windows NT 10.0; WOW64; Trident/7.0; rv:11.0) like Gecko"
80.123.225.34 - - [16/Feb/2018:12:14:05 +0100] "GET /reload?ser=1518779646819 HTTP/1.1" 200 28 "http://renault.activities.at/result?searchterm=true&search=SCHILD" "Mozilla/5.0 (compatible; MSIE 9.0; Windows NT 6.1; WOW64; Trident/5.0)"
89.185.116.110 - - [16/Feb/2018:12:14:06 +0100] "GET /reload?ser=1518779648179 HTTP/1.1" 200 28 "http://renault.activities.at/" "Mozilla/5.0 (Windows NT 6.3; WOW64; Trident/7.0; MAARJS; rv:11.0) like Gecko"
80.122.221.194 - - [16/Feb/2018:12:14:12 +0100] "GET /reload?ser=1518779652625 HTTP/1.1" 200 28 "http://renault.activities.at/" "Mozilla/5.0 (Windows NT 10.0; Win64; x64) AppleWebKit/537.36 (KHTML, like Gecko) Chrome/52.0.2743.116 Safari/537.36 Edge/15.15063"
80.123.221.50 - - [16/Feb/2018:12:14:22 +0100] "GET /reload?ser=1518779716408 HTTP/1.1" 200 28 "http://renault.2web.at/result?dir=DESC&mode=grid&order=name&limit=15&page=1&search=flying%20banner" "Mozilla/5.0 (Windows NT 6.1; Win64; x64; rv:58.0) Gecko/20100101 Firefox/58.0"
188.20.217.228 - - [16/Feb/2018:12:14:38 +0100] "GET / HTTP/1.1" 200 3899 "-" "Mozilla/5.0 (Windows NT 10.0; WOW64; Trident/7.0; rv:11.0) like Gecko"
212.152.246.137 - - [16/Feb/2018:12:14:44 +0100] "GET /reload?ser=1518779687138 HTTP/1.1" 200 28 "http://renault.activities.at/11730470" "Mozilla/5.0 (Windows NT 6.1; WOW64; Trident/7.0; rv:11.0) like Gecko"
188.20.217.228 - - [16/Feb/2018:12:14:45 +0100] "GET / HTTP/1.1" 200 3899 "-" "Mozilla/5.0 (Windows NT 10.0; WOW64; Trident/7.0; rv:11.0) like Gecko"
188.20.217.228 - - [16/Feb/2018:12:14:49 +0100] "GET /login HTTP/1.1" 200 2086 "http://renault.activities.at/" "Mozilla/5.0 (Windows NT 10.0; WOW64; Trident/7.0; rv:11.0) like Gecko"
188.20.217.228 - - [16/Feb/2018:12:14:50 +0100] "GET /images/button_bg.gif HTTP/1.1" 200 151 "http://renault.activities.at/login" "Mozilla/5.0 (Windows NT 10.0; WOW64; Trident/7.0; rv:11.0) like Gecko"
188.20.217.228 - - [16/Feb/2018:12:14:50 +0100] "GET /images/button_right_bg.gif HTTP/1.1" 200 561 "http://renault.activities.at/login" "Mozilla/5.0 (Windows NT 10.0; WOW64; Trident/7.0; rv:11.0) like Gecko"
188.20.217.228 - - [16/Feb/2018:12:14:50 +0100] "GET /images/button_left_bg.gif HTTP/1.1" 200 564 "http://renault.activities.at/login" "Mozilla/5.0 (Windows NT 10.0; WOW64; Trident/7.0; rv:11.0) like Gecko"
80.123.225.34 - - [16/Feb/2018:12:14:50 +0100] "GET /reload?ser=1518779699802 HTTP/1.1" 200 28 "http://renault.activities.at/success" "Mozilla/5.0 (compatible; MSIE 10.0; Windows NT 6.1; WOW64; Trident/6.0)"
185.58.53.32 - - [16/Feb/2018:12:14:58 +0100] "GET /reload?ser=1518779669270 HTTP/1.1" 200 28 "http://renault.activities.at/11730470" "Mozilla/5.0 (Windows NT 6.1; WOW64; Trident/7.0; rv:11.0) like Gecko"
80.122.222.62 - - [16/Feb/2018:12:14:58 +0100] "GET /reload?ser=1518779701025 HTTP/1.1" 200 28 "http://renault.activities.at/login" "Mozilla/5.0 (Windows NT 10.0; WOW64; Trident/7.0; rv:11.0) like Gecko"
188.20.217.228 - - [16/Feb/2018:12:15:03 +0100] "POST /login HTTP/1.1" 200 2145 "http://renault.activities.at/login" "Mozilla/5.0 (Windows NT 10.0; WOW64; Trident/7.0; rv:11.0) like Gecko"
188.20.217.228 - - [16/Feb/2018:12:15:05 +0100] "GET /images/error_msg_icon.gif HTTP/1.1" 200 1013 "http://renault.activities.at/login" "Mozilla/5.0 (Windows NT 10.0; WOW64; Trident/7.0; rv:11.0) like Gecko"
80.123.225.34 - - [16/Feb/2018:12:15:06 +0100] "GET /reload?ser=1518779707782 HTTP/1.1" 200 28 "http://renault.activities.at/result?searchterm=true&search=SCHILD" "Mozilla/5.0 (compatible; MSIE 9.0; Windows NT 6.1; WOW64; Trident/5.0)"
89.185.116.110 - - [16/Feb/2018:12:15:07 +0100] "GET /reload?ser=1518779708865 HTTP/1.1" 200 28 "http://renault.activities.at/" "Mozilla/5.0 (Windows NT 6.3; WOW64; Trident/7.0; MAARJS; rv:11.0) like Gecko"
80.122.221.194 - - [16/Feb/2018:12:15:13 +0100] "GET /reload?ser=1518779713610 HTTP/1.1" 200 28 "http://renault.activities.at/" "Mozilla/5.0 (Windows NT 10.0; Win64; x64) AppleWebKit/537.36 (KHTML, like Gecko) Chrome/52.0.2743.116 Safari/537.36 Edge/15.15063"
188.20.217.228 - - [16/Feb/2018:12:15:23 +0100] "GET /images/validation_advice_bg.gif HTTP/1.1" 200 134 "http://renault.activities.at/login" "Mozilla/5.0 (Windows NT 10.0; WOW64; Trident/7.0; rv:11.0) like Gecko"
80.123.221.50 - - [16/Feb/2018:12:15:23 +0100] "GET /reload?ser=1518779777377 HTTP/1.1" 200 28 "http://renault.2web.at/result?dir=DESC&mode=grid&order=name&limit=15&page=1&search=flying%20banner" "Mozilla/5.0 (Windows NT 6.1; Win64; x64; rv:58.0) Gecko/20100101 Firefox/58.0"
188.20.217.228 - - [16/Feb/2018:12:15:27 +0100] "POST /login HTTP/1.1" 200 2144 "http://renault.activities.at/login" "Mozilla/5.0 (Windows NT 10.0; WOW64; Trident/7.0; rv:11.0) like Gecko"
212.152.246.137 - - [16/Feb/2018:12:15:45 +0100] "GET /reload?ser=1518779748128 HTTP/1.1" 200 28 "http://renault.activities.at/11730470" "Mozilla/5.0 (Windows NT 6.1; WOW64; Trident/7.0; rv:11.0) like Gecko"
80.123.225.34 - - [16/Feb/2018:12:15:51 +0100] "GET /reload?ser=1518779760759 HTTP/1.1" 200 28 "http://renault.activities.at/success" "Mozilla/5.0 (compatible; MSIE 10.0; Windows NT 6.1; WOW64; Trident/6.0)"
80.122.222.62 - - [16/Feb/2018:12:15:59 +0100] "GET /reload?ser=1518779761701 HTTP/1.1" 200 28 "http://renault.activities.at/login" "Mozilla/5.0 (Windows NT 10.0; WOW64; Trident/7.0; rv:11.0) like Gecko"
185.58.53.32 - - [16/Feb/2018:12:15:59 +0100] "GET /reload?ser=1518779730327 HTTP/1.1" 200 28 "http://renault.activities.at/11730470" "Mozilla/5.0 (Windows NT 6.1; WOW64; Trident/7.0; rv:11.0) like Gecko"
89.185.116.110 - - [16/Feb/2018:12:16:07 +0100] "GET /reload?ser=1518779769568 HTTP/1.1" 200 28 "http://renault.activities.at/" "Mozilla/5.0 (Windows NT 6.3; WOW64; Trident/7.0; MAARJS; rv:11.0) like Gecko"
80.123.225.34 - - [16/Feb/2018:12:16:07 +0100] "GET /reload?ser=1518779768760 HTTP/1.1" 200 28 "http://renault.activities.at/result?searchterm=true&search=SCHILD" "Mozilla/5.0 (compatible; MSIE 9.0; Windows NT 6.1; WOW64; Trident/5.0)"
80.122.221.194 - - [16/Feb/2018:12:16:14 +0100] "GET /reload?ser=1518779774611 HTTP/1.1" 200 28 "http://renault.activities.at/" "Mozilla/5.0 (Windows NT 10.0; Win64; x64) AppleWebKit/537.36 (KHTML, like Gecko) Chrome/52.0.2743.116 Safari/537.36 Edge/15.15063"
188.20.217.228 - - [16/Feb/2018:12:16:13 +0100] "POST /login HTTP/1.1" 302 140 "http://renault.activities.at/login" "Mozilla/5.0 (Windows NT 10.0; WOW64; Trident/7.0; rv:11.0) like Gecko"
188.20.217.228 - - [16/Feb/2018:12:16:15 +0100] "GET /account HTTP/1.1" 200 6049 "http://renault.activities.at/login" "Mozilla/5.0 (Windows NT 10.0; WOW64; Trident/7.0; rv:11.0) like Gecko"
188.20.217.228 - - [16/Feb/2018:12:16:18 +0100] "GET /js/account.js HTTP/1.1" 200 953 "http://renault.activities.at/account" "Mozilla/5.0 (Windows NT 10.0; WOW64; Trident/7.0; rv:11.0) like Gecko"
188.20.217.228 - - [16/Feb/2018:12:16:19 +0100] "GET /images/search_bg.gif HTTP/1.1" 200 1726 "http://renault.activities.at/account" "Mozilla/5.0 (Windows NT 10.0; WOW64; Trident/7.0; rv:11.0) like Gecko"
188.20.217.228 - - [16/Feb/2018:12:16:18 +0100] "GET /loadthumbnail.php?id=11711045&width=50&height=50 HTTP/1.1" 200 1132 "http://renault.activities.at/account" "Mozilla/5.0 (Windows NT 10.0; WOW64; Trident/7.0; rv:11.0) like Gecko"
188.20.217.228 - - [16/Feb/2018:12:16:18 +0100] "GET /loadthumbnail.php?id=11715009&width=50&height=50 HTTP/1.1" 200 2834 "http://renault.activities.at/account" "Mozilla/5.0 (Windows NT 10.0; WOW64; Trident/7.0; rv:11.0) like Gecko"
188.20.217.228 - - [16/Feb/2018:12:16:19 +0100] "GET /images/footer_divider.gif HTTP/1.1" 200 44 "http://renault.activities.at/account" "Mozilla/5.0 (Windows NT 10.0; WOW64; Trident/7.0; rv:11.0) like Gecko"
188.20.217.228 - - [16/Feb/2018:12:16:19 +0100] "GET /images/menu_button_bg.jpg HTTP/1.1" 200 322 "http://renault.activities.at/account" "Mozilla/5.0 (Windows NT 10.0; WOW64; Trident/7.0; rv:11.0) like Gecko"
188.20.217.228 - - [16/Feb/2018:12:16:19 +0100] "GET /images/nav_divider.gif HTTP/1.1" 200 43 "http://renault.activities.at/account" "Mozilla/5.0 (Windows NT 10.0; WOW64; Trident/7.0; rv:11.0) like Gecko"
188.20.217.228 - - [16/Feb/2018:12:16:19 +0100] "GET /images/top_links_divider.gif HTTP/1.1" 200 44 "http://renault.activities.at/account" "Mozilla/5.0 (Windows NT 10.0; WOW64; Trident/7.0; rv:11.0) like Gecko"
188.20.217.228 - - [16/Feb/2018:12:16:19 +0100] "GET /images/sidebar_title_corner_right_top.gif HTTP/1.1" 200 383 "http://renault.activities.at/account" "Mozilla/5.0 (Windows NT 10.0; WOW64; Trident/7.0; rv:11.0) like Gecko"
188.20.217.228 - - [16/Feb/2018:12:16:19 +0100] "GET /images/sidebar_title_corner_left_top.gif HTTP/1.1" 200 1124 "http://renault.activities.at/account" "Mozilla/5.0 (Windows NT 10.0; WOW64; Trident/7.0; rv:11.0) like Gecko"
188.20.217.228 - - [16/Feb/2018:12:16:19 +0100] "GET /images/sidebar_title_border_top.gif HTTP/1.1" 200 155 "http://renault.activities.at/account" "Mozilla/5.0 (Windows NT 10.0; WOW64; Trident/7.0; rv:11.0) like Gecko"
188.20.217.228 - - [16/Feb/2018:12:16:19 +0100] "GET /images/menu_divider.gif HTTP/1.1" 200 176 "http://renault.activities.at/account" "Mozilla/5.0 (Windows NT 10.0; WOW64; Trident/7.0; rv:11.0) like Gecko"
188.20.217.228 - - [16/Feb/2018:12:16:19 +0100] "GET /images/sidebar_title_border.gif HTTP/1.1" 200 43 "http://renault.activities.at/account" "Mozilla/5.0 (Windows NT 10.0; WOW64; Trident/7.0; rv:11.0) like Gecko"
80.123.221.50 - - [16/Feb/2018:12:16:24 +0100] "GET /reload?ser=1518779838327 HTTP/1.1" 200 28 "http://renault.2web.at/result?dir=DESC&mode=grid&order=name&limit=15&page=1&search=flying%20banner" "Mozilla/5.0 (Windows NT 6.1; Win64; x64; rv:58.0) Gecko/20100101 Firefox/58.0"
188.20.217.228 - - [16/Feb/2018:12:16:24 +0100] "POST /axjaxrequest?mode=suggest HTTP/1.1" 200 134 "http://renault.activities.at/account" "Mozilla/5.0 (Windows NT 10.0; WOW64; Trident/7.0; rv:11.0) like Gecko"
188.20.217.228 - - [16/Feb/2018:12:16:25 +0100] "GET /result?searchterm=true&search=sandero HTTP/1.1" 200 7231 "http://renault.activities.at/account" "Mozilla/5.0 (Windows NT 10.0; WOW64; Trident/7.0; rv:11.0) like Gecko"
188.20.217.228 - - [16/Feb/2018:12:16:28 +0100] "GET /images/loading.gif HTTP/1.1" 200 3208 "http://renault.activities.at/result?searchterm=true&search=sandero" "Mozilla/5.0 (Windows NT 10.0; WOW64; Trident/7.0; rv:11.0) like Gecko"
188.20.217.228 - - [16/Feb/2018:12:16:28 +0100] "GET /js/prototip.js HTTP/1.1" 200 4588 "http://renault.activities.at/result?searchterm=true&search=sandero" "Mozilla/5.0 (Windows NT 10.0; WOW64; Trident/7.0; rv:11.0) like Gecko"
188.20.217.228 - - [16/Feb/2018:12:16:28 +0100] "GET /js/ProduktGrp.js HTTP/1.1" 200 1569 "http://renault.activities.at/result?searchterm=true&search=sandero" "Mozilla/5.0 (Windows NT 10.0; WOW64; Trident/7.0; rv:11.0) like Gecko"
188.20.217.228 - - [16/Feb/2018:12:16:28 +0100] "GET /loadthumbnail.php?id=10203255 HTTP/1.1" 200 137 "http://renault.activities.at/result?searchterm=true&search=sandero" "Mozilla/5.0 (Windows NT 10.0; WOW64; Trident/7.0; rv:11.0) like Gecko"
188.20.217.228 - - [16/Feb/2018:12:16:28 +0100] "GET /loadthumbnail.php?id=11679118&width=113 HTTP/1.1" 200 33438 "http://renault.activities.at/result?searchterm=true&search=sandero" "Mozilla/5.0 (Windows NT 10.0; WOW64; Trident/7.0; rv:11.0) like Gecko"
188.20.217.228 - - [16/Feb/2018:12:16:28 +0100] "GET /loadthumbnail.php?id=11361093&width=113 HTTP/1.1" 200 21857 "http://renault.activities.at/result?searchterm=true&search=sandero" "Mozilla/5.0 (Windows NT 10.0; WOW64; Trident/7.0; rv:11.0) like Gecko"
188.20.217.228 - - [16/Feb/2018:12:16:28 +0100] "GET /loadthumbnail.php?id=10278258&width=113 HTTP/1.1" 200 1356 "http://renault.activities.at/result?searchterm=true&search=sandero" "Mozilla/5.0 (Windows NT 10.0; WOW64; Trident/7.0; rv:11.0) like Gecko"
188.20.217.228 - - [16/Feb/2018:12:16:28 +0100] "GET /loadthumbnail.php?id=10278257&width=113 HTTP/1.1" 200 2346 "http://renault.activities.at/result?searchterm=true&search=sandero" "Mozilla/5.0 (Windows NT 10.0; WOW64; Trident/7.0; rv:11.0) like Gecko"
188.20.217.228 - - [16/Feb/2018:12:16:28 +0100] "GET /loadthumbnail.php?id=11322202&width=113 HTTP/1.1" 200 2750 "http://renault.activities.at/result?searchterm=true&search=sandero" "Mozilla/5.0 (Windows NT 10.0; WOW64; Trident/7.0; rv:11.0) like Gecko"
188.20.217.228 - - [16/Feb/2018:12:16:29 +0100] "GET /loadthumbnail.php?id=11418147&width=113 HTTP/1.1" 200 4073 "http://renault.activities.at/result?searchterm=true&search=sandero" "Mozilla/5.0 (Windows NT 10.0; WOW64; Trident/7.0; rv:11.0) like Gecko"
188.20.217.228 - - [16/Feb/2018:12:16:29 +0100] "GET /images/vista-up.gif HTTP/1.1" 200 131 "http://renault.activities.at/result?searchterm=true&search=sandero" "Mozilla/5.0 (Windows NT 10.0; WOW64; Trident/7.0; rv:11.0) like Gecko"
188.20.217.228 - - [16/Feb/2018:12:16:29 +0100] "GET /images/pager_bg.gif HTTP/1.1" 200 150 "http://renault.activities.at/result?searchterm=true&search=sandero" "Mozilla/5.0 (Windows NT 10.0; WOW64; Trident/7.0; rv:11.0) like Gecko"
188.20.217.228 - - [16/Feb/2018:12:16:29 +0100] "GET /loadthumbnail.php?id=10260863&width=113 HTTP/1.1" 200 1170 "http://renault.activities.at/result?searchterm=true&search=sandero" "Mozilla/5.0 (Windows NT 10.0; WOW64; Trident/7.0; rv:11.0) like Gecko"
188.20.217.228 - - [16/Feb/2018:12:16:29 +0100] "GET /loadthumbnail.php?id=11423557&width=113 HTTP/1.1" 200 2699 "http://renault.activities.at/result?searchterm=true&search=sandero" "Mozilla/5.0 (Windows NT 10.0; WOW64; Trident/7.0; rv:11.0) like Gecko"
188.20.217.228 - - [16/Feb/2018:12:16:29 +0100] "GET /images/vista-dn.gif HTTP/1.1" 200 128 "http://renault.activities.at/result?searchterm=true&search=sandero" "Mozilla/5.0 (Windows NT 10.0; WOW64; Trident/7.0; rv:11.0) like Gecko"
188.20.217.228 - - [16/Feb/2018:12:16:29 +0100] "GET /loadthumbnail.php?id=11715005&width=113 HTTP/1.1" 200 30128 "http://renault.activities.at/result?searchterm=true&search=sandero" "Mozilla/5.0 (Windows NT 10.0; WOW64; Trident/7.0; rv:11.0) like Gecko"
212.152.246.137 - - [16/Feb/2018:12:16:46 +0100] "GET /reload?ser=1518779809172 HTTP/1.1" 200 28 "http://renault.activities.at/11730470" "Mozilla/5.0 (Windows NT 6.1; WOW64; Trident/7.0; rv:11.0) like Gecko"
80.123.225.34 - - [16/Feb/2018:12:16:52 +0100] "GET /reload?ser=1518779821683 HTTP/1.1" 200 28 "http://renault.activities.at/success" "Mozilla/5.0 (compatible; MSIE 10.0; Windows NT 6.1; WOW64; Trident/6.0)"
80.122.222.62 - - [16/Feb/2018:12:16:59 +0100] "GET /reload?ser=1518779822376 HTTP/1.1" 200 28 "http://renault.activities.at/login" "Mozilla/5.0 (Windows NT 10.0; WOW64; Trident/7.0; rv:11.0) like Gecko"
185.58.53.32 - - [16/Feb/2018:12:17:00 +0100] "GET /reload?ser=1518779791396 HTTP/1.1" 200 28 "http://renault.activities.at/11730470" "Mozilla/5.0 (Windows NT 6.1; WOW64; Trident/7.0; rv:11.0) like Gecko"
89.185.116.110 - - [16/Feb/2018:12:17:08 +0100] "GET /reload?ser=1518779830274 HTTP/1.1" 200 28 "http://renault.activities.at/" "Mozilla/5.0 (Windows NT 6.3; WOW64; Trident/7.0; MAARJS; rv:11.0) like Gecko"
80.123.225.34 - - [16/Feb/2018:12:17:08 +0100] "GET /reload?ser=1518779829682 HTTP/1.1" 200 28 "http://renault.activities.at/result?searchterm=true&search=SCHILD" "Mozilla/5.0 (compatible; MSIE 9.0; Windows NT 6.1; WOW64; Trident/5.0)"
80.122.221.194 - - [16/Feb/2018:12:17:15 +0100] "GET /reload?ser=1518779835617 HTTP/1.1" 200 28 "http://renault.activities.at/" "Mozilla/5.0 (Windows NT 10.0; Win64; x64) AppleWebKit/537.36 (KHTML, like Gecko) Chrome/52.0.2743.116 Safari/537.36 Edge/15.15063"
80.123.221.50 - - [16/Feb/2018:12:17:25 +0100] "GET /reload?ser=1518779899246 HTTP/1.1" 200 28 "http://renault.2web.at/result?dir=DESC&mode=grid&order=name&limit=15&page=1&search=flying%20banner" "Mozilla/5.0 (Windows NT 6.1; Win64; x64; rv:58.0) Gecko/20100101 Firefox/58.0"
188.20.217.228 - - [16/Feb/2018:12:17:29 +0100] "GET /reload?ser=1518779850014 HTTP/1.1" 200 28 "http://renault.activities.at/result?searchterm=true&search=sandero" "Mozilla/5.0 (Windows NT 10.0; WOW64; Trident/7.0; rv:11.0) like Gecko"
212.152.246.137 - - [16/Feb/2018:12:17:47 +0100] "GET /reload?ser=1518779870188 HTTP/1.1" 200 28 "http://renault.activities.at/11730470" "Mozilla/5.0 (Windows NT 6.1; WOW64; Trident/7.0; rv:11.0) like Gecko"
80.123.225.34 - - [16/Feb/2018:12:17:53 +0100] "GET /reload?ser=1518779882666 HTTP/1.1" 200 28 "http://renault.activities.at/success" "Mozilla/5.0 (compatible; MSIE 10.0; Windows NT 6.1; WOW64; Trident/6.0)"
80.122.222.62 - - [16/Feb/2018:12:18:00 +0100] "GET /reload?ser=1518779883020 HTTP/1.1" 200 28 "http://renault.activities.at/login" "Mozilla/5.0 (Windows NT 10.0; WOW64; Trident/7.0; rv:11.0) like Gecko"
185.58.53.32 - - [16/Feb/2018:12:18:01 +0100] "GET /reload?ser=1518779852378 HTTP/1.1" 200 28 "http://renault.activities.at/11730470" "Mozilla/5.0 (Windows NT 6.1; WOW64; Trident/7.0; rv:11.0) like Gecko"
89.185.116.110 - - [16/Feb/2018:12:18:09 +0100] "GET /reload?ser=1518779890965 HTTP/1.1" 200 28 "http://renault.activities.at/" "Mozilla/5.0 (Windows NT 6.3; WOW64; Trident/7.0; MAARJS; rv:11.0) like Gecko"
80.123.225.34 - - [16/Feb/2018:12:18:09 +0100] "GET /reload?ser=1518779890625 HTTP/1.1" 200 28 "http://renault.activities.at/result?searchterm=true&search=SCHILD" "Mozilla/5.0 (compatible; MSIE 9.0; Windows NT 6.1; WOW64; Trident/5.0)"
80.122.221.194 - - [16/Feb/2018:12:18:16 +0100] "GET /reload?ser=1518779896622 HTTP/1.1" 200 28 "http://renault.activities.at/" "Mozilla/5.0 (Windows NT 10.0; Win64; x64) AppleWebKit/537.36 (KHTML, like Gecko) Chrome/52.0.2743.116 Safari/537.36 Edge/15.15063"
80.123.221.50 - - [16/Feb/2018:12:18:26 +0100] "GET /reload?ser=1518779960216 HTTP/1.1" 200 28 "http://renault.2web.at/result?dir=DESC&mode=grid&order=name&limit=15&page=1&search=flying%20banner" "Mozilla/5.0 (Windows NT 6.1; Win64; x64; rv:58.0) Gecko/20100101 Firefox/58.0"
188.20.217.228 - - [16/Feb/2018:12:18:30 +0100] "GET /reload?ser=1518779910986 HTTP/1.1" 200 28 "http://renault.activities.at/result?searchterm=true&search=sandero" "Mozilla/5.0 (Windows NT 10.0; WOW64; Trident/7.0; rv:11.0) like Gecko"
212.152.246.137 - - [16/Feb/2018:12:18:48 +0100] "GET /reload?ser=1518779931211 HTTP/1.1" 200 28 "http://renault.activities.at/11730470" "Mozilla/5.0 (Windows NT 6.1; WOW64; Trident/7.0; rv:11.0) like Gecko"
80.123.225.34 - - [16/Feb/2018:12:18:54 +0100] "GET /reload?ser=1518779943640 HTTP/1.1" 200 28 "http://renault.activities.at/success" "Mozilla/5.0 (compatible; MSIE 10.0; Windows NT 6.1; WOW64; Trident/6.0)"
80.122.222.62 - - [16/Feb/2018:12:19:01 +0100] "GET /reload?ser=1518779943663 HTTP/1.1" 200 28 "http://renault.activities.at/login" "Mozilla/5.0 (Windows NT 10.0; WOW64; Trident/7.0; rv:11.0) like Gecko"
185.58.53.32 - - [16/Feb/2018:12:19:02 +0100] "GET /reload?ser=1518779913412 HTTP/1.1" 200 28 "http://renault.activities.at/11730470" "Mozilla/5.0 (Windows NT 6.1; WOW64; Trident/7.0; rv:11.0) like Gecko"
89.185.116.110 - - [16/Feb/2018:12:19:09 +0100] "GET /reload?ser=1518779951672 HTTP/1.1" 200 28 "http://renault.activities.at/" "Mozilla/5.0 (Windows NT 6.3; WOW64; Trident/7.0; MAARJS; rv:11.0) like Gecko"
80.123.225.34 - - [16/Feb/2018:12:19:10 +0100] "GET /reload?ser=1518779951648 HTTP/1.1" 200 28 "http://renault.activities.at/result?searchterm=true&search=SCHILD" "Mozilla/5.0 (compatible; MSIE 9.0; Windows NT 6.1; WOW64; Trident/5.0)"
80.122.221.194 - - [16/Feb/2018:12:19:17 +0100] "GET /reload?ser=1518779957614 HTTP/1.1" 200 28 "http://renault.activities.at/" "Mozilla/5.0 (Windows NT 10.0; Win64; x64) AppleWebKit/537.36 (KHTML, like Gecko) Chrome/52.0.2743.116 Safari/537.36 Edge/15.15063"
80.123.221.50 - - [16/Feb/2018:12:19:27 +0100] "GET /reload?ser=1518780021175 HTTP/1.1" 200 28 "http://renault.2web.at/result?dir=DESC&mode=grid&order=name&limit=15&page=1&search=flying%20banner" "Mozilla/5.0 (Windows NT 6.1; Win64; x64; rv:58.0) Gecko/20100101 Firefox/58.0"
188.20.217.228 - - [16/Feb/2018:12:19:31 +0100] "GET /reload?ser=1518779972006 HTTP/1.1" 200 28 "http://renault.activities.at/result?searchterm=true&search=sandero" "Mozilla/5.0 (Windows NT 10.0; WOW64; Trident/7.0; rv:11.0) like Gecko"
212.152.246.137 - - [16/Feb/2018:12:19:49 +0100] "GET /reload?ser=1518779992236 HTTP/1.1" 200 28 "http://renault.activities.at/11730470" "Mozilla/5.0 (Windows NT 6.1; WOW64; Trident/7.0; rv:11.0) like Gecko"
80.123.225.34 - - [16/Feb/2018:12:19:55 +0100] "GET /reload?ser=1518780004609 HTTP/1.1" 200 28 "http://renault.activities.at/success" "Mozilla/5.0 (compatible; MSIE 10.0; Windows NT 6.1; WOW64; Trident/6.0)"
80.122.222.62 - - [16/Feb/2018:12:20:01 +0100] "GET /reload?ser=1518780004338 HTTP/1.1" 200 28 "http://renault.activities.at/login" "Mozilla/5.0 (Windows NT 10.0; WOW64; Trident/7.0; rv:11.0) like Gecko"
185.58.53.32 - - [16/Feb/2018:12:20:03 +0100] "GET /reload?ser=1518779974402 HTTP/1.1" 200 28 "http://renault.activities.at/11730470" "Mozilla/5.0 (Windows NT 6.1; WOW64; Trident/7.0; rv:11.0) like Gecko"
89.185.116.110 - - [16/Feb/2018:12:20:10 +0100] "GET /reload?ser=1518780012384 HTTP/1.1" 200 28 "http://renault.activities.at/" "Mozilla/5.0 (Windows NT 6.3; WOW64; Trident/7.0; MAARJS; rv:11.0) like Gecko"
80.123.225.34 - - [16/Feb/2018:12:20:11 +0100] "GET /reload?ser=1518780012638 HTTP/1.1" 200 28 "http://renault.activities.at/result?searchterm=true&search=SCHILD" "Mozilla/5.0 (compatible; MSIE 9.0; Windows NT 6.1; WOW64; Trident/5.0)"
80.122.221.194 - - [16/Feb/2018:12:20:18 +0100] "GET /reload?ser=1518780018616 HTTP/1.1" 200 28 "http://renault.activities.at/" "Mozilla/5.0 (Windows NT 10.0; Win64; x64) AppleWebKit/537.36 (KHTML, like Gecko) Chrome/52.0.2743.116 Safari/537.36 Edge/15.15063"
80.123.221.50 - - [16/Feb/2018:12:20:28 +0100] "GET /reload?ser=1518780082093 HTTP/1.1" 200 28 "http://renault.2web.at/result?dir=DESC&mode=grid&order=name&limit=15&page=1&search=flying%20banner" "Mozilla/5.0 (Windows NT 6.1; Win64; x64; rv:58.0) Gecko/20100101 Firefox/58.0"
188.20.217.228 - - [16/Feb/2018:12:20:32 +0100] "GET /reload?ser=1518780033073 HTTP/1.1" 200 28 "http://renault.activities.at/result?searchterm=true&search=sandero" "Mozilla/5.0 (Windows NT 10.0; WOW64; Trident/7.0; rv:11.0) like Gecko"
212.152.246.137 - - [16/Feb/2018:12:20:50 +0100] "GET /reload?ser=1518780053301 HTTP/1.1" 200 28 "http://renault.activities.at/11730470" "Mozilla/5.0 (Windows NT 6.1; WOW64; Trident/7.0; rv:11.0) like Gecko"
80.123.225.34 - - [16/Feb/2018:12:20:56 +0100] "GET /reload?ser=1518780065573 HTTP/1.1" 200 28 "http://renault.activities.at/success" "Mozilla/5.0 (compatible; MSIE 10.0; Windows NT 6.1; WOW64; Trident/6.0)"
80.122.222.62 - - [16/Feb/2018:12:21:02 +0100] "GET /reload?ser=1518780065014 HTTP/1.1" 200 28 "http://renault.activities.at/login" "Mozilla/5.0 (Windows NT 10.0; WOW64; Trident/7.0; rv:11.0) like Gecko"
