213.153.47.173 - - [23/Feb/2018:12:01:02 +0100] "GET /reload?ser=1519383662031 HTTP/1.1" 200 28 "http://renault.activities.at/" "Mozilla/5.0 (Windows NT 10.0; Win64; x64; rv:58.0) Gecko/20100101 Firefox/58.0"
80.123.225.34 - - [23/Feb/2018:12:01:01 +0100] "GET /reload?ser=1519384087028 HTTP/1.1" 200 28 "http://renault.activities.at/success" "Mozilla/5.0 (Windows NT 6.1; WOW64; Trident/7.0; rv:11.0) like Gecko"
80.123.225.34 - - [23/Feb/2018:12:01:33 +0100] "GET /reload?ser=1519383703272 HTTP/1.1" 200 28 "http://renault.activities.at/success" "Mozilla/5.0 (compatible; MSIE 10.0; Windows NT 6.1; WOW64; Trident/6.0)"
193.194.132.72 - - [23/Feb/2018:12:01:39 +0100] "GET /reload?ser=1519383699552 HTTP/1.1" 200 28 "http://renault.2web.at/account?loadrequest=true" "Mozilla/5.0 (Windows NT 6.1; WOW64; Trident/7.0; rv:11.0) like Gecko"
213.153.47.173 - - [23/Feb/2018:12:02:02 +0100] "GET /reload?ser=1519383722709 HTTP/1.1" 200 28 "http://renault.activities.at/" "Mozilla/5.0 (Windows NT 10.0; Win64; x64; rv:58.0) Gecko/20100101 Firefox/58.0"
80.123.225.34 - - [23/Feb/2018:12:02:02 +0100] "GET /reload?ser=1519384147992 HTTP/1.1" 200 28 "http://renault.activities.at/success" "Mozilla/5.0 (Windows NT 6.1; WOW64; Trident/7.0; rv:11.0) like Gecko"
80.123.225.34 - - [23/Feb/2018:12:02:34 +0100] "GET /reload?ser=1519383764215 HTTP/1.1" 200 28 "http://renault.activities.at/success" "Mozilla/5.0 (compatible; MSIE 10.0; Windows NT 6.1; WOW64; Trident/6.0)"
193.194.132.72 - - [23/Feb/2018:12:02:40 +0100] "GET /reload?ser=1519383760704 HTTP/1.1" 200 28 "http://renault.2web.at/account?loadrequest=true" "Mozilla/5.0 (Windows NT 6.1; WOW64; Trident/7.0; rv:11.0) like Gecko"
213.153.47.173 - - [23/Feb/2018:12:03:03 +0100] "GET /reload?ser=1519383783360 HTTP/1.1" 200 28 "http://renault.activities.at/" "Mozilla/5.0 (Windows NT 10.0; Win64; x64; rv:58.0) Gecko/20100101 Firefox/58.0"
80.123.225.34 - - [23/Feb/2018:12:03:03 +0100] "GET /reload?ser=1519384209008 HTTP/1.1" 200 28 "http://renault.activities.at/success" "Mozilla/5.0 (Windows NT 6.1; WOW64; Trident/7.0; rv:11.0) like Gecko"
80.123.225.34 - - [23/Feb/2018:12:03:35 +0100] "GET /reload?ser=1519383825177 HTTP/1.1" 200 28 "http://renault.activities.at/success" "Mozilla/5.0 (compatible; MSIE 10.0; Windows NT 6.1; WOW64; Trident/6.0)"
193.194.132.72 - - [23/Feb/2018:12:03:41 +0100] "GET /reload?ser=1519383821752 HTTP/1.1" 200 28 "http://renault.2web.at/account?loadrequest=true" "Mozilla/5.0 (Windows NT 6.1; WOW64; Trident/7.0; rv:11.0) like Gecko"
213.153.47.173 - - [23/Feb/2018:12:04:04 +0100] "GET /reload?ser=1519383844018 HTTP/1.1" 200 28 "http://renault.activities.at/" "Mozilla/5.0 (Windows NT 10.0; Win64; x64; rv:58.0) Gecko/20100101 Firefox/58.0"
80.123.225.34 - - [23/Feb/2018:12:04:04 +0100] "GET /reload?ser=1519384269969 HTTP/1.1" 200 28 "http://renault.activities.at/success" "Mozilla/5.0 (Windows NT 6.1; WOW64; Trident/7.0; rv:11.0) like Gecko"
80.123.225.34 - - [23/Feb/2018:12:04:36 +0100] "GET /reload?ser=1519383886170 HTTP/1.1" 200 28 "http://renault.activities.at/success" "Mozilla/5.0 (compatible; MSIE 10.0; Windows NT 6.1; WOW64; Trident/6.0)"
193.194.132.72 - - [23/Feb/2018:12:04:43 +0100] "GET /reload?ser=1519383882912 HTTP/1.1" 200 28 "http://renault.2web.at/account?loadrequest=true" "Mozilla/5.0 (Windows NT 6.1; WOW64; Trident/7.0; rv:11.0) like Gecko"
213.153.47.173 - - [23/Feb/2018:12:05:04 +0100] "GET /reload?ser=1519383904693 HTTP/1.1" 200 28 "http://renault.activities.at/" "Mozilla/5.0 (Windows NT 10.0; Win64; x64; rv:58.0) Gecko/20100101 Firefox/58.0"
80.123.225.34 - - [23/Feb/2018:12:05:05 +0100] "GET /reload?ser=1519384330989 HTTP/1.1" 200 28 "http://renault.activities.at/success" "Mozilla/5.0 (Windows NT 6.1; WOW64; Trident/7.0; rv:11.0) like Gecko"
80.123.225.34 - - [23/Feb/2018:12:05:37 +0100] "GET /reload?ser=1519383947148 HTTP/1.1" 200 28 "http://renault.activities.at/success" "Mozilla/5.0 (compatible; MSIE 10.0; Windows NT 6.1; WOW64; Trident/6.0)"
193.194.132.72 - - [23/Feb/2018:12:05:44 +0100] "GET /reload?ser=1519383944028 HTTP/1.1" 200 28 "http://renault.2web.at/account?loadrequest=true" "Mozilla/5.0 (Windows NT 6.1; WOW64; Trident/7.0; rv:11.0) like Gecko"
213.153.47.173 - - [23/Feb/2018:12:06:05 +0100] "GET /reload?ser=1519383965339 HTTP/1.1" 200 28 "http://renault.activities.at/" "Mozilla/5.0 (Windows NT 10.0; Win64; x64; rv:58.0) Gecko/20100101 Firefox/58.0"
80.123.225.34 - - [23/Feb/2018:12:06:06 +0100] "GET /reload?ser=1519384392010 HTTP/1.1" 200 28 "http://renault.activities.at/success" "Mozilla/5.0 (Windows NT 6.1; WOW64; Trident/7.0; rv:11.0) like Gecko"
80.123.225.34 - - [23/Feb/2018:12:06:38 +0100] "GET /reload?ser=1519384008070 HTTP/1.1" 200 28 "http://renault.activities.at/success" "Mozilla/5.0 (compatible; MSIE 10.0; Windows NT 6.1; WOW64; Trident/6.0)"
193.194.132.72 - - [23/Feb/2018:12:06:45 +0100] "GET /reload?ser=1519384005177 HTTP/1.1" 200 28 "http://renault.2web.at/account?loadrequest=true" "Mozilla/5.0 (Windows NT 6.1; WOW64; Trident/7.0; rv:11.0) like Gecko"
213.153.47.173 - - [23/Feb/2018:12:07:06 +0100] "GET /reload?ser=1519384025994 HTTP/1.1" 200 28 "http://renault.activities.at/" "Mozilla/5.0 (Windows NT 10.0; Win64; x64; rv:58.0) Gecko/20100101 Firefox/58.0"
80.123.225.34 - - [23/Feb/2018:12:07:07 +0100] "GET /reload?ser=1519384453066 HTTP/1.1" 200 28 "http://renault.activities.at/success" "Mozilla/5.0 (Windows NT 6.1; WOW64; Trident/7.0; rv:11.0) like Gecko"
80.123.225.34 - - [23/Feb/2018:12:07:39 +0100] "GET /reload?ser=1519384069061 HTTP/1.1" 200 28 "http://renault.activities.at/success" "Mozilla/5.0 (compatible; MSIE 10.0; Windows NT 6.1; WOW64; Trident/6.0)"
193.194.132.72 - - [23/Feb/2018:12:07:46 +0100] "GET /reload?ser=1519384066327 HTTP/1.1" 200 28 "http://renault.2web.at/account?loadrequest=true" "Mozilla/5.0 (Windows NT 6.1; WOW64; Trident/7.0; rv:11.0) like Gecko"
213.153.47.173 - - [23/Feb/2018:12:08:06 +0100] "GET /reload?ser=1519384086662 HTTP/1.1" 200 28 "http://renault.activities.at/" "Mozilla/5.0 (Windows NT 10.0; Win64; x64; rv:58.0) Gecko/20100101 Firefox/58.0"
80.123.225.34 - - [23/Feb/2018:12:08:09 +0100] "GET /reload?ser=1519384514172 HTTP/1.1" 200 28 "http://renault.activities.at/success" "Mozilla/5.0 (Windows NT 6.1; WOW64; Trident/7.0; rv:11.0) like Gecko"
80.123.225.34 - - [23/Feb/2018:12:08:40 +0100] "GET /reload?ser=1519384130044 HTTP/1.1" 200 28 "http://renault.activities.at/success" "Mozilla/5.0 (compatible; MSIE 10.0; Windows NT 6.1; WOW64; Trident/6.0)"
193.194.132.72 - - [23/Feb/2018:12:08:47 +0100] "GET /reload?ser=1519384127425 HTTP/1.1" 200 28 "http://renault.2web.at/account?loadrequest=true" "Mozilla/5.0 (Windows NT 6.1; WOW64; Trident/7.0; rv:11.0) like Gecko"
213.153.47.173 - - [23/Feb/2018:12:09:07 +0100] "GET /reload?ser=1519384147328 HTTP/1.1" 200 28 "http://renault.activities.at/" "Mozilla/5.0 (Windows NT 10.0; Win64; x64; rv:58.0) Gecko/20100101 Firefox/58.0"
80.123.225.34 - - [23/Feb/2018:12:09:10 +0100] "GET /reload?ser=1519384575201 HTTP/1.1" 200 28 "http://renault.activities.at/success" "Mozilla/5.0 (Windows NT 6.1; WOW64; Trident/7.0; rv:11.0) like Gecko"
80.123.225.34 - - [23/Feb/2018:12:09:41 +0100] "GET /reload?ser=1519384191059 HTTP/1.1" 200 28 "http://renault.activities.at/success" "Mozilla/5.0 (compatible; MSIE 10.0; Windows NT 6.1; WOW64; Trident/6.0)"
193.194.132.72 - - [23/Feb/2018:12:09:48 +0100] "GET /reload?ser=1519384188524 HTTP/1.1" 200 28 "http://renault.2web.at/account?loadrequest=true" "Mozilla/5.0 (Windows NT 6.1; WOW64; Trident/7.0; rv:11.0) like Gecko"
213.153.47.173 - - [23/Feb/2018:12:10:08 +0100] "GET /reload?ser=1519384207978 HTTP/1.1" 200 28 "http://renault.activities.at/" "Mozilla/5.0 (Windows NT 10.0; Win64; x64; rv:58.0) Gecko/20100101 Firefox/58.0"
80.123.225.34 - - [23/Feb/2018:12:10:11 +0100] "GET /reload?ser=1519384636238 HTTP/1.1" 200 28 "http://renault.activities.at/success" "Mozilla/5.0 (Windows NT 6.1; WOW64; Trident/7.0; rv:11.0) like Gecko"
80.123.225.34 - - [23/Feb/2018:12:10:42 +0100] "GET /reload?ser=1519384252026 HTTP/1.1" 200 28 "http://renault.activities.at/success" "Mozilla/5.0 (compatible; MSIE 10.0; Windows NT 6.1; WOW64; Trident/6.0)"
193.194.132.72 - - [23/Feb/2018:12:10:49 +0100] "GET /reload?ser=1519384249683 HTTP/1.1" 200 28 "http://renault.2web.at/account?loadrequest=true" "Mozilla/5.0 (Windows NT 6.1; WOW64; Trident/7.0; rv:11.0) like Gecko"
213.153.47.173 - - [23/Feb/2018:12:11:08 +0100] "GET /reload?ser=1519384268656 HTTP/1.1" 200 28 "http://renault.activities.at/" "Mozilla/5.0 (Windows NT 10.0; Win64; x64; rv:58.0) Gecko/20100101 Firefox/58.0"
80.123.225.34 - - [23/Feb/2018:12:11:12 +0100] "GET /reload?ser=1519384697244 HTTP/1.1" 200 28 "http://renault.activities.at/success" "Mozilla/5.0 (Windows NT 6.1; WOW64; Trident/7.0; rv:11.0) like Gecko"
80.123.225.34 - - [23/Feb/2018:12:11:43 +0100] "GET /reload?ser=1519384313059 HTTP/1.1" 200 28 "http://renault.activities.at/success" "Mozilla/5.0 (compatible; MSIE 10.0; Windows NT 6.1; WOW64; Trident/6.0)"
193.194.132.72 - - [23/Feb/2018:12:11:50 +0100] "GET /reload?ser=1519384310762 HTTP/1.1" 200 28 "http://renault.2web.at/account?loadrequest=true" "Mozilla/5.0 (Windows NT 6.1; WOW64; Trident/7.0; rv:11.0) like Gecko"
213.153.47.173 - - [23/Feb/2018:12:12:09 +0100] "GET /reload?ser=1519384329323 HTTP/1.1" 200 28 "http://renault.activities.at/" "Mozilla/5.0 (Windows NT 10.0; Win64; x64; rv:58.0) Gecko/20100101 Firefox/58.0"
80.123.225.34 - - [23/Feb/2018:12:12:13 +0100] "GET /reload?ser=1519384758269 HTTP/1.1" 200 28 "http://renault.activities.at/success" "Mozilla/5.0 (Windows NT 6.1; WOW64; Trident/7.0; rv:11.0) like Gecko"
80.123.225.34 - - [23/Feb/2018:12:12:44 +0100] "GET /reload?ser=1519384374012 HTTP/1.1" 200 28 "http://renault.activities.at/success" "Mozilla/5.0 (compatible; MSIE 10.0; Windows NT 6.1; WOW64; Trident/6.0)"
193.194.132.72 - - [23/Feb/2018:12:12:52 +0100] "GET /reload?ser=1519384372237 HTTP/1.1" 200 28 "http://renault.2web.at/account?loadrequest=true" "Mozilla/5.0 (Windows NT 6.1; WOW64; Trident/7.0; rv:11.0) like Gecko"
213.153.47.173 - - [23/Feb/2018:12:13:10 +0100] "GET /reload?ser=1519384389977 HTTP/1.1" 200 28 "http://renault.activities.at/" "Mozilla/5.0 (Windows NT 10.0; Win64; x64; rv:58.0) Gecko/20100101 Firefox/58.0"
80.123.225.34 - - [23/Feb/2018:12:13:14 +0100] "GET /reload?ser=1519384819282 HTTP/1.1" 200 28 "http://renault.activities.at/success" "Mozilla/5.0 (Windows NT 6.1; WOW64; Trident/7.0; rv:11.0) like Gecko"
80.123.225.34 - - [23/Feb/2018:12:13:45 +0100] "GET /reload?ser=1519384434959 HTTP/1.1" 200 28 "http://renault.activities.at/success" "Mozilla/5.0 (compatible; MSIE 10.0; Windows NT 6.1; WOW64; Trident/6.0)"
193.194.132.72 - - [23/Feb/2018:12:13:53 +0100] "GET /reload?ser=1519384433456 HTTP/1.1" 200 28 "http://renault.2web.at/account?loadrequest=true" "Mozilla/5.0 (Windows NT 6.1; WOW64; Trident/7.0; rv:11.0) like Gecko"
213.153.47.173 - - [23/Feb/2018:12:14:10 +0100] "GET /reload?ser=1519384450650 HTTP/1.1" 200 28 "http://renault.activities.at/" "Mozilla/5.0 (Windows NT 10.0; Win64; x64; rv:58.0) Gecko/20100101 Firefox/58.0"
80.123.225.34 - - [23/Feb/2018:12:14:15 +0100] "GET /reload?ser=1519384880274 HTTP/1.1" 200 28 "http://renault.activities.at/success" "Mozilla/5.0 (Windows NT 6.1; WOW64; Trident/7.0; rv:11.0) like Gecko"
80.123.225.34 - - [23/Feb/2018:12:14:46 +0100] "GET /reload?ser=1519384495914 HTTP/1.1" 200 28 "http://renault.activities.at/success" "Mozilla/5.0 (compatible; MSIE 10.0; Windows NT 6.1; WOW64; Trident/6.0)"
193.194.132.72 - - [23/Feb/2018:12:14:54 +0100] "GET /reload?ser=1519384494567 HTTP/1.1" 200 28 "http://renault.2web.at/account?loadrequest=true" "Mozilla/5.0 (Windows NT 6.1; WOW64; Trident/7.0; rv:11.0) like Gecko"
213.153.47.173 - - [23/Feb/2018:12:15:11 +0100] "GET /reload?ser=1519384511360 HTTP/1.1" 200 28 "http://renault.activities.at/" "Mozilla/5.0 (Windows NT 10.0; Win64; x64; rv:58.0) Gecko/20100101 Firefox/58.0"
80.123.225.34 - - [23/Feb/2018:12:15:16 +0100] "GET /reload?ser=1519384941295 HTTP/1.1" 200 28 "http://renault.activities.at/success" "Mozilla/5.0 (Windows NT 6.1; WOW64; Trident/7.0; rv:11.0) like Gecko"
80.123.225.34 - - [23/Feb/2018:12:15:47 +0100] "GET /reload?ser=1519384556947 HTTP/1.1" 200 28 "http://renault.activities.at/success" "Mozilla/5.0 (compatible; MSIE 10.0; Windows NT 6.1; WOW64; Trident/6.0)"
193.194.132.72 - - [23/Feb/2018:12:15:55 +0100] "GET /reload?ser=1519384555649 HTTP/1.1" 200 28 "http://renault.2web.at/account?loadrequest=true" "Mozilla/5.0 (Windows NT 6.1; WOW64; Trident/7.0; rv:11.0) like Gecko"
213.153.47.173 - - [23/Feb/2018:12:16:12 +0100] "GET /reload?ser=1519384572017 HTTP/1.1" 200 28 "http://renault.activities.at/" "Mozilla/5.0 (Windows NT 10.0; Win64; x64; rv:58.0) Gecko/20100101 Firefox/58.0"
80.123.225.34 - - [23/Feb/2018:12:16:17 +0100] "GET /reload?ser=1519385002261 HTTP/1.1" 200 28 "http://renault.activities.at/success" "Mozilla/5.0 (Windows NT 6.1; WOW64; Trident/7.0; rv:11.0) like Gecko"
80.123.225.34 - - [23/Feb/2018:12:16:48 +0100] "GET /reload?ser=1519384617880 HTTP/1.1" 200 28 "http://renault.activities.at/success" "Mozilla/5.0 (compatible; MSIE 10.0; Windows NT 6.1; WOW64; Trident/6.0)"
193.194.132.72 - - [23/Feb/2018:12:16:56 +0100] "GET /reload?ser=1519384616769 HTTP/1.1" 200 28 "http://renault.2web.at/account?loadrequest=true" "Mozilla/5.0 (Windows NT 6.1; WOW64; Trident/7.0; rv:11.0) like Gecko"
213.153.47.173 - - [23/Feb/2018:12:17:12 +0100] "GET /reload?ser=1519384632677 HTTP/1.1" 200 28 "http://renault.activities.at/" "Mozilla/5.0 (Windows NT 10.0; Win64; x64; rv:58.0) Gecko/20100101 Firefox/58.0"
80.123.225.34 - - [23/Feb/2018:12:17:18 +0100] "GET /reload?ser=1519385063251 HTTP/1.1" 200 28 "http://renault.activities.at/success" "Mozilla/5.0 (Windows NT 6.1; WOW64; Trident/7.0; rv:11.0) like Gecko"
80.123.225.34 - - [23/Feb/2018:12:17:49 +0100] "GET /reload?ser=1519384678842 HTTP/1.1" 200 28 "http://renault.activities.at/success" "Mozilla/5.0 (compatible; MSIE 10.0; Windows NT 6.1; WOW64; Trident/6.0)"
193.194.132.72 - - [23/Feb/2018:12:17:57 +0100] "GET /reload?ser=1519384677887 HTTP/1.1" 200 28 "http://renault.2web.at/account?loadrequest=true" "Mozilla/5.0 (Windows NT 6.1; WOW64; Trident/7.0; rv:11.0) like Gecko"
213.153.47.173 - - [23/Feb/2018:12:18:13 +0100] "GET /reload?ser=1519384693344 HTTP/1.1" 200 28 "http://renault.activities.at/" "Mozilla/5.0 (Windows NT 10.0; Win64; x64; rv:58.0) Gecko/20100101 Firefox/58.0"
80.123.225.34 - - [23/Feb/2018:12:18:19 +0100] "GET /reload?ser=1519385124217 HTTP/1.1" 200 28 "http://renault.activities.at/success" "Mozilla/5.0 (Windows NT 6.1; WOW64; Trident/7.0; rv:11.0) like Gecko"
80.123.225.34 - - [23/Feb/2018:12:18:50 +0100] "GET /reload?ser=1519384739848 HTTP/1.1" 200 28 "http://renault.activities.at/success" "Mozilla/5.0 (compatible; MSIE 10.0; Windows NT 6.1; WOW64; Trident/6.0)"
193.194.132.72 - - [23/Feb/2018:12:18:59 +0100] "GET /reload?ser=1519384738964 HTTP/1.1" 200 28 "http://renault.2web.at/account?loadrequest=true" "Mozilla/5.0 (Windows NT 6.1; WOW64; Trident/7.0; rv:11.0) like Gecko"
213.153.47.173 - - [23/Feb/2018:12:19:14 +0100] "GET /reload?ser=1519384753995 HTTP/1.1" 200 28 "http://renault.activities.at/" "Mozilla/5.0 (Windows NT 10.0; Win64; x64; rv:58.0) Gecko/20100101 Firefox/58.0"
80.123.225.34 - - [23/Feb/2018:12:19:20 +0100] "GET /reload?ser=1519385185209 HTTP/1.1" 200 28 "http://renault.activities.at/success" "Mozilla/5.0 (Windows NT 6.1; WOW64; Trident/7.0; rv:11.0) like Gecko"
80.123.225.34 - - [23/Feb/2018:12:19:51 +0100] "GET /reload?ser=1519384800795 HTTP/1.1" 200 28 "http://renault.activities.at/success" "Mozilla/5.0 (compatible; MSIE 10.0; Windows NT 6.1; WOW64; Trident/6.0)"
193.194.132.72 - - [23/Feb/2018:12:20:00 +0100] "GET /reload?ser=1519384800077 HTTP/1.1" 200 28 "http://renault.2web.at/account?loadrequest=true" "Mozilla/5.0 (Windows NT 6.1; WOW64; Trident/7.0; rv:11.0) like Gecko"
213.153.47.173 - - [23/Feb/2018:12:20:14 +0100] "GET /reload?ser=1519384814676 HTTP/1.1" 200 28 "http://renault.activities.at/" "Mozilla/5.0 (Windows NT 10.0; Win64; x64; rv:58.0) Gecko/20100101 Firefox/58.0"
80.123.225.34 - - [23/Feb/2018:12:20:21 +0100] "GET /reload?ser=1519385246209 HTTP/1.1" 200 28 "http://renault.activities.at/success" "Mozilla/5.0 (Windows NT 6.1; WOW64; Trident/7.0; rv:11.0) like Gecko"
80.123.225.34 - - [23/Feb/2018:12:20:52 +0100] "GET /reload?ser=1519384861784 HTTP/1.1" 200 28 "http://renault.activities.at/success" "Mozilla/5.0 (compatible; MSIE 10.0; Windows NT 6.1; WOW64; Trident/6.0)"
193.194.132.72 - - [23/Feb/2018:12:21:01 +0100] "GET /reload?ser=1519384861186 HTTP/1.1" 200 28 "http://renault.2web.at/account?loadrequest=true" "Mozilla/5.0 (Windows NT 6.1; WOW64; Trident/7.0; rv:11.0) like Gecko"
213.153.47.173 - - [23/Feb/2018:12:21:15 +0100] "GET /reload?ser=1519384875325 HTTP/1.1" 200 28 "http://renault.activities.at/" "Mozilla/5.0 (Windows NT 10.0; Win64; x64; rv:58.0) Gecko/20100101 Firefox/58.0"
80.123.225.34 - - [23/Feb/2018:12:21:22 +0100] "GET /reload?ser=1519385307228 HTTP/1.1" 200 28 "http://renault.activities.at/success" "Mozilla/5.0 (Windows NT 6.1; WOW64; Trident/7.0; rv:11.0) like Gecko"
80.123.225.34 - - [23/Feb/2018:12:21:53 +0100] "GET /reload?ser=1519384922723 HTTP/1.1" 200 28 "http://renault.activities.at/success" "Mozilla/5.0 (compatible; MSIE 10.0; Windows NT 6.1; WOW64; Trident/6.0)"
193.194.132.72 - - [23/Feb/2018:12:22:02 +0100] "GET /reload?ser=1519384922250 HTTP/1.1" 200 28 "http://renault.2web.at/account?loadrequest=true" "Mozilla/5.0 (Windows NT 6.1; WOW64; Trident/7.0; rv:11.0) like Gecko"
213.153.47.173 - - [23/Feb/2018:12:22:16 +0100] "GET /reload?ser=1519384935992 HTTP/1.1" 200 28 "http://renault.activities.at/" "Mozilla/5.0 (Windows NT 10.0; Win64; x64; rv:58.0) Gecko/20100101 Firefox/58.0"
80.123.225.34 - - [23/Feb/2018:12:22:23 +0100] "GET /reload?ser=1519385368265 HTTP/1.1" 200 28 "http://renault.activities.at/success" "Mozilla/5.0 (Windows NT 6.1; WOW64; Trident/7.0; rv:11.0) like Gecko"
80.123.225.34 - - [23/Feb/2018:12:22:53 +0100] "GET /reload?ser=1519384983687 HTTP/1.1" 200 28 "http://renault.activities.at/success" "Mozilla/5.0 (compatible; MSIE 10.0; Windows NT 6.1; WOW64; Trident/6.0)"
193.194.132.72 - - [23/Feb/2018:12:23:03 +0100] "GET /reload?ser=1519384983352 HTTP/1.1" 200 28 "http://renault.2web.at/account?loadrequest=true" "Mozilla/5.0 (Windows NT 6.1; WOW64; Trident/7.0; rv:11.0) like Gecko"
213.153.47.173 - - [23/Feb/2018:12:23:16 +0100] "GET /reload?ser=1519384996659 HTTP/1.1" 200 28 "http://renault.activities.at/" "Mozilla/5.0 (Windows NT 10.0; Win64; x64; rv:58.0) Gecko/20100101 Firefox/58.0"
80.123.225.34 - - [23/Feb/2018:12:23:24 +0100] "GET /reload?ser=1519385429257 HTTP/1.1" 200 28 "http://renault.activities.at/success" "Mozilla/5.0 (Windows NT 6.1; WOW64; Trident/7.0; rv:11.0) like Gecko"
80.123.225.34 - - [23/Feb/2018:12:23:54 +0100] "GET /reload?ser=1519385044647 HTTP/1.1" 200 28 "http://renault.activities.at/success" "Mozilla/5.0 (compatible; MSIE 10.0; Windows NT 6.1; WOW64; Trident/6.0)"
193.194.132.72 - - [23/Feb/2018:12:24:04 +0100] "GET /reload?ser=1519385044442 HTTP/1.1" 200 28 "http://renault.2web.at/account?loadrequest=true" "Mozilla/5.0 (Windows NT 6.1; WOW64; Trident/7.0; rv:11.0) like Gecko"
213.153.47.173 - - [23/Feb/2018:12:24:17 +0100] "GET /reload?ser=1519385057309 HTTP/1.1" 200 28 "http://renault.activities.at/" "Mozilla/5.0 (Windows NT 10.0; Win64; x64; rv:58.0) Gecko/20100101 Firefox/58.0"
80.123.225.34 - - [23/Feb/2018:12:24:25 +0100] "GET /reload?ser=1519385490255 HTTP/1.1" 200 28 "http://renault.activities.at/success" "Mozilla/5.0 (Windows NT 6.1; WOW64; Trident/7.0; rv:11.0) like Gecko"
80.123.225.34 - - [23/Feb/2018:12:24:56 +0100] "GET /reload?ser=1519385105684 HTTP/1.1" 200 28 "http://renault.activities.at/success" "Mozilla/5.0 (compatible; MSIE 10.0; Windows NT 6.1; WOW64; Trident/6.0)"
193.194.132.72 - - [23/Feb/2018:12:25:05 +0100] "GET /reload?ser=1519385105594 HTTP/1.1" 200 28 "http://renault.2web.at/account?loadrequest=true" "Mozilla/5.0 (Windows NT 6.1; WOW64; Trident/7.0; rv:11.0) like Gecko"
213.153.47.173 - - [23/Feb/2018:12:25:17 +0100] "GET /reload?ser=1519385117956 HTTP/1.1" 200 28 "http://renault.activities.at/" "Mozilla/5.0 (Windows NT 10.0; Win64; x64; rv:58.0) Gecko/20100101 Firefox/58.0"
80.123.225.34 - - [23/Feb/2018:12:25:26 +0100] "GET /reload?ser=1519385551247 HTTP/1.1" 200 28 "http://renault.activities.at/success" "Mozilla/5.0 (Windows NT 6.1; WOW64; Trident/7.0; rv:11.0) like Gecko"
80.123.225.34 - - [23/Feb/2018:12:25:57 +0100] "GET /reload?ser=1519385166777 HTTP/1.1" 200 28 "http://renault.activities.at/success" "Mozilla/5.0 (compatible; MSIE 10.0; Windows NT 6.1; WOW64; Trident/6.0)"
193.194.132.72 - - [23/Feb/2018:12:26:06 +0100] "GET /reload?ser=1519385166799 HTTP/1.1" 200 28 "http://renault.2web.at/account?loadrequest=true" "Mozilla/5.0 (Windows NT 6.1; WOW64; Trident/7.0; rv:11.0) like Gecko"
213.153.47.173 - - [23/Feb/2018:12:26:18 +0100] "GET /reload?ser=1519385178609 HTTP/1.1" 200 28 "http://renault.activities.at/" "Mozilla/5.0 (Windows NT 10.0; Win64; x64; rv:58.0) Gecko/20100101 Firefox/58.0"
80.123.225.34 - - [23/Feb/2018:12:26:27 +0100] "GET /reload?ser=1519385612257 HTTP/1.1" 200 28 "http://renault.activities.at/success" "Mozilla/5.0 (Windows NT 6.1; WOW64; Trident/7.0; rv:11.0) like Gecko"
80.120.5.131 - - [23/Feb/2018:12:26:33 +0100] "GET /10201637 HTTP/1.1" 302 150 "-" "Mozilla/5.0 (Macintosh; Intel Mac OS X 10_13_3) AppleWebKit/604.5.6 (KHTML, like Gecko)"
80.120.5.131 - - [23/Feb/2018:12:26:35 +0100] "GET /login?required=true HTTP/1.1" 200 2086 "-" "Mozilla/5.0 (Macintosh; Intel Mac OS X 10_13_3) AppleWebKit/604.5.6 (KHTML, like Gecko)"
80.120.5.131 - - [23/Feb/2018:12:26:36 +0100] "GET /apple-touch-icon-precomposed.png HTTP/1.1" 200 1559 "-" "Safari/13604.5.6 CFNetwork/893.13.1 Darwin/17.4.0 (x86_64)"
80.120.5.131 - - [23/Feb/2018:12:26:37 +0100] "GET /apple-touch-icon.png HTTP/1.1" 200 1559 "-" "Safari/13604.5.6 CFNetwork/893.13.1 Darwin/17.4.0 (x86_64)"
80.120.5.131 - - [23/Feb/2018:12:26:38 +0100] "GET /images/favicon.ico HTTP/1.1" 404 305 "-" "Safari/13604.5.6 CFNetwork/893.13.1 Darwin/17.4.0 (x86_64)"
80.120.5.131 - - [23/Feb/2018:12:26:38 +0100] "GET /images/favicon.ico HTTP/1.1" 404 305 "-" "Safari/13604.5.6 CFNetwork/893.13.1 Darwin/17.4.0 (x86_64)"
80.120.5.131 - - [23/Feb/2018:12:26:38 +0100] "GET /favicon.ico HTTP/1.1" 200 3250 "-" "Safari/13604.5.6 CFNetwork/893.13.1 Darwin/17.4.0 (x86_64)"
80.120.5.131 - - [23/Feb/2018:12:26:38 +0100] "GET /apple-touch-icon-precomposed.png HTTP/1.1" 200 1559 "-" "Safari/13604.5.6 CFNetwork/893.13.1 Darwin/17.4.0 (x86_64)"
80.120.5.131 - - [23/Feb/2018:12:26:39 +0100] "GET /apple-touch-icon.png HTTP/1.1" 200 1559 "-" "Safari/13604.5.6 CFNetwork/893.13.1 Darwin/17.4.0 (x86_64)"
80.120.5.131 - - [23/Feb/2018:12:26:40 +0100] "GET /images/favicon.ico HTTP/1.1" 404 305 "-" "Safari/13604.5.6 CFNetwork/893.13.1 Darwin/17.4.0 (x86_64)"
80.120.5.131 - - [23/Feb/2018:12:26:40 +0100] "GET /images/favicon.ico HTTP/1.1" 404 305 "-" "Safari/13604.5.6 CFNetwork/893.13.1 Darwin/17.4.0 (x86_64)"
80.120.5.131 - - [23/Feb/2018:12:26:40 +0100] "GET /favicon.ico HTTP/1.1" 200 3250 "-" "Safari/13604.5.6 CFNetwork/893.13.1 Darwin/17.4.0 (x86_64)"
80.120.5.131 - - [23/Feb/2018:12:26:40 +0100] "GET /10201637 HTTP/1.1" 302 150 "-" "\"Mozilla/5.0 (iPhone; CPU iPhone OS 11_0 like Mac OS X) AppleWebKit/604.1.38 (KHTML, like Gecko) Version/11.0 Mobile/15A372 Safari/604.1\""
80.120.5.131 - - [23/Feb/2018:12:26:41 +0100] "GET /login?required=true HTTP/1.1" 200 2086 "-" "\"Mozilla/5.0 (iPhone; CPU iPhone OS 11_0 like Mac OS X) AppleWebKit/604.1.38 (KHTML, like Gecko) Version/11.0 Mobile/15A372 Safari/604.1\""
80.120.5.131 - - [23/Feb/2018:12:26:42 +0100] "GET /apple-touch-icon-precomposed.png HTTP/1.1" 200 1559 "-" "Safari/13604.5.6 CFNetwork/893.13.1 Darwin/17.4.0 (x86_64)"
80.120.5.131 - - [23/Feb/2018:12:26:43 +0100] "GET /apple-touch-icon.png HTTP/1.1" 200 1559 "-" "Safari/13604.5.6 CFNetwork/893.13.1 Darwin/17.4.0 (x86_64)"
80.120.5.131 - - [23/Feb/2018:12:26:44 +0100] "GET /images/favicon.ico HTTP/1.1" 404 305 "-" "Safari/13604.5.6 CFNetwork/893.13.1 Darwin/17.4.0 (x86_64)"
80.120.5.131 - - [23/Feb/2018:12:26:44 +0100] "GET /images/favicon.ico HTTP/1.1" 404 305 "-" "Safari/13604.5.6 CFNetwork/893.13.1 Darwin/17.4.0 (x86_64)"
80.120.5.131 - - [23/Feb/2018:12:26:44 +0100] "GET /favicon.ico HTTP/1.1" 200 3250 "-" "Safari/13604.5.6 CFNetwork/893.13.1 Darwin/17.4.0 (x86_64)"
80.120.5.131 - - [23/Feb/2018:12:26:44 +0100] "GET /apple-touch-icon-precomposed.png HTTP/1.1" 200 1559 "-" "Safari/13604.5.6 CFNetwork/893.13.1 Darwin/17.4.0 (x86_64)"
80.120.5.131 - - [23/Feb/2018:12:26:45 +0100] "GET /apple-touch-icon.png HTTP/1.1" 200 1559 "-" "Safari/13604.5.6 CFNetwork/893.13.1 Darwin/17.4.0 (x86_64)"
80.120.5.131 - - [23/Feb/2018:12:26:46 +0100] "GET /images/favicon.ico HTTP/1.1" 404 305 "-" "Safari/13604.5.6 CFNetwork/893.13.1 Darwin/17.4.0 (x86_64)"
80.120.5.131 - - [23/Feb/2018:12:26:46 +0100] "GET /images/favicon.ico HTTP/1.1" 404 305 "-" "Safari/13604.5.6 CFNetwork/893.13.1 Darwin/17.4.0 (x86_64)"
80.120.5.131 - - [23/Feb/2018:12:26:46 +0100] "GET /favicon.ico HTTP/1.1" 200 3250 "-" "Safari/13604.5.6 CFNetwork/893.13.1 Darwin/17.4.0 (x86_64)"
80.123.225.34 - - [23/Feb/2018:12:26:58 +0100] "GET /reload?ser=1519385227749 HTTP/1.1" 200 28 "http://renault.activities.at/success" "Mozilla/5.0 (compatible; MSIE 10.0; Windows NT 6.1; WOW64; Trident/6.0)"
193.194.132.72 - - [23/Feb/2018:12:27:08 +0100] "GET /reload?ser=1519385227973 HTTP/1.1" 200 28 "http://renault.2web.at/account?loadrequest=true" "Mozilla/5.0 (Windows NT 6.1; WOW64; Trident/7.0; rv:11.0) like Gecko"
213.153.47.173 - - [23/Feb/2018:12:27:19 +0100] "GET /reload?ser=1519385239256 HTTP/1.1" 200 28 "http://renault.activities.at/" "Mozilla/5.0 (Windows NT 10.0; Win64; x64; rv:58.0) Gecko/20100101 Firefox/58.0"
80.123.225.34 - - [23/Feb/2018:12:27:28 +0100] "GET /reload?ser=1519385673279 HTTP/1.1" 200 28 "http://renault.activities.at/success" "Mozilla/5.0 (Windows NT 6.1; WOW64; Trident/7.0; rv:11.0) like Gecko"
80.123.225.34 - - [23/Feb/2018:12:27:58 +0100] "GET /reload?ser=1519385288665 HTTP/1.1" 200 28 "http://renault.activities.at/success" "Mozilla/5.0 (compatible; MSIE 10.0; Windows NT 6.1; WOW64; Trident/6.0)"
193.194.132.72 - - [23/Feb/2018:12:28:09 +0100] "GET /reload?ser=1519385289040 HTTP/1.1" 200 28 "http://renault.2web.at/account?loadrequest=true" "Mozilla/5.0 (Windows NT 6.1; WOW64; Trident/7.0; rv:11.0) like Gecko"
213.153.47.173 - - [23/Feb/2018:12:28:19 +0100] "GET /reload?ser=1519385299910 HTTP/1.1" 200 28 "http://renault.activities.at/" "Mozilla/5.0 (Windows NT 10.0; Win64; x64; rv:58.0) Gecko/20100101 Firefox/58.0"
80.123.225.34 - - [23/Feb/2018:12:28:29 +0100] "GET /reload?ser=1519385734309 HTTP/1.1" 200 28 "http://renault.activities.at/success" "Mozilla/5.0 (Windows NT 6.1; WOW64; Trident/7.0; rv:11.0) like Gecko"
80.123.225.34 - - [23/Feb/2018:12:28:59 +0100] "GET /reload?ser=1519385349657 HTTP/1.1" 200 28 "http://renault.activities.at/success" "Mozilla/5.0 (compatible; MSIE 10.0; Windows NT 6.1; WOW64; Trident/6.0)"
193.194.132.72 - - [23/Feb/2018:12:29:10 +0100] "GET /reload?ser=1519385350141 HTTP/1.1" 200 28 "http://renault.2web.at/account?loadrequest=true" "Mozilla/5.0 (Windows NT 6.1; WOW64; Trident/7.0; rv:11.0) like Gecko"
213.153.47.173 - - [23/Feb/2018:12:29:20 +0100] "GET /reload?ser=1519385360574 HTTP/1.1" 200 28 "http://renault.activities.at/" "Mozilla/5.0 (Windows NT 10.0; Win64; x64; rv:58.0) Gecko/20100101 Firefox/58.0"
80.123.225.34 - - [23/Feb/2018:12:29:30 +0100] "GET /reload?ser=1519385795306 HTTP/1.1" 200 28 "http://renault.activities.at/success" "Mozilla/5.0 (Windows NT 6.1; WOW64; Trident/7.0; rv:11.0) like Gecko"
80.123.225.34 - - [23/Feb/2018:12:30:00 +0100] "GET /reload?ser=1519385410602 HTTP/1.1" 200 28 "http://renault.activities.at/success" "Mozilla/5.0 (compatible; MSIE 10.0; Windows NT 6.1; WOW64; Trident/6.0)"
193.194.132.72 - - [23/Feb/2018:12:30:11 +0100] "GET /reload?ser=1519385411301 HTTP/1.1" 200 28 "http://renault.2web.at/account?loadrequest=true" "Mozilla/5.0 (Windows NT 6.1; WOW64; Trident/7.0; rv:11.0) like Gecko"
213.153.47.173 - - [23/Feb/2018:12:30:21 +0100] "GET /reload?ser=1519385421242 HTTP/1.1" 200 28 "http://renault.activities.at/" "Mozilla/5.0 (Windows NT 10.0; Win64; x64; rv:58.0) Gecko/20100101 Firefox/58.0"
80.123.225.34 - - [23/Feb/2018:12:30:31 +0100] "GET /reload?ser=1519385856274 HTTP/1.1" 200 28 "http://renault.activities.at/success" "Mozilla/5.0 (Windows NT 6.1; WOW64; Trident/7.0; rv:11.0) like Gecko"
80.123.225.34 - - [23/Feb/2018:12:31:01 +0100] "GET /reload?ser=1519385471590 HTTP/1.1" 200 28 "http://renault.activities.at/success" "Mozilla/5.0 (compatible; MSIE 10.0; Windows NT 6.1; WOW64; Trident/6.0)"
193.194.132.72 - - [23/Feb/2018:12:31:12 +0100] "GET /reload?ser=1519385472402 HTTP/1.1" 200 28 "http://renault.2web.at/account?loadrequest=true" "Mozilla/5.0 (Windows NT 6.1; WOW64; Trident/7.0; rv:11.0) like Gecko"
213.153.47.173 - - [23/Feb/2018:12:31:21 +0100] "GET /reload?ser=1519385481891 HTTP/1.1" 200 28 "http://renault.activities.at/" "Mozilla/5.0 (Windows NT 10.0; Win64; x64; rv:58.0) Gecko/20100101 Firefox/58.0"
80.123.225.34 - - [23/Feb/2018:12:31:32 +0100] "GET /reload?ser=1519385917278 HTTP/1.1" 200 28 "http://renault.activities.at/success" "Mozilla/5.0 (Windows NT 6.1; WOW64; Trident/7.0; rv:11.0) like Gecko"
80.123.225.34 - - [23/Feb/2018:12:32:02 +0100] "GET /reload?ser=1519385532575 HTTP/1.1" 200 28 "http://renault.activities.at/success" "Mozilla/5.0 (compatible; MSIE 10.0; Windows NT 6.1; WOW64; Trident/6.0)"
193.194.132.72 - - [23/Feb/2018:12:32:13 +0100] "GET /reload?ser=1519385533479 HTTP/1.1" 200 28 "http://renault.2web.at/account?loadrequest=true" "Mozilla/5.0 (Windows NT 6.1; WOW64; Trident/7.0; rv:11.0) like Gecko"
213.153.47.173 - - [23/Feb/2018:12:32:22 +0100] "GET /reload?ser=1519385542544 HTTP/1.1" 200 28 "http://renault.activities.at/" "Mozilla/5.0 (Windows NT 10.0; Win64; x64; rv:58.0) Gecko/20100101 Firefox/58.0"
80.123.225.34 - - [23/Feb/2018:12:32:33 +0100] "GET /reload?ser=1519385978284 HTTP/1.1" 200 28 "http://renault.activities.at/success" "Mozilla/5.0 (Windows NT 6.1; WOW64; Trident/7.0; rv:11.0) like Gecko"
80.123.225.34 - - [23/Feb/2018:12:33:03 +0100] "GET /reload?ser=1519385593539 HTTP/1.1" 200 28 "http://renault.activities.at/success" "Mozilla/5.0 (compatible; MSIE 10.0; Windows NT 6.1; WOW64; Trident/6.0)"
193.194.132.72 - - [23/Feb/2018:12:33:14 +0100] "GET /reload?ser=1519385594568 HTTP/1.1" 200 28 "http://renault.2web.at/account?loadrequest=true" "Mozilla/5.0 (Windows NT 6.1; WOW64; Trident/7.0; rv:11.0) like Gecko"
213.153.47.173 - - [23/Feb/2018:12:33:23 +0100] "GET /reload?ser=1519385603194 HTTP/1.1" 200 28 "http://renault.activities.at/" "Mozilla/5.0 (Windows NT 10.0; Win64; x64; rv:58.0) Gecko/20100101 Firefox/58.0"
80.123.225.34 - - [23/Feb/2018:12:33:34 +0100] "GET /reload?ser=1519386039245 HTTP/1.1" 200 28 "http://renault.activities.at/success" "Mozilla/5.0 (Windows NT 6.1; WOW64; Trident/7.0; rv:11.0) like Gecko"
80.123.225.34 - - [23/Feb/2018:12:34:04 +0100] "GET /reload?ser=1519385654513 HTTP/1.1" 200 28 "http://renault.activities.at/success" "Mozilla/5.0 (compatible; MSIE 10.0; Windows NT 6.1; WOW64; Trident/6.0)"
193.194.132.72 - - [23/Feb/2018:12:34:15 +0100] "GET /reload?ser=1519385655733 HTTP/1.1" 200 28 "http://renault.2web.at/account?loadrequest=true" "Mozilla/5.0 (Windows NT 6.1; WOW64; Trident/7.0; rv:11.0) like Gecko"
213.153.47.173 - - [23/Feb/2018:12:34:23 +0100] "GET /reload?ser=1519385663840 HTTP/1.1" 200 28 "http://renault.activities.at/" "Mozilla/5.0 (Windows NT 10.0; Win64; x64; rv:58.0) Gecko/20100101 Firefox/58.0"
80.123.225.34 - - [23/Feb/2018:12:34:35 +0100] "GET /reload?ser=1519386100212 HTTP/1.1" 200 28 "http://renault.activities.at/success" "Mozilla/5.0 (Windows NT 6.1; WOW64; Trident/7.0; rv:11.0) like Gecko"
80.123.225.34 - - [23/Feb/2018:12:35:05 +0100] "GET /reload?ser=1519385715461 HTTP/1.1" 200 28 "http://renault.activities.at/success" "Mozilla/5.0 (compatible; MSIE 10.0; Windows NT 6.1; WOW64; Trident/6.0)"
193.194.132.72 - - [23/Feb/2018:12:35:16 +0100] "GET /reload?ser=1519385716811 HTTP/1.1" 200 28 "http://renault.2web.at/account?loadrequest=true" "Mozilla/5.0 (Windows NT 6.1; WOW64; Trident/7.0; rv:11.0) like Gecko"
213.153.47.173 - - [23/Feb/2018:12:35:24 +0100] "GET /reload?ser=1519385724508 HTTP/1.1" 200 28 "http://renault.activities.at/" "Mozilla/5.0 (Windows NT 10.0; Win64; x64; rv:58.0) Gecko/20100101 Firefox/58.0"
80.123.225.34 - - [23/Feb/2018:12:35:36 +0100] "GET /reload?ser=1519386161230 HTTP/1.1" 200 28 "http://renault.activities.at/success" "Mozilla/5.0 (Windows NT 6.1; WOW64; Trident/7.0; rv:11.0) like Gecko"
80.123.225.34 - - [23/Feb/2018:12:36:06 +0100] "GET /reload?ser=1519385776457 HTTP/1.1" 200 28 "http://renault.activities.at/success" "Mozilla/5.0 (compatible; MSIE 10.0; Windows NT 6.1; WOW64; Trident/6.0)"
193.194.132.72 - - [23/Feb/2018:12:36:18 +0100] "GET /reload?ser=1519385777967 HTTP/1.1" 200 28 "http://renault.2web.at/account?loadrequest=true" "Mozilla/5.0 (Windows NT 6.1; WOW64; Trident/7.0; rv:11.0) like Gecko"
213.153.47.173 - - [23/Feb/2018:12:36:25 +0100] "GET /reload?ser=1519385785158 HTTP/1.1" 200 28 "http://renault.activities.at/" "Mozilla/5.0 (Windows NT 10.0; Win64; x64; rv:58.0) Gecko/20100101 Firefox/58.0"
80.123.225.34 - - [23/Feb/2018:12:36:37 +0100] "GET /reload?ser=1519386222232 HTTP/1.1" 200 28 "http://renault.activities.at/success" "Mozilla/5.0 (Windows NT 6.1; WOW64; Trident/7.0; rv:11.0) like Gecko"
80.123.225.34 - - [23/Feb/2018:12:37:07 +0100] "GET /reload?ser=1519385837380 HTTP/1.1" 200 28 "http://renault.activities.at/success" "Mozilla/5.0 (compatible; MSIE 10.0; Windows NT 6.1; WOW64; Trident/6.0)"
193.194.132.72 - - [23/Feb/2018:12:37:19 +0100] "GET /reload?ser=1519385839089 HTTP/1.1" 200 28 "http://renault.2web.at/account?loadrequest=true" "Mozilla/5.0 (Windows NT 6.1; WOW64; Trident/7.0; rv:11.0) like Gecko"
213.153.47.173 - - [23/Feb/2018:12:37:25 +0100] "GET /reload?ser=1519385845809 HTTP/1.1" 200 28 "http://renault.activities.at/" "Mozilla/5.0 (Windows NT 10.0; Win64; x64; rv:58.0) Gecko/20100101 Firefox/58.0"
80.123.225.34 - - [23/Feb/2018:12:37:38 +0100] "GET /reload?ser=1519386283203 HTTP/1.1" 200 28 "http://renault.activities.at/success" "Mozilla/5.0 (Windows NT 6.1; WOW64; Trident/7.0; rv:11.0) like Gecko"
80.123.225.34 - - [23/Feb/2018:12:38:08 +0100] "GET /reload?ser=1519385898359 HTTP/1.1" 200 28 "http://renault.activities.at/success" "Mozilla/5.0 (compatible; MSIE 10.0; Windows NT 6.1; WOW64; Trident/6.0)"
193.194.132.72 - - [23/Feb/2018:12:38:20 +0100] "GET /reload?ser=1519385900191 HTTP/1.1" 200 28 "http://renault.2web.at/account?loadrequest=true" "Mozilla/5.0 (Windows NT 6.1; WOW64; Trident/7.0; rv:11.0) like Gecko"
213.153.47.173 - - [23/Feb/2018:12:38:26 +0100] "GET /reload?ser=1519385906473 HTTP/1.1" 200 28 "http://renault.activities.at/" "Mozilla/5.0 (Windows NT 10.0; Win64; x64; rv:58.0) Gecko/20100101 Firefox/58.0"
80.123.225.34 - - [23/Feb/2018:12:38:39 +0100] "GET /reload?ser=1519386344192 HTTP/1.1" 200 28 "http://renault.activities.at/success" "Mozilla/5.0 (Windows NT 6.1; WOW64; Trident/7.0; rv:11.0) like Gecko"
80.123.225.34 - - [23/Feb/2018:12:39:09 +0100] "GET /reload?ser=1519385959297 HTTP/1.1" 200 28 "http://renault.activities.at/success" "Mozilla/5.0 (compatible; MSIE 10.0; Windows NT 6.1; WOW64; Trident/6.0)"
193.194.132.72 - - [23/Feb/2018:12:39:21 +0100] "GET /reload?ser=1519385961342 HTTP/1.1" 200 28 "http://renault.2web.at/account?loadrequest=true" "Mozilla/5.0 (Windows NT 6.1; WOW64; Trident/7.0; rv:11.0) like Gecko"
213.153.47.173 - - [23/Feb/2018:12:39:27 +0100] "GET /reload?ser=1519385967126 HTTP/1.1" 200 28 "http://renault.activities.at/" "Mozilla/5.0 (Windows NT 10.0; Win64; x64; rv:58.0) Gecko/20100101 Firefox/58.0"
80.123.225.34 - - [23/Feb/2018:12:39:40 +0100] "GET /reload?ser=1519386405185 HTTP/1.1" 200 28 "http://renault.activities.at/success" "Mozilla/5.0 (Windows NT 6.1; WOW64; Trident/7.0; rv:11.0) like Gecko"
80.123.225.34 - - [23/Feb/2018:12:40:10 +0100] "GET /reload?ser=1519386020223 HTTP/1.1" 200 28 "http://renault.activities.at/success" "Mozilla/5.0 (compatible; MSIE 10.0; Windows NT 6.1; WOW64; Trident/6.0)"
193.194.132.72 - - [23/Feb/2018:12:40:22 +0100] "GET /reload?ser=1519386022460 HTTP/1.1" 200 28 "http://renault.2web.at/account?loadrequest=true" "Mozilla/5.0 (Windows NT 6.1; WOW64; Trident/7.0; rv:11.0) like Gecko"
213.153.47.173 - - [23/Feb/2018:12:40:27 +0100] "GET /reload?ser=1519386027779 HTTP/1.1" 200 28 "http://renault.activities.at/" "Mozilla/5.0 (Windows NT 10.0; Win64; x64; rv:58.0) Gecko/20100101 Firefox/58.0"
80.123.225.34 - - [23/Feb/2018:12:40:41 +0100] "GET /reload?ser=1519386466214 HTTP/1.1" 200 28 "http://renault.activities.at/success" "Mozilla/5.0 (Windows NT 6.1; WOW64; Trident/7.0; rv:11.0) like Gecko"
80.123.225.34 - - [23/Feb/2018:12:41:11 +0100] "GET /reload?ser=1519386081226 HTTP/1.1" 200 28 "http://renault.activities.at/success" "Mozilla/5.0 (compatible; MSIE 10.0; Windows NT 6.1; WOW64; Trident/6.0)"
193.194.132.72 - - [23/Feb/2018:12:41:23 +0100] "GET /reload?ser=1519386083692 HTTP/1.1" 200 28 "http://renault.2web.at/account?loadrequest=true" "Mozilla/5.0 (Windows NT 6.1; WOW64; Trident/7.0; rv:11.0) like Gecko"
213.153.47.173 - - [23/Feb/2018:12:41:28 +0100] "GET /reload?ser=1519386088435 HTTP/1.1" 200 28 "http://renault.activities.at/" "Mozilla/5.0 (Windows NT 10.0; Win64; x64; rv:58.0) Gecko/20100101 Firefox/58.0"
80.123.225.34 - - [23/Feb/2018:12:41:42 +0100] "GET /reload?ser=1519386527195 HTTP/1.1" 200 28 "http://renault.activities.at/success" "Mozilla/5.0 (Windows NT 6.1; WOW64; Trident/7.0; rv:11.0) like Gecko"
80.123.225.34 - - [23/Feb/2018:12:42:12 +0100] "GET /reload?ser=1519386142339 HTTP/1.1" 200 28 "http://renault.activities.at/success" "Mozilla/5.0 (compatible; MSIE 10.0; Windows NT 6.1; WOW64; Trident/6.0)"
193.194.132.72 - - [23/Feb/2018:12:42:24 +0100] "GET /reload?ser=1519386144845 HTTP/1.1" 200 28 "http://renault.2web.at/account?loadrequest=true" "Mozilla/5.0 (Windows NT 6.1; WOW64; Trident/7.0; rv:11.0) like Gecko"
213.153.47.173 - - [23/Feb/2018:12:42:29 +0100] "GET /reload?ser=1519386149087 HTTP/1.1" 200 28 "http://renault.activities.at/" "Mozilla/5.0 (Windows NT 10.0; Win64; x64; rv:58.0) Gecko/20100101 Firefox/58.0"
80.123.225.34 - - [23/Feb/2018:12:42:43 +0100] "GET /reload?ser=1519386588214 HTTP/1.1" 200 28 "http://renault.activities.at/success" "Mozilla/5.0 (Windows NT 6.1; WOW64; Trident/7.0; rv:11.0) like Gecko"
80.123.225.34 - - [23/Feb/2018:12:43:13 +0100] "GET /reload?ser=1519386203290 HTTP/1.1" 200 28 "http://renault.activities.at/success" "Mozilla/5.0 (compatible; MSIE 10.0; Windows NT 6.1; WOW64; Trident/6.0)"
193.194.132.72 - - [23/Feb/2018:12:43:26 +0100] "GET /reload?ser=1519386205963 HTTP/1.1" 200 28 "http://renault.2web.at/account?loadrequest=true" "Mozilla/5.0 (Windows NT 6.1; WOW64; Trident/7.0; rv:11.0) like Gecko"
213.153.47.173 - - [23/Feb/2018:12:43:29 +0100] "GET /reload?ser=1519386209744 HTTP/1.1" 200 28 "http://renault.activities.at/" "Mozilla/5.0 (Windows NT 10.0; Win64; x64; rv:58.0) Gecko/20100101 Firefox/58.0"
80.123.225.34 - - [23/Feb/2018:12:43:44 +0100] "GET /reload?ser=1519386649198 HTTP/1.1" 200 28 "http://renault.activities.at/success" "Mozilla/5.0 (Windows NT 6.1; WOW64; Trident/7.0; rv:11.0) like Gecko"
80.123.225.34 - - [23/Feb/2018:12:44:14 +0100] "GET /reload?ser=1519386264298 HTTP/1.1" 200 28 "http://renault.activities.at/success" "Mozilla/5.0 (compatible; MSIE 10.0; Windows NT 6.1; WOW64; Trident/6.0)"
193.194.132.72 - - [23/Feb/2018:12:44:27 +0100] "GET /reload?ser=1519386267109 HTTP/1.1" 200 28 "http://renault.2web.at/account?loadrequest=true" "Mozilla/5.0 (Windows NT 6.1; WOW64; Trident/7.0; rv:11.0) like Gecko"
213.153.47.173 - - [23/Feb/2018:12:44:30 +0100] "GET /reload?ser=1519386270398 HTTP/1.1" 200 28 "http://renault.activities.at/" "Mozilla/5.0 (Windows NT 10.0; Win64; x64; rv:58.0) Gecko/20100101 Firefox/58.0"
80.123.225.34 - - [23/Feb/2018:12:44:45 +0100] "GET /reload?ser=1519386710229 HTTP/1.1" 200 28 "http://renault.activities.at/success" "Mozilla/5.0 (Windows NT 6.1; WOW64; Trident/7.0; rv:11.0) like Gecko"
80.123.225.34 - - [23/Feb/2018:12:45:15 +0100] "GET /reload?ser=1519386325304 HTTP/1.1" 200 28 "http://renault.activities.at/success" "Mozilla/5.0 (compatible; MSIE 10.0; Windows NT 6.1; WOW64; Trident/6.0)"
193.194.132.72 - - [23/Feb/2018:12:45:28 +0100] "GET /reload?ser=1519386328224 HTTP/1.1" 200 28 "http://renault.2web.at/account?loadrequest=true" "Mozilla/5.0 (Windows NT 6.1; WOW64; Trident/7.0; rv:11.0) like Gecko"
213.153.47.173 - - [23/Feb/2018:12:45:31 +0100] "GET /reload?ser=1519386331052 HTTP/1.1" 200 28 "http://renault.activities.at/" "Mozilla/5.0 (Windows NT 10.0; Win64; x64; rv:58.0) Gecko/20100101 Firefox/58.0"
80.123.225.34 - - [23/Feb/2018:12:45:46 +0100] "GET /reload?ser=1519386771225 HTTP/1.1" 200 28 "http://renault.activities.at/success" "Mozilla/5.0 (Windows NT 6.1; WOW64; Trident/7.0; rv:11.0) like Gecko"
80.123.225.34 - - [23/Feb/2018:12:46:16 +0100] "GET /reload?ser=1519386386289 HTTP/1.1" 200 28 "http://renault.activities.at/success" "Mozilla/5.0 (compatible; MSIE 10.0; Windows NT 6.1; WOW64; Trident/6.0)"
193.194.132.72 - - [23/Feb/2018:12:46:29 +0100] "GET /reload?ser=1519386389326 HTTP/1.1" 200 28 "http://renault.2web.at/account?loadrequest=true" "Mozilla/5.0 (Windows NT 6.1; WOW64; Trident/7.0; rv:11.0) like Gecko"
213.153.47.173 - - [23/Feb/2018:12:46:31 +0100] "GET /reload?ser=1519386391700 HTTP/1.1" 200 28 "http://renault.activities.at/" "Mozilla/5.0 (Windows NT 10.0; Win64; x64; rv:58.0) Gecko/20100101 Firefox/58.0"
80.123.225.34 - - [23/Feb/2018:12:46:47 +0100] "GET /reload?ser=1519386832233 HTTP/1.1" 200 28 "http://renault.activities.at/success" "Mozilla/5.0 (Windows NT 6.1; WOW64; Trident/7.0; rv:11.0) like Gecko"
80.123.225.34 - - [23/Feb/2018:12:47:17 +0100] "GET /reload?ser=1519386447263 HTTP/1.1" 200 28 "http://renault.activities.at/success" "Mozilla/5.0 (compatible; MSIE 10.0; Windows NT 6.1; WOW64; Trident/6.0)"
193.194.132.72 - - [23/Feb/2018:12:47:30 +0100] "GET /reload?ser=1519386450439 HTTP/1.1" 200 28 "http://renault.2web.at/account?loadrequest=true" "Mozilla/5.0 (Windows NT 6.1; WOW64; Trident/7.0; rv:11.0) like Gecko"
213.153.47.173 - - [23/Feb/2018:12:47:32 +0100] "GET /reload?ser=1519386452354 HTTP/1.1" 200 28 "http://renault.activities.at/" "Mozilla/5.0 (Windows NT 10.0; Win64; x64; rv:58.0) Gecko/20100101 Firefox/58.0"
80.123.225.34 - - [23/Feb/2018:12:47:48 +0100] "GET /reload?ser=1519386893257 HTTP/1.1" 200 28 "http://renault.activities.at/success" "Mozilla/5.0 (Windows NT 6.1; WOW64; Trident/7.0; rv:11.0) like Gecko"
80.123.225.34 - - [23/Feb/2018:12:48:18 +0100] "GET /reload?ser=1519386508191 HTTP/1.1" 200 28 "http://renault.activities.at/success" "Mozilla/5.0 (compatible; MSIE 10.0; Windows NT 6.1; WOW64; Trident/6.0)"
193.194.132.72 - - [23/Feb/2018:12:48:31 +0100] "GET /reload?ser=1519386511572 HTTP/1.1" 200 28 "http://renault.2web.at/account?loadrequest=true" "Mozilla/5.0 (Windows NT 6.1; WOW64; Trident/7.0; rv:11.0) like Gecko"
213.153.47.173 - - [23/Feb/2018:12:48:33 +0100] "GET /reload?ser=1519386512996 HTTP/1.1" 200 28 "http://renault.activities.at/" "Mozilla/5.0 (Windows NT 10.0; Win64; x64; rv:58.0) Gecko/20100101 Firefox/58.0"
80.123.225.34 - - [23/Feb/2018:12:48:49 +0100] "GET /reload?ser=1519386954278 HTTP/1.1" 200 28 "http://renault.activities.at/success" "Mozilla/5.0 (Windows NT 6.1; WOW64; Trident/7.0; rv:11.0) like Gecko"
80.123.225.34 - - [23/Feb/2018:12:49:19 +0100] "GET /reload?ser=1519386569143 HTTP/1.1" 200 28 "http://renault.activities.at/success" "Mozilla/5.0 (compatible; MSIE 10.0; Windows NT 6.1; WOW64; Trident/6.0)"
193.194.132.72 - - [23/Feb/2018:12:49:32 +0100] "GET /reload?ser=1519386572713 HTTP/1.1" 200 28 "http://renault.2web.at/account?loadrequest=true" "Mozilla/5.0 (Windows NT 6.1; WOW64; Trident/7.0; rv:11.0) like Gecko"
213.153.47.173 - - [23/Feb/2018:12:49:33 +0100] "GET /reload?ser=1519386573638 HTTP/1.1" 200 28 "http://renault.activities.at/" "Mozilla/5.0 (Windows NT 10.0; Win64; x64; rv:58.0) Gecko/20100101 Firefox/58.0"
80.123.225.34 - - [23/Feb/2018:12:49:50 +0100] "GET /reload?ser=1519387015297 HTTP/1.1" 200 28 "http://renault.activities.at/success" "Mozilla/5.0 (Windows NT 6.1; WOW64; Trident/7.0; rv:11.0) like Gecko"
80.123.225.34 - - [23/Feb/2018:12:50:20 +0100] "GET /reload?ser=1519386630060 HTTP/1.1" 200 28 "http://renault.activities.at/success" "Mozilla/5.0 (compatible; MSIE 10.0; Windows NT 6.1; WOW64; Trident/6.0)"
193.194.132.72 - - [23/Feb/2018:12:50:33 +0100] "GET /reload?ser=1519386633839 HTTP/1.1" 200 28 "http://renault.2web.at/account?loadrequest=true" "Mozilla/5.0 (Windows NT 6.1; WOW64; Trident/7.0; rv:11.0) like Gecko"
213.153.47.173 - - [23/Feb/2018:12:50:34 +0100] "GET /reload?ser=1519386634288 HTTP/1.1" 200 28 "http://renault.activities.at/" "Mozilla/5.0 (Windows NT 10.0; Win64; x64; rv:58.0) Gecko/20100101 Firefox/58.0"
80.123.225.34 - - [23/Feb/2018:12:50:51 +0100] "GET /reload?ser=1519387076298 HTTP/1.1" 200 28 "http://renault.activities.at/success" "Mozilla/5.0 (Windows NT 6.1; WOW64; Trident/7.0; rv:11.0) like Gecko"
80.123.225.34 - - [23/Feb/2018:12:51:21 +0100] "GET /reload?ser=1519386691030 HTTP/1.1" 200 28 "http://renault.activities.at/success" "Mozilla/5.0 (compatible; MSIE 10.0; Windows NT 6.1; WOW64; Trident/6.0)"
213.153.47.173 - - [23/Feb/2018:12:51:34 +0100] "GET /reload?ser=1519386694955 HTTP/1.1" 200 28 "http://renault.activities.at/" "Mozilla/5.0 (Windows NT 10.0; Win64; x64; rv:58.0) Gecko/20100101 Firefox/58.0"
193.194.132.72 - - [23/Feb/2018:12:51:34 +0100] "GET /reload?ser=1519386694899 HTTP/1.1" 200 28 "http://renault.2web.at/account?loadrequest=true" "Mozilla/5.0 (Windows NT 6.1; WOW64; Trident/7.0; rv:11.0) like Gecko"
80.123.225.34 - - [23/Feb/2018:12:51:52 +0100] "GET /reload?ser=1519387137263 HTTP/1.1" 200 28 "http://renault.activities.at/success" "Mozilla/5.0 (Windows NT 6.1; WOW64; Trident/7.0; rv:11.0) like Gecko"
80.123.225.34 - - [23/Feb/2018:12:52:22 +0100] "GET /reload?ser=1519386752021 HTTP/1.1" 200 28 "http://renault.activities.at/success" "Mozilla/5.0 (compatible; MSIE 10.0; Windows NT 6.1; WOW64; Trident/6.0)"
213.153.47.173 - - [23/Feb/2018:12:52:35 +0100] "GET /reload?ser=1519386755615 HTTP/1.1" 200 28 "http://renault.activities.at/" "Mozilla/5.0 (Windows NT 10.0; Win64; x64; rv:58.0) Gecko/20100101 Firefox/58.0"
80.123.225.34 - - [23/Feb/2018:12:52:53 +0100] "GET /reload?ser=1519387198283 HTTP/1.1" 200 28 "http://renault.activities.at/success" "Mozilla/5.0 (Windows NT 6.1; WOW64; Trident/7.0; rv:11.0) like Gecko"
80.123.225.34 - - [23/Feb/2018:12:53:23 +0100] "GET /reload?ser=1519386812969 HTTP/1.1" 200 28 "http://renault.activities.at/success" "Mozilla/5.0 (compatible; MSIE 10.0; Windows NT 6.1; WOW64; Trident/6.0)"
213.153.47.173 - - [23/Feb/2018:12:53:36 +0100] "GET /reload?ser=1519386816286 HTTP/1.1" 200 28 "http://renault.activities.at/" "Mozilla/5.0 (Windows NT 10.0; Win64; x64; rv:58.0) Gecko/20100101 Firefox/58.0"
80.123.225.34 - - [23/Feb/2018:12:53:54 +0100] "GET /reload?ser=1519387259289 HTTP/1.1" 200 28 "http://renault.activities.at/success" "Mozilla/5.0 (Windows NT 6.1; WOW64; Trident/7.0; rv:11.0) like Gecko"
193.194.132.72 - - [23/Feb/2018:12:54:01 +0100] "GET /account HTTP/1.1" 200 9333 "-" "Mozilla/5.0 (Windows NT 6.1; WOW64; Trident/7.0; rv:11.0) like Gecko"
193.194.132.72 - - [23/Feb/2018:12:54:06 +0100] "GET /js/index.php?c=auto&f=,prototype/prototype.js,prototype/validation.js,scriptaculous/builder.js,scriptaculous/effects.js,scriptaculous/dragdrop.js,scriptaculous/controls.js,scriptaculous/slider.js,varien/js.js,varien/form.js,varien/menu.js,mage/translate.js,mage/cookies.js,varien/product.js,spinner/SpinnerControl.jsmin.js,prototype/window.js,prototype/window_ext.js HTTP/1.1" 304 - "http://renault.2web.at/account" "Mozilla/5.0 (Windows NT 6.1; WOW64; Trident/7.0; rv:11.0) like Gecko"
193.194.132.72 - - [23/Feb/2018:12:54:06 +0100] "GET /loadthumbnail.php?id=11361093&width=50&height=50 HTTP/1.1" 200 4919 "http://renault.2web.at/account" "Mozilla/5.0 (Windows NT 6.1; WOW64; Trident/7.0; rv:11.0) like Gecko"
193.194.132.72 - - [23/Feb/2018:12:54:06 +0100] "GET /loadthumbnail.php?id=11127982 HTTP/1.1" 200 399614 "http://renault.2web.at/account" "Mozilla/5.0 (Windows NT 6.1; WOW64; Trident/7.0; rv:11.0) like Gecko"
80.123.225.34 - - [23/Feb/2018:12:54:24 +0100] "GET /reload?ser=1519386873922 HTTP/1.1" 200 28 "http://renault.activities.at/success" "Mozilla/5.0 (compatible; MSIE 10.0; Windows NT 6.1; WOW64; Trident/6.0)"
213.153.47.173 - - [23/Feb/2018:12:54:36 +0100] "GET /reload?ser=1519386876941 HTTP/1.1" 200 28 "http://renault.activities.at/" "Mozilla/5.0 (Windows NT 10.0; Win64; x64; rv:58.0) Gecko/20100101 Firefox/58.0"
80.123.225.34 - - [23/Feb/2018:12:54:55 +0100] "GET /reload?ser=1519387320345 HTTP/1.1" 200 28 "http://renault.activities.at/success" "Mozilla/5.0 (Windows NT 6.1; WOW64; Trident/7.0; rv:11.0) like Gecko"
193.194.132.72 - - [23/Feb/2018:12:55:06 +0100] "GET /reload?ser=1519386906823 HTTP/1.1" 200 28 "http://renault.2web.at/account" "Mozilla/5.0 (Windows NT 6.1; WOW64; Trident/7.0; rv:11.0) like Gecko"
80.123.225.34 - - [23/Feb/2018:12:55:25 +0100] "GET /reload?ser=1519386934957 HTTP/1.1" 200 28 "http://renault.activities.at/success" "Mozilla/5.0 (compatible; MSIE 10.0; Windows NT 6.1; WOW64; Trident/6.0)"
213.153.47.173 - - [23/Feb/2018:12:55:37 +0100] "GET /reload?ser=1519386937592 HTTP/1.1" 200 28 "http://renault.activities.at/" "Mozilla/5.0 (Windows NT 10.0; Win64; x64; rv:58.0) Gecko/20100101 Firefox/58.0"
