213.90.80.156 - - [28/Feb/2018:11:01:46 +0100] "GET /images/header_block_corner_right_top.gif HTTP/1.1" 200 160 "http://renault.activities.at/login" "Mozilla/5.0 (Windows NT 10.0; WOW64; Trident/7.0; rv:11.0) like Gecko"
213.90.80.156 - - [28/Feb/2018:11:01:46 +0100] "GET /images/title_border.jpg HTTP/1.1" 200 304 "http://renault.activities.at/login" "Mozilla/5.0 (Windows NT 10.0; WOW64; Trident/7.0; rv:11.0) like Gecko"
213.90.80.156 - - [28/Feb/2018:11:01:46 +0100] "GET /images/title_border_top.jpg HTTP/1.1" 200 336 "http://renault.activities.at/login" "Mozilla/5.0 (Windows NT 10.0; WOW64; Trident/7.0; rv:11.0) like Gecko"
213.90.80.156 - - [28/Feb/2018:11:01:46 +0100] "GET /images/title_corner_left_top.jpg HTTP/1.1" 200 372 "http://renault.activities.at/login" "Mozilla/5.0 (Windows NT 10.0; WOW64; Trident/7.0; rv:11.0) like Gecko"
213.90.80.156 - - [28/Feb/2018:11:01:46 +0100] "GET /images/title_corner_right_top.jpg HTTP/1.1" 200 389 "http://renault.activities.at/login" "Mozilla/5.0 (Windows NT 10.0; WOW64; Trident/7.0; rv:11.0) like Gecko"
213.90.80.156 - - [28/Feb/2018:11:01:46 +0100] "GET /images/button_left_bg.gif HTTP/1.1" 200 564 "http://renault.activities.at/login" "Mozilla/5.0 (Windows NT 10.0; WOW64; Trident/7.0; rv:11.0) like Gecko"
213.90.80.156 - - [28/Feb/2018:11:01:46 +0100] "GET /images/button_right_bg.gif HTTP/1.1" 200 561 "http://renault.activities.at/login" "Mozilla/5.0 (Windows NT 10.0; WOW64; Trident/7.0; rv:11.0) like Gecko"
213.90.80.156 - - [28/Feb/2018:11:01:46 +0100] "GET /images/button_bg.gif HTTP/1.1" 200 151 "http://renault.activities.at/login" "Mozilla/5.0 (Windows NT 10.0; WOW64; Trident/7.0; rv:11.0) like Gecko"
213.90.80.156 - - [28/Feb/2018:11:01:46 +0100] "GET /loadthumbnail.php?id=11127982 HTTP/1.1" 200 399614 "http://renault.activities.at/login" "Mozilla/5.0 (Windows NT 10.0; WOW64; Trident/7.0; rv:11.0) like Gecko"
213.90.80.156 - - [28/Feb/2018:11:01:47 +0100] "GET /images/favicon.ico HTTP/1.1" 404 305 "-" "Mozilla/5.0 (Windows NT 10.0; Win64; x64; Trident/7.0; rv:11.0) like Gecko"
213.90.80.156 - - [28/Feb/2018:11:01:50 +0100] "POST /login HTTP/1.1" 302 140 "http://renault.activities.at/login" "Mozilla/5.0 (Windows NT 10.0; WOW64; Trident/7.0; rv:11.0) like Gecko"
213.90.80.156 - - [28/Feb/2018:11:01:52 +0100] "GET /account HTTP/1.1" 200 6147 "http://renault.activities.at/login" "Mozilla/5.0 (Windows NT 10.0; WOW64; Trident/7.0; rv:11.0) like Gecko"
213.90.80.156 - - [28/Feb/2018:11:01:55 +0100] "GET /js/account.js HTTP/1.1" 200 953 "http://renault.activities.at/account" "Mozilla/5.0 (Windows NT 10.0; WOW64; Trident/7.0; rv:11.0) like Gecko"
213.90.80.156 - - [28/Feb/2018:11:01:55 +0100] "GET /images/search_bg.gif HTTP/1.1" 200 1726 "http://renault.activities.at/account" "Mozilla/5.0 (Windows NT 10.0; WOW64; Trident/7.0; rv:11.0) like Gecko"
213.90.80.156 - - [28/Feb/2018:11:01:55 +0100] "GET /images/nav_divider.gif HTTP/1.1" 200 43 "http://renault.activities.at/account" "Mozilla/5.0 (Windows NT 10.0; WOW64; Trident/7.0; rv:11.0) like Gecko"
213.90.80.156 - - [28/Feb/2018:11:01:55 +0100] "GET /images/menu_button_bg.jpg HTTP/1.1" 200 322 "http://renault.activities.at/account" "Mozilla/5.0 (Windows NT 10.0; WOW64; Trident/7.0; rv:11.0) like Gecko"
213.90.80.156 - - [28/Feb/2018:11:01:55 +0100] "GET /images/top_links_divider.gif HTTP/1.1" 200 44 "http://renault.activities.at/account" "Mozilla/5.0 (Windows NT 10.0; WOW64; Trident/7.0; rv:11.0) like Gecko"
213.90.80.156 - - [28/Feb/2018:11:01:55 +0100] "GET /images/menu_divider.gif HTTP/1.1" 200 176 "http://renault.activities.at/account" "Mozilla/5.0 (Windows NT 10.0; WOW64; Trident/7.0; rv:11.0) like Gecko"
213.90.80.156 - - [28/Feb/2018:11:01:55 +0100] "GET /images/sidebar_title_border.gif HTTP/1.1" 200 43 "http://renault.activities.at/account" "Mozilla/5.0 (Windows NT 10.0; WOW64; Trident/7.0; rv:11.0) like Gecko"
213.90.80.156 - - [28/Feb/2018:11:01:55 +0100] "GET /loadthumbnail.php?id=10203651&width=50&height=50 HTTP/1.1" 200 1234 "http://renault.activities.at/account" "Mozilla/5.0 (Windows NT 10.0; WOW64; Trident/7.0; rv:11.0) like Gecko"
213.90.80.156 - - [28/Feb/2018:11:01:55 +0100] "GET /images/sidebar_title_border_top.gif HTTP/1.1" 200 155 "http://renault.activities.at/account" "Mozilla/5.0 (Windows NT 10.0; WOW64; Trident/7.0; rv:11.0) like Gecko"
213.90.80.156 - - [28/Feb/2018:11:01:55 +0100] "GET /images/sidebar_title_corner_left_top.gif HTTP/1.1" 200 1124 "http://renault.activities.at/account" "Mozilla/5.0 (Windows NT 10.0; WOW64; Trident/7.0; rv:11.0) like Gecko"
213.90.80.156 - - [28/Feb/2018:11:01:55 +0100] "GET /images/sidebar_title_corner_right_top.gif HTTP/1.1" 200 383 "http://renault.activities.at/account" "Mozilla/5.0 (Windows NT 10.0; WOW64; Trident/7.0; rv:11.0) like Gecko"
213.90.80.156 - - [28/Feb/2018:11:01:55 +0100] "GET /images/footer_divider.gif HTTP/1.1" 200 44 "http://renault.activities.at/account" "Mozilla/5.0 (Windows NT 10.0; WOW64; Trident/7.0; rv:11.0) like Gecko"
213.90.80.156 - - [28/Feb/2018:11:01:55 +0100] "GET /images/favicon.ico HTTP/1.1" 404 305 "-" "Mozilla/5.0 (Windows NT 10.0; Win64; x64; Trident/7.0; rv:11.0) like Gecko"
213.90.80.156 - - [28/Feb/2018:11:01:55 +0100] "GET /favicon.ico HTTP/1.1" 200 3250 "-" "Mozilla/5.0 (Windows NT 10.0; Win64; x64; Trident/7.0; rv:11.0) like Gecko"
213.90.80.156 - - [28/Feb/2018:11:01:59 +0100] "GET /cart HTTP/1.1" 200 5026 "http://renault.activities.at/account" "Mozilla/5.0 (Windows NT 10.0; WOW64; Trident/7.0; rv:11.0) like Gecko"
213.90.80.156 - - [28/Feb/2018:11:02:01 +0100] "GET /js/ProduktGrp.js HTTP/1.1" 200 1569 "http://renault.activities.at/cart" "Mozilla/5.0 (Windows NT 10.0; WOW64; Trident/7.0; rv:11.0) like Gecko"
213.90.80.156 - - [28/Feb/2018:11:02:01 +0100] "GET /images/vista-up.gif HTTP/1.1" 200 131 "http://renault.activities.at/cart" "Mozilla/5.0 (Windows NT 10.0; WOW64; Trident/7.0; rv:11.0) like Gecko"
213.90.80.156 - - [28/Feb/2018:11:02:01 +0100] "GET /images/vista-dn.gif HTTP/1.1" 200 128 "http://renault.activities.at/cart" "Mozilla/5.0 (Windows NT 10.0; WOW64; Trident/7.0; rv:11.0) like Gecko"
213.90.80.156 - - [28/Feb/2018:11:02:01 +0100] "GET /images/validation_advice_bg.gif HTTP/1.1" 200 134 "http://renault.activities.at/cart" "Mozilla/5.0 (Windows NT 10.0; WOW64; Trident/7.0; rv:11.0) like Gecko"
213.90.80.156 - - [28/Feb/2018:11:02:01 +0100] "GET /loadthumbnail.php?id=10232009&width=16&height=16 HTTP/1.1" 200 700 "http://renault.activities.at/cart" "Mozilla/5.0 (Windows NT 10.0; WOW64; Trident/7.0; rv:11.0) like Gecko"
213.90.80.156 - - [28/Feb/2018:11:02:01 +0100] "GET /loadthumbnail.php?id=11573493&width=100 HTTP/1.1" 200 6317 "http://renault.activities.at/cart" "Mozilla/5.0 (Windows NT 10.0; WOW64; Trident/7.0; rv:11.0) like Gecko"
213.90.80.156 - - [28/Feb/2018:11:02:01 +0100] "GET /favicon.ico HTTP/1.1" 200 3250 "-" "Mozilla/5.0 (Windows NT 10.0; Win64; x64; Trident/7.0; rv:11.0) like Gecko"
213.90.54.136 - - [28/Feb/2018:11:02:04 +0100] "POST /11532830?print=true HTTP/1.1" 200 2761 "http://renault.activities.at/11532830?print=true" "Mozilla/5.0 (Windows NT 6.1; Win64; x64) AppleWebKit/537.36 (KHTML, like Gecko) Chrome/63.0.3239.132 Safari/537.36"
213.90.80.156 - - [28/Feb/2018:11:02:06 +0100] "POST /axjaxrequest?mode=suggest HTTP/1.1" 200 21 "http://renault.activities.at/cart" "Mozilla/5.0 (Windows NT 10.0; WOW64; Trident/7.0; rv:11.0) like Gecko"
213.90.80.156 - - [28/Feb/2018:11:02:07 +0100] "POST /axjaxrequest?mode=suggest HTTP/1.1" 200 110 "http://renault.activities.at/cart" "Mozilla/5.0 (Windows NT 10.0; WOW64; Trident/7.0; rv:11.0) like Gecko"
213.90.80.156 - - [28/Feb/2018:11:02:07 +0100] "GET /result?searchterm=true&search=alaskan HTTP/1.1" 200 7587 "http://renault.activities.at/cart" "Mozilla/5.0 (Windows NT 10.0; WOW64; Trident/7.0; rv:11.0) like Gecko"
213.90.80.156 - - [28/Feb/2018:11:02:11 +0100] "GET /js/prototip.js HTTP/1.1" 200 4588 "http://renault.activities.at/result?searchterm=true&search=alaskan" "Mozilla/5.0 (Windows NT 10.0; WOW64; Trident/7.0; rv:11.0) like Gecko"
213.90.80.156 - - [28/Feb/2018:11:02:11 +0100] "GET /images/loading.gif HTTP/1.1" 200 3208 "http://renault.activities.at/result?searchterm=true&search=alaskan" "Mozilla/5.0 (Windows NT 10.0; WOW64; Trident/7.0; rv:11.0) like Gecko"
213.90.80.156 - - [28/Feb/2018:11:02:11 +0100] "GET /loadthumbnail.php?id=10203255 HTTP/1.1" 200 137 "http://renault.activities.at/result?searchterm=true&search=alaskan" "Mozilla/5.0 (Windows NT 10.0; WOW64; Trident/7.0; rv:11.0) like Gecko"
213.90.80.156 - - [28/Feb/2018:11:02:11 +0100] "GET /loadthumbnail.php?id=11648825&width=113 HTTP/1.1" 200 18493 "http://renault.activities.at/result?searchterm=true&search=alaskan" "Mozilla/5.0 (Windows NT 10.0; WOW64; Trident/7.0; rv:11.0) like Gecko"
213.90.80.156 - - [28/Feb/2018:11:02:11 +0100] "GET /loadthumbnail.php?id=11648009&width=113 HTTP/1.1" 200 2417 "http://renault.activities.at/result?searchterm=true&search=alaskan" "Mozilla/5.0 (Windows NT 10.0; WOW64; Trident/7.0; rv:11.0) like Gecko"
213.90.80.156 - - [28/Feb/2018:11:02:11 +0100] "GET /loadthumbnail.php?id=11648005&width=113 HTTP/1.1" 200 2417 "http://renault.activities.at/result?searchterm=true&search=alaskan" "Mozilla/5.0 (Windows NT 10.0; WOW64; Trident/7.0; rv:11.0) like Gecko"
213.90.80.156 - - [28/Feb/2018:11:02:11 +0100] "GET /images/pager_bg.gif HTTP/1.1" 200 150 "http://renault.activities.at/result?searchterm=true&search=alaskan" "Mozilla/5.0 (Windows NT 10.0; WOW64; Trident/7.0; rv:11.0) like Gecko"
213.90.80.156 - - [28/Feb/2018:11:02:11 +0100] "GET /loadthumbnail.php?id=11679086&width=113 HTTP/1.1" 200 33735 "http://renault.activities.at/result?searchterm=true&search=alaskan" "Mozilla/5.0 (Windows NT 10.0; WOW64; Trident/7.0; rv:11.0) like Gecko"
213.90.80.156 - - [28/Feb/2018:11:02:11 +0100] "GET /loadthumbnail.php?id=11659630&width=113 HTTP/1.1" 200 2737 "http://renault.activities.at/result?searchterm=true&search=alaskan" "Mozilla/5.0 (Windows NT 10.0; WOW64; Trident/7.0; rv:11.0) like Gecko"
213.90.80.156 - - [28/Feb/2018:11:02:11 +0100] "GET /loadthumbnail.php?id=10203650&width=113 HTTP/1.1" 200 2741 "http://renault.activities.at/result?searchterm=true&search=alaskan" "Mozilla/5.0 (Windows NT 10.0; WOW64; Trident/7.0; rv:11.0) like Gecko"
213.90.80.156 - - [28/Feb/2018:11:02:11 +0100] "GET /loadthumbnail.php?id=11659629&width=113 HTTP/1.1" 200 2748 "http://renault.activities.at/result?searchterm=true&search=alaskan" "Mozilla/5.0 (Windows NT 10.0; WOW64; Trident/7.0; rv:11.0) like Gecko"
213.90.80.156 - - [28/Feb/2018:11:02:11 +0100] "GET /loadthumbnail.php?id=11715017&width=113 HTTP/1.1" 200 37395 "http://renault.activities.at/result?searchterm=true&search=alaskan" "Mozilla/5.0 (Windows NT 10.0; WOW64; Trident/7.0; rv:11.0) like Gecko"
213.90.80.156 - - [28/Feb/2018:11:02:11 +0100] "GET /loadthumbnail.php?id=11643691&width=113 HTTP/1.1" 200 3164 "http://renault.activities.at/result?searchterm=true&search=alaskan" "Mozilla/5.0 (Windows NT 10.0; WOW64; Trident/7.0; rv:11.0) like Gecko"
213.90.80.156 - - [28/Feb/2018:11:02:11 +0100] "GET /loadthumbnail.php?id=11658108&width=113 HTTP/1.1" 200 27184 "http://renault.activities.at/result?searchterm=true&search=alaskan" "Mozilla/5.0 (Windows NT 10.0; WOW64; Trident/7.0; rv:11.0) like Gecko"
213.90.80.156 - - [28/Feb/2018:11:02:08 +0100] "POST /axjaxrequest?mode=suggest HTTP/1.1" 200 110 "http://renault.activities.at/cart" "Mozilla/5.0 (Windows NT 10.0; WOW64; Trident/7.0; rv:11.0) like Gecko"
193.194.132.74 - - [28/Feb/2018:11:02:19 +0100] "GET /reload?ser=1519812139095 HTTP/1.1" 200 28 "http://renault.2web.at/account?loadrequest=true" "Mozilla/5.0 (Windows NT 6.1; WOW64; Trident/7.0; rv:11.0) like Gecko"
213.90.54.136 - - [28/Feb/2018:11:02:29 +0100] "GET /reload?ser=1519812330325 HTTP/1.1" 200 28 "http://renault.activities.at/result?dir=DESC&mode=grid&order=name&limit=15&page=2&search=scenic" "Mozilla/5.0 (Windows NT 6.1; Win64; x64) AppleWebKit/537.36 (KHTML, like Gecko) Chrome/63.0.3239.132 Safari/537.36"
213.90.80.156 - - [28/Feb/2018:11:02:33 +0100] "GET /result?searchterm=true&search=koleos HTTP/1.1" 200 7501 "http://renault.activities.at/result?searchterm=true&search=alaskan" "Mozilla/5.0 (Windows NT 10.0; WOW64; Trident/7.0; rv:11.0) like Gecko"
213.90.80.156 - - [28/Feb/2018:11:02:36 +0100] "GET /loadthumbnail.php?id=11555218&width=113 HTTP/1.1" 200 2237 "http://renault.activities.at/result?searchterm=true&search=koleos" "Mozilla/5.0 (Windows NT 10.0; WOW64; Trident/7.0; rv:11.0) like Gecko"
213.90.80.156 - - [28/Feb/2018:11:02:36 +0100] "GET /loadthumbnail.php?id=11555219&width=113 HTTP/1.1" 200 2237 "http://renault.activities.at/result?searchterm=true&search=koleos" "Mozilla/5.0 (Windows NT 10.0; WOW64; Trident/7.0; rv:11.0) like Gecko"
213.90.80.156 - - [28/Feb/2018:11:02:36 +0100] "GET /loadthumbnail.php?id=11679111&width=113 HTTP/1.1" 200 34281 "http://renault.activities.at/result?searchterm=true&search=koleos" "Mozilla/5.0 (Windows NT 10.0; WOW64; Trident/7.0; rv:11.0) like Gecko"
213.90.80.156 - - [28/Feb/2018:11:02:36 +0100] "GET /loadthumbnail.php?id=11532185&width=113 HTTP/1.1" 200 2800 "http://renault.activities.at/result?searchterm=true&search=koleos" "Mozilla/5.0 (Windows NT 10.0; WOW64; Trident/7.0; rv:11.0) like Gecko"
213.90.80.156 - - [28/Feb/2018:11:02:36 +0100] "GET /loadthumbnail.php?id=11518629&width=113 HTTP/1.1" 200 19415 "http://renault.activities.at/result?searchterm=true&search=koleos" "Mozilla/5.0 (Windows NT 10.0; WOW64; Trident/7.0; rv:11.0) like Gecko"
213.90.80.156 - - [28/Feb/2018:11:02:36 +0100] "GET /loadthumbnail.php?id=11590238&width=113 HTTP/1.1" 200 4353 "http://renault.activities.at/result?searchterm=true&search=koleos" "Mozilla/5.0 (Windows NT 10.0; WOW64; Trident/7.0; rv:11.0) like Gecko"
213.90.80.156 - - [28/Feb/2018:11:02:36 +0100] "GET /loadthumbnail.php?id=10260861&width=113 HTTP/1.1" 200 1170 "http://renault.activities.at/result?searchterm=true&search=koleos" "Mozilla/5.0 (Windows NT 10.0; WOW64; Trident/7.0; rv:11.0) like Gecko"
213.90.80.156 - - [28/Feb/2018:11:02:36 +0100] "GET /loadthumbnail.php?id=11523715&width=113 HTTP/1.1" 200 2817 "http://renault.activities.at/result?searchterm=true&search=koleos" "Mozilla/5.0 (Windows NT 10.0; WOW64; Trident/7.0; rv:11.0) like Gecko"
213.90.80.156 - - [28/Feb/2018:11:02:36 +0100] "GET /loadthumbnail.php?id=11658180&width=113 HTTP/1.1" 200 29422 "http://renault.activities.at/result?searchterm=true&search=koleos" "Mozilla/5.0 (Windows NT 10.0; WOW64; Trident/7.0; rv:11.0) like Gecko"
213.90.80.156 - - [28/Feb/2018:11:02:36 +0100] "GET /loadthumbnail.php?id=11577924&width=113 HTTP/1.1" 200 28282 "http://renault.activities.at/result?searchterm=true&search=koleos" "Mozilla/5.0 (Windows NT 10.0; WOW64; Trident/7.0; rv:11.0) like Gecko"
213.90.80.156 - - [28/Feb/2018:11:02:33 +0100] "POST /axjaxrequest?mode=suggest HTTP/1.1" 200 111 "http://renault.activities.at/result?searchterm=true&search=alaskan" "Mozilla/5.0 (Windows NT 10.0; WOW64; Trident/7.0; rv:11.0) like Gecko"
89.16.198.102 - - [28/Feb/2018:11:02:38 +0100] "GET /reload?ser=1519812157440 HTTP/1.1" 200 28 "http://renault.activities.at/success" "Mozilla/5.0 (Windows NT 10.0; Win64; x64; rv:58.0) Gecko/20100101 Firefox/58.0"
213.90.80.156 - - [28/Feb/2018:11:02:41 +0100] "GET /images/vista-up-hover.gif HTTP/1.1" 200 130 "http://renault.activities.at/result?searchterm=true&search=koleos" "Mozilla/5.0 (Windows NT 10.0; WOW64; Trident/7.0; rv:11.0) like Gecko"
213.90.54.136 - - [28/Feb/2018:11:02:42 +0100] "POST /result?dir=DESC&mode=grid&order=name&limit=15&page=2&search=scenic HTTP/1.1" 200 8259 "http://renault.activities.at/result?dir=DESC&mode=grid&order=name&limit=15&page=2&search=scenic" "Mozilla/5.0 (Windows NT 6.1; Win64; x64) AppleWebKit/537.36 (KHTML, like Gecko) Chrome/63.0.3239.132 Safari/537.36"
213.90.80.156 - - [28/Feb/2018:11:02:45 +0100] "POST /result?searchterm=true&search=koleos HTTP/1.1" 200 7608 "http://renault.activities.at/result?searchterm=true&search=koleos" "Mozilla/5.0 (Windows NT 10.0; WOW64; Trident/7.0; rv:11.0) like Gecko"
213.90.80.156 - - [28/Feb/2018:11:02:48 +0100] "GET /images/success_msg_icon.gif HTTP/1.1" 200 1024 "http://renault.activities.at/result?searchterm=true&search=koleos" "Mozilla/5.0 (Windows NT 10.0; WOW64; Trident/7.0; rv:11.0) like Gecko"
213.90.54.136 - - [28/Feb/2018:11:02:48 +0100] "GET /cart HTTP/1.1" 200 5148 "http://renault.activities.at/result?dir=DESC&mode=grid&order=name&limit=15&page=2&search=scenic" "Mozilla/5.0 (Windows NT 6.1; Win64; x64) AppleWebKit/537.36 (KHTML, like Gecko) Chrome/63.0.3239.132 Safari/537.36"
213.90.54.136 - - [28/Feb/2018:11:02:50 +0100] "GET /loadthumbnail.php?id=10232009&width=16&height=16 HTTP/1.1" 200 700 "http://renault.activities.at/cart" "Mozilla/5.0 (Windows NT 6.1; Win64; x64) AppleWebKit/537.36 (KHTML, like Gecko) Chrome/63.0.3239.132 Safari/537.36"
213.90.54.136 - - [28/Feb/2018:11:02:50 +0100] "GET /loadthumbnail.php?id=11711050&width=100 HTTP/1.1" 200 3059 "http://renault.activities.at/cart" "Mozilla/5.0 (Windows NT 6.1; Win64; x64) AppleWebKit/537.36 (KHTML, like Gecko) Chrome/63.0.3239.132 Safari/537.36"
213.90.80.156 - - [28/Feb/2018:11:02:51 +0100] "GET /result?searchterm=true&search=duster HTTP/1.1" 200 8020 "http://renault.activities.at/result?searchterm=true&search=koleos" "Mozilla/5.0 (Windows NT 10.0; WOW64; Trident/7.0; rv:11.0) like Gecko"
213.90.80.156 - - [28/Feb/2018:11:02:53 +0100] "GET /loadthumbnail.php?id=11679150&width=113 HTTP/1.1" 200 35622 "http://renault.activities.at/result?searchterm=true&search=duster" "Mozilla/5.0 (Windows NT 10.0; WOW64; Trident/7.0; rv:11.0) like Gecko"
213.90.80.156 - - [28/Feb/2018:11:02:53 +0100] "GET /loadthumbnail.php?id=10428168&width=113 HTTP/1.1" 200 2469 "http://renault.activities.at/result?searchterm=true&search=duster" "Mozilla/5.0 (Windows NT 10.0; WOW64; Trident/7.0; rv:11.0) like Gecko"
213.90.80.156 - - [28/Feb/2018:11:02:53 +0100] "GET /loadthumbnail.php?id=11676220&width=113 HTTP/1.1" 200 1633 "http://renault.activities.at/result?searchterm=true&search=duster" "Mozilla/5.0 (Windows NT 10.0; WOW64; Trident/7.0; rv:11.0) like Gecko"
213.90.80.156 - - [28/Feb/2018:11:02:53 +0100] "GET /loadthumbnail.php?id=10428967&width=113 HTTP/1.1" 200 2469 "http://renault.activities.at/result?searchterm=true&search=duster" "Mozilla/5.0 (Windows NT 10.0; WOW64; Trident/7.0; rv:11.0) like Gecko"
213.90.80.156 - - [28/Feb/2018:11:02:53 +0100] "GET /loadthumbnail.php?id=11710979&width=113 HTTP/1.1" 200 1909 "http://renault.activities.at/result?searchterm=true&search=duster" "Mozilla/5.0 (Windows NT 10.0; WOW64; Trident/7.0; rv:11.0) like Gecko"
213.90.80.156 - - [28/Feb/2018:11:02:53 +0100] "GET /loadthumbnail.php?id=11679165&width=113 HTTP/1.1" 200 19398 "http://renault.activities.at/result?searchterm=true&search=duster" "Mozilla/5.0 (Windows NT 10.0; WOW64; Trident/7.0; rv:11.0) like Gecko"
213.90.80.156 - - [28/Feb/2018:11:02:54 +0100] "GET /loadthumbnail.php?id=11665065&width=113 HTTP/1.1" 200 2677 "http://renault.activities.at/result?searchterm=true&search=duster" "Mozilla/5.0 (Windows NT 10.0; WOW64; Trident/7.0; rv:11.0) like Gecko"
213.90.80.156 - - [28/Feb/2018:11:02:54 +0100] "GET /loadthumbnail.php?id=11665066&width=113 HTTP/1.1" 200 4533 "http://renault.activities.at/result?searchterm=true&search=duster" "Mozilla/5.0 (Windows NT 10.0; WOW64; Trident/7.0; rv:11.0) like Gecko"
213.90.80.156 - - [28/Feb/2018:11:02:54 +0100] "GET /loadthumbnail.php?id=10260903&width=113 HTTP/1.1" 200 1170 "http://renault.activities.at/result?searchterm=true&search=duster" "Mozilla/5.0 (Windows NT 10.0; WOW64; Trident/7.0; rv:11.0) like Gecko"
213.90.80.156 - - [28/Feb/2018:11:02:54 +0100] "GET /loadthumbnail.php?id=11711045&width=113 HTTP/1.1" 200 2986 "http://renault.activities.at/result?searchterm=true&search=duster" "Mozilla/5.0 (Windows NT 10.0; WOW64; Trident/7.0; rv:11.0) like Gecko"
213.90.80.156 - - [28/Feb/2018:11:02:54 +0100] "GET /loadthumbnail.php?id=11715009&width=113 HTTP/1.1" 200 22295 "http://renault.activities.at/result?searchterm=true&search=duster" "Mozilla/5.0 (Windows NT 10.0; WOW64; Trident/7.0; rv:11.0) like Gecko"
213.90.80.156 - - [28/Feb/2018:11:02:51 +0100] "POST /axjaxrequest?mode=suggest HTTP/1.1" 200 111 "http://renault.activities.at/result?searchterm=true&search=koleos" "Mozilla/5.0 (Windows NT 10.0; WOW64; Trident/7.0; rv:11.0) like Gecko"
213.90.54.136 - - [28/Feb/2018:11:03:01 +0100] "POST /cart HTTP/1.1" 200 5202 "http://renault.activities.at/cart" "Mozilla/5.0 (Windows NT 6.1; Win64; x64) AppleWebKit/537.36 (KHTML, like Gecko) Chrome/63.0.3239.132 Safari/537.36"
213.90.54.136 - - [28/Feb/2018:11:03:04 +0100] "GET /checkout HTTP/1.1" 200 10264 "http://renault.activities.at/cart" "Mozilla/5.0 (Windows NT 6.1; Win64; x64) AppleWebKit/537.36 (KHTML, like Gecko) Chrome/63.0.3239.132 Safari/537.36"
213.90.54.136 - - [28/Feb/2018:11:03:08 +0100] "GET /images/ajax_loading.gif HTTP/1.1" 200 1542 "http://renault.activities.at/checkout" "Mozilla/5.0 (Windows NT 6.1; Win64; x64) AppleWebKit/537.36 (KHTML, like Gecko) Chrome/63.0.3239.132 Safari/537.36"
213.90.54.136 - - [28/Feb/2018:11:03:08 +0100] "GET /images/step_bg.jpg HTTP/1.1" 200 319 "http://renault.activities.at/css/styles.css" "Mozilla/5.0 (Windows NT 6.1; Win64; x64) AppleWebKit/537.36 (KHTML, like Gecko) Chrome/63.0.3239.132 Safari/537.36"
213.90.54.136 - - [28/Feb/2018:11:03:08 +0100] "GET /images/step_marker.gif HTTP/1.1" 200 650 "http://renault.activities.at/css/styles.css" "Mozilla/5.0 (Windows NT 6.1; Win64; x64) AppleWebKit/537.36 (KHTML, like Gecko) Chrome/63.0.3239.132 Safari/537.36"
213.90.54.136 - - [28/Feb/2018:11:03:08 +0100] "GET /images/checkout_border_top.gif HTTP/1.1" 200 156 "http://renault.activities.at/css/styles.css" "Mozilla/5.0 (Windows NT 6.1; Win64; x64) AppleWebKit/537.36 (KHTML, like Gecko) Chrome/63.0.3239.132 Safari/537.36"
213.90.54.136 - - [28/Feb/2018:11:03:08 +0100] "GET /images/checkout_border.gif HTTP/1.1" 200 43 "http://renault.activities.at/css/styles.css" "Mozilla/5.0 (Windows NT 6.1; Win64; x64) AppleWebKit/537.36 (KHTML, like Gecko) Chrome/63.0.3239.132 Safari/537.36"
213.90.54.136 - - [28/Feb/2018:11:03:08 +0100] "GET /loadthumbnail.php?id=10201939 HTTP/1.1" 200 201 "http://renault.activities.at/checkout" "Mozilla/5.0 (Windows NT 6.1; Win64; x64) AppleWebKit/537.36 (KHTML, like Gecko) Chrome/63.0.3239.132 Safari/537.36"
213.90.54.136 - - [28/Feb/2018:11:03:08 +0100] "GET /loadthumbnail.php?id=10202698 HTTP/1.1" 200 16686 "http://renault.activities.at/checkout" "Mozilla/5.0 (Windows NT 6.1; Win64; x64) AppleWebKit/537.36 (KHTML, like Gecko) Chrome/63.0.3239.132 Safari/537.36"
213.90.80.156 - - [28/Feb/2018:11:03:06 +0100] "POST /result?searchterm=true&search=duster HTTP/1.1" 200 8126 "http://renault.activities.at/result?searchterm=true&search=duster" "Mozilla/5.0 (Windows NT 10.0; WOW64; Trident/7.0; rv:11.0) like Gecko"
213.90.80.156 - - [28/Feb/2018:11:03:13 +0100] "POST /axjaxrequest?mode=suggest HTTP/1.1" 200 21 "http://renault.activities.at/result?searchterm=true&search=duster" "Mozilla/5.0 (Windows NT 10.0; WOW64; Trident/7.0; rv:11.0) like Gecko"
213.90.54.136 - - [28/Feb/2018:11:03:12 +0100] "POST /docheckout HTTP/1.1" 200 453 "http://renault.activities.at/checkout" "Mozilla/5.0 (Windows NT 6.1; Win64; x64) AppleWebKit/537.36 (KHTML, like Gecko) Chrome/63.0.3239.132 Safari/537.36"
213.90.80.156 - - [28/Feb/2018:11:03:15 +0100] "GET /result?searchterm=true&search=alaskan HTTP/1.1" 200 7591 "http://renault.activities.at/result?searchterm=true&search=duster" "Mozilla/5.0 (Windows NT 10.0; WOW64; Trident/7.0; rv:11.0) like Gecko"
213.90.54.136 - - [28/Feb/2018:11:03:16 +0100] "POST /docheckout HTTP/1.1" 200 627 "http://renault.activities.at/checkout" "Mozilla/5.0 (Windows NT 6.1; Win64; x64) AppleWebKit/537.36 (KHTML, like Gecko) Chrome/63.0.3239.132 Safari/537.36"
213.90.54.136 - - [28/Feb/2018:11:03:17 +0100] "GET /images/error_msg_icon.gif HTTP/1.1" 200 1013 "http://renault.activities.at/checkout" "Mozilla/5.0 (Windows NT 6.1; Win64; x64) AppleWebKit/537.36 (KHTML, like Gecko) Chrome/63.0.3239.132 Safari/537.36"
213.90.80.156 - - [28/Feb/2018:11:03:15 +0100] "POST /axjaxrequest?mode=suggest HTTP/1.1" 200 110 "http://renault.activities.at/result?searchterm=true&search=duster" "Mozilla/5.0 (Windows NT 10.0; WOW64; Trident/7.0; rv:11.0) like Gecko"
213.90.54.136 - - [28/Feb/2018:11:03:19 +0100] "POST /docheckout HTTP/1.1" 200 68 "http://renault.activities.at/checkout" "Mozilla/5.0 (Windows NT 6.1; Win64; x64) AppleWebKit/537.36 (KHTML, like Gecko) Chrome/63.0.3239.132 Safari/537.36"
193.194.132.74 - - [28/Feb/2018:11:03:20 +0100] "GET /reload?ser=1519812200249 HTTP/1.1" 200 28 "http://renault.2web.at/account?loadrequest=true" "Mozilla/5.0 (Windows NT 6.1; WOW64; Trident/7.0; rv:11.0) like Gecko"
213.90.54.136 - - [28/Feb/2018:11:03:21 +0100] "GET /success HTTP/1.1" 200 3795 "http://renault.activities.at/checkout" "Mozilla/5.0 (Windows NT 6.1; Win64; x64) AppleWebKit/537.36 (KHTML, like Gecko) Chrome/63.0.3239.132 Safari/537.36"
213.90.80.156 - - [28/Feb/2018:11:03:23 +0100] "POST /result?searchterm=true&search=alaskan HTTP/1.1" 200 7694 "http://renault.activities.at/result?searchterm=true&search=alaskan" "Mozilla/5.0 (Windows NT 10.0; WOW64; Trident/7.0; rv:11.0) like Gecko"
213.90.80.156 - - [28/Feb/2018:11:03:30 +0100] "GET /cart HTTP/1.1" 200 5511 "http://renault.activities.at/result?searchterm=true&search=alaskan" "Mozilla/5.0 (Windows NT 10.0; WOW64; Trident/7.0; rv:11.0) like Gecko"
213.90.80.156 - - [28/Feb/2018:11:03:32 +0100] "GET /loadthumbnail.php?id=11523715&width=100 HTTP/1.1" 200 2362 "http://renault.activities.at/cart" "Mozilla/5.0 (Windows NT 10.0; WOW64; Trident/7.0; rv:11.0) like Gecko"
213.90.80.156 - - [28/Feb/2018:11:03:32 +0100] "GET /loadthumbnail.php?id=11643691&width=100 HTTP/1.1" 200 2710 "http://renault.activities.at/cart" "Mozilla/5.0 (Windows NT 10.0; WOW64; Trident/7.0; rv:11.0) like Gecko"
213.90.80.156 - - [28/Feb/2018:11:03:32 +0100] "GET /loadthumbnail.php?id=11711045&width=100 HTTP/1.1" 200 2495 "http://renault.activities.at/cart" "Mozilla/5.0 (Windows NT 10.0; WOW64; Trident/7.0; rv:11.0) like Gecko"
89.16.198.102 - - [28/Feb/2018:11:03:39 +0100] "GET /reload?ser=1519812218445 HTTP/1.1" 200 1240 "http://renault.activities.at/success" "Mozilla/5.0 (Windows NT 10.0; Win64; x64; rv:58.0) Gecko/20100101 Firefox/58.0"
213.90.80.156 - - [28/Feb/2018:11:03:39 +0100] "POST /cart HTTP/1.1" 200 5566 "http://renault.activities.at/cart" "Mozilla/5.0 (Windows NT 10.0; WOW64; Trident/7.0; rv:11.0) like Gecko"
213.90.80.156 - - [28/Feb/2018:11:03:47 +0100] "GET /checkout HTTP/1.1" 200 10246 "http://renault.activities.at/cart" "Mozilla/5.0 (Windows NT 10.0; WOW64; Trident/7.0; rv:11.0) like Gecko"
213.90.80.156 - - [28/Feb/2018:11:03:52 +0100] "GET /js/checkout2.js HTTP/1.1" 200 4122 "http://renault.activities.at/checkout" "Mozilla/5.0 (Windows NT 10.0; WOW64; Trident/7.0; rv:11.0) like Gecko"
213.90.80.156 - - [28/Feb/2018:11:03:52 +0100] "GET /images/ajax_loading.gif HTTP/1.1" 200 1542 "http://renault.activities.at/checkout" "Mozilla/5.0 (Windows NT 10.0; WOW64; Trident/7.0; rv:11.0) like Gecko"
213.90.80.156 - - [28/Feb/2018:11:03:52 +0100] "GET /images/step_marker.gif HTTP/1.1" 200 650 "http://renault.activities.at/checkout" "Mozilla/5.0 (Windows NT 10.0; WOW64; Trident/7.0; rv:11.0) like Gecko"
213.90.80.156 - - [28/Feb/2018:11:03:52 +0100] "GET /images/checkout_border.gif HTTP/1.1" 200 43 "http://renault.activities.at/checkout" "Mozilla/5.0 (Windows NT 10.0; WOW64; Trident/7.0; rv:11.0) like Gecko"
213.90.80.156 - - [28/Feb/2018:11:03:52 +0100] "GET /images/step_bg.jpg HTTP/1.1" 200 319 "http://renault.activities.at/checkout" "Mozilla/5.0 (Windows NT 10.0; WOW64; Trident/7.0; rv:11.0) like Gecko"
213.90.80.156 - - [28/Feb/2018:11:03:52 +0100] "GET /images/checkout_border_top.gif HTTP/1.1" 200 156 "http://renault.activities.at/checkout" "Mozilla/5.0 (Windows NT 10.0; WOW64; Trident/7.0; rv:11.0) like Gecko"
213.90.80.156 - - [28/Feb/2018:11:03:52 +0100] "GET /loadthumbnail.php?id=10201939 HTTP/1.1" 200 201 "http://renault.activities.at/checkout" "Mozilla/5.0 (Windows NT 10.0; WOW64; Trident/7.0; rv:11.0) like Gecko"
213.90.80.156 - - [28/Feb/2018:11:03:52 +0100] "GET /loadthumbnail.php?id=10202698 HTTP/1.1" 200 16686 "http://renault.activities.at/checkout" "Mozilla/5.0 (Windows NT 10.0; WOW64; Trident/7.0; rv:11.0) like Gecko"
213.90.80.156 - - [28/Feb/2018:11:03:56 +0100] "POST /docheckout HTTP/1.1" 200 452 "http://renault.activities.at/checkout" "Mozilla/5.0 (Windows NT 10.0; WOW64; Trident/7.0; rv:11.0) like Gecko"
213.90.80.156 - - [28/Feb/2018:11:04:00 +0100] "POST /docheckout HTTP/1.1" 200 737 "http://renault.activities.at/checkout" "Mozilla/5.0 (Windows NT 10.0; WOW64; Trident/7.0; rv:11.0) like Gecko"
213.90.80.156 - - [28/Feb/2018:11:04:02 +0100] "GET /images/error_msg_icon.gif HTTP/1.1" 200 1013 "http://renault.activities.at/checkout" "Mozilla/5.0 (Windows NT 10.0; WOW64; Trident/7.0; rv:11.0) like Gecko"
213.90.80.156 - - [28/Feb/2018:11:04:04 +0100] "POST /docheckout HTTP/1.1" 200 68 "http://renault.activities.at/checkout" "Mozilla/5.0 (Windows NT 10.0; WOW64; Trident/7.0; rv:11.0) like Gecko"
213.90.80.156 - - [28/Feb/2018:11:04:07 +0100] "GET /success HTTP/1.1" 200 3778 "http://renault.activities.at/checkout" "Mozilla/5.0 (Windows NT 10.0; WOW64; Trident/7.0; rv:11.0) like Gecko"
213.90.80.156 - - [28/Feb/2018:11:04:12 +0100] "GET /logout HTTP/1.1" 302 140 "http://renault.activities.at/success" "Mozilla/5.0 (Windows NT 10.0; WOW64; Trident/7.0; rv:11.0) like Gecko"
213.90.80.156 - - [28/Feb/2018:11:04:13 +0100] "GET /logout HTTP/1.1" 200 1583 "http://renault.activities.at/success" "Mozilla/5.0 (Windows NT 10.0; WOW64; Trident/7.0; rv:11.0) like Gecko"
213.90.80.156 - - [28/Feb/2018:11:04:19 +0100] "GET / HTTP/1.1" 200 3801 "http://renault.activities.at/logout" "Mozilla/5.0 (Windows NT 10.0; WOW64; Trident/7.0; rv:11.0) like Gecko"
213.90.80.156 - - [28/Feb/2018:11:04:20 +0100] "GET /js/flashdetection.js HTTP/1.1" 200 1059 "http://renault.activities.at/" "Mozilla/5.0 (Windows NT 10.0; WOW64; Trident/7.0; rv:11.0) like Gecko"
193.194.132.74 - - [28/Feb/2018:11:04:21 +0100] "GET /reload?ser=1519812261352 HTTP/1.1" 200 28 "http://renault.2web.at/account?loadrequest=true" "Mozilla/5.0 (Windows NT 6.1; WOW64; Trident/7.0; rv:11.0) like Gecko"
213.90.54.136 - - [28/Feb/2018:11:04:23 +0100] "GET /reload?ser=1519812444217 HTTP/1.1" 200 28 "http://renault.activities.at/success" "Mozilla/5.0 (Windows NT 6.1; Win64; x64) AppleWebKit/537.36 (KHTML, like Gecko) Chrome/63.0.3239.132 Safari/537.36"
89.16.198.102 - - [28/Feb/2018:11:04:39 +0100] "GET /reload?ser=1519812279045 HTTP/1.1" 200 1241 "http://renault.activities.at/success" "Mozilla/5.0 (Windows NT 10.0; Win64; x64; rv:58.0) Gecko/20100101 Firefox/58.0"
193.194.132.74 - - [28/Feb/2018:11:05:22 +0100] "GET /reload?ser=1519812322429 HTTP/1.1" 200 28 "http://renault.2web.at/account?loadrequest=true" "Mozilla/5.0 (Windows NT 6.1; WOW64; Trident/7.0; rv:11.0) like Gecko"
213.90.54.136 - - [28/Feb/2018:11:05:24 +0100] "GET /reload?ser=1519812505479 HTTP/1.1" 200 28 "http://renault.activities.at/success" "Mozilla/5.0 (Windows NT 6.1; Win64; x64) AppleWebKit/537.36 (KHTML, like Gecko) Chrome/63.0.3239.132 Safari/537.36"
89.16.198.102 - - [28/Feb/2018:11:05:39 +0100] "GET /reload?ser=1519812339253 HTTP/1.1" 200 1240 "http://renault.activities.at/success" "Mozilla/5.0 (Windows NT 10.0; Win64; x64; rv:58.0) Gecko/20100101 Firefox/58.0"
193.194.132.74 - - [28/Feb/2018:11:06:23 +0100] "GET /reload?ser=1519812383497 HTTP/1.1" 200 28 "http://renault.2web.at/account?loadrequest=true" "Mozilla/5.0 (Windows NT 6.1; WOW64; Trident/7.0; rv:11.0) like Gecko"
213.90.54.136 - - [28/Feb/2018:11:06:25 +0100] "GET /reload?ser=1519812566484 HTTP/1.1" 200 28 "http://renault.activities.at/success" "Mozilla/5.0 (Windows NT 6.1; Win64; x64) AppleWebKit/537.36 (KHTML, like Gecko) Chrome/63.0.3239.132 Safari/537.36"
89.16.198.102 - - [28/Feb/2018:11:06:40 +0100] "GET /reload?ser=1519812399632 HTTP/1.1" 200 1237 "http://renault.activities.at/success" "Mozilla/5.0 (Windows NT 10.0; Win64; x64; rv:58.0) Gecko/20100101 Firefox/58.0"
193.194.132.74 - - [28/Feb/2018:11:07:24 +0100] "GET /reload?ser=1519812444570 HTTP/1.1" 200 28 "http://renault.2web.at/account?loadrequest=true" "Mozilla/5.0 (Windows NT 6.1; WOW64; Trident/7.0; rv:11.0) like Gecko"
89.16.198.102 - - [28/Feb/2018:11:07:40 +0100] "GET /reload?ser=1519812459843 HTTP/1.1" 200 1236 "http://renault.activities.at/success" "Mozilla/5.0 (Windows NT 10.0; Win64; x64; rv:58.0) Gecko/20100101 Firefox/58.0"
193.194.132.74 - - [28/Feb/2018:11:08:25 +0100] "GET /reload?ser=1519812505634 HTTP/1.1" 200 28 "http://renault.2web.at/account?loadrequest=true" "Mozilla/5.0 (Windows NT 6.1; WOW64; Trident/7.0; rv:11.0) like Gecko"
89.16.198.102 - - [28/Feb/2018:11:08:40 +0100] "GET /reload?ser=1519812520037 HTTP/1.1" 200 1237 "http://renault.activities.at/success" "Mozilla/5.0 (Windows NT 10.0; Win64; x64; rv:58.0) Gecko/20100101 Firefox/58.0"
193.194.132.74 - - [28/Feb/2018:11:09:26 +0100] "GET /reload?ser=1519812566724 HTTP/1.1" 200 28 "http://renault.2web.at/account?loadrequest=true" "Mozilla/5.0 (Windows NT 6.1; WOW64; Trident/7.0; rv:11.0) like Gecko"
89.16.198.102 - - [28/Feb/2018:11:09:40 +0100] "GET /reload?ser=1519812580336 HTTP/1.1" 200 1238 "http://renault.activities.at/success" "Mozilla/5.0 (Windows NT 10.0; Win64; x64; rv:58.0) Gecko/20100101 Firefox/58.0"
193.194.132.74 - - [28/Feb/2018:11:10:27 +0100] "GET /reload?ser=1519812627852 HTTP/1.1" 200 28 "http://renault.2web.at/account?loadrequest=true" "Mozilla/5.0 (Windows NT 6.1; WOW64; Trident/7.0; rv:11.0) like Gecko"
89.16.198.102 - - [28/Feb/2018:11:10:41 +0100] "GET /reload?ser=1519812640566 HTTP/1.1" 200 1244 "http://renault.activities.at/success" "Mozilla/5.0 (Windows NT 10.0; Win64; x64; rv:58.0) Gecko/20100101 Firefox/58.0"
193.194.132.74 - - [28/Feb/2018:11:11:29 +0100] "GET /reload?ser=1519812688957 HTTP/1.1" 200 28 "http://renault.2web.at/account?loadrequest=true" "Mozilla/5.0 (Windows NT 6.1; WOW64; Trident/7.0; rv:11.0) like Gecko"
89.16.198.102 - - [28/Feb/2018:11:11:41 +0100] "GET /reload?ser=1519812700805 HTTP/1.1" 200 1238 "http://renault.activities.at/success" "Mozilla/5.0 (Windows NT 10.0; Win64; x64; rv:58.0) Gecko/20100101 Firefox/58.0"
193.194.132.74 - - [28/Feb/2018:11:12:30 +0100] "GET /reload?ser=1519812750124 HTTP/1.1" 200 28 "http://renault.2web.at/account?loadrequest=true" "Mozilla/5.0 (Windows NT 6.1; WOW64; Trident/7.0; rv:11.0) like Gecko"
89.16.198.102 - - [28/Feb/2018:11:12:41 +0100] "GET /reload?ser=1519812761025 HTTP/1.1" 200 1229 "http://renault.activities.at/success" "Mozilla/5.0 (Windows NT 10.0; Win64; x64; rv:58.0) Gecko/20100101 Firefox/58.0"
193.194.132.74 - - [28/Feb/2018:11:13:31 +0100] "GET /reload?ser=1519812811231 HTTP/1.1" 200 28 "http://renault.2web.at/account?loadrequest=true" "Mozilla/5.0 (Windows NT 6.1; WOW64; Trident/7.0; rv:11.0) like Gecko"
89.16.198.102 - - [28/Feb/2018:11:13:41 +0100] "GET /reload?ser=1519812821238 HTTP/1.1" 200 1236 "http://renault.activities.at/success" "Mozilla/5.0 (Windows NT 10.0; Win64; x64; rv:58.0) Gecko/20100101 Firefox/58.0"
193.194.132.74 - - [28/Feb/2018:11:14:32 +0100] "GET /reload?ser=1519812872434 HTTP/1.1" 200 28 "http://renault.2web.at/account?loadrequest=true" "Mozilla/5.0 (Windows NT 6.1; WOW64; Trident/7.0; rv:11.0) like Gecko"
89.16.198.102 - - [28/Feb/2018:11:14:42 +0100] "GET /reload?ser=1519812881454 HTTP/1.1" 200 1240 "http://renault.activities.at/success" "Mozilla/5.0 (Windows NT 10.0; Win64; x64; rv:58.0) Gecko/20100101 Firefox/58.0"
193.194.132.74 - - [28/Feb/2018:11:15:33 +0100] "GET /reload?ser=1519812933592 HTTP/1.1" 200 28 "http://renault.2web.at/account?loadrequest=true" "Mozilla/5.0 (Windows NT 6.1; WOW64; Trident/7.0; rv:11.0) like Gecko"
89.16.198.102 - - [28/Feb/2018:11:15:42 +0100] "GET /reload?ser=1519812941688 HTTP/1.1" 200 1241 "http://renault.activities.at/success" "Mozilla/5.0 (Windows NT 10.0; Win64; x64; rv:58.0) Gecko/20100101 Firefox/58.0"
193.194.132.74 - - [28/Feb/2018:11:16:34 +0100] "GET /reload?ser=1519812994742 HTTP/1.1" 200 28 "http://renault.2web.at/account?loadrequest=true" "Mozilla/5.0 (Windows NT 6.1; WOW64; Trident/7.0; rv:11.0) like Gecko"
89.16.198.102 - - [28/Feb/2018:11:16:42 +0100] "GET /reload?ser=1519813001902 HTTP/1.1" 200 1246 "http://renault.activities.at/success" "Mozilla/5.0 (Windows NT 10.0; Win64; x64; rv:58.0) Gecko/20100101 Firefox/58.0"
193.194.132.74 - - [28/Feb/2018:11:17:36 +0100] "GET /reload?ser=1519813055876 HTTP/1.1" 200 28 "http://renault.2web.at/account?loadrequest=true" "Mozilla/5.0 (Windows NT 6.1; WOW64; Trident/7.0; rv:11.0) like Gecko"
89.16.198.102 - - [28/Feb/2018:11:17:42 +0100] "GET /reload?ser=1519813062136 HTTP/1.1" 200 1241 "http://renault.activities.at/success" "Mozilla/5.0 (Windows NT 10.0; Win64; x64; rv:58.0) Gecko/20100101 Firefox/58.0"
193.194.132.74 - - [28/Feb/2018:11:18:37 +0100] "GET /reload?ser=1519813117106 HTTP/1.1" 200 28 "http://renault.2web.at/account?loadrequest=true" "Mozilla/5.0 (Windows NT 6.1; WOW64; Trident/7.0; rv:11.0) like Gecko"
89.16.198.102 - - [28/Feb/2018:11:18:42 +0100] "GET /reload?ser=1519813122348 HTTP/1.1" 200 1238 "http://renault.activities.at/success" "Mozilla/5.0 (Windows NT 10.0; Win64; x64; rv:58.0) Gecko/20100101 Firefox/58.0"
193.194.132.74 - - [28/Feb/2018:11:19:38 +0100] "GET /reload?ser=1519813178291 HTTP/1.1" 200 28 "http://renault.2web.at/account?loadrequest=true" "Mozilla/5.0 (Windows NT 6.1; WOW64; Trident/7.0; rv:11.0) like Gecko"
89.16.198.102 - - [28/Feb/2018:11:19:43 +0100] "GET /reload?ser=1519813182578 HTTP/1.1" 200 1243 "http://renault.activities.at/success" "Mozilla/5.0 (Windows NT 10.0; Win64; x64; rv:58.0) Gecko/20100101 Firefox/58.0"
193.194.132.74 - - [28/Feb/2018:11:20:39 +0100] "GET /reload?ser=1519813239358 HTTP/1.1" 200 28 "http://renault.2web.at/account?loadrequest=true" "Mozilla/5.0 (Windows NT 6.1; WOW64; Trident/7.0; rv:11.0) like Gecko"
89.16.198.102 - - [28/Feb/2018:11:20:43 +0100] "GET /reload?ser=1519813242790 HTTP/1.1" 200 1242 "http://renault.activities.at/success" "Mozilla/5.0 (Windows NT 10.0; Win64; x64; rv:58.0) Gecko/20100101 Firefox/58.0"
193.194.132.74 - - [28/Feb/2018:11:21:40 +0100] "GET /reload?ser=1519813300443 HTTP/1.1" 200 28 "http://renault.2web.at/account?loadrequest=true" "Mozilla/5.0 (Windows NT 6.1; WOW64; Trident/7.0; rv:11.0) like Gecko"
89.16.198.102 - - [28/Feb/2018:11:21:43 +0100] "GET /reload?ser=1519813302998 HTTP/1.1" 200 1236 "http://renault.activities.at/success" "Mozilla/5.0 (Windows NT 10.0; Win64; x64; rv:58.0) Gecko/20100101 Firefox/58.0"
193.194.132.74 - - [28/Feb/2018:11:22:41 +0100] "GET /reload?ser=1519813361553 HTTP/1.1" 200 28 "http://renault.2web.at/account?loadrequest=true" "Mozilla/5.0 (Windows NT 6.1; WOW64; Trident/7.0; rv:11.0) like Gecko"
89.16.198.102 - - [28/Feb/2018:11:22:43 +0100] "GET /reload?ser=1519813363214 HTTP/1.1" 200 1246 "http://renault.activities.at/success" "Mozilla/5.0 (Windows NT 10.0; Win64; x64; rv:58.0) Gecko/20100101 Firefox/58.0"
193.194.132.74 - - [28/Feb/2018:11:23:42 +0100] "GET /reload?ser=1519813422695 HTTP/1.1" 200 28 "http://renault.2web.at/account?loadrequest=true" "Mozilla/5.0 (Windows NT 6.1; WOW64; Trident/7.0; rv:11.0) like Gecko"
89.16.198.102 - - [28/Feb/2018:11:23:43 +0100] "GET /reload?ser=1519813423425 HTTP/1.1" 200 1239 "http://renault.activities.at/success" "Mozilla/5.0 (Windows NT 10.0; Win64; x64; rv:58.0) Gecko/20100101 Firefox/58.0"
89.16.198.102 - - [28/Feb/2018:11:24:44 +0100] "GET /reload?ser=1519813483637 HTTP/1.1" 200 1236 "http://renault.activities.at/success" "Mozilla/5.0 (Windows NT 10.0; Win64; x64; rv:58.0) Gecko/20100101 Firefox/58.0"
193.194.132.74 - - [28/Feb/2018:11:24:43 +0100] "GET /reload?ser=1519813483801 HTTP/1.1" 200 28 "http://renault.2web.at/account?loadrequest=true" "Mozilla/5.0 (Windows NT 6.1; WOW64; Trident/7.0; rv:11.0) like Gecko"
89.16.198.102 - - [28/Feb/2018:11:25:44 +0100] "GET /reload?ser=1519813543862 HTTP/1.1" 200 1242 "http://renault.activities.at/success" "Mozilla/5.0 (Windows NT 10.0; Win64; x64; rv:58.0) Gecko/20100101 Firefox/58.0"
193.194.132.74 - - [28/Feb/2018:11:25:45 +0100] "GET /reload?ser=1519813544891 HTTP/1.1" 200 28 "http://renault.2web.at/account?loadrequest=true" "Mozilla/5.0 (Windows NT 6.1; WOW64; Trident/7.0; rv:11.0) like Gecko"
89.16.198.102 - - [28/Feb/2018:11:26:44 +0100] "GET /reload?ser=1519813604081 HTTP/1.1" 200 1240 "http://renault.activities.at/success" "Mozilla/5.0 (Windows NT 10.0; Win64; x64; rv:58.0) Gecko/20100101 Firefox/58.0"
193.194.132.74 - - [28/Feb/2018:11:26:46 +0100] "GET /reload?ser=1519813606025 HTTP/1.1" 200 28 "http://renault.2web.at/account?loadrequest=true" "Mozilla/5.0 (Windows NT 6.1; WOW64; Trident/7.0; rv:11.0) like Gecko"
89.16.198.102 - - [28/Feb/2018:11:27:44 +0100] "GET /reload?ser=1519813664295 HTTP/1.1" 200 1244 "http://renault.activities.at/success" "Mozilla/5.0 (Windows NT 10.0; Win64; x64; rv:58.0) Gecko/20100101 Firefox/58.0"
193.194.132.74 - - [28/Feb/2018:11:27:47 +0100] "GET /reload?ser=1519813667123 HTTP/1.1" 200 28 "http://renault.2web.at/account?loadrequest=true" "Mozilla/5.0 (Windows NT 6.1; WOW64; Trident/7.0; rv:11.0) like Gecko"
89.16.198.102 - - [28/Feb/2018:11:28:46 +0100] "GET /reload?ser=1519813724506 HTTP/1.1" 200 1242 "http://renault.activities.at/success" "Mozilla/5.0 (Windows NT 10.0; Win64; x64; rv:58.0) Gecko/20100101 Firefox/58.0"
193.194.132.74 - - [28/Feb/2018:11:28:48 +0100] "GET /reload?ser=1519813728320 HTTP/1.1" 200 28 "http://renault.2web.at/account?loadrequest=true" "Mozilla/5.0 (Windows NT 6.1; WOW64; Trident/7.0; rv:11.0) like Gecko"
89.16.198.102 - - [28/Feb/2018:11:29:46 +0100] "GET /reload?ser=1519813785859 HTTP/1.1" 200 1233 "http://renault.activities.at/success" "Mozilla/5.0 (Windows NT 10.0; Win64; x64; rv:58.0) Gecko/20100101 Firefox/58.0"
193.194.132.74 - - [28/Feb/2018:11:29:49 +0100] "GET /reload?ser=1519813789487 HTTP/1.1" 200 28 "http://renault.2web.at/account?loadrequest=true" "Mozilla/5.0 (Windows NT 6.1; WOW64; Trident/7.0; rv:11.0) like Gecko"
89.16.198.102 - - [28/Feb/2018:11:30:46 +0100] "GET /reload?ser=1519813846070 HTTP/1.1" 200 1246 "http://renault.activities.at/success" "Mozilla/5.0 (Windows NT 10.0; Win64; x64; rv:58.0) Gecko/20100101 Firefox/58.0"
193.194.132.74 - - [28/Feb/2018:11:30:50 +0100] "GET /reload?ser=1519813850591 HTTP/1.1" 200 28 "http://renault.2web.at/account?loadrequest=true" "Mozilla/5.0 (Windows NT 6.1; WOW64; Trident/7.0; rv:11.0) like Gecko"
89.16.198.102 - - [28/Feb/2018:11:31:46 +0100] "GET /reload?ser=1519813906278 HTTP/1.1" 200 1239 "http://renault.activities.at/success" "Mozilla/5.0 (Windows NT 10.0; Win64; x64; rv:58.0) Gecko/20100101 Firefox/58.0"
193.194.132.74 - - [28/Feb/2018:11:31:51 +0100] "GET /reload?ser=1519813911704 HTTP/1.1" 200 28 "http://renault.2web.at/account?loadrequest=true" "Mozilla/5.0 (Windows NT 6.1; WOW64; Trident/7.0; rv:11.0) like Gecko"
89.16.198.102 - - [28/Feb/2018:11:32:47 +0100] "GET /reload?ser=1519813966798 HTTP/1.1" 200 1232 "http://renault.activities.at/success" "Mozilla/5.0 (Windows NT 10.0; Win64; x64; rv:58.0) Gecko/20100101 Firefox/58.0"
193.194.132.74 - - [28/Feb/2018:11:32:52 +0100] "GET /reload?ser=1519813972814 HTTP/1.1" 200 28 "http://renault.2web.at/account?loadrequest=true" "Mozilla/5.0 (Windows NT 6.1; WOW64; Trident/7.0; rv:11.0) like Gecko"
89.16.198.102 - - [28/Feb/2018:11:33:47 +0100] "GET /reload?ser=1519814027027 HTTP/1.1" 200 1238 "http://renault.activities.at/success" "Mozilla/5.0 (Windows NT 10.0; Win64; x64; rv:58.0) Gecko/20100101 Firefox/58.0"
193.194.132.74 - - [28/Feb/2018:11:33:54 +0100] "GET /reload?ser=1519814033954 HTTP/1.1" 200 28 "http://renault.2web.at/account?loadrequest=true" "Mozilla/5.0 (Windows NT 6.1; WOW64; Trident/7.0; rv:11.0) like Gecko"
89.16.198.102 - - [28/Feb/2018:11:34:47 +0100] "GET /reload?ser=1519814087236 HTTP/1.1" 200 1230 "http://renault.activities.at/success" "Mozilla/5.0 (Windows NT 10.0; Win64; x64; rv:58.0) Gecko/20100101 Firefox/58.0"
193.194.132.74 - - [28/Feb/2018:11:34:55 +0100] "GET /reload?ser=1519814095085 HTTP/1.1" 200 28 "http://renault.2web.at/account?loadrequest=true" "Mozilla/5.0 (Windows NT 6.1; WOW64; Trident/7.0; rv:11.0) like Gecko"
80.123.225.34 - - [28/Feb/2018:11:35:20 +0100] "GET / HTTP/1.1" 200 3801 "-" "Mozilla/5.0 (Windows NT 6.1; WOW64; Trident/7.0; rv:11.0) like Gecko"
80.123.225.34 - - [28/Feb/2018:11:35:21 +0100] "GET /js/default.js HTTP/1.1" 200 14698 "http://renault.activities.at/" "Mozilla/5.0 (Windows NT 6.1; WOW64; Trident/7.0; rv:11.0) like Gecko"
80.123.225.34 - - [28/Feb/2018:11:35:21 +0100] "GET /js/flashdetection.js HTTP/1.1" 200 1059 "http://renault.activities.at/" "Mozilla/5.0 (Windows NT 6.1; WOW64; Trident/7.0; rv:11.0) like Gecko"
80.123.225.34 - - [28/Feb/2018:11:35:21 +0100] "GET /css/reset.css HTTP/1.1" 200 1356 "http://renault.activities.at/" "Mozilla/5.0 (Windows NT 6.1; WOW64; Trident/7.0; rv:11.0) like Gecko"
80.123.225.34 - - [28/Feb/2018:11:35:21 +0100] "GET /css/styles.css HTTP/1.1" 200 14664 "http://renault.activities.at/" "Mozilla/5.0 (Windows NT 6.1; WOW64; Trident/7.0; rv:11.0) like Gecko"
80.123.225.34 - - [28/Feb/2018:11:35:21 +0100] "GET /css/clears.css HTTP/1.1" 200 851 "http://renault.activities.at/" "Mozilla/5.0 (Windows NT 6.1; WOW64; Trident/7.0; rv:11.0) like Gecko"
80.123.225.34 - - [28/Feb/2018:11:35:21 +0100] "GET /css/print.css HTTP/1.1" 200 543 "http://renault.activities.at/" "Mozilla/5.0 (Windows NT 6.1; WOW64; Trident/7.0; rv:11.0) like Gecko"
80.123.225.34 - - [28/Feb/2018:11:35:21 +0100] "GET /js/checkout.css HTTP/1.1" 200 359 "http://renault.activities.at/" "Mozilla/5.0 (Windows NT 6.1; WOW64; Trident/7.0; rv:11.0) like Gecko"
80.123.225.34 - - [28/Feb/2018:11:35:21 +0100] "GET /css/prototip.css HTTP/1.1" 200 968 "http://renault.activities.at/" "Mozilla/5.0 (Windows NT 6.1; WOW64; Trident/7.0; rv:11.0) like Gecko"
80.123.225.34 - - [28/Feb/2018:11:35:21 +0100] "GET /css/themes/default.css HTTP/1.1" 200 769 "http://renault.activities.at/" "Mozilla/5.0 (Windows NT 6.1; WOW64; Trident/7.0; rv:11.0) like Gecko"
80.123.225.34 - - [28/Feb/2018:11:35:21 +0100] "GET /css/themes/alphacube.css HTTP/1.1" 200 743 "http://renault.activities.at/" "Mozilla/5.0 (Windows NT 6.1; WOW64; Trident/7.0; rv:11.0) like Gecko"
80.123.225.34 - - [28/Feb/2018:11:35:21 +0100] "GET /images/main_block_border.gif HTTP/1.1" 200 43 "http://renault.activities.at/" "Mozilla/5.0 (Windows NT 6.1; WOW64; Trident/7.0; rv:11.0) like Gecko"
80.123.225.34 - - [28/Feb/2018:11:35:21 +0100] "GET /images/main_block_corner_left_bot.gif HTTP/1.1" 200 159 "http://renault.activities.at/" "Mozilla/5.0 (Windows NT 6.1; WOW64; Trident/7.0; rv:11.0) like Gecko"
80.123.225.34 - - [28/Feb/2018:11:35:21 +0100] "GET /images/main_block_corner_right_bot.gif HTTP/1.1" 200 158 "http://renault.activities.at/" "Mozilla/5.0 (Windows NT 6.1; WOW64; Trident/7.0; rv:11.0) like Gecko"
80.123.225.34 - - [28/Feb/2018:11:35:21 +0100] "GET /images/header_block_corner_left_top.gif HTTP/1.1" 200 160 "http://renault.activities.at/" "Mozilla/5.0 (Windows NT 6.1; WOW64; Trident/7.0; rv:11.0) like Gecko"
80.123.225.34 - - [28/Feb/2018:11:35:21 +0100] "GET /images/header_block_border.gif HTTP/1.1" 200 43 "http://renault.activities.at/" "Mozilla/5.0 (Windows NT 6.1; WOW64; Trident/7.0; rv:11.0) like Gecko"
80.123.225.34 - - [28/Feb/2018:11:35:21 +0100] "GET /images/favicon.ico HTTP/1.1" 404 305 "-" "Mozilla/5.0 (Windows NT 6.1; Win64; x64; Trident/7.0; rv:11.0) like Gecko"
80.123.225.34 - - [28/Feb/2018:11:35:21 +0100] "GET /images/header_block_corner_right_top.gif HTTP/1.1" 200 160 "http://renault.activities.at/" "Mozilla/5.0 (Windows NT 6.1; WOW64; Trident/7.0; rv:11.0) like Gecko"
80.123.225.34 - - [28/Feb/2018:11:35:21 +0100] "GET /images/main_block_corner_left_top.gif HTTP/1.1" 200 159 "http://renault.activities.at/" "Mozilla/5.0 (Windows NT 6.1; WOW64; Trident/7.0; rv:11.0) like Gecko"
80.123.225.34 - - [28/Feb/2018:11:35:21 +0100] "GET /images/main_block_corner_right_top.gif HTTP/1.1" 200 159 "http://renault.activities.at/" "Mozilla/5.0 (Windows NT 6.1; WOW64; Trident/7.0; rv:11.0) like Gecko"
80.123.225.34 - - [28/Feb/2018:11:35:21 +0100] "GET /images/title_border.jpg HTTP/1.1" 200 304 "http://renault.activities.at/" "Mozilla/5.0 (Windows NT 6.1; WOW64; Trident/7.0; rv:11.0) like Gecko"
80.123.225.34 - - [28/Feb/2018:11:35:21 +0100] "GET /images/title_border_top.jpg HTTP/1.1" 200 336 "http://renault.activities.at/" "Mozilla/5.0 (Windows NT 6.1; WOW64; Trident/7.0; rv:11.0) like Gecko"
80.123.225.34 - - [28/Feb/2018:11:35:21 +0100] "GET /images/title_corner_left_top.jpg HTTP/1.1" 200 372 "http://renault.activities.at/" "Mozilla/5.0 (Windows NT 6.1; WOW64; Trident/7.0; rv:11.0) like Gecko"
80.123.225.34 - - [28/Feb/2018:11:35:21 +0100] "GET /images/title_corner_right_top.jpg HTTP/1.1" 200 389 "http://renault.activities.at/" "Mozilla/5.0 (Windows NT 6.1; WOW64; Trident/7.0; rv:11.0) like Gecko"
80.123.225.34 - - [28/Feb/2018:11:35:21 +0100] "GET /loadthumbnail.php?id=11127982 HTTP/1.1" 200 399614 "http://renault.activities.at/" "Mozilla/5.0 (Windows NT 6.1; WOW64; Trident/7.0; rv:11.0) like Gecko"
80.123.225.34 - - [28/Feb/2018:11:35:23 +0100] "GET /login HTTP/1.1" 200 2086 "http://renault.activities.at/" "Mozilla/5.0 (Windows NT 6.1; WOW64; Trident/7.0; rv:11.0) like Gecko"
80.123.225.34 - - [28/Feb/2018:11:35:23 +0100] "GET /images/button_left_bg.gif HTTP/1.1" 200 564 "http://renault.activities.at/login" "Mozilla/5.0 (Windows NT 6.1; WOW64; Trident/7.0; rv:11.0) like Gecko"
80.123.225.34 - - [28/Feb/2018:11:35:23 +0100] "GET /images/button_right_bg.gif HTTP/1.1" 200 561 "http://renault.activities.at/login" "Mozilla/5.0 (Windows NT 6.1; WOW64; Trident/7.0; rv:11.0) like Gecko"
