212.152.246.131 - - [28/Feb/2018:16:00:57 +0100] "GET /js/actiontabs.js HTTP/1.1" 200 519 "http://renault.2web.at/11730470" "Mozilla/5.0 (Windows NT 10.0; WOW64; Trident/7.0; rv:11.0) like Gecko"
212.152.246.131 - - [28/Feb/2018:16:00:57 +0100] "GET /loadthumbnail.php?id=11731934&width=200&height=280 HTTP/1.1" 200 3030 "http://renault.2web.at/11730470" "Mozilla/5.0 (Windows NT 10.0; WOW64; Trident/7.0; rv:11.0) like Gecko"
212.152.246.131 - - [28/Feb/2018:16:00:57 +0100] "GET /loadthumbnail.php?id=11731931&width=200&height=280 HTTP/1.1" 200 2609 "http://renault.2web.at/11730470" "Mozilla/5.0 (Windows NT 10.0; WOW64; Trident/7.0; rv:11.0) like Gecko"
212.152.246.131 - - [28/Feb/2018:16:00:57 +0100] "GET /loadthumbnail.php?id=11731932&width=200&height=280 HTTP/1.1" 200 2361 "http://renault.2web.at/11730470" "Mozilla/5.0 (Windows NT 10.0; WOW64; Trident/7.0; rv:11.0) like Gecko"
212.152.246.131 - - [28/Feb/2018:16:00:57 +0100] "GET /loadthumbnail.php?id=11731933&width=200&height=280 HTTP/1.1" 200 3779 "http://renault.2web.at/11730470" "Mozilla/5.0 (Windows NT 10.0; WOW64; Trident/7.0; rv:11.0) like Gecko"
212.152.246.131 - - [28/Feb/2018:16:00:57 +0100] "GET /loadthumbnail.php?id=11730458&width=200&height=280 HTTP/1.1" 200 3744 "http://renault.2web.at/11730470" "Mozilla/5.0 (Windows NT 10.0; WOW64; Trident/7.0; rv:11.0) like Gecko"
212.152.246.131 - - [28/Feb/2018:16:00:57 +0100] "GET /loadthumbnail.php?id=11730459&width=200&height=280 HTTP/1.1" 200 3744 "http://renault.2web.at/11730470" "Mozilla/5.0 (Windows NT 10.0; WOW64; Trident/7.0; rv:11.0) like Gecko"
212.152.246.131 - - [28/Feb/2018:16:00:58 +0100] "GET /loadthumbnail.php?id=11730461&width=200&height=280 HTTP/1.1" 200 4259 "http://renault.2web.at/11730470" "Mozilla/5.0 (Windows NT 10.0; WOW64; Trident/7.0; rv:11.0) like Gecko"
212.152.246.131 - - [28/Feb/2018:16:00:58 +0100] "GET /loadthumbnail.php?id=11730455&width=200&height=280 HTTP/1.1" 200 7709 "http://renault.2web.at/11730470" "Mozilla/5.0 (Windows NT 10.0; WOW64; Trident/7.0; rv:11.0) like Gecko"
212.152.246.131 - - [28/Feb/2018:16:00:58 +0100] "GET /loadthumbnail.php?id=11730460&width=200&height=280 HTTP/1.1" 200 4259 "http://renault.2web.at/11730470" "Mozilla/5.0 (Windows NT 10.0; WOW64; Trident/7.0; rv:11.0) like Gecko"
212.152.246.131 - - [28/Feb/2018:16:00:58 +0100] "GET /loadthumbnail.php?id=11730454&width=200&height=280 HTTP/1.1" 200 7709 "http://renault.2web.at/11730470" "Mozilla/5.0 (Windows NT 10.0; WOW64; Trident/7.0; rv:11.0) like Gecko"
212.152.246.131 - - [28/Feb/2018:16:00:58 +0100] "GET /loadthumbnail.php?id=11730456&width=200&height=280 HTTP/1.1" 200 4297 "http://renault.2web.at/11730470" "Mozilla/5.0 (Windows NT 10.0; WOW64; Trident/7.0; rv:11.0) like Gecko"
212.152.246.131 - - [28/Feb/2018:16:00:58 +0100] "GET /loadthumbnail.php?id=11730457&width=200&height=280 HTTP/1.1" 200 4297 "http://renault.2web.at/11730470" "Mozilla/5.0 (Windows NT 10.0; WOW64; Trident/7.0; rv:11.0) like Gecko"
185.58.53.32 - - [28/Feb/2018:16:01:00 +0100] "GET /11730470 HTTP/1.1" 200 8082 "http://renault.activities.at/action" "Mozilla/5.0 (Windows NT 6.1; WOW64; Trident/7.0; rv:11.0) like Gecko"
185.58.53.32 - - [28/Feb/2018:16:01:02 +0100] "GET /js/default.js HTTP/1.1" 304 - "http://renault.activities.at/11730470" "Mozilla/5.0 (Windows NT 6.1; WOW64; Trident/7.0; rv:11.0) like Gecko"
185.58.53.32 - - [28/Feb/2018:16:01:02 +0100] "GET /js/prototip.js HTTP/1.1" 304 - "http://renault.activities.at/11730470" "Mozilla/5.0 (Windows NT 6.1; WOW64; Trident/7.0; rv:11.0) like Gecko"
185.58.53.32 - - [28/Feb/2018:16:01:02 +0100] "GET /css/reset.css HTTP/1.1" 304 - "http://renault.activities.at/11730470" "Mozilla/5.0 (Windows NT 6.1; WOW64; Trident/7.0; rv:11.0) like Gecko"
185.58.53.32 - - [28/Feb/2018:16:01:02 +0100] "GET /css/styles.css HTTP/1.1" 304 - "http://renault.activities.at/11730470" "Mozilla/5.0 (Windows NT 6.1; WOW64; Trident/7.0; rv:11.0) like Gecko"
185.58.53.32 - - [28/Feb/2018:16:01:02 +0100] "GET /css/clears.css HTTP/1.1" 304 - "http://renault.activities.at/11730470" "Mozilla/5.0 (Windows NT 6.1; WOW64; Trident/7.0; rv:11.0) like Gecko"
185.58.53.32 - - [28/Feb/2018:16:01:02 +0100] "GET /css/print.css HTTP/1.1" 304 - "http://renault.activities.at/11730470" "Mozilla/5.0 (Windows NT 6.1; WOW64; Trident/7.0; rv:11.0) like Gecko"
185.58.53.32 - - [28/Feb/2018:16:01:02 +0100] "GET /js/checkout.css HTTP/1.1" 304 - "http://renault.activities.at/11730470" "Mozilla/5.0 (Windows NT 6.1; WOW64; Trident/7.0; rv:11.0) like Gecko"
185.58.53.32 - - [28/Feb/2018:16:01:02 +0100] "GET /css/prototip.css HTTP/1.1" 304 - "http://renault.activities.at/11730470" "Mozilla/5.0 (Windows NT 6.1; WOW64; Trident/7.0; rv:11.0) like Gecko"
185.58.53.32 - - [28/Feb/2018:16:01:02 +0100] "GET /css/themes/default.css HTTP/1.1" 304 - "http://renault.activities.at/11730470" "Mozilla/5.0 (Windows NT 6.1; WOW64; Trident/7.0; rv:11.0) like Gecko"
185.58.53.32 - - [28/Feb/2018:16:01:02 +0100] "GET /js/actionorder.js HTTP/1.1" 304 - "http://renault.activities.at/11730470" "Mozilla/5.0 (Windows NT 6.1; WOW64; Trident/7.0; rv:11.0) like Gecko"
185.58.53.32 - - [28/Feb/2018:16:01:02 +0100] "GET /css/themes/alphacube.css HTTP/1.1" 304 - "http://renault.activities.at/11730470" "Mozilla/5.0 (Windows NT 6.1; WOW64; Trident/7.0; rv:11.0) like Gecko"
185.58.53.32 - - [28/Feb/2018:16:01:02 +0100] "GET /js/actiontabs.js HTTP/1.1" 304 - "http://renault.activities.at/11730470" "Mozilla/5.0 (Windows NT 6.1; WOW64; Trident/7.0; rv:11.0) like Gecko"
185.58.53.32 - - [28/Feb/2018:16:01:02 +0100] "GET /images/loading.gif HTTP/1.1" 304 - "http://renault.activities.at/11730470" "Mozilla/5.0 (Windows NT 6.1; WOW64; Trident/7.0; rv:11.0) like Gecko"
185.58.53.32 - - [28/Feb/2018:16:01:02 +0100] "GET /images/ajax_loading.gif HTTP/1.1" 304 - "http://renault.activities.at/11730470" "Mozilla/5.0 (Windows NT 6.1; WOW64; Trident/7.0; rv:11.0) like Gecko"
185.58.53.32 - - [28/Feb/2018:16:01:02 +0100] "GET /images/header_block_corner_right_top.gif HTTP/1.1" 304 - "http://renault.activities.at/11730470" "Mozilla/5.0 (Windows NT 6.1; WOW64; Trident/7.0; rv:11.0) like Gecko"
185.58.53.32 - - [28/Feb/2018:16:01:02 +0100] "GET /images/search_bg.gif HTTP/1.1" 304 - "http://renault.activities.at/11730470" "Mozilla/5.0 (Windows NT 6.1; WOW64; Trident/7.0; rv:11.0) like Gecko"
185.58.53.32 - - [28/Feb/2018:16:01:02 +0100] "GET /images/header_block_corner_left_top.gif HTTP/1.1" 304 - "http://renault.activities.at/11730470" "Mozilla/5.0 (Windows NT 6.1; WOW64; Trident/7.0; rv:11.0) like Gecko"
185.58.53.32 - - [28/Feb/2018:16:01:02 +0100] "GET /images/header_block_border.gif HTTP/1.1" 304 - "http://renault.activities.at/11730470" "Mozilla/5.0 (Windows NT 6.1; WOW64; Trident/7.0; rv:11.0) like Gecko"
185.58.53.32 - - [28/Feb/2018:16:01:02 +0100] "GET /images/main_block_corner_left_top.gif HTTP/1.1" 304 - "http://renault.activities.at/11730470" "Mozilla/5.0 (Windows NT 6.1; WOW64; Trident/7.0; rv:11.0) like Gecko"
185.58.53.32 - - [28/Feb/2018:16:01:02 +0100] "GET /images/main_block_corner_right_bot.gif HTTP/1.1" 304 - "http://renault.activities.at/11730470" "Mozilla/5.0 (Windows NT 6.1; WOW64; Trident/7.0; rv:11.0) like Gecko"
185.58.53.32 - - [28/Feb/2018:16:01:02 +0100] "GET /images/main_block_corner_left_bot.gif HTTP/1.1" 304 - "http://renault.activities.at/11730470" "Mozilla/5.0 (Windows NT 6.1; WOW64; Trident/7.0; rv:11.0) like Gecko"
185.58.53.32 - - [28/Feb/2018:16:01:02 +0100] "GET /images/main_block_corner_right_top.gif HTTP/1.1" 304 - "http://renault.activities.at/11730470" "Mozilla/5.0 (Windows NT 6.1; WOW64; Trident/7.0; rv:11.0) like Gecko"
185.58.53.32 - - [28/Feb/2018:16:01:02 +0100] "GET /images/main_block_border.gif HTTP/1.1" 304 - "http://renault.activities.at/11730470" "Mozilla/5.0 (Windows NT 6.1; WOW64; Trident/7.0; rv:11.0) like Gecko"
185.58.53.32 - - [28/Feb/2018:16:01:02 +0100] "GET /images/tabs_border.gif HTTP/1.1" 304 - "http://renault.activities.at/11730470" "Mozilla/5.0 (Windows NT 6.1; WOW64; Trident/7.0; rv:11.0) like Gecko"
185.58.53.32 - - [28/Feb/2018:16:01:02 +0100] "GET /images/title_border_top.jpg HTTP/1.1" 304 - "http://renault.activities.at/11730470" "Mozilla/5.0 (Windows NT 6.1; WOW64; Trident/7.0; rv:11.0) like Gecko"
185.58.53.32 - - [28/Feb/2018:16:01:02 +0100] "GET /images/menu_divider.gif HTTP/1.1" 304 - "http://renault.activities.at/11730470" "Mozilla/5.0 (Windows NT 6.1; WOW64; Trident/7.0; rv:11.0) like Gecko"
185.58.53.32 - - [28/Feb/2018:16:01:02 +0100] "GET /images/top_links_divider.gif HTTP/1.1" 304 - "http://renault.activities.at/11730470" "Mozilla/5.0 (Windows NT 6.1; WOW64; Trident/7.0; rv:11.0) like Gecko"
185.58.53.32 - - [28/Feb/2018:16:01:02 +0100] "GET /images/title_corner_left_top.jpg HTTP/1.1" 304 - "http://renault.activities.at/11730470" "Mozilla/5.0 (Windows NT 6.1; WOW64; Trident/7.0; rv:11.0) like Gecko"
185.58.53.32 - - [28/Feb/2018:16:01:02 +0100] "GET /images/title_border.jpg HTTP/1.1" 304 - "http://renault.activities.at/11730470" "Mozilla/5.0 (Windows NT 6.1; WOW64; Trident/7.0; rv:11.0) like Gecko"
185.58.53.32 - - [28/Feb/2018:16:01:02 +0100] "GET /images/tabs_button_corner_left_top_active.gif HTTP/1.1" 304 - "http://renault.activities.at/11730470" "Mozilla/5.0 (Windows NT 6.1; WOW64; Trident/7.0; rv:11.0) like Gecko"
185.58.53.32 - - [28/Feb/2018:16:01:02 +0100] "GET /images/menu_button_bg.jpg HTTP/1.1" 304 - "http://renault.activities.at/11730470" "Mozilla/5.0 (Windows NT 6.1; WOW64; Trident/7.0; rv:11.0) like Gecko"
185.58.53.32 - - [28/Feb/2018:16:01:02 +0100] "GET /images/title_corner_right_top.jpg HTTP/1.1" 304 - "http://renault.activities.at/11730470" "Mozilla/5.0 (Windows NT 6.1; WOW64; Trident/7.0; rv:11.0) like Gecko"
185.58.53.32 - - [28/Feb/2018:16:01:02 +0100] "GET /images/nav_divider.gif HTTP/1.1" 304 - "http://renault.activities.at/11730470" "Mozilla/5.0 (Windows NT 6.1; WOW64; Trident/7.0; rv:11.0) like Gecko"
185.58.53.32 - - [28/Feb/2018:16:01:02 +0100] "GET /images/tabs_button_corner_right_top_active.gif HTTP/1.1" 304 - "http://renault.activities.at/11730470" "Mozilla/5.0 (Windows NT 6.1; WOW64; Trident/7.0; rv:11.0) like Gecko"
185.58.53.32 - - [28/Feb/2018:16:01:02 +0100] "GET /images/button_left_bg.gif HTTP/1.1" 304 - "http://renault.activities.at/11730470" "Mozilla/5.0 (Windows NT 6.1; WOW64; Trident/7.0; rv:11.0) like Gecko"
185.58.53.32 - - [28/Feb/2018:16:01:02 +0100] "GET /images/tabs_corner_left_bot.gif HTTP/1.1" 304 - "http://renault.activities.at/11730470" "Mozilla/5.0 (Windows NT 6.1; WOW64; Trident/7.0; rv:11.0) like Gecko"
185.58.53.32 - - [28/Feb/2018:16:01:02 +0100] "GET /images/tabs_corner_left_top.gif HTTP/1.1" 304 - "http://renault.activities.at/11730470" "Mozilla/5.0 (Windows NT 6.1; WOW64; Trident/7.0; rv:11.0) like Gecko"
185.58.53.32 - - [28/Feb/2018:16:01:02 +0100] "GET /images/tabs_corner_right_top.gif HTTP/1.1" 304 - "http://renault.activities.at/11730470" "Mozilla/5.0 (Windows NT 6.1; WOW64; Trident/7.0; rv:11.0) like Gecko"
185.58.53.32 - - [28/Feb/2018:16:01:02 +0100] "GET /images/tabs_corner_right_bot.gif HTTP/1.1" 304 - "http://renault.activities.at/11730470" "Mozilla/5.0 (Windows NT 6.1; WOW64; Trident/7.0; rv:11.0) like Gecko"
185.58.53.32 - - [28/Feb/2018:16:01:02 +0100] "GET /images/validation_advice_bg.gif HTTP/1.1" 304 - "http://renault.activities.at/11730470" "Mozilla/5.0 (Windows NT 6.1; WOW64; Trident/7.0; rv:11.0) like Gecko"
185.58.53.32 - - [28/Feb/2018:16:01:02 +0100] "GET /images/vista-dn.gif HTTP/1.1" 304 - "http://renault.activities.at/11730470" "Mozilla/5.0 (Windows NT 6.1; WOW64; Trident/7.0; rv:11.0) like Gecko"
185.58.53.32 - - [28/Feb/2018:16:01:02 +0100] "GET /images/button_right_bg.gif HTTP/1.1" 304 - "http://renault.activities.at/11730470" "Mozilla/5.0 (Windows NT 6.1; WOW64; Trident/7.0; rv:11.0) like Gecko"
185.58.53.32 - - [28/Feb/2018:16:01:02 +0100] "GET /images/button_bg.gif HTTP/1.1" 304 - "http://renault.activities.at/11730470" "Mozilla/5.0 (Windows NT 6.1; WOW64; Trident/7.0; rv:11.0) like Gecko"
185.58.53.32 - - [28/Feb/2018:16:01:02 +0100] "GET /images/vista-up.gif HTTP/1.1" 304 - "http://renault.activities.at/11730470" "Mozilla/5.0 (Windows NT 6.1; WOW64; Trident/7.0; rv:11.0) like Gecko"
185.58.53.32 - - [28/Feb/2018:16:01:02 +0100] "GET /images/footer_divider.gif HTTP/1.1" 304 - "http://renault.activities.at/11730470" "Mozilla/5.0 (Windows NT 6.1; WOW64; Trident/7.0; rv:11.0) like Gecko"
185.58.53.32 - - [28/Feb/2018:16:01:14 +0100] "GET /images/vista-up-hover.gif HTTP/1.1" 304 - "http://renault.activities.at/11730470" "Mozilla/5.0 (Windows NT 6.1; WOW64; Trident/7.0; rv:11.0) like Gecko"
77.119.246.241 - - [28/Feb/2018:16:01:18 +0100] "GET /reload?ser=1519830077037 HTTP/1.1" 200 28 "http://renault.activities.at/result?searchterm=true&search=POS918" "Mozilla/5.0 (Windows NT 6.1; WOW64; Trident/7.0; rv:11.0) like Gecko"
80.120.5.131 - - [28/Feb/2018:16:01:36 +0100] "GET /10201637 HTTP/1.1" 302 150 "-" "Mozilla/5.0 (Macintosh; Intel Mac OS X 10_13_3) AppleWebKit/604.5.6 (KHTML, like Gecko)"
80.120.5.131 - - [28/Feb/2018:16:01:39 +0100] "GET /login?required=true HTTP/1.1" 200 2086 "-" "Mozilla/5.0 (Macintosh; Intel Mac OS X 10_13_3) AppleWebKit/604.5.6 (KHTML, like Gecko)"
80.120.5.131 - - [28/Feb/2018:16:01:39 +0100] "GET /apple-touch-icon-precomposed.png HTTP/1.1" 200 1559 "-" "Safari/13604.5.6 CFNetwork/893.13.1 Darwin/17.4.0 (x86_64)"
80.120.5.131 - - [28/Feb/2018:16:01:40 +0100] "GET /apple-touch-icon.png HTTP/1.1" 200 1559 "-" "Safari/13604.5.6 CFNetwork/893.13.1 Darwin/17.4.0 (x86_64)"
80.120.5.131 - - [28/Feb/2018:16:01:41 +0100] "GET /images/favicon.ico HTTP/1.1" 404 305 "-" "Safari/13604.5.6 CFNetwork/893.13.1 Darwin/17.4.0 (x86_64)"
80.120.5.131 - - [28/Feb/2018:16:01:41 +0100] "GET /images/favicon.ico HTTP/1.1" 404 305 "-" "Safari/13604.5.6 CFNetwork/893.13.1 Darwin/17.4.0 (x86_64)"
80.120.5.131 - - [28/Feb/2018:16:01:41 +0100] "GET /favicon.ico HTTP/1.1" 200 3250 "-" "Safari/13604.5.6 CFNetwork/893.13.1 Darwin/17.4.0 (x86_64)"
80.120.5.131 - - [28/Feb/2018:16:01:42 +0100] "GET /apple-touch-icon-precomposed.png HTTP/1.1" 200 1559 "-" "Safari/13604.5.6 CFNetwork/893.13.1 Darwin/17.4.0 (x86_64)"
80.120.5.131 - - [28/Feb/2018:16:01:42 +0100] "GET /apple-touch-icon.png HTTP/1.1" 200 1559 "-" "Safari/13604.5.6 CFNetwork/893.13.1 Darwin/17.4.0 (x86_64)"
80.120.5.131 - - [28/Feb/2018:16:01:43 +0100] "GET /images/favicon.ico HTTP/1.1" 404 305 "-" "Safari/13604.5.6 CFNetwork/893.13.1 Darwin/17.4.0 (x86_64)"
80.120.5.131 - - [28/Feb/2018:16:01:44 +0100] "GET /images/favicon.ico HTTP/1.1" 404 305 "-" "Safari/13604.5.6 CFNetwork/893.13.1 Darwin/17.4.0 (x86_64)"
80.120.5.131 - - [28/Feb/2018:16:01:44 +0100] "GET /favicon.ico HTTP/1.1" 200 3250 "-" "Safari/13604.5.6 CFNetwork/893.13.1 Darwin/17.4.0 (x86_64)"
80.120.5.131 - - [28/Feb/2018:16:01:44 +0100] "GET /10201637 HTTP/1.1" 302 150 "-" "\"Mozilla/5.0 (iPhone; CPU iPhone OS 11_0 like Mac OS X) AppleWebKit/604.1.38 (KHTML, like Gecko) Version/11.0 Mobile/15A372 Safari/604.1\""
188.20.217.228 - - [28/Feb/2018:16:01:44 +0100] "GET /reload?ser=1519830104470 HTTP/1.1" 200 28 "http://renault.activities.at/success" "Mozilla/5.0 (Windows NT 10.0; WOW64; Trident/7.0; rv:11.0) like Gecko"
80.120.5.131 - - [28/Feb/2018:16:01:44 +0100] "GET /login?required=true HTTP/1.1" 200 2086 "-" "\"Mozilla/5.0 (iPhone; CPU iPhone OS 11_0 like Mac OS X) AppleWebKit/604.1.38 (KHTML, like Gecko) Version/11.0 Mobile/15A372 Safari/604.1\""
80.120.5.131 - - [28/Feb/2018:16:01:45 +0100] "GET /apple-touch-icon-precomposed.png HTTP/1.1" 200 1559 "-" "Safari/13604.5.6 CFNetwork/893.13.1 Darwin/17.4.0 (x86_64)"
212.152.246.131 - - [28/Feb/2018:16:01:45 +0100] "GET /action HTTP/1.1" 200 3926 "http://renault.2web.at/11730470" "Mozilla/5.0 (Windows NT 10.0; WOW64; Trident/7.0; rv:11.0) like Gecko"
80.120.5.131 - - [28/Feb/2018:16:01:46 +0100] "GET /apple-touch-icon.png HTTP/1.1" 200 1559 "-" "Safari/13604.5.6 CFNetwork/893.13.1 Darwin/17.4.0 (x86_64)"
80.120.5.131 - - [28/Feb/2018:16:01:47 +0100] "GET /images/favicon.ico HTTP/1.1" 404 305 "-" "Safari/13604.5.6 CFNetwork/893.13.1 Darwin/17.4.0 (x86_64)"
80.120.5.131 - - [28/Feb/2018:16:01:47 +0100] "GET /images/favicon.ico HTTP/1.1" 404 305 "-" "Safari/13604.5.6 CFNetwork/893.13.1 Darwin/17.4.0 (x86_64)"
80.120.5.131 - - [28/Feb/2018:16:01:47 +0100] "GET /favicon.ico HTTP/1.1" 200 3250 "-" "Safari/13604.5.6 CFNetwork/893.13.1 Darwin/17.4.0 (x86_64)"
80.120.5.131 - - [28/Feb/2018:16:01:47 +0100] "GET /apple-touch-icon-precomposed.png HTTP/1.1" 200 1559 "-" "Safari/13604.5.6 CFNetwork/893.13.1 Darwin/17.4.0 (x86_64)"
80.120.5.131 - - [28/Feb/2018:16:01:48 +0100] "GET /apple-touch-icon.png HTTP/1.1" 200 1559 "-" "Safari/13604.5.6 CFNetwork/893.13.1 Darwin/17.4.0 (x86_64)"
80.120.5.131 - - [28/Feb/2018:16:01:49 +0100] "GET /images/favicon.ico HTTP/1.1" 404 305 "-" "Safari/13604.5.6 CFNetwork/893.13.1 Darwin/17.4.0 (x86_64)"
80.120.5.131 - - [28/Feb/2018:16:01:49 +0100] "GET /images/favicon.ico HTTP/1.1" 404 305 "-" "Safari/13604.5.6 CFNetwork/893.13.1 Darwin/17.4.0 (x86_64)"
80.120.5.131 - - [28/Feb/2018:16:01:49 +0100] "GET /favicon.ico HTTP/1.1" 200 3250 "-" "Safari/13604.5.6 CFNetwork/893.13.1 Darwin/17.4.0 (x86_64)"
212.152.246.131 - - [28/Feb/2018:16:01:49 +0100] "GET /action?mode=2 HTTP/1.1" 200 4744 "http://renault.2web.at/action" "Mozilla/5.0 (Windows NT 10.0; WOW64; Trident/7.0; rv:11.0) like Gecko"
89.16.198.102 - - [28/Feb/2018:16:01:56 +0100] "GET /reload?ser=1519830115994 HTTP/1.1" 200 1238 "http://renault.activities.at/success" "Mozilla/5.0 (Windows NT 10.0; Win64; x64; rv:58.0) Gecko/20100101 Firefox/58.0"
212.152.246.131 - - [28/Feb/2018:16:02:00 +0100] "GET /11188199 HTTP/1.1" 200 6827 "http://renault.2web.at/action?mode=2" "Mozilla/5.0 (Windows NT 10.0; WOW64; Trident/7.0; rv:11.0) like Gecko"
212.152.246.131 - - [28/Feb/2018:16:02:02 +0100] "GET /images/tabs_button_corner_right_top.gif HTTP/1.1" 200 132 "http://renault.2web.at/11188199" "Mozilla/5.0 (Windows NT 10.0; WOW64; Trident/7.0; rv:11.0) like Gecko"
212.152.246.131 - - [28/Feb/2018:16:02:02 +0100] "GET /images/tabs_button_corner_left_top.gif HTTP/1.1" 200 132 "http://renault.2web.at/11188199" "Mozilla/5.0 (Windows NT 10.0; WOW64; Trident/7.0; rv:11.0) like Gecko"
212.152.246.131 - - [28/Feb/2018:16:02:02 +0100] "GET /loadthumbnail.php?id=11188524&width=200&height=200 HTTP/1.1" 200 4300 "http://renault.2web.at/11188199" "Mozilla/5.0 (Windows NT 10.0; WOW64; Trident/7.0; rv:11.0) like Gecko"
212.152.246.131 - - [28/Feb/2018:16:02:02 +0100] "GET /loadthumbnail.php?id=11188518&width=200&height=280 HTTP/1.1" 200 4300 "http://renault.2web.at/11188199" "Mozilla/5.0 (Windows NT 10.0; WOW64; Trident/7.0; rv:11.0) like Gecko"
212.152.246.131 - - [28/Feb/2018:16:02:02 +0100] "GET /loadthumbnail.php?id=11188525&width=200&height=200 HTTP/1.1" 200 5578 "http://renault.2web.at/11188199" "Mozilla/5.0 (Windows NT 10.0; WOW64; Trident/7.0; rv:11.0) like Gecko"
212.152.246.131 - - [28/Feb/2018:16:02:02 +0100] "GET /loadthumbnail.php?id=11188526&width=200&height=200 HTTP/1.1" 200 4176 "http://renault.2web.at/11188199" "Mozilla/5.0 (Windows NT 10.0; WOW64; Trident/7.0; rv:11.0) like Gecko"
185.58.53.32 - - [28/Feb/2018:16:02:03 +0100] "GET /reload?ser=1519830080324 HTTP/1.1" 200 28 "http://renault.activities.at/11730470" "Mozilla/5.0 (Windows NT 6.1; WOW64; Trident/7.0; rv:11.0) like Gecko"
77.119.246.241 - - [28/Feb/2018:16:02:20 +0100] "GET /reload?ser=1519830138078 HTTP/1.1" 200 28 "http://renault.activities.at/result?searchterm=true&search=POS918" "Mozilla/5.0 (Windows NT 6.1; WOW64; Trident/7.0; rv:11.0) like Gecko"
212.152.246.131 - - [28/Feb/2018:16:02:26 +0100] "GET /10201442 HTTP/1.1" 200 8647 "http://renault.2web.at/11188199" "Mozilla/5.0 (Windows NT 10.0; WOW64; Trident/7.0; rv:11.0) like Gecko"
212.152.246.131 - - [28/Feb/2018:16:02:29 +0100] "GET /loadthumbnail.php?id=10203651&width=50&height=50 HTTP/1.1" 200 1234 "http://renault.2web.at/10201442" "Mozilla/5.0 (Windows NT 10.0; WOW64; Trident/7.0; rv:11.0) like Gecko"
212.152.246.131 - - [28/Feb/2018:16:02:29 +0100] "GET /images/sub_title_bg.jpg HTTP/1.1" 200 314 "http://renault.2web.at/10201442" "Mozilla/5.0 (Windows NT 10.0; WOW64; Trident/7.0; rv:11.0) like Gecko"
212.152.246.131 - - [28/Feb/2018:16:02:29 +0100] "GET /loadthumbnail.php?id=11679091&width=113 HTTP/1.1" 200 33845 "http://renault.2web.at/10201442" "Mozilla/5.0 (Windows NT 10.0; WOW64; Trident/7.0; rv:11.0) like Gecko"
212.152.246.131 - - [28/Feb/2018:16:02:29 +0100] "GET /loadthumbnail.php?id=11679096&width=113 HTTP/1.1" 200 34481 "http://renault.2web.at/10201442" "Mozilla/5.0 (Windows NT 10.0; WOW64; Trident/7.0; rv:11.0) like Gecko"
212.152.246.131 - - [28/Feb/2018:16:02:29 +0100] "GET /loadthumbnail.php?id=11679118&width=113 HTTP/1.1" 200 33438 "http://renault.2web.at/10201442" "Mozilla/5.0 (Windows NT 10.0; WOW64; Trident/7.0; rv:11.0) like Gecko"
212.152.246.131 - - [28/Feb/2018:16:02:29 +0100] "GET /loadthumbnail.php?id=11679106&width=113 HTTP/1.1" 200 35719 "http://renault.2web.at/10201442" "Mozilla/5.0 (Windows NT 10.0; WOW64; Trident/7.0; rv:11.0) like Gecko"
212.152.246.131 - - [28/Feb/2018:16:02:29 +0100] "GET /loadthumbnail.php?id=11679101&width=113 HTTP/1.1" 200 36881 "http://renault.2web.at/10201442" "Mozilla/5.0 (Windows NT 10.0; WOW64; Trident/7.0; rv:11.0) like Gecko"
212.152.246.131 - - [28/Feb/2018:16:02:30 +0100] "GET /loadthumbnail.php?id=11679123&width=113 HTTP/1.1" 200 35506 "http://renault.2web.at/10201442" "Mozilla/5.0 (Windows NT 10.0; WOW64; Trident/7.0; rv:11.0) like Gecko"
212.152.246.131 - - [28/Feb/2018:16:02:30 +0100] "GET /loadthumbnail.php?id=11679064&width=113 HTTP/1.1" 200 33783 "http://renault.2web.at/10201442" "Mozilla/5.0 (Windows NT 10.0; WOW64; Trident/7.0; rv:11.0) like Gecko"
212.152.246.131 - - [28/Feb/2018:16:02:30 +0100] "GET /loadthumbnail.php?id=11679111&width=113 HTTP/1.1" 200 34281 "http://renault.2web.at/10201442" "Mozilla/5.0 (Windows NT 10.0; WOW64; Trident/7.0; rv:11.0) like Gecko"
212.152.246.131 - - [28/Feb/2018:16:02:30 +0100] "GET /loadthumbnail.php?id=11679071&width=113 HTTP/1.1" 200 37134 "http://renault.2web.at/10201442" "Mozilla/5.0 (Windows NT 10.0; WOW64; Trident/7.0; rv:11.0) like Gecko"
212.152.246.131 - - [28/Feb/2018:16:02:30 +0100] "GET /loadthumbnail.php?id=11679076&width=113 HTTP/1.1" 200 34461 "http://renault.2web.at/10201442" "Mozilla/5.0 (Windows NT 10.0; WOW64; Trident/7.0; rv:11.0) like Gecko"
212.152.246.131 - - [28/Feb/2018:16:02:30 +0100] "GET /loadthumbnail.php?id=11742691&width=113 HTTP/1.1" 200 5717 "http://renault.2web.at/10201442" "Mozilla/5.0 (Windows NT 10.0; WOW64; Trident/7.0; rv:11.0) like Gecko"
212.152.246.131 - - [28/Feb/2018:16:02:30 +0100] "GET /loadthumbnail.php?id=11679150&width=113 HTTP/1.1" 200 35622 "http://renault.2web.at/10201442" "Mozilla/5.0 (Windows NT 10.0; WOW64; Trident/7.0; rv:11.0) like Gecko"
212.152.246.131 - - [28/Feb/2018:16:02:30 +0100] "GET /loadthumbnail.php?id=11679155&width=113 HTTP/1.1" 200 34091 "http://renault.2web.at/10201442" "Mozilla/5.0 (Windows NT 10.0; WOW64; Trident/7.0; rv:11.0) like Gecko"
212.152.246.131 - - [28/Feb/2018:16:02:30 +0100] "GET /loadthumbnail.php?id=11679081&width=113 HTTP/1.1" 200 36621 "http://renault.2web.at/10201442" "Mozilla/5.0 (Windows NT 10.0; WOW64; Trident/7.0; rv:11.0) like Gecko"
212.152.246.131 - - [28/Feb/2018:16:02:30 +0100] "GET /loadthumbnail.php?id=11679160&width=113 HTTP/1.1" 200 32885 "http://renault.2web.at/10201442" "Mozilla/5.0 (Windows NT 10.0; WOW64; Trident/7.0; rv:11.0) like Gecko"
212.152.246.131 - - [28/Feb/2018:16:02:33 +0100] "POST /axjaxrequest?mode=suggest HTTP/1.1" 200 364 "http://renault.2web.at/10201442" "Mozilla/5.0 (Windows NT 10.0; WOW64; Trident/7.0; rv:11.0) like Gecko"
212.152.246.131 - - [28/Feb/2018:16:02:33 +0100] "POST /axjaxrequest?mode=suggest HTTP/1.1" 200 143 "http://renault.2web.at/10201442" "Mozilla/5.0 (Windows NT 10.0; WOW64; Trident/7.0; rv:11.0) like Gecko"
212.152.246.131 - - [28/Feb/2018:16:02:34 +0100] "POST /axjaxrequest?mode=suggest HTTP/1.1" 200 110 "http://renault.2web.at/10201442" "Mozilla/5.0 (Windows NT 10.0; WOW64; Trident/7.0; rv:11.0) like Gecko"
212.152.246.131 - - [28/Feb/2018:16:02:36 +0100] "POST /axjaxrequest?mode=suggest HTTP/1.1" 200 110 "http://renault.2web.at/10201442" "Mozilla/5.0 (Windows NT 10.0; WOW64; Trident/7.0; rv:11.0) like Gecko"
212.152.246.131 - - [28/Feb/2018:16:02:36 +0100] "POST /axjaxrequest?mode=suggest HTTP/1.1" 200 110 "http://renault.2web.at/10201442" "Mozilla/5.0 (Windows NT 10.0; WOW64; Trident/7.0; rv:11.0) like Gecko"
212.152.246.131 - - [28/Feb/2018:16:02:37 +0100] "GET /result?searchterm=true&search=alaskan HTTP/1.1" 200 7325 "http://renault.2web.at/10201442" "Mozilla/5.0 (Windows NT 10.0; WOW64; Trident/7.0; rv:11.0) like Gecko"
212.152.246.131 - - [28/Feb/2018:16:02:41 +0100] "GET /loadthumbnail.php?id=11679086&width=113 HTTP/1.1" 200 33735 "http://renault.2web.at/result?searchterm=true&search=alaskan" "Mozilla/5.0 (Windows NT 10.0; WOW64; Trident/7.0; rv:11.0) like Gecko"
212.152.246.131 - - [28/Feb/2018:16:02:41 +0100] "GET /loadthumbnail.php?id=11648825&width=113 HTTP/1.1" 200 18493 "http://renault.2web.at/result?searchterm=true&search=alaskan" "Mozilla/5.0 (Windows NT 10.0; WOW64; Trident/7.0; rv:11.0) like Gecko"
212.152.246.131 - - [28/Feb/2018:16:02:41 +0100] "GET /loadthumbnail.php?id=11648009&width=113 HTTP/1.1" 200 2417 "http://renault.2web.at/result?searchterm=true&search=alaskan" "Mozilla/5.0 (Windows NT 10.0; WOW64; Trident/7.0; rv:11.0) like Gecko"
212.152.246.131 - - [28/Feb/2018:16:02:41 +0100] "GET /loadthumbnail.php?id=11648005&width=113 HTTP/1.1" 200 2417 "http://renault.2web.at/result?searchterm=true&search=alaskan" "Mozilla/5.0 (Windows NT 10.0; WOW64; Trident/7.0; rv:11.0) like Gecko"
212.152.246.131 - - [28/Feb/2018:16:02:41 +0100] "GET /loadthumbnail.php?id=11659629&width=113 HTTP/1.1" 200 2748 "http://renault.2web.at/result?searchterm=true&search=alaskan" "Mozilla/5.0 (Windows NT 10.0; WOW64; Trident/7.0; rv:11.0) like Gecko"
212.152.246.131 - - [28/Feb/2018:16:02:41 +0100] "GET /loadthumbnail.php?id=11659630&width=113 HTTP/1.1" 200 2737 "http://renault.2web.at/result?searchterm=true&search=alaskan" "Mozilla/5.0 (Windows NT 10.0; WOW64; Trident/7.0; rv:11.0) like Gecko"
212.152.246.131 - - [28/Feb/2018:16:02:41 +0100] "GET /loadthumbnail.php?id=11715017&width=113 HTTP/1.1" 200 37395 "http://renault.2web.at/result?searchterm=true&search=alaskan" "Mozilla/5.0 (Windows NT 10.0; WOW64; Trident/7.0; rv:11.0) like Gecko"
212.152.246.131 - - [28/Feb/2018:16:02:41 +0100] "GET /loadthumbnail.php?id=11643691&width=113 HTTP/1.1" 200 3164 "http://renault.2web.at/result?searchterm=true&search=alaskan" "Mozilla/5.0 (Windows NT 10.0; WOW64; Trident/7.0; rv:11.0) like Gecko"
212.152.246.131 - - [28/Feb/2018:16:02:41 +0100] "GET /loadthumbnail.php?id=11658108&width=113 HTTP/1.1" 200 27184 "http://renault.2web.at/result?searchterm=true&search=alaskan" "Mozilla/5.0 (Windows NT 10.0; WOW64; Trident/7.0; rv:11.0) like Gecko"
188.20.217.228 - - [28/Feb/2018:16:02:45 +0100] "GET /reload?ser=1519830165470 HTTP/1.1" 200 28 "http://renault.activities.at/success" "Mozilla/5.0 (Windows NT 10.0; WOW64; Trident/7.0; rv:11.0) like Gecko"
212.152.246.131 - - [28/Feb/2018:16:02:52 +0100] "GET /11648002?print=true HTTP/1.1" 200 2643 "http://renault.2web.at/result?searchterm=true&search=alaskan" "Mozilla/5.0 (Windows NT 10.0; WOW64; Trident/7.0; rv:11.0) like Gecko"
212.152.246.131 - - [28/Feb/2018:16:02:55 +0100] "GET /loadthumbnail.php?id=11648005&width=250 HTTP/1.1" 200 6755 "http://renault.2web.at/11648002?print=true" "Mozilla/5.0 (Windows NT 10.0; WOW64; Trident/7.0; rv:11.0) like Gecko"
212.152.246.131 - - [28/Feb/2018:16:02:55 +0100] "GET /loadthumbnail.php?id=11648005&width=900&height=900 HTTP/1.1" 200 46156 "http://renault.2web.at/11648002?print=true" "Mozilla/5.0 (Windows NT 10.0; WOW64; Trident/7.0; rv:11.0) like Gecko"
89.16.198.102 - - [28/Feb/2018:16:02:56 +0100] "GET /reload?ser=1519830176264 HTTP/1.1" 200 1237 "http://renault.activities.at/success" "Mozilla/5.0 (Windows NT 10.0; Win64; x64; rv:58.0) Gecko/20100101 Firefox/58.0"
212.152.246.131 - - [28/Feb/2018:16:02:56 +0100] "GET /graphics/zoomin.cur HTTP/1.1" 200 3611 "http://renault.2web.at/11648002?print=true" "Mozilla/5.0 (Windows NT 10.0; WOW64; Trident/7.0; rv:11.0) like Gecko"
185.58.53.32 - - [28/Feb/2018:16:03:03 +0100] "GET /reload?ser=1519830141308 HTTP/1.1" 200 28 "http://renault.activities.at/11730470" "Mozilla/5.0 (Windows NT 6.1; WOW64; Trident/7.0; rv:11.0) like Gecko"
212.152.246.131 - - [28/Feb/2018:16:03:07 +0100] "GET /null HTTP/1.1" 200 3611 "http://renault.2web.at/result?searchterm=true&search=alaskan" "Mozilla/5.0 (Windows NT 10.0; WOW64; Trident/7.0; rv:11.0) like Gecko"
77.119.246.241 - - [28/Feb/2018:16:03:21 +0100] "GET /reload?ser=1519830199130 HTTP/1.1" 200 28 "http://renault.activities.at/result?searchterm=true&search=POS918" "Mozilla/5.0 (Windows NT 6.1; WOW64; Trident/7.0; rv:11.0) like Gecko"
212.152.246.131 - - [28/Feb/2018:16:03:20 +0100] "POST /result?searchterm=true&search=alaskan HTTP/1.1" 200 7510 "http://renault.2web.at/result?searchterm=true&search=alaskan" "Mozilla/5.0 (Windows NT 10.0; WOW64; Trident/7.0; rv:11.0) like Gecko"
212.152.246.131 - - [28/Feb/2018:16:03:34 +0100] "POST /axjaxrequest?mode=suggest HTTP/1.1" 200 198 "http://renault.2web.at/result?searchterm=true&search=alaskan" "Mozilla/5.0 (Windows NT 10.0; WOW64; Trident/7.0; rv:11.0) like Gecko"
212.152.246.131 - - [28/Feb/2018:16:03:35 +0100] "GET /result?searchterm=true&search=renault HTTP/1.1" 200 8471 "http://renault.2web.at/result?searchterm=true&search=alaskan" "Mozilla/5.0 (Windows NT 10.0; WOW64; Trident/7.0; rv:11.0) like Gecko"
212.152.246.131 - - [28/Feb/2018:16:03:39 +0100] "GET /loadthumbnail.php?id=11186518&width=113 HTTP/1.1" 200 1516 "http://renault.2web.at/result?searchterm=true&search=renault" "Mozilla/5.0 (Windows NT 10.0; WOW64; Trident/7.0; rv:11.0) like Gecko"
212.152.246.131 - - [28/Feb/2018:16:03:39 +0100] "GET /loadthumbnail.php?id=11137061&width=113 HTTP/1.1" 200 2095 "http://renault.2web.at/result?searchterm=true&search=renault" "Mozilla/5.0 (Windows NT 10.0; WOW64; Trident/7.0; rv:11.0) like Gecko"
212.152.246.131 - - [28/Feb/2018:16:03:39 +0100] "GET /loadthumbnail.php?id=11615284&width=113 HTTP/1.1" 200 18014 "http://renault.2web.at/result?searchterm=true&search=renault" "Mozilla/5.0 (Windows NT 10.0; WOW64; Trident/7.0; rv:11.0) like Gecko"
212.152.246.131 - - [28/Feb/2018:16:03:39 +0100] "GET /loadthumbnail.php?id=11183285&width=113 HTTP/1.1" 200 1898 "http://renault.2web.at/result?searchterm=true&search=renault" "Mozilla/5.0 (Windows NT 10.0; WOW64; Trident/7.0; rv:11.0) like Gecko"
212.152.246.131 - - [28/Feb/2018:16:03:39 +0100] "GET /loadthumbnail.php?id=11186505&width=113 HTTP/1.1" 200 1516 "http://renault.2web.at/result?searchterm=true&search=renault" "Mozilla/5.0 (Windows NT 10.0; WOW64; Trident/7.0; rv:11.0) like Gecko"
212.152.246.131 - - [28/Feb/2018:16:03:39 +0100] "GET /loadthumbnail.php?id=11423691&width=113 HTTP/1.1" 200 6071 "http://renault.2web.at/result?searchterm=true&search=renault" "Mozilla/5.0 (Windows NT 10.0; WOW64; Trident/7.0; rv:11.0) like Gecko"
212.152.246.131 - - [28/Feb/2018:16:03:39 +0100] "GET /loadthumbnail.php?id=11339764&width=113 HTTP/1.1" 200 2128 "http://renault.2web.at/result?searchterm=true&search=renault" "Mozilla/5.0 (Windows NT 10.0; WOW64; Trident/7.0; rv:11.0) like Gecko"
212.152.246.131 - - [28/Feb/2018:16:03:39 +0100] "GET /loadthumbnail.php?id=11339768&width=113 HTTP/1.1" 200 2128 "http://renault.2web.at/result?searchterm=true&search=renault" "Mozilla/5.0 (Windows NT 10.0; WOW64; Trident/7.0; rv:11.0) like Gecko"
212.152.246.131 - - [28/Feb/2018:16:03:39 +0100] "GET /loadthumbnail.php?id=11181207&width=113 HTTP/1.1" 200 1279 "http://renault.2web.at/result?searchterm=true&search=renault" "Mozilla/5.0 (Windows NT 10.0; WOW64; Trident/7.0; rv:11.0) like Gecko"
212.152.246.131 - - [28/Feb/2018:16:03:39 +0100] "GET /loadthumbnail.php?id=11195908&width=113 HTTP/1.1" 200 1279 "http://renault.2web.at/result?searchterm=true&search=renault" "Mozilla/5.0 (Windows NT 10.0; WOW64; Trident/7.0; rv:11.0) like Gecko"
212.152.246.131 - - [28/Feb/2018:16:03:35 +0100] "POST /axjaxrequest?mode=suggest HTTP/1.1" 200 112 "http://renault.2web.at/result?searchterm=true&search=alaskan" "Mozilla/5.0 (Windows NT 10.0; WOW64; Trident/7.0; rv:11.0) like Gecko"
188.20.217.228 - - [28/Feb/2018:16:03:46 +0100] "GET /reload?ser=1519830226441 HTTP/1.1" 200 28 "http://renault.activities.at/success" "Mozilla/5.0 (Windows NT 10.0; WOW64; Trident/7.0; rv:11.0) like Gecko"
212.152.246.131 - - [28/Feb/2018:16:03:46 +0100] "GET /result?dir=DESC&mode=grid&order=name&limit=15&page=2&search=renault HTTP/1.1" 200 8465 "http://renault.2web.at/result?searchterm=true&search=renault" "Mozilla/5.0 (Windows NT 10.0; WOW64; Trident/7.0; rv:11.0) like Gecko"
212.152.246.131 - - [28/Feb/2018:16:03:49 +0100] "GET /loadthumbnail.php?id=11181201&width=113 HTTP/1.1" 200 1279 "http://renault.2web.at/result?dir=DESC&mode=grid&order=name&limit=15&page=2&search=renault" "Mozilla/5.0 (Windows NT 10.0; WOW64; Trident/7.0; rv:11.0) like Gecko"
212.152.246.131 - - [28/Feb/2018:16:03:49 +0100] "GET /loadthumbnail.php?id=11308367&width=113 HTTP/1.1" 200 1939 "http://renault.2web.at/result?dir=DESC&mode=grid&order=name&limit=15&page=2&search=renault" "Mozilla/5.0 (Windows NT 10.0; WOW64; Trident/7.0; rv:11.0) like Gecko"
212.152.246.131 - - [28/Feb/2018:16:03:49 +0100] "GET /loadthumbnail.php?id=11181227&width=113 HTTP/1.1" 200 1322 "http://renault.2web.at/result?dir=DESC&mode=grid&order=name&limit=15&page=2&search=renault" "Mozilla/5.0 (Windows NT 10.0; WOW64; Trident/7.0; rv:11.0) like Gecko"
212.152.246.131 - - [28/Feb/2018:16:03:49 +0100] "GET /loadthumbnail.php?id=11194725&width=113 HTTP/1.1" 200 1322 "http://renault.2web.at/result?dir=DESC&mode=grid&order=name&limit=15&page=2&search=renault" "Mozilla/5.0 (Windows NT 10.0; WOW64; Trident/7.0; rv:11.0) like Gecko"
212.152.246.131 - - [28/Feb/2018:16:03:49 +0100] "GET /loadthumbnail.php?id=11181225&width=113 HTTP/1.1" 200 1322 "http://renault.2web.at/result?dir=DESC&mode=grid&order=name&limit=15&page=2&search=renault" "Mozilla/5.0 (Windows NT 10.0; WOW64; Trident/7.0; rv:11.0) like Gecko"
212.152.246.131 - - [28/Feb/2018:16:03:49 +0100] "GET /loadthumbnail.php?id=11308371&width=113 HTTP/1.1" 200 1939 "http://renault.2web.at/result?dir=DESC&mode=grid&order=name&limit=15&page=2&search=renault" "Mozilla/5.0 (Windows NT 10.0; WOW64; Trident/7.0; rv:11.0) like Gecko"
212.152.246.131 - - [28/Feb/2018:16:03:50 +0100] "GET /loadthumbnail.php?id=11181199&width=113 HTTP/1.1" 200 1829 "http://renault.2web.at/result?dir=DESC&mode=grid&order=name&limit=15&page=2&search=renault" "Mozilla/5.0 (Windows NT 10.0; WOW64; Trident/7.0; rv:11.0) like Gecko"
212.152.246.131 - - [28/Feb/2018:16:03:50 +0100] "GET /loadthumbnail.php?id=11194700&width=113 HTTP/1.1" 200 1829 "http://renault.2web.at/result?dir=DESC&mode=grid&order=name&limit=15&page=2&search=renault" "Mozilla/5.0 (Windows NT 10.0; WOW64; Trident/7.0; rv:11.0) like Gecko"
212.152.246.131 - - [28/Feb/2018:16:03:50 +0100] "GET /loadthumbnail.php?id=11186469&width=113 HTTP/1.1" 200 1278 "http://renault.2web.at/result?dir=DESC&mode=grid&order=name&limit=15&page=2&search=renault" "Mozilla/5.0 (Windows NT 10.0; WOW64; Trident/7.0; rv:11.0) like Gecko"
212.152.246.131 - - [28/Feb/2018:16:03:50 +0100] "GET /loadthumbnail.php?id=11181197&width=113 HTTP/1.1" 200 1829 "http://renault.2web.at/result?dir=DESC&mode=grid&order=name&limit=15&page=2&search=renault" "Mozilla/5.0 (Windows NT 10.0; WOW64; Trident/7.0; rv:11.0) like Gecko"
212.152.246.131 - - [28/Feb/2018:16:03:50 +0100] "GET /loadthumbnail.php?id=11194717&width=113 HTTP/1.1" 200 1278 "http://renault.2web.at/result?dir=DESC&mode=grid&order=name&limit=15&page=2&search=renault" "Mozilla/5.0 (Windows NT 10.0; WOW64; Trident/7.0; rv:11.0) like Gecko"
212.152.246.131 - - [28/Feb/2018:16:03:50 +0100] "GET /loadthumbnail.php?id=11186457&width=113 HTTP/1.1" 200 1278 "http://renault.2web.at/result?dir=DESC&mode=grid&order=name&limit=15&page=2&search=renault" "Mozilla/5.0 (Windows NT 10.0; WOW64; Trident/7.0; rv:11.0) like Gecko"
212.152.246.131 - - [28/Feb/2018:16:03:50 +0100] "GET /loadthumbnail.php?id=11181237&width=113 HTTP/1.1" 200 1156 "http://renault.2web.at/result?dir=DESC&mode=grid&order=name&limit=15&page=2&search=renault" "Mozilla/5.0 (Windows NT 10.0; WOW64; Trident/7.0; rv:11.0) like Gecko"
212.152.246.131 - - [28/Feb/2018:16:03:50 +0100] "GET /loadthumbnail.php?id=11181235&width=113 HTTP/1.1" 200 1156 "http://renault.2web.at/result?dir=DESC&mode=grid&order=name&limit=15&page=2&search=renault" "Mozilla/5.0 (Windows NT 10.0; WOW64; Trident/7.0; rv:11.0) like Gecko"
212.152.246.131 - - [28/Feb/2018:16:03:50 +0100] "GET /loadthumbnail.php?id=11195851&width=113 HTTP/1.1" 200 1156 "http://renault.2web.at/result?dir=DESC&mode=grid&order=name&limit=15&page=2&search=renault" "Mozilla/5.0 (Windows NT 10.0; WOW64; Trident/7.0; rv:11.0) like Gecko"
89.16.198.102 - - [28/Feb/2018:16:03:56 +0100] "GET /reload?ser=1519830236519 HTTP/1.1" 200 1233 "http://renault.activities.at/success" "Mozilla/5.0 (Windows NT 10.0; Win64; x64; rv:58.0) Gecko/20100101 Firefox/58.0"
212.152.246.131 - - [28/Feb/2018:16:03:56 +0100] "GET /result?dir=DESC&mode=grid&order=name&limit=15&page=3&search=renault HTTP/1.1" 200 8422 "http://renault.2web.at/result?dir=DESC&mode=grid&order=name&limit=15&page=2&search=renault" "Mozilla/5.0 (Windows NT 10.0; WOW64; Trident/7.0; rv:11.0) like Gecko"
212.152.246.131 - - [28/Feb/2018:16:03:59 +0100] "GET /loadthumbnail.php?id=11186495&width=113 HTTP/1.1" 200 1974 "http://renault.2web.at/result?dir=DESC&mode=grid&order=name&limit=15&page=3&search=renault" "Mozilla/5.0 (Windows NT 10.0; WOW64; Trident/7.0; rv:11.0) like Gecko"
212.152.246.131 - - [28/Feb/2018:16:03:59 +0100] "GET /loadthumbnail.php?id=11186483&width=113 HTTP/1.1" 200 1974 "http://renault.2web.at/result?dir=DESC&mode=grid&order=name&limit=15&page=3&search=renault" "Mozilla/5.0 (Windows NT 10.0; WOW64; Trident/7.0; rv:11.0) like Gecko"
212.152.246.131 - - [28/Feb/2018:16:03:59 +0100] "GET /loadthumbnail.php?id=11186479&width=113 HTTP/1.1" 200 1083 "http://renault.2web.at/result?dir=DESC&mode=grid&order=name&limit=15&page=3&search=renault" "Mozilla/5.0 (Windows NT 10.0; WOW64; Trident/7.0; rv:11.0) like Gecko"
212.152.246.131 - - [28/Feb/2018:16:03:59 +0100] "GET /loadthumbnail.php?id=11194721&width=113 HTTP/1.1" 200 1083 "http://renault.2web.at/result?dir=DESC&mode=grid&order=name&limit=15&page=3&search=renault" "Mozilla/5.0 (Windows NT 10.0; WOW64; Trident/7.0; rv:11.0) like Gecko"
212.152.246.131 - - [28/Feb/2018:16:03:59 +0100] "GET /loadthumbnail.php?id=11186475&width=113 HTTP/1.1" 200 1083 "http://renault.2web.at/result?dir=DESC&mode=grid&order=name&limit=15&page=3&search=renault" "Mozilla/5.0 (Windows NT 10.0; WOW64; Trident/7.0; rv:11.0) like Gecko"
212.152.246.131 - - [28/Feb/2018:16:03:59 +0100] "GET /loadthumbnail.php?id=11181233&width=113 HTTP/1.1" 200 1353 "http://renault.2web.at/result?dir=DESC&mode=grid&order=name&limit=15&page=3&search=renault" "Mozilla/5.0 (Windows NT 10.0; WOW64; Trident/7.0; rv:11.0) like Gecko"
212.152.246.131 - - [28/Feb/2018:16:03:59 +0100] "GET /loadthumbnail.php?id=11194732&width=113 HTTP/1.1" 200 1353 "http://renault.2web.at/result?dir=DESC&mode=grid&order=name&limit=15&page=3&search=renault" "Mozilla/5.0 (Windows NT 10.0; WOW64; Trident/7.0; rv:11.0) like Gecko"
212.152.246.131 - - [28/Feb/2018:16:04:00 +0100] "GET /loadthumbnail.php?id=11181211&width=113 HTTP/1.1" 200 1879 "http://renault.2web.at/result?dir=DESC&mode=grid&order=name&limit=15&page=3&search=renault" "Mozilla/5.0 (Windows NT 10.0; WOW64; Trident/7.0; rv:11.0) like Gecko"
212.152.246.131 - - [28/Feb/2018:16:04:00 +0100] "GET /loadthumbnail.php?id=11308365&width=113 HTTP/1.1" 200 1939 "http://renault.2web.at/result?dir=DESC&mode=grid&order=name&limit=15&page=3&search=renault" "Mozilla/5.0 (Windows NT 10.0; WOW64; Trident/7.0; rv:11.0) like Gecko"
212.152.246.131 - - [28/Feb/2018:16:04:00 +0100] "GET /loadthumbnail.php?id=11181230&width=113 HTTP/1.1" 200 1353 "http://renault.2web.at/result?dir=DESC&mode=grid&order=name&limit=15&page=3&search=renault" "Mozilla/5.0 (Windows NT 10.0; WOW64; Trident/7.0; rv:11.0) like Gecko"
212.152.246.131 - - [28/Feb/2018:16:04:00 +0100] "GET /loadthumbnail.php?id=11308366&width=113 HTTP/1.1" 200 1939 "http://renault.2web.at/result?dir=DESC&mode=grid&order=name&limit=15&page=3&search=renault" "Mozilla/5.0 (Windows NT 10.0; WOW64; Trident/7.0; rv:11.0) like Gecko"
212.152.246.131 - - [28/Feb/2018:16:04:00 +0100] "GET /loadthumbnail.php?id=11181209&width=113 HTTP/1.1" 200 1879 "http://renault.2web.at/result?dir=DESC&mode=grid&order=name&limit=15&page=3&search=renault" "Mozilla/5.0 (Windows NT 10.0; WOW64; Trident/7.0; rv:11.0) like Gecko"
212.152.246.131 - - [28/Feb/2018:16:04:00 +0100] "GET /loadthumbnail.php?id=11181219&width=113 HTTP/1.1" 200 2121 "http://renault.2web.at/result?dir=DESC&mode=grid&order=name&limit=15&page=3&search=renault" "Mozilla/5.0 (Windows NT 10.0; WOW64; Trident/7.0; rv:11.0) like Gecko"
185.58.53.32 - - [28/Feb/2018:16:04:04 +0100] "GET /reload?ser=1519830202265 HTTP/1.1" 200 28 "http://renault.activities.at/11730470" "Mozilla/5.0 (Windows NT 6.1; WOW64; Trident/7.0; rv:11.0) like Gecko"
212.152.246.131 - - [28/Feb/2018:16:04:05 +0100] "GET /result?dir=DESC&mode=grid&order=name&limit=15&page=4&search=renault HTTP/1.1" 200 8427 "http://renault.2web.at/result?dir=DESC&mode=grid&order=name&limit=15&page=3&search=renault" "Mozilla/5.0 (Windows NT 10.0; WOW64; Trident/7.0; rv:11.0) like Gecko"
212.152.246.131 - - [28/Feb/2018:16:04:09 +0100] "GET /loadthumbnail.php?id=11181213&width=113 HTTP/1.1" 200 2121 "http://renault.2web.at/result?dir=DESC&mode=grid&order=name&limit=15&page=4&search=renault" "Mozilla/5.0 (Windows NT 10.0; WOW64; Trident/7.0; rv:11.0) like Gecko"
212.152.246.131 - - [28/Feb/2018:16:04:09 +0100] "GET /loadthumbnail.php?id=11181223&width=113 HTTP/1.1" 200 1171 "http://renault.2web.at/result?dir=DESC&mode=grid&order=name&limit=15&page=4&search=renault" "Mozilla/5.0 (Windows NT 10.0; WOW64; Trident/7.0; rv:11.0) like Gecko"
212.152.246.131 - - [28/Feb/2018:16:04:09 +0100] "GET /loadthumbnail.php?id=11209585&width=113 HTTP/1.1" 200 1909 "http://renault.2web.at/result?dir=DESC&mode=grid&order=name&limit=15&page=4&search=renault" "Mozilla/5.0 (Windows NT 10.0; WOW64; Trident/7.0; rv:11.0) like Gecko"
212.152.246.131 - - [28/Feb/2018:16:04:09 +0100] "GET /loadthumbnail.php?id=11181221&width=113 HTTP/1.1" 200 1171 "http://renault.2web.at/result?dir=DESC&mode=grid&order=name&limit=15&page=4&search=renault" "Mozilla/5.0 (Windows NT 10.0; WOW64; Trident/7.0; rv:11.0) like Gecko"
212.152.246.131 - - [28/Feb/2018:16:04:09 +0100] "GET /loadthumbnail.php?id=11194713&width=113 HTTP/1.1" 200 1171 "http://renault.2web.at/result?dir=DESC&mode=grid&order=name&limit=15&page=4&search=renault" "Mozilla/5.0 (Windows NT 10.0; WOW64; Trident/7.0; rv:11.0) like Gecko"
212.152.246.131 - - [28/Feb/2018:16:04:17 +0100] "POST /axjaxrequest?mode=suggest HTTP/1.1" 200 21 "http://renault.2web.at/result?dir=DESC&mode=grid&order=name&limit=15&page=4&search=renault" "Mozilla/5.0 (Windows NT 10.0; WOW64; Trident/7.0; rv:11.0) like Gecko"
212.152.246.131 - - [28/Feb/2018:16:04:18 +0100] "GET /result?searchterm=true&search=schauraum HTTP/1.1" 200 4662 "http://renault.2web.at/result?dir=DESC&mode=grid&order=name&limit=15&page=4&search=renault" "Mozilla/5.0 (Windows NT 10.0; WOW64; Trident/7.0; rv:11.0) like Gecko"
212.152.246.131 - - [28/Feb/2018:16:04:19 +0100] "GET /images/note_msg_icon.gif HTTP/1.1" 200 1022 "http://renault.2web.at/result?searchterm=true&search=schauraum" "Mozilla/5.0 (Windows NT 10.0; WOW64; Trident/7.0; rv:11.0) like Gecko"
212.152.246.131 - - [28/Feb/2018:16:04:18 +0100] "POST /axjaxrequest?mode=suggest HTTP/1.1" 200 21 "http://renault.2web.at/result?dir=DESC&mode=grid&order=name&limit=15&page=4&search=renault" "Mozilla/5.0 (Windows NT 10.0; WOW64; Trident/7.0; rv:11.0) like Gecko"
77.119.246.241 - - [28/Feb/2018:16:04:22 +0100] "GET /reload?ser=1519830260185 HTTP/1.1" 200 28 "http://renault.activities.at/result?searchterm=true&search=POS918" "Mozilla/5.0 (Windows NT 6.1; WOW64; Trident/7.0; rv:11.0) like Gecko"
212.152.246.131 - - [28/Feb/2018:16:04:38 +0100] "GET /10260279 HTTP/1.1" 200 6374 "http://renault.2web.at/result?searchterm=true&search=schauraum" "Mozilla/5.0 (Windows NT 10.0; WOW64; Trident/7.0; rv:11.0) like Gecko"
212.152.246.131 - - [28/Feb/2018:16:04:41 +0100] "GET /loadthumbnail.php?id=10309491&width=113 HTTP/1.1" 200 2476 "http://renault.2web.at/10260279" "Mozilla/5.0 (Windows NT 10.0; WOW64; Trident/7.0; rv:11.0) like Gecko"
212.152.246.131 - - [28/Feb/2018:16:04:41 +0100] "GET /loadthumbnail.php?id=10309492&width=113 HTTP/1.1" 200 2666 "http://renault.2web.at/10260279" "Mozilla/5.0 (Windows NT 10.0; WOW64; Trident/7.0; rv:11.0) like Gecko"
212.152.246.131 - - [28/Feb/2018:16:04:41 +0100] "GET /loadthumbnail.php?id=10271875&width=113 HTTP/1.1" 200 1262 "http://renault.2web.at/10260279" "Mozilla/5.0 (Windows NT 10.0; WOW64; Trident/7.0; rv:11.0) like Gecko"
188.20.217.228 - - [28/Feb/2018:16:04:47 +0100] "GET /reload?ser=1519830287456 HTTP/1.1" 200 28 "http://renault.activities.at/success" "Mozilla/5.0 (Windows NT 10.0; WOW64; Trident/7.0; rv:11.0) like Gecko"
89.16.198.102 - - [28/Feb/2018:16:04:56 +0100] "GET /reload?ser=1519830296729 HTTP/1.1" 200 1241 "http://renault.activities.at/success" "Mozilla/5.0 (Windows NT 10.0; Win64; x64; rv:58.0) Gecko/20100101 Firefox/58.0"
212.152.246.131 - - [28/Feb/2018:16:04:59 +0100] "POST /10260279 HTTP/1.1" 200 6472 "http://renault.2web.at/10260279" "Mozilla/5.0 (Windows NT 10.0; WOW64; Trident/7.0; rv:11.0) like Gecko"
212.152.246.131 - - [28/Feb/2018:16:05:03 +0100] "POST /10260279 HTTP/1.1" 200 6476 "http://renault.2web.at/10260279" "Mozilla/5.0 (Windows NT 10.0; WOW64; Trident/7.0; rv:11.0) like Gecko"
185.58.53.32 - - [28/Feb/2018:16:05:05 +0100] "GET /reload?ser=1519830263230 HTTP/1.1" 200 28 "http://renault.activities.at/11730470" "Mozilla/5.0 (Windows NT 6.1; WOW64; Trident/7.0; rv:11.0) like Gecko"
212.152.246.131 - - [28/Feb/2018:16:05:04 +0100] "POST /10260279 HTTP/1.1" 200 6476 "http://renault.2web.at/10260279" "Mozilla/5.0 (Windows NT 10.0; WOW64; Trident/7.0; rv:11.0) like Gecko"
212.152.246.131 - - [28/Feb/2018:16:05:17 +0100] "GET /10260298 HTTP/1.1" 200 4901 "http://renault.2web.at/10260279" "Mozilla/5.0 (Windows NT 10.0; WOW64; Trident/7.0; rv:11.0) like Gecko"
77.119.246.241 - - [28/Feb/2018:16:05:23 +0100] "GET /reload?ser=1519830321203 HTTP/1.1" 200 28 "http://renault.activities.at/result?searchterm=true&search=POS918" "Mozilla/5.0 (Windows NT 6.1; WOW64; Trident/7.0; rv:11.0) like Gecko"
212.152.246.131 - - [28/Feb/2018:16:05:27 +0100] "GET /10260280 HTTP/1.1" 200 8601 "http://renault.2web.at/10260298" "Mozilla/5.0 (Windows NT 10.0; WOW64; Trident/7.0; rv:11.0) like Gecko"
212.152.246.131 - - [28/Feb/2018:16:05:30 +0100] "GET /loadthumbnail.php?id=10259978&width=113 HTTP/1.1" 200 1347 "http://renault.2web.at/10260280" "Mozilla/5.0 (Windows NT 10.0; WOW64; Trident/7.0; rv:11.0) like Gecko"
212.152.246.131 - - [28/Feb/2018:16:05:30 +0100] "GET /loadthumbnail.php?id=11543815&width=113 HTTP/1.1" 200 1975 "http://renault.2web.at/10260280" "Mozilla/5.0 (Windows NT 10.0; WOW64; Trident/7.0; rv:11.0) like Gecko"
212.152.246.131 - - [28/Feb/2018:16:05:30 +0100] "GET /loadthumbnail.php?id=10278258&width=113 HTTP/1.1" 200 1356 "http://renault.2web.at/10260280" "Mozilla/5.0 (Windows NT 10.0; WOW64; Trident/7.0; rv:11.0) like Gecko"
212.152.246.131 - - [28/Feb/2018:16:05:30 +0100] "GET /loadthumbnail.php?id=10278257&width=113 HTTP/1.1" 200 2346 "http://renault.2web.at/10260280" "Mozilla/5.0 (Windows NT 10.0; WOW64; Trident/7.0; rv:11.0) like Gecko"
185.58.53.32 - - [28/Feb/2018:16:05:39 +0100] "GET /images/vista-dn-hover.gif HTTP/1.1" 304 - "http://renault.activities.at/11730470" "Mozilla/5.0 (Windows NT 6.1; WOW64; Trident/7.0; rv:11.0) like Gecko"
212.152.246.131 - - [28/Feb/2018:16:05:47 +0100] "GET /10260015 HTTP/1.1" 200 4902 "http://renault.2web.at/10260280" "Mozilla/5.0 (Windows NT 10.0; WOW64; Trident/7.0; rv:11.0) like Gecko"
188.20.217.228 - - [28/Feb/2018:16:05:48 +0100] "GET /reload?ser=1519830348443 HTTP/1.1" 200 28 "http://renault.activities.at/success" "Mozilla/5.0 (Windows NT 10.0; WOW64; Trident/7.0; rv:11.0) like Gecko"
89.16.198.102 - - [28/Feb/2018:16:05:57 +0100] "GET /reload?ser=1519830356954 HTTP/1.1" 200 1238 "http://renault.activities.at/success" "Mozilla/5.0 (Windows NT 10.0; Win64; x64; rv:58.0) Gecko/20100101 Firefox/58.0"
212.152.246.131 - - [28/Feb/2018:16:05:55 +0100] "GET /10227788 HTTP/1.1" 200 6052 "http://renault.2web.at/10260015" "Mozilla/5.0 (Windows NT 10.0; WOW64; Trident/7.0; rv:11.0) like Gecko"
185.58.53.32 - - [28/Feb/2018:16:06:06 +0100] "GET /reload?ser=1519830324213 HTTP/1.1" 200 28 "http://renault.activities.at/11730470" "Mozilla/5.0 (Windows NT 6.1; WOW64; Trident/7.0; rv:11.0) like Gecko"
212.152.246.131 - - [28/Feb/2018:16:06:07 +0100] "GET /10260281 HTTP/1.1" 200 4903 "http://renault.2web.at/10227788" "Mozilla/5.0 (Windows NT 10.0; WOW64; Trident/7.0; rv:11.0) like Gecko"
212.152.246.131 - - [28/Feb/2018:16:06:14 +0100] "GET /10260281 HTTP/1.1" 200 4903 "http://renault.2web.at/10260281" "Mozilla/5.0 (Windows NT 10.0; WOW64; Trident/7.0; rv:11.0) like Gecko"
212.152.246.131 - - [28/Feb/2018:16:06:19 +0100] "GET /10260302 HTTP/1.1" 200 4901 "http://renault.2web.at/10260281" "Mozilla/5.0 (Windows NT 10.0; WOW64; Trident/7.0; rv:11.0) like Gecko"
