80.122.35.214 - - [07/Mar/2018:12:11:57 +0100] "GET /reload?ser=1520421116055 HTTP/1.1" 200 28 "http://renault.2web.at/success" "Mozilla/5.0 (compatible; MSIE 10.0; Windows NT 6.1; WOW64; Trident/6.0)"
212.152.246.130 - - [07/Mar/2018:12:12:06 +0100] "GET /reload?ser=1520421124142 HTTP/1.1" 200 28 "http://renault.activities.at/" "Mozilla/5.0 (Windows NT 6.1; Win64; x64) AppleWebKit/537.36 (KHTML, like Gecko) Chrome/65.0.3325.146 Safari/537.36"
193.194.132.75 - - [07/Mar/2018:12:12:21 +0100] "GET /reload?ser=1520421141726 HTTP/1.1" 200 28 "http://renault.2web.at/result?searchterm=true&search=luftballon" "Mozilla/5.0 (Windows NT 6.1; WOW64; Trident/7.0; rv:11.0) like Gecko"
80.122.35.214 - - [07/Mar/2018:12:12:58 +0100] "GET /reload?ser=1520421177014 HTTP/1.1" 200 28 "http://renault.2web.at/success" "Mozilla/5.0 (compatible; MSIE 10.0; Windows NT 6.1; WOW64; Trident/6.0)"
212.152.246.130 - - [07/Mar/2018:12:13:07 +0100] "GET /reload?ser=1520421185187 HTTP/1.1" 200 28 "http://renault.activities.at/" "Mozilla/5.0 (Windows NT 6.1; Win64; x64) AppleWebKit/537.36 (KHTML, like Gecko) Chrome/65.0.3325.146 Safari/537.36"
193.194.132.75 - - [07/Mar/2018:12:13:25 +0100] "GET /reload?ser=1520421202889 HTTP/1.1" 200 28 "http://renault.2web.at/result?searchterm=true&search=luftballon" "Mozilla/5.0 (Windows NT 6.1; WOW64; Trident/7.0; rv:11.0) like Gecko"
80.122.35.214 - - [07/Mar/2018:12:13:59 +0100] "GET /reload?ser=1520421237994 HTTP/1.1" 200 28 "http://renault.2web.at/success" "Mozilla/5.0 (compatible; MSIE 10.0; Windows NT 6.1; WOW64; Trident/6.0)"
212.152.246.130 - - [07/Mar/2018:12:14:08 +0100] "GET /reload?ser=1520421246205 HTTP/1.1" 200 28 "http://renault.activities.at/" "Mozilla/5.0 (Windows NT 6.1; Win64; x64) AppleWebKit/537.36 (KHTML, like Gecko) Chrome/65.0.3325.146 Safari/537.36"
193.194.132.75 - - [07/Mar/2018:12:14:26 +0100] "GET /reload?ser=1520421266905 HTTP/1.1" 200 28 "http://renault.2web.at/result?searchterm=true&search=luftballon" "Mozilla/5.0 (Windows NT 6.1; WOW64; Trident/7.0; rv:11.0) like Gecko"
80.122.35.214 - - [07/Mar/2018:12:15:00 +0100] "GET /reload?ser=1520421298945 HTTP/1.1" 200 28 "http://renault.2web.at/success" "Mozilla/5.0 (compatible; MSIE 10.0; Windows NT 6.1; WOW64; Trident/6.0)"
212.152.246.130 - - [07/Mar/2018:12:15:09 +0100] "GET /reload?ser=1520421307222 HTTP/1.1" 200 28 "http://renault.activities.at/" "Mozilla/5.0 (Windows NT 6.1; Win64; x64) AppleWebKit/537.36 (KHTML, like Gecko) Chrome/65.0.3325.146 Safari/537.36"
193.194.132.75 - - [07/Mar/2018:12:15:28 +0100] "GET /reload?ser=1520421327937 HTTP/1.1" 200 28 "http://renault.2web.at/result?searchterm=true&search=luftballon" "Mozilla/5.0 (Windows NT 6.1; WOW64; Trident/7.0; rv:11.0) like Gecko"
80.122.35.214 - - [07/Mar/2018:12:16:01 +0100] "GET /reload?ser=1520421359941 HTTP/1.1" 200 28 "http://renault.2web.at/success" "Mozilla/5.0 (compatible; MSIE 10.0; Windows NT 6.1; WOW64; Trident/6.0)"
212.152.246.130 - - [07/Mar/2018:12:16:10 +0100] "GET /reload?ser=1520421368234 HTTP/1.1" 200 28 "http://renault.activities.at/" "Mozilla/5.0 (Windows NT 6.1; Win64; x64) AppleWebKit/537.36 (KHTML, like Gecko) Chrome/65.0.3325.146 Safari/537.36"
193.194.132.75 - - [07/Mar/2018:12:16:29 +0100] "GET /reload?ser=1520421388998 HTTP/1.1" 200 28 "http://renault.2web.at/result?searchterm=true&search=luftballon" "Mozilla/5.0 (Windows NT 6.1; WOW64; Trident/7.0; rv:11.0) like Gecko"
80.122.35.214 - - [07/Mar/2018:12:17:02 +0100] "GET /reload?ser=1520421420925 HTTP/1.1" 200 28 "http://renault.2web.at/success" "Mozilla/5.0 (compatible; MSIE 10.0; Windows NT 6.1; WOW64; Trident/6.0)"
212.152.246.130 - - [07/Mar/2018:12:17:11 +0100] "GET /reload?ser=1520421429293 HTTP/1.1" 200 28 "http://renault.activities.at/" "Mozilla/5.0 (Windows NT 6.1; Win64; x64) AppleWebKit/537.36 (KHTML, like Gecko) Chrome/65.0.3325.146 Safari/537.36"
193.194.132.75 - - [07/Mar/2018:12:17:30 +0100] "GET /reload?ser=1520421450101 HTTP/1.1" 200 28 "http://renault.2web.at/result?searchterm=true&search=luftballon" "Mozilla/5.0 (Windows NT 6.1; WOW64; Trident/7.0; rv:11.0) like Gecko"
80.122.35.214 - - [07/Mar/2018:12:18:03 +0100] "GET /reload?ser=1520421481893 HTTP/1.1" 200 28 "http://renault.2web.at/success" "Mozilla/5.0 (compatible; MSIE 10.0; Windows NT 6.1; WOW64; Trident/6.0)"
212.152.246.130 - - [07/Mar/2018:12:18:12 +0100] "GET /reload?ser=1520421490339 HTTP/1.1" 200 28 "http://renault.activities.at/" "Mozilla/5.0 (Windows NT 6.1; Win64; x64) AppleWebKit/537.36 (KHTML, like Gecko) Chrome/65.0.3325.146 Safari/537.36"
193.194.132.75 - - [07/Mar/2018:12:18:31 +0100] "GET /reload?ser=1520421511221 HTTP/1.1" 200 28 "http://renault.2web.at/result?searchterm=true&search=luftballon" "Mozilla/5.0 (Windows NT 6.1; WOW64; Trident/7.0; rv:11.0) like Gecko"
80.122.35.214 - - [07/Mar/2018:12:19:04 +0100] "GET /reload?ser=1520421542884 HTTP/1.1" 200 28 "http://renault.2web.at/success" "Mozilla/5.0 (compatible; MSIE 10.0; Windows NT 6.1; WOW64; Trident/6.0)"
212.152.246.130 - - [07/Mar/2018:12:19:13 +0100] "GET /reload?ser=1520421551352 HTTP/1.1" 200 28 "http://renault.activities.at/" "Mozilla/5.0 (Windows NT 6.1; Win64; x64) AppleWebKit/537.36 (KHTML, like Gecko) Chrome/65.0.3325.146 Safari/537.36"
193.194.132.75 - - [07/Mar/2018:12:19:32 +0100] "GET /reload?ser=1520421572318 HTTP/1.1" 200 28 "http://renault.2web.at/result?searchterm=true&search=luftballon" "Mozilla/5.0 (Windows NT 6.1; WOW64; Trident/7.0; rv:11.0) like Gecko"
80.122.35.214 - - [07/Mar/2018:12:20:05 +0100] "GET /reload?ser=1520421603840 HTTP/1.1" 200 28 "http://renault.2web.at/success" "Mozilla/5.0 (compatible; MSIE 10.0; Windows NT 6.1; WOW64; Trident/6.0)"
212.152.246.130 - - [07/Mar/2018:12:20:14 +0100] "GET /reload?ser=1520421612344 HTTP/1.1" 200 28 "http://renault.activities.at/" "Mozilla/5.0 (Windows NT 6.1; Win64; x64) AppleWebKit/537.36 (KHTML, like Gecko) Chrome/65.0.3325.146 Safari/537.36"
193.194.132.75 - - [07/Mar/2018:12:20:33 +0100] "GET /reload?ser=1520421633480 HTTP/1.1" 200 28 "http://renault.2web.at/result?searchterm=true&search=luftballon" "Mozilla/5.0 (Windows NT 6.1; WOW64; Trident/7.0; rv:11.0) like Gecko"
80.122.35.214 - - [07/Mar/2018:12:21:06 +0100] "GET /reload?ser=1520421664842 HTTP/1.1" 200 28 "http://renault.2web.at/success" "Mozilla/5.0 (compatible; MSIE 10.0; Windows NT 6.1; WOW64; Trident/6.0)"
212.152.246.130 - - [07/Mar/2018:12:21:15 +0100] "GET /reload?ser=1520421673385 HTTP/1.1" 200 28 "http://renault.activities.at/" "Mozilla/5.0 (Windows NT 6.1; Win64; x64) AppleWebKit/537.36 (KHTML, like Gecko) Chrome/65.0.3325.146 Safari/537.36"
193.194.132.75 - - [07/Mar/2018:12:21:34 +0100] "GET /reload?ser=1520421694628 HTTP/1.1" 200 28 "http://renault.2web.at/result?searchterm=true&search=luftballon" "Mozilla/5.0 (Windows NT 6.1; WOW64; Trident/7.0; rv:11.0) like Gecko"
80.122.35.214 - - [07/Mar/2018:12:22:07 +0100] "GET /reload?ser=1520421725831 HTTP/1.1" 200 28 "http://renault.2web.at/success" "Mozilla/5.0 (compatible; MSIE 10.0; Windows NT 6.1; WOW64; Trident/6.0)"
212.152.246.130 - - [07/Mar/2018:12:22:16 +0100] "GET /reload?ser=1520421734414 HTTP/1.1" 200 28 "http://renault.activities.at/" "Mozilla/5.0 (Windows NT 6.1; Win64; x64) AppleWebKit/537.36 (KHTML, like Gecko) Chrome/65.0.3325.146 Safari/537.36"
193.194.132.75 - - [07/Mar/2018:12:22:35 +0100] "GET /reload?ser=1520421755758 HTTP/1.1" 200 28 "http://renault.2web.at/result?searchterm=true&search=luftballon" "Mozilla/5.0 (Windows NT 6.1; WOW64; Trident/7.0; rv:11.0) like Gecko"
80.122.35.214 - - [07/Mar/2018:12:23:08 +0100] "GET /reload?ser=1520421786865 HTTP/1.1" 200 28 "http://renault.2web.at/success" "Mozilla/5.0 (compatible; MSIE 10.0; Windows NT 6.1; WOW64; Trident/6.0)"
212.152.246.130 - - [07/Mar/2018:12:23:17 +0100] "GET /reload?ser=1520421795415 HTTP/1.1" 200 28 "http://renault.activities.at/" "Mozilla/5.0 (Windows NT 6.1; Win64; x64) AppleWebKit/537.36 (KHTML, like Gecko) Chrome/65.0.3325.146 Safari/537.36"
193.194.132.75 - - [07/Mar/2018:12:23:36 +0100] "GET /reload?ser=1520421816853 HTTP/1.1" 200 28 "http://renault.2web.at/result?searchterm=true&search=luftballon" "Mozilla/5.0 (Windows NT 6.1; WOW64; Trident/7.0; rv:11.0) like Gecko"
80.122.35.214 - - [07/Mar/2018:12:24:09 +0100] "GET /reload?ser=1520421847859 HTTP/1.1" 200 28 "http://renault.2web.at/success" "Mozilla/5.0 (compatible; MSIE 10.0; Windows NT 6.1; WOW64; Trident/6.0)"
212.152.246.130 - - [07/Mar/2018:12:24:18 +0100] "GET /reload?ser=1520421856426 HTTP/1.1" 200 28 "http://renault.activities.at/" "Mozilla/5.0 (Windows NT 6.1; Win64; x64) AppleWebKit/537.36 (KHTML, like Gecko) Chrome/65.0.3325.146 Safari/537.36"
193.194.132.75 - - [07/Mar/2018:12:24:37 +0100] "GET /reload?ser=1520421877896 HTTP/1.1" 200 28 "http://renault.2web.at/result?searchterm=true&search=luftballon" "Mozilla/5.0 (Windows NT 6.1; WOW64; Trident/7.0; rv:11.0) like Gecko"
80.122.35.214 - - [07/Mar/2018:12:25:10 +0100] "GET /reload?ser=1520421908830 HTTP/1.1" 200 28 "http://renault.2web.at/success" "Mozilla/5.0 (compatible; MSIE 10.0; Windows NT 6.1; WOW64; Trident/6.0)"
212.152.246.130 - - [07/Mar/2018:12:25:19 +0100] "GET /reload?ser=1520421917436 HTTP/1.1" 200 28 "http://renault.activities.at/" "Mozilla/5.0 (Windows NT 6.1; Win64; x64) AppleWebKit/537.36 (KHTML, like Gecko) Chrome/65.0.3325.146 Safari/537.36"
193.194.132.75 - - [07/Mar/2018:12:25:39 +0100] "GET /reload?ser=1520421938942 HTTP/1.1" 200 28 "http://renault.2web.at/result?searchterm=true&search=luftballon" "Mozilla/5.0 (Windows NT 6.1; WOW64; Trident/7.0; rv:11.0) like Gecko"
80.122.35.214 - - [07/Mar/2018:12:26:11 +0100] "GET /reload?ser=1520421969798 HTTP/1.1" 200 28 "http://renault.2web.at/success" "Mozilla/5.0 (compatible; MSIE 10.0; Windows NT 6.1; WOW64; Trident/6.0)"
212.152.246.130 - - [07/Mar/2018:12:26:20 +0100] "GET /reload?ser=1520421978446 HTTP/1.1" 200 28 "http://renault.activities.at/" "Mozilla/5.0 (Windows NT 6.1; Win64; x64) AppleWebKit/537.36 (KHTML, like Gecko) Chrome/65.0.3325.146 Safari/537.36"
193.194.132.75 - - [07/Mar/2018:12:26:40 +0100] "GET /reload?ser=1520422000086 HTTP/1.1" 200 28 "http://renault.2web.at/result?searchterm=true&search=luftballon" "Mozilla/5.0 (Windows NT 6.1; WOW64; Trident/7.0; rv:11.0) like Gecko"
80.122.35.214 - - [07/Mar/2018:12:27:12 +0100] "GET /reload?ser=1520422030786 HTTP/1.1" 200 28 "http://renault.2web.at/success" "Mozilla/5.0 (compatible; MSIE 10.0; Windows NT 6.1; WOW64; Trident/6.0)"
212.152.246.130 - - [07/Mar/2018:12:27:21 +0100] "GET /reload?ser=1520422039475 HTTP/1.1" 200 28 "http://renault.activities.at/" "Mozilla/5.0 (Windows NT 6.1; Win64; x64) AppleWebKit/537.36 (KHTML, like Gecko) Chrome/65.0.3325.146 Safari/537.36"
193.194.132.75 - - [07/Mar/2018:12:27:41 +0100] "GET /reload?ser=1520422061129 HTTP/1.1" 200 28 "http://renault.2web.at/result?searchterm=true&search=luftballon" "Mozilla/5.0 (Windows NT 6.1; WOW64; Trident/7.0; rv:11.0) like Gecko"
80.122.35.214 - - [07/Mar/2018:12:28:13 +0100] "GET /reload?ser=1520422091756 HTTP/1.1" 200 28 "http://renault.2web.at/success" "Mozilla/5.0 (compatible; MSIE 10.0; Windows NT 6.1; WOW64; Trident/6.0)"
212.152.246.130 - - [07/Mar/2018:12:28:22 +0100] "GET /reload?ser=1520422100503 HTTP/1.1" 200 28 "http://renault.activities.at/" "Mozilla/5.0 (Windows NT 6.1; Win64; x64) AppleWebKit/537.36 (KHTML, like Gecko) Chrome/65.0.3325.146 Safari/537.36"
193.194.132.75 - - [07/Mar/2018:12:28:42 +0100] "GET /reload?ser=1520422122230 HTTP/1.1" 200 28 "http://renault.2web.at/result?searchterm=true&search=luftballon" "Mozilla/5.0 (Windows NT 6.1; WOW64; Trident/7.0; rv:11.0) like Gecko"
207.46.13.35 - - [07/Mar/2018:12:29:04 +0100] "GET / HTTP/1.1" 200 3801 "-" "Mozilla/5.0 (compatible; bingbot/2.0; +http://www.bing.com/bingbot.htm)"
80.122.35.214 - - [07/Mar/2018:12:29:14 +0100] "GET /reload?ser=1520422152760 HTTP/1.1" 200 28 "http://renault.2web.at/success" "Mozilla/5.0 (compatible; MSIE 10.0; Windows NT 6.1; WOW64; Trident/6.0)"
212.152.246.130 - - [07/Mar/2018:12:29:23 +0100] "GET /reload?ser=1520422161547 HTTP/1.1" 200 28 "http://renault.activities.at/" "Mozilla/5.0 (Windows NT 6.1; Win64; x64) AppleWebKit/537.36 (KHTML, like Gecko) Chrome/65.0.3325.146 Safari/537.36"
193.194.132.75 - - [07/Mar/2018:12:29:43 +0100] "GET /reload?ser=1520422183302 HTTP/1.1" 200 28 "http://renault.2web.at/result?searchterm=true&search=luftballon" "Mozilla/5.0 (Windows NT 6.1; WOW64; Trident/7.0; rv:11.0) like Gecko"
80.122.35.214 - - [07/Mar/2018:12:30:15 +0100] "GET /reload?ser=1520422213727 HTTP/1.1" 200 28 "http://renault.2web.at/success" "Mozilla/5.0 (compatible; MSIE 10.0; Windows NT 6.1; WOW64; Trident/6.0)"
212.152.246.130 - - [07/Mar/2018:12:30:24 +0100] "GET /reload?ser=1520422222591 HTTP/1.1" 200 28 "http://renault.activities.at/" "Mozilla/5.0 (Windows NT 6.1; Win64; x64) AppleWebKit/537.36 (KHTML, like Gecko) Chrome/65.0.3325.146 Safari/537.36"
193.194.132.75 - - [07/Mar/2018:12:30:44 +0100] "GET /reload?ser=1520422244392 HTTP/1.1" 200 28 "http://renault.2web.at/result?searchterm=true&search=luftballon" "Mozilla/5.0 (Windows NT 6.1; WOW64; Trident/7.0; rv:11.0) like Gecko"
80.122.35.214 - - [07/Mar/2018:12:31:16 +0100] "GET /reload?ser=1520422274723 HTTP/1.1" 200 28 "http://renault.2web.at/success" "Mozilla/5.0 (compatible; MSIE 10.0; Windows NT 6.1; WOW64; Trident/6.0)"
212.152.246.130 - - [07/Mar/2018:12:31:25 +0100] "GET /reload?ser=1520422283633 HTTP/1.1" 200 28 "http://renault.activities.at/" "Mozilla/5.0 (Windows NT 6.1; Win64; x64) AppleWebKit/537.36 (KHTML, like Gecko) Chrome/65.0.3325.146 Safari/537.36"
188.22.102.146 - - [07/Mar/2018:12:31:33 +0100] "GET /account HTTP/1.1" 302 150 "-" "Mozilla/5.0 (Windows NT 10.0; WOW64) AppleWebKit/537.36 (KHTML, like Gecko) Chrome/64.0.3282.186 Safari/537.36"
188.22.102.146 - - [07/Mar/2018:12:31:33 +0100] "GET /account HTTP/1.1" 302 150 "-" "Mozilla/5.0 (Windows NT 10.0; WOW64) AppleWebKit/537.36 (KHTML, like Gecko) Chrome/64.0.3282.186 Safari/537.36"
188.22.102.146 - - [07/Mar/2018:12:31:34 +0100] "GET /login?required=true HTTP/1.1" 200 2086 "-" "Mozilla/5.0 (Windows NT 10.0; WOW64) AppleWebKit/537.36 (KHTML, like Gecko) Chrome/64.0.3282.186 Safari/537.36"
188.22.102.146 - - [07/Mar/2018:12:31:35 +0100] "GET /css/reset.css HTTP/1.1" 200 1356 "http://renault.activities.at/login?required=true" "Mozilla/5.0 (Windows NT 10.0; WOW64) AppleWebKit/537.36 (KHTML, like Gecko) Chrome/64.0.3282.186 Safari/537.36"
188.22.102.146 - - [07/Mar/2018:12:31:35 +0100] "GET /css/clears.css HTTP/1.1" 200 851 "http://renault.activities.at/login?required=true" "Mozilla/5.0 (Windows NT 10.0; WOW64) AppleWebKit/537.36 (KHTML, like Gecko) Chrome/64.0.3282.186 Safari/537.36"
188.22.102.146 - - [07/Mar/2018:12:31:35 +0100] "GET /js/checkout.css HTTP/1.1" 200 359 "http://renault.activities.at/login?required=true" "Mozilla/5.0 (Windows NT 10.0; WOW64) AppleWebKit/537.36 (KHTML, like Gecko) Chrome/64.0.3282.186 Safari/537.36"
188.22.102.146 - - [07/Mar/2018:12:31:35 +0100] "GET /css/prototip.css HTTP/1.1" 200 968 "http://renault.activities.at/login?required=true" "Mozilla/5.0 (Windows NT 10.0; WOW64) AppleWebKit/537.36 (KHTML, like Gecko) Chrome/64.0.3282.186 Safari/537.36"
188.22.102.146 - - [07/Mar/2018:12:31:35 +0100] "GET /css/themes/default.css HTTP/1.1" 200 769 "http://renault.activities.at/login?required=true" "Mozilla/5.0 (Windows NT 10.0; WOW64) AppleWebKit/537.36 (KHTML, like Gecko) Chrome/64.0.3282.186 Safari/537.36"
188.22.102.146 - - [07/Mar/2018:12:31:35 +0100] "GET /css/styles.css HTTP/1.1" 200 14664 "http://renault.activities.at/login?required=true" "Mozilla/5.0 (Windows NT 10.0; WOW64) AppleWebKit/537.36 (KHTML, like Gecko) Chrome/64.0.3282.186 Safari/537.36"
188.22.102.146 - - [07/Mar/2018:12:31:35 +0100] "GET /css/themes/alphacube.css HTTP/1.1" 200 743 "http://renault.activities.at/login?required=true" "Mozilla/5.0 (Windows NT 10.0; WOW64) AppleWebKit/537.36 (KHTML, like Gecko) Chrome/64.0.3282.186 Safari/537.36"
188.22.102.146 - - [07/Mar/2018:12:31:35 +0100] "GET /js/default.js HTTP/1.1" 200 14698 "http://renault.activities.at/login?required=true" "Mozilla/5.0 (Windows NT 10.0; WOW64) AppleWebKit/537.36 (KHTML, like Gecko) Chrome/64.0.3282.186 Safari/537.36"
188.22.102.146 - - [07/Mar/2018:12:31:35 +0100] "GET /js/index.php?c=auto&f=,prototype/prototype.js,prototype/validation.js,scriptaculous/builder.js,scriptaculous/effects.js,scriptaculous/dragdrop.js,scriptaculous/controls.js,scriptaculous/slider.js,varien/js.js,varien/form.js,varien/menu.js,mage/translate.js,mage/cookies.js,varien/product.js,spinner/SpinnerControl.jsmin.js,prototype/window.js,prototype/window_ext.js HTTP/1.1" 200 94182 "http://renault.activities.at/login?required=true" "Mozilla/5.0 (Windows NT 10.0; WOW64) AppleWebKit/537.36 (KHTML, like Gecko) Chrome/64.0.3282.186 Safari/537.36"
188.22.102.146 - - [07/Mar/2018:12:31:35 +0100] "GET /images/main_block_border.gif HTTP/1.1" 200 43 "http://renault.activities.at/css/styles.css" "Mozilla/5.0 (Windows NT 10.0; WOW64) AppleWebKit/537.36 (KHTML, like Gecko) Chrome/64.0.3282.186 Safari/537.36"
188.22.102.146 - - [07/Mar/2018:12:31:35 +0100] "GET /images/main_block_corner_left_bot.gif HTTP/1.1" 200 159 "http://renault.activities.at/css/styles.css" "Mozilla/5.0 (Windows NT 10.0; WOW64) AppleWebKit/537.36 (KHTML, like Gecko) Chrome/64.0.3282.186 Safari/537.36"
188.22.102.146 - - [07/Mar/2018:12:31:35 +0100] "GET /images/main_block_corner_right_bot.gif HTTP/1.1" 200 158 "http://renault.activities.at/css/styles.css" "Mozilla/5.0 (Windows NT 10.0; WOW64) AppleWebKit/537.36 (KHTML, like Gecko) Chrome/64.0.3282.186 Safari/537.36"
188.22.102.146 - - [07/Mar/2018:12:31:35 +0100] "GET /images/header_block_border.gif HTTP/1.1" 200 43 "http://renault.activities.at/css/styles.css" "Mozilla/5.0 (Windows NT 10.0; WOW64) AppleWebKit/537.36 (KHTML, like Gecko) Chrome/64.0.3282.186 Safari/537.36"
188.22.102.146 - - [07/Mar/2018:12:31:35 +0100] "GET /images/header_block_corner_left_top.gif HTTP/1.1" 200 160 "http://renault.activities.at/css/styles.css" "Mozilla/5.0 (Windows NT 10.0; WOW64) AppleWebKit/537.36 (KHTML, like Gecko) Chrome/64.0.3282.186 Safari/537.36"
188.22.102.146 - - [07/Mar/2018:12:31:35 +0100] "GET /css/print.css HTTP/1.1" 200 543 "http://renault.activities.at/login?required=true" "Mozilla/5.0 (Windows NT 10.0; WOW64) AppleWebKit/537.36 (KHTML, like Gecko) Chrome/64.0.3282.186 Safari/537.36"
188.22.102.146 - - [07/Mar/2018:12:31:35 +0100] "GET /images/header_block_corner_right_top.gif HTTP/1.1" 200 160 "http://renault.activities.at/css/styles.css" "Mozilla/5.0 (Windows NT 10.0; WOW64) AppleWebKit/537.36 (KHTML, like Gecko) Chrome/64.0.3282.186 Safari/537.36"
188.22.102.146 - - [07/Mar/2018:12:31:35 +0100] "GET /images/main_block_corner_left_top.gif HTTP/1.1" 200 159 "http://renault.activities.at/css/styles.css" "Mozilla/5.0 (Windows NT 10.0; WOW64) AppleWebKit/537.36 (KHTML, like Gecko) Chrome/64.0.3282.186 Safari/537.36"
188.22.102.146 - - [07/Mar/2018:12:31:35 +0100] "GET /images/main_block_corner_right_top.gif HTTP/1.1" 200 159 "http://renault.activities.at/css/styles.css" "Mozilla/5.0 (Windows NT 10.0; WOW64) AppleWebKit/537.36 (KHTML, like Gecko) Chrome/64.0.3282.186 Safari/537.36"
188.22.102.146 - - [07/Mar/2018:12:31:35 +0100] "GET /images/title_border.jpg HTTP/1.1" 200 304 "http://renault.activities.at/css/styles.css" "Mozilla/5.0 (Windows NT 10.0; WOW64) AppleWebKit/537.36 (KHTML, like Gecko) Chrome/64.0.3282.186 Safari/537.36"
188.22.102.146 - - [07/Mar/2018:12:31:35 +0100] "GET /images/title_border_top.jpg HTTP/1.1" 200 336 "http://renault.activities.at/css/styles.css" "Mozilla/5.0 (Windows NT 10.0; WOW64) AppleWebKit/537.36 (KHTML, like Gecko) Chrome/64.0.3282.186 Safari/537.36"
188.22.102.146 - - [07/Mar/2018:12:31:35 +0100] "GET /images/title_corner_left_top.jpg HTTP/1.1" 200 372 "http://renault.activities.at/css/styles.css" "Mozilla/5.0 (Windows NT 10.0; WOW64) AppleWebKit/537.36 (KHTML, like Gecko) Chrome/64.0.3282.186 Safari/537.36"
188.22.102.146 - - [07/Mar/2018:12:31:35 +0100] "GET /images/title_corner_right_top.jpg HTTP/1.1" 200 389 "http://renault.activities.at/css/styles.css" "Mozilla/5.0 (Windows NT 10.0; WOW64) AppleWebKit/537.36 (KHTML, like Gecko) Chrome/64.0.3282.186 Safari/537.36"
188.22.102.146 - - [07/Mar/2018:12:31:35 +0100] "GET /images/button_left_bg.gif HTTP/1.1" 200 564 "http://renault.activities.at/css/styles.css" "Mozilla/5.0 (Windows NT 10.0; WOW64) AppleWebKit/537.36 (KHTML, like Gecko) Chrome/64.0.3282.186 Safari/537.36"
188.22.102.146 - - [07/Mar/2018:12:31:35 +0100] "GET /images/button_right_bg.gif HTTP/1.1" 200 561 "http://renault.activities.at/css/styles.css" "Mozilla/5.0 (Windows NT 10.0; WOW64) AppleWebKit/537.36 (KHTML, like Gecko) Chrome/64.0.3282.186 Safari/537.36"
188.22.102.146 - - [07/Mar/2018:12:31:35 +0100] "GET /images/button_bg.gif HTTP/1.1" 200 151 "http://renault.activities.at/css/styles.css" "Mozilla/5.0 (Windows NT 10.0; WOW64) AppleWebKit/537.36 (KHTML, like Gecko) Chrome/64.0.3282.186 Safari/537.36"
188.22.102.146 - - [07/Mar/2018:12:31:35 +0100] "GET /loadthumbnail.php?id=11127982 HTTP/1.1" 200 399614 "http://renault.activities.at/login?required=true" "Mozilla/5.0 (Windows NT 10.0; WOW64) AppleWebKit/537.36 (KHTML, like Gecko) Chrome/64.0.3282.186 Safari/537.36"
188.22.102.146 - - [07/Mar/2018:12:31:36 +0100] "GET /images/favicon.ico HTTP/1.1" 404 305 "http://renault.activities.at/login?required=true" "Mozilla/5.0 (Windows NT 10.0; WOW64) AppleWebKit/537.36 (KHTML, like Gecko) Chrome/64.0.3282.186 Safari/537.36"
193.194.132.75 - - [07/Mar/2018:12:31:45 +0100] "GET /reload?ser=1520422305516 HTTP/1.1" 200 28 "http://renault.2web.at/result?searchterm=true&search=luftballon" "Mozilla/5.0 (Windows NT 6.1; WOW64; Trident/7.0; rv:11.0) like Gecko"
80.122.35.214 - - [07/Mar/2018:12:32:17 +0100] "GET /reload?ser=1520422335661 HTTP/1.1" 200 28 "http://renault.2web.at/success" "Mozilla/5.0 (compatible; MSIE 10.0; Windows NT 6.1; WOW64; Trident/6.0)"
212.152.246.130 - - [07/Mar/2018:12:32:26 +0100] "GET /reload?ser=1520422344661 HTTP/1.1" 200 28 "http://renault.activities.at/" "Mozilla/5.0 (Windows NT 6.1; Win64; x64) AppleWebKit/537.36 (KHTML, like Gecko) Chrome/65.0.3325.146 Safari/537.36"
193.194.132.75 - - [07/Mar/2018:12:32:46 +0100] "GET /reload?ser=1520422366660 HTTP/1.1" 200 28 "http://renault.2web.at/result?searchterm=true&search=luftballon" "Mozilla/5.0 (Windows NT 6.1; WOW64; Trident/7.0; rv:11.0) like Gecko"
80.122.35.214 - - [07/Mar/2018:12:33:18 +0100] "GET /reload?ser=1520422396609 HTTP/1.1" 200 28 "http://renault.2web.at/success" "Mozilla/5.0 (compatible; MSIE 10.0; Windows NT 6.1; WOW64; Trident/6.0)"
212.152.246.130 - - [07/Mar/2018:12:33:27 +0100] "GET /reload?ser=1520422405689 HTTP/1.1" 200 28 "http://renault.activities.at/" "Mozilla/5.0 (Windows NT 6.1; Win64; x64) AppleWebKit/537.36 (KHTML, like Gecko) Chrome/65.0.3325.146 Safari/537.36"
193.194.132.75 - - [07/Mar/2018:12:33:47 +0100] "GET /reload?ser=1520422427789 HTTP/1.1" 200 28 "http://renault.2web.at/result?searchterm=true&search=luftballon" "Mozilla/5.0 (Windows NT 6.1; WOW64; Trident/7.0; rv:11.0) like Gecko"
80.122.35.214 - - [07/Mar/2018:12:34:18 +0100] "GET /reload?ser=1520422457584 HTTP/1.1" 200 28 "http://renault.2web.at/success" "Mozilla/5.0 (compatible; MSIE 10.0; Windows NT 6.1; WOW64; Trident/6.0)"
212.152.246.130 - - [07/Mar/2018:12:34:28 +0100] "GET /reload?ser=1520422466693 HTTP/1.1" 200 28 "http://renault.activities.at/" "Mozilla/5.0 (Windows NT 6.1; Win64; x64) AppleWebKit/537.36 (KHTML, like Gecko) Chrome/65.0.3325.146 Safari/537.36"
193.194.132.75 - - [07/Mar/2018:12:34:48 +0100] "GET /reload?ser=1520422488877 HTTP/1.1" 200 28 "http://renault.2web.at/result?searchterm=true&search=luftballon" "Mozilla/5.0 (Windows NT 6.1; WOW64; Trident/7.0; rv:11.0) like Gecko"
80.122.35.214 - - [07/Mar/2018:12:35:19 +0100] "GET /reload?ser=1520422518572 HTTP/1.1" 200 28 "http://renault.2web.at/success" "Mozilla/5.0 (compatible; MSIE 10.0; Windows NT 6.1; WOW64; Trident/6.0)"
212.152.246.130 - - [07/Mar/2018:12:35:29 +0100] "GET /reload?ser=1520422527748 HTTP/1.1" 200 28 "http://renault.activities.at/" "Mozilla/5.0 (Windows NT 6.1; Win64; x64) AppleWebKit/537.36 (KHTML, like Gecko) Chrome/65.0.3325.146 Safari/537.36"
193.194.132.75 - - [07/Mar/2018:12:35:50 +0100] "GET /reload?ser=1520422550013 HTTP/1.1" 200 28 "http://renault.2web.at/result?searchterm=true&search=luftballon" "Mozilla/5.0 (Windows NT 6.1; WOW64; Trident/7.0; rv:11.0) like Gecko"
80.122.35.214 - - [07/Mar/2018:12:36:21 +0100] "GET /reload?ser=1520422579587 HTTP/1.1" 200 28 "http://renault.2web.at/success" "Mozilla/5.0 (compatible; MSIE 10.0; Windows NT 6.1; WOW64; Trident/6.0)"
212.152.246.130 - - [07/Mar/2018:12:36:30 +0100] "GET /reload?ser=1520422588770 HTTP/1.1" 200 28 "http://renault.activities.at/" "Mozilla/5.0 (Windows NT 6.1; Win64; x64) AppleWebKit/537.36 (KHTML, like Gecko) Chrome/65.0.3325.146 Safari/537.36"
80.122.35.214 - - [07/Mar/2018:12:37:21 +0100] "GET /reload?ser=1520422640541 HTTP/1.1" 200 28 "http://renault.2web.at/success" "Mozilla/5.0 (compatible; MSIE 10.0; Windows NT 6.1; WOW64; Trident/6.0)"
212.152.246.130 - - [07/Mar/2018:12:37:31 +0100] "GET /reload?ser=1520422649768 HTTP/1.1" 200 28 "http://renault.activities.at/" "Mozilla/5.0 (Windows NT 6.1; Win64; x64) AppleWebKit/537.36 (KHTML, like Gecko) Chrome/65.0.3325.146 Safari/537.36"
80.122.35.214 - - [07/Mar/2018:12:38:22 +0100] "GET /reload?ser=1520422701524 HTTP/1.1" 200 28 "http://renault.2web.at/success" "Mozilla/5.0 (compatible; MSIE 10.0; Windows NT 6.1; WOW64; Trident/6.0)"
212.152.246.130 - - [07/Mar/2018:12:38:32 +0100] "GET /reload?ser=1520422710809 HTTP/1.1" 200 28 "http://renault.activities.at/" "Mozilla/5.0 (Windows NT 6.1; Win64; x64) AppleWebKit/537.36 (KHTML, like Gecko) Chrome/65.0.3325.146 Safari/537.36"
80.122.35.214 - - [07/Mar/2018:12:39:23 +0100] "GET /reload?ser=1520422762487 HTTP/1.1" 200 28 "http://renault.2web.at/success" "Mozilla/5.0 (compatible; MSIE 10.0; Windows NT 6.1; WOW64; Trident/6.0)"
212.152.246.130 - - [07/Mar/2018:12:39:33 +0100] "GET /reload?ser=1520422771791 HTTP/1.1" 200 28 "http://renault.activities.at/" "Mozilla/5.0 (Windows NT 6.1; Win64; x64) AppleWebKit/537.36 (KHTML, like Gecko) Chrome/65.0.3325.146 Safari/537.36"
80.122.35.214 - - [07/Mar/2018:12:40:24 +0100] "GET /reload?ser=1520422823497 HTTP/1.1" 200 28 "http://renault.2web.at/success" "Mozilla/5.0 (compatible; MSIE 10.0; Windows NT 6.1; WOW64; Trident/6.0)"
212.152.246.130 - - [07/Mar/2018:12:40:34 +0100] "GET /reload?ser=1520422832869 HTTP/1.1" 200 28 "http://renault.activities.at/" "Mozilla/5.0 (Windows NT 6.1; Win64; x64) AppleWebKit/537.36 (KHTML, like Gecko) Chrome/65.0.3325.146 Safari/537.36"
80.122.35.214 - - [07/Mar/2018:12:41:25 +0100] "GET /reload?ser=1520422884483 HTTP/1.1" 200 28 "http://renault.2web.at/success" "Mozilla/5.0 (compatible; MSIE 10.0; Windows NT 6.1; WOW64; Trident/6.0)"
212.152.246.130 - - [07/Mar/2018:12:41:35 +0100] "GET /reload?ser=1520422893926 HTTP/1.1" 200 28 "http://renault.activities.at/" "Mozilla/5.0 (Windows NT 6.1; Win64; x64) AppleWebKit/537.36 (KHTML, like Gecko) Chrome/65.0.3325.146 Safari/537.36"
80.122.35.214 - - [07/Mar/2018:12:42:26 +0100] "GET /reload?ser=1520422945442 HTTP/1.1" 200 28 "http://renault.2web.at/success" "Mozilla/5.0 (compatible; MSIE 10.0; Windows NT 6.1; WOW64; Trident/6.0)"
212.152.246.130 - - [07/Mar/2018:12:42:36 +0100] "GET /reload?ser=1520422955028 HTTP/1.1" 200 28 "http://renault.activities.at/" "Mozilla/5.0 (Windows NT 6.1; Win64; x64) AppleWebKit/537.36 (KHTML, like Gecko) Chrome/65.0.3325.146 Safari/537.36"
80.122.35.214 - - [07/Mar/2018:12:43:27 +0100] "GET /reload?ser=1520423006423 HTTP/1.1" 200 28 "http://renault.2web.at/success" "Mozilla/5.0 (compatible; MSIE 10.0; Windows NT 6.1; WOW64; Trident/6.0)"
212.152.246.130 - - [07/Mar/2018:12:43:38 +0100] "GET /reload?ser=1520423016057 HTTP/1.1" 200 28 "http://renault.activities.at/" "Mozilla/5.0 (Windows NT 6.1; Win64; x64) AppleWebKit/537.36 (KHTML, like Gecko) Chrome/65.0.3325.146 Safari/537.36"
80.122.35.214 - - [07/Mar/2018:12:44:28 +0100] "GET /reload?ser=1520423067371 HTTP/1.1" 200 28 "http://renault.2web.at/success" "Mozilla/5.0 (compatible; MSIE 10.0; Windows NT 6.1; WOW64; Trident/6.0)"
212.152.246.130 - - [07/Mar/2018:12:44:39 +0100] "GET /reload?ser=1520423077070 HTTP/1.1" 200 28 "http://renault.activities.at/" "Mozilla/5.0 (Windows NT 6.1; Win64; x64) AppleWebKit/537.36 (KHTML, like Gecko) Chrome/65.0.3325.146 Safari/537.36"
80.122.35.214 - - [07/Mar/2018:12:45:29 +0100] "GET /reload?ser=1520423128349 HTTP/1.1" 200 28 "http://renault.2web.at/success" "Mozilla/5.0 (compatible; MSIE 10.0; Windows NT 6.1; WOW64; Trident/6.0)"
212.152.246.130 - - [07/Mar/2018:12:45:40 +0100] "GET /reload?ser=1520423138109 HTTP/1.1" 200 28 "http://renault.activities.at/" "Mozilla/5.0 (Windows NT 6.1; Win64; x64) AppleWebKit/537.36 (KHTML, like Gecko) Chrome/65.0.3325.146 Safari/537.36"
80.122.35.214 - - [07/Mar/2018:12:46:30 +0100] "GET /reload?ser=1520423189334 HTTP/1.1" 200 28 "http://renault.2web.at/success" "Mozilla/5.0 (compatible; MSIE 10.0; Windows NT 6.1; WOW64; Trident/6.0)"
212.152.246.130 - - [07/Mar/2018:12:46:41 +0100] "GET /reload?ser=1520423199140 HTTP/1.1" 200 28 "http://renault.activities.at/" "Mozilla/5.0 (Windows NT 6.1; Win64; x64) AppleWebKit/537.36 (KHTML, like Gecko) Chrome/65.0.3325.146 Safari/537.36"
80.122.35.214 - - [07/Mar/2018:12:47:31 +0100] "GET /reload?ser=1520423250318 HTTP/1.1" 200 28 "http://renault.2web.at/success" "Mozilla/5.0 (compatible; MSIE 10.0; Windows NT 6.1; WOW64; Trident/6.0)"
212.152.246.130 - - [07/Mar/2018:12:47:42 +0100] "GET /reload?ser=1520423260230 HTTP/1.1" 200 28 "http://renault.activities.at/" "Mozilla/5.0 (Windows NT 6.1; Win64; x64) AppleWebKit/537.36 (KHTML, like Gecko) Chrome/65.0.3325.146 Safari/537.36"
80.122.35.214 - - [07/Mar/2018:12:48:32 +0100] "GET /reload?ser=1520423311277 HTTP/1.1" 200 28 "http://renault.2web.at/success" "Mozilla/5.0 (compatible; MSIE 10.0; Windows NT 6.1; WOW64; Trident/6.0)"
212.152.246.130 - - [07/Mar/2018:12:48:43 +0100] "GET /reload?ser=1520423321284 HTTP/1.1" 200 28 "http://renault.activities.at/" "Mozilla/5.0 (Windows NT 6.1; Win64; x64) AppleWebKit/537.36 (KHTML, like Gecko) Chrome/65.0.3325.146 Safari/537.36"
80.122.35.214 - - [07/Mar/2018:12:49:33 +0100] "GET /reload?ser=1520423372264 HTTP/1.1" 200 28 "http://renault.2web.at/success" "Mozilla/5.0 (compatible; MSIE 10.0; Windows NT 6.1; WOW64; Trident/6.0)"
212.152.246.130 - - [07/Mar/2018:12:49:45 +0100] "GET /reload?ser=1520423383345 HTTP/1.1" 200 28 "http://renault.activities.at/" "Mozilla/5.0 (Windows NT 6.1; Win64; x64) AppleWebKit/537.36 (KHTML, like Gecko) Chrome/65.0.3325.146 Safari/537.36"
80.122.35.214 - - [07/Mar/2018:12:50:34 +0100] "GET /reload?ser=1520423433219 HTTP/1.1" 200 28 "http://renault.2web.at/success" "Mozilla/5.0 (compatible; MSIE 10.0; Windows NT 6.1; WOW64; Trident/6.0)"
212.152.246.130 - - [07/Mar/2018:12:50:46 +0100] "GET /reload?ser=1520423444374 HTTP/1.1" 200 28 "http://renault.activities.at/" "Mozilla/5.0 (Windows NT 6.1; Win64; x64) AppleWebKit/537.36 (KHTML, like Gecko) Chrome/65.0.3325.146 Safari/537.36"
80.122.35.214 - - [07/Mar/2018:12:51:35 +0100] "GET /reload?ser=1520423494201 HTTP/1.1" 200 28 "http://renault.2web.at/success" "Mozilla/5.0 (compatible; MSIE 10.0; Windows NT 6.1; WOW64; Trident/6.0)"
212.152.246.130 - - [07/Mar/2018:12:51:47 +0100] "GET /reload?ser=1520423505383 HTTP/1.1" 200 28 "http://renault.activities.at/" "Mozilla/5.0 (Windows NT 6.1; Win64; x64) AppleWebKit/537.36 (KHTML, like Gecko) Chrome/65.0.3325.146 Safari/537.36"
80.122.35.214 - - [07/Mar/2018:12:52:36 +0100] "GET /reload?ser=1520423555185 HTTP/1.1" 200 28 "http://renault.2web.at/success" "Mozilla/5.0 (compatible; MSIE 10.0; Windows NT 6.1; WOW64; Trident/6.0)"
212.152.246.130 - - [07/Mar/2018:12:52:48 +0100] "GET /reload?ser=1520423566412 HTTP/1.1" 200 28 "http://renault.activities.at/" "Mozilla/5.0 (Windows NT 6.1; Win64; x64) AppleWebKit/537.36 (KHTML, like Gecko) Chrome/65.0.3325.146 Safari/537.36"
80.122.35.214 - - [07/Mar/2018:12:53:37 +0100] "GET /reload?ser=1520423616114 HTTP/1.1" 200 28 "http://renault.2web.at/success" "Mozilla/5.0 (compatible; MSIE 10.0; Windows NT 6.1; WOW64; Trident/6.0)"
212.152.246.130 - - [07/Mar/2018:12:53:49 +0100] "GET /reload?ser=1520423627425 HTTP/1.1" 200 28 "http://renault.activities.at/" "Mozilla/5.0 (Windows NT 6.1; Win64; x64) AppleWebKit/537.36 (KHTML, like Gecko) Chrome/65.0.3325.146 Safari/537.36"
80.122.35.214 - - [07/Mar/2018:12:54:38 +0100] "GET /reload?ser=1520423677073 HTTP/1.1" 200 28 "http://renault.2web.at/success" "Mozilla/5.0 (compatible; MSIE 10.0; Windows NT 6.1; WOW64; Trident/6.0)"
212.152.246.130 - - [07/Mar/2018:12:54:50 +0100] "GET /reload?ser=1520423688474 HTTP/1.1" 200 28 "http://renault.activities.at/" "Mozilla/5.0 (Windows NT 6.1; Win64; x64) AppleWebKit/537.36 (KHTML, like Gecko) Chrome/65.0.3325.146 Safari/537.36"
80.120.5.131 - - [07/Mar/2018:12:55:25 +0100] "GET /10201637 HTTP/1.1" 302 150 "-" "Mozilla/5.0 (Macintosh; Intel Mac OS X 10_13_3) AppleWebKit/604.5.6 (KHTML, like Gecko)"
80.120.5.131 - - [07/Mar/2018:12:55:27 +0100] "GET /login?required=true HTTP/1.1" 200 2086 "-" "Mozilla/5.0 (Macintosh; Intel Mac OS X 10_13_3) AppleWebKit/604.5.6 (KHTML, like Gecko)"
80.120.5.131 - - [07/Mar/2018:12:55:28 +0100] "GET /apple-touch-icon-precomposed.png HTTP/1.1" 200 1559 "-" "Safari/13604.5.6 CFNetwork/893.13.1 Darwin/17.4.0 (x86_64)"
80.120.5.131 - - [07/Mar/2018:12:55:29 +0100] "GET /apple-touch-icon.png HTTP/1.1" 200 1559 "-" "Safari/13604.5.6 CFNetwork/893.13.1 Darwin/17.4.0 (x86_64)"
80.120.5.131 - - [07/Mar/2018:12:55:30 +0100] "GET /images/favicon.ico HTTP/1.1" 404 305 "-" "Safari/13604.5.6 CFNetwork/893.13.1 Darwin/17.4.0 (x86_64)"
80.120.5.131 - - [07/Mar/2018:12:55:30 +0100] "GET /images/favicon.ico HTTP/1.1" 404 305 "-" "Safari/13604.5.6 CFNetwork/893.13.1 Darwin/17.4.0 (x86_64)"
80.120.5.131 - - [07/Mar/2018:12:55:30 +0100] "GET /favicon.ico HTTP/1.1" 200 3250 "-" "Safari/13604.5.6 CFNetwork/893.13.1 Darwin/17.4.0 (x86_64)"
80.120.5.131 - - [07/Mar/2018:12:55:30 +0100] "GET /apple-touch-icon-precomposed.png HTTP/1.1" 200 1559 "-" "Safari/13604.5.6 CFNetwork/893.13.1 Darwin/17.4.0 (x86_64)"
80.120.5.131 - - [07/Mar/2018:12:55:31 +0100] "GET /apple-touch-icon.png HTTP/1.1" 200 1559 "-" "Safari/13604.5.6 CFNetwork/893.13.1 Darwin/17.4.0 (x86_64)"
80.120.5.131 - - [07/Mar/2018:12:55:32 +0100] "GET /images/favicon.ico HTTP/1.1" 404 305 "-" "Safari/13604.5.6 CFNetwork/893.13.1 Darwin/17.4.0 (x86_64)"
80.120.5.131 - - [07/Mar/2018:12:55:32 +0100] "GET /images/favicon.ico HTTP/1.1" 404 305 "-" "Safari/13604.5.6 CFNetwork/893.13.1 Darwin/17.4.0 (x86_64)"
80.120.5.131 - - [07/Mar/2018:12:55:32 +0100] "GET /favicon.ico HTTP/1.1" 200 3250 "-" "Safari/13604.5.6 CFNetwork/893.13.1 Darwin/17.4.0 (x86_64)"
80.120.5.131 - - [07/Mar/2018:12:55:32 +0100] "GET /10201637 HTTP/1.1" 302 150 "-" "\"Mozilla/5.0 (iPhone; CPU iPhone OS 11_0 like Mac OS X) AppleWebKit/604.1.38 (KHTML, like Gecko) Version/11.0 Mobile/15A372 Safari/604.1\""
80.120.5.131 - - [07/Mar/2018:12:55:33 +0100] "GET /login?required=true HTTP/1.1" 200 2086 "-" "\"Mozilla/5.0 (iPhone; CPU iPhone OS 11_0 like Mac OS X) AppleWebKit/604.1.38 (KHTML, like Gecko) Version/11.0 Mobile/15A372 Safari/604.1\""
80.120.5.131 - - [07/Mar/2018:12:55:34 +0100] "GET /apple-touch-icon-precomposed.png HTTP/1.1" 200 1559 "-" "Safari/13604.5.6 CFNetwork/893.13.1 Darwin/17.4.0 (x86_64)"
80.120.5.131 - - [07/Mar/2018:12:55:35 +0100] "GET /apple-touch-icon.png HTTP/1.1" 200 1559 "-" "Safari/13604.5.6 CFNetwork/893.13.1 Darwin/17.4.0 (x86_64)"
80.120.5.131 - - [07/Mar/2018:12:55:36 +0100] "GET /images/favicon.ico HTTP/1.1" 404 305 "-" "Safari/13604.5.6 CFNetwork/893.13.1 Darwin/17.4.0 (x86_64)"
80.120.5.131 - - [07/Mar/2018:12:55:36 +0100] "GET /images/favicon.ico HTTP/1.1" 404 305 "-" "Safari/13604.5.6 CFNetwork/893.13.1 Darwin/17.4.0 (x86_64)"
80.120.5.131 - - [07/Mar/2018:12:55:36 +0100] "GET /favicon.ico HTTP/1.1" 200 3250 "-" "Safari/13604.5.6 CFNetwork/893.13.1 Darwin/17.4.0 (x86_64)"
80.120.5.131 - - [07/Mar/2018:12:55:36 +0100] "GET /apple-touch-icon-precomposed.png HTTP/1.1" 200 1559 "-" "Safari/13604.5.6 CFNetwork/893.13.1 Darwin/17.4.0 (x86_64)"
80.120.5.131 - - [07/Mar/2018:12:55:37 +0100] "GET /apple-touch-icon.png HTTP/1.1" 200 1559 "-" "Safari/13604.5.6 CFNetwork/893.13.1 Darwin/17.4.0 (x86_64)"
80.120.5.131 - - [07/Mar/2018:12:55:38 +0100] "GET /images/favicon.ico HTTP/1.1" 404 305 "-" "Safari/13604.5.6 CFNetwork/893.13.1 Darwin/17.4.0 (x86_64)"
80.120.5.131 - - [07/Mar/2018:12:55:38 +0100] "GET /images/favicon.ico HTTP/1.1" 404 305 "-" "Safari/13604.5.6 CFNetwork/893.13.1 Darwin/17.4.0 (x86_64)"
80.120.5.131 - - [07/Mar/2018:12:55:38 +0100] "GET /favicon.ico HTTP/1.1" 200 3250 "-" "Safari/13604.5.6 CFNetwork/893.13.1 Darwin/17.4.0 (x86_64)"
80.122.35.214 - - [07/Mar/2018:12:55:39 +0100] "GET /reload?ser=1520423738087 HTTP/1.1" 200 28 "http://renault.2web.at/success" "Mozilla/5.0 (compatible; MSIE 10.0; Windows NT 6.1; WOW64; Trident/6.0)"
212.152.246.130 - - [07/Mar/2018:12:55:51 +0100] "GET /reload?ser=1520423749527 HTTP/1.1" 200 28 "http://renault.activities.at/" "Mozilla/5.0 (Windows NT 6.1; Win64; x64) AppleWebKit/537.36 (KHTML, like Gecko) Chrome/65.0.3325.146 Safari/537.36"
80.122.35.214 - - [07/Mar/2018:12:56:40 +0100] "GET /reload?ser=1520423799076 HTTP/1.1" 200 28 "http://renault.2web.at/success" "Mozilla/5.0 (compatible; MSIE 10.0; Windows NT 6.1; WOW64; Trident/6.0)"
212.152.246.130 - - [07/Mar/2018:12:56:52 +0100] "GET /reload?ser=1520423810521 HTTP/1.1" 200 28 "http://renault.activities.at/" "Mozilla/5.0 (Windows NT 6.1; Win64; x64) AppleWebKit/537.36 (KHTML, like Gecko) Chrome/65.0.3325.146 Safari/537.36"
80.122.35.214 - - [07/Mar/2018:12:57:41 +0100] "GET /reload?ser=1520423860003 HTTP/1.1" 200 28 "http://renault.2web.at/success" "Mozilla/5.0 (compatible; MSIE 10.0; Windows NT 6.1; WOW64; Trident/6.0)"
212.152.246.130 - - [07/Mar/2018:12:57:53 +0100] "GET /reload?ser=1520423871517 HTTP/1.1" 200 28 "http://renault.activities.at/" "Mozilla/5.0 (Windows NT 6.1; Win64; x64) AppleWebKit/537.36 (KHTML, like Gecko) Chrome/65.0.3325.146 Safari/537.36"
80.122.35.214 - - [07/Mar/2018:12:58:42 +0100] "GET /reload?ser=1520423921045 HTTP/1.1" 200 28 "http://renault.2web.at/success" "Mozilla/5.0 (compatible; MSIE 10.0; Windows NT 6.1; WOW64; Trident/6.0)"
212.152.246.130 - - [07/Mar/2018:12:58:54 +0100] "GET /reload?ser=1520423932546 HTTP/1.1" 200 28 "http://renault.activities.at/" "Mozilla/5.0 (Windows NT 6.1; Win64; x64) AppleWebKit/537.36 (KHTML, like Gecko) Chrome/65.0.3325.146 Safari/537.36"
80.122.35.214 - - [07/Mar/2018:12:59:43 +0100] "GET /reload?ser=1520423982059 HTTP/1.1" 200 28 "http://renault.2web.at/success" "Mozilla/5.0 (compatible; MSIE 10.0; Windows NT 6.1; WOW64; Trident/6.0)"
212.152.246.130 - - [07/Mar/2018:12:59:55 +0100] "GET /reload?ser=1520423993605 HTTP/1.1" 200 28 "http://renault.activities.at/" "Mozilla/5.0 (Windows NT 6.1; Win64; x64) AppleWebKit/537.36 (KHTML, like Gecko) Chrome/65.0.3325.146 Safari/537.36"
80.122.35.214 - - [07/Mar/2018:13:00:44 +0100] "GET /reload?ser=1520424042997 HTTP/1.1" 200 28 "http://renault.2web.at/success" "Mozilla/5.0 (compatible; MSIE 10.0; Windows NT 6.1; WOW64; Trident/6.0)"
212.152.246.130 - - [07/Mar/2018:13:00:56 +0100] "GET /reload?ser=1520424054587 HTTP/1.1" 200 28 "http://renault.activities.at/" "Mozilla/5.0 (Windows NT 6.1; Win64; x64) AppleWebKit/537.36 (KHTML, like Gecko) Chrome/65.0.3325.146 Safari/537.36"
80.122.35.214 - - [07/Mar/2018:13:01:45 +0100] "GET /reload?ser=1520424103999 HTTP/1.1" 200 28 "http://renault.2web.at/success" "Mozilla/5.0 (compatible; MSIE 10.0; Windows NT 6.1; WOW64; Trident/6.0)"
212.152.246.130 - - [07/Mar/2018:13:01:57 +0100] "GET /reload?ser=1520424115647 HTTP/1.1" 200 28 "http://renault.activities.at/" "Mozilla/5.0 (Windows NT 6.1; Win64; x64) AppleWebKit/537.36 (KHTML, like Gecko) Chrome/65.0.3325.146 Safari/537.36"
80.122.35.214 - - [07/Mar/2018:13:02:46 +0100] "GET /reload?ser=1520424164984 HTTP/1.1" 200 28 "http://renault.2web.at/success" "Mozilla/5.0 (compatible; MSIE 10.0; Windows NT 6.1; WOW64; Trident/6.0)"
212.152.246.130 - - [07/Mar/2018:13:02:58 +0100] "GET /reload?ser=1520424176672 HTTP/1.1" 200 28 "http://renault.activities.at/" "Mozilla/5.0 (Windows NT 6.1; Win64; x64) AppleWebKit/537.36 (KHTML, like Gecko) Chrome/65.0.3325.146 Safari/537.36"
80.122.35.214 - - [07/Mar/2018:13:03:47 +0100] "GET /reload?ser=1520424225955 HTTP/1.1" 200 28 "http://renault.2web.at/success" "Mozilla/5.0 (compatible; MSIE 10.0; Windows NT 6.1; WOW64; Trident/6.0)"
212.152.246.130 - - [07/Mar/2018:13:03:59 +0100] "GET /reload?ser=1520424237748 HTTP/1.1" 200 28 "http://renault.activities.at/" "Mozilla/5.0 (Windows NT 6.1; Win64; x64) AppleWebKit/537.36 (KHTML, like Gecko) Chrome/65.0.3325.146 Safari/537.36"
178.115.131.129 - - [07/Mar/2018:13:04:06 +0100] "GET /account HTTP/1.1" 302 150 "-" "Mozilla/5.0 (iPhone; CPU iPhone OS 11_2_5 like Mac OS X) AppleWebKit/604.5.6 (KHTML, like Gecko) Version/11.0 Mobile/15D60 Safari/604.1"
178.115.131.129 - - [07/Mar/2018:13:04:06 +0100] "GET /login?required=true HTTP/1.1" 200 2086 "-" "Mozilla/5.0 (iPhone; CPU iPhone OS 11_2_5 like Mac OS X) AppleWebKit/604.5.6 (KHTML, like Gecko) Version/11.0 Mobile/15D60 Safari/604.1"
178.115.131.129 - - [07/Mar/2018:13:04:07 +0100] "GET /apple-touch-icon-120x120-precomposed.png HTTP/1.1" 200 1559 "-" "MobileSafari/604.1 CFNetwork/894 Darwin/17.4.0"
178.115.131.129 - - [07/Mar/2018:13:04:08 +0100] "GET /apple-touch-icon-120x120.png HTTP/1.1" 200 1559 "-" "MobileSafari/604.1 CFNetwork/894 Darwin/17.4.0"
178.115.131.129 - - [07/Mar/2018:13:04:09 +0100] "GET /apple-touch-icon-precomposed.png HTTP/1.1" 200 1559 "-" "MobileSafari/604.1 CFNetwork/894 Darwin/17.4.0"
178.115.131.129 - - [07/Mar/2018:13:04:11 +0100] "GET /apple-touch-icon.png HTTP/1.1" 200 1559 "-" "MobileSafari/604.1 CFNetwork/894 Darwin/17.4.0"
178.115.131.129 - - [07/Mar/2018:13:04:12 +0100] "GET /images/favicon.ico HTTP/1.1" 404 305 "-" "MobileSafari/604.1 CFNetwork/894 Darwin/17.4.0"
178.115.131.129 - - [07/Mar/2018:13:04:12 +0100] "GET /images/favicon.ico HTTP/1.1" 404 305 "-" "MobileSafari/604.1 CFNetwork/894 Darwin/17.4.0"
178.115.131.129 - - [07/Mar/2018:13:04:12 +0100] "GET /favicon.ico HTTP/1.1" 200 3250 "-" "MobileSafari/604.1 CFNetwork/894 Darwin/17.4.0"
178.115.131.129 - - [07/Mar/2018:13:04:12 +0100] "GET /apple-touch-icon-120x120-precomposed.png HTTP/1.1" 200 1559 "-" "MobileSafari/604.1 CFNetwork/894 Darwin/17.4.0"
178.115.131.129 - - [07/Mar/2018:13:04:13 +0100] "GET /apple-touch-icon-120x120.png HTTP/1.1" 200 1559 "-" "MobileSafari/604.1 CFNetwork/894 Darwin/17.4.0"
178.115.131.129 - - [07/Mar/2018:13:04:14 +0100] "GET /apple-touch-icon-precomposed.png HTTP/1.1" 200 1559 "-" "MobileSafari/604.1 CFNetwork/894 Darwin/17.4.0"
178.115.131.129 - - [07/Mar/2018:13:04:16 +0100] "GET /apple-touch-icon.png HTTP/1.1" 200 1559 "-" "MobileSafari/604.1 CFNetwork/894 Darwin/17.4.0"
178.115.131.129 - - [07/Mar/2018:13:04:17 +0100] "GET /images/favicon.ico HTTP/1.1" 404 305 "-" "MobileSafari/604.1 CFNetwork/894 Darwin/17.4.0"
178.115.131.129 - - [07/Mar/2018:13:04:17 +0100] "GET /images/favicon.ico HTTP/1.1" 404 305 "-" "MobileSafari/604.1 CFNetwork/894 Darwin/17.4.0"
178.115.131.129 - - [07/Mar/2018:13:04:17 +0100] "GET /favicon.ico HTTP/1.1" 200 3250 "-" "MobileSafari/604.1 CFNetwork/894 Darwin/17.4.0"
80.122.35.214 - - [07/Mar/2018:13:04:48 +0100] "GET /reload?ser=1520424286909 HTTP/1.1" 200 28 "http://renault.2web.at/success" "Mozilla/5.0 (compatible; MSIE 10.0; Windows NT 6.1; WOW64; Trident/6.0)"
212.152.246.130 - - [07/Mar/2018:13:05:00 +0100] "GET /reload?ser=1520424298809 HTTP/1.1" 200 28 "http://renault.activities.at/" "Mozilla/5.0 (Windows NT 6.1; Win64; x64) AppleWebKit/537.36 (KHTML, like Gecko) Chrome/65.0.3325.146 Safari/537.36"
80.122.35.214 - - [07/Mar/2018:13:05:49 +0100] "GET /reload?ser=1520424347896 HTTP/1.1" 200 28 "http://renault.2web.at/success" "Mozilla/5.0 (compatible; MSIE 10.0; Windows NT 6.1; WOW64; Trident/6.0)"
212.152.246.130 - - [07/Mar/2018:13:06:01 +0100] "GET /reload?ser=1520424359847 HTTP/1.1" 200 28 "http://renault.activities.at/" "Mozilla/5.0 (Windows NT 6.1; Win64; x64) AppleWebKit/537.36 (KHTML, like Gecko) Chrome/65.0.3325.146 Safari/537.36"
80.122.35.214 - - [07/Mar/2018:13:06:50 +0100] "GET /reload?ser=1520424408871 HTTP/1.1" 200 28 "http://renault.2web.at/success" "Mozilla/5.0 (compatible; MSIE 10.0; Windows NT 6.1; WOW64; Trident/6.0)"
212.152.246.130 - - [07/Mar/2018:13:07:02 +0100] "GET /reload?ser=1520424420849 HTTP/1.1" 200 28 "http://renault.activities.at/" "Mozilla/5.0 (Windows NT 6.1; Win64; x64) AppleWebKit/537.36 (KHTML, like Gecko) Chrome/65.0.3325.146 Safari/537.36"
80.122.35.214 - - [07/Mar/2018:13:07:51 +0100] "GET /reload?ser=1520424469892 HTTP/1.1" 200 28 "http://renault.2web.at/success" "Mozilla/5.0 (compatible; MSIE 10.0; Windows NT 6.1; WOW64; Trident/6.0)"
212.152.246.130 - - [07/Mar/2018:13:08:03 +0100] "GET /reload?ser=1520424481842 HTTP/1.1" 200 28 "http://renault.activities.at/" "Mozilla/5.0 (Windows NT 6.1; Win64; x64) AppleWebKit/537.36 (KHTML, like Gecko) Chrome/65.0.3325.146 Safari/537.36"
80.122.35.214 - - [07/Mar/2018:13:08:52 +0100] "GET /reload?ser=1520424530881 HTTP/1.1" 200 28 "http://renault.2web.at/success" "Mozilla/5.0 (compatible; MSIE 10.0; Windows NT 6.1; WOW64; Trident/6.0)"
212.152.246.130 - - [07/Mar/2018:13:09:04 +0100] "GET /reload?ser=1520424542857 HTTP/1.1" 200 28 "http://renault.activities.at/" "Mozilla/5.0 (Windows NT 6.1; Win64; x64) AppleWebKit/537.36 (KHTML, like Gecko) Chrome/65.0.3325.146 Safari/537.36"
80.122.35.214 - - [07/Mar/2018:13:09:53 +0100] "GET /reload?ser=1520424591856 HTTP/1.1" 200 28 "http://renault.2web.at/success" "Mozilla/5.0 (compatible; MSIE 10.0; Windows NT 6.1; WOW64; Trident/6.0)"
212.152.246.130 - - [07/Mar/2018:13:10:05 +0100] "GET /reload?ser=1520424603931 HTTP/1.1" 200 28 "http://renault.activities.at/" "Mozilla/5.0 (Windows NT 6.1; Win64; x64) AppleWebKit/537.36 (KHTML, like Gecko) Chrome/65.0.3325.146 Safari/537.36"
80.122.35.214 - - [07/Mar/2018:13:10:54 +0100] "GET /reload?ser=1520424652799 HTTP/1.1" 200 28 "http://renault.2web.at/success" "Mozilla/5.0 (compatible; MSIE 10.0; Windows NT 6.1; WOW64; Trident/6.0)"
212.152.246.130 - - [07/Mar/2018:13:11:06 +0100] "GET /reload?ser=1520424664990 HTTP/1.1" 200 28 "http://renault.activities.at/" "Mozilla/5.0 (Windows NT 6.1; Win64; x64) AppleWebKit/537.36 (KHTML, like Gecko) Chrome/65.0.3325.146 Safari/537.36"
80.122.35.214 - - [07/Mar/2018:13:11:55 +0100] "GET /reload?ser=1520424713746 HTTP/1.1" 200 28 "http://renault.2web.at/success" "Mozilla/5.0 (compatible; MSIE 10.0; Windows NT 6.1; WOW64; Trident/6.0)"
212.152.246.130 - - [07/Mar/2018:13:12:07 +0100] "GET /reload?ser=1520424726018 HTTP/1.1" 200 28 "http://renault.activities.at/" "Mozilla/5.0 (Windows NT 6.1; Win64; x64) AppleWebKit/537.36 (KHTML, like Gecko) Chrome/65.0.3325.146 Safari/537.36"
80.122.35.214 - - [07/Mar/2018:13:12:56 +0100] "GET /reload?ser=1520424774711 HTTP/1.1" 200 28 "http://renault.2web.at/success" "Mozilla/5.0 (compatible; MSIE 10.0; Windows NT 6.1; WOW64; Trident/6.0)"
212.152.246.130 - - [07/Mar/2018:13:13:09 +0100] "GET /reload?ser=1520424787056 HTTP/1.1" 200 28 "http://renault.activities.at/" "Mozilla/5.0 (Windows NT 6.1; Win64; x64) AppleWebKit/537.36 (KHTML, like Gecko) Chrome/65.0.3325.146 Safari/537.36"
80.122.35.214 - - [07/Mar/2018:13:13:57 +0100] "GET /reload?ser=1520424835669 HTTP/1.1" 200 28 "http://renault.2web.at/success" "Mozilla/5.0 (compatible; MSIE 10.0; Windows NT 6.1; WOW64; Trident/6.0)"
212.152.246.130 - - [07/Mar/2018:13:14:10 +0100] "GET /reload?ser=1520424848116 HTTP/1.1" 200 28 "http://renault.activities.at/" "Mozilla/5.0 (Windows NT 6.1; Win64; x64) AppleWebKit/537.36 (KHTML, like Gecko) Chrome/65.0.3325.146 Safari/537.36"
80.122.35.214 - - [07/Mar/2018:13:14:58 +0100] "GET /reload?ser=1520424896650 HTTP/1.1" 200 28 "http://renault.2web.at/success" "Mozilla/5.0 (compatible; MSIE 10.0; Windows NT 6.1; WOW64; Trident/6.0)"
212.152.246.130 - - [07/Mar/2018:13:15:11 +0100] "GET /reload?ser=1520424909191 HTTP/1.1" 200 28 "http://renault.activities.at/" "Mozilla/5.0 (Windows NT 6.1; Win64; x64) AppleWebKit/537.36 (KHTML, like Gecko) Chrome/65.0.3325.146 Safari/537.36"
80.122.35.214 - - [07/Mar/2018:13:15:59 +0100] "GET /reload?ser=1520424957659 HTTP/1.1" 200 28 "http://renault.2web.at/success" "Mozilla/5.0 (compatible; MSIE 10.0; Windows NT 6.1; WOW64; Trident/6.0)"
212.152.246.130 - - [07/Mar/2018:13:16:12 +0100] "GET /reload?ser=1520424970254 HTTP/1.1" 200 28 "http://renault.activities.at/" "Mozilla/5.0 (Windows NT 6.1; Win64; x64) AppleWebKit/537.36 (KHTML, like Gecko) Chrome/65.0.3325.146 Safari/537.36"
80.122.35.214 - - [07/Mar/2018:13:17:00 +0100] "GET /reload?ser=1520425018624 HTTP/1.1" 200 28 "http://renault.2web.at/success" "Mozilla/5.0 (compatible; MSIE 10.0; Windows NT 6.1; WOW64; Trident/6.0)"
212.152.246.130 - - [07/Mar/2018:13:17:13 +0100] "GET /reload?ser=1520425031280 HTTP/1.1" 200 28 "http://renault.activities.at/" "Mozilla/5.0 (Windows NT 6.1; Win64; x64) AppleWebKit/537.36 (KHTML, like Gecko) Chrome/65.0.3325.146 Safari/537.36"
212.152.246.38 - - [07/Mar/2018:13:17:51 +0100] "GET / HTTP/1.1" 200 3801 "-" "Mozilla/5.0 (Windows NT 10.0; WOW64; Trident/7.0; rv:11.0) like Gecko"
212.152.246.38 - - [07/Mar/2018:13:17:52 +0100] "GET /css/reset.css HTTP/1.1" 200 1356 "http://renault.activities.at/" "Mozilla/5.0 (Windows NT 10.0; WOW64; Trident/7.0; rv:11.0) like Gecko"
212.152.246.38 - - [07/Mar/2018:13:17:52 +0100] "GET /js/flashdetection.js HTTP/1.1" 200 1059 "http://renault.activities.at/" "Mozilla/5.0 (Windows NT 10.0; WOW64; Trident/7.0; rv:11.0) like Gecko"
