80.123.225.34 - - [19/Mar/2018:14:13:08 +0100] "GET /reload?ser=1521465189135 HTTP/1.1" 200 28 "http://renault.activities.at/" "Mozilla/5.0 (compatible; MSIE 10.0; Windows NT 6.1; Trident/6.0)"
193.194.132.79 - - [19/Mar/2018:14:13:17 +0100] "GET /reload?ser=1521465197648 HTTP/1.1" 200 28 "http://renault.2web.at/10260257?dir=DESC&mode=grid&order=name&limit=15&page=1" "Mozilla/5.0 (Windows NT 6.1; WOW64; Trident/7.0; rv:11.0) like Gecko"
193.194.132.75 - - [19/Mar/2018:14:13:23 +0100] "GET /reload?ser=1521465203833 HTTP/1.1" 200 28 "http://renault.2web.at/account?loadrequest=true" "Mozilla/5.0 (Windows NT 6.1; WOW64; Trident/7.0; rv:11.0) like Gecko"
80.123.225.34 - - [19/Mar/2018:14:13:24 +0100] "GET /reload?ser=1521465202668 HTTP/1.1" 200 28 "http://renault.activities.at/" "Mozilla/5.0 (compatible; MSIE 10.0; Windows NT 6.1; WOW64; Trident/6.0)"
80.123.225.34 - - [19/Mar/2018:14:14:09 +0100] "GET /reload?ser=1521465249803 HTTP/1.1" 200 28 "http://renault.activities.at/" "Mozilla/5.0 (compatible; MSIE 10.0; Windows NT 6.1; Trident/6.0)"
193.194.132.79 - - [19/Mar/2018:14:14:18 +0100] "GET /reload?ser=1521465258726 HTTP/1.1" 200 28 "http://renault.2web.at/10260257?dir=DESC&mode=grid&order=name&limit=15&page=1" "Mozilla/5.0 (Windows NT 6.1; WOW64; Trident/7.0; rv:11.0) like Gecko"
193.194.132.75 - - [19/Mar/2018:14:14:25 +0100] "GET /reload?ser=1521465264910 HTTP/1.1" 200 28 "http://renault.2web.at/account?loadrequest=true" "Mozilla/5.0 (Windows NT 6.1; WOW64; Trident/7.0; rv:11.0) like Gecko"
80.123.225.34 - - [19/Mar/2018:14:14:25 +0100] "GET /reload?ser=1521465263643 HTTP/1.1" 200 28 "http://renault.activities.at/" "Mozilla/5.0 (compatible; MSIE 10.0; Windows NT 6.1; WOW64; Trident/6.0)"
80.123.225.34 - - [19/Mar/2018:14:15:10 +0100] "GET /reload?ser=1521465310479 HTTP/1.1" 200 28 "http://renault.activities.at/" "Mozilla/5.0 (compatible; MSIE 10.0; Windows NT 6.1; Trident/6.0)"
193.194.132.79 - - [19/Mar/2018:14:15:19 +0100] "GET /reload?ser=1521465319859 HTTP/1.1" 200 28 "http://renault.2web.at/10260257?dir=DESC&mode=grid&order=name&limit=15&page=1" "Mozilla/5.0 (Windows NT 6.1; WOW64; Trident/7.0; rv:11.0) like Gecko"
212.152.246.131 - - [19/Mar/2018:14:15:21 +0100] "GET / HTTP/1.1" 200 3692 "-" "Mozilla/5.0 (Windows NT 6.1; WOW64; Trident/7.0; rv:11.0) like Gecko"
212.152.246.131 - - [19/Mar/2018:14:15:22 +0100] "GET /js/index.php?c=auto&f=,prototype/prototype.js,prototype/validation.js,scriptaculous/builder.js,scriptaculous/effects.js,scriptaculous/dragdrop.js,scriptaculous/controls.js,scriptaculous/slider.js,varien/js.js,varien/form.js,varien/menu.js,mage/translate.js,mage/cookies.js,varien/product.js,spinner/SpinnerControl.jsmin.js,prototype/window.js,prototype/window_ext.js HTTP/1.1" 304 - "http://renault.activities.at/" "Mozilla/5.0 (Windows NT 6.1; WOW64; Trident/7.0; rv:11.0) like Gecko"
193.194.132.75 - - [19/Mar/2018:14:15:26 +0100] "GET /reload?ser=1521465326003 HTTP/1.1" 200 28 "http://renault.2web.at/account?loadrequest=true" "Mozilla/5.0 (Windows NT 6.1; WOW64; Trident/7.0; rv:11.0) like Gecko"
212.152.246.131 - - [19/Mar/2018:14:15:26 +0100] "GET /login HTTP/1.1" 200 2086 "http://renault.activities.at/" "Mozilla/5.0 (Windows NT 6.1; WOW64; Trident/7.0; rv:11.0) like Gecko"
212.152.246.131 - - [19/Mar/2018:14:15:27 +0100] "GET /js/index.php?c=auto&f=,prototype/prototype.js,prototype/validation.js,scriptaculous/builder.js,scriptaculous/effects.js,scriptaculous/dragdrop.js,scriptaculous/controls.js,scriptaculous/slider.js,varien/js.js,varien/form.js,varien/menu.js,mage/translate.js,mage/cookies.js,varien/product.js,spinner/SpinnerControl.jsmin.js,prototype/window.js,prototype/window_ext.js HTTP/1.1" 304 - "http://renault.activities.at/login" "Mozilla/5.0 (Windows NT 6.1; WOW64; Trident/7.0; rv:11.0) like Gecko"
80.123.225.34 - - [19/Mar/2018:14:15:26 +0100] "GET /reload?ser=1521465324671 HTTP/1.1" 200 28 "http://renault.activities.at/" "Mozilla/5.0 (compatible; MSIE 10.0; Windows NT 6.1; WOW64; Trident/6.0)"
193.194.132.78 - - [19/Mar/2018:14:15:51 +0100] "GET / HTTP/1.1" 200 3692 "-" "Mozilla/5.0 (Windows NT 6.1; WOW64; Trident/7.0; rv:11.0) like Gecko"
193.194.132.78 - - [19/Mar/2018:14:15:53 +0100] "GET /images/main_block_border.gif HTTP/1.1" 200 43 "http://renault.activities.at/" "Mozilla/5.0 (Windows NT 6.1; WOW64; Trident/7.0; rv:11.0) like Gecko"
193.194.132.78 - - [19/Mar/2018:14:15:53 +0100] "GET /images/header_block_corner_left_top.gif HTTP/1.1" 200 160 "http://renault.activities.at/" "Mozilla/5.0 (Windows NT 6.1; WOW64; Trident/7.0; rv:11.0) like Gecko"
193.194.132.78 - - [19/Mar/2018:14:15:53 +0100] "GET /images/main_block_corner_left_bot.gif HTTP/1.1" 200 159 "http://renault.activities.at/" "Mozilla/5.0 (Windows NT 6.1; WOW64; Trident/7.0; rv:11.0) like Gecko"
193.194.132.78 - - [19/Mar/2018:14:15:53 +0100] "GET /images/main_block_corner_right_bot.gif HTTP/1.1" 200 158 "http://renault.activities.at/" "Mozilla/5.0 (Windows NT 6.1; WOW64; Trident/7.0; rv:11.0) like Gecko"
193.194.132.78 - - [19/Mar/2018:14:15:53 +0100] "GET /images/header_block_border.gif HTTP/1.1" 200 43 "http://renault.activities.at/" "Mozilla/5.0 (Windows NT 6.1; WOW64; Trident/7.0; rv:11.0) like Gecko"
193.194.132.78 - - [19/Mar/2018:14:15:53 +0100] "GET /images/header_block_corner_right_top.gif HTTP/1.1" 200 160 "http://renault.activities.at/" "Mozilla/5.0 (Windows NT 6.1; WOW64; Trident/7.0; rv:11.0) like Gecko"
193.194.132.78 - - [19/Mar/2018:14:15:53 +0100] "GET /images/main_block_corner_right_top.gif HTTP/1.1" 200 159 "http://renault.activities.at/" "Mozilla/5.0 (Windows NT 6.1; WOW64; Trident/7.0; rv:11.0) like Gecko"
193.194.132.78 - - [19/Mar/2018:14:15:53 +0100] "GET /images/main_block_corner_left_top.gif HTTP/1.1" 200 159 "http://renault.activities.at/" "Mozilla/5.0 (Windows NT 6.1; WOW64; Trident/7.0; rv:11.0) like Gecko"
193.194.132.78 - - [19/Mar/2018:14:15:53 +0100] "GET /images/title_border.jpg HTTP/1.1" 200 304 "http://renault.activities.at/" "Mozilla/5.0 (Windows NT 6.1; WOW64; Trident/7.0; rv:11.0) like Gecko"
193.194.132.78 - - [19/Mar/2018:14:15:53 +0100] "GET /images/title_corner_left_top.jpg HTTP/1.1" 200 372 "http://renault.activities.at/" "Mozilla/5.0 (Windows NT 6.1; WOW64; Trident/7.0; rv:11.0) like Gecko"
193.194.132.78 - - [19/Mar/2018:14:15:53 +0100] "GET /images/title_corner_right_top.jpg HTTP/1.1" 200 389 "http://renault.activities.at/" "Mozilla/5.0 (Windows NT 6.1; WOW64; Trident/7.0; rv:11.0) like Gecko"
193.194.132.78 - - [19/Mar/2018:14:15:53 +0100] "GET /images/title_border_top.jpg HTTP/1.1" 200 336 "http://renault.activities.at/" "Mozilla/5.0 (Windows NT 6.1; WOW64; Trident/7.0; rv:11.0) like Gecko"
193.194.132.78 - - [19/Mar/2018:14:15:55 +0100] "GET /login HTTP/1.1" 200 2086 "http://renault.activities.at/" "Mozilla/5.0 (Windows NT 6.1; WOW64; Trident/7.0; rv:11.0) like Gecko"
193.194.132.78 - - [19/Mar/2018:14:15:56 +0100] "GET /images/button_left_bg.gif HTTP/1.1" 200 564 "http://renault.activities.at/login" "Mozilla/5.0 (Windows NT 6.1; WOW64; Trident/7.0; rv:11.0) like Gecko"
193.194.132.78 - - [19/Mar/2018:14:15:56 +0100] "GET /images/button_bg.gif HTTP/1.1" 200 151 "http://renault.activities.at/login" "Mozilla/5.0 (Windows NT 6.1; WOW64; Trident/7.0; rv:11.0) like Gecko"
193.194.132.78 - - [19/Mar/2018:14:15:56 +0100] "GET /images/button_right_bg.gif HTTP/1.1" 200 561 "http://renault.activities.at/login" "Mozilla/5.0 (Windows NT 6.1; WOW64; Trident/7.0; rv:11.0) like Gecko"
212.152.246.131 - - [19/Mar/2018:14:15:56 +0100] "POST /login HTTP/1.1" 302 140 "http://renault.activities.at/login" "Mozilla/5.0 (Windows NT 6.1; WOW64; Trident/7.0; rv:11.0) like Gecko"
212.152.246.131 - - [19/Mar/2018:14:15:57 +0100] "GET /account HTTP/1.1" 200 6760 "http://renault.activities.at/login" "Mozilla/5.0 (Windows NT 6.1; WOW64; Trident/7.0; rv:11.0) like Gecko"
212.152.246.131 - - [19/Mar/2018:14:16:01 +0100] "GET /js/index.php?c=auto&f=,prototype/prototype.js,prototype/validation.js,scriptaculous/builder.js,scriptaculous/effects.js,scriptaculous/dragdrop.js,scriptaculous/controls.js,scriptaculous/slider.js,varien/js.js,varien/form.js,varien/menu.js,mage/translate.js,mage/cookies.js,varien/product.js,spinner/SpinnerControl.jsmin.js,prototype/window.js,prototype/window_ext.js HTTP/1.1" 304 - "http://renault.activities.at/account" "Mozilla/5.0 (Windows NT 6.1; WOW64; Trident/7.0; rv:11.0) like Gecko"
193.194.132.78 - - [19/Mar/2018:14:16:03 +0100] "POST /login HTTP/1.1" 302 140 "http://renault.activities.at/login" "Mozilla/5.0 (Windows NT 6.1; WOW64; Trident/7.0; rv:11.0) like Gecko"
193.194.132.78 - - [19/Mar/2018:14:16:05 +0100] "GET /account HTTP/1.1" 200 8709 "http://renault.activities.at/login" "Mozilla/5.0 (Windows NT 6.1; WOW64; Trident/7.0; rv:11.0) like Gecko"
193.194.132.78 - - [19/Mar/2018:14:16:08 +0100] "GET /images/ajax_loading.gif HTTP/1.1" 200 1542 "http://renault.activities.at/account" "Mozilla/5.0 (Windows NT 6.1; WOW64; Trident/7.0; rv:11.0) like Gecko"
193.194.132.78 - - [19/Mar/2018:14:16:08 +0100] "GET /images/search_bg.gif HTTP/1.1" 200 1726 "http://renault.activities.at/account" "Mozilla/5.0 (Windows NT 6.1; WOW64; Trident/7.0; rv:11.0) like Gecko"
193.194.132.78 - - [19/Mar/2018:14:16:09 +0100] "GET /images/top_links_divider.gif HTTP/1.1" 200 44 "http://renault.activities.at/account" "Mozilla/5.0 (Windows NT 6.1; WOW64; Trident/7.0; rv:11.0) like Gecko"
193.194.132.78 - - [19/Mar/2018:14:16:09 +0100] "GET /images/menu_button_bg.jpg HTTP/1.1" 200 322 "http://renault.activities.at/account" "Mozilla/5.0 (Windows NT 6.1; WOW64; Trident/7.0; rv:11.0) like Gecko"
193.194.132.78 - - [19/Mar/2018:14:16:09 +0100] "GET /images/sidebar_title_corner_left_top.gif HTTP/1.1" 200 1124 "http://renault.activities.at/account" "Mozilla/5.0 (Windows NT 6.1; WOW64; Trident/7.0; rv:11.0) like Gecko"
193.194.132.78 - - [19/Mar/2018:14:16:09 +0100] "GET /images/sidebar_title_border_top.gif HTTP/1.1" 200 155 "http://renault.activities.at/account" "Mozilla/5.0 (Windows NT 6.1; WOW64; Trident/7.0; rv:11.0) like Gecko"
193.194.132.78 - - [19/Mar/2018:14:16:09 +0100] "GET /images/reset_bg.gif HTTP/1.1" 200 785 "http://renault.activities.at/account" "Mozilla/5.0 (Windows NT 6.1; WOW64; Trident/7.0; rv:11.0) like Gecko"
193.194.132.78 - - [19/Mar/2018:14:16:09 +0100] "GET /images/sidebar_title_border.gif HTTP/1.1" 200 43 "http://renault.activities.at/account" "Mozilla/5.0 (Windows NT 6.1; WOW64; Trident/7.0; rv:11.0) like Gecko"
193.194.132.78 - - [19/Mar/2018:14:16:09 +0100] "GET /images/menu_divider.gif HTTP/1.1" 200 176 "http://renault.activities.at/account" "Mozilla/5.0 (Windows NT 6.1; WOW64; Trident/7.0; rv:11.0) like Gecko"
193.194.132.78 - - [19/Mar/2018:14:16:09 +0100] "GET /images/sidebar_title_corner_right_top.gif HTTP/1.1" 200 383 "http://renault.activities.at/account" "Mozilla/5.0 (Windows NT 6.1; WOW64; Trident/7.0; rv:11.0) like Gecko"
193.194.132.78 - - [19/Mar/2018:14:16:09 +0100] "GET /images/validation_advice_bg.gif HTTP/1.1" 200 134 "http://renault.activities.at/account" "Mozilla/5.0 (Windows NT 6.1; WOW64; Trident/7.0; rv:11.0) like Gecko"
193.194.132.78 - - [19/Mar/2018:14:16:09 +0100] "GET /images/nav_divider.gif HTTP/1.1" 200 43 "http://renault.activities.at/account" "Mozilla/5.0 (Windows NT 6.1; WOW64; Trident/7.0; rv:11.0) like Gecko"
193.194.132.78 - - [19/Mar/2018:14:16:09 +0100] "GET /images/footer_divider.gif HTTP/1.1" 200 44 "http://renault.activities.at/account" "Mozilla/5.0 (Windows NT 6.1; WOW64; Trident/7.0; rv:11.0) like Gecko"
80.123.225.34 - - [19/Mar/2018:14:16:10 +0100] "GET /reload?ser=1521465371151 HTTP/1.1" 200 28 "http://renault.activities.at/" "Mozilla/5.0 (compatible; MSIE 10.0; Windows NT 6.1; Trident/6.0)"
193.194.132.78 - - [19/Mar/2018:14:16:16 +0100] "POST /axjaxrequest?mode=suggest HTTP/1.1" 200 21 "http://renault.activities.at/account" "Mozilla/5.0 (Windows NT 6.1; WOW64; Trident/7.0; rv:11.0) like Gecko"
193.194.132.78 - - [19/Mar/2018:14:16:18 +0100] "POST /axjaxrequest?mode=suggest HTTP/1.1" 200 21 "http://renault.activities.at/account" "Mozilla/5.0 (Windows NT 6.1; WOW64; Trident/7.0; rv:11.0) like Gecko"
193.194.132.78 - - [19/Mar/2018:14:16:19 +0100] "GET /result?searchterm=true&search=REF1054 HTTP/1.1" 200 6692 "http://renault.activities.at/account" "Mozilla/5.0 (Windows NT 6.1; WOW64; Trident/7.0; rv:11.0) like Gecko"
193.194.132.78 - - [19/Mar/2018:14:16:21 +0100] "GET /js/prototip.js HTTP/1.1" 200 4588 "http://renault.activities.at/result?searchterm=true&search=REF1054" "Mozilla/5.0 (Windows NT 6.1; WOW64; Trident/7.0; rv:11.0) like Gecko"
193.194.132.78 - - [19/Mar/2018:14:16:21 +0100] "GET /images/loading.gif HTTP/1.1" 200 3208 "http://renault.activities.at/result?searchterm=true&search=REF1054" "Mozilla/5.0 (Windows NT 6.1; WOW64; Trident/7.0; rv:11.0) like Gecko"
193.194.132.78 - - [19/Mar/2018:14:16:21 +0100] "GET /images/note_msg_icon.gif HTTP/1.1" 200 1022 "http://renault.activities.at/result?searchterm=true&search=REF1054" "Mozilla/5.0 (Windows NT 6.1; WOW64; Trident/7.0; rv:11.0) like Gecko"
193.194.132.79 - - [19/Mar/2018:14:16:21 +0100] "GET /reload?ser=1521465380974 HTTP/1.1" 200 28 "http://renault.2web.at/10260257?dir=DESC&mode=grid&order=name&limit=15&page=1" "Mozilla/5.0 (Windows NT 6.1; WOW64; Trident/7.0; rv:11.0) like Gecko"
193.194.132.78 - - [19/Mar/2018:14:16:24 +0100] "POST /axjaxrequest?mode=suggest HTTP/1.1" 200 21 "http://renault.activities.at/result?searchterm=true&search=REF1054" "Mozilla/5.0 (Windows NT 6.1; WOW64; Trident/7.0; rv:11.0) like Gecko"
193.194.132.78 - - [19/Mar/2018:14:16:25 +0100] "GET /result?searchterm=true&search=REF+1054 HTTP/1.1" 200 6692 "http://renault.activities.at/result?searchterm=true&search=REF1054" "Mozilla/5.0 (Windows NT 6.1; WOW64; Trident/7.0; rv:11.0) like Gecko"
193.194.132.75 - - [19/Mar/2018:14:16:27 +0100] "GET /reload?ser=1521465387059 HTTP/1.1" 200 28 "http://renault.2web.at/account?loadrequest=true" "Mozilla/5.0 (Windows NT 6.1; WOW64; Trident/7.0; rv:11.0) like Gecko"
80.123.225.34 - - [19/Mar/2018:14:16:27 +0100] "GET /reload?ser=1521465385926 HTTP/1.1" 200 28 "http://renault.activities.at/" "Mozilla/5.0 (compatible; MSIE 10.0; Windows NT 6.1; WOW64; Trident/6.0)"
212.152.246.131 - - [19/Mar/2018:14:17:01 +0100] "GET /reload?ser=1521465421205 HTTP/1.1" 200 28 "http://renault.activities.at/account" "Mozilla/5.0 (Windows NT 6.1; WOW64; Trident/7.0; rv:11.0) like Gecko"
212.152.246.131 - - [19/Mar/2018:14:17:09 +0100] "POST /axjaxrequest?mode=suggest HTTP/1.1" 200 21 "http://renault.activities.at/account" "Mozilla/5.0 (Windows NT 6.1; WOW64; Trident/7.0; rv:11.0) like Gecko"
80.123.225.34 - - [19/Mar/2018:14:17:11 +0100] "GET /reload?ser=1521465431818 HTTP/1.1" 200 28 "http://renault.activities.at/" "Mozilla/5.0 (compatible; MSIE 10.0; Windows NT 6.1; Trident/6.0)"
212.152.246.131 - - [19/Mar/2018:14:17:10 +0100] "GET /result?searchterm=true&search=1054 HTTP/1.1" 200 5392 "http://renault.activities.at/account" "Mozilla/5.0 (Windows NT 6.1; WOW64; Trident/7.0; rv:11.0) like Gecko"
212.152.246.131 - - [19/Mar/2018:14:17:12 +0100] "GET /js/index.php?c=auto&f=,prototype/prototype.js,prototype/validation.js,scriptaculous/builder.js,scriptaculous/effects.js,scriptaculous/dragdrop.js,scriptaculous/controls.js,scriptaculous/slider.js,varien/js.js,varien/form.js,varien/menu.js,mage/translate.js,mage/cookies.js,varien/product.js,spinner/SpinnerControl.jsmin.js,prototype/window.js,prototype/window_ext.js HTTP/1.1" 304 - "http://renault.activities.at/result?searchterm=true&search=1054" "Mozilla/5.0 (Windows NT 6.1; WOW64; Trident/7.0; rv:11.0) like Gecko"
212.152.246.131 - - [19/Mar/2018:14:17:12 +0100] "GET /images/note_msg_icon.gif HTTP/1.1" 304 - "http://renault.activities.at/result?searchterm=true&search=1054" "Mozilla/5.0 (Windows NT 6.1; WOW64; Trident/7.0; rv:11.0) like Gecko"
212.152.246.131 - - [19/Mar/2018:14:17:18 +0100] "GET /result?searchterm=true&search=1058 HTTP/1.1" 200 5392 "http://renault.activities.at/result?searchterm=true&search=1054" "Mozilla/5.0 (Windows NT 6.1; WOW64; Trident/7.0; rv:11.0) like Gecko"
212.152.246.131 - - [19/Mar/2018:14:17:20 +0100] "GET /js/index.php?c=auto&f=,prototype/prototype.js,prototype/validation.js,scriptaculous/builder.js,scriptaculous/effects.js,scriptaculous/dragdrop.js,scriptaculous/controls.js,scriptaculous/slider.js,varien/js.js,varien/form.js,varien/menu.js,mage/translate.js,mage/cookies.js,varien/product.js,spinner/SpinnerControl.jsmin.js,prototype/window.js,prototype/window_ext.js HTTP/1.1" 304 - "http://renault.activities.at/result?searchterm=true&search=1058" "Mozilla/5.0 (Windows NT 6.1; WOW64; Trident/7.0; rv:11.0) like Gecko"
212.152.246.131 - - [19/Mar/2018:14:17:18 +0100] "POST /axjaxrequest?mode=suggest HTTP/1.1" 200 21 "http://renault.activities.at/result?searchterm=true&search=1054" "Mozilla/5.0 (Windows NT 6.1; WOW64; Trident/7.0; rv:11.0) like Gecko"
212.152.246.131 - - [19/Mar/2018:14:17:20 +0100] "GET /result?searchterm=true&search=1058 HTTP/1.1" 200 5392 "http://renault.activities.at/result?searchterm=true&search=1058" "Mozilla/5.0 (Windows NT 6.1; WOW64; Trident/7.0; rv:11.0) like Gecko"
212.152.246.131 - - [19/Mar/2018:14:17:22 +0100] "GET /js/index.php?c=auto&f=,prototype/prototype.js,prototype/validation.js,scriptaculous/builder.js,scriptaculous/effects.js,scriptaculous/dragdrop.js,scriptaculous/controls.js,scriptaculous/slider.js,varien/js.js,varien/form.js,varien/menu.js,mage/translate.js,mage/cookies.js,varien/product.js,spinner/SpinnerControl.jsmin.js,prototype/window.js,prototype/window_ext.js HTTP/1.1" 304 - "http://renault.activities.at/result?searchterm=true&search=1058" "Mozilla/5.0 (Windows NT 6.1; WOW64; Trident/7.0; rv:11.0) like Gecko"
193.194.132.79 - - [19/Mar/2018:14:17:22 +0100] "GET /reload?ser=1521465442048 HTTP/1.1" 200 28 "http://renault.2web.at/10260257?dir=DESC&mode=grid&order=name&limit=15&page=1" "Mozilla/5.0 (Windows NT 6.1; WOW64; Trident/7.0; rv:11.0) like Gecko"
193.194.132.78 - - [19/Mar/2018:14:17:28 +0100] "GET /reload?ser=1521465447978 HTTP/1.1" 200 28 "http://renault.activities.at/result?searchterm=true&search=REF+1054" "Mozilla/5.0 (Windows NT 6.1; WOW64; Trident/7.0; rv:11.0) like Gecko"
193.194.132.75 - - [19/Mar/2018:14:17:28 +0100] "GET /reload?ser=1521465448145 HTTP/1.1" 200 28 "http://renault.2web.at/account?loadrequest=true" "Mozilla/5.0 (Windows NT 6.1; WOW64; Trident/7.0; rv:11.0) like Gecko"
80.123.225.34 - - [19/Mar/2018:14:17:28 +0100] "GET /reload?ser=1521465446938 HTTP/1.1" 200 28 "http://renault.activities.at/" "Mozilla/5.0 (compatible; MSIE 10.0; Windows NT 6.1; WOW64; Trident/6.0)"
212.152.246.131 - - [19/Mar/2018:14:17:37 +0100] "POST /axjaxrequest?mode=suggest HTTP/1.1" 200 512 "http://renault.activities.at/result?searchterm=true&search=1058" "Mozilla/5.0 (Windows NT 6.1; WOW64; Trident/7.0; rv:11.0) like Gecko"
212.152.246.131 - - [19/Mar/2018:14:17:38 +0100] "POST /axjaxrequest?mode=suggest HTTP/1.1" 200 114 "http://renault.activities.at/result?searchterm=true&search=1058" "Mozilla/5.0 (Windows NT 6.1; WOW64; Trident/7.0; rv:11.0) like Gecko"
212.152.246.131 - - [19/Mar/2018:14:18:02 +0100] "POST /axjaxrequest?mode=suggest HTTP/1.1" 200 2022 "http://renault.activities.at/result?searchterm=true&search=1058" "Mozilla/5.0 (Windows NT 6.1; WOW64; Trident/7.0; rv:11.0) like Gecko"
212.152.246.131 - - [19/Mar/2018:14:18:04 +0100] "GET /result?searchterm=true&search=REF HTTP/1.1" 200 6870 "http://renault.activities.at/result?searchterm=true&search=1058" "Mozilla/5.0 (Windows NT 6.1; WOW64; Trident/7.0; rv:11.0) like Gecko"
212.152.246.131 - - [19/Mar/2018:14:18:07 +0100] "GET /js/index.php?c=auto&f=,prototype/prototype.js,prototype/validation.js,scriptaculous/builder.js,scriptaculous/effects.js,scriptaculous/dragdrop.js,scriptaculous/controls.js,scriptaculous/slider.js,varien/js.js,varien/form.js,varien/menu.js,mage/translate.js,mage/cookies.js,varien/product.js,spinner/SpinnerControl.jsmin.js,prototype/window.js,prototype/window_ext.js HTTP/1.1" 304 - "http://renault.activities.at/result?searchterm=true&search=REF" "Mozilla/5.0 (Windows NT 6.1; WOW64; Trident/7.0; rv:11.0) like Gecko"
212.152.246.131 - - [19/Mar/2018:14:18:07 +0100] "GET /loadthumbnail.php?id=10309491&width=113 HTTP/1.1" 200 2476 "http://renault.activities.at/result?searchterm=true&search=REF" "Mozilla/5.0 (Windows NT 6.1; WOW64; Trident/7.0; rv:11.0) like Gecko"
212.152.246.131 - - [19/Mar/2018:14:18:07 +0100] "GET /loadthumbnail.php?id=10309492&width=113 HTTP/1.1" 200 2666 "http://renault.activities.at/result?searchterm=true&search=REF" "Mozilla/5.0 (Windows NT 6.1; WOW64; Trident/7.0; rv:11.0) like Gecko"
212.152.246.131 - - [19/Mar/2018:14:18:03 +0100] "POST /axjaxrequest?mode=suggest HTTP/1.1" 200 108 "http://renault.activities.at/result?searchterm=true&search=1058" "Mozilla/5.0 (Windows NT 6.1; WOW64; Trident/7.0; rv:11.0) like Gecko"
80.123.225.34 - - [19/Mar/2018:14:18:12 +0100] "GET /reload?ser=1521465492480 HTTP/1.1" 200 28 "http://renault.activities.at/" "Mozilla/5.0 (compatible; MSIE 10.0; Windows NT 6.1; Trident/6.0)"
193.194.132.79 - - [19/Mar/2018:14:18:23 +0100] "GET /reload?ser=1521465503219 HTTP/1.1" 200 28 "http://renault.2web.at/10260257?dir=DESC&mode=grid&order=name&limit=15&page=1" "Mozilla/5.0 (Windows NT 6.1; WOW64; Trident/7.0; rv:11.0) like Gecko"
193.194.132.78 - - [19/Mar/2018:14:18:29 +0100] "GET /reload?ser=1521465509060 HTTP/1.1" 200 28 "http://renault.activities.at/result?searchterm=true&search=REF+1054" "Mozilla/5.0 (Windows NT 6.1; WOW64; Trident/7.0; rv:11.0) like Gecko"
193.194.132.75 - - [19/Mar/2018:14:18:29 +0100] "GET /reload?ser=1521465509240 HTTP/1.1" 200 28 "http://renault.2web.at/account?loadrequest=true" "Mozilla/5.0 (Windows NT 6.1; WOW64; Trident/7.0; rv:11.0) like Gecko"
80.123.225.34 - - [19/Mar/2018:14:18:29 +0100] "GET /reload?ser=1521465507888 HTTP/1.1" 200 28 "http://renault.activities.at/" "Mozilla/5.0 (compatible; MSIE 10.0; Windows NT 6.1; WOW64; Trident/6.0)"
212.152.246.131 - - [19/Mar/2018:14:19:07 +0100] "GET /reload?ser=1521465547293 HTTP/1.1" 200 28 "http://renault.activities.at/result?searchterm=true&search=REF" "Mozilla/5.0 (Windows NT 6.1; WOW64; Trident/7.0; rv:11.0) like Gecko"
80.123.225.34 - - [19/Mar/2018:14:19:12 +0100] "GET /reload?ser=1521465553144 HTTP/1.1" 200 28 "http://renault.activities.at/" "Mozilla/5.0 (compatible; MSIE 10.0; Windows NT 6.1; Trident/6.0)"
193.194.132.79 - - [19/Mar/2018:14:19:24 +0100] "GET /reload?ser=1521465564435 HTTP/1.1" 200 28 "http://renault.2web.at/10260257?dir=DESC&mode=grid&order=name&limit=15&page=1" "Mozilla/5.0 (Windows NT 6.1; WOW64; Trident/7.0; rv:11.0) like Gecko"
193.194.132.75 - - [19/Mar/2018:14:19:30 +0100] "GET /reload?ser=1521465570353 HTTP/1.1" 200 28 "http://renault.2web.at/account?loadrequest=true" "Mozilla/5.0 (Windows NT 6.1; WOW64; Trident/7.0; rv:11.0) like Gecko"
80.123.225.34 - - [19/Mar/2018:14:19:30 +0100] "GET /reload?ser=1521465568877 HTTP/1.1" 200 28 "http://renault.activities.at/" "Mozilla/5.0 (compatible; MSIE 10.0; Windows NT 6.1; WOW64; Trident/6.0)"
212.152.246.131 - - [19/Mar/2018:14:20:08 +0100] "GET /reload?ser=1521465608315 HTTP/1.1" 200 28 "http://renault.activities.at/result?searchterm=true&search=REF" "Mozilla/5.0 (Windows NT 6.1; WOW64; Trident/7.0; rv:11.0) like Gecko"
80.123.225.34 - - [19/Mar/2018:14:20:13 +0100] "GET /reload?ser=1521465613819 HTTP/1.1" 200 28 "http://renault.activities.at/" "Mozilla/5.0 (compatible; MSIE 10.0; Windows NT 6.1; Trident/6.0)"
193.194.132.78 - - [19/Mar/2018:14:20:20 +0100] "GET / HTTP/1.1" 200 3692 "-" "Mozilla/5.0 (Windows NT 6.1; WOW64; Trident/7.0; rv:11.0) like Gecko"
193.194.132.79 - - [19/Mar/2018:14:20:25 +0100] "GET /reload?ser=1521465625556 HTTP/1.1" 200 28 "http://renault.2web.at/10260257?dir=DESC&mode=grid&order=name&limit=15&page=1" "Mozilla/5.0 (Windows NT 6.1; WOW64; Trident/7.0; rv:11.0) like Gecko"
193.194.132.75 - - [19/Mar/2018:14:20:31 +0100] "GET /reload?ser=1521465631456 HTTP/1.1" 200 28 "http://renault.2web.at/account?loadrequest=true" "Mozilla/5.0 (Windows NT 6.1; WOW64; Trident/7.0; rv:11.0) like Gecko"
80.123.225.34 - - [19/Mar/2018:14:20:31 +0100] "GET /reload?ser=1521465629882 HTTP/1.1" 200 28 "http://renault.activities.at/" "Mozilla/5.0 (compatible; MSIE 10.0; Windows NT 6.1; WOW64; Trident/6.0)"
212.152.246.131 - - [19/Mar/2018:14:21:09 +0100] "GET /reload?ser=1521465669285 HTTP/1.1" 200 28 "http://renault.activities.at/result?searchterm=true&search=REF" "Mozilla/5.0 (Windows NT 6.1; WOW64; Trident/7.0; rv:11.0) like Gecko"
80.123.225.34 - - [19/Mar/2018:14:21:14 +0100] "GET /reload?ser=1521465674482 HTTP/1.1" 200 28 "http://renault.activities.at/" "Mozilla/5.0 (compatible; MSIE 10.0; Windows NT 6.1; Trident/6.0)"
193.194.132.79 - - [19/Mar/2018:14:21:26 +0100] "GET /reload?ser=1521465686659 HTTP/1.1" 200 28 "http://renault.2web.at/10260257?dir=DESC&mode=grid&order=name&limit=15&page=1" "Mozilla/5.0 (Windows NT 6.1; WOW64; Trident/7.0; rv:11.0) like Gecko"
193.194.132.75 - - [19/Mar/2018:14:21:32 +0100] "GET /reload?ser=1521465692562 HTTP/1.1" 200 28 "http://renault.2web.at/account?loadrequest=true" "Mozilla/5.0 (Windows NT 6.1; WOW64; Trident/7.0; rv:11.0) like Gecko"
80.123.225.34 - - [19/Mar/2018:14:21:32 +0100] "GET /reload?ser=1521465690882 HTTP/1.1" 200 28 "http://renault.activities.at/" "Mozilla/5.0 (compatible; MSIE 10.0; Windows NT 6.1; WOW64; Trident/6.0)"
212.152.246.131 - - [19/Mar/2018:14:22:10 +0100] "GET /reload?ser=1521465730303 HTTP/1.1" 200 28 "http://renault.activities.at/result?searchterm=true&search=REF" "Mozilla/5.0 (Windows NT 6.1; WOW64; Trident/7.0; rv:11.0) like Gecko"
80.123.225.34 - - [19/Mar/2018:14:22:14 +0100] "GET /reload?ser=1521465735146 HTTP/1.1" 200 28 "http://renault.activities.at/" "Mozilla/5.0 (compatible; MSIE 10.0; Windows NT 6.1; Trident/6.0)"
193.194.132.79 - - [19/Mar/2018:14:22:27 +0100] "GET /reload?ser=1521465747771 HTTP/1.1" 200 28 "http://renault.2web.at/10260257?dir=DESC&mode=grid&order=name&limit=15&page=1" "Mozilla/5.0 (Windows NT 6.1; WOW64; Trident/7.0; rv:11.0) like Gecko"
80.123.225.34 - - [19/Mar/2018:14:22:33 +0100] "GET /reload?ser=1521465751879 HTTP/1.1" 200 28 "http://renault.activities.at/" "Mozilla/5.0 (compatible; MSIE 10.0; Windows NT 6.1; WOW64; Trident/6.0)"
193.194.132.75 - - [19/Mar/2018:14:22:33 +0100] "GET /reload?ser=1521465753654 HTTP/1.1" 200 28 "http://renault.2web.at/account?loadrequest=true" "Mozilla/5.0 (Windows NT 6.1; WOW64; Trident/7.0; rv:11.0) like Gecko"
212.152.246.131 - - [19/Mar/2018:14:23:11 +0100] "GET /reload?ser=1521465791313 HTTP/1.1" 200 28 "http://renault.activities.at/result?searchterm=true&search=REF" "Mozilla/5.0 (Windows NT 6.1; WOW64; Trident/7.0; rv:11.0) like Gecko"
80.123.225.34 - - [19/Mar/2018:14:23:15 +0100] "GET /reload?ser=1521465795808 HTTP/1.1" 200 28 "http://renault.activities.at/" "Mozilla/5.0 (compatible; MSIE 10.0; Windows NT 6.1; Trident/6.0)"
193.194.132.79 - - [19/Mar/2018:14:23:28 +0100] "GET /reload?ser=1521465808860 HTTP/1.1" 200 28 "http://renault.2web.at/10260257?dir=DESC&mode=grid&order=name&limit=15&page=1" "Mozilla/5.0 (Windows NT 6.1; WOW64; Trident/7.0; rv:11.0) like Gecko"
80.123.225.34 - - [19/Mar/2018:14:23:34 +0100] "GET /reload?ser=1521465812871 HTTP/1.1" 200 28 "http://renault.activities.at/" "Mozilla/5.0 (compatible; MSIE 10.0; Windows NT 6.1; WOW64; Trident/6.0)"
193.194.132.75 - - [19/Mar/2018:14:23:34 +0100] "GET /reload?ser=1521465814741 HTTP/1.1" 200 28 "http://renault.2web.at/account?loadrequest=true" "Mozilla/5.0 (Windows NT 6.1; WOW64; Trident/7.0; rv:11.0) like Gecko"
212.152.246.131 - - [19/Mar/2018:14:24:12 +0100] "GET /reload?ser=1521465852297 HTTP/1.1" 200 28 "http://renault.activities.at/result?searchterm=true&search=REF" "Mozilla/5.0 (Windows NT 6.1; WOW64; Trident/7.0; rv:11.0) like Gecko"
80.123.225.34 - - [19/Mar/2018:14:24:16 +0100] "GET /reload?ser=1521465856466 HTTP/1.1" 200 28 "http://renault.activities.at/" "Mozilla/5.0 (compatible; MSIE 10.0; Windows NT 6.1; Trident/6.0)"
193.194.132.79 - - [19/Mar/2018:14:24:30 +0100] "GET /reload?ser=1521465869936 HTTP/1.1" 200 28 "http://renault.2web.at/10260257?dir=DESC&mode=grid&order=name&limit=15&page=1" "Mozilla/5.0 (Windows NT 6.1; WOW64; Trident/7.0; rv:11.0) like Gecko"
212.152.246.38 - - [19/Mar/2018:14:24:30 +0100] "GET / HTTP/1.1" 200 3692 "-" "Mozilla/5.0 (Windows NT 10.0; WOW64; Trident/7.0; rv:11.0) like Gecko"
212.152.246.38 - - [19/Mar/2018:14:24:31 +0100] "GET /js/flashdetection.js HTTP/1.1" 200 1059 "http://renault.activities.at/" "Mozilla/5.0 (Windows NT 10.0; WOW64; Trident/7.0; rv:11.0) like Gecko"
212.152.246.38 - - [19/Mar/2018:14:24:31 +0100] "GET /css/reset.css HTTP/1.1" 200 1356 "http://renault.activities.at/" "Mozilla/5.0 (Windows NT 10.0; WOW64; Trident/7.0; rv:11.0) like Gecko"
212.152.246.38 - - [19/Mar/2018:14:24:31 +0100] "GET /css/clears.css HTTP/1.1" 200 851 "http://renault.activities.at/" "Mozilla/5.0 (Windows NT 10.0; WOW64; Trident/7.0; rv:11.0) like Gecko"
212.152.246.38 - - [19/Mar/2018:14:24:31 +0100] "GET /css/styles.css HTTP/1.1" 200 14664 "http://renault.activities.at/" "Mozilla/5.0 (Windows NT 10.0; WOW64; Trident/7.0; rv:11.0) like Gecko"
212.152.246.38 - - [19/Mar/2018:14:24:31 +0100] "GET /js/default.js HTTP/1.1" 200 14698 "http://renault.activities.at/" "Mozilla/5.0 (Windows NT 10.0; WOW64; Trident/7.0; rv:11.0) like Gecko"
212.152.246.38 - - [19/Mar/2018:14:24:31 +0100] "GET /css/print.css HTTP/1.1" 200 543 "http://renault.activities.at/" "Mozilla/5.0 (Windows NT 10.0; WOW64; Trident/7.0; rv:11.0) like Gecko"
212.152.246.38 - - [19/Mar/2018:14:24:31 +0100] "GET /js/checkout.css HTTP/1.1" 200 359 "http://renault.activities.at/" "Mozilla/5.0 (Windows NT 10.0; WOW64; Trident/7.0; rv:11.0) like Gecko"
212.152.246.38 - - [19/Mar/2018:14:24:31 +0100] "GET /css/prototip.css HTTP/1.1" 200 968 "http://renault.activities.at/" "Mozilla/5.0 (Windows NT 10.0; WOW64; Trident/7.0; rv:11.0) like Gecko"
212.152.246.38 - - [19/Mar/2018:14:24:31 +0100] "GET /js/index.php?c=auto&f=,prototype/prototype.js,prototype/validation.js,scriptaculous/builder.js,scriptaculous/effects.js,scriptaculous/dragdrop.js,scriptaculous/controls.js,scriptaculous/slider.js,varien/js.js,varien/form.js,varien/menu.js,mage/translate.js,mage/cookies.js,varien/product.js,spinner/SpinnerControl.jsmin.js,prototype/window.js,prototype/window_ext.js HTTP/1.1" 200 94182 "http://renault.activities.at/" "Mozilla/5.0 (Windows NT 10.0; WOW64; Trident/7.0; rv:11.0) like Gecko"
212.152.246.38 - - [19/Mar/2018:14:24:31 +0100] "GET /css/themes/alphacube.css HTTP/1.1" 200 743 "http://renault.activities.at/" "Mozilla/5.0 (Windows NT 10.0; WOW64; Trident/7.0; rv:11.0) like Gecko"
212.152.246.38 - - [19/Mar/2018:14:24:31 +0100] "GET /css/themes/default.css HTTP/1.1" 200 769 "http://renault.activities.at/" "Mozilla/5.0 (Windows NT 10.0; WOW64; Trident/7.0; rv:11.0) like Gecko"
212.152.246.38 - - [19/Mar/2018:14:24:32 +0100] "GET /images/main_block_border.gif HTTP/1.1" 200 43 "http://renault.activities.at/" "Mozilla/5.0 (Windows NT 10.0; WOW64; Trident/7.0; rv:11.0) like Gecko"
212.152.246.38 - - [19/Mar/2018:14:24:32 +0100] "GET /images/header_block_border.gif HTTP/1.1" 200 43 "http://renault.activities.at/" "Mozilla/5.0 (Windows NT 10.0; WOW64; Trident/7.0; rv:11.0) like Gecko"
212.152.246.38 - - [19/Mar/2018:14:24:32 +0100] "GET /images/main_block_corner_left_bot.gif HTTP/1.1" 200 159 "http://renault.activities.at/" "Mozilla/5.0 (Windows NT 10.0; WOW64; Trident/7.0; rv:11.0) like Gecko"
212.152.246.38 - - [19/Mar/2018:14:24:32 +0100] "GET /images/header_block_corner_left_top.gif HTTP/1.1" 200 160 "http://renault.activities.at/" "Mozilla/5.0 (Windows NT 10.0; WOW64; Trident/7.0; rv:11.0) like Gecko"
212.152.246.38 - - [19/Mar/2018:14:24:32 +0100] "GET /images/main_block_corner_right_bot.gif HTTP/1.1" 200 158 "http://renault.activities.at/" "Mozilla/5.0 (Windows NT 10.0; WOW64; Trident/7.0; rv:11.0) like Gecko"
212.152.246.38 - - [19/Mar/2018:14:24:32 +0100] "GET /images/header_block_corner_right_top.gif HTTP/1.1" 200 160 "http://renault.activities.at/" "Mozilla/5.0 (Windows NT 10.0; WOW64; Trident/7.0; rv:11.0) like Gecko"
212.152.246.38 - - [19/Mar/2018:14:24:32 +0100] "GET /images/main_block_corner_left_top.gif HTTP/1.1" 200 159 "http://renault.activities.at/" "Mozilla/5.0 (Windows NT 10.0; WOW64; Trident/7.0; rv:11.0) like Gecko"
212.152.246.38 - - [19/Mar/2018:14:24:32 +0100] "GET /images/main_block_corner_right_top.gif HTTP/1.1" 200 159 "http://renault.activities.at/" "Mozilla/5.0 (Windows NT 10.0; WOW64; Trident/7.0; rv:11.0) like Gecko"
212.152.246.38 - - [19/Mar/2018:14:24:32 +0100] "GET /images/title_border.jpg HTTP/1.1" 200 304 "http://renault.activities.at/" "Mozilla/5.0 (Windows NT 10.0; WOW64; Trident/7.0; rv:11.0) like Gecko"
212.152.246.38 - - [19/Mar/2018:14:24:32 +0100] "GET /images/title_border_top.jpg HTTP/1.1" 200 336 "http://renault.activities.at/" "Mozilla/5.0 (Windows NT 10.0; WOW64; Trident/7.0; rv:11.0) like Gecko"
212.152.246.38 - - [19/Mar/2018:14:24:32 +0100] "GET /images/title_corner_left_top.jpg HTTP/1.1" 200 372 "http://renault.activities.at/" "Mozilla/5.0 (Windows NT 10.0; WOW64; Trident/7.0; rv:11.0) like Gecko"
212.152.246.38 - - [19/Mar/2018:14:24:32 +0100] "GET /images/title_corner_right_top.jpg HTTP/1.1" 200 389 "http://renault.activities.at/" "Mozilla/5.0 (Windows NT 10.0; WOW64; Trident/7.0; rv:11.0) like Gecko"
212.152.246.38 - - [19/Mar/2018:14:24:32 +0100] "GET /loadthumbnail.php?id=11127982 HTTP/1.1" 200 399614 "http://renault.activities.at/" "Mozilla/5.0 (Windows NT 10.0; WOW64; Trident/7.0; rv:11.0) like Gecko"
80.123.225.34 - - [19/Mar/2018:14:24:35 +0100] "GET /reload?ser=1521465873847 HTTP/1.1" 200 28 "http://renault.activities.at/" "Mozilla/5.0 (compatible; MSIE 10.0; Windows NT 6.1; WOW64; Trident/6.0)"
193.194.132.75 - - [19/Mar/2018:14:24:35 +0100] "GET /reload?ser=1521465875815 HTTP/1.1" 200 28 "http://renault.2web.at/account?loadrequest=true" "Mozilla/5.0 (Windows NT 6.1; WOW64; Trident/7.0; rv:11.0) like Gecko"
212.152.246.131 - - [19/Mar/2018:14:25:13 +0100] "GET /reload?ser=1521465913268 HTTP/1.1" 200 28 "http://renault.activities.at/result?searchterm=true&search=REF" "Mozilla/5.0 (Windows NT 6.1; WOW64; Trident/7.0; rv:11.0) like Gecko"
80.123.225.34 - - [19/Mar/2018:14:25:16 +0100] "GET /reload?ser=1521465917124 HTTP/1.1" 200 28 "http://renault.activities.at/" "Mozilla/5.0 (compatible; MSIE 10.0; Windows NT 6.1; Trident/6.0)"
193.194.132.79 - - [19/Mar/2018:14:25:31 +0100] "GET /reload?ser=1521465930999 HTTP/1.1" 200 28 "http://renault.2web.at/10260257?dir=DESC&mode=grid&order=name&limit=15&page=1" "Mozilla/5.0 (Windows NT 6.1; WOW64; Trident/7.0; rv:11.0) like Gecko"
80.123.225.34 - - [19/Mar/2018:14:25:36 +0100] "GET /reload?ser=1521465934840 HTTP/1.1" 200 28 "http://renault.activities.at/" "Mozilla/5.0 (compatible; MSIE 10.0; Windows NT 6.1; WOW64; Trident/6.0)"
193.194.132.75 - - [19/Mar/2018:14:25:37 +0100] "GET /reload?ser=1521465936923 HTTP/1.1" 200 28 "http://renault.2web.at/account?loadrequest=true" "Mozilla/5.0 (Windows NT 6.1; WOW64; Trident/7.0; rv:11.0) like Gecko"
212.152.246.131 - - [19/Mar/2018:14:26:14 +0100] "GET /reload?ser=1521465974256 HTTP/1.1" 200 28 "http://renault.activities.at/result?searchterm=true&search=REF" "Mozilla/5.0 (Windows NT 6.1; WOW64; Trident/7.0; rv:11.0) like Gecko"
80.123.225.34 - - [19/Mar/2018:14:26:17 +0100] "GET /reload?ser=1521465977799 HTTP/1.1" 200 28 "http://renault.activities.at/" "Mozilla/5.0 (compatible; MSIE 10.0; Windows NT 6.1; Trident/6.0)"
193.194.132.79 - - [19/Mar/2018:14:26:32 +0100] "GET /reload?ser=1521465992104 HTTP/1.1" 200 28 "http://renault.2web.at/10260257?dir=DESC&mode=grid&order=name&limit=15&page=1" "Mozilla/5.0 (Windows NT 6.1; WOW64; Trident/7.0; rv:11.0) like Gecko"
80.123.225.34 - - [19/Mar/2018:14:26:37 +0100] "GET /reload?ser=1521465995822 HTTP/1.1" 200 28 "http://renault.activities.at/" "Mozilla/5.0 (compatible; MSIE 10.0; Windows NT 6.1; WOW64; Trident/6.0)"
193.194.132.75 - - [19/Mar/2018:14:26:38 +0100] "GET /reload?ser=1521465998015 HTTP/1.1" 200 28 "http://renault.2web.at/account?loadrequest=true" "Mozilla/5.0 (Windows NT 6.1; WOW64; Trident/7.0; rv:11.0) like Gecko"
212.152.246.131 - - [19/Mar/2018:14:27:15 +0100] "GET /reload?ser=1521466035254 HTTP/1.1" 200 28 "http://renault.activities.at/result?searchterm=true&search=REF" "Mozilla/5.0 (Windows NT 6.1; WOW64; Trident/7.0; rv:11.0) like Gecko"
80.123.225.34 - - [19/Mar/2018:14:27:18 +0100] "GET /reload?ser=1521466038457 HTTP/1.1" 200 28 "http://renault.activities.at/" "Mozilla/5.0 (compatible; MSIE 10.0; Windows NT 6.1; Trident/6.0)"
193.194.132.79 - - [19/Mar/2018:14:27:33 +0100] "GET /reload?ser=1521466053262 HTTP/1.1" 200 28 "http://renault.2web.at/10260257?dir=DESC&mode=grid&order=name&limit=15&page=1" "Mozilla/5.0 (Windows NT 6.1; WOW64; Trident/7.0; rv:11.0) like Gecko"
80.123.225.34 - - [19/Mar/2018:14:27:38 +0100] "GET /reload?ser=1521466056842 HTTP/1.1" 200 28 "http://renault.activities.at/" "Mozilla/5.0 (compatible; MSIE 10.0; Windows NT 6.1; WOW64; Trident/6.0)"
193.194.132.75 - - [19/Mar/2018:14:27:39 +0100] "GET /reload?ser=1521466059115 HTTP/1.1" 200 28 "http://renault.2web.at/account?loadrequest=true" "Mozilla/5.0 (Windows NT 6.1; WOW64; Trident/7.0; rv:11.0) like Gecko"
212.152.246.131 - - [19/Mar/2018:14:28:16 +0100] "GET /reload?ser=1521466096307 HTTP/1.1" 200 28 "http://renault.activities.at/result?searchterm=true&search=REF" "Mozilla/5.0 (Windows NT 6.1; WOW64; Trident/7.0; rv:11.0) like Gecko"
80.123.225.34 - - [19/Mar/2018:14:28:18 +0100] "GET /reload?ser=1521466099116 HTTP/1.1" 200 28 "http://renault.activities.at/" "Mozilla/5.0 (compatible; MSIE 10.0; Windows NT 6.1; Trident/6.0)"
193.194.132.79 - - [19/Mar/2018:14:28:34 +0100] "GET /reload?ser=1521466114326 HTTP/1.1" 200 28 "http://renault.2web.at/10260257?dir=DESC&mode=grid&order=name&limit=15&page=1" "Mozilla/5.0 (Windows NT 6.1; WOW64; Trident/7.0; rv:11.0) like Gecko"
80.123.225.34 - - [19/Mar/2018:14:28:39 +0100] "GET /reload?ser=1521466117815 HTTP/1.1" 200 28 "http://renault.activities.at/" "Mozilla/5.0 (compatible; MSIE 10.0; Windows NT 6.1; WOW64; Trident/6.0)"
193.194.132.75 - - [19/Mar/2018:14:28:40 +0100] "GET /reload?ser=1521466120267 HTTP/1.1" 200 28 "http://renault.2web.at/account?loadrequest=true" "Mozilla/5.0 (Windows NT 6.1; WOW64; Trident/7.0; rv:11.0) like Gecko"
212.152.246.131 - - [19/Mar/2018:14:29:17 +0100] "GET /reload?ser=1521466157273 HTTP/1.1" 200 28 "http://renault.activities.at/result?searchterm=true&search=REF" "Mozilla/5.0 (Windows NT 6.1; WOW64; Trident/7.0; rv:11.0) like Gecko"
80.123.225.34 - - [19/Mar/2018:14:29:19 +0100] "GET /reload?ser=1521466159775 HTTP/1.1" 200 28 "http://renault.activities.at/" "Mozilla/5.0 (compatible; MSIE 10.0; Windows NT 6.1; Trident/6.0)"
193.194.132.79 - - [19/Mar/2018:14:29:35 +0100] "GET /reload?ser=1521466175434 HTTP/1.1" 200 28 "http://renault.2web.at/10260257?dir=DESC&mode=grid&order=name&limit=15&page=1" "Mozilla/5.0 (Windows NT 6.1; WOW64; Trident/7.0; rv:11.0) like Gecko"
80.123.225.34 - - [19/Mar/2018:14:29:41 +0100] "GET /reload?ser=1521466178816 HTTP/1.1" 200 28 "http://renault.activities.at/" "Mozilla/5.0 (compatible; MSIE 10.0; Windows NT 6.1; WOW64; Trident/6.0)"
193.194.132.75 - - [19/Mar/2018:14:29:41 +0100] "GET /reload?ser=1521466181379 HTTP/1.1" 200 28 "http://renault.2web.at/account?loadrequest=true" "Mozilla/5.0 (Windows NT 6.1; WOW64; Trident/7.0; rv:11.0) like Gecko"
80.123.225.34 - - [19/Mar/2018:14:30:20 +0100] "GET /reload?ser=1521466220438 HTTP/1.1" 200 28 "http://renault.activities.at/" "Mozilla/5.0 (compatible; MSIE 10.0; Windows NT 6.1; Trident/6.0)"
193.194.132.79 - - [19/Mar/2018:14:30:36 +0100] "GET /reload?ser=1521466236547 HTTP/1.1" 200 28 "http://renault.2web.at/10260257?dir=DESC&mode=grid&order=name&limit=15&page=1" "Mozilla/5.0 (Windows NT 6.1; WOW64; Trident/7.0; rv:11.0) like Gecko"
80.123.225.34 - - [19/Mar/2018:14:30:41 +0100] "GET /reload?ser=1521466240088 HTTP/1.1" 200 28 "http://renault.activities.at/" "Mozilla/5.0 (compatible; MSIE 10.0; Windows NT 6.1; WOW64; Trident/6.0)"
80.123.225.34 - - [19/Mar/2018:14:31:20 +0100] "GET /reload?ser=1521466281105 HTTP/1.1" 200 28 "http://renault.activities.at/" "Mozilla/5.0 (compatible; MSIE 10.0; Windows NT 6.1; Trident/6.0)"
193.194.132.79 - - [19/Mar/2018:14:31:37 +0100] "GET /reload?ser=1521466297704 HTTP/1.1" 200 28 "http://renault.2web.at/10260257?dir=DESC&mode=grid&order=name&limit=15&page=1" "Mozilla/5.0 (Windows NT 6.1; WOW64; Trident/7.0; rv:11.0) like Gecko"
80.123.225.34 - - [19/Mar/2018:14:31:42 +0100] "GET /reload?ser=1521466301093 HTTP/1.1" 200 28 "http://renault.activities.at/" "Mozilla/5.0 (compatible; MSIE 10.0; Windows NT 6.1; WOW64; Trident/6.0)"
80.123.225.34 - - [19/Mar/2018:14:32:21 +0100] "GET /reload?ser=1521466341765 HTTP/1.1" 200 28 "http://renault.activities.at/" "Mozilla/5.0 (compatible; MSIE 10.0; Windows NT 6.1; Trident/6.0)"
193.194.132.79 - - [19/Mar/2018:14:32:38 +0100] "GET /reload?ser=1521466358823 HTTP/1.1" 200 28 "http://renault.2web.at/10260257?dir=DESC&mode=grid&order=name&limit=15&page=1" "Mozilla/5.0 (Windows NT 6.1; WOW64; Trident/7.0; rv:11.0) like Gecko"
80.123.225.34 - - [19/Mar/2018:14:32:44 +0100] "GET /reload?ser=1521466362124 HTTP/1.1" 200 28 "http://renault.activities.at/" "Mozilla/5.0 (compatible; MSIE 10.0; Windows NT 6.1; WOW64; Trident/6.0)"
80.123.225.34 - - [19/Mar/2018:14:33:22 +0100] "GET /reload?ser=1521466402445 HTTP/1.1" 200 28 "http://renault.activities.at/" "Mozilla/5.0 (compatible; MSIE 10.0; Windows NT 6.1; Trident/6.0)"
193.194.132.79 - - [19/Mar/2018:14:33:39 +0100] "GET /reload?ser=1521466419925 HTTP/1.1" 200 28 "http://renault.2web.at/10260257?dir=DESC&mode=grid&order=name&limit=15&page=1" "Mozilla/5.0 (Windows NT 6.1; WOW64; Trident/7.0; rv:11.0) like Gecko"
80.123.225.34 - - [19/Mar/2018:14:33:44 +0100] "GET /reload?ser=1521466423098 HTTP/1.1" 200 28 "http://renault.activities.at/" "Mozilla/5.0 (compatible; MSIE 10.0; Windows NT 6.1; WOW64; Trident/6.0)"
80.123.225.34 - - [19/Mar/2018:14:34:22 +0100] "GET /reload?ser=1521466463105 HTTP/1.1" 200 28 "http://renault.activities.at/" "Mozilla/5.0 (compatible; MSIE 10.0; Windows NT 6.1; Trident/6.0)"
193.194.132.79 - - [19/Mar/2018:14:34:41 +0100] "GET /reload?ser=1521466481017 HTTP/1.1" 200 28 "http://renault.2web.at/10260257?dir=DESC&mode=grid&order=name&limit=15&page=1" "Mozilla/5.0 (Windows NT 6.1; WOW64; Trident/7.0; rv:11.0) like Gecko"
80.123.225.34 - - [19/Mar/2018:14:34:46 +0100] "GET /reload?ser=1521466484103 HTTP/1.1" 200 28 "http://renault.activities.at/" "Mozilla/5.0 (compatible; MSIE 10.0; Windows NT 6.1; WOW64; Trident/6.0)"
212.186.92.126 - - [19/Mar/2018:14:35:22 +0100] "GET / HTTP/1.1" 200 3692 "-" "Mozilla/5.0 (Windows NT 6.1; Win64; x64) AppleWebKit/537.36 (KHTML, like Gecko) Chrome/64.0.3282.186 Safari/537.36"
80.123.225.34 - - [19/Mar/2018:14:35:23 +0100] "GET /reload?ser=1521466523764 HTTP/1.1" 200 28 "http://renault.activities.at/" "Mozilla/5.0 (compatible; MSIE 10.0; Windows NT 6.1; Trident/6.0)"
212.186.92.126 - - [19/Mar/2018:14:35:23 +0100] "GET /loadthumbnail.php?id=11127982 HTTP/1.1" 200 399614 "http://renault.activities.at/" "Mozilla/5.0 (Windows NT 6.1; Win64; x64) AppleWebKit/537.36 (KHTML, like Gecko) Chrome/64.0.3282.186 Safari/537.36"
212.186.92.126 - - [19/Mar/2018:14:35:24 +0100] "GET /images/favicon.ico HTTP/1.1" 404 305 "http://renault.activities.at/" "Mozilla/5.0 (Windows NT 6.1; Win64; x64) AppleWebKit/537.36 (KHTML, like Gecko) Chrome/64.0.3282.186 Safari/537.36"
212.186.92.126 - - [19/Mar/2018:14:35:25 +0100] "GET /login HTTP/1.1" 200 2086 "http://renault.activities.at/" "Mozilla/5.0 (Windows NT 6.1; Win64; x64) AppleWebKit/537.36 (KHTML, like Gecko) Chrome/64.0.3282.186 Safari/537.36"
212.186.92.126 - - [19/Mar/2018:14:35:31 +0100] "POST /login HTTP/1.1" 302 140 "http://renault.activities.at/login" "Mozilla/5.0 (Windows NT 6.1; Win64; x64) AppleWebKit/537.36 (KHTML, like Gecko) Chrome/64.0.3282.186 Safari/537.36"
212.186.92.126 - - [19/Mar/2018:14:35:32 +0100] "GET /account HTTP/1.1" 200 6019 "http://renault.activities.at/login" "Mozilla/5.0 (Windows NT 6.1; Win64; x64) AppleWebKit/537.36 (KHTML, like Gecko) Chrome/64.0.3282.186 Safari/537.36"
212.186.92.126 - - [19/Mar/2018:14:35:35 +0100] "GET /loadthumbnail.php?id=11423557&width=50&height=50 HTTP/1.1" 200 1235 "http://renault.activities.at/account" "Mozilla/5.0 (Windows NT 6.1; Win64; x64) AppleWebKit/537.36 (KHTML, like Gecko) Chrome/64.0.3282.186 Safari/537.36"
212.186.92.126 - - [19/Mar/2018:14:35:36 +0100] "GET /loadthumbnail.php?id=11711045&width=50&height=50 HTTP/1.1" 200 1132 "http://renault.activities.at/account" "Mozilla/5.0 (Windows NT 6.1; Win64; x64) AppleWebKit/537.36 (KHTML, like Gecko) Chrome/64.0.3282.186 Safari/537.36"
212.186.92.126 - - [19/Mar/2018:14:35:39 +0100] "POST /axjaxrequest?mode=suggest HTTP/1.1" 200 135 "http://renault.activities.at/account" "Mozilla/5.0 (Windows NT 6.1; Win64; x64) AppleWebKit/537.36 (KHTML, like Gecko) Chrome/64.0.3282.186 Safari/537.36"
193.194.132.79 - - [19/Mar/2018:14:35:42 +0100] "GET /reload?ser=1521466542145 HTTP/1.1" 200 28 "http://renault.2web.at/10260257?dir=DESC&mode=grid&order=name&limit=15&page=1" "Mozilla/5.0 (Windows NT 6.1; WOW64; Trident/7.0; rv:11.0) like Gecko"
212.186.92.126 - - [19/Mar/2018:14:35:40 +0100] "GET /result?searchterm=true&search=Poster HTTP/1.1" 200 8450 "http://renault.activities.at/account" "Mozilla/5.0 (Windows NT 6.1; Win64; x64) AppleWebKit/537.36 (KHTML, like Gecko) Chrome/64.0.3282.186 Safari/537.36"
212.186.92.126 - - [19/Mar/2018:14:35:43 +0100] "GET /loadthumbnail.php?id=10203276 HTTP/1.1" 200 75 "http://renault.activities.at/result?searchterm=true&search=Poster" "Mozilla/5.0 (Windows NT 6.1; Win64; x64) AppleWebKit/537.36 (KHTML, like Gecko) Chrome/64.0.3282.186 Safari/537.36"
212.186.92.126 - - [19/Mar/2018:14:35:43 +0100] "GET /loadthumbnail.php?id=11667527&width=113 HTTP/1.1" 200 12027 "http://renault.activities.at/result?searchterm=true&search=Poster" "Mozilla/5.0 (Windows NT 6.1; Win64; x64) AppleWebKit/537.36 (KHTML, like Gecko) Chrome/64.0.3282.186 Safari/537.36"
212.186.92.126 - - [19/Mar/2018:14:35:43 +0100] "GET /loadthumbnail.php?id=11666767&width=113 HTTP/1.1" 200 11744 "http://renault.activities.at/result?searchterm=true&search=Poster" "Mozilla/5.0 (Windows NT 6.1; Win64; x64) AppleWebKit/537.36 (KHTML, like Gecko) Chrome/64.0.3282.186 Safari/537.36"
212.186.92.126 - - [19/Mar/2018:14:35:43 +0100] "GET /loadthumbnail.php?id=11615284&width=113 HTTP/1.1" 200 18014 "http://renault.activities.at/result?searchterm=true&search=Poster" "Mozilla/5.0 (Windows NT 6.1; Win64; x64) AppleWebKit/537.36 (KHTML, like Gecko) Chrome/64.0.3282.186 Safari/537.36"
212.186.92.126 - - [19/Mar/2018:14:35:43 +0100] "GET /loadthumbnail.php?id=10203255 HTTP/1.1" 200 137 "http://renault.activities.at/result?searchterm=true&search=Poster" "Mozilla/5.0 (Windows NT 6.1; Win64; x64) AppleWebKit/537.36 (KHTML, like Gecko) Chrome/64.0.3282.186 Safari/537.36"
212.186.92.126 - - [19/Mar/2018:14:35:43 +0100] "GET /loadthumbnail.php?id=11615285&width=113 HTTP/1.1" 200 15651 "http://renault.activities.at/result?searchterm=true&search=Poster" "Mozilla/5.0 (Windows NT 6.1; Win64; x64) AppleWebKit/537.36 (KHTML, like Gecko) Chrome/64.0.3282.186 Safari/537.36"
212.186.92.126 - - [19/Mar/2018:14:35:44 +0100] "GET /loadthumbnail.php?id=11760044&width=113 HTTP/1.1" 200 2760 "http://renault.activities.at/result?searchterm=true&search=Poster" "Mozilla/5.0 (Windows NT 6.1; Win64; x64) AppleWebKit/537.36 (KHTML, like Gecko) Chrome/64.0.3282.186 Safari/537.36"
212.186.92.126 - - [19/Mar/2018:14:35:44 +0100] "GET /loadthumbnail.php?id=11586948&width=113 HTTP/1.1" 200 5839 "http://renault.activities.at/result?searchterm=true&search=Poster" "Mozilla/5.0 (Windows NT 6.1; Win64; x64) AppleWebKit/537.36 (KHTML, like Gecko) Chrome/64.0.3282.186 Safari/537.36"
212.186.92.126 - - [19/Mar/2018:14:35:44 +0100] "GET /loadthumbnail.php?id=11461719&width=113 HTTP/1.1" 200 32753 "http://renault.activities.at/result?searchterm=true&search=Poster" "Mozilla/5.0 (Windows NT 6.1; Win64; x64) AppleWebKit/537.36 (KHTML, like Gecko) Chrome/64.0.3282.186 Safari/537.36"
212.186.92.126 - - [19/Mar/2018:14:35:44 +0100] "GET /loadthumbnail.php?id=11760038&width=113 HTTP/1.1" 200 4403 "http://renault.activities.at/result?searchterm=true&search=Poster" "Mozilla/5.0 (Windows NT 6.1; Win64; x64) AppleWebKit/537.36 (KHTML, like Gecko) Chrome/64.0.3282.186 Safari/537.36"
212.186.92.126 - - [19/Mar/2018:14:35:44 +0100] "GET /loadthumbnail.php?id=11461308&width=113 HTTP/1.1" 200 2471 "http://renault.activities.at/result?searchterm=true&search=Poster" "Mozilla/5.0 (Windows NT 6.1; Win64; x64) AppleWebKit/537.36 (KHTML, like Gecko) Chrome/64.0.3282.186 Safari/537.36"
212.186.92.126 - - [19/Mar/2018:14:35:44 +0100] "GET /loadthumbnail.php?id=11461312&width=113 HTTP/1.1" 200 3416 "http://renault.activities.at/result?searchterm=true&search=Poster" "Mozilla/5.0 (Windows NT 6.1; Win64; x64) AppleWebKit/537.36 (KHTML, like Gecko) Chrome/64.0.3282.186 Safari/537.36"
212.186.92.126 - - [19/Mar/2018:14:35:44 +0100] "GET /loadthumbnail.php?id=11487305&width=113 HTTP/1.1" 200 39775 "http://renault.activities.at/result?searchterm=true&search=Poster" "Mozilla/5.0 (Windows NT 6.1; Win64; x64) AppleWebKit/537.36 (KHTML, like Gecko) Chrome/64.0.3282.186 Safari/537.36"
212.186.92.126 - - [19/Mar/2018:14:35:44 +0100] "GET /loadthumbnail.php?id=11461316&width=113 HTTP/1.1" 200 2946 "http://renault.activities.at/result?searchterm=true&search=Poster" "Mozilla/5.0 (Windows NT 6.1; Win64; x64) AppleWebKit/537.36 (KHTML, like Gecko) Chrome/64.0.3282.186 Safari/537.36"
