212.186.92.126 - - [19/Mar/2018:14:35:44 +0100] "GET /loadthumbnail.php?id=11461320&width=113 HTTP/1.1" 200 3915 "http://renault.activities.at/result?searchterm=true&search=Poster" "Mozilla/5.0 (Windows NT 6.1; Win64; x64) AppleWebKit/537.36 (KHTML, like Gecko) Chrome/64.0.3282.186 Safari/537.36"
212.186.92.126 - - [19/Mar/2018:14:35:44 +0100] "GET /loadthumbnail.php?id=11461324&width=113 HTTP/1.1" 200 3624 "http://renault.activities.at/result?searchterm=true&search=Poster" "Mozilla/5.0 (Windows NT 6.1; Win64; x64) AppleWebKit/537.36 (KHTML, like Gecko) Chrome/64.0.3282.186 Safari/537.36"
212.186.92.126 - - [19/Mar/2018:14:35:44 +0100] "GET /loadthumbnail.php?id=11659630&width=113 HTTP/1.1" 200 2737 "http://renault.activities.at/result?searchterm=true&search=Poster" "Mozilla/5.0 (Windows NT 6.1; Win64; x64) AppleWebKit/537.36 (KHTML, like Gecko) Chrome/64.0.3282.186 Safari/537.36"
80.123.225.34 - - [19/Mar/2018:14:35:46 +0100] "GET /reload?ser=1521466545083 HTTP/1.1" 200 28 "http://renault.activities.at/" "Mozilla/5.0 (compatible; MSIE 10.0; Windows NT 6.1; WOW64; Trident/6.0)"
80.123.225.34 - - [19/Mar/2018:14:36:24 +0100] "GET /reload?ser=1521466584432 HTTP/1.1" 200 28 "http://renault.activities.at/" "Mozilla/5.0 (compatible; MSIE 10.0; Windows NT 6.1; Trident/6.0)"
193.194.132.79 - - [19/Mar/2018:14:36:43 +0100] "GET /reload?ser=1521466603249 HTTP/1.1" 200 28 "http://renault.2web.at/10260257?dir=DESC&mode=grid&order=name&limit=15&page=1" "Mozilla/5.0 (Windows NT 6.1; WOW64; Trident/7.0; rv:11.0) like Gecko"
212.186.92.126 - - [19/Mar/2018:14:36:44 +0100] "GET /reload?ser=1521466604836 HTTP/1.1" 200 28 "http://renault.activities.at/result?searchterm=true&search=Poster" "Mozilla/5.0 (Windows NT 6.1; Win64; x64) AppleWebKit/537.36 (KHTML, like Gecko) Chrome/64.0.3282.186 Safari/537.36"
80.123.225.34 - - [19/Mar/2018:14:36:48 +0100] "GET /reload?ser=1521466606101 HTTP/1.1" 200 28 "http://renault.activities.at/" "Mozilla/5.0 (compatible; MSIE 10.0; Windows NT 6.1; WOW64; Trident/6.0)"
80.123.225.34 - - [19/Mar/2018:14:37:24 +0100] "GET /reload?ser=1521466645094 HTTP/1.1" 200 28 "http://renault.activities.at/" "Mozilla/5.0 (compatible; MSIE 10.0; Windows NT 6.1; Trident/6.0)"
193.194.132.79 - - [19/Mar/2018:14:37:44 +0100] "GET /reload?ser=1521466664342 HTTP/1.1" 200 28 "http://renault.2web.at/10260257?dir=DESC&mode=grid&order=name&limit=15&page=1" "Mozilla/5.0 (Windows NT 6.1; WOW64; Trident/7.0; rv:11.0) like Gecko"
212.186.92.126 - - [19/Mar/2018:14:37:45 +0100] "GET /reload?ser=1521466665852 HTTP/1.1" 200 28 "http://renault.activities.at/result?searchterm=true&search=Poster" "Mozilla/5.0 (Windows NT 6.1; Win64; x64) AppleWebKit/537.36 (KHTML, like Gecko) Chrome/64.0.3282.186 Safari/537.36"
80.123.225.34 - - [19/Mar/2018:14:37:48 +0100] "GET /reload?ser=1521466667078 HTTP/1.1" 200 28 "http://renault.activities.at/" "Mozilla/5.0 (compatible; MSIE 10.0; Windows NT 6.1; WOW64; Trident/6.0)"
80.123.225.34 - - [19/Mar/2018:14:38:25 +0100] "GET /reload?ser=1521466705754 HTTP/1.1" 200 28 "http://renault.activities.at/" "Mozilla/5.0 (compatible; MSIE 10.0; Windows NT 6.1; Trident/6.0)"
193.194.132.79 - - [19/Mar/2018:14:38:45 +0100] "GET /reload?ser=1521466725449 HTTP/1.1" 200 28 "http://renault.2web.at/10260257?dir=DESC&mode=grid&order=name&limit=15&page=1" "Mozilla/5.0 (Windows NT 6.1; WOW64; Trident/7.0; rv:11.0) like Gecko"
212.186.92.126 - - [19/Mar/2018:14:38:46 +0100] "GET /result?dir=DESC&mode=grid&order=name&limit=15&page=2&search=Poster HTTP/1.1" 200 8523 "http://renault.activities.at/result?searchterm=true&search=Poster" "Mozilla/5.0 (Windows NT 6.1; Win64; x64) AppleWebKit/537.36 (KHTML, like Gecko) Chrome/64.0.3282.186 Safari/537.36"
212.186.92.126 - - [19/Mar/2018:14:38:49 +0100] "GET /loadthumbnail.php?id=10203275 HTTP/1.1" 200 85 "http://renault.activities.at/result?dir=DESC&mode=grid&order=name&limit=15&page=2&search=Poster" "Mozilla/5.0 (Windows NT 6.1; Win64; x64) AppleWebKit/537.36 (KHTML, like Gecko) Chrome/64.0.3282.186 Safari/537.36"
212.186.92.126 - - [19/Mar/2018:14:38:49 +0100] "GET /loadthumbnail.php?id=11036884&width=113 HTTP/1.1" 200 3146 "http://renault.activities.at/result?dir=DESC&mode=grid&order=name&limit=15&page=2&search=Poster" "Mozilla/5.0 (Windows NT 6.1; Win64; x64) AppleWebKit/537.36 (KHTML, like Gecko) Chrome/64.0.3282.186 Safari/537.36"
212.186.92.126 - - [19/Mar/2018:14:38:49 +0100] "GET /loadthumbnail.php?id=11128108&width=113 HTTP/1.1" 200 2522 "http://renault.activities.at/result?dir=DESC&mode=grid&order=name&limit=15&page=2&search=Poster" "Mozilla/5.0 (Windows NT 6.1; Win64; x64) AppleWebKit/537.36 (KHTML, like Gecko) Chrome/64.0.3282.186 Safari/537.36"
212.186.92.126 - - [19/Mar/2018:14:38:49 +0100] "GET /loadthumbnail.php?id=11293735&width=113 HTTP/1.1" 200 3795 "http://renault.activities.at/result?dir=DESC&mode=grid&order=name&limit=15&page=2&search=Poster" "Mozilla/5.0 (Windows NT 6.1; Win64; x64) AppleWebKit/537.36 (KHTML, like Gecko) Chrome/64.0.3282.186 Safari/537.36"
212.186.92.126 - - [19/Mar/2018:14:38:49 +0100] "GET /loadthumbnail.php?id=11657968&width=113 HTTP/1.1" 200 3164 "http://renault.activities.at/result?dir=DESC&mode=grid&order=name&limit=15&page=2&search=Poster" "Mozilla/5.0 (Windows NT 6.1; Win64; x64) AppleWebKit/537.36 (KHTML, like Gecko) Chrome/64.0.3282.186 Safari/537.36"
212.186.92.126 - - [19/Mar/2018:14:38:49 +0100] "GET /loadthumbnail.php?id=11314589&width=113 HTTP/1.1" 200 3055 "http://renault.activities.at/result?dir=DESC&mode=grid&order=name&limit=15&page=2&search=Poster" "Mozilla/5.0 (Windows NT 6.1; Win64; x64) AppleWebKit/537.36 (KHTML, like Gecko) Chrome/64.0.3282.186 Safari/537.36"
212.186.92.126 - - [19/Mar/2018:14:38:49 +0100] "GET /loadthumbnail.php?id=11418135&width=113 HTTP/1.1" 200 4142 "http://renault.activities.at/result?dir=DESC&mode=grid&order=name&limit=15&page=2&search=Poster" "Mozilla/5.0 (Windows NT 6.1; Win64; x64) AppleWebKit/537.36 (KHTML, like Gecko) Chrome/64.0.3282.186 Safari/537.36"
212.186.92.126 - - [19/Mar/2018:14:38:49 +0100] "GET /loadthumbnail.php?id=11349155&width=113 HTTP/1.1" 200 2814 "http://renault.activities.at/result?dir=DESC&mode=grid&order=name&limit=15&page=2&search=Poster" "Mozilla/5.0 (Windows NT 6.1; Win64; x64) AppleWebKit/537.36 (KHTML, like Gecko) Chrome/64.0.3282.186 Safari/537.36"
212.186.92.126 - - [19/Mar/2018:14:38:49 +0100] "GET /loadthumbnail.php?id=10259680&width=113 HTTP/1.1" 200 1966 "http://renault.activities.at/result?dir=DESC&mode=grid&order=name&limit=15&page=2&search=Poster" "Mozilla/5.0 (Windows NT 6.1; Win64; x64) AppleWebKit/537.36 (KHTML, like Gecko) Chrome/64.0.3282.186 Safari/537.36"
212.186.92.126 - - [19/Mar/2018:14:38:49 +0100] "GET /loadthumbnail.php?id=11470095&width=113 HTTP/1.1" 200 5019 "http://renault.activities.at/result?dir=DESC&mode=grid&order=name&limit=15&page=2&search=Poster" "Mozilla/5.0 (Windows NT 6.1; Win64; x64) AppleWebKit/537.36 (KHTML, like Gecko) Chrome/64.0.3282.186 Safari/537.36"
212.186.92.126 - - [19/Mar/2018:14:38:49 +0100] "GET /loadthumbnail.php?id=11637897&width=113 HTTP/1.1" 200 4026 "http://renault.activities.at/result?dir=DESC&mode=grid&order=name&limit=15&page=2&search=Poster" "Mozilla/5.0 (Windows NT 6.1; Win64; x64) AppleWebKit/537.36 (KHTML, like Gecko) Chrome/64.0.3282.186 Safari/537.36"
212.186.92.126 - - [19/Mar/2018:14:38:49 +0100] "GET /loadthumbnail.php?id=11630007&width=113 HTTP/1.1" 200 4354 "http://renault.activities.at/result?dir=DESC&mode=grid&order=name&limit=15&page=2&search=Poster" "Mozilla/5.0 (Windows NT 6.1; Win64; x64) AppleWebKit/537.36 (KHTML, like Gecko) Chrome/64.0.3282.186 Safari/537.36"
212.186.92.126 - - [19/Mar/2018:14:38:46 +0100] "GET /reload?ser=1521466726863 HTTP/1.1" 200 28 "http://renault.activities.at/result?searchterm=true&search=Poster" "Mozilla/5.0 (Windows NT 6.1; Win64; x64) AppleWebKit/537.36 (KHTML, like Gecko) Chrome/64.0.3282.186 Safari/537.36"
212.186.92.126 - - [19/Mar/2018:14:38:49 +0100] "GET /loadthumbnail.php?id=11054131&width=113 HTTP/1.1" 200 2972 "http://renault.activities.at/result?dir=DESC&mode=grid&order=name&limit=15&page=2&search=Poster" "Mozilla/5.0 (Windows NT 6.1; Win64; x64) AppleWebKit/537.36 (KHTML, like Gecko) Chrome/64.0.3282.186 Safari/537.36"
212.186.92.126 - - [19/Mar/2018:14:38:49 +0100] "GET /loadthumbnail.php?id=11665065&width=113 HTTP/1.1" 200 2677 "http://renault.activities.at/result?dir=DESC&mode=grid&order=name&limit=15&page=2&search=Poster" "Mozilla/5.0 (Windows NT 6.1; Win64; x64) AppleWebKit/537.36 (KHTML, like Gecko) Chrome/64.0.3282.186 Safari/537.36"
212.186.92.126 - - [19/Mar/2018:14:38:49 +0100] "GET /loadthumbnail.php?id=11665066&width=113 HTTP/1.1" 200 4533 "http://renault.activities.at/result?dir=DESC&mode=grid&order=name&limit=15&page=2&search=Poster" "Mozilla/5.0 (Windows NT 6.1; Win64; x64) AppleWebKit/537.36 (KHTML, like Gecko) Chrome/64.0.3282.186 Safari/537.36"
212.186.92.126 - - [19/Mar/2018:14:38:50 +0100] "GET /loadthumbnail.php?id=11314590&width=113 HTTP/1.1" 200 2831 "http://renault.activities.at/result?dir=DESC&mode=grid&order=name&limit=15&page=2&search=Poster" "Mozilla/5.0 (Windows NT 6.1; Win64; x64) AppleWebKit/537.36 (KHTML, like Gecko) Chrome/64.0.3282.186 Safari/537.36"
80.123.225.34 - - [19/Mar/2018:14:38:49 +0100] "GET /reload?ser=1521466728071 HTTP/1.1" 200 28 "http://renault.activities.at/" "Mozilla/5.0 (compatible; MSIE 10.0; Windows NT 6.1; WOW64; Trident/6.0)"
212.186.92.126 - - [19/Mar/2018:14:39:03 +0100] "POST /result?dir=DESC&mode=grid&order=name&limit=15&page=2&search=Poster HTTP/1.1" 200 8706 "http://renault.activities.at/result?dir=DESC&mode=grid&order=name&limit=15&page=2&search=Poster" "Mozilla/5.0 (Windows NT 6.1; Win64; x64) AppleWebKit/537.36 (KHTML, like Gecko) Chrome/64.0.3282.186 Safari/537.36"
212.186.92.126 - - [19/Mar/2018:14:39:10 +0100] "GET /result?dir=DESC&mode=grid&order=name&limit=15&page=3&search=Poster HTTP/1.1" 200 8543 "http://renault.activities.at/result?dir=DESC&mode=grid&order=name&limit=15&page=2&search=Poster" "Mozilla/5.0 (Windows NT 6.1; Win64; x64) AppleWebKit/537.36 (KHTML, like Gecko) Chrome/64.0.3282.186 Safari/537.36"
212.186.92.126 - - [19/Mar/2018:14:39:13 +0100] "GET /loadthumbnail.php?id=11532185&width=113 HTTP/1.1" 200 2800 "http://renault.activities.at/result?dir=DESC&mode=grid&order=name&limit=15&page=3&search=Poster" "Mozilla/5.0 (Windows NT 6.1; Win64; x64) AppleWebKit/537.36 (KHTML, like Gecko) Chrome/64.0.3282.186 Safari/537.36"
212.186.92.126 - - [19/Mar/2018:14:39:13 +0100] "GET /loadthumbnail.php?id=11590238&width=113 HTTP/1.1" 200 4353 "http://renault.activities.at/result?dir=DESC&mode=grid&order=name&limit=15&page=3&search=Poster" "Mozilla/5.0 (Windows NT 6.1; Win64; x64) AppleWebKit/537.36 (KHTML, like Gecko) Chrome/64.0.3282.186 Safari/537.36"
212.186.92.126 - - [19/Mar/2018:14:39:13 +0100] "GET /loadthumbnail.php?id=11314596&width=113 HTTP/1.1" 200 2432 "http://renault.activities.at/result?dir=DESC&mode=grid&order=name&limit=15&page=3&search=Poster" "Mozilla/5.0 (Windows NT 6.1; Win64; x64) AppleWebKit/537.36 (KHTML, like Gecko) Chrome/64.0.3282.186 Safari/537.36"
212.186.92.126 - - [19/Mar/2018:14:39:13 +0100] "GET /loadthumbnail.php?id=10836220&width=113 HTTP/1.1" 200 4675 "http://renault.activities.at/result?dir=DESC&mode=grid&order=name&limit=15&page=3&search=Poster" "Mozilla/5.0 (Windows NT 6.1; Win64; x64) AppleWebKit/537.36 (KHTML, like Gecko) Chrome/64.0.3282.186 Safari/537.36"
212.186.92.126 - - [19/Mar/2018:14:39:13 +0100] "GET /loadthumbnail.php?id=11314594&width=113 HTTP/1.1" 200 4859 "http://renault.activities.at/result?dir=DESC&mode=grid&order=name&limit=15&page=3&search=Poster" "Mozilla/5.0 (Windows NT 6.1; Win64; x64) AppleWebKit/537.36 (KHTML, like Gecko) Chrome/64.0.3282.186 Safari/537.36"
212.186.92.126 - - [19/Mar/2018:14:39:13 +0100] "GET /loadthumbnail.php?id=11314595&width=113 HTTP/1.1" 200 2441 "http://renault.activities.at/result?dir=DESC&mode=grid&order=name&limit=15&page=3&search=Poster" "Mozilla/5.0 (Windows NT 6.1; Win64; x64) AppleWebKit/537.36 (KHTML, like Gecko) Chrome/64.0.3282.186 Safari/537.36"
212.186.92.126 - - [19/Mar/2018:14:39:13 +0100] "GET /loadthumbnail.php?id=11322202&width=113 HTTP/1.1" 200 2750 "http://renault.activities.at/result?dir=DESC&mode=grid&order=name&limit=15&page=3&search=Poster" "Mozilla/5.0 (Windows NT 6.1; Win64; x64) AppleWebKit/537.36 (KHTML, like Gecko) Chrome/64.0.3282.186 Safari/537.36"
212.186.92.126 - - [19/Mar/2018:14:39:13 +0100] "GET /loadthumbnail.php?id=11418147&width=113 HTTP/1.1" 200 4073 "http://renault.activities.at/result?dir=DESC&mode=grid&order=name&limit=15&page=3&search=Poster" "Mozilla/5.0 (Windows NT 6.1; Win64; x64) AppleWebKit/537.36 (KHTML, like Gecko) Chrome/64.0.3282.186 Safari/537.36"
212.186.92.126 - - [19/Mar/2018:14:39:13 +0100] "GET /loadthumbnail.php?id=11418151&width=113 HTTP/1.1" 200 4053 "http://renault.activities.at/result?dir=DESC&mode=grid&order=name&limit=15&page=3&search=Poster" "Mozilla/5.0 (Windows NT 6.1; Win64; x64) AppleWebKit/537.36 (KHTML, like Gecko) Chrome/64.0.3282.186 Safari/537.36"
212.186.92.126 - - [19/Mar/2018:14:39:13 +0100] "GET /loadthumbnail.php?id=11076382&width=113 HTTP/1.1" 200 3045 "http://renault.activities.at/result?dir=DESC&mode=grid&order=name&limit=15&page=3&search=Poster" "Mozilla/5.0 (Windows NT 6.1; Win64; x64) AppleWebKit/537.36 (KHTML, like Gecko) Chrome/64.0.3282.186 Safari/537.36"
212.186.92.126 - - [19/Mar/2018:14:39:13 +0100] "GET /loadthumbnail.php?id=11322203&width=113 HTTP/1.1" 200 3176 "http://renault.activities.at/result?dir=DESC&mode=grid&order=name&limit=15&page=3&search=Poster" "Mozilla/5.0 (Windows NT 6.1; Win64; x64) AppleWebKit/537.36 (KHTML, like Gecko) Chrome/64.0.3282.186 Safari/537.36"
212.186.92.126 - - [19/Mar/2018:14:39:13 +0100] "GET /loadthumbnail.php?id=11076384&width=113 HTTP/1.1" 200 3033 "http://renault.activities.at/result?dir=DESC&mode=grid&order=name&limit=15&page=3&search=Poster" "Mozilla/5.0 (Windows NT 6.1; Win64; x64) AppleWebKit/537.36 (KHTML, like Gecko) Chrome/64.0.3282.186 Safari/537.36"
212.186.92.126 - - [19/Mar/2018:14:39:13 +0100] "GET /loadthumbnail.php?id=11627282&width=113 HTTP/1.1" 200 18342 "http://renault.activities.at/result?dir=DESC&mode=grid&order=name&limit=15&page=3&search=Poster" "Mozilla/5.0 (Windows NT 6.1; Win64; x64) AppleWebKit/537.36 (KHTML, like Gecko) Chrome/64.0.3282.186 Safari/537.36"
212.186.92.126 - - [19/Mar/2018:14:39:13 +0100] "GET /loadthumbnail.php?id=11493374&width=113 HTTP/1.1" 200 3339 "http://renault.activities.at/result?dir=DESC&mode=grid&order=name&limit=15&page=3&search=Poster" "Mozilla/5.0 (Windows NT 6.1; Win64; x64) AppleWebKit/537.36 (KHTML, like Gecko) Chrome/64.0.3282.186 Safari/537.36"
212.186.92.126 - - [19/Mar/2018:14:39:13 +0100] "GET /loadthumbnail.php?id=11314591&width=113 HTTP/1.1" 200 2647 "http://renault.activities.at/result?dir=DESC&mode=grid&order=name&limit=15&page=3&search=Poster" "Mozilla/5.0 (Windows NT 6.1; Win64; x64) AppleWebKit/537.36 (KHTML, like Gecko) Chrome/64.0.3282.186 Safari/537.36"
80.123.225.34 - - [19/Mar/2018:14:39:26 +0100] "GET /reload?ser=1521466766447 HTTP/1.1" 200 28 "http://renault.activities.at/" "Mozilla/5.0 (compatible; MSIE 10.0; Windows NT 6.1; Trident/6.0)"
193.194.132.79 - - [19/Mar/2018:14:39:46 +0100] "GET /reload?ser=1521466786570 HTTP/1.1" 200 28 "http://renault.2web.at/10260257?dir=DESC&mode=grid&order=name&limit=15&page=1" "Mozilla/5.0 (Windows NT 6.1; WOW64; Trident/7.0; rv:11.0) like Gecko"
80.123.225.34 - - [19/Mar/2018:14:39:50 +0100] "GET /reload?ser=1521466789061 HTTP/1.1" 200 28 "http://renault.activities.at/" "Mozilla/5.0 (compatible; MSIE 10.0; Windows NT 6.1; WOW64; Trident/6.0)"
212.186.92.126 - - [19/Mar/2018:14:40:14 +0100] "GET /reload?ser=1521466814041 HTTP/1.1" 200 28 "http://renault.activities.at/result?dir=DESC&mode=grid&order=name&limit=15&page=3&search=Poster" "Mozilla/5.0 (Windows NT 6.1; Win64; x64) AppleWebKit/537.36 (KHTML, like Gecko) Chrome/64.0.3282.186 Safari/537.36"
80.123.225.34 - - [19/Mar/2018:14:40:26 +0100] "GET /reload?ser=1521466827120 HTTP/1.1" 200 28 "http://renault.activities.at/" "Mozilla/5.0 (compatible; MSIE 10.0; Windows NT 6.1; Trident/6.0)"
193.194.132.79 - - [19/Mar/2018:14:40:47 +0100] "GET /reload?ser=1521466847669 HTTP/1.1" 200 28 "http://renault.2web.at/10260257?dir=DESC&mode=grid&order=name&limit=15&page=1" "Mozilla/5.0 (Windows NT 6.1; WOW64; Trident/7.0; rv:11.0) like Gecko"
80.123.225.34 - - [19/Mar/2018:14:40:51 +0100] "GET /reload?ser=1521466850038 HTTP/1.1" 200 28 "http://renault.activities.at/" "Mozilla/5.0 (compatible; MSIE 10.0; Windows NT 6.1; WOW64; Trident/6.0)"
212.186.92.126 - - [19/Mar/2018:14:40:53 +0100] "GET /11319812?print=true HTTP/1.1" 200 2640 "http://renault.activities.at/result?dir=DESC&mode=grid&order=name&limit=15&page=3&search=Poster" "Mozilla/5.0 (Windows NT 6.1; Win64; x64) AppleWebKit/537.36 (KHTML, like Gecko) Chrome/64.0.3282.186 Safari/537.36"
212.186.92.126 - - [19/Mar/2018:14:40:56 +0100] "GET /loadthumbnail.php?id=11322202&width=250 HTTP/1.1" 200 7918 "http://renault.activities.at/11319812?print=true" "Mozilla/5.0 (Windows NT 6.1; Win64; x64) AppleWebKit/537.36 (KHTML, like Gecko) Chrome/64.0.3282.186 Safari/537.36"
212.186.92.126 - - [19/Mar/2018:14:40:56 +0100] "GET /loadthumbnail.php?id=11322202&width=900&height=900 HTTP/1.1" 200 74751 "http://renault.activities.at/11319812?print=true" "Mozilla/5.0 (Windows NT 6.1; Win64; x64) AppleWebKit/537.36 (KHTML, like Gecko) Chrome/64.0.3282.186 Safari/537.36"
212.186.92.126 - - [19/Mar/2018:14:41:09 +0100] "GET /11319812?print=true HTTP/1.1" 200 2640 "http://renault.activities.at/result?dir=DESC&mode=grid&order=name&limit=15&page=3&search=Poster" "Mozilla/5.0 (Windows NT 6.1; Win64; x64) AppleWebKit/537.36 (KHTML, like Gecko) Chrome/64.0.3282.186 Safari/537.36"
212.186.92.126 - - [19/Mar/2018:14:41:15 +0100] "GET /reload?ser=1521466875002 HTTP/1.1" 200 28 "http://renault.activities.at/result?dir=DESC&mode=grid&order=name&limit=15&page=3&search=Poster" "Mozilla/5.0 (Windows NT 6.1; Win64; x64) AppleWebKit/537.36 (KHTML, like Gecko) Chrome/64.0.3282.186 Safari/537.36"
80.123.225.34 - - [19/Mar/2018:14:41:27 +0100] "GET /reload?ser=1521466887783 HTTP/1.1" 200 28 "http://renault.activities.at/" "Mozilla/5.0 (compatible; MSIE 10.0; Windows NT 6.1; Trident/6.0)"
212.186.92.126 - - [19/Mar/2018:14:41:33 +0100] "POST /result?dir=DESC&mode=grid&order=name&limit=15&page=3&search=Poster HTTP/1.1" 200 8646 "http://renault.activities.at/result?dir=DESC&mode=grid&order=name&limit=15&page=3&search=Poster" "Mozilla/5.0 (Windows NT 6.1; Win64; x64) AppleWebKit/537.36 (KHTML, like Gecko) Chrome/64.0.3282.186 Safari/537.36"
212.186.92.126 - - [19/Mar/2018:14:41:39 +0100] "GET /checkout HTTP/1.1" 200 20000 "http://renault.activities.at/result?dir=DESC&mode=grid&order=name&limit=15&page=3&search=Poster" "Mozilla/5.0 (Windows NT 6.1; Win64; x64) AppleWebKit/537.36 (KHTML, like Gecko) Chrome/64.0.3282.186 Safari/537.36"
212.186.92.126 - - [19/Mar/2018:14:41:44 +0100] "GET /loadthumbnail.php?id=10201939 HTTP/1.1" 200 201 "http://renault.activities.at/checkout" "Mozilla/5.0 (Windows NT 6.1; Win64; x64) AppleWebKit/537.36 (KHTML, like Gecko) Chrome/64.0.3282.186 Safari/537.36"
212.186.92.126 - - [19/Mar/2018:14:41:44 +0100] "GET /loadthumbnail.php?id=10202698 HTTP/1.1" 200 16686 "http://renault.activities.at/checkout" "Mozilla/5.0 (Windows NT 6.1; Win64; x64) AppleWebKit/537.36 (KHTML, like Gecko) Chrome/64.0.3282.186 Safari/537.36"
193.194.132.79 - - [19/Mar/2018:14:41:48 +0100] "GET /reload?ser=1521466908753 HTTP/1.1" 200 28 "http://renault.2web.at/10260257?dir=DESC&mode=grid&order=name&limit=15&page=1" "Mozilla/5.0 (Windows NT 6.1; WOW64; Trident/7.0; rv:11.0) like Gecko"
212.186.92.126 - - [19/Mar/2018:14:41:46 +0100] "POST /docheckout HTTP/1.1" 200 457 "http://renault.activities.at/checkout" "Mozilla/5.0 (Windows NT 6.1; Win64; x64) AppleWebKit/537.36 (KHTML, like Gecko) Chrome/64.0.3282.186 Safari/537.36"
212.186.92.126 - - [19/Mar/2018:14:41:50 +0100] "POST /docheckout HTTP/1.1" 200 651 "http://renault.activities.at/checkout" "Mozilla/5.0 (Windows NT 6.1; Win64; x64) AppleWebKit/537.36 (KHTML, like Gecko) Chrome/64.0.3282.186 Safari/537.36"
80.123.225.34 - - [19/Mar/2018:14:41:52 +0100] "GET /reload?ser=1521466911070 HTTP/1.1" 200 28 "http://renault.activities.at/" "Mozilla/5.0 (compatible; MSIE 10.0; Windows NT 6.1; WOW64; Trident/6.0)"
212.186.92.126 - - [19/Mar/2018:14:41:55 +0100] "POST /docheckout HTTP/1.1" 200 68 "http://renault.activities.at/checkout" "Mozilla/5.0 (Windows NT 6.1; Win64; x64) AppleWebKit/537.36 (KHTML, like Gecko) Chrome/64.0.3282.186 Safari/537.36"
212.186.92.126 - - [19/Mar/2018:14:41:58 +0100] "GET /success HTTP/1.1" 200 3782 "http://renault.activities.at/checkout" "Mozilla/5.0 (Windows NT 6.1; Win64; x64) AppleWebKit/537.36 (KHTML, like Gecko) Chrome/64.0.3282.186 Safari/537.36"
212.186.92.126 - - [19/Mar/2018:14:42:02 +0100] "GET /11761581?print=true HTTP/1.1" 200 2084 "http://renault.activities.at/success" "Mozilla/5.0 (Windows NT 6.1; Win64; x64) AppleWebKit/537.36 (KHTML, like Gecko) Chrome/64.0.3282.186 Safari/537.36"
212.186.92.126 - - [19/Mar/2018:14:42:22 +0100] "GET /logout HTTP/1.1" 302 140 "http://renault.activities.at/success" "Mozilla/5.0 (Windows NT 6.1; Win64; x64) AppleWebKit/537.36 (KHTML, like Gecko) Chrome/64.0.3282.186 Safari/537.36"
212.186.92.126 - - [19/Mar/2018:14:42:23 +0100] "GET /logout HTTP/1.1" 200 1583 "http://renault.activities.at/success" "Mozilla/5.0 (Windows NT 6.1; Win64; x64) AppleWebKit/537.36 (KHTML, like Gecko) Chrome/64.0.3282.186 Safari/537.36"
80.123.225.34 - - [19/Mar/2018:14:42:28 +0100] "GET /reload?ser=1521466948439 HTTP/1.1" 200 28 "http://renault.activities.at/" "Mozilla/5.0 (compatible; MSIE 10.0; Windows NT 6.1; Trident/6.0)"
193.194.132.79 - - [19/Mar/2018:14:42:49 +0100] "GET /reload?ser=1521466969791 HTTP/1.1" 200 28 "http://renault.2web.at/10260257?dir=DESC&mode=grid&order=name&limit=15&page=1" "Mozilla/5.0 (Windows NT 6.1; WOW64; Trident/7.0; rv:11.0) like Gecko"
80.123.225.34 - - [19/Mar/2018:14:42:53 +0100] "GET /reload?ser=1521466972019 HTTP/1.1" 200 28 "http://renault.activities.at/" "Mozilla/5.0 (compatible; MSIE 10.0; Windows NT 6.1; WOW64; Trident/6.0)"
80.123.225.34 - - [19/Mar/2018:14:43:28 +0100] "GET /reload?ser=1521467009101 HTTP/1.1" 200 28 "http://renault.activities.at/" "Mozilla/5.0 (compatible; MSIE 10.0; Windows NT 6.1; Trident/6.0)"
193.194.132.79 - - [19/Mar/2018:14:43:51 +0100] "GET /reload?ser=1521467030859 HTTP/1.1" 200 28 "http://renault.2web.at/10260257?dir=DESC&mode=grid&order=name&limit=15&page=1" "Mozilla/5.0 (Windows NT 6.1; WOW64; Trident/7.0; rv:11.0) like Gecko"
80.123.225.34 - - [19/Mar/2018:14:43:54 +0100] "GET /reload?ser=1521467033020 HTTP/1.1" 200 28 "http://renault.activities.at/" "Mozilla/5.0 (compatible; MSIE 10.0; Windows NT 6.1; WOW64; Trident/6.0)"
80.123.225.34 - - [19/Mar/2018:14:44:29 +0100] "GET /reload?ser=1521467069760 HTTP/1.1" 200 28 "http://renault.activities.at/" "Mozilla/5.0 (compatible; MSIE 10.0; Windows NT 6.1; Trident/6.0)"
193.194.132.79 - - [19/Mar/2018:14:44:52 +0100] "GET /reload?ser=1521467091955 HTTP/1.1" 200 28 "http://renault.2web.at/10260257?dir=DESC&mode=grid&order=name&limit=15&page=1" "Mozilla/5.0 (Windows NT 6.1; WOW64; Trident/7.0; rv:11.0) like Gecko"
80.123.225.34 - - [19/Mar/2018:14:44:55 +0100] "GET /reload?ser=1521467094005 HTTP/1.1" 200 28 "http://renault.activities.at/" "Mozilla/5.0 (compatible; MSIE 10.0; Windows NT 6.1; WOW64; Trident/6.0)"
80.123.225.34 - - [19/Mar/2018:14:45:30 +0100] "GET /reload?ser=1521467130421 HTTP/1.1" 200 28 "http://renault.activities.at/" "Mozilla/5.0 (compatible; MSIE 10.0; Windows NT 6.1; Trident/6.0)"
193.194.132.79 - - [19/Mar/2018:14:45:53 +0100] "GET /reload?ser=1521467153142 HTTP/1.1" 200 28 "http://renault.2web.at/10260257?dir=DESC&mode=grid&order=name&limit=15&page=1" "Mozilla/5.0 (Windows NT 6.1; WOW64; Trident/7.0; rv:11.0) like Gecko"
80.123.225.34 - - [19/Mar/2018:14:45:56 +0100] "GET /reload?ser=1521467154980 HTTP/1.1" 200 28 "http://renault.activities.at/" "Mozilla/5.0 (compatible; MSIE 10.0; Windows NT 6.1; WOW64; Trident/6.0)"
80.123.225.34 - - [19/Mar/2018:14:46:30 +0100] "GET /reload?ser=1521467191097 HTTP/1.1" 200 28 "http://renault.activities.at/" "Mozilla/5.0 (compatible; MSIE 10.0; Windows NT 6.1; Trident/6.0)"
193.194.132.79 - - [19/Mar/2018:14:46:54 +0100] "GET /reload?ser=1521467214212 HTTP/1.1" 200 28 "http://renault.2web.at/10260257?dir=DESC&mode=grid&order=name&limit=15&page=1" "Mozilla/5.0 (Windows NT 6.1; WOW64; Trident/7.0; rv:11.0) like Gecko"
80.123.225.34 - - [19/Mar/2018:14:46:57 +0100] "GET /reload?ser=1521467216012 HTTP/1.1" 200 28 "http://renault.activities.at/" "Mozilla/5.0 (compatible; MSIE 10.0; Windows NT 6.1; WOW64; Trident/6.0)"
80.123.225.34 - - [19/Mar/2018:14:47:31 +0100] "GET /reload?ser=1521467251775 HTTP/1.1" 200 28 "http://renault.activities.at/" "Mozilla/5.0 (compatible; MSIE 10.0; Windows NT 6.1; Trident/6.0)"
193.194.132.79 - - [19/Mar/2018:14:47:55 +0100] "GET /reload?ser=1521467275365 HTTP/1.1" 200 28 "http://renault.2web.at/10260257?dir=DESC&mode=grid&order=name&limit=15&page=1" "Mozilla/5.0 (Windows NT 6.1; WOW64; Trident/7.0; rv:11.0) like Gecko"
80.123.225.34 - - [19/Mar/2018:14:47:58 +0100] "GET /reload?ser=1521467277010 HTTP/1.1" 200 28 "http://renault.activities.at/" "Mozilla/5.0 (compatible; MSIE 10.0; Windows NT 6.1; WOW64; Trident/6.0)"
80.123.225.34 - - [19/Mar/2018:14:48:32 +0100] "GET /reload?ser=1521467312450 HTTP/1.1" 200 28 "http://renault.activities.at/" "Mozilla/5.0 (compatible; MSIE 10.0; Windows NT 6.1; Trident/6.0)"
193.194.132.79 - - [19/Mar/2018:14:48:56 +0100] "GET /reload?ser=1521467336452 HTTP/1.1" 200 28 "http://renault.2web.at/10260257?dir=DESC&mode=grid&order=name&limit=15&page=1" "Mozilla/5.0 (Windows NT 6.1; WOW64; Trident/7.0; rv:11.0) like Gecko"
80.123.225.34 - - [19/Mar/2018:14:48:59 +0100] "GET /reload?ser=1521467338003 HTTP/1.1" 200 28 "http://renault.activities.at/" "Mozilla/5.0 (compatible; MSIE 10.0; Windows NT 6.1; WOW64; Trident/6.0)"
80.123.225.34 - - [19/Mar/2018:14:49:32 +0100] "GET /reload?ser=1521467373108 HTTP/1.1" 200 28 "http://renault.activities.at/" "Mozilla/5.0 (compatible; MSIE 10.0; Windows NT 6.1; Trident/6.0)"
193.194.132.79 - - [19/Mar/2018:14:49:57 +0100] "GET /reload?ser=1521467397507 HTTP/1.1" 200 28 "http://renault.2web.at/10260257?dir=DESC&mode=grid&order=name&limit=15&page=1" "Mozilla/5.0 (Windows NT 6.1; WOW64; Trident/7.0; rv:11.0) like Gecko"
80.123.225.34 - - [19/Mar/2018:14:50:00 +0100] "GET /reload?ser=1521467399029 HTTP/1.1" 200 28 "http://renault.activities.at/" "Mozilla/5.0 (compatible; MSIE 10.0; Windows NT 6.1; WOW64; Trident/6.0)"
80.123.225.34 - - [19/Mar/2018:14:50:33 +0100] "GET /reload?ser=1521467433760 HTTP/1.1" 200 28 "http://renault.activities.at/" "Mozilla/5.0 (compatible; MSIE 10.0; Windows NT 6.1; Trident/6.0)"
193.194.132.79 - - [19/Mar/2018:14:50:58 +0100] "GET /reload?ser=1521467458601 HTTP/1.1" 200 28 "http://renault.2web.at/10260257?dir=DESC&mode=grid&order=name&limit=15&page=1" "Mozilla/5.0 (Windows NT 6.1; WOW64; Trident/7.0; rv:11.0) like Gecko"
80.123.225.34 - - [19/Mar/2018:14:51:01 +0100] "GET /reload?ser=1521467460020 HTTP/1.1" 200 28 "http://renault.activities.at/" "Mozilla/5.0 (compatible; MSIE 10.0; Windows NT 6.1; WOW64; Trident/6.0)"
80.123.225.34 - - [19/Mar/2018:14:51:34 +0100] "GET /reload?ser=1521467494418 HTTP/1.1" 200 28 "http://renault.activities.at/" "Mozilla/5.0 (compatible; MSIE 10.0; Windows NT 6.1; Trident/6.0)"
193.194.132.79 - - [19/Mar/2018:14:51:59 +0100] "GET /reload?ser=1521467519747 HTTP/1.1" 200 28 "http://renault.2web.at/10260257?dir=DESC&mode=grid&order=name&limit=15&page=1" "Mozilla/5.0 (Windows NT 6.1; WOW64; Trident/7.0; rv:11.0) like Gecko"
80.123.225.34 - - [19/Mar/2018:14:52:02 +0100] "GET /reload?ser=1521467521003 HTTP/1.1" 200 28 "http://renault.activities.at/" "Mozilla/5.0 (compatible; MSIE 10.0; Windows NT 6.1; WOW64; Trident/6.0)"
80.123.225.34 - - [19/Mar/2018:14:52:34 +0100] "GET /reload?ser=1521467555079 HTTP/1.1" 200 28 "http://renault.activities.at/" "Mozilla/5.0 (compatible; MSIE 10.0; Windows NT 6.1; Trident/6.0)"
193.194.132.79 - - [19/Mar/2018:14:53:00 +0100] "GET /reload?ser=1521467580854 HTTP/1.1" 200 28 "http://renault.2web.at/10260257?dir=DESC&mode=grid&order=name&limit=15&page=1" "Mozilla/5.0 (Windows NT 6.1; WOW64; Trident/7.0; rv:11.0) like Gecko"
80.123.225.34 - - [19/Mar/2018:14:53:03 +0100] "GET /reload?ser=1521467582041 HTTP/1.1" 200 28 "http://renault.activities.at/" "Mozilla/5.0 (compatible; MSIE 10.0; Windows NT 6.1; WOW64; Trident/6.0)"
80.123.225.34 - - [19/Mar/2018:14:53:35 +0100] "GET /reload?ser=1521467615741 HTTP/1.1" 200 28 "http://renault.activities.at/" "Mozilla/5.0 (compatible; MSIE 10.0; Windows NT 6.1; Trident/6.0)"
193.194.132.79 - - [19/Mar/2018:14:54:02 +0100] "GET /reload?ser=1521467641938 HTTP/1.1" 200 28 "http://renault.2web.at/10260257?dir=DESC&mode=grid&order=name&limit=15&page=1" "Mozilla/5.0 (Windows NT 6.1; WOW64; Trident/7.0; rv:11.0) like Gecko"
80.123.225.34 - - [19/Mar/2018:14:54:04 +0100] "GET /reload?ser=1521467643027 HTTP/1.1" 200 28 "http://renault.activities.at/" "Mozilla/5.0 (compatible; MSIE 10.0; Windows NT 6.1; WOW64; Trident/6.0)"
80.123.225.34 - - [19/Mar/2018:14:54:36 +0100] "GET /reload?ser=1521467676416 HTTP/1.1" 200 28 "http://renault.activities.at/" "Mozilla/5.0 (compatible; MSIE 10.0; Windows NT 6.1; Trident/6.0)"
193.194.132.79 - - [19/Mar/2018:14:55:03 +0100] "GET /reload?ser=1521467703029 HTTP/1.1" 200 28 "http://renault.2web.at/10260257?dir=DESC&mode=grid&order=name&limit=15&page=1" "Mozilla/5.0 (Windows NT 6.1; WOW64; Trident/7.0; rv:11.0) like Gecko"
80.123.225.34 - - [19/Mar/2018:14:55:05 +0100] "GET /reload?ser=1521467704026 HTTP/1.1" 200 28 "http://renault.activities.at/" "Mozilla/5.0 (compatible; MSIE 10.0; Windows NT 6.1; WOW64; Trident/6.0)"
80.123.225.34 - - [19/Mar/2018:14:55:36 +0100] "GET /reload?ser=1521467737085 HTTP/1.1" 200 28 "http://renault.activities.at/" "Mozilla/5.0 (compatible; MSIE 10.0; Windows NT 6.1; Trident/6.0)"
212.152.246.131 - - [19/Mar/2018:14:56:03 +0100] "GET / HTTP/1.1" 200 3692 "-" "Mozilla/5.0 (Windows NT 6.1; Win64; x64) AppleWebKit/537.36 (KHTML, like Gecko) Chrome/64.0.3282.186 Safari/537.36"
212.152.246.131 - - [19/Mar/2018:14:56:04 +0100] "GET /images/main_block_border.gif HTTP/1.1" 200 43 "http://renault.activities.at/css/styles.css" "Mozilla/5.0 (Windows NT 6.1; Win64; x64) AppleWebKit/537.36 (KHTML, like Gecko) Chrome/64.0.3282.186 Safari/537.36"
212.152.246.131 - - [19/Mar/2018:14:56:04 +0100] "GET /images/main_block_corner_left_bot.gif HTTP/1.1" 200 159 "http://renault.activities.at/css/styles.css" "Mozilla/5.0 (Windows NT 6.1; Win64; x64) AppleWebKit/537.36 (KHTML, like Gecko) Chrome/64.0.3282.186 Safari/537.36"
212.152.246.131 - - [19/Mar/2018:14:56:04 +0100] "GET /images/main_block_corner_right_bot.gif HTTP/1.1" 200 158 "http://renault.activities.at/css/styles.css" "Mozilla/5.0 (Windows NT 6.1; Win64; x64) AppleWebKit/537.36 (KHTML, like Gecko) Chrome/64.0.3282.186 Safari/537.36"
212.152.246.131 - - [19/Mar/2018:14:56:04 +0100] "GET /images/header_block_corner_left_top.gif HTTP/1.1" 200 160 "http://renault.activities.at/css/styles.css" "Mozilla/5.0 (Windows NT 6.1; Win64; x64) AppleWebKit/537.36 (KHTML, like Gecko) Chrome/64.0.3282.186 Safari/537.36"
212.152.246.131 - - [19/Mar/2018:14:56:04 +0100] "GET /images/header_block_corner_right_top.gif HTTP/1.1" 200 160 "http://renault.activities.at/css/styles.css" "Mozilla/5.0 (Windows NT 6.1; Win64; x64) AppleWebKit/537.36 (KHTML, like Gecko) Chrome/64.0.3282.186 Safari/537.36"
212.152.246.131 - - [19/Mar/2018:14:56:04 +0100] "GET /images/header_block_border.gif HTTP/1.1" 200 43 "http://renault.activities.at/css/styles.css" "Mozilla/5.0 (Windows NT 6.1; Win64; x64) AppleWebKit/537.36 (KHTML, like Gecko) Chrome/64.0.3282.186 Safari/537.36"
212.152.246.131 - - [19/Mar/2018:14:56:04 +0100] "GET /images/title_border_top.jpg HTTP/1.1" 200 336 "http://renault.activities.at/css/styles.css" "Mozilla/5.0 (Windows NT 6.1; Win64; x64) AppleWebKit/537.36 (KHTML, like Gecko) Chrome/64.0.3282.186 Safari/537.36"
212.152.246.131 - - [19/Mar/2018:14:56:04 +0100] "GET /images/title_border.jpg HTTP/1.1" 200 304 "http://renault.activities.at/css/styles.css" "Mozilla/5.0 (Windows NT 6.1; Win64; x64) AppleWebKit/537.36 (KHTML, like Gecko) Chrome/64.0.3282.186 Safari/537.36"
212.152.246.131 - - [19/Mar/2018:14:56:04 +0100] "GET /images/title_corner_right_top.jpg HTTP/1.1" 200 389 "http://renault.activities.at/css/styles.css" "Mozilla/5.0 (Windows NT 6.1; Win64; x64) AppleWebKit/537.36 (KHTML, like Gecko) Chrome/64.0.3282.186 Safari/537.36"
212.152.246.131 - - [19/Mar/2018:14:56:04 +0100] "GET /images/main_block_corner_right_top.gif HTTP/1.1" 200 159 "http://renault.activities.at/css/styles.css" "Mozilla/5.0 (Windows NT 6.1; Win64; x64) AppleWebKit/537.36 (KHTML, like Gecko) Chrome/64.0.3282.186 Safari/537.36"
212.152.246.131 - - [19/Mar/2018:14:56:04 +0100] "GET /images/title_corner_left_top.jpg HTTP/1.1" 200 372 "http://renault.activities.at/css/styles.css" "Mozilla/5.0 (Windows NT 6.1; Win64; x64) AppleWebKit/537.36 (KHTML, like Gecko) Chrome/64.0.3282.186 Safari/537.36"
212.152.246.131 - - [19/Mar/2018:14:56:04 +0100] "GET /images/main_block_corner_left_top.gif HTTP/1.1" 200 159 "http://renault.activities.at/css/styles.css" "Mozilla/5.0 (Windows NT 6.1; Win64; x64) AppleWebKit/537.36 (KHTML, like Gecko) Chrome/64.0.3282.186 Safari/537.36"
193.194.132.79 - - [19/Mar/2018:14:56:04 +0100] "GET /reload?ser=1521467764131 HTTP/1.1" 200 28 "http://renault.2web.at/10260257?dir=DESC&mode=grid&order=name&limit=15&page=1" "Mozilla/5.0 (Windows NT 6.1; WOW64; Trident/7.0; rv:11.0) like Gecko"
212.152.246.131 - - [19/Mar/2018:14:56:04 +0100] "GET /loadthumbnail.php?id=11127982 HTTP/1.1" 200 399614 "http://renault.activities.at/" "Mozilla/5.0 (Windows NT 6.1; Win64; x64) AppleWebKit/537.36 (KHTML, like Gecko) Chrome/64.0.3282.186 Safari/537.36"
212.152.246.131 - - [19/Mar/2018:14:56:05 +0100] "GET /images/favicon.ico HTTP/1.1" 404 305 "http://renault.activities.at/" "Mozilla/5.0 (Windows NT 6.1; Win64; x64) AppleWebKit/537.36 (KHTML, like Gecko) Chrome/64.0.3282.186 Safari/537.36"
80.123.225.34 - - [19/Mar/2018:14:56:06 +0100] "GET /reload?ser=1521467765041 HTTP/1.1" 200 28 "http://renault.activities.at/" "Mozilla/5.0 (compatible; MSIE 10.0; Windows NT 6.1; WOW64; Trident/6.0)"
212.152.246.131 - - [19/Mar/2018:14:56:07 +0100] "GET /login HTTP/1.1" 200 2086 "http://renault.activities.at/" "Mozilla/5.0 (Windows NT 6.1; Win64; x64) AppleWebKit/537.36 (KHTML, like Gecko) Chrome/64.0.3282.186 Safari/537.36"
212.152.246.131 - - [19/Mar/2018:14:56:08 +0100] "GET /images/button_left_bg.gif HTTP/1.1" 200 564 "http://renault.activities.at/css/styles.css" "Mozilla/5.0 (Windows NT 6.1; Win64; x64) AppleWebKit/537.36 (KHTML, like Gecko) Chrome/64.0.3282.186 Safari/537.36"
212.152.246.131 - - [19/Mar/2018:14:56:08 +0100] "GET /images/button_bg.gif HTTP/1.1" 200 151 "http://renault.activities.at/css/styles.css" "Mozilla/5.0 (Windows NT 6.1; Win64; x64) AppleWebKit/537.36 (KHTML, like Gecko) Chrome/64.0.3282.186 Safari/537.36"
212.152.246.131 - - [19/Mar/2018:14:56:08 +0100] "GET /images/button_right_bg.gif HTTP/1.1" 200 561 "http://renault.activities.at/css/styles.css" "Mozilla/5.0 (Windows NT 6.1; Win64; x64) AppleWebKit/537.36 (KHTML, like Gecko) Chrome/64.0.3282.186 Safari/537.36"
212.152.246.131 - - [19/Mar/2018:14:56:21 +0100] "POST /login HTTP/1.1" 302 140 "http://renault.activities.at/login" "Mozilla/5.0 (Windows NT 6.1; Win64; x64) AppleWebKit/537.36 (KHTML, like Gecko) Chrome/64.0.3282.186 Safari/537.36"
212.152.246.131 - - [19/Mar/2018:14:56:23 +0100] "GET /account HTTP/1.1" 200 6760 "http://renault.activities.at/login" "Mozilla/5.0 (Windows NT 6.1; Win64; x64) AppleWebKit/537.36 (KHTML, like Gecko) Chrome/64.0.3282.186 Safari/537.36"
212.152.246.131 - - [19/Mar/2018:14:56:26 +0100] "GET /images/search_bg.gif HTTP/1.1" 200 1726 "http://renault.activities.at/css/styles.css" "Mozilla/5.0 (Windows NT 6.1; Win64; x64) AppleWebKit/537.36 (KHTML, like Gecko) Chrome/64.0.3282.186 Safari/537.36"
212.152.246.131 - - [19/Mar/2018:14:56:26 +0100] "GET /images/menu_button_bg.jpg HTTP/1.1" 200 322 "http://renault.activities.at/css/styles.css" "Mozilla/5.0 (Windows NT 6.1; Win64; x64) AppleWebKit/537.36 (KHTML, like Gecko) Chrome/64.0.3282.186 Safari/537.36"
212.152.246.131 - - [19/Mar/2018:14:56:26 +0100] "GET /images/menu_divider.gif HTTP/1.1" 200 176 "http://renault.activities.at/css/styles.css" "Mozilla/5.0 (Windows NT 6.1; Win64; x64) AppleWebKit/537.36 (KHTML, like Gecko) Chrome/64.0.3282.186 Safari/537.36"
212.152.246.131 - - [19/Mar/2018:14:56:26 +0100] "GET /loadthumbnail.php?id=11523715&width=50&height=50 HTTP/1.1" 200 1135 "http://renault.activities.at/account" "Mozilla/5.0 (Windows NT 6.1; Win64; x64) AppleWebKit/537.36 (KHTML, like Gecko) Chrome/64.0.3282.186 Safari/537.36"
212.152.246.131 - - [19/Mar/2018:14:56:26 +0100] "GET /loadthumbnail.php?id=11550106&width=50&height=50 HTTP/1.1" 200 1218 "http://renault.activities.at/account" "Mozilla/5.0 (Windows NT 6.1; Win64; x64) AppleWebKit/537.36 (KHTML, like Gecko) Chrome/64.0.3282.186 Safari/537.36"
212.152.246.131 - - [19/Mar/2018:14:56:26 +0100] "GET /loadthumbnail.php?id=11423839&width=50&height=50 HTTP/1.1" 200 971 "http://renault.activities.at/account" "Mozilla/5.0 (Windows NT 6.1; Win64; x64) AppleWebKit/537.36 (KHTML, like Gecko) Chrome/64.0.3282.186 Safari/537.36"
212.152.246.131 - - [19/Mar/2018:14:56:26 +0100] "GET /loadthumbnail.php?id=11553667&width=50&height=50 HTTP/1.1" 200 1193 "http://renault.activities.at/account" "Mozilla/5.0 (Windows NT 6.1; Win64; x64) AppleWebKit/537.36 (KHTML, like Gecko) Chrome/64.0.3282.186 Safari/537.36"
212.152.246.131 - - [19/Mar/2018:14:56:26 +0100] "GET /loadthumbnail.php?id=11711050&width=50&height=50 HTTP/1.1" 200 1286 "http://renault.activities.at/account" "Mozilla/5.0 (Windows NT 6.1; Win64; x64) AppleWebKit/537.36 (KHTML, like Gecko) Chrome/64.0.3282.186 Safari/537.36"
212.152.246.131 - - [19/Mar/2018:14:56:26 +0100] "GET /loadthumbnail.php?id=11534323&width=50&height=50 HTTP/1.1" 200 1152 "http://renault.activities.at/account" "Mozilla/5.0 (Windows NT 6.1; Win64; x64) AppleWebKit/537.36 (KHTML, like Gecko) Chrome/64.0.3282.186 Safari/537.36"
212.152.246.131 - - [19/Mar/2018:14:56:26 +0100] "GET /loadthumbnail.php?id=11361004&width=50&height=50 HTTP/1.1" 200 1153 "http://renault.activities.at/account" "Mozilla/5.0 (Windows NT 6.1; Win64; x64) AppleWebKit/537.36 (KHTML, like Gecko) Chrome/64.0.3282.186 Safari/537.36"
212.152.246.131 - - [19/Mar/2018:14:56:26 +0100] "GET /loadthumbnail.php?id=11524431&width=50&height=50 HTTP/1.1" 200 1199 "http://renault.activities.at/account" "Mozilla/5.0 (Windows NT 6.1; Win64; x64) AppleWebKit/537.36 (KHTML, like Gecko) Chrome/64.0.3282.186 Safari/537.36"
212.152.246.131 - - [19/Mar/2018:14:56:26 +0100] "GET /loadthumbnail.php?id=11524355&width=50&height=50 HTTP/1.1" 200 1188 "http://renault.activities.at/account" "Mozilla/5.0 (Windows NT 6.1; Win64; x64) AppleWebKit/537.36 (KHTML, like Gecko) Chrome/64.0.3282.186 Safari/537.36"
212.152.246.131 - - [19/Mar/2018:14:56:27 +0100] "GET /loadthumbnail.php?id=11524069&width=50&height=50 HTTP/1.1" 200 1273 "http://renault.activities.at/account" "Mozilla/5.0 (Windows NT 6.1; Win64; x64) AppleWebKit/537.36 (KHTML, like Gecko) Chrome/64.0.3282.186 Safari/537.36"
212.152.246.131 - - [19/Mar/2018:14:56:27 +0100] "GET /loadthumbnail.php?id=11523900&width=50&height=50 HTTP/1.1" 200 1306 "http://renault.activities.at/account" "Mozilla/5.0 (Windows NT 6.1; Win64; x64) AppleWebKit/537.36 (KHTML, like Gecko) Chrome/64.0.3282.186 Safari/537.36"
212.152.246.131 - - [19/Mar/2018:14:56:27 +0100] "GET /loadthumbnail.php?id=11423557&width=50&height=50 HTTP/1.1" 200 1235 "http://renault.activities.at/account" "Mozilla/5.0 (Windows NT 6.1; Win64; x64) AppleWebKit/537.36 (KHTML, like Gecko) Chrome/64.0.3282.186 Safari/537.36"
212.152.246.131 - - [19/Mar/2018:14:56:27 +0100] "GET /images/top_links_divider.gif HTTP/1.1" 200 44 "http://renault.activities.at/css/styles.css" "Mozilla/5.0 (Windows NT 6.1; Win64; x64) AppleWebKit/537.36 (KHTML, like Gecko) Chrome/64.0.3282.186 Safari/537.36"
212.152.246.131 - - [19/Mar/2018:14:56:27 +0100] "GET /images/nav_divider.gif HTTP/1.1" 200 43 "http://renault.activities.at/css/styles.css" "Mozilla/5.0 (Windows NT 6.1; Win64; x64) AppleWebKit/537.36 (KHTML, like Gecko) Chrome/64.0.3282.186 Safari/537.36"
212.152.246.131 - - [19/Mar/2018:14:56:27 +0100] "GET /images/footer_divider.gif HTTP/1.1" 200 44 "http://renault.activities.at/css/styles.css" "Mozilla/5.0 (Windows NT 6.1; Win64; x64) AppleWebKit/537.36 (KHTML, like Gecko) Chrome/64.0.3282.186 Safari/537.36"
212.152.246.131 - - [19/Mar/2018:14:56:27 +0100] "GET /loadthumbnail.php?id=11590242&width=50&height=50 HTTP/1.1" 200 1237 "http://renault.activities.at/account" "Mozilla/5.0 (Windows NT 6.1; Win64; x64) AppleWebKit/537.36 (KHTML, like Gecko) Chrome/64.0.3282.186 Safari/537.36"
212.152.246.131 - - [19/Mar/2018:14:56:27 +0100] "GET /loadthumbnail.php?id=11590240&width=50&height=50 HTTP/1.1" 200 1248 "http://renault.activities.at/account" "Mozilla/5.0 (Windows NT 6.1; Win64; x64) AppleWebKit/537.36 (KHTML, like Gecko) Chrome/64.0.3282.186 Safari/537.36"
212.152.246.131 - - [19/Mar/2018:14:56:27 +0100] "GET /loadthumbnail.php?id=11590239&width=50&height=50 HTTP/1.1" 200 1380 "http://renault.activities.at/account" "Mozilla/5.0 (Windows NT 6.1; Win64; x64) AppleWebKit/537.36 (KHTML, like Gecko) Chrome/64.0.3282.186 Safari/537.36"
212.152.246.131 - - [19/Mar/2018:14:56:27 +0100] "GET /loadthumbnail.php?id=11711049&width=50&height=50 HTTP/1.1" 200 1223 "http://renault.activities.at/account" "Mozilla/5.0 (Windows NT 6.1; Win64; x64) AppleWebKit/537.36 (KHTML, like Gecko) Chrome/64.0.3282.186 Safari/537.36"
80.123.225.34 - - [19/Mar/2018:14:56:37 +0100] "GET /reload?ser=1521467797748 HTTP/1.1" 200 28 "http://renault.activities.at/" "Mozilla/5.0 (compatible; MSIE 10.0; Windows NT 6.1; Trident/6.0)"
212.152.246.131 - - [19/Mar/2018:14:56:41 +0100] "POST /axjaxrequest?mode=suggest HTTP/1.1" 200 2029 "http://renault.activities.at/account" "Mozilla/5.0 (Windows NT 6.1; Win64; x64) AppleWebKit/537.36 (KHTML, like Gecko) Chrome/64.0.3282.186 Safari/537.36"
212.152.246.131 - - [19/Mar/2018:14:56:45 +0100] "POST /axjaxrequest?mode=suggest HTTP/1.1" 200 809 "http://renault.activities.at/account" "Mozilla/5.0 (Windows NT 6.1; Win64; x64) AppleWebKit/537.36 (KHTML, like Gecko) Chrome/64.0.3282.186 Safari/537.36"
212.152.246.131 - - [19/Mar/2018:14:56:45 +0100] "POST /axjaxrequest?mode=suggest HTTP/1.1" 200 110 "http://renault.activities.at/account" "Mozilla/5.0 (Windows NT 6.1; Win64; x64) AppleWebKit/537.36 (KHTML, like Gecko) Chrome/64.0.3282.186 Safari/537.36"
212.152.246.131 - - [19/Mar/2018:14:56:47 +0100] "POST /axjaxrequest?mode=suggest HTTP/1.1" 200 110 "http://renault.activities.at/account" "Mozilla/5.0 (Windows NT 6.1; Win64; x64) AppleWebKit/537.36 (KHTML, like Gecko) Chrome/64.0.3282.186 Safari/537.36"
212.152.246.131 - - [19/Mar/2018:14:56:47 +0100] "POST /axjaxrequest?mode=suggest HTTP/1.1" 200 110 "http://renault.activities.at/account" "Mozilla/5.0 (Windows NT 6.1; Win64; x64) AppleWebKit/537.36 (KHTML, like Gecko) Chrome/64.0.3282.186 Safari/537.36"
212.152.246.131 - - [19/Mar/2018:14:56:50 +0100] "POST /axjaxrequest?mode=suggest HTTP/1.1" 200 21 "http://renault.activities.at/account" "Mozilla/5.0 (Windows NT 6.1; Win64; x64) AppleWebKit/537.36 (KHTML, like Gecko) Chrome/64.0.3282.186 Safari/537.36"
212.152.246.131 - - [19/Mar/2018:14:56:50 +0100] "POST /axjaxrequest?mode=suggest HTTP/1.1" 200 21 "http://renault.activities.at/account" "Mozilla/5.0 (Windows NT 6.1; Win64; x64) AppleWebKit/537.36 (KHTML, like Gecko) Chrome/64.0.3282.186 Safari/537.36"
212.152.246.131 - - [19/Mar/2018:14:56:51 +0100] "POST /axjaxrequest?mode=suggest HTTP/1.1" 200 21 "http://renault.activities.at/account" "Mozilla/5.0 (Windows NT 6.1; Win64; x64) AppleWebKit/537.36 (KHTML, like Gecko) Chrome/64.0.3282.186 Safari/537.36"
212.152.246.131 - - [19/Mar/2018:14:56:52 +0100] "POST /axjaxrequest?mode=suggest HTTP/1.1" 200 21 "http://renault.activities.at/account" "Mozilla/5.0 (Windows NT 6.1; Win64; x64) AppleWebKit/537.36 (KHTML, like Gecko) Chrome/64.0.3282.186 Safari/537.36"
212.152.246.131 - - [19/Mar/2018:14:56:54 +0100] "GET /result?searchterm=true&search=Store+Trims+Stand HTTP/1.1" 200 5401 "http://renault.activities.at/account" "Mozilla/5.0 (Windows NT 6.1; Win64; x64) AppleWebKit/537.36 (KHTML, like Gecko) Chrome/64.0.3282.186 Safari/537.36"
212.152.246.131 - - [19/Mar/2018:14:56:56 +0100] "GET /images/note_msg_icon.gif HTTP/1.1" 200 1022 "http://renault.activities.at/css/styles.css" "Mozilla/5.0 (Windows NT 6.1; Win64; x64) AppleWebKit/537.36 (KHTML, like Gecko) Chrome/64.0.3282.186 Safari/537.36"
193.194.132.79 - - [19/Mar/2018:14:57:05 +0100] "GET /reload?ser=1521467825233 HTTP/1.1" 200 28 "http://renault.2web.at/10260257?dir=DESC&mode=grid&order=name&limit=15&page=1" "Mozilla/5.0 (Windows NT 6.1; WOW64; Trident/7.0; rv:11.0) like Gecko"
80.123.225.34 - - [19/Mar/2018:14:57:07 +0100] "GET /reload?ser=1521467826053 HTTP/1.1" 200 28 "http://renault.activities.at/" "Mozilla/5.0 (compatible; MSIE 10.0; Windows NT 6.1; WOW64; Trident/6.0)"
212.152.246.131 - - [19/Mar/2018:14:57:09 +0100] "POST /axjaxrequest?mode=suggest HTTP/1.1" 200 21 "http://renault.activities.at/result?searchterm=true&search=Store+Trims+Stand" "Mozilla/5.0 (Windows NT 6.1; Win64; x64) AppleWebKit/537.36 (KHTML, like Gecko) Chrome/64.0.3282.186 Safari/537.36"
212.152.246.131 - - [19/Mar/2018:14:57:10 +0100] "POST /axjaxrequest?mode=suggest HTTP/1.1" 200 21 "http://renault.activities.at/result?searchterm=true&search=Store+Trims+Stand" "Mozilla/5.0 (Windows NT 6.1; Win64; x64) AppleWebKit/537.36 (KHTML, like Gecko) Chrome/64.0.3282.186 Safari/537.36"
212.152.246.131 - - [19/Mar/2018:14:57:11 +0100] "POST /axjaxrequest?mode=suggest HTTP/1.1" 200 21 "http://renault.activities.at/result?searchterm=true&search=Store+Trims+Stand" "Mozilla/5.0 (Windows NT 6.1; Win64; x64) AppleWebKit/537.36 (KHTML, like Gecko) Chrome/64.0.3282.186 Safari/537.36"
212.152.246.131 - - [19/Mar/2018:14:57:14 +0100] "GET /result?searchterm=true&search=SREf+1054 HTTP/1.1" 200 5396 "http://renault.activities.at/result?searchterm=true&search=Store+Trims+Stand" "Mozilla/5.0 (Windows NT 6.1; Win64; x64) AppleWebKit/537.36 (KHTML, like Gecko) Chrome/64.0.3282.186 Safari/537.36"
212.152.246.131 - - [19/Mar/2018:14:57:22 +0100] "GET /orders HTTP/1.1" 200 6259 "http://renault.activities.at/result?searchterm=true&search=SREf+1054" "Mozilla/5.0 (Windows NT 6.1; Win64; x64) AppleWebKit/537.36 (KHTML, like Gecko) Chrome/64.0.3282.186 Safari/537.36"
212.152.246.131 - - [19/Mar/2018:14:57:24 +0100] "GET /images/pager_bg.gif HTTP/1.1" 200 150 "http://renault.activities.at/css/styles.css" "Mozilla/5.0 (Windows NT 6.1; Win64; x64) AppleWebKit/537.36 (KHTML, like Gecko) Chrome/64.0.3282.186 Safari/537.36"
212.152.246.131 - - [19/Mar/2018:14:57:24 +0100] "GET /loadthumbnail.php?id=10203276 HTTP/1.1" 200 75 "http://renault.activities.at/orders" "Mozilla/5.0 (Windows NT 6.1; Win64; x64) AppleWebKit/537.36 (KHTML, like Gecko) Chrome/64.0.3282.186 Safari/537.36"
80.123.225.34 - - [19/Mar/2018:14:57:38 +0100] "GET /reload?ser=1521467858408 HTTP/1.1" 200 28 "http://renault.activities.at/" "Mozilla/5.0 (compatible; MSIE 10.0; Windows NT 6.1; Trident/6.0)"
212.152.246.131 - - [19/Mar/2018:14:57:48 +0100] "GET /result?searchterm=true&search=SREf+1054 HTTP/1.1" 200 5396 "http://renault.activities.at/result?searchterm=true&search=Store+Trims+Stand" "Mozilla/5.0 (Windows NT 6.1; Win64; x64) AppleWebKit/537.36 (KHTML, like Gecko) Chrome/64.0.3282.186 Safari/537.36"
212.152.246.131 - - [19/Mar/2018:14:57:52 +0100] "GET /result?searchterm=true&search=Store+Trims+Stand HTTP/1.1" 200 5401 "http://renault.activities.at/account" "Mozilla/5.0 (Windows NT 6.1; Win64; x64) AppleWebKit/537.36 (KHTML, like Gecko) Chrome/64.0.3282.186 Safari/537.36"
212.152.246.131 - - [19/Mar/2018:14:58:03 +0100] "GET /orders HTTP/1.1" 200 6259 "http://renault.activities.at/result?searchterm=true&search=Store+Trims+Stand" "Mozilla/5.0 (Windows NT 6.1; Win64; x64) AppleWebKit/537.36 (KHTML, like Gecko) Chrome/64.0.3282.186 Safari/537.36"
193.194.132.79 - - [19/Mar/2018:14:58:06 +0100] "GET /reload?ser=1521467886350 HTTP/1.1" 200 28 "http://renault.2web.at/10260257?dir=DESC&mode=grid&order=name&limit=15&page=1" "Mozilla/5.0 (Windows NT 6.1; WOW64; Trident/7.0; rv:11.0) like Gecko"
80.123.225.34 - - [19/Mar/2018:14:58:08 +0100] "GET /reload?ser=1521467886994 HTTP/1.1" 200 28 "http://renault.activities.at/" "Mozilla/5.0 (compatible; MSIE 10.0; Windows NT 6.1; WOW64; Trident/6.0)"
80.123.225.34 - - [19/Mar/2018:14:58:38 +0100] "GET /reload?ser=1521467919072 HTTP/1.1" 200 28 "http://renault.activities.at/" "Mozilla/5.0 (compatible; MSIE 10.0; Windows NT 6.1; Trident/6.0)"
193.194.132.79 - - [19/Mar/2018:14:59:07 +0100] "GET /reload?ser=1521467947456 HTTP/1.1" 200 28 "http://renault.2web.at/10260257?dir=DESC&mode=grid&order=name&limit=15&page=1" "Mozilla/5.0 (Windows NT 6.1; WOW64; Trident/7.0; rv:11.0) like Gecko"
80.123.225.34 - - [19/Mar/2018:14:59:09 +0100] "GET /reload?ser=1521467947981 HTTP/1.1" 200 28 "http://renault.activities.at/" "Mozilla/5.0 (compatible; MSIE 10.0; Windows NT 6.1; WOW64; Trident/6.0)"
193.194.132.79 - - [19/Mar/2018:15:00:09 +0100] "GET /reload?ser=1521468008572 HTTP/1.1" 200 28 "http://renault.2web.at/10260257?dir=DESC&mode=grid&order=name&limit=15&page=1" "Mozilla/5.0 (Windows NT 6.1; WOW64; Trident/7.0; rv:11.0) like Gecko"
