212.186.238.50 - - [19/Mar/2018:10:45:16 +0100] "GET /js/prototip.js HTTP/1.1" 200 4588 "http://renault.activities.at/result?searchterm=true&search=zoe" "Mozilla/5.0 (Windows NT 10.0; Win64; x64; rv:59.0) Gecko/20100101 Firefox/59.0"
212.186.238.50 - - [19/Mar/2018:10:45:16 +0100] "GET /loadthumbnail.php?id=11760052&width=113 HTTP/1.1" 200 1991 "http://renault.activities.at/result?searchterm=true&search=zoe" "Mozilla/5.0 (Windows NT 10.0; Win64; x64; rv:59.0) Gecko/20100101 Firefox/59.0"
212.186.238.50 - - [19/Mar/2018:10:45:16 +0100] "GET /loadthumbnail.php?id=11181191&width=113 HTTP/1.1" 200 1888 "http://renault.activities.at/result?searchterm=true&search=zoe" "Mozilla/5.0 (Windows NT 10.0; Win64; x64; rv:59.0) Gecko/20100101 Firefox/59.0"
212.186.238.50 - - [19/Mar/2018:10:45:16 +0100] "GET /loadthumbnail.php?id=11186502&width=113 HTTP/1.1" 200 2016 "http://renault.activities.at/result?searchterm=true&search=zoe" "Mozilla/5.0 (Windows NT 10.0; Win64; x64; rv:59.0) Gecko/20100101 Firefox/59.0"
212.186.238.50 - - [19/Mar/2018:10:45:16 +0100] "GET /loadthumbnail.php?id=11181189&width=113 HTTP/1.1" 200 1888 "http://renault.activities.at/result?searchterm=true&search=zoe" "Mozilla/5.0 (Windows NT 10.0; Win64; x64; rv:59.0) Gecko/20100101 Firefox/59.0"
212.186.238.50 - - [19/Mar/2018:10:45:16 +0100] "GET /loadthumbnail.php?id=11760048&width=113 HTTP/1.1" 200 1991 "http://renault.activities.at/result?searchterm=true&search=zoe" "Mozilla/5.0 (Windows NT 10.0; Win64; x64; rv:59.0) Gecko/20100101 Firefox/59.0"
212.186.238.50 - - [19/Mar/2018:10:45:16 +0100] "GET /loadthumbnail.php?id=11195848&width=113 HTTP/1.1" 200 2016 "http://renault.activities.at/result?searchterm=true&search=zoe" "Mozilla/5.0 (Windows NT 10.0; Win64; x64; rv:59.0) Gecko/20100101 Firefox/59.0"
212.186.238.50 - - [19/Mar/2018:10:45:16 +0100] "GET /loadthumbnail.php?id=11186498&width=113 HTTP/1.1" 200 2016 "http://renault.activities.at/result?searchterm=true&search=zoe" "Mozilla/5.0 (Windows NT 10.0; Win64; x64; rv:59.0) Gecko/20100101 Firefox/59.0"
88.117.240.214 - - [19/Mar/2018:10:45:25 +0100] "GET /reload?ser=1521452725709 HTTP/1.1" 200 28 "http://renault.activities.at/result?searchterm=true&search=Trafic" "Mozilla/5.0 (Windows NT 6.1; WOW64; Trident/7.0; rv:11.0) like Gecko"
212.186.238.50 - - [19/Mar/2018:10:45:24 +0100] "GET /result?dir=DESC&mode=grid&order=name&limit=15&page=2&search=zoe HTTP/1.1" 200 7428 "http://renault.activities.at/result?searchterm=true&search=zoe" "Mozilla/5.0 (Windows NT 10.0; Win64; x64; rv:59.0) Gecko/20100101 Firefox/59.0"
212.186.238.50 - - [19/Mar/2018:10:45:27 +0100] "GET /js/prototip.js HTTP/1.1" 200 4588 "http://renault.activities.at/result?dir=DESC&mode=grid&order=name&limit=15&page=2&search=zoe" "Mozilla/5.0 (Windows NT 10.0; Win64; x64; rv:59.0) Gecko/20100101 Firefox/59.0"
212.186.238.50 - - [19/Mar/2018:10:45:27 +0100] "GET /loadthumbnail.php?id=11181193&width=113 HTTP/1.1" 200 1448 "http://renault.activities.at/result?dir=DESC&mode=grid&order=name&limit=15&page=2&search=zoe" "Mozilla/5.0 (Windows NT 10.0; Win64; x64; rv:59.0) Gecko/20100101 Firefox/59.0"
212.186.238.50 - - [19/Mar/2018:10:45:27 +0100] "GET /loadthumbnail.php?id=11181195&width=113 HTTP/1.1" 200 1448 "http://renault.activities.at/result?dir=DESC&mode=grid&order=name&limit=15&page=2&search=zoe" "Mozilla/5.0 (Windows NT 10.0; Win64; x64; rv:59.0) Gecko/20100101 Firefox/59.0"
212.186.238.50 - - [19/Mar/2018:10:45:27 +0100] "GET /loadthumbnail.php?id=11760038&width=113 HTTP/1.1" 200 4403 "http://renault.activities.at/result?dir=DESC&mode=grid&order=name&limit=15&page=2&search=zoe" "Mozilla/5.0 (Windows NT 10.0; Win64; x64; rv:59.0) Gecko/20100101 Firefox/59.0"
212.186.238.50 - - [19/Mar/2018:10:45:27 +0100] "GET /loadthumbnail.php?id=11361004&width=113 HTTP/1.1" 200 3059 "http://renault.activities.at/result?dir=DESC&mode=grid&order=name&limit=15&page=2&search=zoe" "Mozilla/5.0 (Windows NT 10.0; Win64; x64; rv:59.0) Gecko/20100101 Firefox/59.0"
212.186.238.50 - - [19/Mar/2018:10:45:27 +0100] "GET /loadthumbnail.php?id=11036127&width=113 HTTP/1.1" 200 1099 "http://renault.activities.at/result?dir=DESC&mode=grid&order=name&limit=15&page=2&search=zoe" "Mozilla/5.0 (Windows NT 10.0; Win64; x64; rv:59.0) Gecko/20100101 Firefox/59.0"
212.186.238.50 - - [19/Mar/2018:10:45:27 +0100] "GET /loadthumbnail.php?id=11760044&width=113 HTTP/1.1" 200 2760 "http://renault.activities.at/result?dir=DESC&mode=grid&order=name&limit=15&page=2&search=zoe" "Mozilla/5.0 (Windows NT 10.0; Win64; x64; rv:59.0) Gecko/20100101 Firefox/59.0"
212.186.238.50 - - [19/Mar/2018:10:45:27 +0100] "GET /loadthumbnail.php?id=11342067&width=113 HTTP/1.1" 200 21913 "http://renault.activities.at/result?dir=DESC&mode=grid&order=name&limit=15&page=2&search=zoe" "Mozilla/5.0 (Windows NT 10.0; Win64; x64; rv:59.0) Gecko/20100101 Firefox/59.0"
212.186.238.50 - - [19/Mar/2018:10:45:31 +0100] "GET /11351108?print=true HTTP/1.1" 200 2638 "http://renault.activities.at/result?dir=DESC&mode=grid&order=name&limit=15&page=2&search=zoe" "Mozilla/5.0 (Windows NT 10.0; Win64; x64; rv:59.0) Gecko/20100101 Firefox/59.0"
212.186.238.50 - - [19/Mar/2018:10:45:34 +0100] "GET /loadthumbnail.php?id=11361004&width=250 HTTP/1.1" 200 9799 "http://renault.activities.at/11351108?print=true" "Mozilla/5.0 (Windows NT 10.0; Win64; x64; rv:59.0) Gecko/20100101 Firefox/59.0"
212.186.238.50 - - [19/Mar/2018:10:45:34 +0100] "GET /loadthumbnail.php?id=11361004&width=250 HTTP/1.1" 200 9799 "http://renault.activities.at/11351108?print=true" "Mozilla/5.0 (Windows NT 10.0; Win64; x64; rv:59.0) Gecko/20100101 Firefox/59.0"
193.194.132.75 - - [19/Mar/2018:10:45:34 +0100] "GET /reload?ser=1521452734030 HTTP/1.1" 200 28 "http://renault.2web.at/account?loadrequest=true" "Mozilla/5.0 (Windows NT 6.1; WOW64; Trident/7.0; rv:11.0) like Gecko"
212.186.238.50 - - [19/Mar/2018:10:45:34 +0100] "GET /loadthumbnail.php?id=11361004&width=900&height=900 HTTP/1.1" 200 74403 "http://renault.activities.at/11351108?print=true" "Mozilla/5.0 (Windows NT 10.0; Win64; x64; rv:59.0) Gecko/20100101 Firefox/59.0"
212.186.238.50 - - [19/Mar/2018:10:45:36 +0100] "GET /images/vista-up-hover.gif HTTP/1.1" 200 130 "http://renault.activities.at/css/styles.css" "Mozilla/5.0 (Windows NT 10.0; Win64; x64; rv:59.0) Gecko/20100101 Firefox/59.0"
212.186.238.50 - - [19/Mar/2018:10:45:38 +0100] "POST /11351108?print=true HTTP/1.1" 200 2748 "http://renault.activities.at/11351108?print=true" "Mozilla/5.0 (Windows NT 10.0; Win64; x64; rv:59.0) Gecko/20100101 Firefox/59.0"
212.186.238.50 - - [19/Mar/2018:10:45:40 +0100] "GET /images/success_msg_icon.gif HTTP/1.1" 200 1024 "http://renault.activities.at/css/styles.css" "Mozilla/5.0 (Windows NT 10.0; Win64; x64; rv:59.0) Gecko/20100101 Firefox/59.0"
212.186.238.50 - - [19/Mar/2018:10:45:48 +0100] "POST /axjaxrequest?mode=suggest HTTP/1.1" 200 353 "http://renault.activities.at/result?dir=DESC&mode=grid&order=name&limit=15&page=2&search=zoe" "Mozilla/5.0 (Windows NT 10.0; Win64; x64; rv:59.0) Gecko/20100101 Firefox/59.0"
212.186.238.50 - - [19/Mar/2018:10:45:49 +0100] "GET /result?searchterm=true&search=kadjar HTTP/1.1" 200 8691 "http://renault.activities.at/result?dir=DESC&mode=grid&order=name&limit=15&page=2&search=zoe" "Mozilla/5.0 (Windows NT 10.0; Win64; x64; rv:59.0) Gecko/20100101 Firefox/59.0"
212.186.238.50 - - [19/Mar/2018:10:45:52 +0100] "GET /js/prototip.js HTTP/1.1" 200 4588 "http://renault.activities.at/result?searchterm=true&search=kadjar" "Mozilla/5.0 (Windows NT 10.0; Win64; x64; rv:59.0) Gecko/20100101 Firefox/59.0"
212.186.238.50 - - [19/Mar/2018:10:45:52 +0100] "GET /loadthumbnail.php?id=11181237&width=113 HTTP/1.1" 200 1156 "http://renault.activities.at/result?searchterm=true&search=kadjar" "Mozilla/5.0 (Windows NT 10.0; Win64; x64; rv:59.0) Gecko/20100101 Firefox/59.0"
212.186.238.50 - - [19/Mar/2018:10:45:52 +0100] "GET /loadthumbnail.php?id=11195851&width=113 HTTP/1.1" 200 1156 "http://renault.activities.at/result?searchterm=true&search=kadjar" "Mozilla/5.0 (Windows NT 10.0; Win64; x64; rv:59.0) Gecko/20100101 Firefox/59.0"
212.186.238.50 - - [19/Mar/2018:10:45:52 +0100] "GET /loadthumbnail.php?id=11181235&width=113 HTTP/1.1" 200 1156 "http://renault.activities.at/result?searchterm=true&search=kadjar" "Mozilla/5.0 (Windows NT 10.0; Win64; x64; rv:59.0) Gecko/20100101 Firefox/59.0"
212.186.238.50 - - [19/Mar/2018:10:45:52 +0100] "GET /loadthumbnail.php?id=11548917&width=113 HTTP/1.1" 200 22455 "http://renault.activities.at/result?searchterm=true&search=kadjar" "Mozilla/5.0 (Windows NT 10.0; Win64; x64; rv:59.0) Gecko/20100101 Firefox/59.0"
212.186.238.50 - - [19/Mar/2018:10:45:52 +0100] "GET /loadthumbnail.php?id=11679071&width=113 HTTP/1.1" 200 37134 "http://renault.activities.at/result?searchterm=true&search=kadjar" "Mozilla/5.0 (Windows NT 10.0; Win64; x64; rv:59.0) Gecko/20100101 Firefox/59.0"
212.186.238.50 - - [19/Mar/2018:10:45:49 +0100] "POST /axjaxrequest?mode=suggest HTTP/1.1" 200 112 "http://renault.activities.at/result?dir=DESC&mode=grid&order=name&limit=15&page=2&search=zoe" "Mozilla/5.0 (Windows NT 10.0; Win64; x64; rv:59.0) Gecko/20100101 Firefox/59.0"
212.186.238.50 - - [19/Mar/2018:10:45:56 +0100] "GET /result?dir=DESC&mode=grid&order=name&limit=15&page=2&search=kadjar HTTP/1.1" 200 6885 "http://renault.activities.at/result?searchterm=true&search=kadjar" "Mozilla/5.0 (Windows NT 10.0; Win64; x64; rv:59.0) Gecko/20100101 Firefox/59.0"
212.186.238.50 - - [19/Mar/2018:10:45:58 +0100] "GET /js/prototip.js HTTP/1.1" 200 4588 "http://renault.activities.at/result?dir=DESC&mode=grid&order=name&limit=15&page=2&search=kadjar" "Mozilla/5.0 (Windows NT 10.0; Win64; x64; rv:59.0) Gecko/20100101 Firefox/59.0"
212.186.238.50 - - [19/Mar/2018:10:45:59 +0100] "GET /loadthumbnail.php?id=11314596&width=113 HTTP/1.1" 200 2432 "http://renault.activities.at/result?dir=DESC&mode=grid&order=name&limit=15&page=2&search=kadjar" "Mozilla/5.0 (Windows NT 10.0; Win64; x64; rv:59.0) Gecko/20100101 Firefox/59.0"
212.186.238.50 - - [19/Mar/2018:10:45:59 +0100] "GET /loadthumbnail.php?id=10915652&width=113 HTTP/1.1" 200 1387 "http://renault.activities.at/result?dir=DESC&mode=grid&order=name&limit=15&page=2&search=kadjar" "Mozilla/5.0 (Windows NT 10.0; Win64; x64; rv:59.0) Gecko/20100101 Firefox/59.0"
212.186.238.50 - - [19/Mar/2018:10:45:59 +0100] "GET /loadthumbnail.php?id=11550106&width=113 HTTP/1.1" 200 3354 "http://renault.activities.at/result?dir=DESC&mode=grid&order=name&limit=15&page=2&search=kadjar" "Mozilla/5.0 (Windows NT 10.0; Win64; x64; rv:59.0) Gecko/20100101 Firefox/59.0"
212.186.238.50 - - [19/Mar/2018:10:45:59 +0100] "GET /loadthumbnail.php?id=11031873&width=113 HTTP/1.1" 200 24451 "http://renault.activities.at/result?dir=DESC&mode=grid&order=name&limit=15&page=2&search=kadjar" "Mozilla/5.0 (Windows NT 10.0; Win64; x64; rv:59.0) Gecko/20100101 Firefox/59.0"
212.186.238.50 - - [19/Mar/2018:10:45:59 +0100] "GET /loadthumbnail.php?id=11031880&width=113 HTTP/1.1" 200 39263 "http://renault.activities.at/result?dir=DESC&mode=grid&order=name&limit=15&page=2&search=kadjar" "Mozilla/5.0 (Windows NT 10.0; Win64; x64; rv:59.0) Gecko/20100101 Firefox/59.0"
88.117.240.214 - - [19/Mar/2018:10:45:59 +0100] "GET /reload?ser=1521452760207 HTTP/1.1" 200 28 "http://renault.activities.at/aboutus" "Mozilla/5.0 (Windows NT 6.1; WOW64; Trident/7.0; rv:11.0) like Gecko"
212.186.238.50 - - [19/Mar/2018:10:46:00 +0100] "GET /11532833?print=true HTTP/1.1" 200 2643 "http://renault.activities.at/result?dir=DESC&mode=grid&order=name&limit=15&page=2&search=kadjar" "Mozilla/5.0 (Windows NT 10.0; Win64; x64; rv:59.0) Gecko/20100101 Firefox/59.0"
212.186.238.50 - - [19/Mar/2018:10:46:03 +0100] "GET /loadthumbnail.php?id=11550106&width=250 HTTP/1.1" 200 11651 "http://renault.activities.at/11532833?print=true" "Mozilla/5.0 (Windows NT 10.0; Win64; x64; rv:59.0) Gecko/20100101 Firefox/59.0"
212.186.238.50 - - [19/Mar/2018:10:46:03 +0100] "GET /loadthumbnail.php?id=11550106&width=250 HTTP/1.1" 200 11651 "http://renault.activities.at/11532833?print=true" "Mozilla/5.0 (Windows NT 10.0; Win64; x64; rv:59.0) Gecko/20100101 Firefox/59.0"
212.186.238.50 - - [19/Mar/2018:10:46:03 +0100] "GET /loadthumbnail.php?id=11550106&width=900&height=900 HTTP/1.1" 200 105394 "http://renault.activities.at/11532833?print=true" "Mozilla/5.0 (Windows NT 10.0; Win64; x64; rv:59.0) Gecko/20100101 Firefox/59.0"
212.186.238.50 - - [19/Mar/2018:10:46:12 +0100] "POST /11532833?print=true HTTP/1.1" 200 2753 "http://renault.activities.at/11532833?print=true" "Mozilla/5.0 (Windows NT 10.0; Win64; x64; rv:59.0) Gecko/20100101 Firefox/59.0"
212.186.238.50 - - [19/Mar/2018:10:46:14 +0100] "GET /images/success_msg_icon.gif HTTP/1.1" 200 1024 "http://renault.activities.at/css/styles.css" "Mozilla/5.0 (Windows NT 10.0; Win64; x64; rv:59.0) Gecko/20100101 Firefox/59.0"
212.186.238.50 - - [19/Mar/2018:10:46:19 +0100] "POST /axjaxrequest?mode=suggest HTTP/1.1" 200 232 "http://renault.activities.at/result?dir=DESC&mode=grid&order=name&limit=15&page=2&search=kadjar" "Mozilla/5.0 (Windows NT 10.0; Win64; x64; rv:59.0) Gecko/20100101 Firefox/59.0"
212.186.238.50 - - [19/Mar/2018:10:46:20 +0100] "GET /result?searchterm=true&search=koleos HTTP/1.1" 200 7609 "http://renault.activities.at/result?dir=DESC&mode=grid&order=name&limit=15&page=2&search=kadjar" "Mozilla/5.0 (Windows NT 10.0; Win64; x64; rv:59.0) Gecko/20100101 Firefox/59.0"
212.186.238.50 - - [19/Mar/2018:10:46:23 +0100] "GET /js/prototip.js HTTP/1.1" 200 4588 "http://renault.activities.at/result?searchterm=true&search=koleos" "Mozilla/5.0 (Windows NT 10.0; Win64; x64; rv:59.0) Gecko/20100101 Firefox/59.0"
212.186.238.50 - - [19/Mar/2018:10:46:23 +0100] "GET /loadthumbnail.php?id=11518629&width=113 HTTP/1.1" 200 19415 "http://renault.activities.at/result?searchterm=true&search=koleos" "Mozilla/5.0 (Windows NT 10.0; Win64; x64; rv:59.0) Gecko/20100101 Firefox/59.0"
212.186.238.50 - - [19/Mar/2018:10:46:23 +0100] "GET /loadthumbnail.php?id=11679111&width=113 HTTP/1.1" 200 34281 "http://renault.activities.at/result?searchterm=true&search=koleos" "Mozilla/5.0 (Windows NT 10.0; Win64; x64; rv:59.0) Gecko/20100101 Firefox/59.0"
212.186.238.50 - - [19/Mar/2018:10:46:23 +0100] "GET /loadthumbnail.php?id=11555218&width=113 HTTP/1.1" 200 2237 "http://renault.activities.at/result?searchterm=true&search=koleos" "Mozilla/5.0 (Windows NT 10.0; Win64; x64; rv:59.0) Gecko/20100101 Firefox/59.0"
212.186.238.50 - - [19/Mar/2018:10:46:23 +0100] "GET /loadthumbnail.php?id=11532185&width=113 HTTP/1.1" 200 2800 "http://renault.activities.at/result?searchterm=true&search=koleos" "Mozilla/5.0 (Windows NT 10.0; Win64; x64; rv:59.0) Gecko/20100101 Firefox/59.0"
212.186.238.50 - - [19/Mar/2018:10:46:23 +0100] "GET /loadthumbnail.php?id=11555219&width=113 HTTP/1.1" 200 2237 "http://renault.activities.at/result?searchterm=true&search=koleos" "Mozilla/5.0 (Windows NT 10.0; Win64; x64; rv:59.0) Gecko/20100101 Firefox/59.0"
212.186.238.50 - - [19/Mar/2018:10:46:23 +0100] "GET /loadthumbnail.php?id=11523715&width=113 HTTP/1.1" 200 2817 "http://renault.activities.at/result?searchterm=true&search=koleos" "Mozilla/5.0 (Windows NT 10.0; Win64; x64; rv:59.0) Gecko/20100101 Firefox/59.0"
212.186.238.50 - - [19/Mar/2018:10:46:23 +0100] "GET /loadthumbnail.php?id=10260861&width=113 HTTP/1.1" 200 1170 "http://renault.activities.at/result?searchterm=true&search=koleos" "Mozilla/5.0 (Windows NT 10.0; Win64; x64; rv:59.0) Gecko/20100101 Firefox/59.0"
212.186.238.50 - - [19/Mar/2018:10:46:23 +0100] "GET /loadthumbnail.php?id=11590238&width=113 HTTP/1.1" 200 4353 "http://renault.activities.at/result?searchterm=true&search=koleos" "Mozilla/5.0 (Windows NT 10.0; Win64; x64; rv:59.0) Gecko/20100101 Firefox/59.0"
212.186.238.50 - - [19/Mar/2018:10:46:23 +0100] "GET /loadthumbnail.php?id=11577924&width=113 HTTP/1.1" 200 28282 "http://renault.activities.at/result?searchterm=true&search=koleos" "Mozilla/5.0 (Windows NT 10.0; Win64; x64; rv:59.0) Gecko/20100101 Firefox/59.0"
212.186.238.50 - - [19/Mar/2018:10:46:23 +0100] "GET /loadthumbnail.php?id=11658180&width=113 HTTP/1.1" 200 29422 "http://renault.activities.at/result?searchterm=true&search=koleos" "Mozilla/5.0 (Windows NT 10.0; Win64; x64; rv:59.0) Gecko/20100101 Firefox/59.0"
212.186.238.50 - - [19/Mar/2018:10:46:20 +0100] "POST /axjaxrequest?mode=suggest HTTP/1.1" 200 111 "http://renault.activities.at/result?dir=DESC&mode=grid&order=name&limit=15&page=2&search=kadjar" "Mozilla/5.0 (Windows NT 10.0; Win64; x64; rv:59.0) Gecko/20100101 Firefox/59.0"
88.117.240.214 - - [19/Mar/2018:10:46:26 +0100] "GET /reload?ser=1521452786765 HTTP/1.1" 200 28 "http://renault.activities.at/result?searchterm=true&search=Trafic" "Mozilla/5.0 (Windows NT 6.1; WOW64; Trident/7.0; rv:11.0) like Gecko"
212.186.238.50 - - [19/Mar/2018:10:46:31 +0100] "GET /11419680?print=true HTTP/1.1" 200 2642 "http://renault.activities.at/result?searchterm=true&search=koleos" "Mozilla/5.0 (Windows NT 10.0; Win64; x64; rv:59.0) Gecko/20100101 Firefox/59.0"
212.186.238.50 - - [19/Mar/2018:10:46:34 +0100] "GET /loadthumbnail.php?id=11523715&width=250 HTTP/1.1" 200 8960 "http://renault.activities.at/11419680?print=true" "Mozilla/5.0 (Windows NT 10.0; Win64; x64; rv:59.0) Gecko/20100101 Firefox/59.0"
212.186.238.50 - - [19/Mar/2018:10:46:34 +0100] "GET /loadthumbnail.php?id=11523715&width=250 HTTP/1.1" 200 8960 "http://renault.activities.at/11419680?print=true" "Mozilla/5.0 (Windows NT 10.0; Win64; x64; rv:59.0) Gecko/20100101 Firefox/59.0"
212.186.238.50 - - [19/Mar/2018:10:46:34 +0100] "GET /loadthumbnail.php?id=11523715&width=900&height=900 HTTP/1.1" 200 73738 "http://renault.activities.at/11419680?print=true" "Mozilla/5.0 (Windows NT 10.0; Win64; x64; rv:59.0) Gecko/20100101 Firefox/59.0"
193.194.132.75 - - [19/Mar/2018:10:46:35 +0100] "GET /reload?ser=1521452795133 HTTP/1.1" 200 28 "http://renault.2web.at/account?loadrequest=true" "Mozilla/5.0 (Windows NT 6.1; WOW64; Trident/7.0; rv:11.0) like Gecko"
212.186.238.50 - - [19/Mar/2018:10:46:38 +0100] "POST /11419680?print=true HTTP/1.1" 200 2752 "http://renault.activities.at/11419680?print=true" "Mozilla/5.0 (Windows NT 10.0; Win64; x64; rv:59.0) Gecko/20100101 Firefox/59.0"
212.186.238.50 - - [19/Mar/2018:10:46:40 +0100] "GET /images/success_msg_icon.gif HTTP/1.1" 200 1024 "http://renault.activities.at/css/styles.css" "Mozilla/5.0 (Windows NT 10.0; Win64; x64; rv:59.0) Gecko/20100101 Firefox/59.0"
212.186.238.50 - - [19/Mar/2018:10:46:47 +0100] "GET /cart HTTP/1.1" 200 5871 "http://renault.activities.at/result?searchterm=true&search=koleos" "Mozilla/5.0 (Windows NT 10.0; Win64; x64; rv:59.0) Gecko/20100101 Firefox/59.0"
212.186.238.50 - - [19/Mar/2018:10:46:50 +0100] "GET /loadthumbnail.php?id=10232009&width=16&height=16 HTTP/1.1" 200 700 "http://renault.activities.at/cart" "Mozilla/5.0 (Windows NT 10.0; Win64; x64; rv:59.0) Gecko/20100101 Firefox/59.0"
212.186.238.50 - - [19/Mar/2018:10:46:50 +0100] "GET /loadthumbnail.php?id=11534323&width=100 HTTP/1.1" 200 2461 "http://renault.activities.at/cart" "Mozilla/5.0 (Windows NT 10.0; Win64; x64; rv:59.0) Gecko/20100101 Firefox/59.0"
212.186.238.50 - - [19/Mar/2018:10:46:50 +0100] "GET /loadthumbnail.php?id=11553667&width=100 HTTP/1.1" 200 2651 "http://renault.activities.at/cart" "Mozilla/5.0 (Windows NT 10.0; Win64; x64; rv:59.0) Gecko/20100101 Firefox/59.0"
212.186.238.50 - - [19/Mar/2018:10:46:50 +0100] "GET /loadthumbnail.php?id=11361004&width=100 HTTP/1.1" 200 2508 "http://renault.activities.at/cart" "Mozilla/5.0 (Windows NT 10.0; Win64; x64; rv:59.0) Gecko/20100101 Firefox/59.0"
212.186.238.50 - - [19/Mar/2018:10:46:50 +0100] "GET /loadthumbnail.php?id=11361003&width=100 HTTP/1.1" 200 2822 "http://renault.activities.at/cart" "Mozilla/5.0 (Windows NT 10.0; Win64; x64; rv:59.0) Gecko/20100101 Firefox/59.0"
212.186.238.50 - - [19/Mar/2018:10:46:50 +0100] "GET /loadthumbnail.php?id=11550106&width=100 HTTP/1.1" 200 2749 "http://renault.activities.at/cart" "Mozilla/5.0 (Windows NT 10.0; Win64; x64; rv:59.0) Gecko/20100101 Firefox/59.0"
212.186.238.50 - - [19/Mar/2018:10:46:51 +0100] "GET /loadthumbnail.php?id=11523715&width=100 HTTP/1.1" 200 2362 "http://renault.activities.at/cart" "Mozilla/5.0 (Windows NT 10.0; Win64; x64; rv:59.0) Gecko/20100101 Firefox/59.0"
88.117.240.214 - - [19/Mar/2018:10:47:00 +0100] "GET /reload?ser=1521452821185 HTTP/1.1" 200 28 "http://renault.activities.at/aboutus" "Mozilla/5.0 (Windows NT 6.1; WOW64; Trident/7.0; rv:11.0) like Gecko"
212.186.238.50 - - [19/Mar/2018:10:47:11 +0100] "GET /checkout HTTP/1.1" 200 10437 "http://renault.activities.at/cart" "Mozilla/5.0 (Windows NT 10.0; Win64; x64; rv:59.0) Gecko/20100101 Firefox/59.0"
212.186.238.50 - - [19/Mar/2018:10:47:16 +0100] "GET /js/checkout2.js HTTP/1.1" 200 4122 "http://renault.activities.at/checkout" "Mozilla/5.0 (Windows NT 10.0; Win64; x64; rv:59.0) Gecko/20100101 Firefox/59.0"
212.186.238.50 - - [19/Mar/2018:10:47:16 +0100] "GET /images/ajax_loading.gif HTTP/1.1" 200 1542 "http://renault.activities.at/checkout" "Mozilla/5.0 (Windows NT 10.0; Win64; x64; rv:59.0) Gecko/20100101 Firefox/59.0"
212.186.238.50 - - [19/Mar/2018:10:47:16 +0100] "GET /images/step_marker.gif HTTP/1.1" 200 650 "http://renault.activities.at/css/styles.css" "Mozilla/5.0 (Windows NT 10.0; Win64; x64; rv:59.0) Gecko/20100101 Firefox/59.0"
212.186.238.50 - - [19/Mar/2018:10:47:16 +0100] "GET /images/step_bg.jpg HTTP/1.1" 200 319 "http://renault.activities.at/css/styles.css" "Mozilla/5.0 (Windows NT 10.0; Win64; x64; rv:59.0) Gecko/20100101 Firefox/59.0"
212.186.238.50 - - [19/Mar/2018:10:47:16 +0100] "GET /images/checkout_border.gif HTTP/1.1" 200 43 "http://renault.activities.at/css/styles.css" "Mozilla/5.0 (Windows NT 10.0; Win64; x64; rv:59.0) Gecko/20100101 Firefox/59.0"
212.186.238.50 - - [19/Mar/2018:10:47:16 +0100] "GET /images/checkout_border_top.gif HTTP/1.1" 200 156 "http://renault.activities.at/css/styles.css" "Mozilla/5.0 (Windows NT 10.0; Win64; x64; rv:59.0) Gecko/20100101 Firefox/59.0"
212.186.238.50 - - [19/Mar/2018:10:47:16 +0100] "GET /loadthumbnail.php?id=10201939 HTTP/1.1" 200 201 "http://renault.activities.at/checkout" "Mozilla/5.0 (Windows NT 10.0; Win64; x64; rv:59.0) Gecko/20100101 Firefox/59.0"
212.186.238.50 - - [19/Mar/2018:10:47:16 +0100] "GET /loadthumbnail.php?id=10202698 HTTP/1.1" 200 16686 "http://renault.activities.at/checkout" "Mozilla/5.0 (Windows NT 10.0; Win64; x64; rv:59.0) Gecko/20100101 Firefox/59.0"
88.117.240.214 - - [19/Mar/2018:10:47:27 +0100] "GET /reload?ser=1521452847742 HTTP/1.1" 200 28 "http://renault.activities.at/result?searchterm=true&search=Trafic" "Mozilla/5.0 (Windows NT 6.1; WOW64; Trident/7.0; rv:11.0) like Gecko"
212.186.238.50 - - [19/Mar/2018:10:47:25 +0100] "POST /docheckout HTTP/1.1" 200 460 "http://renault.activities.at/checkout" "Mozilla/5.0 (Windows NT 10.0; Win64; x64; rv:59.0) Gecko/20100101 Firefox/59.0"
212.186.238.50 - - [19/Mar/2018:10:47:29 +0100] "POST /docheckout HTTP/1.1" 200 754 "http://renault.activities.at/checkout" "Mozilla/5.0 (Windows NT 10.0; Win64; x64; rv:59.0) Gecko/20100101 Firefox/59.0"
212.186.238.50 - - [19/Mar/2018:10:47:31 +0100] "GET /images/error_msg_icon.gif HTTP/1.1" 200 1013 "http://renault.activities.at/checkout" "Mozilla/5.0 (Windows NT 10.0; Win64; x64; rv:59.0) Gecko/20100101 Firefox/59.0"
212.186.238.50 - - [19/Mar/2018:10:47:33 +0100] "POST /docheckout HTTP/1.1" 200 68 "http://renault.activities.at/checkout" "Mozilla/5.0 (Windows NT 10.0; Win64; x64; rv:59.0) Gecko/20100101 Firefox/59.0"
193.194.132.75 - - [19/Mar/2018:10:47:36 +0100] "GET /reload?ser=1521452856174 HTTP/1.1" 200 28 "http://renault.2web.at/account?loadrequest=true" "Mozilla/5.0 (Windows NT 6.1; WOW64; Trident/7.0; rv:11.0) like Gecko"
212.186.238.50 - - [19/Mar/2018:10:47:37 +0100] "GET /success HTTP/1.1" 200 3936 "http://renault.activities.at/checkout" "Mozilla/5.0 (Windows NT 10.0; Win64; x64; rv:59.0) Gecko/20100101 Firefox/59.0"
212.186.238.50 - - [19/Mar/2018:10:48:00 +0100] "GET /logout HTTP/1.1" 302 140 "http://renault.activities.at/success" "Mozilla/5.0 (Windows NT 10.0; Win64; x64; rv:59.0) Gecko/20100101 Firefox/59.0"
212.186.238.50 - - [19/Mar/2018:10:48:01 +0100] "GET /logout HTTP/1.1" 200 1583 "http://renault.activities.at/success" "Mozilla/5.0 (Windows NT 10.0; Win64; x64; rv:59.0) Gecko/20100101 Firefox/59.0"
88.117.240.214 - - [19/Mar/2018:10:48:01 +0100] "GET /reload?ser=1521452882147 HTTP/1.1" 200 28 "http://renault.activities.at/aboutus" "Mozilla/5.0 (Windows NT 6.1; WOW64; Trident/7.0; rv:11.0) like Gecko"
212.186.238.50 - - [19/Mar/2018:10:48:07 +0100] "GET / HTTP/1.1" 200 3692 "http://renault.activities.at/logout" "Mozilla/5.0 (Windows NT 10.0; Win64; x64; rv:59.0) Gecko/20100101 Firefox/59.0"
88.117.240.214 - - [19/Mar/2018:10:48:28 +0100] "GET /reload?ser=1521452908782 HTTP/1.1" 200 28 "http://renault.activities.at/result?searchterm=true&search=Trafic" "Mozilla/5.0 (Windows NT 6.1; WOW64; Trident/7.0; rv:11.0) like Gecko"
193.194.132.75 - - [19/Mar/2018:10:48:37 +0100] "GET /reload?ser=1521452917217 HTTP/1.1" 200 28 "http://renault.2web.at/account?loadrequest=true" "Mozilla/5.0 (Windows NT 6.1; WOW64; Trident/7.0; rv:11.0) like Gecko"
88.117.240.214 - - [19/Mar/2018:10:49:02 +0100] "GET /reload?ser=1521452943125 HTTP/1.1" 200 28 "http://renault.activities.at/aboutus" "Mozilla/5.0 (Windows NT 6.1; WOW64; Trident/7.0; rv:11.0) like Gecko"
88.117.240.214 - - [19/Mar/2018:10:49:29 +0100] "GET /reload?ser=1521452969807 HTTP/1.1" 200 28 "http://renault.activities.at/result?searchterm=true&search=Trafic" "Mozilla/5.0 (Windows NT 6.1; WOW64; Trident/7.0; rv:11.0) like Gecko"
193.194.132.75 - - [19/Mar/2018:10:49:38 +0100] "GET /reload?ser=1521452978255 HTTP/1.1" 200 28 "http://renault.2web.at/account?loadrequest=true" "Mozilla/5.0 (Windows NT 6.1; WOW64; Trident/7.0; rv:11.0) like Gecko"
88.117.240.214 - - [19/Mar/2018:10:50:03 +0100] "GET /reload?ser=1521453004207 HTTP/1.1" 200 28 "http://renault.activities.at/aboutus" "Mozilla/5.0 (Windows NT 6.1; WOW64; Trident/7.0; rv:11.0) like Gecko"
88.117.240.214 - - [19/Mar/2018:10:50:30 +0100] "GET /reload?ser=1521453030769 HTTP/1.1" 200 28 "http://renault.activities.at/result?searchterm=true&search=Trafic" "Mozilla/5.0 (Windows NT 6.1; WOW64; Trident/7.0; rv:11.0) like Gecko"
193.194.132.75 - - [19/Mar/2018:10:50:39 +0100] "GET /reload?ser=1521453039346 HTTP/1.1" 200 28 "http://renault.2web.at/account?loadrequest=true" "Mozilla/5.0 (Windows NT 6.1; WOW64; Trident/7.0; rv:11.0) like Gecko"
178.165.129.119 - - [19/Mar/2018:10:50:48 +0100] "GET /account HTTP/1.1" 302 150 "-" "Mozilla/5.0 (iPhone; CPU iPhone OS 11_2_5 like Mac OS X) AppleWebKit/604.5.6 (KHTML, like Gecko) Version/11.0 Mobile/15D60 Safari/604.1"
178.165.129.119 - - [19/Mar/2018:10:50:49 +0100] "GET /login?required=true HTTP/1.1" 200 2086 "-" "Mozilla/5.0 (iPhone; CPU iPhone OS 11_2_5 like Mac OS X) AppleWebKit/604.5.6 (KHTML, like Gecko) Version/11.0 Mobile/15D60 Safari/604.1"
178.165.129.119 - - [19/Mar/2018:10:50:50 +0100] "GET /apple-touch-icon-120x120-precomposed.png HTTP/1.1" 200 1559 "-" "MobileSafari/604.1 CFNetwork/894 Darwin/17.4.0"
178.165.129.119 - - [19/Mar/2018:10:50:51 +0100] "GET /apple-touch-icon-120x120.png HTTP/1.1" 200 1559 "-" "MobileSafari/604.1 CFNetwork/894 Darwin/17.4.0"
178.165.129.119 - - [19/Mar/2018:10:50:52 +0100] "GET /apple-touch-icon-precomposed.png HTTP/1.1" 200 1559 "-" "MobileSafari/604.1 CFNetwork/894 Darwin/17.4.0"
178.165.129.119 - - [19/Mar/2018:10:50:53 +0100] "GET /apple-touch-icon.png HTTP/1.1" 200 1559 "-" "MobileSafari/604.1 CFNetwork/894 Darwin/17.4.0"
178.165.129.119 - - [19/Mar/2018:10:50:54 +0100] "GET /images/favicon.ico HTTP/1.1" 404 305 "-" "MobileSafari/604.1 CFNetwork/894 Darwin/17.4.0"
178.165.129.119 - - [19/Mar/2018:10:50:54 +0100] "GET /images/favicon.ico HTTP/1.1" 404 305 "-" "MobileSafari/604.1 CFNetwork/894 Darwin/17.4.0"
178.165.129.119 - - [19/Mar/2018:10:50:54 +0100] "GET /favicon.ico HTTP/1.1" 200 3250 "-" "MobileSafari/604.1 CFNetwork/894 Darwin/17.4.0"
178.165.129.119 - - [19/Mar/2018:10:50:54 +0100] "GET /apple-touch-icon-120x120-precomposed.png HTTP/1.1" 200 1559 "-" "MobileSafari/604.1 CFNetwork/894 Darwin/17.4.0"
178.165.129.119 - - [19/Mar/2018:10:50:55 +0100] "GET /apple-touch-icon-120x120.png HTTP/1.1" 200 1559 "-" "MobileSafari/604.1 CFNetwork/894 Darwin/17.4.0"
178.165.129.119 - - [19/Mar/2018:10:50:56 +0100] "GET /apple-touch-icon-precomposed.png HTTP/1.1" 200 1559 "-" "MobileSafari/604.1 CFNetwork/894 Darwin/17.4.0"
178.165.129.119 - - [19/Mar/2018:10:50:57 +0100] "GET /apple-touch-icon.png HTTP/1.1" 200 1559 "-" "MobileSafari/604.1 CFNetwork/894 Darwin/17.4.0"
178.165.129.119 - - [19/Mar/2018:10:50:59 +0100] "GET /images/favicon.ico HTTP/1.1" 404 305 "-" "MobileSafari/604.1 CFNetwork/894 Darwin/17.4.0"
178.165.129.119 - - [19/Mar/2018:10:50:59 +0100] "GET /images/favicon.ico HTTP/1.1" 404 305 "-" "MobileSafari/604.1 CFNetwork/894 Darwin/17.4.0"
178.165.129.119 - - [19/Mar/2018:10:50:59 +0100] "GET /favicon.ico HTTP/1.1" 200 3250 "-" "MobileSafari/604.1 CFNetwork/894 Darwin/17.4.0"
88.117.240.214 - - [19/Mar/2018:10:51:04 +0100] "GET /reload?ser=1521453065215 HTTP/1.1" 200 28 "http://renault.activities.at/aboutus" "Mozilla/5.0 (Windows NT 6.1; WOW64; Trident/7.0; rv:11.0) like Gecko"
88.117.240.214 - - [19/Mar/2018:10:51:31 +0100] "GET /reload?ser=1521453091808 HTTP/1.1" 200 28 "http://renault.activities.at/result?searchterm=true&search=Trafic" "Mozilla/5.0 (Windows NT 6.1; WOW64; Trident/7.0; rv:11.0) like Gecko"
193.194.132.75 - - [19/Mar/2018:10:51:40 +0100] "GET /reload?ser=1521453100380 HTTP/1.1" 200 28 "http://renault.2web.at/account?loadrequest=true" "Mozilla/5.0 (Windows NT 6.1; WOW64; Trident/7.0; rv:11.0) like Gecko"
88.117.240.214 - - [19/Mar/2018:10:52:05 +0100] "GET /reload?ser=1521453126208 HTTP/1.1" 200 28 "http://renault.activities.at/aboutus" "Mozilla/5.0 (Windows NT 6.1; WOW64; Trident/7.0; rv:11.0) like Gecko"
88.117.240.214 - - [19/Mar/2018:10:52:32 +0100] "GET /reload?ser=1521453152844 HTTP/1.1" 200 28 "http://renault.activities.at/result?searchterm=true&search=Trafic" "Mozilla/5.0 (Windows NT 6.1; WOW64; Trident/7.0; rv:11.0) like Gecko"
193.194.132.75 - - [19/Mar/2018:10:52:41 +0100] "GET /reload?ser=1521453161458 HTTP/1.1" 200 28 "http://renault.2web.at/account?loadrequest=true" "Mozilla/5.0 (Windows NT 6.1; WOW64; Trident/7.0; rv:11.0) like Gecko"
88.117.240.214 - - [19/Mar/2018:10:53:06 +0100] "GET /reload?ser=1521453187186 HTTP/1.1" 200 28 "http://renault.activities.at/aboutus" "Mozilla/5.0 (Windows NT 6.1; WOW64; Trident/7.0; rv:11.0) like Gecko"
88.117.240.214 - - [19/Mar/2018:10:53:33 +0100] "GET /reload?ser=1521453213883 HTTP/1.1" 200 28 "http://renault.activities.at/result?searchterm=true&search=Trafic" "Mozilla/5.0 (Windows NT 6.1; WOW64; Trident/7.0; rv:11.0) like Gecko"
193.194.132.75 - - [19/Mar/2018:10:53:42 +0100] "GET /reload?ser=1521453222594 HTTP/1.1" 200 28 "http://renault.2web.at/account?loadrequest=true" "Mozilla/5.0 (Windows NT 6.1; WOW64; Trident/7.0; rv:11.0) like Gecko"
88.117.240.214 - - [19/Mar/2018:10:54:07 +0100] "GET /reload?ser=1521453248195 HTTP/1.1" 200 28 "http://renault.activities.at/aboutus" "Mozilla/5.0 (Windows NT 6.1; WOW64; Trident/7.0; rv:11.0) like Gecko"
88.117.240.214 - - [19/Mar/2018:10:54:34 +0100] "GET /reload?ser=1521453274861 HTTP/1.1" 200 28 "http://renault.activities.at/result?searchterm=true&search=Trafic" "Mozilla/5.0 (Windows NT 6.1; WOW64; Trident/7.0; rv:11.0) like Gecko"
193.194.132.75 - - [19/Mar/2018:10:54:43 +0100] "GET /reload?ser=1521453283721 HTTP/1.1" 200 28 "http://renault.2web.at/account?loadrequest=true" "Mozilla/5.0 (Windows NT 6.1; WOW64; Trident/7.0; rv:11.0) like Gecko"
88.117.240.214 - - [19/Mar/2018:10:55:08 +0100] "GET /reload?ser=1521453309188 HTTP/1.1" 200 28 "http://renault.activities.at/aboutus" "Mozilla/5.0 (Windows NT 6.1; WOW64; Trident/7.0; rv:11.0) like Gecko"
88.117.240.214 - - [19/Mar/2018:10:55:35 +0100] "GET /reload?ser=1521453335854 HTTP/1.1" 200 28 "http://renault.activities.at/result?searchterm=true&search=Trafic" "Mozilla/5.0 (Windows NT 6.1; WOW64; Trident/7.0; rv:11.0) like Gecko"
193.194.132.75 - - [19/Mar/2018:10:55:45 +0100] "GET /reload?ser=1521453344873 HTTP/1.1" 200 28 "http://renault.2web.at/account?loadrequest=true" "Mozilla/5.0 (Windows NT 6.1; WOW64; Trident/7.0; rv:11.0) like Gecko"
88.117.240.214 - - [19/Mar/2018:10:56:09 +0100] "GET /reload?ser=1521453370196 HTTP/1.1" 200 28 "http://renault.activities.at/aboutus" "Mozilla/5.0 (Windows NT 6.1; WOW64; Trident/7.0; rv:11.0) like Gecko"
88.117.240.214 - - [19/Mar/2018:10:56:36 +0100] "GET /reload?ser=1521453396910 HTTP/1.1" 200 28 "http://renault.activities.at/result?searchterm=true&search=Trafic" "Mozilla/5.0 (Windows NT 6.1; WOW64; Trident/7.0; rv:11.0) like Gecko"
193.194.132.75 - - [19/Mar/2018:10:56:46 +0100] "GET /reload?ser=1521453406050 HTTP/1.1" 200 28 "http://renault.2web.at/account?loadrequest=true" "Mozilla/5.0 (Windows NT 6.1; WOW64; Trident/7.0; rv:11.0) like Gecko"
88.117.240.214 - - [19/Mar/2018:10:57:10 +0100] "GET /reload?ser=1521453431221 HTTP/1.1" 200 28 "http://renault.activities.at/aboutus" "Mozilla/5.0 (Windows NT 6.1; WOW64; Trident/7.0; rv:11.0) like Gecko"
88.117.240.214 - - [19/Mar/2018:10:57:37 +0100] "GET /reload?ser=1521453457888 HTTP/1.1" 200 28 "http://renault.activities.at/result?searchterm=true&search=Trafic" "Mozilla/5.0 (Windows NT 6.1; WOW64; Trident/7.0; rv:11.0) like Gecko"
193.194.132.75 - - [19/Mar/2018:10:57:47 +0100] "GET /reload?ser=1521453467190 HTTP/1.1" 200 28 "http://renault.2web.at/account?loadrequest=true" "Mozilla/5.0 (Windows NT 6.1; WOW64; Trident/7.0; rv:11.0) like Gecko"
88.117.240.214 - - [19/Mar/2018:10:58:11 +0100] "GET /reload?ser=1521453492231 HTTP/1.1" 200 28 "http://renault.activities.at/aboutus" "Mozilla/5.0 (Windows NT 6.1; WOW64; Trident/7.0; rv:11.0) like Gecko"
88.117.240.214 - - [19/Mar/2018:10:58:38 +0100] "GET /reload?ser=1521453518866 HTTP/1.1" 200 28 "http://renault.activities.at/result?searchterm=true&search=Trafic" "Mozilla/5.0 (Windows NT 6.1; WOW64; Trident/7.0; rv:11.0) like Gecko"
193.194.132.75 - - [19/Mar/2018:10:58:48 +0100] "GET /reload?ser=1521453528272 HTTP/1.1" 200 28 "http://renault.2web.at/account?loadrequest=true" "Mozilla/5.0 (Windows NT 6.1; WOW64; Trident/7.0; rv:11.0) like Gecko"
88.117.240.214 - - [19/Mar/2018:10:59:12 +0100] "GET /reload?ser=1521453553267 HTTP/1.1" 200 28 "http://renault.activities.at/aboutus" "Mozilla/5.0 (Windows NT 6.1; WOW64; Trident/7.0; rv:11.0) like Gecko"
88.117.240.214 - - [19/Mar/2018:10:59:39 +0100] "GET /reload?ser=1521453579843 HTTP/1.1" 200 28 "http://renault.activities.at/result?searchterm=true&search=Trafic" "Mozilla/5.0 (Windows NT 6.1; WOW64; Trident/7.0; rv:11.0) like Gecko"
193.194.132.75 - - [19/Mar/2018:10:59:49 +0100] "GET /reload?ser=1521453589504 HTTP/1.1" 200 28 "http://renault.2web.at/account?loadrequest=true" "Mozilla/5.0 (Windows NT 6.1; WOW64; Trident/7.0; rv:11.0) like Gecko"
88.117.240.214 - - [19/Mar/2018:11:00:13 +0100] "GET /reload?ser=1521453614244 HTTP/1.1" 200 28 "http://renault.activities.at/aboutus" "Mozilla/5.0 (Windows NT 6.1; WOW64; Trident/7.0; rv:11.0) like Gecko"
88.117.240.214 - - [19/Mar/2018:11:00:40 +0100] "GET /reload?ser=1521453640852 HTTP/1.1" 200 28 "http://renault.activities.at/result?searchterm=true&search=Trafic" "Mozilla/5.0 (Windows NT 6.1; WOW64; Trident/7.0; rv:11.0) like Gecko"
193.194.132.75 - - [19/Mar/2018:11:00:50 +0100] "GET /reload?ser=1521453650616 HTTP/1.1" 200 28 "http://renault.2web.at/account?loadrequest=true" "Mozilla/5.0 (Windows NT 6.1; WOW64; Trident/7.0; rv:11.0) like Gecko"
88.117.240.214 - - [19/Mar/2018:11:01:14 +0100] "GET /reload?ser=1521453675268 HTTP/1.1" 200 28 "http://renault.activities.at/aboutus" "Mozilla/5.0 (Windows NT 6.1; WOW64; Trident/7.0; rv:11.0) like Gecko"
88.117.240.214 - - [19/Mar/2018:11:01:41 +0100] "GET /reload?ser=1521453701857 HTTP/1.1" 200 28 "http://renault.activities.at/result?searchterm=true&search=Trafic" "Mozilla/5.0 (Windows NT 6.1; WOW64; Trident/7.0; rv:11.0) like Gecko"
193.194.132.75 - - [19/Mar/2018:11:01:51 +0100] "GET /reload?ser=1521453711757 HTTP/1.1" 200 28 "http://renault.2web.at/account?loadrequest=true" "Mozilla/5.0 (Windows NT 6.1; WOW64; Trident/7.0; rv:11.0) like Gecko"
88.117.240.214 - - [19/Mar/2018:11:02:15 +0100] "GET /reload?ser=1521453736308 HTTP/1.1" 200 28 "http://renault.activities.at/aboutus" "Mozilla/5.0 (Windows NT 6.1; WOW64; Trident/7.0; rv:11.0) like Gecko"
88.117.240.214 - - [19/Mar/2018:11:02:42 +0100] "GET /reload?ser=1521453762818 HTTP/1.1" 200 28 "http://renault.activities.at/result?searchterm=true&search=Trafic" "Mozilla/5.0 (Windows NT 6.1; WOW64; Trident/7.0; rv:11.0) like Gecko"
193.194.132.75 - - [19/Mar/2018:11:02:53 +0100] "GET /reload?ser=1521453772845 HTTP/1.1" 200 28 "http://renault.2web.at/account?loadrequest=true" "Mozilla/5.0 (Windows NT 6.1; WOW64; Trident/7.0; rv:11.0) like Gecko"
88.117.240.214 - - [19/Mar/2018:11:03:16 +0100] "GET /reload?ser=1521453797302 HTTP/1.1" 200 28 "http://renault.activities.at/aboutus" "Mozilla/5.0 (Windows NT 6.1; WOW64; Trident/7.0; rv:11.0) like Gecko"
88.117.240.214 - - [19/Mar/2018:11:03:43 +0100] "GET /reload?ser=1521453823812 HTTP/1.1" 200 28 "http://renault.activities.at/result?searchterm=true&search=Trafic" "Mozilla/5.0 (Windows NT 6.1; WOW64; Trident/7.0; rv:11.0) like Gecko"
193.194.132.75 - - [19/Mar/2018:11:03:54 +0100] "GET /reload?ser=1521453833977 HTTP/1.1" 200 28 "http://renault.2web.at/account?loadrequest=true" "Mozilla/5.0 (Windows NT 6.1; WOW64; Trident/7.0; rv:11.0) like Gecko"
88.117.240.214 - - [19/Mar/2018:11:04:17 +0100] "GET /reload?ser=1521453858326 HTTP/1.1" 200 28 "http://renault.activities.at/aboutus" "Mozilla/5.0 (Windows NT 6.1; WOW64; Trident/7.0; rv:11.0) like Gecko"
88.117.240.214 - - [19/Mar/2018:11:04:44 +0100] "GET /reload?ser=1521453884774 HTTP/1.1" 200 28 "http://renault.activities.at/result?searchterm=true&search=Trafic" "Mozilla/5.0 (Windows NT 6.1; WOW64; Trident/7.0; rv:11.0) like Gecko"
193.194.132.75 - - [19/Mar/2018:11:04:55 +0100] "GET /reload?ser=1521453895029 HTTP/1.1" 200 28 "http://renault.2web.at/account?loadrequest=true" "Mozilla/5.0 (Windows NT 6.1; WOW64; Trident/7.0; rv:11.0) like Gecko"
88.117.240.214 - - [19/Mar/2018:11:05:18 +0100] "GET /reload?ser=1521453919319 HTTP/1.1" 200 28 "http://renault.activities.at/aboutus" "Mozilla/5.0 (Windows NT 6.1; WOW64; Trident/7.0; rv:11.0) like Gecko"
88.117.240.214 - - [19/Mar/2018:11:05:45 +0100] "GET /reload?ser=1521453945767 HTTP/1.1" 200 28 "http://renault.activities.at/result?searchterm=true&search=Trafic" "Mozilla/5.0 (Windows NT 6.1; WOW64; Trident/7.0; rv:11.0) like Gecko"
193.194.132.75 - - [19/Mar/2018:11:05:56 +0100] "GET /reload?ser=1521453956157 HTTP/1.1" 200 28 "http://renault.2web.at/account?loadrequest=true" "Mozilla/5.0 (Windows NT 6.1; WOW64; Trident/7.0; rv:11.0) like Gecko"
88.117.240.214 - - [19/Mar/2018:11:06:19 +0100] "GET /reload?ser=1521453980312 HTTP/1.1" 200 28 "http://renault.activities.at/aboutus" "Mozilla/5.0 (Windows NT 6.1; WOW64; Trident/7.0; rv:11.0) like Gecko"
88.117.240.214 - - [19/Mar/2018:11:06:46 +0100] "GET /reload?ser=1521454006776 HTTP/1.1" 200 28 "http://renault.activities.at/result?searchterm=true&search=Trafic" "Mozilla/5.0 (Windows NT 6.1; WOW64; Trident/7.0; rv:11.0) like Gecko"
193.194.132.75 - - [19/Mar/2018:11:06:57 +0100] "GET /reload?ser=1521454017209 HTTP/1.1" 200 28 "http://renault.2web.at/account?loadrequest=true" "Mozilla/5.0 (Windows NT 6.1; WOW64; Trident/7.0; rv:11.0) like Gecko"
88.117.240.214 - - [19/Mar/2018:11:07:20 +0100] "GET /reload?ser=1521454041337 HTTP/1.1" 200 28 "http://renault.activities.at/aboutus" "Mozilla/5.0 (Windows NT 6.1; WOW64; Trident/7.0; rv:11.0) like Gecko"
88.117.240.214 - - [19/Mar/2018:11:07:42 +0100] "GET /cart HTTP/1.1" 200 7006 "http://renault.activities.at/result?searchterm=true&search=Trafic" "Mozilla/5.0 (Windows NT 6.1; WOW64; Trident/7.0; rv:11.0) like Gecko"
88.117.240.214 - - [19/Mar/2018:11:07:47 +0100] "GET /css/reset.css HTTP/1.1" 304 - "http://renault.activities.at/cart" "Mozilla/5.0 (Windows NT 6.1; WOW64; Trident/7.0; rv:11.0) like Gecko"
88.117.240.214 - - [19/Mar/2018:11:07:47 +0100] "GET /js/default.js HTTP/1.1" 304 - "http://renault.activities.at/cart" "Mozilla/5.0 (Windows NT 6.1; WOW64; Trident/7.0; rv:11.0) like Gecko"
88.117.240.214 - - [19/Mar/2018:11:07:47 +0100] "GET /css/clears.css HTTP/1.1" 304 - "http://renault.activities.at/cart" "Mozilla/5.0 (Windows NT 6.1; WOW64; Trident/7.0; rv:11.0) like Gecko"
88.117.240.214 - - [19/Mar/2018:11:07:47 +0100] "GET /css/print.css HTTP/1.1" 304 - "http://renault.activities.at/cart" "Mozilla/5.0 (Windows NT 6.1; WOW64; Trident/7.0; rv:11.0) like Gecko"
88.117.240.214 - - [19/Mar/2018:11:07:47 +0100] "GET /css/styles.css HTTP/1.1" 304 - "http://renault.activities.at/cart" "Mozilla/5.0 (Windows NT 6.1; WOW64; Trident/7.0; rv:11.0) like Gecko"
88.117.240.214 - - [19/Mar/2018:11:07:47 +0100] "GET /js/checkout.css HTTP/1.1" 304 - "http://renault.activities.at/cart" "Mozilla/5.0 (Windows NT 6.1; WOW64; Trident/7.0; rv:11.0) like Gecko"
88.117.240.214 - - [19/Mar/2018:11:07:47 +0100] "GET /css/prototip.css HTTP/1.1" 304 - "http://renault.activities.at/cart" "Mozilla/5.0 (Windows NT 6.1; WOW64; Trident/7.0; rv:11.0) like Gecko"
88.117.240.214 - - [19/Mar/2018:11:07:47 +0100] "GET /css/themes/default.css HTTP/1.1" 304 - "http://renault.activities.at/cart" "Mozilla/5.0 (Windows NT 6.1; WOW64; Trident/7.0; rv:11.0) like Gecko"
88.117.240.214 - - [19/Mar/2018:11:07:47 +0100] "GET /css/themes/alphacube.css HTTP/1.1" 304 - "http://renault.activities.at/cart" "Mozilla/5.0 (Windows NT 6.1; WOW64; Trident/7.0; rv:11.0) like Gecko"
88.117.240.214 - - [19/Mar/2018:11:07:47 +0100] "GET /js/ProduktGrp.js HTTP/1.1" 304 - "http://renault.activities.at/cart" "Mozilla/5.0 (Windows NT 6.1; WOW64; Trident/7.0; rv:11.0) like Gecko"
88.117.240.214 - - [19/Mar/2018:11:07:47 +0100] "GET /loadthumbnail.php?id=10232009&width=16&height=16 HTTP/1.1" 200 700 "http://renault.activities.at/cart" "Mozilla/5.0 (Windows NT 6.1; WOW64; Trident/7.0; rv:11.0) like Gecko"
88.117.240.214 - - [19/Mar/2018:11:07:47 +0100] "GET /loadthumbnail.php?id=11361004&width=100 HTTP/1.1" 200 2508 "http://renault.activities.at/cart" "Mozilla/5.0 (Windows NT 6.1; WOW64; Trident/7.0; rv:11.0) like Gecko"
88.117.240.214 - - [19/Mar/2018:11:07:47 +0100] "GET /loadthumbnail.php?id=11711045&width=100 HTTP/1.1" 200 2495 "http://renault.activities.at/cart" "Mozilla/5.0 (Windows NT 6.1; WOW64; Trident/7.0; rv:11.0) like Gecko"
88.117.240.214 - - [19/Mar/2018:11:07:47 +0100] "GET /loadthumbnail.php?id=11553667&width=100 HTTP/1.1" 200 2651 "http://renault.activities.at/cart" "Mozilla/5.0 (Windows NT 6.1; WOW64; Trident/7.0; rv:11.0) like Gecko"
88.117.240.214 - - [19/Mar/2018:11:07:47 +0100] "GET /loadthumbnail.php?id=11711049&width=100 HTTP/1.1" 200 2573 "http://renault.activities.at/cart" "Mozilla/5.0 (Windows NT 6.1; WOW64; Trident/7.0; rv:11.0) like Gecko"
88.117.240.214 - - [19/Mar/2018:11:07:48 +0100] "GET /images/header_block_corner_left_top.gif HTTP/1.1" 304 - "http://renault.activities.at/cart" "Mozilla/5.0 (Windows NT 6.1; WOW64; Trident/7.0; rv:11.0) like Gecko"
88.117.240.214 - - [19/Mar/2018:11:07:47 +0100] "GET /loadthumbnail.php?id=11590243&width=100 HTTP/1.1" 200 2991 "http://renault.activities.at/cart" "Mozilla/5.0 (Windows NT 6.1; WOW64; Trident/7.0; rv:11.0) like Gecko"
88.117.240.214 - - [19/Mar/2018:11:07:48 +0100] "GET /images/header_block_border.gif HTTP/1.1" 304 - "http://renault.activities.at/cart" "Mozilla/5.0 (Windows NT 6.1; WOW64; Trident/7.0; rv:11.0) like Gecko"
88.117.240.214 - - [19/Mar/2018:11:07:48 +0100] "GET /images/header_block_corner_right_top.gif HTTP/1.1" 304 - "http://renault.activities.at/cart" "Mozilla/5.0 (Windows NT 6.1; WOW64; Trident/7.0; rv:11.0) like Gecko"
88.117.240.214 - - [19/Mar/2018:11:07:48 +0100] "GET /images/search_bg.gif HTTP/1.1" 304 - "http://renault.activities.at/cart" "Mozilla/5.0 (Windows NT 6.1; WOW64; Trident/7.0; rv:11.0) like Gecko"
88.117.240.214 - - [19/Mar/2018:11:07:48 +0100] "GET /images/main_block_corner_left_top.gif HTTP/1.1" 304 - "http://renault.activities.at/cart" "Mozilla/5.0 (Windows NT 6.1; WOW64; Trident/7.0; rv:11.0) like Gecko"
88.117.240.214 - - [19/Mar/2018:11:07:48 +0100] "GET /images/main_block_corner_right_bot.gif HTTP/1.1" 304 - "http://renault.activities.at/cart" "Mozilla/5.0 (Windows NT 6.1; WOW64; Trident/7.0; rv:11.0) like Gecko"
88.117.240.214 - - [19/Mar/2018:11:07:48 +0100] "GET /images/main_block_border.gif HTTP/1.1" 304 - "http://renault.activities.at/cart" "Mozilla/5.0 (Windows NT 6.1; WOW64; Trident/7.0; rv:11.0) like Gecko"
88.117.240.214 - - [19/Mar/2018:11:07:48 +0100] "GET /images/main_block_corner_left_bot.gif HTTP/1.1" 304 - "http://renault.activities.at/cart" "Mozilla/5.0 (Windows NT 6.1; WOW64; Trident/7.0; rv:11.0) like Gecko"
88.117.240.214 - - [19/Mar/2018:11:07:48 +0100] "GET /images/main_block_corner_right_top.gif HTTP/1.1" 304 - "http://renault.activities.at/cart" "Mozilla/5.0 (Windows NT 6.1; WOW64; Trident/7.0; rv:11.0) like Gecko"
88.117.240.214 - - [19/Mar/2018:11:07:48 +0100] "GET /images/vista-up.gif HTTP/1.1" 304 - "http://renault.activities.at/cart" "Mozilla/5.0 (Windows NT 6.1; WOW64; Trident/7.0; rv:11.0) like Gecko"
88.117.240.214 - - [19/Mar/2018:11:07:48 +0100] "GET /images/button_right_bg.gif HTTP/1.1" 304 - "http://renault.activities.at/cart" "Mozilla/5.0 (Windows NT 6.1; WOW64; Trident/7.0; rv:11.0) like Gecko"
88.117.240.214 - - [19/Mar/2018:11:07:48 +0100] "GET /images/title_border_top.jpg HTTP/1.1" 304 - "http://renault.activities.at/cart" "Mozilla/5.0 (Windows NT 6.1; WOW64; Trident/7.0; rv:11.0) like Gecko"
88.117.240.214 - - [19/Mar/2018:11:07:48 +0100] "GET /images/button_bg.gif HTTP/1.1" 304 - "http://renault.activities.at/cart" "Mozilla/5.0 (Windows NT 6.1; WOW64; Trident/7.0; rv:11.0) like Gecko"
88.117.240.214 - - [19/Mar/2018:11:07:48 +0100] "GET /images/title_corner_right_top.jpg HTTP/1.1" 304 - "http://renault.activities.at/cart" "Mozilla/5.0 (Windows NT 6.1; WOW64; Trident/7.0; rv:11.0) like Gecko"
88.117.240.214 - - [19/Mar/2018:11:07:48 +0100] "GET /images/menu_button_bg.jpg HTTP/1.1" 304 - "http://renault.activities.at/cart" "Mozilla/5.0 (Windows NT 6.1; WOW64; Trident/7.0; rv:11.0) like Gecko"
88.117.240.214 - - [19/Mar/2018:11:07:48 +0100] "GET /images/menu_divider.gif HTTP/1.1" 304 - "http://renault.activities.at/cart" "Mozilla/5.0 (Windows NT 6.1; WOW64; Trident/7.0; rv:11.0) like Gecko"
88.117.240.214 - - [19/Mar/2018:11:07:48 +0100] "GET /images/title_border.jpg HTTP/1.1" 304 - "http://renault.activities.at/cart" "Mozilla/5.0 (Windows NT 6.1; WOW64; Trident/7.0; rv:11.0) like Gecko"
88.117.240.214 - - [19/Mar/2018:11:07:48 +0100] "GET /images/top_links_divider.gif HTTP/1.1" 304 - "http://renault.activities.at/cart" "Mozilla/5.0 (Windows NT 6.1; WOW64; Trident/7.0; rv:11.0) like Gecko"
88.117.240.214 - - [19/Mar/2018:11:07:48 +0100] "GET /images/validation_advice_bg.gif HTTP/1.1" 304 - "http://renault.activities.at/cart" "Mozilla/5.0 (Windows NT 6.1; WOW64; Trident/7.0; rv:11.0) like Gecko"
88.117.240.214 - - [19/Mar/2018:11:07:48 +0100] "GET /images/button_left_bg.gif HTTP/1.1" 304 - "http://renault.activities.at/cart" "Mozilla/5.0 (Windows NT 6.1; WOW64; Trident/7.0; rv:11.0) like Gecko"
88.117.240.214 - - [19/Mar/2018:11:07:48 +0100] "GET /images/nav_divider.gif HTTP/1.1" 304 - "http://renault.activities.at/cart" "Mozilla/5.0 (Windows NT 6.1; WOW64; Trident/7.0; rv:11.0) like Gecko"
88.117.240.214 - - [19/Mar/2018:11:07:48 +0100] "GET /images/vista-dn.gif HTTP/1.1" 304 - "http://renault.activities.at/cart" "Mozilla/5.0 (Windows NT 6.1; WOW64; Trident/7.0; rv:11.0) like Gecko"
88.117.240.214 - - [19/Mar/2018:11:07:48 +0100] "GET /images/title_corner_left_top.jpg HTTP/1.1" 304 - "http://renault.activities.at/cart" "Mozilla/5.0 (Windows NT 6.1; WOW64; Trident/7.0; rv:11.0) like Gecko"
88.117.240.214 - - [19/Mar/2018:11:07:48 +0100] "GET /images/footer_divider.gif HTTP/1.1" 304 - "http://renault.activities.at/cart" "Mozilla/5.0 (Windows NT 6.1; WOW64; Trident/7.0; rv:11.0) like Gecko"
88.117.240.214 - - [19/Mar/2018:11:07:47 +0100] "GET /reload?ser=1521454067784 HTTP/1.1" 200 28 "http://renault.activities.at/result?searchterm=true&search=Trafic" "Mozilla/5.0 (Windows NT 6.1; WOW64; Trident/7.0; rv:11.0) like Gecko"
88.117.240.214 - - [19/Mar/2018:11:07:48 +0100] "GET /loadthumbnail.php?id=11423557&width=100 HTTP/1.1" 200 2383 "http://renault.activities.at/cart" "Mozilla/5.0 (Windows NT 6.1; WOW64; Trident/7.0; rv:11.0) like Gecko"
88.117.240.214 - - [19/Mar/2018:11:07:48 +0100] "GET /loadthumbnail.php?id=11643691&width=100 HTTP/1.1" 200 2710 "http://renault.activities.at/cart" "Mozilla/5.0 (Windows NT 6.1; WOW64; Trident/7.0; rv:11.0) like Gecko"
88.117.240.214 - - [19/Mar/2018:11:07:48 +0100] "GET /loadthumbnail.php?id=11534323&width=100 HTTP/1.1" 200 2461 "http://renault.activities.at/cart" "Mozilla/5.0 (Windows NT 6.1; WOW64; Trident/7.0; rv:11.0) like Gecko"
88.117.240.214 - - [19/Mar/2018:11:07:48 +0100] "GET /loadthumbnail.php?id=11524431&width=100 HTTP/1.1" 200 2325 "http://renault.activities.at/cart" "Mozilla/5.0 (Windows NT 6.1; WOW64; Trident/7.0; rv:11.0) like Gecko"
88.117.240.214 - - [19/Mar/2018:11:07:48 +0100] "GET /loadthumbnail.php?id=11524355&width=100 HTTP/1.1" 200 2311 "http://renault.activities.at/cart" "Mozilla/5.0 (Windows NT 6.1; WOW64; Trident/7.0; rv:11.0) like Gecko"
88.117.240.214 - - [19/Mar/2018:11:07:48 +0100] "GET /loadthumbnail.php?id=11523900&width=100 HTTP/1.1" 200 2644 "http://renault.activities.at/cart" "Mozilla/5.0 (Windows NT 6.1; WOW64; Trident/7.0; rv:11.0) like Gecko"
