80.120.5.131 - - [20/Mar/2018:13:42:22 +0100] "GET /images/menu_divider.gif HTTP/1.1" 304 - "http://renault.activities.at/10260280?dir=DESC&mode=grid&order=name&limit=15&page=2" "Mozilla/5.0 (Windows NT 6.1; WOW64; Trident/7.0; rv:11.0) like Gecko"
80.120.5.131 - - [20/Mar/2018:13:42:21 +0100] "GET /loadthumbnail.php?id=11183285&width=113 HTTP/1.1" 200 2036 "http://renault.activities.at/10260280?dir=DESC&mode=grid&order=name&limit=15&page=2" "Mozilla/5.0 (Windows NT 6.1; WOW64; Trident/7.0; rv:11.0) like Gecko"
80.120.5.131 - - [20/Mar/2018:13:42:22 +0100] "GET /images/sidebar_title_border_top.gif HTTP/1.1" 304 - "http://renault.activities.at/10260280?dir=DESC&mode=grid&order=name&limit=15&page=2" "Mozilla/5.0 (Windows NT 6.1; WOW64; Trident/7.0; rv:11.0) like Gecko"
80.120.5.131 - - [20/Mar/2018:13:42:22 +0100] "GET /images/sidebar_title_corner_left_top.gif HTTP/1.1" 304 - "http://renault.activities.at/10260280?dir=DESC&mode=grid&order=name&limit=15&page=2" "Mozilla/5.0 (Windows NT 6.1; WOW64; Trident/7.0; rv:11.0) like Gecko"
80.120.5.131 - - [20/Mar/2018:13:42:22 +0100] "GET /images/title_corner_right_top.jpg HTTP/1.1" 304 - "http://renault.activities.at/10260280?dir=DESC&mode=grid&order=name&limit=15&page=2" "Mozilla/5.0 (Windows NT 6.1; WOW64; Trident/7.0; rv:11.0) like Gecko"
80.120.5.131 - - [20/Mar/2018:13:42:22 +0100] "GET /images/button_left_bg.gif HTTP/1.1" 304 - "http://renault.activities.at/10260280?dir=DESC&mode=grid&order=name&limit=15&page=2" "Mozilla/5.0 (Windows NT 6.1; WOW64; Trident/7.0; rv:11.0) like Gecko"
80.120.5.131 - - [20/Mar/2018:13:42:22 +0100] "GET /images/nav_divider.gif HTTP/1.1" 304 - "http://renault.activities.at/10260280?dir=DESC&mode=grid&order=name&limit=15&page=2" "Mozilla/5.0 (Windows NT 6.1; WOW64; Trident/7.0; rv:11.0) like Gecko"
80.120.5.131 - - [20/Mar/2018:13:42:22 +0100] "GET /images/title_corner_left_top.jpg HTTP/1.1" 304 - "http://renault.activities.at/10260280?dir=DESC&mode=grid&order=name&limit=15&page=2" "Mozilla/5.0 (Windows NT 6.1; WOW64; Trident/7.0; rv:11.0) like Gecko"
80.120.5.131 - - [20/Mar/2018:13:42:22 +0100] "GET /images/vista-up.gif HTTP/1.1" 304 - "http://renault.activities.at/10260280?dir=DESC&mode=grid&order=name&limit=15&page=2" "Mozilla/5.0 (Windows NT 6.1; WOW64; Trident/7.0; rv:11.0) like Gecko"
80.120.5.131 - - [20/Mar/2018:13:42:22 +0100] "GET /images/title_border.jpg HTTP/1.1" 304 - "http://renault.activities.at/10260280?dir=DESC&mode=grid&order=name&limit=15&page=2" "Mozilla/5.0 (Windows NT 6.1; WOW64; Trident/7.0; rv:11.0) like Gecko"
80.120.5.131 - - [20/Mar/2018:13:42:22 +0100] "GET /images/button_bg.gif HTTP/1.1" 304 - "http://renault.activities.at/10260280?dir=DESC&mode=grid&order=name&limit=15&page=2" "Mozilla/5.0 (Windows NT 6.1; WOW64; Trident/7.0; rv:11.0) like Gecko"
80.120.5.131 - - [20/Mar/2018:13:42:22 +0100] "GET /images/menu_button_bg.jpg HTTP/1.1" 304 - "http://renault.activities.at/10260280?dir=DESC&mode=grid&order=name&limit=15&page=2" "Mozilla/5.0 (Windows NT 6.1; WOW64; Trident/7.0; rv:11.0) like Gecko"
91.130.43.14 - - [20/Mar/2018:13:42:21 +0100] "GET /reload?ser=1521549740623 HTTP/1.1" 200 28 "http://renault.activities.at/" "Mozilla/5.0 (Windows NT 6.1; Trident/7.0; rv:11.0) like Gecko"
80.120.5.131 - - [20/Mar/2018:13:42:22 +0100] "GET /loadthumbnail.php?id=11195908&width=113 HTTP/1.1" 200 1437 "http://renault.activities.at/10260280?dir=DESC&mode=grid&order=name&limit=15&page=2" "Mozilla/5.0 (Windows NT 6.1; WOW64; Trident/7.0; rv:11.0) like Gecko"
80.120.5.131 - - [20/Mar/2018:13:42:22 +0100] "GET /loadthumbnail.php?id=11181201&width=113 HTTP/1.1" 200 1437 "http://renault.activities.at/10260280?dir=DESC&mode=grid&order=name&limit=15&page=2" "Mozilla/5.0 (Windows NT 6.1; WOW64; Trident/7.0; rv:11.0) like Gecko"
80.120.5.131 - - [20/Mar/2018:13:42:22 +0100] "GET /loadthumbnail.php?id=11194725&width=113 HTTP/1.1" 200 1469 "http://renault.activities.at/10260280?dir=DESC&mode=grid&order=name&limit=15&page=2" "Mozilla/5.0 (Windows NT 6.1; WOW64; Trident/7.0; rv:11.0) like Gecko"
80.120.5.131 - - [20/Mar/2018:13:42:22 +0100] "GET /loadthumbnail.php?id=11181227&width=113 HTTP/1.1" 200 1469 "http://renault.activities.at/10260280?dir=DESC&mode=grid&order=name&limit=15&page=2" "Mozilla/5.0 (Windows NT 6.1; WOW64; Trident/7.0; rv:11.0) like Gecko"
80.120.5.131 - - [20/Mar/2018:13:42:22 +0100] "GET /loadthumbnail.php?id=11181225&width=113 HTTP/1.1" 200 1469 "http://renault.activities.at/10260280?dir=DESC&mode=grid&order=name&limit=15&page=2" "Mozilla/5.0 (Windows NT 6.1; WOW64; Trident/7.0; rv:11.0) like Gecko"
193.194.132.74 - - [20/Mar/2018:13:42:56 +0100] "GET /reload?ser=1521549776475 HTTP/1.1" 200 28 "http://renault.2web.at/result?searchterm=true&search=Service+und+Garantie" "Mozilla/5.0 (Windows NT 6.1; WOW64; Trident/7.0; rv:11.0) like Gecko"
91.130.43.14 - - [20/Mar/2018:13:43:22 +0100] "GET /reload?ser=1521549801337 HTTP/1.1" 200 28 "http://renault.activities.at/" "Mozilla/5.0 (Windows NT 6.1; Trident/7.0; rv:11.0) like Gecko"
193.194.132.74 - - [20/Mar/2018:13:43:57 +0100] "GET /reload?ser=1521549837520 HTTP/1.1" 200 28 "http://renault.2web.at/result?searchterm=true&search=Service+und+Garantie" "Mozilla/5.0 (Windows NT 6.1; WOW64; Trident/7.0; rv:11.0) like Gecko"
91.130.43.14 - - [20/Mar/2018:13:44:23 +0100] "GET /reload?ser=1521549862020 HTTP/1.1" 200 28 "http://renault.activities.at/" "Mozilla/5.0 (Windows NT 6.1; Trident/7.0; rv:11.0) like Gecko"
193.194.132.74 - - [20/Mar/2018:13:44:58 +0100] "GET /reload?ser=1521549898613 HTTP/1.1" 200 28 "http://renault.2web.at/result?searchterm=true&search=Service+und+Garantie" "Mozilla/5.0 (Windows NT 6.1; WOW64; Trident/7.0; rv:11.0) like Gecko"
91.130.43.14 - - [20/Mar/2018:13:45:23 +0100] "GET /reload?ser=1521549922688 HTTP/1.1" 200 28 "http://renault.activities.at/" "Mozilla/5.0 (Windows NT 6.1; Trident/7.0; rv:11.0) like Gecko"
193.194.132.74 - - [20/Mar/2018:13:45:59 +0100] "GET /reload?ser=1521549959690 HTTP/1.1" 200 28 "http://renault.2web.at/result?searchterm=true&search=Service+und+Garantie" "Mozilla/5.0 (Windows NT 6.1; WOW64; Trident/7.0; rv:11.0) like Gecko"
91.130.43.14 - - [20/Mar/2018:13:46:24 +0100] "GET /reload?ser=1521549983339 HTTP/1.1" 200 28 "http://renault.activities.at/" "Mozilla/5.0 (Windows NT 6.1; Trident/7.0; rv:11.0) like Gecko"
193.194.132.74 - - [20/Mar/2018:13:47:00 +0100] "GET /reload?ser=1521550020767 HTTP/1.1" 200 28 "http://renault.2web.at/result?searchterm=true&search=Service+und+Garantie" "Mozilla/5.0 (Windows NT 6.1; WOW64; Trident/7.0; rv:11.0) like Gecko"
91.130.43.14 - - [20/Mar/2018:13:47:25 +0100] "GET /reload?ser=1521550043991 HTTP/1.1" 200 28 "http://renault.activities.at/" "Mozilla/5.0 (Windows NT 6.1; Trident/7.0; rv:11.0) like Gecko"
193.194.132.74 - - [20/Mar/2018:13:48:01 +0100] "GET /reload?ser=1521550081890 HTTP/1.1" 200 28 "http://renault.2web.at/result?searchterm=true&search=Service+und+Garantie" "Mozilla/5.0 (Windows NT 6.1; WOW64; Trident/7.0; rv:11.0) like Gecko"
91.130.43.14 - - [20/Mar/2018:13:48:25 +0100] "GET /reload?ser=1521550104659 HTTP/1.1" 200 28 "http://renault.activities.at/" "Mozilla/5.0 (Windows NT 6.1; Trident/7.0; rv:11.0) like Gecko"
193.194.132.74 - - [20/Mar/2018:13:49:03 +0100] "GET /reload?ser=1521550142999 HTTP/1.1" 200 28 "http://renault.2web.at/result?searchterm=true&search=Service+und+Garantie" "Mozilla/5.0 (Windows NT 6.1; WOW64; Trident/7.0; rv:11.0) like Gecko"
91.130.43.14 - - [20/Mar/2018:13:49:26 +0100] "GET /reload?ser=1521550165326 HTTP/1.1" 200 28 "http://renault.activities.at/" "Mozilla/5.0 (Windows NT 6.1; Trident/7.0; rv:11.0) like Gecko"
193.194.132.74 - - [20/Mar/2018:13:50:04 +0100] "GET /reload?ser=1521550204082 HTTP/1.1" 200 28 "http://renault.2web.at/result?searchterm=true&search=Service+und+Garantie" "Mozilla/5.0 (Windows NT 6.1; WOW64; Trident/7.0; rv:11.0) like Gecko"
91.130.43.14 - - [20/Mar/2018:13:50:27 +0100] "GET /reload?ser=1521550225978 HTTP/1.1" 200 28 "http://renault.activities.at/" "Mozilla/5.0 (Windows NT 6.1; Trident/7.0; rv:11.0) like Gecko"
193.194.132.74 - - [20/Mar/2018:13:51:05 +0100] "GET /reload?ser=1521550265171 HTTP/1.1" 200 28 "http://renault.2web.at/result?searchterm=true&search=Service+und+Garantie" "Mozilla/5.0 (Windows NT 6.1; WOW64; Trident/7.0; rv:11.0) like Gecko"
91.130.43.14 - - [20/Mar/2018:13:51:27 +0100] "GET /reload?ser=1521550286646 HTTP/1.1" 200 28 "http://renault.activities.at/" "Mozilla/5.0 (Windows NT 6.1; Trident/7.0; rv:11.0) like Gecko"
193.194.132.74 - - [20/Mar/2018:13:52:06 +0100] "GET /reload?ser=1521550326239 HTTP/1.1" 200 28 "http://renault.2web.at/result?searchterm=true&search=Service+und+Garantie" "Mozilla/5.0 (Windows NT 6.1; WOW64; Trident/7.0; rv:11.0) like Gecko"
91.130.43.14 - - [20/Mar/2018:13:52:28 +0100] "GET /reload?ser=1521550347298 HTTP/1.1" 200 28 "http://renault.activities.at/" "Mozilla/5.0 (Windows NT 6.1; Trident/7.0; rv:11.0) like Gecko"
193.194.132.74 - - [20/Mar/2018:13:53:07 +0100] "GET /reload?ser=1521550387426 HTTP/1.1" 200 28 "http://renault.2web.at/result?searchterm=true&search=Service+und+Garantie" "Mozilla/5.0 (Windows NT 6.1; WOW64; Trident/7.0; rv:11.0) like Gecko"
91.130.43.14 - - [20/Mar/2018:13:53:29 +0100] "GET /reload?ser=1521550407965 HTTP/1.1" 200 28 "http://renault.activities.at/" "Mozilla/5.0 (Windows NT 6.1; Trident/7.0; rv:11.0) like Gecko"
193.194.132.74 - - [20/Mar/2018:13:54:08 +0100] "GET /reload?ser=1521550448568 HTTP/1.1" 200 28 "http://renault.2web.at/result?searchterm=true&search=Service+und+Garantie" "Mozilla/5.0 (Windows NT 6.1; WOW64; Trident/7.0; rv:11.0) like Gecko"
91.130.43.14 - - [20/Mar/2018:13:54:29 +0100] "GET /reload?ser=1521550468632 HTTP/1.1" 200 28 "http://renault.activities.at/" "Mozilla/5.0 (Windows NT 6.1; Trident/7.0; rv:11.0) like Gecko"
193.194.132.74 - - [20/Mar/2018:13:55:09 +0100] "GET /reload?ser=1521550509707 HTTP/1.1" 200 28 "http://renault.2web.at/result?searchterm=true&search=Service+und+Garantie" "Mozilla/5.0 (Windows NT 6.1; WOW64; Trident/7.0; rv:11.0) like Gecko"
91.130.43.14 - - [20/Mar/2018:13:55:30 +0100] "GET /reload?ser=1521550529300 HTTP/1.1" 200 28 "http://renault.activities.at/" "Mozilla/5.0 (Windows NT 6.1; Trident/7.0; rv:11.0) like Gecko"
193.194.132.74 - - [20/Mar/2018:13:56:10 +0100] "GET /reload?ser=1521550570800 HTTP/1.1" 200 28 "http://renault.2web.at/result?searchterm=true&search=Service+und+Garantie" "Mozilla/5.0 (Windows NT 6.1; WOW64; Trident/7.0; rv:11.0) like Gecko"
91.130.43.14 - - [20/Mar/2018:13:56:31 +0100] "GET /reload?ser=1521550589994 HTTP/1.1" 200 28 "http://renault.activities.at/" "Mozilla/5.0 (Windows NT 6.1; Trident/7.0; rv:11.0) like Gecko"
193.194.132.74 - - [20/Mar/2018:13:57:11 +0100] "GET /reload?ser=1521550631809 HTTP/1.1" 200 28 "http://renault.2web.at/result?searchterm=true&search=Service+und+Garantie" "Mozilla/5.0 (Windows NT 6.1; WOW64; Trident/7.0; rv:11.0) like Gecko"
91.130.43.14 - - [20/Mar/2018:13:57:31 +0100] "GET /reload?ser=1521550650646 HTTP/1.1" 200 28 "http://renault.activities.at/" "Mozilla/5.0 (Windows NT 6.1; Trident/7.0; rv:11.0) like Gecko"
193.194.132.74 - - [20/Mar/2018:13:58:13 +0100] "GET /reload?ser=1521550692936 HTTP/1.1" 200 28 "http://renault.2web.at/result?searchterm=true&search=Service+und+Garantie" "Mozilla/5.0 (Windows NT 6.1; WOW64; Trident/7.0; rv:11.0) like Gecko"
91.130.43.14 - - [20/Mar/2018:13:58:32 +0100] "GET /reload?ser=1521550711297 HTTP/1.1" 200 28 "http://renault.activities.at/" "Mozilla/5.0 (Windows NT 6.1; Trident/7.0; rv:11.0) like Gecko"
193.194.132.74 - - [20/Mar/2018:13:59:14 +0100] "GET /reload?ser=1521550754120 HTTP/1.1" 200 28 "http://renault.2web.at/result?searchterm=true&search=Service+und+Garantie" "Mozilla/5.0 (Windows NT 6.1; WOW64; Trident/7.0; rv:11.0) like Gecko"
91.130.43.14 - - [20/Mar/2018:13:59:33 +0100] "GET /reload?ser=1521550771965 HTTP/1.1" 200 28 "http://renault.activities.at/" "Mozilla/5.0 (Windows NT 6.1; Trident/7.0; rv:11.0) like Gecko"
193.194.132.74 - - [20/Mar/2018:14:00:15 +0100] "GET /reload?ser=1521550815258 HTTP/1.1" 200 28 "http://renault.2web.at/result?searchterm=true&search=Service+und+Garantie" "Mozilla/5.0 (Windows NT 6.1; WOW64; Trident/7.0; rv:11.0) like Gecko"
91.130.43.14 - - [20/Mar/2018:14:00:33 +0100] "GET /reload?ser=1521550832648 HTTP/1.1" 200 28 "http://renault.activities.at/" "Mozilla/5.0 (Windows NT 6.1; Trident/7.0; rv:11.0) like Gecko"
193.194.132.74 - - [20/Mar/2018:14:01:16 +0100] "GET /reload?ser=1521550876380 HTTP/1.1" 200 28 "http://renault.2web.at/result?searchterm=true&search=Service+und+Garantie" "Mozilla/5.0 (Windows NT 6.1; WOW64; Trident/7.0; rv:11.0) like Gecko"
91.130.43.14 - - [20/Mar/2018:14:01:34 +0100] "GET /reload?ser=1521550893315 HTTP/1.1" 200 28 "http://renault.activities.at/" "Mozilla/5.0 (Windows NT 6.1; Trident/7.0; rv:11.0) like Gecko"
193.194.132.74 - - [20/Mar/2018:14:02:17 +0100] "GET /reload?ser=1521550937501 HTTP/1.1" 200 28 "http://renault.2web.at/result?searchterm=true&search=Service+und+Garantie" "Mozilla/5.0 (Windows NT 6.1; WOW64; Trident/7.0; rv:11.0) like Gecko"
91.130.43.14 - - [20/Mar/2018:14:02:35 +0100] "GET /reload?ser=1521550954076 HTTP/1.1" 200 28 "http://renault.activities.at/" "Mozilla/5.0 (Windows NT 6.1; Trident/7.0; rv:11.0) like Gecko"
193.194.132.74 - - [20/Mar/2018:14:03:18 +0100] "GET /reload?ser=1521550998654 HTTP/1.1" 200 28 "http://renault.2web.at/result?searchterm=true&search=Service+und+Garantie" "Mozilla/5.0 (Windows NT 6.1; WOW64; Trident/7.0; rv:11.0) like Gecko"
91.130.43.14 - - [20/Mar/2018:14:03:35 +0100] "GET /reload?ser=1521551014759 HTTP/1.1" 200 28 "http://renault.activities.at/" "Mozilla/5.0 (Windows NT 6.1; Trident/7.0; rv:11.0) like Gecko"
157.55.39.30 - - [20/Mar/2018:14:03:38 +0100] "GET /10260019 HTTP/1.1" 302 150 "-" "Mozilla/5.0 (compatible; bingbot/2.0; +http://www.bing.com/bingbot.htm)"
157.55.39.30 - - [20/Mar/2018:14:03:41 +0100] "GET /login?required=true HTTP/1.1" 200 2086 "-" "Mozilla/5.0 (compatible; bingbot/2.0; +http://www.bing.com/bingbot.htm)"
193.194.132.74 - - [20/Mar/2018:14:04:19 +0100] "GET /reload?ser=1521551059769 HTTP/1.1" 200 28 "http://renault.2web.at/result?searchterm=true&search=Service+und+Garantie" "Mozilla/5.0 (Windows NT 6.1; WOW64; Trident/7.0; rv:11.0) like Gecko"
91.130.43.14 - - [20/Mar/2018:14:04:36 +0100] "GET /reload?ser=1521551075442 HTTP/1.1" 200 28 "http://renault.activities.at/" "Mozilla/5.0 (Windows NT 6.1; Trident/7.0; rv:11.0) like Gecko"
193.194.132.74 - - [20/Mar/2018:14:05:21 +0100] "GET /reload?ser=1521551120922 HTTP/1.1" 200 28 "http://renault.2web.at/result?searchterm=true&search=Service+und+Garantie" "Mozilla/5.0 (Windows NT 6.1; WOW64; Trident/7.0; rv:11.0) like Gecko"
91.130.43.14 - - [20/Mar/2018:14:05:37 +0100] "GET /reload?ser=1521551136094 HTTP/1.1" 200 28 "http://renault.activities.at/" "Mozilla/5.0 (Windows NT 6.1; Trident/7.0; rv:11.0) like Gecko"
193.194.132.74 - - [20/Mar/2018:14:06:22 +0100] "GET /reload?ser=1521551182028 HTTP/1.1" 200 28 "http://renault.2web.at/result?searchterm=true&search=Service+und+Garantie" "Mozilla/5.0 (Windows NT 6.1; WOW64; Trident/7.0; rv:11.0) like Gecko"
91.130.43.14 - - [20/Mar/2018:14:06:37 +0100] "GET /reload?ser=1521551196762 HTTP/1.1" 200 28 "http://renault.activities.at/" "Mozilla/5.0 (Windows NT 6.1; Trident/7.0; rv:11.0) like Gecko"
193.194.132.74 - - [20/Mar/2018:14:07:23 +0100] "GET /reload?ser=1521551243151 HTTP/1.1" 200 28 "http://renault.2web.at/result?searchterm=true&search=Service+und+Garantie" "Mozilla/5.0 (Windows NT 6.1; WOW64; Trident/7.0; rv:11.0) like Gecko"
91.130.43.14 - - [20/Mar/2018:14:07:38 +0100] "GET /reload?ser=1521551257414 HTTP/1.1" 200 28 "http://renault.activities.at/" "Mozilla/5.0 (Windows NT 6.1; Trident/7.0; rv:11.0) like Gecko"
193.194.132.74 - - [20/Mar/2018:14:08:24 +0100] "GET /reload?ser=1521551304267 HTTP/1.1" 200 28 "http://renault.2web.at/result?searchterm=true&search=Service+und+Garantie" "Mozilla/5.0 (Windows NT 6.1; WOW64; Trident/7.0; rv:11.0) like Gecko"
91.130.43.14 - - [20/Mar/2018:14:08:39 +0100] "GET /reload?ser=1521551318081 HTTP/1.1" 200 28 "http://renault.activities.at/" "Mozilla/5.0 (Windows NT 6.1; Trident/7.0; rv:11.0) like Gecko"
193.194.132.74 - - [20/Mar/2018:14:09:25 +0100] "GET /reload?ser=1521551365405 HTTP/1.1" 200 28 "http://renault.2web.at/result?searchterm=true&search=Service+und+Garantie" "Mozilla/5.0 (Windows NT 6.1; WOW64; Trident/7.0; rv:11.0) like Gecko"
91.130.43.14 - - [20/Mar/2018:14:09:39 +0100] "GET /reload?ser=1521551378749 HTTP/1.1" 200 28 "http://renault.activities.at/" "Mozilla/5.0 (Windows NT 6.1; Trident/7.0; rv:11.0) like Gecko"
193.194.132.74 - - [20/Mar/2018:14:10:26 +0100] "GET /reload?ser=1521551426541 HTTP/1.1" 200 28 "http://renault.2web.at/result?searchterm=true&search=Service+und+Garantie" "Mozilla/5.0 (Windows NT 6.1; WOW64; Trident/7.0; rv:11.0) like Gecko"
91.130.43.14 - - [20/Mar/2018:14:10:40 +0100] "GET /reload?ser=1521551439525 HTTP/1.1" 200 28 "http://renault.activities.at/" "Mozilla/5.0 (Windows NT 6.1; Trident/7.0; rv:11.0) like Gecko"
193.194.132.74 - - [20/Mar/2018:14:11:27 +0100] "GET /reload?ser=1521551487680 HTTP/1.1" 200 28 "http://renault.2web.at/result?searchterm=true&search=Service+und+Garantie" "Mozilla/5.0 (Windows NT 6.1; WOW64; Trident/7.0; rv:11.0) like Gecko"
91.130.43.14 - - [20/Mar/2018:14:11:41 +0100] "GET /reload?ser=1521551500193 HTTP/1.1" 200 28 "http://renault.activities.at/" "Mozilla/5.0 (Windows NT 6.1; Trident/7.0; rv:11.0) like Gecko"
193.194.132.74 - - [20/Mar/2018:14:12:28 +0100] "GET /reload?ser=1521551548817 HTTP/1.1" 200 28 "http://renault.2web.at/result?searchterm=true&search=Service+und+Garantie" "Mozilla/5.0 (Windows NT 6.1; WOW64; Trident/7.0; rv:11.0) like Gecko"
91.130.43.14 - - [20/Mar/2018:14:12:42 +0100] "GET /reload?ser=1521551560860 HTTP/1.1" 200 28 "http://renault.activities.at/" "Mozilla/5.0 (Windows NT 6.1; Trident/7.0; rv:11.0) like Gecko"
193.194.132.74 - - [20/Mar/2018:14:13:30 +0100] "GET /reload?ser=1521551609954 HTTP/1.1" 200 28 "http://renault.2web.at/result?searchterm=true&search=Service+und+Garantie" "Mozilla/5.0 (Windows NT 6.1; WOW64; Trident/7.0; rv:11.0) like Gecko"
91.130.43.14 - - [20/Mar/2018:14:13:42 +0100] "GET /reload?ser=1521551621528 HTTP/1.1" 200 28 "http://renault.activities.at/" "Mozilla/5.0 (Windows NT 6.1; Trident/7.0; rv:11.0) like Gecko"
193.194.132.74 - - [20/Mar/2018:14:14:31 +0100] "GET /reload?ser=1521551671154 HTTP/1.1" 200 28 "http://renault.2web.at/result?searchterm=true&search=Service+und+Garantie" "Mozilla/5.0 (Windows NT 6.1; WOW64; Trident/7.0; rv:11.0) like Gecko"
91.130.43.14 - - [20/Mar/2018:14:14:43 +0100] "GET /reload?ser=1521551682211 HTTP/1.1" 200 28 "http://renault.activities.at/" "Mozilla/5.0 (Windows NT 6.1; Trident/7.0; rv:11.0) like Gecko"
193.194.132.74 - - [20/Mar/2018:14:15:32 +0100] "GET /reload?ser=1521551732245 HTTP/1.1" 200 28 "http://renault.2web.at/result?searchterm=true&search=Service+und+Garantie" "Mozilla/5.0 (Windows NT 6.1; WOW64; Trident/7.0; rv:11.0) like Gecko"
91.130.43.14 - - [20/Mar/2018:14:15:44 +0100] "GET /reload?ser=1521551742878 HTTP/1.1" 200 28 "http://renault.activities.at/" "Mozilla/5.0 (Windows NT 6.1; Trident/7.0; rv:11.0) like Gecko"
81.217.98.66 - - [20/Mar/2018:14:16:30 +0100] "GET / HTTP/1.1" 200 3692 "-" "Mozilla/5.0 (Windows NT 6.1) AppleWebKit/537.36 (KHTML, like Gecko) Chrome/64.0.3282.186 Safari/537.36"
193.194.132.74 - - [20/Mar/2018:14:16:33 +0100] "GET /reload?ser=1521551793320 HTTP/1.1" 200 28 "http://renault.2web.at/result?searchterm=true&search=Service+und+Garantie" "Mozilla/5.0 (Windows NT 6.1; WOW64; Trident/7.0; rv:11.0) like Gecko"
91.130.43.14 - - [20/Mar/2018:14:16:44 +0100] "GET /reload?ser=1521551803546 HTTP/1.1" 200 28 "http://renault.activities.at/" "Mozilla/5.0 (Windows NT 6.1; Trident/7.0; rv:11.0) like Gecko"
81.217.98.66 - - [20/Mar/2018:14:17:31 +0100] "GET /reload?ser=1521551851210 HTTP/1.1" 200 28 "http://renault.activities.at/" "Mozilla/5.0 (Windows NT 6.1) AppleWebKit/537.36 (KHTML, like Gecko) Chrome/64.0.3282.186 Safari/537.36"
193.194.132.74 - - [20/Mar/2018:14:17:34 +0100] "GET /reload?ser=1521551854441 HTTP/1.1" 200 28 "http://renault.2web.at/result?searchterm=true&search=Service+und+Garantie" "Mozilla/5.0 (Windows NT 6.1; WOW64; Trident/7.0; rv:11.0) like Gecko"
91.130.43.14 - - [20/Mar/2018:14:17:45 +0100] "GET /reload?ser=1521551864197 HTTP/1.1" 200 28 "http://renault.activities.at/" "Mozilla/5.0 (Windows NT 6.1; Trident/7.0; rv:11.0) like Gecko"
207.46.13.176 - - [20/Mar/2018:14:17:55 +0100] "GET /orders HTTP/1.1" 302 150 "-" "Mozilla/5.0 (compatible; bingbot/2.0; +http://www.bing.com/bingbot.htm)"
207.46.13.176 - - [20/Mar/2018:14:17:59 +0100] "GET /login?required=true HTTP/1.1" 200 2086 "-" "Mozilla/5.0 (compatible; bingbot/2.0; +http://www.bing.com/bingbot.htm)"
81.217.98.66 - - [20/Mar/2018:14:18:32 +0100] "GET /reload?ser=1521551911852 HTTP/1.1" 200 28 "http://renault.activities.at/" "Mozilla/5.0 (Windows NT 6.1) AppleWebKit/537.36 (KHTML, like Gecko) Chrome/64.0.3282.186 Safari/537.36"
193.194.132.74 - - [20/Mar/2018:14:18:35 +0100] "GET /reload?ser=1521551915564 HTTP/1.1" 200 28 "http://renault.2web.at/result?searchterm=true&search=Service+und+Garantie" "Mozilla/5.0 (Windows NT 6.1; WOW64; Trident/7.0; rv:11.0) like Gecko"
91.130.43.14 - - [20/Mar/2018:14:18:46 +0100] "GET /reload?ser=1521551924865 HTTP/1.1" 200 28 "http://renault.activities.at/" "Mozilla/5.0 (Windows NT 6.1; Trident/7.0; rv:11.0) like Gecko"
81.217.98.66 - - [20/Mar/2018:14:19:33 +0100] "GET /reload?ser=1521551972499 HTTP/1.1" 200 28 "http://renault.activities.at/" "Mozilla/5.0 (Windows NT 6.1) AppleWebKit/537.36 (KHTML, like Gecko) Chrome/64.0.3282.186 Safari/537.36"
193.194.132.74 - - [20/Mar/2018:14:19:36 +0100] "GET /reload?ser=1521551976701 HTTP/1.1" 200 28 "http://renault.2web.at/result?searchterm=true&search=Service+und+Garantie" "Mozilla/5.0 (Windows NT 6.1; WOW64; Trident/7.0; rv:11.0) like Gecko"
81.217.98.66 - - [20/Mar/2018:14:19:42 +0100] "GET / HTTP/1.1" 200 3692 "-" "Mozilla/5.0 (Windows NT 6.1) AppleWebKit/537.36 (KHTML, like Gecko) Chrome/64.0.3282.186 Safari/537.36"
91.130.43.14 - - [20/Mar/2018:14:19:46 +0100] "GET /reload?ser=1521551985532 HTTP/1.1" 200 28 "http://renault.activities.at/" "Mozilla/5.0 (Windows NT 6.1; Trident/7.0; rv:11.0) like Gecko"
81.217.98.66 - - [20/Mar/2018:14:19:46 +0100] "GET /login HTTP/1.1" 200 2086 "http://renault.activities.at/" "Mozilla/5.0 (Windows NT 6.1) AppleWebKit/537.36 (KHTML, like Gecko) Chrome/64.0.3282.186 Safari/537.36"
193.194.132.74 - - [20/Mar/2018:14:20:37 +0100] "GET /reload?ser=1521552037807 HTTP/1.1" 200 28 "http://renault.2web.at/result?searchterm=true&search=Service+und+Garantie" "Mozilla/5.0 (Windows NT 6.1; WOW64; Trident/7.0; rv:11.0) like Gecko"
91.130.43.14 - - [20/Mar/2018:14:20:47 +0100] "GET /reload?ser=1521552046210 HTTP/1.1" 200 28 "http://renault.activities.at/" "Mozilla/5.0 (Windows NT 6.1; Trident/7.0; rv:11.0) like Gecko"
81.217.98.66 - - [20/Mar/2018:14:20:48 +0100] "GET /reload?ser=1521552047533 HTTP/1.1" 200 28 "http://renault.activities.at/login" "Mozilla/5.0 (Windows NT 6.1) AppleWebKit/537.36 (KHTML, like Gecko) Chrome/64.0.3282.186 Safari/537.36"
193.194.132.74 - - [20/Mar/2018:14:21:38 +0100] "GET /reload?ser=1521552098882 HTTP/1.1" 200 28 "http://renault.2web.at/result?searchterm=true&search=Service+und+Garantie" "Mozilla/5.0 (Windows NT 6.1; WOW64; Trident/7.0; rv:11.0) like Gecko"
91.130.43.14 - - [20/Mar/2018:14:21:48 +0100] "GET /reload?ser=1521552106877 HTTP/1.1" 200 28 "http://renault.activities.at/" "Mozilla/5.0 (Windows NT 6.1; Trident/7.0; rv:11.0) like Gecko"
81.217.98.66 - - [20/Mar/2018:14:21:49 +0100] "GET /reload?ser=1521552108537 HTTP/1.1" 200 28 "http://renault.activities.at/login" "Mozilla/5.0 (Windows NT 6.1) AppleWebKit/537.36 (KHTML, like Gecko) Chrome/64.0.3282.186 Safari/537.36"
81.217.98.66 - - [20/Mar/2018:14:22:19 +0100] "GET /forgotpassword HTTP/1.1" 200 2187 "http://renault.activities.at/login" "Mozilla/5.0 (Windows NT 6.1) AppleWebKit/537.36 (KHTML, like Gecko) Chrome/64.0.3282.186 Safari/537.36"
193.194.132.74 - - [20/Mar/2018:14:22:40 +0100] "GET /reload?ser=1521552159926 HTTP/1.1" 200 28 "http://renault.2web.at/result?searchterm=true&search=Service+und+Garantie" "Mozilla/5.0 (Windows NT 6.1; WOW64; Trident/7.0; rv:11.0) like Gecko"
91.130.43.14 - - [20/Mar/2018:14:22:48 +0100] "GET /reload?ser=1521552167545 HTTP/1.1" 200 28 "http://renault.activities.at/" "Mozilla/5.0 (Windows NT 6.1; Trident/7.0; rv:11.0) like Gecko"
81.217.98.66 - - [20/Mar/2018:14:23:20 +0100] "GET /reload?ser=1521552199918 HTTP/1.1" 200 28 "http://renault.activities.at/forgotpassword" "Mozilla/5.0 (Windows NT 6.1) AppleWebKit/537.36 (KHTML, like Gecko) Chrome/64.0.3282.186 Safari/537.36"
193.194.132.74 - - [20/Mar/2018:14:23:41 +0100] "GET /reload?ser=1521552221120 HTTP/1.1" 200 28 "http://renault.2web.at/result?searchterm=true&search=Service+und+Garantie" "Mozilla/5.0 (Windows NT 6.1; WOW64; Trident/7.0; rv:11.0) like Gecko"
91.130.43.14 - - [20/Mar/2018:14:23:49 +0100] "GET /reload?ser=1521552228196 HTTP/1.1" 200 28 "http://renault.activities.at/" "Mozilla/5.0 (Windows NT 6.1; Trident/7.0; rv:11.0) like Gecko"
81.217.98.66 - - [20/Mar/2018:14:24:21 +0100] "GET /reload?ser=1521552260553 HTTP/1.1" 200 28 "http://renault.activities.at/forgotpassword" "Mozilla/5.0 (Windows NT 6.1) AppleWebKit/537.36 (KHTML, like Gecko) Chrome/64.0.3282.186 Safari/537.36"
193.194.132.74 - - [20/Mar/2018:14:24:48 +0100] "GET /reload?ser=1521552288797 HTTP/1.1" 200 28 "http://renault.2web.at/result?searchterm=true&search=Service+und+Garantie" "Mozilla/5.0 (Windows NT 6.1; WOW64; Trident/7.0; rv:11.0) like Gecko"
91.130.43.14 - - [20/Mar/2018:14:24:49 +0100] "GET /reload?ser=1521552288864 HTTP/1.1" 200 28 "http://renault.activities.at/" "Mozilla/5.0 (Windows NT 6.1; Trident/7.0; rv:11.0) like Gecko"
193.194.132.74 - - [20/Mar/2018:14:25:50 +0100] "GET /reload?ser=1521552349926 HTTP/1.1" 200 28 "http://renault.2web.at/result?searchterm=true&search=Service+und+Garantie" "Mozilla/5.0 (Windows NT 6.1; WOW64; Trident/7.0; rv:11.0) like Gecko"
91.130.43.14 - - [20/Mar/2018:14:25:50 +0100] "GET /reload?ser=1521552349532 HTTP/1.1" 200 28 "http://renault.activities.at/" "Mozilla/5.0 (Windows NT 6.1; Trident/7.0; rv:11.0) like Gecko"
91.130.43.14 - - [20/Mar/2018:14:26:51 +0100] "GET /reload?ser=1521552410183 HTTP/1.1" 200 28 "http://renault.activities.at/" "Mozilla/5.0 (Windows NT 6.1; Trident/7.0; rv:11.0) like Gecko"
193.194.132.74 - - [20/Mar/2018:14:26:51 +0100] "GET /reload?ser=1521552411048 HTTP/1.1" 200 28 "http://renault.2web.at/result?searchterm=true&search=Service+und+Garantie" "Mozilla/5.0 (Windows NT 6.1; WOW64; Trident/7.0; rv:11.0) like Gecko"
91.130.43.14 - - [20/Mar/2018:14:27:51 +0100] "GET /reload?ser=1521552470851 HTTP/1.1" 200 28 "http://renault.activities.at/" "Mozilla/5.0 (Windows NT 6.1; Trident/7.0; rv:11.0) like Gecko"
193.194.132.74 - - [20/Mar/2018:14:27:52 +0100] "GET /reload?ser=1521552472154 HTTP/1.1" 200 28 "http://renault.2web.at/result?searchterm=true&search=Service+und+Garantie" "Mozilla/5.0 (Windows NT 6.1; WOW64; Trident/7.0; rv:11.0) like Gecko"
91.130.43.14 - - [20/Mar/2018:14:28:52 +0100] "GET /reload?ser=1521552531502 HTTP/1.1" 200 28 "http://renault.activities.at/" "Mozilla/5.0 (Windows NT 6.1; Trident/7.0; rv:11.0) like Gecko"
193.194.132.74 - - [20/Mar/2018:14:28:53 +0100] "GET /reload?ser=1521552533276 HTTP/1.1" 200 28 "http://renault.2web.at/result?searchterm=true&search=Service+und+Garantie" "Mozilla/5.0 (Windows NT 6.1; WOW64; Trident/7.0; rv:11.0) like Gecko"
91.130.43.14 - - [20/Mar/2018:14:29:53 +0100] "GET /reload?ser=1521552592186 HTTP/1.1" 200 28 "http://renault.activities.at/" "Mozilla/5.0 (Windows NT 6.1; Trident/7.0; rv:11.0) like Gecko"
193.194.132.74 - - [20/Mar/2018:14:29:54 +0100] "GET /reload?ser=1521552594398 HTTP/1.1" 200 28 "http://renault.2web.at/result?searchterm=true&search=Service+und+Garantie" "Mozilla/5.0 (Windows NT 6.1; WOW64; Trident/7.0; rv:11.0) like Gecko"
80.123.225.34 - - [20/Mar/2018:14:30:40 +0100] "GET / HTTP/1.1" 200 3692 "-" "Mozilla/5.0 (Windows NT 6.1; WOW64; Trident/7.0; rv:11.0) like Gecko"
80.123.225.34 - - [20/Mar/2018:14:30:41 +0100] "GET /images/header_block_border.gif HTTP/1.1" 200 43 "http://renault.activities.at/" "Mozilla/5.0 (Windows NT 6.1; WOW64; Trident/7.0; rv:11.0) like Gecko"
80.123.225.34 - - [20/Mar/2018:14:30:41 +0100] "GET /images/title_border.jpg HTTP/1.1" 200 304 "http://renault.activities.at/" "Mozilla/5.0 (Windows NT 6.1; WOW64; Trident/7.0; rv:11.0) like Gecko"
80.123.225.34 - - [20/Mar/2018:14:30:41 +0100] "GET /images/main_block_corner_right_top.gif HTTP/1.1" 200 159 "http://renault.activities.at/" "Mozilla/5.0 (Windows NT 6.1; WOW64; Trident/7.0; rv:11.0) like Gecko"
80.123.225.34 - - [20/Mar/2018:14:30:41 +0100] "GET /images/main_block_corner_left_top.gif HTTP/1.1" 200 159 "http://renault.activities.at/" "Mozilla/5.0 (Windows NT 6.1; WOW64; Trident/7.0; rv:11.0) like Gecko"
80.123.225.34 - - [20/Mar/2018:14:30:41 +0100] "GET /images/title_corner_right_top.jpg HTTP/1.1" 200 389 "http://renault.activities.at/" "Mozilla/5.0 (Windows NT 6.1; WOW64; Trident/7.0; rv:11.0) like Gecko"
80.123.225.34 - - [20/Mar/2018:14:30:41 +0100] "GET /images/title_border_top.jpg HTTP/1.1" 200 336 "http://renault.activities.at/" "Mozilla/5.0 (Windows NT 6.1; WOW64; Trident/7.0; rv:11.0) like Gecko"
80.123.225.34 - - [20/Mar/2018:14:30:41 +0100] "GET /images/main_block_border.gif HTTP/1.1" 200 43 "http://renault.activities.at/" "Mozilla/5.0 (Windows NT 6.1; WOW64; Trident/7.0; rv:11.0) like Gecko"
80.123.225.34 - - [20/Mar/2018:14:30:41 +0100] "GET /images/main_block_corner_left_bot.gif HTTP/1.1" 200 159 "http://renault.activities.at/" "Mozilla/5.0 (Windows NT 6.1; WOW64; Trident/7.0; rv:11.0) like Gecko"
80.123.225.34 - - [20/Mar/2018:14:30:41 +0100] "GET /images/main_block_corner_right_bot.gif HTTP/1.1" 200 158 "http://renault.activities.at/" "Mozilla/5.0 (Windows NT 6.1; WOW64; Trident/7.0; rv:11.0) like Gecko"
80.123.225.34 - - [20/Mar/2018:14:30:41 +0100] "GET /images/title_corner_left_top.jpg HTTP/1.1" 200 372 "http://renault.activities.at/" "Mozilla/5.0 (Windows NT 6.1; WOW64; Trident/7.0; rv:11.0) like Gecko"
80.123.225.34 - - [20/Mar/2018:14:30:41 +0100] "GET /images/header_block_corner_left_top.gif HTTP/1.1" 200 160 "http://renault.activities.at/" "Mozilla/5.0 (Windows NT 6.1; WOW64; Trident/7.0; rv:11.0) like Gecko"
80.123.225.34 - - [20/Mar/2018:14:30:41 +0100] "GET /images/header_block_corner_right_top.gif HTTP/1.1" 200 160 "http://renault.activities.at/" "Mozilla/5.0 (Windows NT 6.1; WOW64; Trident/7.0; rv:11.0) like Gecko"
80.123.225.34 - - [20/Mar/2018:14:30:41 +0100] "GET /loadthumbnail.php?id=11127982 HTTP/1.1" 200 399614 "http://renault.activities.at/" "Mozilla/5.0 (Windows NT 6.1; WOW64; Trident/7.0; rv:11.0) like Gecko"
80.123.225.34 - - [20/Mar/2018:14:30:44 +0100] "GET /login HTTP/1.1" 200 2086 "http://renault.activities.at/" "Mozilla/5.0 (Windows NT 6.1; WOW64; Trident/7.0; rv:11.0) like Gecko"
80.123.225.34 - - [20/Mar/2018:14:30:44 +0100] "GET /images/button_bg.gif HTTP/1.1" 200 151 "http://renault.activities.at/login" "Mozilla/5.0 (Windows NT 6.1; WOW64; Trident/7.0; rv:11.0) like Gecko"
80.123.225.34 - - [20/Mar/2018:14:30:44 +0100] "GET /images/button_right_bg.gif HTTP/1.1" 200 561 "http://renault.activities.at/login" "Mozilla/5.0 (Windows NT 6.1; WOW64; Trident/7.0; rv:11.0) like Gecko"
80.123.225.34 - - [20/Mar/2018:14:30:44 +0100] "GET /images/button_left_bg.gif HTTP/1.1" 200 564 "http://renault.activities.at/login" "Mozilla/5.0 (Windows NT 6.1; WOW64; Trident/7.0; rv:11.0) like Gecko"
91.130.43.14 - - [20/Mar/2018:14:30:53 +0100] "GET /reload?ser=1521552652836 HTTP/1.1" 200 28 "http://renault.activities.at/" "Mozilla/5.0 (Windows NT 6.1; Trident/7.0; rv:11.0) like Gecko"
193.194.132.74 - - [20/Mar/2018:14:30:55 +0100] "GET /reload?ser=1521552655520 HTTP/1.1" 200 28 "http://renault.2web.at/result?searchterm=true&search=Service+und+Garantie" "Mozilla/5.0 (Windows NT 6.1; WOW64; Trident/7.0; rv:11.0) like Gecko"
80.123.225.34 - - [20/Mar/2018:14:31:00 +0100] "GET /images/validation_advice_bg.gif HTTP/1.1" 200 134 "http://renault.activities.at/login" "Mozilla/5.0 (Windows NT 6.1; WOW64; Trident/7.0; rv:11.0) like Gecko"
80.123.225.34 - - [20/Mar/2018:14:31:11 +0100] "POST /login HTTP/1.1" 302 140 "http://renault.activities.at/login" "Mozilla/5.0 (Windows NT 6.1; WOW64; Trident/7.0; rv:11.0) like Gecko"
80.123.225.34 - - [20/Mar/2018:14:31:13 +0100] "GET /account HTTP/1.1" 200 5906 "http://renault.activities.at/login" "Mozilla/5.0 (Windows NT 6.1; WOW64; Trident/7.0; rv:11.0) like Gecko"
80.123.225.34 - - [20/Mar/2018:14:31:16 +0100] "GET /images/search_bg.gif HTTP/1.1" 200 1726 "http://renault.activities.at/account" "Mozilla/5.0 (Windows NT 6.1; WOW64; Trident/7.0; rv:11.0) like Gecko"
80.123.225.34 - - [20/Mar/2018:14:31:16 +0100] "GET /images/top_links_divider.gif HTTP/1.1" 200 44 "http://renault.activities.at/account" "Mozilla/5.0 (Windows NT 6.1; WOW64; Trident/7.0; rv:11.0) like Gecko"
80.123.225.34 - - [20/Mar/2018:14:31:16 +0100] "GET /images/footer_divider.gif HTTP/1.1" 200 44 "http://renault.activities.at/account" "Mozilla/5.0 (Windows NT 6.1; WOW64; Trident/7.0; rv:11.0) like Gecko"
80.123.225.34 - - [20/Mar/2018:14:31:16 +0100] "GET /images/sidebar_title_corner_right_top.gif HTTP/1.1" 200 383 "http://renault.activities.at/account" "Mozilla/5.0 (Windows NT 6.1; WOW64; Trident/7.0; rv:11.0) like Gecko"
80.123.225.34 - - [20/Mar/2018:14:31:16 +0100] "GET /images/sidebar_title_corner_left_top.gif HTTP/1.1" 200 1124 "http://renault.activities.at/account" "Mozilla/5.0 (Windows NT 6.1; WOW64; Trident/7.0; rv:11.0) like Gecko"
80.123.225.34 - - [20/Mar/2018:14:31:16 +0100] "GET /images/sidebar_title_border_top.gif HTTP/1.1" 200 155 "http://renault.activities.at/account" "Mozilla/5.0 (Windows NT 6.1; WOW64; Trident/7.0; rv:11.0) like Gecko"
80.123.225.34 - - [20/Mar/2018:14:31:16 +0100] "GET /images/sidebar_title_border.gif HTTP/1.1" 200 43 "http://renault.activities.at/account" "Mozilla/5.0 (Windows NT 6.1; WOW64; Trident/7.0; rv:11.0) like Gecko"
80.123.225.34 - - [20/Mar/2018:14:31:16 +0100] "GET /images/menu_divider.gif HTTP/1.1" 200 176 "http://renault.activities.at/account" "Mozilla/5.0 (Windows NT 6.1; WOW64; Trident/7.0; rv:11.0) like Gecko"
80.123.225.34 - - [20/Mar/2018:14:31:16 +0100] "GET /loadthumbnail.php?id=10272696&width=50&height=50 HTTP/1.1" 200 1124 "http://renault.activities.at/account" "Mozilla/5.0 (Windows NT 6.1; WOW64; Trident/7.0; rv:11.0) like Gecko"
80.123.225.34 - - [20/Mar/2018:14:31:16 +0100] "GET /images/menu_button_bg.jpg HTTP/1.1" 200 322 "http://renault.activities.at/account" "Mozilla/5.0 (Windows NT 6.1; WOW64; Trident/7.0; rv:11.0) like Gecko"
80.123.225.34 - - [20/Mar/2018:14:31:16 +0100] "GET /images/nav_divider.gif HTTP/1.1" 200 43 "http://renault.activities.at/account" "Mozilla/5.0 (Windows NT 6.1; WOW64; Trident/7.0; rv:11.0) like Gecko"
80.123.225.34 - - [20/Mar/2018:14:31:36 +0100] "POST /axjaxrequest?mode=suggest HTTP/1.1" 200 241 "http://renault.activities.at/account" "Mozilla/5.0 (Windows NT 6.1; WOW64; Trident/7.0; rv:11.0) like Gecko"
80.123.225.34 - - [20/Mar/2018:14:31:37 +0100] "POST /axjaxrequest?mode=suggest HTTP/1.1" 200 109 "http://renault.activities.at/account" "Mozilla/5.0 (Windows NT 6.1; WOW64; Trident/7.0; rv:11.0) like Gecko"
80.123.225.34 - - [20/Mar/2018:14:31:37 +0100] "POST /axjaxrequest?mode=suggest HTTP/1.1" 200 109 "http://renault.activities.at/account" "Mozilla/5.0 (Windows NT 6.1; WOW64; Trident/7.0; rv:11.0) like Gecko"
80.123.225.34 - - [20/Mar/2018:14:31:39 +0100] "POST /axjaxrequest?mode=suggest HTTP/1.1" 200 21 "http://renault.activities.at/account" "Mozilla/5.0 (Windows NT 6.1; WOW64; Trident/7.0; rv:11.0) like Gecko"
80.123.225.34 - - [20/Mar/2018:14:31:41 +0100] "GET /result?searchterm=true&search=voc+folder HTTP/1.1" 200 4554 "http://renault.activities.at/account" "Mozilla/5.0 (Windows NT 6.1; WOW64; Trident/7.0; rv:11.0) like Gecko"
80.123.225.34 - - [20/Mar/2018:14:31:43 +0100] "GET /images/loading.gif HTTP/1.1" 200 3208 "http://renault.activities.at/result?searchterm=true&search=voc+folder" "Mozilla/5.0 (Windows NT 6.1; WOW64; Trident/7.0; rv:11.0) like Gecko"
80.123.225.34 - - [20/Mar/2018:14:31:43 +0100] "GET /images/note_msg_icon.gif HTTP/1.1" 200 1022 "http://renault.activities.at/result?searchterm=true&search=voc+folder" "Mozilla/5.0 (Windows NT 6.1; WOW64; Trident/7.0; rv:11.0) like Gecko"
80.123.225.34 - - [20/Mar/2018:14:31:49 +0100] "GET /result?searchterm=true&search=voc+ HTTP/1.1" 200 6653 "http://renault.activities.at/result?searchterm=true&search=voc+folder" "Mozilla/5.0 (Windows NT 6.1; WOW64; Trident/7.0; rv:11.0) like Gecko"
80.123.225.34 - - [20/Mar/2018:14:31:51 +0100] "GET /loadthumbnail.php?id=11340123&width=113 HTTP/1.1" 200 5559 "http://renault.activities.at/result?searchterm=true&search=voc+" "Mozilla/5.0 (Windows NT 6.1; WOW64; Trident/7.0; rv:11.0) like Gecko"
80.123.225.34 - - [20/Mar/2018:14:31:51 +0100] "GET /loadthumbnail.php?id=10203255 HTTP/1.1" 200 137 "http://renault.activities.at/result?searchterm=true&search=voc+" "Mozilla/5.0 (Windows NT 6.1; WOW64; Trident/7.0; rv:11.0) like Gecko"
80.123.225.34 - - [20/Mar/2018:14:31:51 +0100] "GET /loadthumbnail.php?id=11340121&width=113 HTTP/1.1" 200 4540 "http://renault.activities.at/result?searchterm=true&search=voc+" "Mozilla/5.0 (Windows NT 6.1; WOW64; Trident/7.0; rv:11.0) like Gecko"
80.123.225.34 - - [20/Mar/2018:14:31:51 +0100] "GET /loadthumbnail.php?id=11340124&width=113 HTTP/1.1" 200 4949 "http://renault.activities.at/result?searchterm=true&search=voc+" "Mozilla/5.0 (Windows NT 6.1; WOW64; Trident/7.0; rv:11.0) like Gecko"
80.123.225.34 - - [20/Mar/2018:14:31:51 +0100] "GET /loadthumbnail.php?id=11340118&width=113 HTTP/1.1" 200 5862 "http://renault.activities.at/result?searchterm=true&search=voc+" "Mozilla/5.0 (Windows NT 6.1; WOW64; Trident/7.0; rv:11.0) like Gecko"
80.123.225.34 - - [20/Mar/2018:14:31:51 +0100] "GET /loadthumbnail.php?id=11340122&width=113 HTTP/1.1" 200 3786 "http://renault.activities.at/result?searchterm=true&search=voc+" "Mozilla/5.0 (Windows NT 6.1; WOW64; Trident/7.0; rv:11.0) like Gecko"
80.123.225.34 - - [20/Mar/2018:14:31:51 +0100] "GET /images/vista-dn.gif HTTP/1.1" 200 128 "http://renault.activities.at/result?searchterm=true&search=voc+" "Mozilla/5.0 (Windows NT 6.1; WOW64; Trident/7.0; rv:11.0) like Gecko"
80.123.225.34 - - [20/Mar/2018:14:31:51 +0100] "GET /images/vista-up.gif HTTP/1.1" 200 131 "http://renault.activities.at/result?searchterm=true&search=voc+" "Mozilla/5.0 (Windows NT 6.1; WOW64; Trident/7.0; rv:11.0) like Gecko"
80.123.225.34 - - [20/Mar/2018:14:31:51 +0100] "GET /images/pager_bg.gif HTTP/1.1" 200 150 "http://renault.activities.at/result?searchterm=true&search=voc+" "Mozilla/5.0 (Windows NT 6.1; WOW64; Trident/7.0; rv:11.0) like Gecko"
80.123.225.34 - - [20/Mar/2018:14:31:51 +0100] "GET /loadthumbnail.php?id=11340119&width=113 HTTP/1.1" 200 5321 "http://renault.activities.at/result?searchterm=true&search=voc+" "Mozilla/5.0 (Windows NT 6.1; WOW64; Trident/7.0; rv:11.0) like Gecko"
80.123.225.34 - - [20/Mar/2018:14:31:51 +0100] "GET /loadthumbnail.php?id=11340120&width=113 HTTP/1.1" 200 2962 "http://renault.activities.at/result?searchterm=true&search=voc+" "Mozilla/5.0 (Windows NT 6.1; WOW64; Trident/7.0; rv:11.0) like Gecko"
80.123.225.34 - - [20/Mar/2018:14:31:53 +0100] "GET /images/vista-dn-hover.gif HTTP/1.1" 200 127 "http://renault.activities.at/result?searchterm=true&search=voc+" "Mozilla/5.0 (Windows NT 6.1; WOW64; Trident/7.0; rv:11.0) like Gecko"
80.123.225.34 - - [20/Mar/2018:14:31:53 +0100] "GET /images/vista-up-hover.gif HTTP/1.1" 200 130 "http://renault.activities.at/result?searchterm=true&search=voc+" "Mozilla/5.0 (Windows NT 6.1; WOW64; Trident/7.0; rv:11.0) like Gecko"
91.130.43.14 - - [20/Mar/2018:14:31:54 +0100] "GET /reload?ser=1521552713488 HTTP/1.1" 200 28 "http://renault.activities.at/" "Mozilla/5.0 (Windows NT 6.1; Trident/7.0; rv:11.0) like Gecko"
193.194.132.74 - - [20/Mar/2018:14:31:56 +0100] "GET /reload?ser=1521552716641 HTTP/1.1" 200 28 "http://renault.2web.at/result?searchterm=true&search=Service+und+Garantie" "Mozilla/5.0 (Windows NT 6.1; WOW64; Trident/7.0; rv:11.0) like Gecko"
80.123.225.34 - - [20/Mar/2018:14:32:51 +0100] "POST /result?searchterm=true&search=voc+ HTTP/1.1" 200 6839 "http://renault.activities.at/result?searchterm=true&search=voc+" "Mozilla/5.0 (Windows NT 6.1; WOW64; Trident/7.0; rv:11.0) like Gecko"
80.123.225.34 - - [20/Mar/2018:14:32:54 +0100] "GET /images/success_msg_icon.gif HTTP/1.1" 200 1024 "http://renault.activities.at/result?searchterm=true&search=voc+" "Mozilla/5.0 (Windows NT 6.1; WOW64; Trident/7.0; rv:11.0) like Gecko"
80.123.225.34 - - [20/Mar/2018:14:32:52 +0100] "GET /reload?ser=1521552775962 HTTP/1.1" 200 28 "http://renault.activities.at/result?searchterm=true&search=voc+" "Mozilla/5.0 (Windows NT 6.1; WOW64; Trident/7.0; rv:11.0) like Gecko"
91.130.43.14 - - [20/Mar/2018:14:32:55 +0100] "GET /reload?ser=1521552774157 HTTP/1.1" 200 28 "http://renault.activities.at/" "Mozilla/5.0 (Windows NT 6.1; Trident/7.0; rv:11.0) like Gecko"
193.194.132.74 - - [20/Mar/2018:14:32:57 +0100] "GET /reload?ser=1521552777708 HTTP/1.1" 200 28 "http://renault.2web.at/result?searchterm=true&search=Service+und+Garantie" "Mozilla/5.0 (Windows NT 6.1; WOW64; Trident/7.0; rv:11.0) like Gecko"
80.123.225.34 - - [20/Mar/2018:14:33:03 +0100] "POST /result?searchterm=true&search=voc+ HTTP/1.1" 200 6842 "http://renault.activities.at/result?searchterm=true&search=voc+" "Mozilla/5.0 (Windows NT 6.1; WOW64; Trident/7.0; rv:11.0) like Gecko"
80.123.225.34 - - [20/Mar/2018:14:33:15 +0100] "GET /checkout HTTP/1.1" 200 10264 "http://renault.activities.at/result?searchterm=true&search=voc+" "Mozilla/5.0 (Windows NT 6.1; WOW64; Trident/7.0; rv:11.0) like Gecko"
80.123.225.34 - - [20/Mar/2018:14:33:20 +0100] "GET /js/checkout2.js HTTP/1.1" 200 4122 "http://renault.activities.at/checkout" "Mozilla/5.0 (Windows NT 6.1; WOW64; Trident/7.0; rv:11.0) like Gecko"
80.123.225.34 - - [20/Mar/2018:14:33:20 +0100] "GET /images/ajax_loading.gif HTTP/1.1" 200 1542 "http://renault.activities.at/checkout" "Mozilla/5.0 (Windows NT 6.1; WOW64; Trident/7.0; rv:11.0) like Gecko"
80.123.225.34 - - [20/Mar/2018:14:33:20 +0100] "GET /images/checkout_border.gif HTTP/1.1" 200 43 "http://renault.activities.at/checkout" "Mozilla/5.0 (Windows NT 6.1; WOW64; Trident/7.0; rv:11.0) like Gecko"
80.123.225.34 - - [20/Mar/2018:14:33:20 +0100] "GET /images/step_marker.gif HTTP/1.1" 200 650 "http://renault.activities.at/checkout" "Mozilla/5.0 (Windows NT 6.1; WOW64; Trident/7.0; rv:11.0) like Gecko"
80.123.225.34 - - [20/Mar/2018:14:33:20 +0100] "GET /images/step_bg.jpg HTTP/1.1" 200 319 "http://renault.activities.at/checkout" "Mozilla/5.0 (Windows NT 6.1; WOW64; Trident/7.0; rv:11.0) like Gecko"
80.123.225.34 - - [20/Mar/2018:14:33:20 +0100] "GET /images/checkout_border_top.gif HTTP/1.1" 200 156 "http://renault.activities.at/checkout" "Mozilla/5.0 (Windows NT 6.1; WOW64; Trident/7.0; rv:11.0) like Gecko"
80.123.225.34 - - [20/Mar/2018:14:33:20 +0100] "GET /loadthumbnail.php?id=10201939 HTTP/1.1" 200 201 "http://renault.activities.at/checkout" "Mozilla/5.0 (Windows NT 6.1; WOW64; Trident/7.0; rv:11.0) like Gecko"
80.123.225.34 - - [20/Mar/2018:14:33:20 +0100] "GET /loadthumbnail.php?id=10202698 HTTP/1.1" 200 16686 "http://renault.activities.at/checkout" "Mozilla/5.0 (Windows NT 6.1; WOW64; Trident/7.0; rv:11.0) like Gecko"
80.123.225.34 - - [20/Mar/2018:14:33:40 +0100] "POST /docheckout HTTP/1.1" 200 465 "http://renault.activities.at/checkout" "Mozilla/5.0 (Windows NT 6.1; WOW64; Trident/7.0; rv:11.0) like Gecko"
80.123.225.34 - - [20/Mar/2018:14:33:44 +0100] "POST /docheckout HTTP/1.1" 200 628 "http://renault.activities.at/checkout" "Mozilla/5.0 (Windows NT 6.1; WOW64; Trident/7.0; rv:11.0) like Gecko"
80.123.225.34 - - [20/Mar/2018:14:33:45 +0100] "GET /images/error_msg_icon.gif HTTP/1.1" 200 1013 "http://renault.activities.at/checkout" "Mozilla/5.0 (Windows NT 6.1; WOW64; Trident/7.0; rv:11.0) like Gecko"
91.130.43.14 - - [20/Mar/2018:14:33:55 +0100] "GET /reload?ser=1521552834827 HTTP/1.1" 200 28 "http://renault.activities.at/" "Mozilla/5.0 (Windows NT 6.1; Trident/7.0; rv:11.0) like Gecko"
193.194.132.74 - - [20/Mar/2018:14:33:58 +0100] "GET /reload?ser=1521552838815 HTTP/1.1" 200 28 "http://renault.2web.at/result?searchterm=true&search=Service+und+Garantie" "Mozilla/5.0 (Windows NT 6.1; WOW64; Trident/7.0; rv:11.0) like Gecko"
80.123.225.34 - - [20/Mar/2018:14:34:00 +0100] "POST /docheckout HTTP/1.1" 200 68 "http://renault.activities.at/checkout" "Mozilla/5.0 (Windows NT 6.1; WOW64; Trident/7.0; rv:11.0) like Gecko"
80.123.225.34 - - [20/Mar/2018:14:34:02 +0100] "GET /success HTTP/1.1" 200 3785 "http://renault.activities.at/checkout" "Mozilla/5.0 (Windows NT 6.1; WOW64; Trident/7.0; rv:11.0) like Gecko"
80.123.225.34 - - [20/Mar/2018:14:34:16 +0100] "GET /11761928?print=true HTTP/1.1" 200 2073 "-" "Mozilla/5.0 (Windows NT 6.1; WOW64; Trident/7.0; rv:11.0) like Gecko"
80.123.225.34 - - [20/Mar/2018:14:34:25 +0100] "GET /logout HTTP/1.1" 302 140 "http://renault.activities.at/success" "Mozilla/5.0 (Windows NT 6.1; WOW64; Trident/7.0; rv:11.0) like Gecko"
80.123.225.34 - - [20/Mar/2018:14:34:26 +0100] "GET /logout HTTP/1.1" 200 1583 "http://renault.activities.at/success" "Mozilla/5.0 (Windows NT 6.1; WOW64; Trident/7.0; rv:11.0) like Gecko"
91.130.43.14 - - [20/Mar/2018:14:34:56 +0100] "GET /reload?ser=1521552895498 HTTP/1.1" 200 28 "http://renault.activities.at/" "Mozilla/5.0 (Windows NT 6.1; Trident/7.0; rv:11.0) like Gecko"
193.194.132.74 - - [20/Mar/2018:14:34:59 +0100] "GET /reload?ser=1521552899874 HTTP/1.1" 200 28 "http://renault.2web.at/result?searchterm=true&search=Service+und+Garantie" "Mozilla/5.0 (Windows NT 6.1; WOW64; Trident/7.0; rv:11.0) like Gecko"
91.130.43.14 - - [20/Mar/2018:14:35:57 +0100] "GET /reload?ser=1521552956158 HTTP/1.1" 200 28 "http://renault.activities.at/" "Mozilla/5.0 (Windows NT 6.1; Trident/7.0; rv:11.0) like Gecko"
193.194.132.74 - - [20/Mar/2018:14:36:00 +0100] "GET /reload?ser=1521552960930 HTTP/1.1" 200 28 "http://renault.2web.at/result?searchterm=true&search=Service+und+Garantie" "Mozilla/5.0 (Windows NT 6.1; WOW64; Trident/7.0; rv:11.0) like Gecko"
213.153.47.173 - - [20/Mar/2018:14:36:15 +0100] "GET /layout.php HTTP/1.1" 200 1559 "-" "Mozilla/5.0 (Windows NT 10.0; Win64; x64) AppleWebKit/537.36 (KHTML, like Gecko) Chrome/64.0.3282.186 Safari/537.36 OPR/51.0.2830.55"
213.153.47.173 - - [20/Mar/2018:14:36:17 +0100] "GET /layout.php HTTP/1.1" 200 1559 "-" "Mozilla/5.0 (Windows NT 10.0; Win64; x64) AppleWebKit/537.36 (KHTML, like Gecko) Chrome/64.0.3282.186 Safari/537.36 OPR/51.0.2830.55"
213.153.47.173 - - [20/Mar/2018:14:36:18 +0100] "GET /images/favicon.ico HTTP/1.1" 404 305 "-" "Mozilla/5.0 (Windows NT 10.0; Win64; x64) AppleWebKit/537.36 (KHTML, like Gecko) Chrome/64.0.3282.186 Safari/537.36 OPR/51.0.2830.55"
213.153.47.173 - - [20/Mar/2018:14:36:21 +0100] "GET /layout.php HTTP/1.1" 200 1559 "-" "Mozilla/5.0 (Windows NT 10.0; Win64; x64) AppleWebKit/537.36 (KHTML, like Gecko) Chrome/64.0.3282.186 Safari/537.36 OPR/51.0.2830.55"
91.130.43.14 - - [20/Mar/2018:14:36:57 +0100] "GET /reload?ser=1521553016814 HTTP/1.1" 200 28 "http://renault.activities.at/" "Mozilla/5.0 (Windows NT 6.1; Trident/7.0; rv:11.0) like Gecko"
193.194.132.74 - - [20/Mar/2018:14:37:02 +0100] "GET /reload?ser=1521553021986 HTTP/1.1" 200 28 "http://renault.2web.at/result?searchterm=true&search=Service+und+Garantie" "Mozilla/5.0 (Windows NT 6.1; WOW64; Trident/7.0; rv:11.0) like Gecko"
91.130.43.14 - - [20/Mar/2018:14:37:58 +0100] "GET /reload?ser=1521553077481 HTTP/1.1" 200 28 "http://renault.activities.at/" "Mozilla/5.0 (Windows NT 6.1; Trident/7.0; rv:11.0) like Gecko"
193.194.132.74 - - [20/Mar/2018:14:38:03 +0100] "GET /reload?ser=1521553083076 HTTP/1.1" 200 28 "http://renault.2web.at/result?searchterm=true&search=Service+und+Garantie" "Mozilla/5.0 (Windows NT 6.1; WOW64; Trident/7.0; rv:11.0) like Gecko"
91.130.43.14 - - [20/Mar/2018:14:38:59 +0100] "GET /reload?ser=1521553138133 HTTP/1.1" 200 28 "http://renault.activities.at/" "Mozilla/5.0 (Windows NT 6.1; Trident/7.0; rv:11.0) like Gecko"
193.194.132.74 - - [20/Mar/2018:14:39:04 +0100] "GET /reload?ser=1521553144183 HTTP/1.1" 200 28 "http://renault.2web.at/result?searchterm=true&search=Service+und+Garantie" "Mozilla/5.0 (Windows NT 6.1; WOW64; Trident/7.0; rv:11.0) like Gecko"
91.130.43.14 - - [20/Mar/2018:14:39:59 +0100] "GET /reload?ser=1521553198801 HTTP/1.1" 200 28 "http://renault.activities.at/" "Mozilla/5.0 (Windows NT 6.1; Trident/7.0; rv:11.0) like Gecko"
193.194.132.74 - - [20/Mar/2018:14:40:05 +0100] "GET /reload?ser=1521553205273 HTTP/1.1" 200 28 "http://renault.2web.at/result?searchterm=true&search=Service+und+Garantie" "Mozilla/5.0 (Windows NT 6.1; WOW64; Trident/7.0; rv:11.0) like Gecko"
91.130.43.14 - - [20/Mar/2018:14:41:00 +0100] "GET /reload?ser=1521553259484 HTTP/1.1" 200 28 "http://renault.activities.at/" "Mozilla/5.0 (Windows NT 6.1; Trident/7.0; rv:11.0) like Gecko"
193.194.132.74 - - [20/Mar/2018:14:41:06 +0100] "GET /reload?ser=1521553266348 HTTP/1.1" 200 28 "http://renault.2web.at/result?searchterm=true&search=Service+und+Garantie" "Mozilla/5.0 (Windows NT 6.1; WOW64; Trident/7.0; rv:11.0) like Gecko"
91.130.43.14 - - [20/Mar/2018:14:42:01 +0100] "GET /reload?ser=1521553320151 HTTP/1.1" 200 28 "http://renault.activities.at/" "Mozilla/5.0 (Windows NT 6.1; Trident/7.0; rv:11.0) like Gecko"
193.194.132.74 - - [20/Mar/2018:14:42:07 +0100] "GET /reload?ser=1521553327486 HTTP/1.1" 200 28 "http://renault.2web.at/result?searchterm=true&search=Service+und+Garantie" "Mozilla/5.0 (Windows NT 6.1; WOW64; Trident/7.0; rv:11.0) like Gecko"
