80.122.133.118 - - [30/Mar/2018:08:22:11 +0200] "GET /css/reset.css HTTP/1.1" 200 1356 "http://renault.activities.at/" "Mozilla/5.0 (Windows NT 6.1; Win64; x64; rv:59.0) Gecko/20100101 Firefox/59.0"
80.122.133.118 - - [30/Mar/2018:08:22:11 +0200] "GET /css/clears.css HTTP/1.1" 200 851 "http://renault.activities.at/" "Mozilla/5.0 (Windows NT 6.1; Win64; x64; rv:59.0) Gecko/20100101 Firefox/59.0"
80.122.133.118 - - [30/Mar/2018:08:22:11 +0200] "GET /css/styles.css HTTP/1.1" 200 14664 "http://renault.activities.at/" "Mozilla/5.0 (Windows NT 6.1; Win64; x64; rv:59.0) Gecko/20100101 Firefox/59.0"
80.122.133.118 - - [30/Mar/2018:08:22:11 +0200] "GET /css/print.css HTTP/1.1" 200 543 "http://renault.activities.at/" "Mozilla/5.0 (Windows NT 6.1; Win64; x64; rv:59.0) Gecko/20100101 Firefox/59.0"
80.122.133.118 - - [30/Mar/2018:08:22:11 +0200] "GET /js/checkout.css HTTP/1.1" 200 359 "http://renault.activities.at/" "Mozilla/5.0 (Windows NT 6.1; Win64; x64; rv:59.0) Gecko/20100101 Firefox/59.0"
80.122.133.118 - - [30/Mar/2018:08:22:11 +0200] "GET /css/prototip.css HTTP/1.1" 200 968 "http://renault.activities.at/" "Mozilla/5.0 (Windows NT 6.1; Win64; x64; rv:59.0) Gecko/20100101 Firefox/59.0"
80.122.133.118 - - [30/Mar/2018:08:22:11 +0200] "GET /css/themes/default.css HTTP/1.1" 200 769 "http://renault.activities.at/" "Mozilla/5.0 (Windows NT 6.1; Win64; x64; rv:59.0) Gecko/20100101 Firefox/59.0"
80.122.133.118 - - [30/Mar/2018:08:22:11 +0200] "GET /css/themes/alphacube.css HTTP/1.1" 200 743 "http://renault.activities.at/" "Mozilla/5.0 (Windows NT 6.1; Win64; x64; rv:59.0) Gecko/20100101 Firefox/59.0"
80.122.133.118 - - [30/Mar/2018:08:22:11 +0200] "GET /js/index.php?c=auto&f=,prototype/prototype.js,prototype/validation.js,scriptaculous/builder.js,scriptaculous/effects.js,scriptaculous/dragdrop.js,scriptaculous/controls.js,scriptaculous/slider.js,varien/js.js,varien/form.js,varien/menu.js,mage/translate.js,mage/cookies.js,varien/product.js,spinner/SpinnerControl.jsmin.js,prototype/window.js,prototype/window_ext.js HTTP/1.1" 200 94182 "http://renault.activities.at/" "Mozilla/5.0 (Windows NT 6.1; Win64; x64; rv:59.0) Gecko/20100101 Firefox/59.0"
80.122.133.118 - - [30/Mar/2018:08:22:11 +0200] "GET /images/main_block_border.gif HTTP/1.1" 200 43 "http://renault.activities.at/css/styles.css" "Mozilla/5.0 (Windows NT 6.1; Win64; x64; rv:59.0) Gecko/20100101 Firefox/59.0"
80.122.133.118 - - [30/Mar/2018:08:22:11 +0200] "GET /images/main_block_corner_left_bot.gif HTTP/1.1" 200 159 "http://renault.activities.at/css/styles.css" "Mozilla/5.0 (Windows NT 6.1; Win64; x64; rv:59.0) Gecko/20100101 Firefox/59.0"
80.122.133.118 - - [30/Mar/2018:08:22:11 +0200] "GET /images/main_block_corner_right_bot.gif HTTP/1.1" 200 158 "http://renault.activities.at/css/styles.css" "Mozilla/5.0 (Windows NT 6.1; Win64; x64; rv:59.0) Gecko/20100101 Firefox/59.0"
80.122.133.118 - - [30/Mar/2018:08:22:11 +0200] "GET /images/header_block_border.gif HTTP/1.1" 200 43 "http://renault.activities.at/css/styles.css" "Mozilla/5.0 (Windows NT 6.1; Win64; x64; rv:59.0) Gecko/20100101 Firefox/59.0"
80.122.133.118 - - [30/Mar/2018:08:22:11 +0200] "GET /images/header_block_corner_left_top.gif HTTP/1.1" 200 160 "http://renault.activities.at/css/styles.css" "Mozilla/5.0 (Windows NT 6.1; Win64; x64; rv:59.0) Gecko/20100101 Firefox/59.0"
80.122.133.118 - - [30/Mar/2018:08:22:11 +0200] "GET /images/header_block_corner_right_top.gif HTTP/1.1" 200 160 "http://renault.activities.at/css/styles.css" "Mozilla/5.0 (Windows NT 6.1; Win64; x64; rv:59.0) Gecko/20100101 Firefox/59.0"
80.122.133.118 - - [30/Mar/2018:08:22:11 +0200] "GET /images/main_block_corner_left_top.gif HTTP/1.1" 200 159 "http://renault.activities.at/css/styles.css" "Mozilla/5.0 (Windows NT 6.1; Win64; x64; rv:59.0) Gecko/20100101 Firefox/59.0"
80.122.133.118 - - [30/Mar/2018:08:22:11 +0200] "GET /images/main_block_corner_right_top.gif HTTP/1.1" 200 159 "http://renault.activities.at/css/styles.css" "Mozilla/5.0 (Windows NT 6.1; Win64; x64; rv:59.0) Gecko/20100101 Firefox/59.0"
80.122.133.118 - - [30/Mar/2018:08:22:11 +0200] "GET /images/title_border.jpg HTTP/1.1" 200 304 "http://renault.activities.at/css/styles.css" "Mozilla/5.0 (Windows NT 6.1; Win64; x64; rv:59.0) Gecko/20100101 Firefox/59.0"
80.122.133.118 - - [30/Mar/2018:08:22:11 +0200] "GET /images/title_border_top.jpg HTTP/1.1" 200 336 "http://renault.activities.at/css/styles.css" "Mozilla/5.0 (Windows NT 6.1; Win64; x64; rv:59.0) Gecko/20100101 Firefox/59.0"
80.122.133.118 - - [30/Mar/2018:08:22:11 +0200] "GET /images/title_corner_left_top.jpg HTTP/1.1" 200 372 "http://renault.activities.at/css/styles.css" "Mozilla/5.0 (Windows NT 6.1; Win64; x64; rv:59.0) Gecko/20100101 Firefox/59.0"
80.122.133.118 - - [30/Mar/2018:08:22:11 +0200] "GET /images/title_corner_right_top.jpg HTTP/1.1" 200 389 "http://renault.activities.at/css/styles.css" "Mozilla/5.0 (Windows NT 6.1; Win64; x64; rv:59.0) Gecko/20100101 Firefox/59.0"
80.122.133.118 - - [30/Mar/2018:08:22:11 +0200] "GET /loadthumbnail.php?id=11127982 HTTP/1.1" 200 399614 "http://renault.activities.at/" "Mozilla/5.0 (Windows NT 6.1; Win64; x64; rv:59.0) Gecko/20100101 Firefox/59.0"
80.122.133.118 - - [30/Mar/2018:08:22:14 +0200] "GET /login HTTP/1.1" 200 2086 "http://renault.activities.at/" "Mozilla/5.0 (Windows NT 6.1; Win64; x64; rv:59.0) Gecko/20100101 Firefox/59.0"
80.122.133.118 - - [30/Mar/2018:08:22:15 +0200] "GET /css/styles.css HTTP/1.1" 304 - "http://renault.activities.at/login" "Mozilla/5.0 (Windows NT 6.1; Win64; x64; rv:59.0) Gecko/20100101 Firefox/59.0"
80.122.133.118 - - [30/Mar/2018:08:22:15 +0200] "GET /css/reset.css HTTP/1.1" 200 1356 "http://renault.activities.at/login" "Mozilla/5.0 (Windows NT 6.1; Win64; x64; rv:59.0) Gecko/20100101 Firefox/59.0"
80.122.133.118 - - [30/Mar/2018:08:22:15 +0200] "GET /css/clears.css HTTP/1.1" 200 851 "http://renault.activities.at/login" "Mozilla/5.0 (Windows NT 6.1; Win64; x64; rv:59.0) Gecko/20100101 Firefox/59.0"
80.122.133.118 - - [30/Mar/2018:08:22:15 +0200] "GET /css/print.css HTTP/1.1" 200 543 "http://renault.activities.at/login" "Mozilla/5.0 (Windows NT 6.1; Win64; x64; rv:59.0) Gecko/20100101 Firefox/59.0"
80.122.133.118 - - [30/Mar/2018:08:22:15 +0200] "GET /js/checkout.css HTTP/1.1" 200 359 "http://renault.activities.at/login" "Mozilla/5.0 (Windows NT 6.1; Win64; x64; rv:59.0) Gecko/20100101 Firefox/59.0"
80.122.133.118 - - [30/Mar/2018:08:22:15 +0200] "GET /css/prototip.css HTTP/1.1" 200 968 "http://renault.activities.at/login" "Mozilla/5.0 (Windows NT 6.1; Win64; x64; rv:59.0) Gecko/20100101 Firefox/59.0"
80.122.133.118 - - [30/Mar/2018:08:22:15 +0200] "GET /css/themes/default.css HTTP/1.1" 200 769 "http://renault.activities.at/login" "Mozilla/5.0 (Windows NT 6.1; Win64; x64; rv:59.0) Gecko/20100101 Firefox/59.0"
80.122.133.118 - - [30/Mar/2018:08:22:16 +0200] "GET /images/button_left_bg.gif HTTP/1.1" 200 564 "http://renault.activities.at/css/styles.css" "Mozilla/5.0 (Windows NT 6.1; Win64; x64; rv:59.0) Gecko/20100101 Firefox/59.0"
80.122.133.118 - - [30/Mar/2018:08:22:16 +0200] "GET /images/button_right_bg.gif HTTP/1.1" 200 561 "http://renault.activities.at/css/styles.css" "Mozilla/5.0 (Windows NT 6.1; Win64; x64; rv:59.0) Gecko/20100101 Firefox/59.0"
80.122.133.118 - - [30/Mar/2018:08:22:16 +0200] "GET /images/button_bg.gif HTTP/1.1" 200 151 "http://renault.activities.at/css/styles.css" "Mozilla/5.0 (Windows NT 6.1; Win64; x64; rv:59.0) Gecko/20100101 Firefox/59.0"
80.122.133.118 - - [30/Mar/2018:08:22:16 +0200] "GET /favicon.ico HTTP/1.1" 200 3250 "-" "Mozilla/5.0 (Windows NT 6.1; Win64; x64; rv:59.0) Gecko/20100101 Firefox/59.0"
80.122.133.118 - - [30/Mar/2018:08:23:16 +0200] "GET /reload?ser=1522391003910 HTTP/1.1" 200 28 "http://renault.activities.at/login" "Mozilla/5.0 (Windows NT 6.1; Win64; x64; rv:59.0) Gecko/20100101 Firefox/59.0"
80.122.133.118 - - [30/Mar/2018:08:23:58 +0200] "POST /login HTTP/1.1" 302 140 "http://renault.activities.at/login" "Mozilla/5.0 (Windows NT 6.1; Win64; x64; rv:59.0) Gecko/20100101 Firefox/59.0"
80.122.133.118 - - [30/Mar/2018:08:23:59 +0200] "GET /account HTTP/1.1" 200 6104 "http://renault.activities.at/login" "Mozilla/5.0 (Windows NT 6.1; Win64; x64; rv:59.0) Gecko/20100101 Firefox/59.0"
80.122.133.118 - - [30/Mar/2018:08:24:02 +0200] "GET /css/clears.css HTTP/1.1" 304 - "http://renault.activities.at/account" "Mozilla/5.0 (Windows NT 6.1; Win64; x64; rv:59.0) Gecko/20100101 Firefox/59.0"
80.122.133.118 - - [30/Mar/2018:08:24:02 +0200] "GET /css/print.css HTTP/1.1" 304 - "http://renault.activities.at/account" "Mozilla/5.0 (Windows NT 6.1; Win64; x64; rv:59.0) Gecko/20100101 Firefox/59.0"
80.122.133.118 - - [30/Mar/2018:08:24:02 +0200] "GET /js/checkout.css HTTP/1.1" 304 - "http://renault.activities.at/account" "Mozilla/5.0 (Windows NT 6.1; Win64; x64; rv:59.0) Gecko/20100101 Firefox/59.0"
80.122.133.118 - - [30/Mar/2018:08:24:02 +0200] "GET /css/prototip.css HTTP/1.1" 304 - "http://renault.activities.at/account" "Mozilla/5.0 (Windows NT 6.1; Win64; x64; rv:59.0) Gecko/20100101 Firefox/59.0"
80.122.133.118 - - [30/Mar/2018:08:24:02 +0200] "GET /css/themes/default.css HTTP/1.1" 304 - "http://renault.activities.at/account" "Mozilla/5.0 (Windows NT 6.1; Win64; x64; rv:59.0) Gecko/20100101 Firefox/59.0"
80.122.133.118 - - [30/Mar/2018:08:24:02 +0200] "GET /js/account.js HTTP/1.1" 200 953 "http://renault.activities.at/account" "Mozilla/5.0 (Windows NT 6.1; Win64; x64; rv:59.0) Gecko/20100101 Firefox/59.0"
80.122.133.118 - - [30/Mar/2018:08:24:02 +0200] "GET /loadthumbnail.php?id=11711050&width=50&height=50 HTTP/1.1" 200 1286 "http://renault.activities.at/account" "Mozilla/5.0 (Windows NT 6.1; Win64; x64; rv:59.0) Gecko/20100101 Firefox/59.0"
80.122.133.118 - - [30/Mar/2018:08:24:02 +0200] "GET /images/top_links_divider.gif HTTP/1.1" 200 44 "http://renault.activities.at/css/styles.css" "Mozilla/5.0 (Windows NT 6.1; Win64; x64; rv:59.0) Gecko/20100101 Firefox/59.0"
80.122.133.118 - - [30/Mar/2018:08:24:02 +0200] "GET /loadthumbnail.php?id=11524069&width=50&height=50 HTTP/1.1" 200 1273 "http://renault.activities.at/account" "Mozilla/5.0 (Windows NT 6.1; Win64; x64; rv:59.0) Gecko/20100101 Firefox/59.0"
80.122.133.118 - - [30/Mar/2018:08:24:02 +0200] "GET /images/menu_button_bg.jpg HTTP/1.1" 200 322 "http://renault.activities.at/css/styles.css" "Mozilla/5.0 (Windows NT 6.1; Win64; x64; rv:59.0) Gecko/20100101 Firefox/59.0"
80.122.133.118 - - [30/Mar/2018:08:24:02 +0200] "GET /images/nav_divider.gif HTTP/1.1" 200 43 "http://renault.activities.at/css/styles.css" "Mozilla/5.0 (Windows NT 6.1; Win64; x64; rv:59.0) Gecko/20100101 Firefox/59.0"
80.122.133.118 - - [30/Mar/2018:08:24:02 +0200] "GET /images/menu_divider.gif HTTP/1.1" 200 176 "http://renault.activities.at/css/styles.css" "Mozilla/5.0 (Windows NT 6.1; Win64; x64; rv:59.0) Gecko/20100101 Firefox/59.0"
80.122.133.118 - - [30/Mar/2018:08:24:02 +0200] "GET /images/sidebar_title_border.gif HTTP/1.1" 200 43 "http://renault.activities.at/css/styles.css" "Mozilla/5.0 (Windows NT 6.1; Win64; x64; rv:59.0) Gecko/20100101 Firefox/59.0"
80.122.133.118 - - [30/Mar/2018:08:24:02 +0200] "GET /images/search_bg.gif HTTP/1.1" 200 1726 "http://renault.activities.at/css/styles.css" "Mozilla/5.0 (Windows NT 6.1; Win64; x64; rv:59.0) Gecko/20100101 Firefox/59.0"
80.122.133.118 - - [30/Mar/2018:08:24:03 +0200] "GET /images/sidebar_title_border_top.gif HTTP/1.1" 200 155 "http://renault.activities.at/css/styles.css" "Mozilla/5.0 (Windows NT 6.1; Win64; x64; rv:59.0) Gecko/20100101 Firefox/59.0"
80.122.133.118 - - [30/Mar/2018:08:24:03 +0200] "GET /images/sidebar_title_corner_left_top.gif HTTP/1.1" 200 1124 "http://renault.activities.at/css/styles.css" "Mozilla/5.0 (Windows NT 6.1; Win64; x64; rv:59.0) Gecko/20100101 Firefox/59.0"
80.122.133.118 - - [30/Mar/2018:08:24:03 +0200] "GET /images/sidebar_title_corner_right_top.gif HTTP/1.1" 200 383 "http://renault.activities.at/css/styles.css" "Mozilla/5.0 (Windows NT 6.1; Win64; x64; rv:59.0) Gecko/20100101 Firefox/59.0"
80.122.133.118 - - [30/Mar/2018:08:24:03 +0200] "GET /images/footer_divider.gif HTTP/1.1" 200 44 "http://renault.activities.at/css/styles.css" "Mozilla/5.0 (Windows NT 6.1; Win64; x64; rv:59.0) Gecko/20100101 Firefox/59.0"
80.122.133.118 - - [30/Mar/2018:08:24:02 +0200] "GET /loadthumbnail.php?id=11423557&width=50&height=50 HTTP/1.1" 200 1235 "http://renault.activities.at/account" "Mozilla/5.0 (Windows NT 6.1; Win64; x64; rv:59.0) Gecko/20100101 Firefox/59.0"
80.122.133.118 - - [30/Mar/2018:08:24:02 +0200] "GET /loadthumbnail.php?id=11711045&width=50&height=50 HTTP/1.1" 200 1132 "http://renault.activities.at/account" "Mozilla/5.0 (Windows NT 6.1; Win64; x64; rv:59.0) Gecko/20100101 Firefox/59.0"
80.122.133.118 - - [30/Mar/2018:08:24:37 +0200] "GET /10260280 HTTP/1.1" 200 8754 "http://renault.activities.at/account" "Mozilla/5.0 (Windows NT 6.1; Win64; x64; rv:59.0) Gecko/20100101 Firefox/59.0"
80.122.133.118 - - [30/Mar/2018:08:24:41 +0200] "GET /js/prototip.js HTTP/1.1" 304 - "http://renault.activities.at/10260280" "Mozilla/5.0 (Windows NT 6.1; Win64; x64; rv:59.0) Gecko/20100101 Firefox/59.0"
80.122.133.118 - - [30/Mar/2018:08:24:41 +0200] "GET /js/ProduktGrp.js HTTP/1.1" 304 - "http://renault.activities.at/10260280" "Mozilla/5.0 (Windows NT 6.1; Win64; x64; rv:59.0) Gecko/20100101 Firefox/59.0"
80.122.133.118 - - [30/Mar/2018:08:24:41 +0200] "GET /images/loading.gif HTTP/1.1" 304 - "http://renault.activities.at/10260280" "Mozilla/5.0 (Windows NT 6.1; Win64; x64; rv:59.0) Gecko/20100101 Firefox/59.0"
80.122.133.118 - - [30/Mar/2018:08:24:41 +0200] "GET /loadthumbnail.php?id=11543815&width=113 HTTP/1.1" 200 1975 "http://renault.activities.at/10260280" "Mozilla/5.0 (Windows NT 6.1; Win64; x64; rv:59.0) Gecko/20100101 Firefox/59.0"
80.122.133.118 - - [30/Mar/2018:08:24:41 +0200] "GET /loadthumbnail.php?id=11760052&width=113 HTTP/1.1" 200 1991 "http://renault.activities.at/10260280" "Mozilla/5.0 (Windows NT 6.1; Win64; x64; rv:59.0) Gecko/20100101 Firefox/59.0"
80.122.133.118 - - [30/Mar/2018:08:24:41 +0200] "GET /loadthumbnail.php?id=11760048&width=113 HTTP/1.1" 200 1991 "http://renault.activities.at/10260280" "Mozilla/5.0 (Windows NT 6.1; Win64; x64; rv:59.0) Gecko/20100101 Firefox/59.0"
80.122.133.118 - - [30/Mar/2018:08:24:41 +0200] "GET /loadthumbnail.php?id=10259978&width=113 HTTP/1.1" 200 1347 "http://renault.activities.at/10260280" "Mozilla/5.0 (Windows NT 6.1; Win64; x64; rv:59.0) Gecko/20100101 Firefox/59.0"
80.122.133.118 - - [30/Mar/2018:08:24:41 +0200] "GET /loadthumbnail.php?id=10278258&width=113 HTTP/1.1" 200 1356 "http://renault.activities.at/10260280" "Mozilla/5.0 (Windows NT 6.1; Win64; x64; rv:59.0) Gecko/20100101 Firefox/59.0"
80.122.133.118 - - [30/Mar/2018:08:24:41 +0200] "GET /loadthumbnail.php?id=10203276 HTTP/1.1" 200 75 "http://renault.activities.at/10260280" "Mozilla/5.0 (Windows NT 6.1; Win64; x64; rv:59.0) Gecko/20100101 Firefox/59.0"
80.122.133.118 - - [30/Mar/2018:08:24:41 +0200] "GET /loadthumbnail.php?id=10203255 HTTP/1.1" 200 137 "http://renault.activities.at/10260280" "Mozilla/5.0 (Windows NT 6.1; Win64; x64; rv:59.0) Gecko/20100101 Firefox/59.0"
80.122.133.118 - - [30/Mar/2018:08:24:41 +0200] "GET /loadthumbnail.php?id=10278257&width=113 HTTP/1.1" 200 2346 "http://renault.activities.at/10260280" "Mozilla/5.0 (Windows NT 6.1; Win64; x64; rv:59.0) Gecko/20100101 Firefox/59.0"
80.122.133.118 - - [30/Mar/2018:08:24:41 +0200] "GET /loadthumbnail.php?id=11181189&width=113 HTTP/1.1" 200 1888 "http://renault.activities.at/10260280" "Mozilla/5.0 (Windows NT 6.1; Win64; x64; rv:59.0) Gecko/20100101 Firefox/59.0"
80.122.133.118 - - [30/Mar/2018:08:24:41 +0200] "GET /loadthumbnail.php?id=11181191&width=113 HTTP/1.1" 200 1888 "http://renault.activities.at/10260280" "Mozilla/5.0 (Windows NT 6.1; Win64; x64; rv:59.0) Gecko/20100101 Firefox/59.0"
80.122.133.118 - - [30/Mar/2018:08:24:41 +0200] "GET /loadthumbnail.php?id=11181187&width=113 HTTP/1.1" 200 1532 "http://renault.activities.at/10260280" "Mozilla/5.0 (Windows NT 6.1; Win64; x64; rv:59.0) Gecko/20100101 Firefox/59.0"
80.122.133.118 - - [30/Mar/2018:08:24:41 +0200] "GET /loadthumbnail.php?id=11181180&width=113 HTTP/1.1" 200 1834 "http://renault.activities.at/10260280" "Mozilla/5.0 (Windows NT 6.1; Win64; x64; rv:59.0) Gecko/20100101 Firefox/59.0"
80.122.133.118 - - [30/Mar/2018:08:24:41 +0200] "GET /loadthumbnail.php?id=11186502&width=113 HTTP/1.1" 200 2016 "http://renault.activities.at/10260280" "Mozilla/5.0 (Windows NT 6.1; Win64; x64; rv:59.0) Gecko/20100101 Firefox/59.0"
80.122.133.118 - - [30/Mar/2018:08:24:41 +0200] "GET /loadthumbnail.php?id=11181185&width=113 HTTP/1.1" 200 1532 "http://renault.activities.at/10260280" "Mozilla/5.0 (Windows NT 6.1; Win64; x64; rv:59.0) Gecko/20100101 Firefox/59.0"
80.122.133.118 - - [30/Mar/2018:08:24:42 +0200] "GET /loadthumbnail.php?id=11195848&width=113 HTTP/1.1" 200 2016 "http://renault.activities.at/10260280" "Mozilla/5.0 (Windows NT 6.1; Win64; x64; rv:59.0) Gecko/20100101 Firefox/59.0"
80.122.133.118 - - [30/Mar/2018:08:24:42 +0200] "GET /loadthumbnail.php?id=11423557&width=50&height=50 HTTP/1.1" 200 1235 "http://renault.activities.at/10260280" "Mozilla/5.0 (Windows NT 6.1; Win64; x64; rv:59.0) Gecko/20100101 Firefox/59.0"
80.122.133.118 - - [30/Mar/2018:08:24:42 +0200] "GET /loadthumbnail.php?id=11181178&width=113 HTTP/1.1" 200 1834 "http://renault.activities.at/10260280" "Mozilla/5.0 (Windows NT 6.1; Win64; x64; rv:59.0) Gecko/20100101 Firefox/59.0"
80.122.133.118 - - [30/Mar/2018:08:24:42 +0200] "GET /loadthumbnail.php?id=11711045&width=50&height=50 HTTP/1.1" 200 1132 "http://renault.activities.at/10260280" "Mozilla/5.0 (Windows NT 6.1; Win64; x64; rv:59.0) Gecko/20100101 Firefox/59.0"
80.122.133.118 - - [30/Mar/2018:08:24:42 +0200] "GET /images/sidebar_title_corner_left_top.gif HTTP/1.1" 304 - "http://renault.activities.at/css/styles.css" "Mozilla/5.0 (Windows NT 6.1; Win64; x64; rv:59.0) Gecko/20100101 Firefox/59.0"
80.122.133.118 - - [30/Mar/2018:08:24:42 +0200] "GET /images/menu_divider.gif HTTP/1.1" 200 176 "http://renault.activities.at/css/styles.css" "Mozilla/5.0 (Windows NT 6.1; Win64; x64; rv:59.0) Gecko/20100101 Firefox/59.0"
80.122.133.118 - - [30/Mar/2018:08:24:42 +0200] "GET /images/search_bg.gif HTTP/1.1" 200 1726 "http://renault.activities.at/css/styles.css" "Mozilla/5.0 (Windows NT 6.1; Win64; x64; rv:59.0) Gecko/20100101 Firefox/59.0"
80.122.133.118 - - [30/Mar/2018:08:24:42 +0200] "GET /images/sidebar_title_border.gif HTTP/1.1" 200 43 "http://renault.activities.at/css/styles.css" "Mozilla/5.0 (Windows NT 6.1; Win64; x64; rv:59.0) Gecko/20100101 Firefox/59.0"
80.122.133.118 - - [30/Mar/2018:08:24:42 +0200] "GET /images/sidebar_title_border_top.gif HTTP/1.1" 200 155 "http://renault.activities.at/css/styles.css" "Mozilla/5.0 (Windows NT 6.1; Win64; x64; rv:59.0) Gecko/20100101 Firefox/59.0"
80.122.133.118 - - [30/Mar/2018:08:24:42 +0200] "GET /images/sidebar_title_corner_right_top.gif HTTP/1.1" 200 383 "http://renault.activities.at/css/styles.css" "Mozilla/5.0 (Windows NT 6.1; Win64; x64; rv:59.0) Gecko/20100101 Firefox/59.0"
80.122.133.118 - - [30/Mar/2018:08:24:42 +0200] "GET /images/pager_bg.gif HTTP/1.1" 200 150 "http://renault.activities.at/css/styles.css" "Mozilla/5.0 (Windows NT 6.1; Win64; x64; rv:59.0) Gecko/20100101 Firefox/59.0"
80.122.133.118 - - [30/Mar/2018:08:24:42 +0200] "GET /images/vista-up.gif HTTP/1.1" 200 131 "http://renault.activities.at/css/styles.css" "Mozilla/5.0 (Windows NT 6.1; Win64; x64; rv:59.0) Gecko/20100101 Firefox/59.0"
80.122.133.118 - - [30/Mar/2018:08:24:42 +0200] "GET /images/vista-dn.gif HTTP/1.1" 200 128 "http://renault.activities.at/css/styles.css" "Mozilla/5.0 (Windows NT 6.1; Win64; x64; rv:59.0) Gecko/20100101 Firefox/59.0"
80.122.133.118 - - [30/Mar/2018:08:24:42 +0200] "GET /images/footer_divider.gif HTTP/1.1" 304 - "http://renault.activities.at/css/styles.css" "Mozilla/5.0 (Windows NT 6.1; Win64; x64; rv:59.0) Gecko/20100101 Firefox/59.0"
80.122.133.118 - - [30/Mar/2018:08:24:49 +0200] "POST /axjaxrequest?mode=suggest HTTP/1.1" 200 1996 "http://renault.activities.at/10260280" "Mozilla/5.0 (Windows NT 6.1; Win64; x64; rv:59.0) Gecko/20100101 Firefox/59.0"
80.122.133.118 - - [30/Mar/2018:08:24:50 +0200] "POST /axjaxrequest?mode=suggest HTTP/1.1" 200 1054 "http://renault.activities.at/10260280" "Mozilla/5.0 (Windows NT 6.1; Win64; x64; rv:59.0) Gecko/20100101 Firefox/59.0"
80.122.133.118 - - [30/Mar/2018:08:24:52 +0200] "POST /axjaxrequest?mode=suggest HTTP/1.1" 200 144 "http://renault.activities.at/10260280" "Mozilla/5.0 (Windows NT 6.1; Win64; x64; rv:59.0) Gecko/20100101 Firefox/59.0"
80.122.133.118 - - [30/Mar/2018:08:24:53 +0200] "POST /axjaxrequest?mode=suggest HTTP/1.1" 200 127 "http://renault.activities.at/10260280" "Mozilla/5.0 (Windows NT 6.1; Win64; x64; rv:59.0) Gecko/20100101 Firefox/59.0"
80.122.133.118 - - [30/Mar/2018:08:24:54 +0200] "POST /axjaxrequest?mode=suggest HTTP/1.1" 200 112 "http://renault.activities.at/10260280" "Mozilla/5.0 (Windows NT 6.1; Win64; x64; rv:59.0) Gecko/20100101 Firefox/59.0"
80.122.133.118 - - [30/Mar/2018:08:24:58 +0200] "GET /result?searchterm=true&search=REH143D HTTP/1.1" 200 5993 "http://renault.activities.at/10260280" "Mozilla/5.0 (Windows NT 6.1; Win64; x64; rv:59.0) Gecko/20100101 Firefox/59.0"
80.122.133.118 - - [30/Mar/2018:08:25:00 +0200] "GET /loadthumbnail.php?id=10272696&width=113 HTTP/1.1" 200 6494 "http://renault.activities.at/result?searchterm=true&search=REH143D" "Mozilla/5.0 (Windows NT 6.1; Win64; x64; rv:59.0) Gecko/20100101 Firefox/59.0"
80.122.133.118 - - [30/Mar/2018:08:25:08 +0200] "GET /css/themes/alphacube/top_mid.gif HTTP/1.1" 200 833 "http://renault.activities.at/css/themes/alphacube.css" "Mozilla/5.0 (Windows NT 6.1; Win64; x64; rv:59.0) Gecko/20100101 Firefox/59.0"
80.122.133.118 - - [30/Mar/2018:08:25:08 +0200] "GET /css/themes/alphacube/bottom_middle.gif HTTP/1.1" 200 44 "http://renault.activities.at/css/themes/alphacube.css" "Mozilla/5.0 (Windows NT 6.1; Win64; x64; rv:59.0) Gecko/20100101 Firefox/59.0"
80.122.133.118 - - [30/Mar/2018:08:25:08 +0200] "GET /css/themes/alphacube/frame_right.gif HTTP/1.1" 200 64 "http://renault.activities.at/css/themes/alphacube.css" "Mozilla/5.0 (Windows NT 6.1; Win64; x64; rv:59.0) Gecko/20100101 Firefox/59.0"
80.122.133.118 - - [30/Mar/2018:08:25:08 +0200] "GET /css/themes/alphacube/frame_left.gif HTTP/1.1" 200 64 "http://renault.activities.at/css/themes/alphacube.css" "Mozilla/5.0 (Windows NT 6.1; Win64; x64; rv:59.0) Gecko/20100101 Firefox/59.0"
80.122.133.118 - - [30/Mar/2018:08:25:08 +0200] "GET /css/themes/alphacube/button-close-focus.gif HTTP/1.1" 200 699 "http://renault.activities.at/css/themes/alphacube.css" "Mozilla/5.0 (Windows NT 6.1; Win64; x64; rv:59.0) Gecko/20100101 Firefox/59.0"
80.122.133.118 - - [30/Mar/2018:08:25:08 +0200] "GET /css/themes/alphacube/top_left.gif HTTP/1.1" 200 973 "http://renault.activities.at/css/themes/alphacube.css" "Mozilla/5.0 (Windows NT 6.1; Win64; x64; rv:59.0) Gecko/20100101 Firefox/59.0"
80.122.133.118 - - [30/Mar/2018:08:25:08 +0200] "GET /css/themes/alphacube/top_right.gif HTTP/1.1" 200 972 "http://renault.activities.at/css/themes/alphacube.css" "Mozilla/5.0 (Windows NT 6.1; Win64; x64; rv:59.0) Gecko/20100101 Firefox/59.0"
80.122.133.118 - - [30/Mar/2018:08:25:08 +0200] "GET /css/themes/alphacube/bottom_left-c.gif HTTP/1.1" 200 62 "http://renault.activities.at/css/themes/alphacube.css" "Mozilla/5.0 (Windows NT 6.1; Win64; x64; rv:59.0) Gecko/20100101 Firefox/59.0"
80.122.133.118 - - [30/Mar/2018:08:25:08 +0200] "GET /css/themes/alphacube/bottom_right-c.gif HTTP/1.1" 200 62 "http://renault.activities.at/css/themes/alphacube.css" "Mozilla/5.0 (Windows NT 6.1; Win64; x64; rv:59.0) Gecko/20100101 Firefox/59.0"
80.122.133.118 - - [30/Mar/2018:08:25:08 +0200] "GET /10272680?print=true HTTP/1.1" 200 2651 "http://renault.activities.at/result?searchterm=true&search=REH143D" "Mozilla/5.0 (Windows NT 6.1; Win64; x64; rv:59.0) Gecko/20100101 Firefox/59.0"
80.122.133.118 - - [30/Mar/2018:08:25:11 +0200] "GET /js/magiczoom/magiczoom.css HTTP/1.1" 200 1210 "http://renault.activities.at/10272680?print=true" "Mozilla/5.0 (Windows NT 6.1; Win64; x64; rv:59.0) Gecko/20100101 Firefox/59.0"
80.122.133.118 - - [30/Mar/2018:08:25:11 +0200] "GET /js/magiczoom/magiczoom.js HTTP/1.1" 200 26397 "http://renault.activities.at/10272680?print=true" "Mozilla/5.0 (Windows NT 6.1; Win64; x64; rv:59.0) Gecko/20100101 Firefox/59.0"
80.122.133.118 - - [30/Mar/2018:08:25:11 +0200] "GET /js/Produkt.js HTTP/1.1" 200 852 "http://renault.activities.at/10272680?print=true" "Mozilla/5.0 (Windows NT 6.1; Win64; x64; rv:59.0) Gecko/20100101 Firefox/59.0"
80.122.133.118 - - [30/Mar/2018:08:25:11 +0200] "GET /loadthumbnail.php?id=10272696&width=250 HTTP/1.1" 200 18496 "http://renault.activities.at/10272680?print=true" "Mozilla/5.0 (Windows NT 6.1; Win64; x64; rv:59.0) Gecko/20100101 Firefox/59.0"
80.122.133.118 - - [30/Mar/2018:08:25:11 +0200] "GET /loadthumbnail.php?id=10272696&width=250 HTTP/1.1" 200 18496 "http://renault.activities.at/10272680?print=true" "Mozilla/5.0 (Windows NT 6.1; Win64; x64; rv:59.0) Gecko/20100101 Firefox/59.0"
80.122.133.118 - - [30/Mar/2018:08:25:11 +0200] "GET /loadthumbnail.php?id=10272696&width=900&height=900 HTTP/1.1" 200 87826 "http://renault.activities.at/10272680?print=true" "Mozilla/5.0 (Windows NT 6.1; Win64; x64; rv:59.0) Gecko/20100101 Firefox/59.0"
80.122.133.118 - - [30/Mar/2018:08:25:11 +0200] "GET /js/magiczoom/graphics/hint.gif HTTP/1.1" 200 73 "http://renault.activities.at/js/magiczoom/magiczoom.css" "Mozilla/5.0 (Windows NT 6.1; Win64; x64; rv:59.0) Gecko/20100101 Firefox/59.0"
80.122.133.118 - - [30/Mar/2018:08:25:23 +0200] "GET /js/magiczoom/graphics/zoomin.cur HTTP/1.1" 200 326 "http://renault.activities.at/js/magiczoom/magiczoom.css" "Mozilla/5.0 (Windows NT 6.1; Win64; x64; rv:59.0) Gecko/20100101 Firefox/59.0"
80.122.133.118 - - [30/Mar/2018:08:25:23 +0200] "GET /null HTTP/1.1" 200 3617 "http://renault.activities.at/result?searchterm=true&search=REH143D" "Mozilla/5.0 (Windows NT 6.1; Win64; x64; rv:59.0) Gecko/20100101 Firefox/59.0"
80.122.133.118 - - [30/Mar/2018:08:26:00 +0200] "GET /reload?ser=1522391168736 HTTP/1.1" 200 28 "http://renault.activities.at/result?searchterm=true&search=REH143D" "Mozilla/5.0 (Windows NT 6.1; Win64; x64; rv:59.0) Gecko/20100101 Firefox/59.0"
80.122.133.118 - - [30/Mar/2018:08:27:01 +0200] "GET /reload?ser=1522391229684 HTTP/1.1" 200 28 "http://renault.activities.at/result?searchterm=true&search=REH143D" "Mozilla/5.0 (Windows NT 6.1; Win64; x64; rv:59.0) Gecko/20100101 Firefox/59.0"
80.122.133.118 - - [30/Mar/2018:08:28:02 +0200] "GET /reload?ser=1522391290678 HTTP/1.1" 200 28 "http://renault.activities.at/result?searchterm=true&search=REH143D" "Mozilla/5.0 (Windows NT 6.1; Win64; x64; rv:59.0) Gecko/20100101 Firefox/59.0"
80.122.133.118 - - [30/Mar/2018:08:29:03 +0200] "GET /reload?ser=1522391351672 HTTP/1.1" 200 28 "http://renault.activities.at/result?searchterm=true&search=REH143D" "Mozilla/5.0 (Windows NT 6.1; Win64; x64; rv:59.0) Gecko/20100101 Firefox/59.0"
80.122.133.118 - - [30/Mar/2018:08:30:04 +0200] "GET /reload?ser=1522391412636 HTTP/1.1" 200 28 "http://renault.activities.at/result?searchterm=true&search=REH143D" "Mozilla/5.0 (Windows NT 6.1; Win64; x64; rv:59.0) Gecko/20100101 Firefox/59.0"
80.122.133.118 - - [30/Mar/2018:08:31:05 +0200] "GET /reload?ser=1522391473584 HTTP/1.1" 200 28 "http://renault.activities.at/result?searchterm=true&search=REH143D" "Mozilla/5.0 (Windows NT 6.1; Win64; x64; rv:59.0) Gecko/20100101 Firefox/59.0"
193.194.132.74 - - [30/Mar/2018:08:31:20 +0200] "GET /account HTTP/1.1" 302 146 "-" "Mozilla/5.0 (Windows NT 6.1; WOW64; Trident/7.0; rv:11.0) like Gecko"
193.194.132.74 - - [30/Mar/2018:08:31:20 +0200] "GET /login?required=true HTTP/1.1" 200 2086 "-" "Mozilla/5.0 (Windows NT 6.1; WOW64; Trident/7.0; rv:11.0) like Gecko"
193.194.132.74 - - [30/Mar/2018:08:31:21 +0200] "GET /js/index.php?c=auto&f=,prototype/prototype.js,prototype/validation.js,scriptaculous/builder.js,scriptaculous/effects.js,scriptaculous/dragdrop.js,scriptaculous/controls.js,scriptaculous/slider.js,varien/js.js,varien/form.js,varien/menu.js,mage/translate.js,mage/cookies.js,varien/product.js,spinner/SpinnerControl.jsmin.js,prototype/window.js,prototype/window_ext.js HTTP/1.1" 304 - "http://renault.2web.at/login?required=true" "Mozilla/5.0 (Windows NT 6.1; WOW64; Trident/7.0; rv:11.0) like Gecko"
193.194.132.74 - - [30/Mar/2018:08:31:22 +0200] "GET /loadthumbnail.php?id=11127982 HTTP/1.1" 200 399614 "http://renault.2web.at/login?required=true" "Mozilla/5.0 (Windows NT 6.1; WOW64; Trident/7.0; rv:11.0) like Gecko"
193.194.132.74 - - [30/Mar/2018:08:31:29 +0200] "POST /login HTTP/1.1" 302 149 "http://renault.2web.at/login?required=true" "Mozilla/5.0 (Windows NT 6.1; WOW64; Trident/7.0; rv:11.0) like Gecko"
193.194.132.74 - - [30/Mar/2018:08:31:31 +0200] "GET /account?loadrequest=true HTTP/1.1" 200 9343 "http://renault.2web.at/login?required=true" "Mozilla/5.0 (Windows NT 6.1; WOW64; Trident/7.0; rv:11.0) like Gecko"
193.194.132.74 - - [30/Mar/2018:08:31:37 +0200] "GET /js/index.php?c=auto&f=,prototype/prototype.js,prototype/validation.js,scriptaculous/builder.js,scriptaculous/effects.js,scriptaculous/dragdrop.js,scriptaculous/controls.js,scriptaculous/slider.js,varien/js.js,varien/form.js,varien/menu.js,mage/translate.js,mage/cookies.js,varien/product.js,spinner/SpinnerControl.jsmin.js,prototype/window.js,prototype/window_ext.js HTTP/1.1" 304 - "http://renault.2web.at/account?loadrequest=true" "Mozilla/5.0 (Windows NT 6.1; WOW64; Trident/7.0; rv:11.0) like Gecko"
193.194.132.74 - - [30/Mar/2018:08:31:37 +0200] "GET /loadthumbnail.php?id=10203651&width=50&height=50 HTTP/1.1" 200 1234 "http://renault.2web.at/account?loadrequest=true" "Mozilla/5.0 (Windows NT 6.1; WOW64; Trident/7.0; rv:11.0) like Gecko"
80.122.133.118 - - [30/Mar/2018:08:32:06 +0200] "GET /reload?ser=1522391534610 HTTP/1.1" 200 28 "http://renault.activities.at/result?searchterm=true&search=REH143D" "Mozilla/5.0 (Windows NT 6.1; Win64; x64; rv:59.0) Gecko/20100101 Firefox/59.0"
193.194.132.74 - - [30/Mar/2018:08:32:37 +0200] "GET /reload?ser=1522391557238 HTTP/1.1" 200 28 "http://renault.2web.at/account?loadrequest=true" "Mozilla/5.0 (Windows NT 6.1; WOW64; Trident/7.0; rv:11.0) like Gecko"
80.122.133.118 - - [30/Mar/2018:08:33:07 +0200] "GET /reload?ser=1522391595542 HTTP/1.1" 200 28 "http://renault.activities.at/result?searchterm=true&search=REH143D" "Mozilla/5.0 (Windows NT 6.1; Win64; x64; rv:59.0) Gecko/20100101 Firefox/59.0"
193.194.132.74 - - [30/Mar/2018:08:33:38 +0200] "GET /reload?ser=1522391618404 HTTP/1.1" 200 28 "http://renault.2web.at/account?loadrequest=true" "Mozilla/5.0 (Windows NT 6.1; WOW64; Trident/7.0; rv:11.0) like Gecko"
80.122.133.118 - - [30/Mar/2018:08:34:08 +0200] "GET /reload?ser=1522391656490 HTTP/1.1" 200 28 "http://renault.activities.at/result?searchterm=true&search=REH143D" "Mozilla/5.0 (Windows NT 6.1; Win64; x64; rv:59.0) Gecko/20100101 Firefox/59.0"
193.194.132.74 - - [30/Mar/2018:08:34:39 +0200] "GET /reload?ser=1522391679546 HTTP/1.1" 200 28 "http://renault.2web.at/account?loadrequest=true" "Mozilla/5.0 (Windows NT 6.1; WOW64; Trident/7.0; rv:11.0) like Gecko"
80.122.133.118 - - [30/Mar/2018:08:35:09 +0200] "GET /reload?ser=1522391717470 HTTP/1.1" 200 28 "http://renault.activities.at/result?searchterm=true&search=REH143D" "Mozilla/5.0 (Windows NT 6.1; Win64; x64; rv:59.0) Gecko/20100101 Firefox/59.0"
193.194.132.74 - - [30/Mar/2018:08:35:40 +0200] "GET /reload?ser=1522391740688 HTTP/1.1" 200 28 "http://renault.2web.at/account?loadrequest=true" "Mozilla/5.0 (Windows NT 6.1; WOW64; Trident/7.0; rv:11.0) like Gecko"
80.122.133.118 - - [30/Mar/2018:08:36:10 +0200] "GET /reload?ser=1522391778450 HTTP/1.1" 200 28 "http://renault.activities.at/result?searchterm=true&search=REH143D" "Mozilla/5.0 (Windows NT 6.1; Win64; x64; rv:59.0) Gecko/20100101 Firefox/59.0"
193.194.132.74 - - [30/Mar/2018:08:36:41 +0200] "GET /reload?ser=1522391801729 HTTP/1.1" 200 28 "http://renault.2web.at/account?loadrequest=true" "Mozilla/5.0 (Windows NT 6.1; WOW64; Trident/7.0; rv:11.0) like Gecko"
80.122.133.118 - - [30/Mar/2018:08:37:11 +0200] "GET /reload?ser=1522391839476 HTTP/1.1" 200 28 "http://renault.activities.at/result?searchterm=true&search=REH143D" "Mozilla/5.0 (Windows NT 6.1; Win64; x64; rv:59.0) Gecko/20100101 Firefox/59.0"
193.194.132.74 - - [30/Mar/2018:08:37:43 +0200] "GET /reload?ser=1522391862827 HTTP/1.1" 200 28 "http://renault.2web.at/account?loadrequest=true" "Mozilla/5.0 (Windows NT 6.1; WOW64; Trident/7.0; rv:11.0) like Gecko"
80.122.133.118 - - [30/Mar/2018:08:38:12 +0200] "GET /reload?ser=1522391900472 HTTP/1.1" 200 28 "http://renault.activities.at/result?searchterm=true&search=REH143D" "Mozilla/5.0 (Windows NT 6.1; Win64; x64; rv:59.0) Gecko/20100101 Firefox/59.0"
193.194.132.74 - - [30/Mar/2018:08:38:44 +0200] "GET /reload?ser=1522391923909 HTTP/1.1" 200 28 "http://renault.2web.at/account?loadrequest=true" "Mozilla/5.0 (Windows NT 6.1; WOW64; Trident/7.0; rv:11.0) like Gecko"
80.122.133.118 - - [30/Mar/2018:08:39:13 +0200] "GET /reload?ser=1522391961466 HTTP/1.1" 200 28 "http://renault.activities.at/result?searchterm=true&search=REH143D" "Mozilla/5.0 (Windows NT 6.1; Win64; x64; rv:59.0) Gecko/20100101 Firefox/59.0"
193.194.132.74 - - [30/Mar/2018:08:39:45 +0200] "GET /reload?ser=1522391984998 HTTP/1.1" 200 28 "http://renault.2web.at/account?loadrequest=true" "Mozilla/5.0 (Windows NT 6.1; WOW64; Trident/7.0; rv:11.0) like Gecko"
80.122.133.118 - - [30/Mar/2018:08:40:14 +0200] "GET /reload?ser=1522392022446 HTTP/1.1" 200 28 "http://renault.activities.at/result?searchterm=true&search=REH143D" "Mozilla/5.0 (Windows NT 6.1; Win64; x64; rv:59.0) Gecko/20100101 Firefox/59.0"
193.194.132.74 - - [30/Mar/2018:08:40:46 +0200] "GET /reload?ser=1522392046065 HTTP/1.1" 200 28 "http://renault.2web.at/account?loadrequest=true" "Mozilla/5.0 (Windows NT 6.1; WOW64; Trident/7.0; rv:11.0) like Gecko"
80.122.133.118 - - [30/Mar/2018:08:41:15 +0200] "GET /reload?ser=1522392083394 HTTP/1.1" 200 28 "http://renault.activities.at/result?searchterm=true&search=REH143D" "Mozilla/5.0 (Windows NT 6.1; Win64; x64; rv:59.0) Gecko/20100101 Firefox/59.0"
193.194.132.74 - - [30/Mar/2018:08:41:47 +0200] "GET /reload?ser=1522392107210 HTTP/1.1" 200 28 "http://renault.2web.at/account?loadrequest=true" "Mozilla/5.0 (Windows NT 6.1; WOW64; Trident/7.0; rv:11.0) like Gecko"
80.122.133.118 - - [30/Mar/2018:08:42:16 +0200] "GET /reload?ser=1522392144452 HTTP/1.1" 200 28 "http://renault.activities.at/result?searchterm=true&search=REH143D" "Mozilla/5.0 (Windows NT 6.1; Win64; x64; rv:59.0) Gecko/20100101 Firefox/59.0"
193.194.132.74 - - [30/Mar/2018:08:42:48 +0200] "GET /reload?ser=1522392168348 HTTP/1.1" 200 28 "http://renault.2web.at/account?loadrequest=true" "Mozilla/5.0 (Windows NT 6.1; WOW64; Trident/7.0; rv:11.0) like Gecko"
80.122.133.118 - - [30/Mar/2018:08:43:17 +0200] "GET /reload?ser=1522392205384 HTTP/1.1" 200 28 "http://renault.activities.at/result?searchterm=true&search=REH143D" "Mozilla/5.0 (Windows NT 6.1; Win64; x64; rv:59.0) Gecko/20100101 Firefox/59.0"
193.194.132.74 - - [30/Mar/2018:08:43:49 +0200] "GET /reload?ser=1522392229434 HTTP/1.1" 200 28 "http://renault.2web.at/account?loadrequest=true" "Mozilla/5.0 (Windows NT 6.1; WOW64; Trident/7.0; rv:11.0) like Gecko"
80.122.133.118 - - [30/Mar/2018:08:44:18 +0200] "GET /reload?ser=1522392266350 HTTP/1.1" 200 28 "http://renault.activities.at/result?searchterm=true&search=REH143D" "Mozilla/5.0 (Windows NT 6.1; Win64; x64; rv:59.0) Gecko/20100101 Firefox/59.0"
193.194.132.74 - - [30/Mar/2018:08:44:50 +0200] "GET /reload?ser=1522392290511 HTTP/1.1" 200 28 "http://renault.2web.at/account?loadrequest=true" "Mozilla/5.0 (Windows NT 6.1; WOW64; Trident/7.0; rv:11.0) like Gecko"
80.122.133.118 - - [30/Mar/2018:08:45:19 +0200] "GET /reload?ser=1522392327624 HTTP/1.1" 200 28 "http://renault.activities.at/result?searchterm=true&search=REH143D" "Mozilla/5.0 (Windows NT 6.1; Win64; x64; rv:59.0) Gecko/20100101 Firefox/59.0"
193.194.132.74 - - [30/Mar/2018:08:45:51 +0200] "GET /reload?ser=1522392351571 HTTP/1.1" 200 28 "http://renault.2web.at/account?loadrequest=true" "Mozilla/5.0 (Windows NT 6.1; WOW64; Trident/7.0; rv:11.0) like Gecko"
80.122.133.118 - - [30/Mar/2018:08:46:20 +0200] "GET /reload?ser=1522392388588 HTTP/1.1" 200 28 "http://renault.activities.at/result?searchterm=true&search=REH143D" "Mozilla/5.0 (Windows NT 6.1; Win64; x64; rv:59.0) Gecko/20100101 Firefox/59.0"
193.194.132.74 - - [30/Mar/2018:08:46:52 +0200] "GET /reload?ser=1522392412655 HTTP/1.1" 200 28 "http://renault.2web.at/account?loadrequest=true" "Mozilla/5.0 (Windows NT 6.1; WOW64; Trident/7.0; rv:11.0) like Gecko"
80.122.133.118 - - [30/Mar/2018:08:47:21 +0200] "GET /reload?ser=1522392449552 HTTP/1.1" 200 28 "http://renault.activities.at/result?searchterm=true&search=REH143D" "Mozilla/5.0 (Windows NT 6.1; Win64; x64; rv:59.0) Gecko/20100101 Firefox/59.0"
193.194.132.74 - - [30/Mar/2018:08:47:54 +0200] "GET /reload?ser=1522392473799 HTTP/1.1" 200 28 "http://renault.2web.at/account?loadrequest=true" "Mozilla/5.0 (Windows NT 6.1; WOW64; Trident/7.0; rv:11.0) like Gecko"
80.122.133.118 - - [30/Mar/2018:08:48:22 +0200] "GET /reload?ser=1522392510530 HTTP/1.1" 200 28 "http://renault.activities.at/result?searchterm=true&search=REH143D" "Mozilla/5.0 (Windows NT 6.1; Win64; x64; rv:59.0) Gecko/20100101 Firefox/59.0"
193.194.132.74 - - [30/Mar/2018:08:48:55 +0200] "GET /reload?ser=1522392534913 HTTP/1.1" 200 28 "http://renault.2web.at/account?loadrequest=true" "Mozilla/5.0 (Windows NT 6.1; WOW64; Trident/7.0; rv:11.0) like Gecko"
80.122.133.118 - - [30/Mar/2018:08:49:23 +0200] "GET /reload?ser=1522392571556 HTTP/1.1" 200 28 "http://renault.activities.at/result?searchterm=true&search=REH143D" "Mozilla/5.0 (Windows NT 6.1; Win64; x64; rv:59.0) Gecko/20100101 Firefox/59.0"
193.194.132.74 - - [30/Mar/2018:08:49:56 +0200] "GET /reload?ser=1522392596058 HTTP/1.1" 200 28 "http://renault.2web.at/account?loadrequest=true" "Mozilla/5.0 (Windows NT 6.1; WOW64; Trident/7.0; rv:11.0) like Gecko"
80.122.133.118 - - [30/Mar/2018:08:50:24 +0200] "GET /reload?ser=1522392632582 HTTP/1.1" 200 28 "http://renault.activities.at/result?searchterm=true&search=REH143D" "Mozilla/5.0 (Windows NT 6.1; Win64; x64; rv:59.0) Gecko/20100101 Firefox/59.0"
193.194.132.74 - - [30/Mar/2018:08:50:57 +0200] "GET /reload?ser=1522392657194 HTTP/1.1" 200 28 "http://renault.2web.at/account?loadrequest=true" "Mozilla/5.0 (Windows NT 6.1; WOW64; Trident/7.0; rv:11.0) like Gecko"
80.122.133.118 - - [30/Mar/2018:08:51:25 +0200] "GET /reload?ser=1522392693546 HTTP/1.1" 200 28 "http://renault.activities.at/result?searchterm=true&search=REH143D" "Mozilla/5.0 (Windows NT 6.1; Win64; x64; rv:59.0) Gecko/20100101 Firefox/59.0"
193.194.132.74 - - [30/Mar/2018:08:51:58 +0200] "GET /reload?ser=1522392718275 HTTP/1.1" 200 28 "http://renault.2web.at/account?loadrequest=true" "Mozilla/5.0 (Windows NT 6.1; WOW64; Trident/7.0; rv:11.0) like Gecko"
80.122.133.118 - - [30/Mar/2018:08:52:26 +0200] "GET /reload?ser=1522392754572 HTTP/1.1" 200 28 "http://renault.activities.at/result?searchterm=true&search=REH143D" "Mozilla/5.0 (Windows NT 6.1; Win64; x64; rv:59.0) Gecko/20100101 Firefox/59.0"
193.194.132.74 - - [30/Mar/2018:08:52:59 +0200] "GET /reload?ser=1522392779394 HTTP/1.1" 200 28 "http://renault.2web.at/account?loadrequest=true" "Mozilla/5.0 (Windows NT 6.1; WOW64; Trident/7.0; rv:11.0) like Gecko"
80.122.133.118 - - [30/Mar/2018:08:53:27 +0200] "GET /reload?ser=1522392815566 HTTP/1.1" 200 28 "http://renault.activities.at/result?searchterm=true&search=REH143D" "Mozilla/5.0 (Windows NT 6.1; Win64; x64; rv:59.0) Gecko/20100101 Firefox/59.0"
193.194.132.74 - - [30/Mar/2018:08:54:00 +0200] "GET /reload?ser=1522392840488 HTTP/1.1" 200 28 "http://renault.2web.at/account?loadrequest=true" "Mozilla/5.0 (Windows NT 6.1; WOW64; Trident/7.0; rv:11.0) like Gecko"
80.122.133.118 - - [30/Mar/2018:08:54:28 +0200] "GET /reload?ser=1522392876530 HTTP/1.1" 200 28 "http://renault.activities.at/result?searchterm=true&search=REH143D" "Mozilla/5.0 (Windows NT 6.1; Win64; x64; rv:59.0) Gecko/20100101 Firefox/59.0"
193.194.132.74 - - [30/Mar/2018:08:55:01 +0200] "GET /reload?ser=1522392901596 HTTP/1.1" 200 28 "http://renault.2web.at/account?loadrequest=true" "Mozilla/5.0 (Windows NT 6.1; WOW64; Trident/7.0; rv:11.0) like Gecko"
80.122.133.118 - - [30/Mar/2018:08:55:29 +0200] "GET /reload?ser=1522392937526 HTTP/1.1" 200 28 "http://renault.activities.at/result?searchterm=true&search=REH143D" "Mozilla/5.0 (Windows NT 6.1; Win64; x64; rv:59.0) Gecko/20100101 Firefox/59.0"
193.194.132.74 - - [30/Mar/2018:08:56:02 +0200] "GET /reload?ser=1522392962730 HTTP/1.1" 200 28 "http://renault.2web.at/account?loadrequest=true" "Mozilla/5.0 (Windows NT 6.1; WOW64; Trident/7.0; rv:11.0) like Gecko"
80.122.133.118 - - [30/Mar/2018:08:56:30 +0200] "GET /reload?ser=1522392998520 HTTP/1.1" 200 28 "http://renault.activities.at/result?searchterm=true&search=REH143D" "Mozilla/5.0 (Windows NT 6.1; Win64; x64; rv:59.0) Gecko/20100101 Firefox/59.0"
193.194.132.74 - - [30/Mar/2018:08:57:03 +0200] "GET /reload?ser=1522393023790 HTTP/1.1" 200 28 "http://renault.2web.at/account?loadrequest=true" "Mozilla/5.0 (Windows NT 6.1; WOW64; Trident/7.0; rv:11.0) like Gecko"
80.122.133.118 - - [30/Mar/2018:08:57:31 +0200] "GET /reload?ser=1522393059516 HTTP/1.1" 200 28 "http://renault.activities.at/result?searchterm=true&search=REH143D" "Mozilla/5.0 (Windows NT 6.1; Win64; x64; rv:59.0) Gecko/20100101 Firefox/59.0"
193.194.132.74 - - [30/Mar/2018:08:58:05 +0200] "GET /reload?ser=1522393084867 HTTP/1.1" 200 28 "http://renault.2web.at/account?loadrequest=true" "Mozilla/5.0 (Windows NT 6.1; WOW64; Trident/7.0; rv:11.0) like Gecko"
80.122.133.118 - - [30/Mar/2018:08:58:32 +0200] "GET /reload?ser=1522393120588 HTTP/1.1" 200 28 "http://renault.activities.at/result?searchterm=true&search=REH143D" "Mozilla/5.0 (Windows NT 6.1; Win64; x64; rv:59.0) Gecko/20100101 Firefox/59.0"
193.194.132.74 - - [30/Mar/2018:08:59:06 +0200] "GET /reload?ser=1522393145988 HTTP/1.1" 200 28 "http://renault.2web.at/account?loadrequest=true" "Mozilla/5.0 (Windows NT 6.1; WOW64; Trident/7.0; rv:11.0) like Gecko"
80.122.133.118 - - [30/Mar/2018:08:59:33 +0200] "GET /reload?ser=1522393181584 HTTP/1.1" 200 28 "http://renault.activities.at/result?searchterm=true&search=REH143D" "Mozilla/5.0 (Windows NT 6.1; Win64; x64; rv:59.0) Gecko/20100101 Firefox/59.0"
193.194.132.74 - - [30/Mar/2018:09:00:08 +0200] "GET /reload?ser=1522393207101 HTTP/1.1" 200 28 "http://renault.2web.at/account?loadrequest=true" "Mozilla/5.0 (Windows NT 6.1; WOW64; Trident/7.0; rv:11.0) like Gecko"
80.122.133.118 - - [30/Mar/2018:09:00:34 +0200] "GET /reload?ser=1522393242556 HTTP/1.1" 200 28 "http://renault.activities.at/result?searchterm=true&search=REH143D" "Mozilla/5.0 (Windows NT 6.1; Win64; x64; rv:59.0) Gecko/20100101 Firefox/59.0"
193.194.132.74 - - [30/Mar/2018:09:01:09 +0200] "GET /reload?ser=1522393269067 HTTP/1.1" 200 28 "http://renault.2web.at/account?loadrequest=true" "Mozilla/5.0 (Windows NT 6.1; WOW64; Trident/7.0; rv:11.0) like Gecko"
80.122.133.118 - - [30/Mar/2018:09:01:35 +0200] "GET /reload?ser=1522393303566 HTTP/1.1" 200 28 "http://renault.activities.at/result?searchterm=true&search=REH143D" "Mozilla/5.0 (Windows NT 6.1; Win64; x64; rv:59.0) Gecko/20100101 Firefox/59.0"
193.194.132.74 - - [30/Mar/2018:09:02:10 +0200] "GET /reload?ser=1522393330184 HTTP/1.1" 200 28 "http://renault.2web.at/account?loadrequest=true" "Mozilla/5.0 (Windows NT 6.1; WOW64; Trident/7.0; rv:11.0) like Gecko"
80.122.133.118 - - [30/Mar/2018:09:02:36 +0200] "GET /reload?ser=1522393364562 HTTP/1.1" 200 28 "http://renault.activities.at/result?searchterm=true&search=REH143D" "Mozilla/5.0 (Windows NT 6.1; Win64; x64; rv:59.0) Gecko/20100101 Firefox/59.0"
193.194.132.74 - - [30/Mar/2018:09:03:11 +0200] "GET /reload?ser=1522393391343 HTTP/1.1" 200 28 "http://renault.2web.at/account?loadrequest=true" "Mozilla/5.0 (Windows NT 6.1; WOW64; Trident/7.0; rv:11.0) like Gecko"
80.122.133.118 - - [30/Mar/2018:09:03:37 +0200] "GET /reload?ser=1522393425574 HTTP/1.1" 200 28 "http://renault.activities.at/result?searchterm=true&search=REH143D" "Mozilla/5.0 (Windows NT 6.1; Win64; x64; rv:59.0) Gecko/20100101 Firefox/59.0"
193.194.132.74 - - [30/Mar/2018:09:04:12 +0200] "GET /reload?ser=1522393452459 HTTP/1.1" 200 28 "http://renault.2web.at/account?loadrequest=true" "Mozilla/5.0 (Windows NT 6.1; WOW64; Trident/7.0; rv:11.0) like Gecko"
80.122.133.118 - - [30/Mar/2018:09:04:39 +0200] "GET /reload?ser=1522393486534 HTTP/1.1" 200 28 "http://renault.activities.at/result?searchterm=true&search=REH143D" "Mozilla/5.0 (Windows NT 6.1; Win64; x64; rv:59.0) Gecko/20100101 Firefox/59.0"
193.194.132.74 - - [30/Mar/2018:09:05:13 +0200] "GET /reload?ser=1522393513572 HTTP/1.1" 200 28 "http://renault.2web.at/account?loadrequest=true" "Mozilla/5.0 (Windows NT 6.1; WOW64; Trident/7.0; rv:11.0) like Gecko"
80.122.133.118 - - [30/Mar/2018:09:05:40 +0200] "GET /reload?ser=1522393548138 HTTP/1.1" 200 28 "http://renault.activities.at/result?searchterm=true&search=REH143D" "Mozilla/5.0 (Windows NT 6.1; Win64; x64; rv:59.0) Gecko/20100101 Firefox/59.0"
193.194.132.74 - - [30/Mar/2018:09:06:14 +0200] "GET /reload?ser=1522393574692 HTTP/1.1" 200 28 "http://renault.2web.at/account?loadrequest=true" "Mozilla/5.0 (Windows NT 6.1; WOW64; Trident/7.0; rv:11.0) like Gecko"
80.122.133.118 - - [30/Mar/2018:09:06:41 +0200] "GET /reload?ser=1522393609148 HTTP/1.1" 200 28 "http://renault.activities.at/result?searchterm=true&search=REH143D" "Mozilla/5.0 (Windows NT 6.1; Win64; x64; rv:59.0) Gecko/20100101 Firefox/59.0"
193.194.132.74 - - [30/Mar/2018:09:07:15 +0200] "GET /reload?ser=1522393635812 HTTP/1.1" 200 28 "http://renault.2web.at/account?loadrequest=true" "Mozilla/5.0 (Windows NT 6.1; WOW64; Trident/7.0; rv:11.0) like Gecko"
80.122.133.118 - - [30/Mar/2018:09:07:42 +0200] "GET /reload?ser=1522393670130 HTTP/1.1" 200 28 "http://renault.activities.at/result?searchterm=true&search=REH143D" "Mozilla/5.0 (Windows NT 6.1; Win64; x64; rv:59.0) Gecko/20100101 Firefox/59.0"
193.194.132.74 - - [30/Mar/2018:09:08:17 +0200] "GET /reload?ser=1522393696906 HTTP/1.1" 200 28 "http://renault.2web.at/account?loadrequest=true" "Mozilla/5.0 (Windows NT 6.1; WOW64; Trident/7.0; rv:11.0) like Gecko"
80.122.133.118 - - [30/Mar/2018:09:08:43 +0200] "GET /reload?ser=1522393731124 HTTP/1.1" 200 28 "http://renault.activities.at/result?searchterm=true&search=REH143D" "Mozilla/5.0 (Windows NT 6.1; Win64; x64; rv:59.0) Gecko/20100101 Firefox/59.0"
193.194.132.74 - - [30/Mar/2018:09:09:18 +0200] "GET /reload?ser=1522393758011 HTTP/1.1" 200 28 "http://renault.2web.at/account?loadrequest=true" "Mozilla/5.0 (Windows NT 6.1; WOW64; Trident/7.0; rv:11.0) like Gecko"
80.122.133.118 - - [30/Mar/2018:09:09:44 +0200] "GET /reload?ser=1522393792150 HTTP/1.1" 200 28 "http://renault.activities.at/result?searchterm=true&search=REH143D" "Mozilla/5.0 (Windows NT 6.1; Win64; x64; rv:59.0) Gecko/20100101 Firefox/59.0"
193.194.132.74 - - [30/Mar/2018:09:10:19 +0200] "GET /reload?ser=1522393819127 HTTP/1.1" 200 28 "http://renault.2web.at/account?loadrequest=true" "Mozilla/5.0 (Windows NT 6.1; WOW64; Trident/7.0; rv:11.0) like Gecko"
80.122.133.118 - - [30/Mar/2018:09:10:45 +0200] "GET /reload?ser=1522393853146 HTTP/1.1" 200 28 "http://renault.activities.at/result?searchterm=true&search=REH143D" "Mozilla/5.0 (Windows NT 6.1; Win64; x64; rv:59.0) Gecko/20100101 Firefox/59.0"
193.194.132.74 - - [30/Mar/2018:09:11:20 +0200] "GET /reload?ser=1522393880213 HTTP/1.1" 200 28 "http://renault.2web.at/account?loadrequest=true" "Mozilla/5.0 (Windows NT 6.1; WOW64; Trident/7.0; rv:11.0) like Gecko"
80.122.133.118 - - [30/Mar/2018:09:11:46 +0200] "GET /reload?ser=1522393914140 HTTP/1.1" 200 28 "http://renault.activities.at/result?searchterm=true&search=REH143D" "Mozilla/5.0 (Windows NT 6.1; Win64; x64; rv:59.0) Gecko/20100101 Firefox/59.0"
193.194.132.74 - - [30/Mar/2018:09:12:21 +0200] "GET /reload?ser=1522393941324 HTTP/1.1" 200 28 "http://renault.2web.at/account?loadrequest=true" "Mozilla/5.0 (Windows NT 6.1; WOW64; Trident/7.0; rv:11.0) like Gecko"
80.122.133.118 - - [30/Mar/2018:09:12:47 +0200] "GET /reload?ser=1522393975118 HTTP/1.1" 200 28 "http://renault.activities.at/result?searchterm=true&search=REH143D" "Mozilla/5.0 (Windows NT 6.1; Win64; x64; rv:59.0) Gecko/20100101 Firefox/59.0"
131.253.27.143 - - [30/Mar/2018:09:13:12 +0200] "GET /js/default.js HTTP/1.1" 200 82829 "-" "Mozilla/5.0 (Windows NT 6.1; WOW64) AppleWebKit/534+ (KHTML, like Gecko) BingPreview/1.0b"
131.253.27.15 - - [30/Mar/2018:09:13:12 +0200] "GET /js/index.php?c=auto&f=,prototype/prototype.js,prototype/validation.js,scriptaculous/builder.js,scriptaculous/effects.js,scriptaculous/dragdrop.js,scriptaculous/controls.js,scriptaculous/slider.js,varien/js.js,varien/form.js,varien/menu.js,mage/translate.js,mage/cookies.js,varien/product.js,spinner/SpinnerControl.jsmin.js,prototype/window.js,prototype/window_ext.js HTTP/1.1" 200 398646 "-" "Mozilla/5.0 (Windows NT 6.1; WOW64) AppleWebKit/534+ (KHTML, like Gecko) BingPreview/1.0b"
65.55.213.29 - - [30/Mar/2018:09:13:14 +0200] "GET /css/reset.css HTTP/1.1" 200 3591 "-" "Mozilla/5.0 (Windows NT 6.1; WOW64) AppleWebKit/534+ (KHTML, like Gecko) BingPreview/1.0b"
131.253.25.189 - - [30/Mar/2018:09:13:15 +0200] "GET /css/styles.css HTTP/1.1" 200 78636 "-" "Mozilla/5.0 (Windows NT 6.1; WOW64) AppleWebKit/534+ (KHTML, like Gecko) BingPreview/1.0b"
131.253.25.189 - - [30/Mar/2018:09:13:16 +0200] "GET /css/clears.css HTTP/1.1" 200 1978 "-" "Mozilla/5.0 (Windows NT 6.1; WOW64) AppleWebKit/534+ (KHTML, like Gecko) BingPreview/1.0b"
