193.194.132.74 - - [30/Mar/2018:12:36:10 +0200] "GET /css/reset.css HTTP/1.1" 200 1356 "http://renault.2web.at/checkout" "Mozilla/5.0 (Windows NT 6.1; WOW64; Trident/7.0; rv:11.0) like Gecko"
193.194.132.74 - - [30/Mar/2018:12:36:10 +0200] "GET /css/styles.css HTTP/1.1" 200 14664 "http://renault.2web.at/checkout" "Mozilla/5.0 (Windows NT 6.1; WOW64; Trident/7.0; rv:11.0) like Gecko"
193.194.132.74 - - [30/Mar/2018:12:36:10 +0200] "GET /css/clears.css HTTP/1.1" 200 851 "http://renault.2web.at/checkout" "Mozilla/5.0 (Windows NT 6.1; WOW64; Trident/7.0; rv:11.0) like Gecko"
193.194.132.74 - - [30/Mar/2018:12:36:10 +0200] "GET /css/print.css HTTP/1.1" 200 543 "http://renault.2web.at/checkout" "Mozilla/5.0 (Windows NT 6.1; WOW64; Trident/7.0; rv:11.0) like Gecko"
80.122.133.118 - - [30/Mar/2018:12:36:09 +0200] "GET /reload?ser=1522406177854 HTTP/1.1" 200 28 "http://renault.activities.at/result?searchterm=true&search=REH143D" "Mozilla/5.0 (Windows NT 6.1; Win64; x64; rv:59.0) Gecko/20100101 Firefox/59.0"
193.194.132.74 - - [30/Mar/2018:12:36:10 +0200] "GET /js/checkout.css HTTP/1.1" 200 359 "http://renault.2web.at/checkout" "Mozilla/5.0 (Windows NT 6.1; WOW64; Trident/7.0; rv:11.0) like Gecko"
193.194.132.74 - - [30/Mar/2018:12:36:10 +0200] "GET /css/prototip.css HTTP/1.1" 200 968 "http://renault.2web.at/checkout" "Mozilla/5.0 (Windows NT 6.1; WOW64; Trident/7.0; rv:11.0) like Gecko"
193.194.132.74 - - [30/Mar/2018:12:36:11 +0200] "GET /css/themes/default.css HTTP/1.1" 200 769 "http://renault.2web.at/checkout" "Mozilla/5.0 (Windows NT 6.1; WOW64; Trident/7.0; rv:11.0) like Gecko"
193.194.132.74 - - [30/Mar/2018:12:36:11 +0200] "GET /css/themes/alphacube.css HTTP/1.1" 200 743 "http://renault.2web.at/checkout" "Mozilla/5.0 (Windows NT 6.1; WOW64; Trident/7.0; rv:11.0) like Gecko"
193.194.132.74 - - [30/Mar/2018:12:36:11 +0200] "GET /js/checkout2.js HTTP/1.1" 304 - "http://renault.2web.at/checkout" "Mozilla/5.0 (Windows NT 6.1; WOW64; Trident/7.0; rv:11.0) like Gecko"
193.194.132.74 - - [30/Mar/2018:12:36:11 +0200] "GET /images/ajax_loading.gif HTTP/1.1" 200 1542 "http://renault.2web.at/checkout" "Mozilla/5.0 (Windows NT 6.1; WOW64; Trident/7.0; rv:11.0) like Gecko"
193.194.132.74 - - [30/Mar/2018:12:35:46 +0200] "POST /docheckout HTTP/1.1" 200 267 "http://renault.2web.at/checkout" "Mozilla/5.0 (Windows NT 6.1; WOW64; Trident/7.0; rv:11.0) like Gecko"
193.194.132.74 - - [30/Mar/2018:12:36:11 +0200] "GET /images/header_block_border.gif HTTP/1.1" 200 43 "http://renault.2web.at/checkout" "Mozilla/5.0 (Windows NT 6.1; WOW64; Trident/7.0; rv:11.0) like Gecko"
193.194.132.74 - - [30/Mar/2018:12:36:11 +0200] "GET /images/search_bg.gif HTTP/1.1" 200 1726 "http://renault.2web.at/checkout" "Mozilla/5.0 (Windows NT 6.1; WOW64; Trident/7.0; rv:11.0) like Gecko"
193.194.132.74 - - [30/Mar/2018:12:36:11 +0200] "GET /images/header_block_corner_left_top.gif HTTP/1.1" 200 160 "http://renault.2web.at/checkout" "Mozilla/5.0 (Windows NT 6.1; WOW64; Trident/7.0; rv:11.0) like Gecko"
193.194.132.74 - - [30/Mar/2018:12:36:11 +0200] "GET /images/main_block_corner_right_bot.gif HTTP/1.1" 200 158 "http://renault.2web.at/checkout" "Mozilla/5.0 (Windows NT 6.1; WOW64; Trident/7.0; rv:11.0) like Gecko"
193.194.132.74 - - [30/Mar/2018:12:36:11 +0200] "GET /images/main_block_corner_right_top.gif HTTP/1.1" 200 159 "http://renault.2web.at/checkout" "Mozilla/5.0 (Windows NT 6.1; WOW64; Trident/7.0; rv:11.0) like Gecko"
193.194.132.74 - - [30/Mar/2018:12:36:11 +0200] "GET /images/header_block_corner_right_top.gif HTTP/1.1" 200 160 "http://renault.2web.at/checkout" "Mozilla/5.0 (Windows NT 6.1; WOW64; Trident/7.0; rv:11.0) like Gecko"
193.194.132.74 - - [30/Mar/2018:12:36:11 +0200] "GET /images/main_block_border.gif HTTP/1.1" 200 43 "http://renault.2web.at/checkout" "Mozilla/5.0 (Windows NT 6.1; WOW64; Trident/7.0; rv:11.0) like Gecko"
193.194.132.74 - - [30/Mar/2018:12:36:11 +0200] "GET /images/main_block_corner_left_top.gif HTTP/1.1" 200 159 "http://renault.2web.at/checkout" "Mozilla/5.0 (Windows NT 6.1; WOW64; Trident/7.0; rv:11.0) like Gecko"
193.194.132.74 - - [30/Mar/2018:12:36:11 +0200] "GET /images/main_block_corner_left_bot.gif HTTP/1.1" 200 159 "http://renault.2web.at/checkout" "Mozilla/5.0 (Windows NT 6.1; WOW64; Trident/7.0; rv:11.0) like Gecko"
193.194.132.74 - - [30/Mar/2018:12:36:11 +0200] "GET /loadthumbnail.php?id=10201939 HTTP/1.1" 200 201 "http://renault.2web.at/checkout" "Mozilla/5.0 (Windows NT 6.1; WOW64; Trident/7.0; rv:11.0) like Gecko"
193.194.132.74 - - [30/Mar/2018:12:36:11 +0200] "GET /loadthumbnail.php?id=10202698 HTTP/1.1" 200 16686 "http://renault.2web.at/checkout" "Mozilla/5.0 (Windows NT 6.1; WOW64; Trident/7.0; rv:11.0) like Gecko"
193.194.132.74 - - [30/Mar/2018:12:36:02 +0200] "POST /docheckout HTTP/1.1" 200 267 "http://renault.2web.at/checkout" "Mozilla/5.0 (Windows NT 6.1; WOW64; Trident/7.0; rv:11.0) like Gecko"
212.89.176.40 - - [30/Mar/2018:12:36:23 +0200] "GET /reload?ser=1522406185899 HTTP/1.1" 200 28 "http://renault.activities.at/success" "Mozilla/5.0 (Windows NT 10.0; WOW64; Trident/7.0; rv:11.0) like Gecko"
80.120.148.242 - - [30/Mar/2018:12:36:47 +0200] "GET /reload?ser=1522406207741 HTTP/1.1" 200 28 "http://renault.activities.at/result?searchterm=true&search=aufsteller" "Mozilla/5.0 (Windows NT 6.1; WOW64; Trident/7.0; rv:11.0) like Gecko"
80.122.133.118 - - [30/Mar/2018:12:37:10 +0200] "GET /reload?ser=1522406238850 HTTP/1.1" 200 28 "http://renault.activities.at/result?searchterm=true&search=REH143D" "Mozilla/5.0 (Windows NT 6.1; Win64; x64; rv:59.0) Gecko/20100101 Firefox/59.0"
193.194.132.74 - - [30/Mar/2018:12:37:12 +0200] "GET /reload?ser=1522406232002 HTTP/1.1" 200 28 "http://renault.2web.at/checkout" "Mozilla/5.0 (Windows NT 6.1; WOW64; Trident/7.0; rv:11.0) like Gecko"
212.89.176.40 - - [30/Mar/2018:12:37:24 +0200] "GET /reload?ser=1522406246814 HTTP/1.1" 200 28 "http://renault.activities.at/success" "Mozilla/5.0 (Windows NT 10.0; WOW64; Trident/7.0; rv:11.0) like Gecko"
80.120.148.242 - - [30/Mar/2018:12:37:48 +0200] "GET /reload?ser=1522406268687 HTTP/1.1" 200 28 "http://renault.activities.at/result?searchterm=true&search=aufsteller" "Mozilla/5.0 (Windows NT 6.1; WOW64; Trident/7.0; rv:11.0) like Gecko"
193.194.132.74 - - [30/Mar/2018:12:38:03 +0200] "POST /docheckout HTTP/1.1" 200 449 "http://renault.2web.at/checkout" "Mozilla/5.0 (Windows NT 6.1; WOW64; Trident/7.0; rv:11.0) like Gecko"
193.194.132.74 - - [30/Mar/2018:12:38:07 +0200] "POST /docheckout HTTP/1.1" 200 707 "http://renault.2web.at/checkout" "Mozilla/5.0 (Windows NT 6.1; WOW64; Trident/7.0; rv:11.0) like Gecko"
80.122.133.118 - - [30/Mar/2018:12:38:11 +0200] "GET /reload?ser=1522406299970 HTTP/1.1" 200 28 "http://renault.activities.at/result?searchterm=true&search=REH143D" "Mozilla/5.0 (Windows NT 6.1; Win64; x64; rv:59.0) Gecko/20100101 Firefox/59.0"
193.194.132.74 - - [30/Mar/2018:12:38:13 +0200] "GET /reload?ser=1522406293139 HTTP/1.1" 200 28 "http://renault.2web.at/checkout" "Mozilla/5.0 (Windows NT 6.1; WOW64; Trident/7.0; rv:11.0) like Gecko"
212.89.176.40 - - [30/Mar/2018:12:38:25 +0200] "GET /reload?ser=1522406307751 HTTP/1.1" 200 28 "http://renault.activities.at/success" "Mozilla/5.0 (Windows NT 10.0; WOW64; Trident/7.0; rv:11.0) like Gecko"
80.120.148.242 - - [30/Mar/2018:12:38:49 +0200] "GET /reload?ser=1522406329631 HTTP/1.1" 200 28 "http://renault.activities.at/result?searchterm=true&search=aufsteller" "Mozilla/5.0 (Windows NT 6.1; WOW64; Trident/7.0; rv:11.0) like Gecko"
80.122.133.118 - - [30/Mar/2018:12:39:12 +0200] "GET /reload?ser=1522406360964 HTTP/1.1" 200 28 "http://renault.activities.at/result?searchterm=true&search=REH143D" "Mozilla/5.0 (Windows NT 6.1; Win64; x64; rv:59.0) Gecko/20100101 Firefox/59.0"
193.194.132.74 - - [30/Mar/2018:12:39:14 +0200] "GET /reload?ser=1522406354227 HTTP/1.1" 200 28 "http://renault.2web.at/checkout" "Mozilla/5.0 (Windows NT 6.1; WOW64; Trident/7.0; rv:11.0) like Gecko"
212.89.176.40 - - [30/Mar/2018:12:39:26 +0200] "GET /reload?ser=1522406368675 HTTP/1.1" 200 28 "http://renault.activities.at/success" "Mozilla/5.0 (Windows NT 10.0; WOW64; Trident/7.0; rv:11.0) like Gecko"
80.120.148.242 - - [30/Mar/2018:12:39:50 +0200] "GET /reload?ser=1522406390633 HTTP/1.1" 200 28 "http://renault.activities.at/result?searchterm=true&search=aufsteller" "Mozilla/5.0 (Windows NT 6.1; WOW64; Trident/7.0; rv:11.0) like Gecko"
80.122.133.118 - - [30/Mar/2018:12:40:13 +0200] "GET /reload?ser=1522406421944 HTTP/1.1" 200 28 "http://renault.activities.at/result?searchterm=true&search=REH143D" "Mozilla/5.0 (Windows NT 6.1; Win64; x64; rv:59.0) Gecko/20100101 Firefox/59.0"
193.194.132.74 - - [30/Mar/2018:12:40:15 +0200] "GET /reload?ser=1522406415355 HTTP/1.1" 200 28 "http://renault.2web.at/checkout" "Mozilla/5.0 (Windows NT 6.1; WOW64; Trident/7.0; rv:11.0) like Gecko"
212.89.176.40 - - [30/Mar/2018:12:40:27 +0200] "GET /reload?ser=1522406429593 HTTP/1.1" 200 28 "http://renault.activities.at/success" "Mozilla/5.0 (Windows NT 10.0; WOW64; Trident/7.0; rv:11.0) like Gecko"
80.120.148.242 - - [30/Mar/2018:12:40:51 +0200] "GET /reload?ser=1522406451594 HTTP/1.1" 200 28 "http://renault.activities.at/result?searchterm=true&search=aufsteller" "Mozilla/5.0 (Windows NT 6.1; WOW64; Trident/7.0; rv:11.0) like Gecko"
80.122.133.118 - - [30/Mar/2018:12:41:14 +0200] "GET /reload?ser=1522406482876 HTTP/1.1" 200 28 "http://renault.activities.at/result?searchterm=true&search=REH143D" "Mozilla/5.0 (Windows NT 6.1; Win64; x64; rv:59.0) Gecko/20100101 Firefox/59.0"
193.194.132.74 - - [30/Mar/2018:12:41:16 +0200] "GET /reload?ser=1522406476445 HTTP/1.1" 200 28 "http://renault.2web.at/checkout" "Mozilla/5.0 (Windows NT 6.1; WOW64; Trident/7.0; rv:11.0) like Gecko"
212.89.176.40 - - [30/Mar/2018:12:41:28 +0200] "GET /reload?ser=1522406490563 HTTP/1.1" 200 28 "http://renault.activities.at/success" "Mozilla/5.0 (Windows NT 10.0; WOW64; Trident/7.0; rv:11.0) like Gecko"
80.120.148.242 - - [30/Mar/2018:12:41:52 +0200] "GET /reload?ser=1522406512572 HTTP/1.1" 200 28 "http://renault.activities.at/result?searchterm=true&search=aufsteller" "Mozilla/5.0 (Windows NT 6.1; WOW64; Trident/7.0; rv:11.0) like Gecko"
80.122.133.118 - - [30/Mar/2018:12:42:15 +0200] "GET /reload?ser=1522406543856 HTTP/1.1" 200 28 "http://renault.activities.at/result?searchterm=true&search=REH143D" "Mozilla/5.0 (Windows NT 6.1; Win64; x64; rv:59.0) Gecko/20100101 Firefox/59.0"
193.194.132.74 - - [30/Mar/2018:12:42:17 +0200] "GET /reload?ser=1522406537610 HTTP/1.1" 200 28 "http://renault.2web.at/checkout" "Mozilla/5.0 (Windows NT 6.1; WOW64; Trident/7.0; rv:11.0) like Gecko"
212.89.176.40 - - [30/Mar/2018:12:42:29 +0200] "GET /reload?ser=1522406551482 HTTP/1.1" 200 28 "http://renault.activities.at/success" "Mozilla/5.0 (Windows NT 10.0; WOW64; Trident/7.0; rv:11.0) like Gecko"
80.120.148.242 - - [30/Mar/2018:12:42:53 +0200] "GET /reload?ser=1522406573549 HTTP/1.1" 200 28 "http://renault.activities.at/result?searchterm=true&search=aufsteller" "Mozilla/5.0 (Windows NT 6.1; WOW64; Trident/7.0; rv:11.0) like Gecko"
80.122.133.118 - - [30/Mar/2018:12:43:16 +0200] "GET /reload?ser=1522406604804 HTTP/1.1" 200 28 "http://renault.activities.at/result?searchterm=true&search=REH143D" "Mozilla/5.0 (Windows NT 6.1; Win64; x64; rv:59.0) Gecko/20100101 Firefox/59.0"
193.194.132.74 - - [30/Mar/2018:12:43:18 +0200] "GET /reload?ser=1522406598724 HTTP/1.1" 200 28 "http://renault.2web.at/checkout" "Mozilla/5.0 (Windows NT 6.1; WOW64; Trident/7.0; rv:11.0) like Gecko"
212.89.176.40 - - [30/Mar/2018:12:43:30 +0200] "GET /reload?ser=1522406612449 HTTP/1.1" 200 28 "http://renault.activities.at/success" "Mozilla/5.0 (Windows NT 10.0; WOW64; Trident/7.0; rv:11.0) like Gecko"
80.120.148.242 - - [30/Mar/2018:12:43:54 +0200] "GET /reload?ser=1522406634567 HTTP/1.1" 200 28 "http://renault.activities.at/result?searchterm=true&search=aufsteller" "Mozilla/5.0 (Windows NT 6.1; WOW64; Trident/7.0; rv:11.0) like Gecko"
80.122.133.118 - - [30/Mar/2018:12:44:17 +0200] "GET /reload?ser=1522406665782 HTTP/1.1" 200 28 "http://renault.activities.at/result?searchterm=true&search=REH143D" "Mozilla/5.0 (Windows NT 6.1; Win64; x64; rv:59.0) Gecko/20100101 Firefox/59.0"
193.194.132.74 - - [30/Mar/2018:12:44:19 +0200] "GET /reload?ser=1522406659861 HTTP/1.1" 200 28 "http://renault.2web.at/checkout" "Mozilla/5.0 (Windows NT 6.1; WOW64; Trident/7.0; rv:11.0) like Gecko"
212.89.176.40 - - [30/Mar/2018:12:44:31 +0200] "GET /reload?ser=1522406673409 HTTP/1.1" 200 28 "http://renault.activities.at/success" "Mozilla/5.0 (Windows NT 10.0; WOW64; Trident/7.0; rv:11.0) like Gecko"
80.120.148.242 - - [30/Mar/2018:12:44:55 +0200] "GET /reload?ser=1522406695623 HTTP/1.1" 200 28 "http://renault.activities.at/result?searchterm=true&search=aufsteller" "Mozilla/5.0 (Windows NT 6.1; WOW64; Trident/7.0; rv:11.0) like Gecko"
80.122.133.118 - - [30/Mar/2018:12:45:18 +0200] "GET /reload?ser=1522406726732 HTTP/1.1" 200 28 "http://renault.activities.at/result?searchterm=true&search=REH143D" "Mozilla/5.0 (Windows NT 6.1; Win64; x64; rv:59.0) Gecko/20100101 Firefox/59.0"
193.194.132.74 - - [30/Mar/2018:12:45:21 +0200] "GET /reload?ser=1522406720977 HTTP/1.1" 200 28 "http://renault.2web.at/checkout" "Mozilla/5.0 (Windows NT 6.1; WOW64; Trident/7.0; rv:11.0) like Gecko"
80.120.148.242 - - [30/Mar/2018:12:45:56 +0200] "GET /reload?ser=1522406756641 HTTP/1.1" 200 28 "http://renault.activities.at/result?searchterm=true&search=aufsteller" "Mozilla/5.0 (Windows NT 6.1; WOW64; Trident/7.0; rv:11.0) like Gecko"
80.122.133.118 - - [30/Mar/2018:12:46:19 +0200] "GET /reload?ser=1522406787742 HTTP/1.1" 200 28 "http://renault.activities.at/result?searchterm=true&search=REH143D" "Mozilla/5.0 (Windows NT 6.1; Win64; x64; rv:59.0) Gecko/20100101 Firefox/59.0"
193.194.132.74 - - [30/Mar/2018:12:46:22 +0200] "GET /reload?ser=1522406782069 HTTP/1.1" 200 28 "http://renault.2web.at/checkout" "Mozilla/5.0 (Windows NT 6.1; WOW64; Trident/7.0; rv:11.0) like Gecko"
80.120.148.242 - - [30/Mar/2018:12:46:57 +0200] "GET /reload?ser=1522406817644 HTTP/1.1" 200 28 "http://renault.activities.at/result?searchterm=true&search=aufsteller" "Mozilla/5.0 (Windows NT 6.1; WOW64; Trident/7.0; rv:11.0) like Gecko"
80.122.133.118 - - [30/Mar/2018:12:47:20 +0200] "GET /reload?ser=1522406848752 HTTP/1.1" 200 28 "http://renault.activities.at/result?searchterm=true&search=REH143D" "Mozilla/5.0 (Windows NT 6.1; Win64; x64; rv:59.0) Gecko/20100101 Firefox/59.0"
193.194.132.74 - - [30/Mar/2018:12:47:23 +0200] "GET /reload?ser=1522406843196 HTTP/1.1" 200 28 "http://renault.2web.at/checkout" "Mozilla/5.0 (Windows NT 6.1; WOW64; Trident/7.0; rv:11.0) like Gecko"
80.120.148.242 - - [30/Mar/2018:12:47:58 +0200] "GET /reload?ser=1522406878634 HTTP/1.1" 200 28 "http://renault.activities.at/result?searchterm=true&search=aufsteller" "Mozilla/5.0 (Windows NT 6.1; WOW64; Trident/7.0; rv:11.0) like Gecko"
80.122.133.118 - - [30/Mar/2018:12:48:21 +0200] "GET /reload?ser=1522406909746 HTTP/1.1" 200 28 "http://renault.activities.at/result?searchterm=true&search=REH143D" "Mozilla/5.0 (Windows NT 6.1; Win64; x64; rv:59.0) Gecko/20100101 Firefox/59.0"
193.194.132.74 - - [30/Mar/2018:12:48:24 +0200] "GET /reload?ser=1522406904280 HTTP/1.1" 200 28 "http://renault.2web.at/checkout" "Mozilla/5.0 (Windows NT 6.1; WOW64; Trident/7.0; rv:11.0) like Gecko"
80.120.5.131 - - [30/Mar/2018:12:48:33 +0200] "GET /10201637 HTTP/1.1" 302 150 "-" "Mozilla/5.0 (Macintosh; Intel Mac OS X 10_13_3) AppleWebKit/604.5.6 (KHTML, like Gecko)"
80.120.5.131 - - [30/Mar/2018:12:48:35 +0200] "GET /login?required=true HTTP/1.1" 200 2086 "-" "Mozilla/5.0 (Macintosh; Intel Mac OS X 10_13_3) AppleWebKit/604.5.6 (KHTML, like Gecko)"
80.120.5.131 - - [30/Mar/2018:12:48:36 +0200] "GET /apple-touch-icon-precomposed.png HTTP/1.1" 200 1559 "-" "Safari/13604.5.6 CFNetwork/893.13.1 Darwin/17.4.0 (x86_64)"
80.120.5.131 - - [30/Mar/2018:12:48:37 +0200] "GET /apple-touch-icon.png HTTP/1.1" 200 1559 "-" "Safari/13604.5.6 CFNetwork/893.13.1 Darwin/17.4.0 (x86_64)"
80.120.5.131 - - [30/Mar/2018:12:48:38 +0200] "GET /images/favicon.ico HTTP/1.1" 404 305 "-" "Safari/13604.5.6 CFNetwork/893.13.1 Darwin/17.4.0 (x86_64)"
80.120.5.131 - - [30/Mar/2018:12:48:38 +0200] "GET /images/favicon.ico HTTP/1.1" 404 305 "-" "Safari/13604.5.6 CFNetwork/893.13.1 Darwin/17.4.0 (x86_64)"
80.120.5.131 - - [30/Mar/2018:12:48:38 +0200] "GET /favicon.ico HTTP/1.1" 200 3250 "-" "Safari/13604.5.6 CFNetwork/893.13.1 Darwin/17.4.0 (x86_64)"
80.120.5.131 - - [30/Mar/2018:12:48:38 +0200] "GET /apple-touch-icon-precomposed.png HTTP/1.1" 200 1559 "-" "Safari/13604.5.6 CFNetwork/893.13.1 Darwin/17.4.0 (x86_64)"
80.120.5.131 - - [30/Mar/2018:12:48:39 +0200] "GET /apple-touch-icon.png HTTP/1.1" 200 1559 "-" "Safari/13604.5.6 CFNetwork/893.13.1 Darwin/17.4.0 (x86_64)"
80.120.5.131 - - [30/Mar/2018:12:48:40 +0200] "GET /images/favicon.ico HTTP/1.1" 404 305 "-" "Safari/13604.5.6 CFNetwork/893.13.1 Darwin/17.4.0 (x86_64)"
80.120.5.131 - - [30/Mar/2018:12:48:40 +0200] "GET /images/favicon.ico HTTP/1.1" 404 305 "-" "Safari/13604.5.6 CFNetwork/893.13.1 Darwin/17.4.0 (x86_64)"
80.120.5.131 - - [30/Mar/2018:12:48:40 +0200] "GET /favicon.ico HTTP/1.1" 200 3250 "-" "Safari/13604.5.6 CFNetwork/893.13.1 Darwin/17.4.0 (x86_64)"
80.120.5.131 - - [30/Mar/2018:12:48:40 +0200] "GET /10201637 HTTP/1.1" 302 150 "-" "\"Mozilla/5.0 (iPhone; CPU iPhone OS 11_0 like Mac OS X) AppleWebKit/604.1.38 (KHTML, like Gecko) Version/11.0 Mobile/15A372 Safari/604.1\""
80.120.5.131 - - [30/Mar/2018:12:48:41 +0200] "GET /login?required=true HTTP/1.1" 200 2086 "-" "\"Mozilla/5.0 (iPhone; CPU iPhone OS 11_0 like Mac OS X) AppleWebKit/604.1.38 (KHTML, like Gecko) Version/11.0 Mobile/15A372 Safari/604.1\""
80.120.5.131 - - [30/Mar/2018:12:48:42 +0200] "GET /apple-touch-icon-precomposed.png HTTP/1.1" 200 1559 "-" "Safari/13604.5.6 CFNetwork/893.13.1 Darwin/17.4.0 (x86_64)"
80.120.5.131 - - [30/Mar/2018:12:48:43 +0200] "GET /apple-touch-icon.png HTTP/1.1" 200 1559 "-" "Safari/13604.5.6 CFNetwork/893.13.1 Darwin/17.4.0 (x86_64)"
80.120.5.131 - - [30/Mar/2018:12:48:44 +0200] "GET /images/favicon.ico HTTP/1.1" 404 305 "-" "Safari/13604.5.6 CFNetwork/893.13.1 Darwin/17.4.0 (x86_64)"
80.120.5.131 - - [30/Mar/2018:12:48:44 +0200] "GET /images/favicon.ico HTTP/1.1" 404 305 "-" "Safari/13604.5.6 CFNetwork/893.13.1 Darwin/17.4.0 (x86_64)"
80.120.5.131 - - [30/Mar/2018:12:48:44 +0200] "GET /favicon.ico HTTP/1.1" 200 3250 "-" "Safari/13604.5.6 CFNetwork/893.13.1 Darwin/17.4.0 (x86_64)"
80.120.5.131 - - [30/Mar/2018:12:48:44 +0200] "GET /apple-touch-icon-precomposed.png HTTP/1.1" 200 1559 "-" "Safari/13604.5.6 CFNetwork/893.13.1 Darwin/17.4.0 (x86_64)"
80.120.5.131 - - [30/Mar/2018:12:48:45 +0200] "GET /apple-touch-icon.png HTTP/1.1" 200 1559 "-" "Safari/13604.5.6 CFNetwork/893.13.1 Darwin/17.4.0 (x86_64)"
80.120.5.131 - - [30/Mar/2018:12:48:46 +0200] "GET /images/favicon.ico HTTP/1.1" 404 305 "-" "Safari/13604.5.6 CFNetwork/893.13.1 Darwin/17.4.0 (x86_64)"
80.120.5.131 - - [30/Mar/2018:12:48:46 +0200] "GET /images/favicon.ico HTTP/1.1" 404 305 "-" "Safari/13604.5.6 CFNetwork/893.13.1 Darwin/17.4.0 (x86_64)"
80.120.5.131 - - [30/Mar/2018:12:48:46 +0200] "GET /favicon.ico HTTP/1.1" 200 3250 "-" "Safari/13604.5.6 CFNetwork/893.13.1 Darwin/17.4.0 (x86_64)"
80.120.148.242 - - [30/Mar/2018:12:48:59 +0200] "GET /reload?ser=1522406939605 HTTP/1.1" 200 28 "http://renault.activities.at/result?searchterm=true&search=aufsteller" "Mozilla/5.0 (Windows NT 6.1; WOW64; Trident/7.0; rv:11.0) like Gecko"
80.122.133.118 - - [30/Mar/2018:12:49:22 +0200] "GET /reload?ser=1522406970710 HTTP/1.1" 200 28 "http://renault.activities.at/result?searchterm=true&search=REH143D" "Mozilla/5.0 (Windows NT 6.1; Win64; x64; rv:59.0) Gecko/20100101 Firefox/59.0"
193.194.132.74 - - [30/Mar/2018:12:49:25 +0200] "GET /reload?ser=1522406965448 HTTP/1.1" 200 28 "http://renault.2web.at/checkout" "Mozilla/5.0 (Windows NT 6.1; WOW64; Trident/7.0; rv:11.0) like Gecko"
80.120.148.242 - - [30/Mar/2018:12:50:00 +0200] "GET /reload?ser=1522407000558 HTTP/1.1" 200 28 "http://renault.activities.at/result?searchterm=true&search=aufsteller" "Mozilla/5.0 (Windows NT 6.1; WOW64; Trident/7.0; rv:11.0) like Gecko"
80.122.133.118 - - [30/Mar/2018:12:50:23 +0200] "GET /reload?ser=1522407031720 HTTP/1.1" 200 28 "http://renault.activities.at/result?searchterm=true&search=REH143D" "Mozilla/5.0 (Windows NT 6.1; Win64; x64; rv:59.0) Gecko/20100101 Firefox/59.0"
193.194.132.74 - - [30/Mar/2018:12:50:26 +0200] "GET /reload?ser=1522407026496 HTTP/1.1" 200 28 "http://renault.2web.at/checkout" "Mozilla/5.0 (Windows NT 6.1; WOW64; Trident/7.0; rv:11.0) like Gecko"
80.120.148.242 - - [30/Mar/2018:12:51:01 +0200] "GET /reload?ser=1522407061489 HTTP/1.1" 200 28 "http://renault.activities.at/result?searchterm=true&search=aufsteller" "Mozilla/5.0 (Windows NT 6.1; WOW64; Trident/7.0; rv:11.0) like Gecko"
80.122.133.118 - - [30/Mar/2018:12:51:24 +0200] "GET /reload?ser=1522407092732 HTTP/1.1" 200 28 "http://renault.activities.at/result?searchterm=true&search=REH143D" "Mozilla/5.0 (Windows NT 6.1; Win64; x64; rv:59.0) Gecko/20100101 Firefox/59.0"
193.194.132.74 - - [30/Mar/2018:12:51:27 +0200] "GET /reload?ser=1522407087574 HTTP/1.1" 200 28 "http://renault.2web.at/checkout" "Mozilla/5.0 (Windows NT 6.1; WOW64; Trident/7.0; rv:11.0) like Gecko"
80.120.148.242 - - [30/Mar/2018:12:52:02 +0200] "GET /reload?ser=1522407122491 HTTP/1.1" 200 28 "http://renault.activities.at/result?searchterm=true&search=aufsteller" "Mozilla/5.0 (Windows NT 6.1; WOW64; Trident/7.0; rv:11.0) like Gecko"
80.122.133.118 - - [30/Mar/2018:12:52:25 +0200] "GET /reload?ser=1522407153792 HTTP/1.1" 200 28 "http://renault.activities.at/result?searchterm=true&search=REH143D" "Mozilla/5.0 (Windows NT 6.1; Win64; x64; rv:59.0) Gecko/20100101 Firefox/59.0"
193.194.132.74 - - [30/Mar/2018:12:52:28 +0200] "GET /reload?ser=1522407148692 HTTP/1.1" 200 28 "http://renault.2web.at/checkout" "Mozilla/5.0 (Windows NT 6.1; WOW64; Trident/7.0; rv:11.0) like Gecko"
80.120.148.242 - - [30/Mar/2018:12:53:03 +0200] "GET /reload?ser=1522407183462 HTTP/1.1" 200 28 "http://renault.activities.at/result?searchterm=true&search=aufsteller" "Mozilla/5.0 (Windows NT 6.1; WOW64; Trident/7.0; rv:11.0) like Gecko"
80.122.133.118 - - [30/Mar/2018:12:53:26 +0200] "GET /reload?ser=1522407214786 HTTP/1.1" 200 28 "http://renault.activities.at/result?searchterm=true&search=REH143D" "Mozilla/5.0 (Windows NT 6.1; Win64; x64; rv:59.0) Gecko/20100101 Firefox/59.0"
193.194.132.74 - - [30/Mar/2018:12:53:29 +0200] "GET /reload?ser=1522407209758 HTTP/1.1" 200 28 "http://renault.2web.at/checkout" "Mozilla/5.0 (Windows NT 6.1; WOW64; Trident/7.0; rv:11.0) like Gecko"
80.120.148.242 - - [30/Mar/2018:12:54:04 +0200] "GET /reload?ser=1522407244418 HTTP/1.1" 200 28 "http://renault.activities.at/result?searchterm=true&search=aufsteller" "Mozilla/5.0 (Windows NT 6.1; WOW64; Trident/7.0; rv:11.0) like Gecko"
80.122.133.118 - - [30/Mar/2018:12:54:27 +0200] "GET /reload?ser=1522407275812 HTTP/1.1" 200 28 "http://renault.activities.at/result?searchterm=true&search=REH143D" "Mozilla/5.0 (Windows NT 6.1; Win64; x64; rv:59.0) Gecko/20100101 Firefox/59.0"
193.194.132.74 - - [30/Mar/2018:12:54:30 +0200] "GET /reload?ser=1522407270875 HTTP/1.1" 200 28 "http://renault.2web.at/checkout" "Mozilla/5.0 (Windows NT 6.1; WOW64; Trident/7.0; rv:11.0) like Gecko"
80.120.148.242 - - [30/Mar/2018:12:55:05 +0200] "GET /reload?ser=1522407305395 HTTP/1.1" 200 28 "http://renault.activities.at/result?searchterm=true&search=aufsteller" "Mozilla/5.0 (Windows NT 6.1; WOW64; Trident/7.0; rv:11.0) like Gecko"
80.122.133.118 - - [30/Mar/2018:12:55:28 +0200] "GET /reload?ser=1522407336776 HTTP/1.1" 200 28 "http://renault.activities.at/result?searchterm=true&search=REH143D" "Mozilla/5.0 (Windows NT 6.1; Win64; x64; rv:59.0) Gecko/20100101 Firefox/59.0"
193.194.132.74 - - [30/Mar/2018:12:55:32 +0200] "GET /reload?ser=1522407331990 HTTP/1.1" 200 28 "http://renault.2web.at/checkout" "Mozilla/5.0 (Windows NT 6.1; WOW64; Trident/7.0; rv:11.0) like Gecko"
80.120.148.242 - - [30/Mar/2018:12:56:06 +0200] "GET /reload?ser=1522407366431 HTTP/1.1" 200 28 "http://renault.activities.at/result?searchterm=true&search=aufsteller" "Mozilla/5.0 (Windows NT 6.1; WOW64; Trident/7.0; rv:11.0) like Gecko"
80.122.133.118 - - [30/Mar/2018:12:56:29 +0200] "GET /reload?ser=1522407397754 HTTP/1.1" 200 28 "http://renault.activities.at/result?searchterm=true&search=REH143D" "Mozilla/5.0 (Windows NT 6.1; Win64; x64; rv:59.0) Gecko/20100101 Firefox/59.0"
193.194.132.74 - - [30/Mar/2018:12:56:33 +0200] "GET /reload?ser=1522407393051 HTTP/1.1" 200 28 "http://renault.2web.at/checkout" "Mozilla/5.0 (Windows NT 6.1; WOW64; Trident/7.0; rv:11.0) like Gecko"
80.120.148.242 - - [30/Mar/2018:12:57:07 +0200] "GET /reload?ser=1522407427399 HTTP/1.1" 200 28 "http://renault.activities.at/result?searchterm=true&search=aufsteller" "Mozilla/5.0 (Windows NT 6.1; WOW64; Trident/7.0; rv:11.0) like Gecko"
80.122.133.118 - - [30/Mar/2018:12:57:30 +0200] "GET /reload?ser=1522407458750 HTTP/1.1" 200 28 "http://renault.activities.at/result?searchterm=true&search=REH143D" "Mozilla/5.0 (Windows NT 6.1; Win64; x64; rv:59.0) Gecko/20100101 Firefox/59.0"
193.194.132.74 - - [30/Mar/2018:12:57:34 +0200] "GET /reload?ser=1522407454160 HTTP/1.1" 200 28 "http://renault.2web.at/checkout" "Mozilla/5.0 (Windows NT 6.1; WOW64; Trident/7.0; rv:11.0) like Gecko"
80.120.148.242 - - [30/Mar/2018:12:58:08 +0200] "GET /reload?ser=1522407488407 HTTP/1.1" 200 28 "http://renault.activities.at/result?searchterm=true&search=aufsteller" "Mozilla/5.0 (Windows NT 6.1; WOW64; Trident/7.0; rv:11.0) like Gecko"
80.122.133.118 - - [30/Mar/2018:12:58:31 +0200] "GET /reload?ser=1522407519732 HTTP/1.1" 200 28 "http://renault.activities.at/result?searchterm=true&search=REH143D" "Mozilla/5.0 (Windows NT 6.1; Win64; x64; rv:59.0) Gecko/20100101 Firefox/59.0"
193.194.132.74 - - [30/Mar/2018:12:58:35 +0200] "GET /reload?ser=1522407515268 HTTP/1.1" 200 28 "http://renault.2web.at/checkout" "Mozilla/5.0 (Windows NT 6.1; WOW64; Trident/7.0; rv:11.0) like Gecko"
80.120.148.242 - - [30/Mar/2018:12:59:09 +0200] "GET /reload?ser=1522407549340 HTTP/1.1" 200 28 "http://renault.activities.at/result?searchterm=true&search=aufsteller" "Mozilla/5.0 (Windows NT 6.1; WOW64; Trident/7.0; rv:11.0) like Gecko"
80.122.133.118 - - [30/Mar/2018:12:59:32 +0200] "GET /reload?ser=1522407580682 HTTP/1.1" 200 28 "http://renault.activities.at/result?searchterm=true&search=REH143D" "Mozilla/5.0 (Windows NT 6.1; Win64; x64; rv:59.0) Gecko/20100101 Firefox/59.0"
193.194.132.74 - - [30/Mar/2018:12:59:36 +0200] "GET /reload?ser=1522407576348 HTTP/1.1" 200 28 "http://renault.2web.at/checkout" "Mozilla/5.0 (Windows NT 6.1; WOW64; Trident/7.0; rv:11.0) like Gecko"
80.120.148.242 - - [30/Mar/2018:13:00:10 +0200] "GET /reload?ser=1522407610311 HTTP/1.1" 200 28 "http://renault.activities.at/result?searchterm=true&search=aufsteller" "Mozilla/5.0 (Windows NT 6.1; WOW64; Trident/7.0; rv:11.0) like Gecko"
66.249.66.80 - - [30/Mar/2018:13:00:27 +0200] "GET /binaries/10661192.pdf HTTP/1.1" 304 - "-" "Mozilla/5.0 (compatible; Googlebot/2.1; +http://www.google.com/bot.html)"
80.122.133.118 - - [30/Mar/2018:13:00:33 +0200] "GET /reload?ser=1522407641636 HTTP/1.1" 200 28 "http://renault.activities.at/result?searchterm=true&search=REH143D" "Mozilla/5.0 (Windows NT 6.1; Win64; x64; rv:59.0) Gecko/20100101 Firefox/59.0"
193.194.132.74 - - [30/Mar/2018:13:00:37 +0200] "GET /reload?ser=1522407637476 HTTP/1.1" 200 28 "http://renault.2web.at/checkout" "Mozilla/5.0 (Windows NT 6.1; WOW64; Trident/7.0; rv:11.0) like Gecko"
80.120.148.242 - - [30/Mar/2018:13:01:11 +0200] "GET /reload?ser=1522407671320 HTTP/1.1" 200 28 "http://renault.activities.at/result?searchterm=true&search=aufsteller" "Mozilla/5.0 (Windows NT 6.1; WOW64; Trident/7.0; rv:11.0) like Gecko"
80.122.133.118 - - [30/Mar/2018:13:01:34 +0200] "GET /reload?ser=1522407702928 HTTP/1.1" 200 28 "http://renault.activities.at/result?searchterm=true&search=REH143D" "Mozilla/5.0 (Windows NT 6.1; Win64; x64; rv:59.0) Gecko/20100101 Firefox/59.0"
193.194.132.74 - - [30/Mar/2018:13:01:38 +0200] "GET /reload?ser=1522407698525 HTTP/1.1" 200 28 "http://renault.2web.at/checkout" "Mozilla/5.0 (Windows NT 6.1; WOW64; Trident/7.0; rv:11.0) like Gecko"
80.120.148.242 - - [30/Mar/2018:13:02:12 +0200] "GET /reload?ser=1522407732328 HTTP/1.1" 200 28 "http://renault.activities.at/result?searchterm=true&search=aufsteller" "Mozilla/5.0 (Windows NT 6.1; WOW64; Trident/7.0; rv:11.0) like Gecko"
80.122.133.118 - - [30/Mar/2018:13:02:35 +0200] "GET /reload?ser=1522407763924 HTTP/1.1" 200 28 "http://renault.activities.at/result?searchterm=true&search=REH143D" "Mozilla/5.0 (Windows NT 6.1; Win64; x64; rv:59.0) Gecko/20100101 Firefox/59.0"
193.194.132.74 - - [30/Mar/2018:13:02:39 +0200] "GET /reload?ser=1522407759607 HTTP/1.1" 200 28 "http://renault.2web.at/checkout" "Mozilla/5.0 (Windows NT 6.1; WOW64; Trident/7.0; rv:11.0) like Gecko"
80.120.148.242 - - [30/Mar/2018:13:03:13 +0200] "GET /reload?ser=1522407793363 HTTP/1.1" 200 28 "http://renault.activities.at/result?searchterm=true&search=aufsteller" "Mozilla/5.0 (Windows NT 6.1; WOW64; Trident/7.0; rv:11.0) like Gecko"
80.122.133.118 - - [30/Mar/2018:13:03:36 +0200] "GET /reload?ser=1522407824872 HTTP/1.1" 200 28 "http://renault.activities.at/result?searchterm=true&search=REH143D" "Mozilla/5.0 (Windows NT 6.1; Win64; x64; rv:59.0) Gecko/20100101 Firefox/59.0"
193.194.132.74 - - [30/Mar/2018:13:03:40 +0200] "GET /reload?ser=1522407820697 HTTP/1.1" 200 28 "http://renault.2web.at/checkout" "Mozilla/5.0 (Windows NT 6.1; WOW64; Trident/7.0; rv:11.0) like Gecko"
80.120.148.242 - - [30/Mar/2018:13:04:14 +0200] "GET /reload?ser=1522407854322 HTTP/1.1" 200 28 "http://renault.activities.at/result?searchterm=true&search=aufsteller" "Mozilla/5.0 (Windows NT 6.1; WOW64; Trident/7.0; rv:11.0) like Gecko"
80.122.133.118 - - [30/Mar/2018:13:04:37 +0200] "GET /reload?ser=1522407885820 HTTP/1.1" 200 28 "http://renault.activities.at/result?searchterm=true&search=REH143D" "Mozilla/5.0 (Windows NT 6.1; Win64; x64; rv:59.0) Gecko/20100101 Firefox/59.0"
193.194.132.74 - - [30/Mar/2018:13:04:41 +0200] "GET /reload?ser=1522407881789 HTTP/1.1" 200 28 "http://renault.2web.at/checkout" "Mozilla/5.0 (Windows NT 6.1; WOW64; Trident/7.0; rv:11.0) like Gecko"
80.120.148.242 - - [30/Mar/2018:13:05:15 +0200] "GET /reload?ser=1522407915329 HTTP/1.1" 200 28 "http://renault.activities.at/result?searchterm=true&search=aufsteller" "Mozilla/5.0 (Windows NT 6.1; WOW64; Trident/7.0; rv:11.0) like Gecko"
80.122.133.118 - - [30/Mar/2018:13:05:38 +0200] "GET /reload?ser=1522407946770 HTTP/1.1" 200 28 "http://renault.activities.at/result?searchterm=true&search=REH143D" "Mozilla/5.0 (Windows NT 6.1; Win64; x64; rv:59.0) Gecko/20100101 Firefox/59.0"
193.194.132.74 - - [30/Mar/2018:13:05:43 +0200] "GET /reload?ser=1522407942870 HTTP/1.1" 200 28 "http://renault.2web.at/checkout" "Mozilla/5.0 (Windows NT 6.1; WOW64; Trident/7.0; rv:11.0) like Gecko"
80.120.148.242 - - [30/Mar/2018:13:06:16 +0200] "GET /reload?ser=1522407976284 HTTP/1.1" 200 28 "http://renault.activities.at/result?searchterm=true&search=aufsteller" "Mozilla/5.0 (Windows NT 6.1; WOW64; Trident/7.0; rv:11.0) like Gecko"
80.120.5.131 - - [30/Mar/2018:13:06:14 +0200] "GET /10201637 HTTP/1.1" 302 150 "-" "Mozilla/5.0 (Macintosh; Intel Mac OS X 10_13_3) AppleWebKit/604.5.6 (KHTML, like Gecko)"
80.120.5.131 - - [30/Mar/2018:13:06:17 +0200] "GET /login?required=true HTTP/1.1" 200 2086 "-" "Mozilla/5.0 (Macintosh; Intel Mac OS X 10_13_3) AppleWebKit/604.5.6 (KHTML, like Gecko)"
80.120.5.131 - - [30/Mar/2018:13:06:18 +0200] "GET /apple-touch-icon-precomposed.png HTTP/1.1" 200 1559 "-" "Safari/13604.5.6 CFNetwork/893.13.1 Darwin/17.4.0 (x86_64)"
80.120.5.131 - - [30/Mar/2018:13:06:19 +0200] "GET /apple-touch-icon.png HTTP/1.1" 200 1559 "-" "Safari/13604.5.6 CFNetwork/893.13.1 Darwin/17.4.0 (x86_64)"
80.120.5.131 - - [30/Mar/2018:13:06:20 +0200] "GET /images/favicon.ico HTTP/1.1" 404 305 "-" "Safari/13604.5.6 CFNetwork/893.13.1 Darwin/17.4.0 (x86_64)"
80.120.5.131 - - [30/Mar/2018:13:06:20 +0200] "GET /images/favicon.ico HTTP/1.1" 404 305 "-" "Safari/13604.5.6 CFNetwork/893.13.1 Darwin/17.4.0 (x86_64)"
80.120.5.131 - - [30/Mar/2018:13:06:20 +0200] "GET /favicon.ico HTTP/1.1" 200 3250 "-" "Safari/13604.5.6 CFNetwork/893.13.1 Darwin/17.4.0 (x86_64)"
80.120.5.131 - - [30/Mar/2018:13:06:20 +0200] "GET /apple-touch-icon-precomposed.png HTTP/1.1" 200 1559 "-" "Safari/13604.5.6 CFNetwork/893.13.1 Darwin/17.4.0 (x86_64)"
80.120.5.131 - - [30/Mar/2018:13:06:21 +0200] "GET /apple-touch-icon.png HTTP/1.1" 200 1559 "-" "Safari/13604.5.6 CFNetwork/893.13.1 Darwin/17.4.0 (x86_64)"
80.120.5.131 - - [30/Mar/2018:13:06:22 +0200] "GET /images/favicon.ico HTTP/1.1" 404 305 "-" "Safari/13604.5.6 CFNetwork/893.13.1 Darwin/17.4.0 (x86_64)"
80.120.5.131 - - [30/Mar/2018:13:06:22 +0200] "GET /images/favicon.ico HTTP/1.1" 404 305 "-" "Safari/13604.5.6 CFNetwork/893.13.1 Darwin/17.4.0 (x86_64)"
80.120.5.131 - - [30/Mar/2018:13:06:22 +0200] "GET /favicon.ico HTTP/1.1" 200 3250 "-" "Safari/13604.5.6 CFNetwork/893.13.1 Darwin/17.4.0 (x86_64)"
80.120.5.131 - - [30/Mar/2018:13:06:22 +0200] "GET /10201637 HTTP/1.1" 302 150 "-" "\"Mozilla/5.0 (iPhone; CPU iPhone OS 11_0 like Mac OS X) AppleWebKit/604.1.38 (KHTML, like Gecko) Version/11.0 Mobile/15A372 Safari/604.1\""
80.120.5.131 - - [30/Mar/2018:13:06:23 +0200] "GET /login?required=true HTTP/1.1" 200 2086 "-" "\"Mozilla/5.0 (iPhone; CPU iPhone OS 11_0 like Mac OS X) AppleWebKit/604.1.38 (KHTML, like Gecko) Version/11.0 Mobile/15A372 Safari/604.1\""
80.120.5.131 - - [30/Mar/2018:13:06:23 +0200] "GET /apple-touch-icon-precomposed.png HTTP/1.1" 200 1559 "-" "Safari/13604.5.6 CFNetwork/893.13.1 Darwin/17.4.0 (x86_64)"
80.120.5.131 - - [30/Mar/2018:13:06:24 +0200] "GET /apple-touch-icon.png HTTP/1.1" 200 1559 "-" "Safari/13604.5.6 CFNetwork/893.13.1 Darwin/17.4.0 (x86_64)"
80.120.5.131 - - [30/Mar/2018:13:06:25 +0200] "GET /images/favicon.ico HTTP/1.1" 404 305 "-" "Safari/13604.5.6 CFNetwork/893.13.1 Darwin/17.4.0 (x86_64)"
80.120.5.131 - - [30/Mar/2018:13:06:25 +0200] "GET /images/favicon.ico HTTP/1.1" 404 305 "-" "Safari/13604.5.6 CFNetwork/893.13.1 Darwin/17.4.0 (x86_64)"
80.120.5.131 - - [30/Mar/2018:13:06:26 +0200] "GET /favicon.ico HTTP/1.1" 200 3250 "-" "Safari/13604.5.6 CFNetwork/893.13.1 Darwin/17.4.0 (x86_64)"
80.120.5.131 - - [30/Mar/2018:13:06:26 +0200] "GET /apple-touch-icon-precomposed.png HTTP/1.1" 200 1559 "-" "Safari/13604.5.6 CFNetwork/893.13.1 Darwin/17.4.0 (x86_64)"
80.120.5.131 - - [30/Mar/2018:13:06:27 +0200] "GET /apple-touch-icon.png HTTP/1.1" 200 1559 "-" "Safari/13604.5.6 CFNetwork/893.13.1 Darwin/17.4.0 (x86_64)"
80.120.5.131 - - [30/Mar/2018:13:06:27 +0200] "GET /images/favicon.ico HTTP/1.1" 404 305 "-" "Safari/13604.5.6 CFNetwork/893.13.1 Darwin/17.4.0 (x86_64)"
80.120.5.131 - - [30/Mar/2018:13:06:28 +0200] "GET /images/favicon.ico HTTP/1.1" 404 305 "-" "Safari/13604.5.6 CFNetwork/893.13.1 Darwin/17.4.0 (x86_64)"
80.120.5.131 - - [30/Mar/2018:13:06:28 +0200] "GET /favicon.ico HTTP/1.1" 200 3250 "-" "Safari/13604.5.6 CFNetwork/893.13.1 Darwin/17.4.0 (x86_64)"
80.122.133.118 - - [30/Mar/2018:13:06:39 +0200] "GET /reload?ser=1522408007734 HTTP/1.1" 200 28 "http://renault.activities.at/result?searchterm=true&search=REH143D" "Mozilla/5.0 (Windows NT 6.1; Win64; x64; rv:59.0) Gecko/20100101 Firefox/59.0"
193.194.132.74 - - [30/Mar/2018:13:06:44 +0200] "GET /reload?ser=1522408003973 HTTP/1.1" 200 28 "http://renault.2web.at/checkout" "Mozilla/5.0 (Windows NT 6.1; WOW64; Trident/7.0; rv:11.0) like Gecko"
80.120.148.242 - - [30/Mar/2018:13:07:17 +0200] "GET /reload?ser=1522408037252 HTTP/1.1" 200 28 "http://renault.activities.at/result?searchterm=true&search=aufsteller" "Mozilla/5.0 (Windows NT 6.1; WOW64; Trident/7.0; rv:11.0) like Gecko"
80.122.133.118 - - [30/Mar/2018:13:07:40 +0200] "GET /reload?ser=1522408068682 HTTP/1.1" 200 28 "http://renault.activities.at/result?searchterm=true&search=REH143D" "Mozilla/5.0 (Windows NT 6.1; Win64; x64; rv:59.0) Gecko/20100101 Firefox/59.0"
193.194.132.74 - - [30/Mar/2018:13:07:45 +0200] "GET /reload?ser=1522408065072 HTTP/1.1" 200 28 "http://renault.2web.at/checkout" "Mozilla/5.0 (Windows NT 6.1; WOW64; Trident/7.0; rv:11.0) like Gecko"
80.120.148.242 - - [30/Mar/2018:13:08:18 +0200] "GET /reload?ser=1522408098216 HTTP/1.1" 200 28 "http://renault.activities.at/result?searchterm=true&search=aufsteller" "Mozilla/5.0 (Windows NT 6.1; WOW64; Trident/7.0; rv:11.0) like Gecko"
80.122.133.118 - - [30/Mar/2018:13:08:41 +0200] "GET /reload?ser=1522408129660 HTTP/1.1" 200 28 "http://renault.activities.at/result?searchterm=true&search=REH143D" "Mozilla/5.0 (Windows NT 6.1; Win64; x64; rv:59.0) Gecko/20100101 Firefox/59.0"
193.194.132.74 - - [30/Mar/2018:13:08:46 +0200] "GET /reload?ser=1522408126143 HTTP/1.1" 200 28 "http://renault.2web.at/checkout" "Mozilla/5.0 (Windows NT 6.1; WOW64; Trident/7.0; rv:11.0) like Gecko"
80.120.148.242 - - [30/Mar/2018:13:09:19 +0200] "GET /reload?ser=1522408159197 HTTP/1.1" 200 28 "http://renault.activities.at/result?searchterm=true&search=aufsteller" "Mozilla/5.0 (Windows NT 6.1; WOW64; Trident/7.0; rv:11.0) like Gecko"
80.122.133.118 - - [30/Mar/2018:13:09:42 +0200] "GET /reload?ser=1522408190608 HTTP/1.1" 200 28 "http://renault.activities.at/result?searchterm=true&search=REH143D" "Mozilla/5.0 (Windows NT 6.1; Win64; x64; rv:59.0) Gecko/20100101 Firefox/59.0"
193.194.132.74 - - [30/Mar/2018:13:09:47 +0200] "GET /reload?ser=1522408187243 HTTP/1.1" 200 28 "http://renault.2web.at/checkout" "Mozilla/5.0 (Windows NT 6.1; WOW64; Trident/7.0; rv:11.0) like Gecko"
80.120.148.242 - - [30/Mar/2018:13:10:20 +0200] "GET /reload?ser=1522408220231 HTTP/1.1" 200 28 "http://renault.activities.at/result?searchterm=true&search=aufsteller" "Mozilla/5.0 (Windows NT 6.1; WOW64; Trident/7.0; rv:11.0) like Gecko"
80.122.133.118 - - [30/Mar/2018:13:10:43 +0200] "GET /reload?ser=1522408251556 HTTP/1.1" 200 28 "http://renault.activities.at/result?searchterm=true&search=REH143D" "Mozilla/5.0 (Windows NT 6.1; Win64; x64; rv:59.0) Gecko/20100101 Firefox/59.0"
193.194.132.74 - - [30/Mar/2018:13:10:48 +0200] "GET /reload?ser=1522408248344 HTTP/1.1" 200 28 "http://renault.2web.at/checkout" "Mozilla/5.0 (Windows NT 6.1; WOW64; Trident/7.0; rv:11.0) like Gecko"
80.120.148.242 - - [30/Mar/2018:13:11:21 +0200] "GET /reload?ser=1522408281187 HTTP/1.1" 200 28 "http://renault.activities.at/result?searchterm=true&search=aufsteller" "Mozilla/5.0 (Windows NT 6.1; WOW64; Trident/7.0; rv:11.0) like Gecko"
80.122.133.118 - - [30/Mar/2018:13:11:44 +0200] "GET /reload?ser=1522408312504 HTTP/1.1" 200 28 "http://renault.activities.at/result?searchterm=true&search=REH143D" "Mozilla/5.0 (Windows NT 6.1; Win64; x64; rv:59.0) Gecko/20100101 Firefox/59.0"
193.194.132.74 - - [30/Mar/2018:13:11:49 +0200] "GET /reload?ser=1522408309432 HTTP/1.1" 200 28 "http://renault.2web.at/checkout" "Mozilla/5.0 (Windows NT 6.1; WOW64; Trident/7.0; rv:11.0) like Gecko"
80.120.148.242 - - [30/Mar/2018:13:12:22 +0200] "GET /reload?ser=1522408342176 HTTP/1.1" 200 28 "http://renault.activities.at/result?searchterm=true&search=aufsteller" "Mozilla/5.0 (Windows NT 6.1; WOW64; Trident/7.0; rv:11.0) like Gecko"
80.122.133.118 - - [30/Mar/2018:13:12:45 +0200] "GET /reload?ser=1522408373438 HTTP/1.1" 200 28 "http://renault.activities.at/result?searchterm=true&search=REH143D" "Mozilla/5.0 (Windows NT 6.1; Win64; x64; rv:59.0) Gecko/20100101 Firefox/59.0"
193.194.132.74 - - [30/Mar/2018:13:12:50 +0200] "GET /reload?ser=1522408370520 HTTP/1.1" 200 28 "http://renault.2web.at/checkout" "Mozilla/5.0 (Windows NT 6.1; WOW64; Trident/7.0; rv:11.0) like Gecko"
80.120.148.242 - - [30/Mar/2018:13:13:23 +0200] "GET /reload?ser=1522408403187 HTTP/1.1" 200 28 "http://renault.activities.at/result?searchterm=true&search=aufsteller" "Mozilla/5.0 (Windows NT 6.1; WOW64; Trident/7.0; rv:11.0) like Gecko"
80.122.133.118 - - [30/Mar/2018:13:13:46 +0200] "GET /reload?ser=1522408434432 HTTP/1.1" 200 28 "http://renault.activities.at/result?searchterm=true&search=REH143D" "Mozilla/5.0 (Windows NT 6.1; Win64; x64; rv:59.0) Gecko/20100101 Firefox/59.0"
193.194.132.74 - - [30/Mar/2018:13:13:51 +0200] "GET /reload?ser=1522408431631 HTTP/1.1" 200 28 "http://renault.2web.at/checkout" "Mozilla/5.0 (Windows NT 6.1; WOW64; Trident/7.0; rv:11.0) like Gecko"
80.120.148.242 - - [30/Mar/2018:13:14:24 +0200] "GET /reload?ser=1522408464165 HTTP/1.1" 200 28 "http://renault.activities.at/result?searchterm=true&search=aufsteller" "Mozilla/5.0 (Windows NT 6.1; WOW64; Trident/7.0; rv:11.0) like Gecko"
80.122.133.118 - - [30/Mar/2018:13:14:47 +0200] "GET /reload?ser=1522408495410 HTTP/1.1" 200 28 "http://renault.activities.at/result?searchterm=true&search=REH143D" "Mozilla/5.0 (Windows NT 6.1; Win64; x64; rv:59.0) Gecko/20100101 Firefox/59.0"
193.194.132.74 - - [30/Mar/2018:13:14:52 +0200] "GET /reload?ser=1522408492740 HTTP/1.1" 200 28 "http://renault.2web.at/checkout" "Mozilla/5.0 (Windows NT 6.1; WOW64; Trident/7.0; rv:11.0) like Gecko"
80.120.148.242 - - [30/Mar/2018:13:15:25 +0200] "GET /reload?ser=1522408525182 HTTP/1.1" 200 28 "http://renault.activities.at/result?searchterm=true&search=aufsteller" "Mozilla/5.0 (Windows NT 6.1; WOW64; Trident/7.0; rv:11.0) like Gecko"
80.122.133.118 - - [30/Mar/2018:13:15:48 +0200] "GET /reload?ser=1522408556390 HTTP/1.1" 200 28 "http://renault.activities.at/result?searchterm=true&search=REH143D" "Mozilla/5.0 (Windows NT 6.1; Win64; x64; rv:59.0) Gecko/20100101 Firefox/59.0"
193.194.132.74 - - [30/Mar/2018:13:15:54 +0200] "GET /reload?ser=1522408553824 HTTP/1.1" 200 28 "http://renault.2web.at/checkout" "Mozilla/5.0 (Windows NT 6.1; WOW64; Trident/7.0; rv:11.0) like Gecko"
80.120.148.242 - - [30/Mar/2018:13:16:26 +0200] "GET /reload?ser=1522408586135 HTTP/1.1" 200 28 "http://renault.activities.at/result?searchterm=true&search=aufsteller" "Mozilla/5.0 (Windows NT 6.1; WOW64; Trident/7.0; rv:11.0) like Gecko"
80.122.133.118 - - [30/Mar/2018:13:16:49 +0200] "GET /reload?ser=1522408617402 HTTP/1.1" 200 28 "http://renault.activities.at/result?searchterm=true&search=REH143D" "Mozilla/5.0 (Windows NT 6.1; Win64; x64; rv:59.0) Gecko/20100101 Firefox/59.0"
193.194.132.74 - - [30/Mar/2018:13:16:55 +0200] "GET /reload?ser=1522408614910 HTTP/1.1" 200 28 "http://renault.2web.at/checkout" "Mozilla/5.0 (Windows NT 6.1; WOW64; Trident/7.0; rv:11.0) like Gecko"
80.120.148.242 - - [30/Mar/2018:13:17:27 +0200] "GET /reload?ser=1522408647110 HTTP/1.1" 200 28 "http://renault.activities.at/result?searchterm=true&search=aufsteller" "Mozilla/5.0 (Windows NT 6.1; WOW64; Trident/7.0; rv:11.0) like Gecko"
80.122.133.118 - - [30/Mar/2018:13:17:50 +0200] "GET /reload?ser=1522408678382 HTTP/1.1" 200 28 "http://renault.activities.at/result?searchterm=true&search=REH143D" "Mozilla/5.0 (Windows NT 6.1; Win64; x64; rv:59.0) Gecko/20100101 Firefox/59.0"
193.194.132.74 - - [30/Mar/2018:13:17:56 +0200] "GET /reload?ser=1522408676043 HTTP/1.1" 200 28 "http://renault.2web.at/checkout" "Mozilla/5.0 (Windows NT 6.1; WOW64; Trident/7.0; rv:11.0) like Gecko"
80.120.148.242 - - [30/Mar/2018:13:18:28 +0200] "GET /reload?ser=1522408708177 HTTP/1.1" 200 28 "http://renault.activities.at/result?searchterm=true&search=aufsteller" "Mozilla/5.0 (Windows NT 6.1; WOW64; Trident/7.0; rv:11.0) like Gecko"
80.122.133.118 - - [30/Mar/2018:13:18:51 +0200] "GET /reload?ser=1522408739314 HTTP/1.1" 200 28 "http://renault.activities.at/result?searchterm=true&search=REH143D" "Mozilla/5.0 (Windows NT 6.1; Win64; x64; rv:59.0) Gecko/20100101 Firefox/59.0"
193.194.132.74 - - [30/Mar/2018:13:18:57 +0200] "GET /reload?ser=1522408737134 HTTP/1.1" 200 28 "http://renault.2web.at/checkout" "Mozilla/5.0 (Windows NT 6.1; WOW64; Trident/7.0; rv:11.0) like Gecko"
80.120.148.242 - - [30/Mar/2018:13:19:29 +0200] "GET /reload?ser=1522408769147 HTTP/1.1" 200 28 "http://renault.activities.at/result?searchterm=true&search=aufsteller" "Mozilla/5.0 (Windows NT 6.1; WOW64; Trident/7.0; rv:11.0) like Gecko"
80.122.133.118 - - [30/Mar/2018:13:19:52 +0200] "GET /reload?ser=1522408800264 HTTP/1.1" 200 28 "http://renault.activities.at/result?searchterm=true&search=REH143D" "Mozilla/5.0 (Windows NT 6.1; Win64; x64; rv:59.0) Gecko/20100101 Firefox/59.0"
193.194.132.74 - - [30/Mar/2018:13:19:58 +0200] "GET /reload?ser=1522408798188 HTTP/1.1" 200 28 "http://renault.2web.at/checkout" "Mozilla/5.0 (Windows NT 6.1; WOW64; Trident/7.0; rv:11.0) like Gecko"
80.120.148.242 - - [30/Mar/2018:13:20:30 +0200] "GET /reload?ser=1522408830175 HTTP/1.1" 200 28 "http://renault.activities.at/result?searchterm=true&search=aufsteller" "Mozilla/5.0 (Windows NT 6.1; WOW64; Trident/7.0; rv:11.0) like Gecko"
80.122.133.118 - - [30/Mar/2018:13:20:53 +0200] "GET /reload?ser=1522408861210 HTTP/1.1" 200 28 "http://renault.activities.at/result?searchterm=true&search=REH143D" "Mozilla/5.0 (Windows NT 6.1; Win64; x64; rv:59.0) Gecko/20100101 Firefox/59.0"
193.194.132.74 - - [30/Mar/2018:13:20:59 +0200] "GET /reload?ser=1522408859281 HTTP/1.1" 200 28 "http://renault.2web.at/checkout" "Mozilla/5.0 (Windows NT 6.1; WOW64; Trident/7.0; rv:11.0) like Gecko"
212.152.246.137 - - [30/Mar/2018:13:21:00 +0200] "GET /layout.php HTTP/1.1" 200 1559 "-" "Mozilla/5.0 (Windows NT 6.1; WOW64; Trident/7.0; rv:11.0) like Gecko"
212.152.246.137 - - [30/Mar/2018:13:21:01 +0200] "GET /js/default.js HTTP/1.1" 200 14698 "http://renault.activities.at/layout.php" "Mozilla/5.0 (Windows NT 6.1; WOW64; Trident/7.0; rv:11.0) like Gecko"
212.152.246.137 - - [30/Mar/2018:13:21:01 +0200] "GET /css/reset.css HTTP/1.1" 200 1356 "http://renault.activities.at/layout.php" "Mozilla/5.0 (Windows NT 6.1; WOW64; Trident/7.0; rv:11.0) like Gecko"
212.152.246.137 - - [30/Mar/2018:13:21:01 +0200] "GET /css/clears.css HTTP/1.1" 200 851 "http://renault.activities.at/layout.php" "Mozilla/5.0 (Windows NT 6.1; WOW64; Trident/7.0; rv:11.0) like Gecko"
212.152.246.137 - - [30/Mar/2018:13:21:01 +0200] "GET /css/print.css HTTP/1.1" 200 543 "http://renault.activities.at/layout.php" "Mozilla/5.0 (Windows NT 6.1; WOW64; Trident/7.0; rv:11.0) like Gecko"
212.152.246.137 - - [30/Mar/2018:13:21:01 +0200] "GET /css/styles.css HTTP/1.1" 200 14664 "http://renault.activities.at/layout.php" "Mozilla/5.0 (Windows NT 6.1; WOW64; Trident/7.0; rv:11.0) like Gecko"
212.152.246.137 - - [30/Mar/2018:13:21:01 +0200] "GET /js/checkout.css HTTP/1.1" 200 359 "http://renault.activities.at/layout.php" "Mozilla/5.0 (Windows NT 6.1; WOW64; Trident/7.0; rv:11.0) like Gecko"
212.152.246.137 - - [30/Mar/2018:13:21:01 +0200] "GET /css/prototip.css HTTP/1.1" 200 968 "http://renault.activities.at/layout.php" "Mozilla/5.0 (Windows NT 6.1; WOW64; Trident/7.0; rv:11.0) like Gecko"
212.152.246.137 - - [30/Mar/2018:13:21:01 +0200] "GET /css/themes/default.css HTTP/1.1" 200 769 "http://renault.activities.at/layout.php" "Mozilla/5.0 (Windows NT 6.1; WOW64; Trident/7.0; rv:11.0) like Gecko"
212.152.246.137 - - [30/Mar/2018:13:21:01 +0200] "GET /css/themes/alphacube.css HTTP/1.1" 200 743 "http://renault.activities.at/layout.php" "Mozilla/5.0 (Windows NT 6.1; WOW64; Trident/7.0; rv:11.0) like Gecko"
212.152.246.137 - - [30/Mar/2018:13:21:01 +0200] "GET /js/index.php?c=auto&f=,prototype/prototype.js,prototype/validation.js,scriptaculous/builder.js,scriptaculous/effects.js,scriptaculous/dragdrop.js,scriptaculous/controls.js,scriptaculous/slider.js,varien/js.js,varien/form.js,varien/menu.js,mage/translate.js,mage/cookies.js,varien/product.js,spinner/SpinnerControl.jsmin.js,prototype/window.js,prototype/window_ext.js HTTP/1.1" 200 94182 "http://renault.activities.at/layout.php" "Mozilla/5.0 (Windows NT 6.1; WOW64; Trident/7.0; rv:11.0) like Gecko"
212.152.246.137 - - [30/Mar/2018:13:21:01 +0200] "GET /images/main_block_border.gif HTTP/1.1" 200 43 "http://renault.activities.at/layout.php" "Mozilla/5.0 (Windows NT 6.1; WOW64; Trident/7.0; rv:11.0) like Gecko"
212.152.246.137 - - [30/Mar/2018:13:21:01 +0200] "GET /images/main_block_corner_left_bot.gif HTTP/1.1" 200 159 "http://renault.activities.at/layout.php" "Mozilla/5.0 (Windows NT 6.1; WOW64; Trident/7.0; rv:11.0) like Gecko"
212.152.246.137 - - [30/Mar/2018:13:21:01 +0200] "GET /images/main_block_corner_right_bot.gif HTTP/1.1" 200 158 "http://renault.activities.at/layout.php" "Mozilla/5.0 (Windows NT 6.1; WOW64; Trident/7.0; rv:11.0) like Gecko"
212.152.246.137 - - [30/Mar/2018:13:21:01 +0200] "GET /images/header_block_corner_left_top.gif HTTP/1.1" 200 160 "http://renault.activities.at/layout.php" "Mozilla/5.0 (Windows NT 6.1; WOW64; Trident/7.0; rv:11.0) like Gecko"
212.152.246.137 - - [30/Mar/2018:13:21:01 +0200] "GET /images/header_block_border.gif HTTP/1.1" 200 43 "http://renault.activities.at/layout.php" "Mozilla/5.0 (Windows NT 6.1; WOW64; Trident/7.0; rv:11.0) like Gecko"
212.152.246.137 - - [30/Mar/2018:13:21:01 +0200] "GET /images/header_block_corner_right_top.gif HTTP/1.1" 200 160 "http://renault.activities.at/layout.php" "Mozilla/5.0 (Windows NT 6.1; WOW64; Trident/7.0; rv:11.0) like Gecko"
212.152.246.137 - - [30/Mar/2018:13:21:01 +0200] "GET /images/main_block_corner_left_top.gif HTTP/1.1" 200 159 "http://renault.activities.at/layout.php" "Mozilla/5.0 (Windows NT 6.1; WOW64; Trident/7.0; rv:11.0) like Gecko"
212.152.246.137 - - [30/Mar/2018:13:21:01 +0200] "GET /images/main_block_corner_right_top.gif HTTP/1.1" 200 159 "http://renault.activities.at/layout.php" "Mozilla/5.0 (Windows NT 6.1; WOW64; Trident/7.0; rv:11.0) like Gecko"
212.152.246.137 - - [30/Mar/2018:13:21:01 +0200] "GET /images/title_border.jpg HTTP/1.1" 200 304 "http://renault.activities.at/layout.php" "Mozilla/5.0 (Windows NT 6.1; WOW64; Trident/7.0; rv:11.0) like Gecko"
