88.116.96.250 - - [12/Apr/2018:11:36:35 +0200] "GET /favicon.ico HTTP/1.1" 200 3250 "-" "Mozilla/5.0 (Windows NT 6.2; Win64; x64; rv:59.0) Gecko/20100101 Firefox/59.0"
178.188.249.126 - - [12/Apr/2018:11:36:34 +0200] "GET /reload?ser=1523525791954 HTTP/1.1" 200 28 "http://renault.activities.at/success" "Mozilla/5.0 (Windows NT 6.1; WOW64; Trident/7.0; MASBJS; rv:11.0) like Gecko"
178.115.131.195 - - [12/Apr/2018:11:36:35 +0200] "GET /apple-touch-icon-precomposed.png HTTP/1.1" 200 1559 "-" "MobileSafari/604.1 CFNetwork/894 Darwin/17.4.0"
178.115.131.195 - - [12/Apr/2018:11:36:36 +0200] "GET /apple-touch-icon.png HTTP/1.1" 200 1559 "-" "MobileSafari/604.1 CFNetwork/894 Darwin/17.4.0"
178.115.131.195 - - [12/Apr/2018:11:36:37 +0200] "GET /images/favicon.ico HTTP/1.1" 404 305 "-" "MobileSafari/604.1 CFNetwork/894 Darwin/17.4.0"
178.115.131.195 - - [12/Apr/2018:11:36:38 +0200] "GET /images/favicon.ico HTTP/1.1" 404 305 "-" "MobileSafari/604.1 CFNetwork/894 Darwin/17.4.0"
178.115.131.195 - - [12/Apr/2018:11:36:38 +0200] "GET /favicon.ico HTTP/1.1" 200 3250 "-" "MobileSafari/604.1 CFNetwork/894 Darwin/17.4.0"
178.115.131.195 - - [12/Apr/2018:11:36:38 +0200] "GET /apple-touch-icon-120x120-precomposed.png HTTP/1.1" 200 1559 "-" "MobileSafari/604.1 CFNetwork/894 Darwin/17.4.0"
178.115.131.195 - - [12/Apr/2018:11:36:39 +0200] "GET /apple-touch-icon-120x120.png HTTP/1.1" 200 1559 "-" "MobileSafari/604.1 CFNetwork/894 Darwin/17.4.0"
178.115.131.195 - - [12/Apr/2018:11:36:40 +0200] "GET /apple-touch-icon-precomposed.png HTTP/1.1" 200 1559 "-" "MobileSafari/604.1 CFNetwork/894 Darwin/17.4.0"
178.115.131.195 - - [12/Apr/2018:11:36:41 +0200] "GET /apple-touch-icon.png HTTP/1.1" 200 1559 "-" "MobileSafari/604.1 CFNetwork/894 Darwin/17.4.0"
178.115.131.195 - - [12/Apr/2018:11:36:42 +0200] "GET /images/favicon.ico HTTP/1.1" 404 305 "-" "MobileSafari/604.1 CFNetwork/894 Darwin/17.4.0"
178.115.131.195 - - [12/Apr/2018:11:36:43 +0200] "GET /images/favicon.ico HTTP/1.1" 404 305 "-" "MobileSafari/604.1 CFNetwork/894 Darwin/17.4.0"
178.115.131.195 - - [12/Apr/2018:11:36:43 +0200] "GET /favicon.ico HTTP/1.1" 200 3250 "-" "MobileSafari/604.1 CFNetwork/894 Darwin/17.4.0"
212.152.246.135 - - [12/Apr/2018:11:37:19 +0200] "GET /reload?ser=1523525839460 HTTP/1.1" 200 28 "http://renault.activities.at/checkout" "Mozilla/5.0 (Windows NT 10.0; WOW64; Trident/7.0; rv:11.0) like Gecko"
193.194.132.70 - - [12/Apr/2018:11:37:19 +0200] "GET /reload?ser=1523525839418 HTTP/1.1" 200 28 "http://renault.2web.at/result?dir=DESC&mode=grid&order=name&limit=15&page=3&search=Clio" "Mozilla/5.0 (Windows NT 6.1; WOW64; Trident/7.0; rv:11.0) like Gecko"
193.194.132.79 - - [12/Apr/2018:11:37:33 +0200] "GET /reload?ser=1523525852760 HTTP/1.1" 200 28 "http://renault.2web.at/account?loadrequest=true" "Mozilla/5.0 (Windows NT 6.1; WOW64; Trident/7.0; rv:11.0) like Gecko"
88.116.96.250 - - [12/Apr/2018:11:37:35 +0200] "GET /reload?ser=1523525855430 HTTP/1.1" 200 28 "http://renault.activities.at/login" "Mozilla/5.0 (Windows NT 6.2; Win64; x64; rv:59.0) Gecko/20100101 Firefox/59.0"
178.188.249.126 - - [12/Apr/2018:11:37:35 +0200] "GET /reload?ser=1523525852980 HTTP/1.1" 200 28 "http://renault.activities.at/success" "Mozilla/5.0 (Windows NT 6.1; WOW64; Trident/7.0; MASBJS; rv:11.0) like Gecko"
88.116.96.250 - - [12/Apr/2018:11:37:49 +0200] "POST /login HTTP/1.1" 200 2163 "http://renault.activities.at/login" "Mozilla/5.0 (Windows NT 6.2; Win64; x64; rv:59.0) Gecko/20100101 Firefox/59.0"
212.152.246.135 - - [12/Apr/2018:11:38:20 +0200] "GET /reload?ser=1523525900412 HTTP/1.1" 200 28 "http://renault.activities.at/checkout" "Mozilla/5.0 (Windows NT 10.0; WOW64; Trident/7.0; rv:11.0) like Gecko"
193.194.132.70 - - [12/Apr/2018:11:38:20 +0200] "GET /reload?ser=1523525900488 HTTP/1.1" 200 28 "http://renault.2web.at/result?dir=DESC&mode=grid&order=name&limit=15&page=3&search=Clio" "Mozilla/5.0 (Windows NT 6.1; WOW64; Trident/7.0; rv:11.0) like Gecko"
193.194.132.79 - - [12/Apr/2018:11:38:34 +0200] "GET /reload?ser=1523525914189 HTTP/1.1" 200 28 "http://renault.2web.at/account?loadrequest=true" "Mozilla/5.0 (Windows NT 6.1; WOW64; Trident/7.0; rv:11.0) like Gecko"
178.188.249.126 - - [12/Apr/2018:11:38:36 +0200] "GET /reload?ser=1523525913960 HTTP/1.1" 200 28 "http://renault.activities.at/success" "Mozilla/5.0 (Windows NT 6.1; WOW64; Trident/7.0; MASBJS; rv:11.0) like Gecko"
212.152.246.135 - - [12/Apr/2018:11:39:21 +0200] "GET /reload?ser=1523525961380 HTTP/1.1" 200 28 "http://renault.activities.at/checkout" "Mozilla/5.0 (Windows NT 10.0; WOW64; Trident/7.0; rv:11.0) like Gecko"
193.194.132.70 - - [12/Apr/2018:11:39:21 +0200] "GET /reload?ser=1523525961556 HTTP/1.1" 200 28 "http://renault.2web.at/result?dir=DESC&mode=grid&order=name&limit=15&page=3&search=Clio" "Mozilla/5.0 (Windows NT 6.1; WOW64; Trident/7.0; rv:11.0) like Gecko"
193.194.132.79 - - [12/Apr/2018:11:39:35 +0200] "GET /reload?ser=1523525975287 HTTP/1.1" 200 28 "http://renault.2web.at/account?loadrequest=true" "Mozilla/5.0 (Windows NT 6.1; WOW64; Trident/7.0; rv:11.0) like Gecko"
178.188.249.126 - - [12/Apr/2018:11:39:37 +0200] "GET /reload?ser=1523525974955 HTTP/1.1" 200 28 "http://renault.activities.at/success" "Mozilla/5.0 (Windows NT 6.1; WOW64; Trident/7.0; MASBJS; rv:11.0) like Gecko"
212.152.246.135 - - [12/Apr/2018:11:40:22 +0200] "GET /reload?ser=1523526022364 HTTP/1.1" 200 28 "http://renault.activities.at/checkout" "Mozilla/5.0 (Windows NT 10.0; WOW64; Trident/7.0; rv:11.0) like Gecko"
193.194.132.70 - - [12/Apr/2018:11:40:22 +0200] "GET /reload?ser=1523526022652 HTTP/1.1" 200 28 "http://renault.2web.at/result?dir=DESC&mode=grid&order=name&limit=15&page=3&search=Clio" "Mozilla/5.0 (Windows NT 6.1; WOW64; Trident/7.0; rv:11.0) like Gecko"
193.194.132.79 - - [12/Apr/2018:11:40:36 +0200] "GET /reload?ser=1523526036383 HTTP/1.1" 200 28 "http://renault.2web.at/account?loadrequest=true" "Mozilla/5.0 (Windows NT 6.1; WOW64; Trident/7.0; rv:11.0) like Gecko"
178.188.249.126 - - [12/Apr/2018:11:40:38 +0200] "GET /reload?ser=1523526035920 HTTP/1.1" 200 28 "http://renault.activities.at/success" "Mozilla/5.0 (Windows NT 6.1; WOW64; Trident/7.0; MASBJS; rv:11.0) like Gecko"
212.152.246.135 - - [12/Apr/2018:11:41:23 +0200] "GET /reload?ser=1523526083362 HTTP/1.1" 200 28 "http://renault.activities.at/checkout" "Mozilla/5.0 (Windows NT 10.0; WOW64; Trident/7.0; rv:11.0) like Gecko"
193.194.132.70 - - [12/Apr/2018:11:41:23 +0200] "GET /reload?ser=1523526083703 HTTP/1.1" 200 28 "http://renault.2web.at/result?dir=DESC&mode=grid&order=name&limit=15&page=3&search=Clio" "Mozilla/5.0 (Windows NT 6.1; WOW64; Trident/7.0; rv:11.0) like Gecko"
193.194.132.79 - - [12/Apr/2018:11:41:37 +0200] "GET /reload?ser=1523526097476 HTTP/1.1" 200 28 "http://renault.2web.at/account?loadrequest=true" "Mozilla/5.0 (Windows NT 6.1; WOW64; Trident/7.0; rv:11.0) like Gecko"
178.188.249.126 - - [12/Apr/2018:11:41:39 +0200] "GET /reload?ser=1523526096868 HTTP/1.1" 200 28 "http://renault.activities.at/success" "Mozilla/5.0 (Windows NT 6.1; WOW64; Trident/7.0; MASBJS; rv:11.0) like Gecko"
212.152.246.135 - - [12/Apr/2018:11:42:24 +0200] "GET /reload?ser=1523526144374 HTTP/1.1" 200 28 "http://renault.activities.at/checkout" "Mozilla/5.0 (Windows NT 10.0; WOW64; Trident/7.0; rv:11.0) like Gecko"
193.194.132.70 - - [12/Apr/2018:11:42:24 +0200] "GET /reload?ser=1523526144786 HTTP/1.1" 200 28 "http://renault.2web.at/result?dir=DESC&mode=grid&order=name&limit=15&page=3&search=Clio" "Mozilla/5.0 (Windows NT 6.1; WOW64; Trident/7.0; rv:11.0) like Gecko"
193.194.132.79 - - [12/Apr/2018:11:42:38 +0200] "GET /reload?ser=1523526158552 HTTP/1.1" 200 28 "http://renault.2web.at/account?loadrequest=true" "Mozilla/5.0 (Windows NT 6.1; WOW64; Trident/7.0; rv:11.0) like Gecko"
178.188.249.126 - - [12/Apr/2018:11:42:40 +0200] "GET /reload?ser=1523526157879 HTTP/1.1" 200 28 "http://renault.activities.at/success" "Mozilla/5.0 (Windows NT 6.1; WOW64; Trident/7.0; MASBJS; rv:11.0) like Gecko"
212.152.246.135 - - [12/Apr/2018:11:43:25 +0200] "GET /reload?ser=1523526205344 HTTP/1.1" 200 28 "http://renault.activities.at/checkout" "Mozilla/5.0 (Windows NT 10.0; WOW64; Trident/7.0; rv:11.0) like Gecko"
193.194.132.70 - - [12/Apr/2018:11:43:26 +0200] "GET /reload?ser=1523526205945 HTTP/1.1" 200 28 "http://renault.2web.at/result?dir=DESC&mode=grid&order=name&limit=15&page=3&search=Clio" "Mozilla/5.0 (Windows NT 6.1; WOW64; Trident/7.0; rv:11.0) like Gecko"
193.194.132.79 - - [12/Apr/2018:11:43:39 +0200] "GET /reload?ser=1523526219638 HTTP/1.1" 200 28 "http://renault.2web.at/account?loadrequest=true" "Mozilla/5.0 (Windows NT 6.1; WOW64; Trident/7.0; rv:11.0) like Gecko"
178.188.249.126 - - [12/Apr/2018:11:43:41 +0200] "GET /reload?ser=1523526218813 HTTP/1.1" 200 28 "http://renault.activities.at/success" "Mozilla/5.0 (Windows NT 6.1; WOW64; Trident/7.0; MASBJS; rv:11.0) like Gecko"
212.152.246.135 - - [12/Apr/2018:11:44:26 +0200] "GET /reload?ser=1523526266359 HTTP/1.1" 200 28 "http://renault.activities.at/checkout" "Mozilla/5.0 (Windows NT 10.0; WOW64; Trident/7.0; rv:11.0) like Gecko"
193.194.132.70 - - [12/Apr/2018:11:44:27 +0200] "GET /reload?ser=1523526267027 HTTP/1.1" 200 28 "http://renault.2web.at/result?dir=DESC&mode=grid&order=name&limit=15&page=3&search=Clio" "Mozilla/5.0 (Windows NT 6.1; WOW64; Trident/7.0; rv:11.0) like Gecko"
193.194.132.79 - - [12/Apr/2018:11:44:40 +0200] "GET /reload?ser=1523526280775 HTTP/1.1" 200 28 "http://renault.2web.at/account?loadrequest=true" "Mozilla/5.0 (Windows NT 6.1; WOW64; Trident/7.0; rv:11.0) like Gecko"
178.188.249.126 - - [12/Apr/2018:11:44:42 +0200] "GET /reload?ser=1523526279807 HTTP/1.1" 200 28 "http://renault.activities.at/success" "Mozilla/5.0 (Windows NT 6.1; WOW64; Trident/7.0; MASBJS; rv:11.0) like Gecko"
212.152.246.135 - - [12/Apr/2018:11:45:27 +0200] "GET /reload?ser=1523526327342 HTTP/1.1" 200 28 "http://renault.activities.at/checkout" "Mozilla/5.0 (Windows NT 10.0; WOW64; Trident/7.0; rv:11.0) like Gecko"
193.194.132.70 - - [12/Apr/2018:11:45:28 +0200] "GET /reload?ser=1523526328107 HTTP/1.1" 200 28 "http://renault.2web.at/result?dir=DESC&mode=grid&order=name&limit=15&page=3&search=Clio" "Mozilla/5.0 (Windows NT 6.1; WOW64; Trident/7.0; rv:11.0) like Gecko"
193.194.132.79 - - [12/Apr/2018:11:45:41 +0200] "GET /reload?ser=1523526341867 HTTP/1.1" 200 28 "http://renault.2web.at/account?loadrequest=true" "Mozilla/5.0 (Windows NT 6.1; WOW64; Trident/7.0; rv:11.0) like Gecko"
178.188.249.126 - - [12/Apr/2018:11:45:43 +0200] "GET /reload?ser=1523526340783 HTTP/1.1" 200 28 "http://renault.activities.at/success" "Mozilla/5.0 (Windows NT 6.1; WOW64; Trident/7.0; MASBJS; rv:11.0) like Gecko"
212.152.246.135 - - [12/Apr/2018:11:46:28 +0200] "GET /reload?ser=1523526388323 HTTP/1.1" 200 28 "http://renault.activities.at/checkout" "Mozilla/5.0 (Windows NT 10.0; WOW64; Trident/7.0; rv:11.0) like Gecko"
193.194.132.70 - - [12/Apr/2018:11:46:29 +0200] "GET /reload?ser=1523526389162 HTTP/1.1" 200 28 "http://renault.2web.at/result?dir=DESC&mode=grid&order=name&limit=15&page=3&search=Clio" "Mozilla/5.0 (Windows NT 6.1; WOW64; Trident/7.0; rv:11.0) like Gecko"
193.194.132.79 - - [12/Apr/2018:11:46:43 +0200] "GET /reload?ser=1523526402992 HTTP/1.1" 200 28 "http://renault.2web.at/account?loadrequest=true" "Mozilla/5.0 (Windows NT 6.1; WOW64; Trident/7.0; rv:11.0) like Gecko"
178.188.249.126 - - [12/Apr/2018:11:46:44 +0200] "GET /reload?ser=1523526401747 HTTP/1.1" 200 28 "http://renault.activities.at/success" "Mozilla/5.0 (Windows NT 6.1; WOW64; Trident/7.0; MASBJS; rv:11.0) like Gecko"
212.152.246.135 - - [12/Apr/2018:11:47:29 +0200] "GET /reload?ser=1523526449354 HTTP/1.1" 200 28 "http://renault.activities.at/checkout" "Mozilla/5.0 (Windows NT 10.0; WOW64; Trident/7.0; rv:11.0) like Gecko"
193.194.132.70 - - [12/Apr/2018:11:47:30 +0200] "GET /reload?ser=1523526450239 HTTP/1.1" 200 28 "http://renault.2web.at/result?dir=DESC&mode=grid&order=name&limit=15&page=3&search=Clio" "Mozilla/5.0 (Windows NT 6.1; WOW64; Trident/7.0; rv:11.0) like Gecko"
193.194.132.79 - - [12/Apr/2018:11:47:44 +0200] "GET /reload?ser=1523526464140 HTTP/1.1" 200 28 "http://renault.2web.at/account?loadrequest=true" "Mozilla/5.0 (Windows NT 6.1; WOW64; Trident/7.0; rv:11.0) like Gecko"
178.188.249.126 - - [12/Apr/2018:11:47:45 +0200] "GET /reload?ser=1523526462728 HTTP/1.1" 200 28 "http://renault.activities.at/success" "Mozilla/5.0 (Windows NT 6.1; WOW64; Trident/7.0; MASBJS; rv:11.0) like Gecko"
212.152.246.135 - - [12/Apr/2018:11:48:30 +0200] "GET /reload?ser=1523526510373 HTTP/1.1" 200 28 "http://renault.activities.at/checkout" "Mozilla/5.0 (Windows NT 10.0; WOW64; Trident/7.0; rv:11.0) like Gecko"
193.194.132.70 - - [12/Apr/2018:11:48:31 +0200] "GET /reload?ser=1523526511288 HTTP/1.1" 200 28 "http://renault.2web.at/result?dir=DESC&mode=grid&order=name&limit=15&page=3&search=Clio" "Mozilla/5.0 (Windows NT 6.1; WOW64; Trident/7.0; rv:11.0) like Gecko"
193.194.132.79 - - [12/Apr/2018:11:48:45 +0200] "GET /reload?ser=1523526525238 HTTP/1.1" 200 28 "http://renault.2web.at/account?loadrequest=true" "Mozilla/5.0 (Windows NT 6.1; WOW64; Trident/7.0; rv:11.0) like Gecko"
178.188.249.126 - - [12/Apr/2018:11:48:46 +0200] "GET /reload?ser=1523526523724 HTTP/1.1" 200 28 "http://renault.activities.at/success" "Mozilla/5.0 (Windows NT 6.1; WOW64; Trident/7.0; MASBJS; rv:11.0) like Gecko"
212.152.246.135 - - [12/Apr/2018:11:49:31 +0200] "GET /reload?ser=1523526571384 HTTP/1.1" 200 28 "http://renault.activities.at/checkout" "Mozilla/5.0 (Windows NT 10.0; WOW64; Trident/7.0; rv:11.0) like Gecko"
193.194.132.70 - - [12/Apr/2018:11:49:32 +0200] "GET /reload?ser=1523526572365 HTTP/1.1" 200 28 "http://renault.2web.at/result?dir=DESC&mode=grid&order=name&limit=15&page=3&search=Clio" "Mozilla/5.0 (Windows NT 6.1; WOW64; Trident/7.0; rv:11.0) like Gecko"
193.194.132.79 - - [12/Apr/2018:11:49:46 +0200] "GET /reload?ser=1523526586317 HTTP/1.1" 200 28 "http://renault.2web.at/account?loadrequest=true" "Mozilla/5.0 (Windows NT 6.1; WOW64; Trident/7.0; rv:11.0) like Gecko"
178.188.249.126 - - [12/Apr/2018:11:49:47 +0200] "GET /reload?ser=1523526584672 HTTP/1.1" 200 28 "http://renault.activities.at/success" "Mozilla/5.0 (Windows NT 6.1; WOW64; Trident/7.0; MASBJS; rv:11.0) like Gecko"
212.152.246.135 - - [12/Apr/2018:11:50:32 +0200] "GET /reload?ser=1523526632436 HTTP/1.1" 200 28 "http://renault.activities.at/checkout" "Mozilla/5.0 (Windows NT 10.0; WOW64; Trident/7.0; rv:11.0) like Gecko"
193.194.132.70 - - [12/Apr/2018:11:50:33 +0200] "GET /reload?ser=1523526633440 HTTP/1.1" 200 28 "http://renault.2web.at/result?dir=DESC&mode=grid&order=name&limit=15&page=3&search=Clio" "Mozilla/5.0 (Windows NT 6.1; WOW64; Trident/7.0; rv:11.0) like Gecko"
193.194.132.79 - - [12/Apr/2018:11:50:47 +0200] "GET /reload?ser=1523526647497 HTTP/1.1" 200 28 "http://renault.2web.at/account?loadrequest=true" "Mozilla/5.0 (Windows NT 6.1; WOW64; Trident/7.0; rv:11.0) like Gecko"
178.188.249.126 - - [12/Apr/2018:11:50:48 +0200] "GET /reload?ser=1523526645636 HTTP/1.1" 200 28 "http://renault.activities.at/success" "Mozilla/5.0 (Windows NT 6.1; WOW64; Trident/7.0; MASBJS; rv:11.0) like Gecko"
212.152.246.135 - - [12/Apr/2018:11:51:33 +0200] "GET /reload?ser=1523526693459 HTTP/1.1" 200 28 "http://renault.activities.at/checkout" "Mozilla/5.0 (Windows NT 10.0; WOW64; Trident/7.0; rv:11.0) like Gecko"
193.194.132.70 - - [12/Apr/2018:11:51:34 +0200] "GET /reload?ser=1523526694517 HTTP/1.1" 200 28 "http://renault.2web.at/result?dir=DESC&mode=grid&order=name&limit=15&page=3&search=Clio" "Mozilla/5.0 (Windows NT 6.1; WOW64; Trident/7.0; rv:11.0) like Gecko"
193.194.132.79 - - [12/Apr/2018:11:51:48 +0200] "GET /reload?ser=1523526708597 HTTP/1.1" 200 28 "http://renault.2web.at/account?loadrequest=true" "Mozilla/5.0 (Windows NT 6.1; WOW64; Trident/7.0; rv:11.0) like Gecko"
178.188.249.126 - - [12/Apr/2018:11:51:49 +0200] "GET /reload?ser=1523526706569 HTTP/1.1" 200 28 "http://renault.activities.at/success" "Mozilla/5.0 (Windows NT 6.1; WOW64; Trident/7.0; MASBJS; rv:11.0) like Gecko"
212.152.246.135 - - [12/Apr/2018:11:52:34 +0200] "GET /reload?ser=1523526754503 HTTP/1.1" 200 28 "http://renault.activities.at/checkout" "Mozilla/5.0 (Windows NT 10.0; WOW64; Trident/7.0; rv:11.0) like Gecko"
193.194.132.70 - - [12/Apr/2018:11:52:35 +0200] "GET /reload?ser=1523526755569 HTTP/1.1" 200 28 "http://renault.2web.at/result?dir=DESC&mode=grid&order=name&limit=15&page=3&search=Clio" "Mozilla/5.0 (Windows NT 6.1; WOW64; Trident/7.0; rv:11.0) like Gecko"
193.194.132.79 - - [12/Apr/2018:11:52:49 +0200] "GET /reload?ser=1523526769677 HTTP/1.1" 200 28 "http://renault.2web.at/account?loadrequest=true" "Mozilla/5.0 (Windows NT 6.1; WOW64; Trident/7.0; rv:11.0) like Gecko"
178.188.249.126 - - [12/Apr/2018:11:52:50 +0200] "GET /reload?ser=1523526767532 HTTP/1.1" 200 28 "http://renault.activities.at/success" "Mozilla/5.0 (Windows NT 6.1; WOW64; Trident/7.0; MASBJS; rv:11.0) like Gecko"
212.152.246.135 - - [12/Apr/2018:11:53:35 +0200] "GET /reload?ser=1523526815454 HTTP/1.1" 200 28 "http://renault.activities.at/checkout" "Mozilla/5.0 (Windows NT 10.0; WOW64; Trident/7.0; rv:11.0) like Gecko"
193.194.132.70 - - [12/Apr/2018:11:53:36 +0200] "GET /reload?ser=1523526816639 HTTP/1.1" 200 28 "http://renault.2web.at/result?dir=DESC&mode=grid&order=name&limit=15&page=3&search=Clio" "Mozilla/5.0 (Windows NT 6.1; WOW64; Trident/7.0; rv:11.0) like Gecko"
193.194.132.79 - - [12/Apr/2018:11:53:50 +0200] "GET /reload?ser=1523526830768 HTTP/1.1" 200 28 "http://renault.2web.at/account?loadrequest=true" "Mozilla/5.0 (Windows NT 6.1; WOW64; Trident/7.0; rv:11.0) like Gecko"
178.188.249.126 - - [12/Apr/2018:11:53:51 +0200] "GET /reload?ser=1523526828467 HTTP/1.1" 200 28 "http://renault.activities.at/success" "Mozilla/5.0 (Windows NT 6.1; WOW64; Trident/7.0; MASBJS; rv:11.0) like Gecko"
212.152.246.135 - - [12/Apr/2018:11:54:36 +0200] "GET /reload?ser=1523526876454 HTTP/1.1" 200 28 "http://renault.activities.at/checkout" "Mozilla/5.0 (Windows NT 10.0; WOW64; Trident/7.0; rv:11.0) like Gecko"
193.194.132.70 - - [12/Apr/2018:11:54:37 +0200] "GET /reload?ser=1523526877721 HTTP/1.1" 200 28 "http://renault.2web.at/result?dir=DESC&mode=grid&order=name&limit=15&page=3&search=Clio" "Mozilla/5.0 (Windows NT 6.1; WOW64; Trident/7.0; rv:11.0) like Gecko"
193.194.132.79 - - [12/Apr/2018:11:54:51 +0200] "GET /reload?ser=1523526891865 HTTP/1.1" 200 28 "http://renault.2web.at/account?loadrequest=true" "Mozilla/5.0 (Windows NT 6.1; WOW64; Trident/7.0; rv:11.0) like Gecko"
178.188.249.126 - - [12/Apr/2018:11:54:52 +0200] "GET /reload?ser=1523526889455 HTTP/1.1" 200 28 "http://renault.activities.at/success" "Mozilla/5.0 (Windows NT 6.1; WOW64; Trident/7.0; MASBJS; rv:11.0) like Gecko"
212.152.246.135 - - [12/Apr/2018:11:55:37 +0200] "GET /reload?ser=1523526937438 HTTP/1.1" 200 28 "http://renault.activities.at/checkout" "Mozilla/5.0 (Windows NT 10.0; WOW64; Trident/7.0; rv:11.0) like Gecko"
193.194.132.70 - - [12/Apr/2018:11:55:38 +0200] "GET /reload?ser=1523526938840 HTTP/1.1" 200 28 "http://renault.2web.at/result?dir=DESC&mode=grid&order=name&limit=15&page=3&search=Clio" "Mozilla/5.0 (Windows NT 6.1; WOW64; Trident/7.0; rv:11.0) like Gecko"
193.194.132.79 - - [12/Apr/2018:11:55:53 +0200] "GET /reload?ser=1523526952985 HTTP/1.1" 200 28 "http://renault.2web.at/account?loadrequest=true" "Mozilla/5.0 (Windows NT 6.1; WOW64; Trident/7.0; rv:11.0) like Gecko"
178.188.249.126 - - [12/Apr/2018:11:55:53 +0200] "GET /reload?ser=1523526950420 HTTP/1.1" 200 28 "http://renault.activities.at/success" "Mozilla/5.0 (Windows NT 6.1; WOW64; Trident/7.0; MASBJS; rv:11.0) like Gecko"
212.152.246.135 - - [12/Apr/2018:11:56:38 +0200] "GET /reload?ser=1523526998436 HTTP/1.1" 200 28 "http://renault.activities.at/checkout" "Mozilla/5.0 (Windows NT 10.0; WOW64; Trident/7.0; rv:11.0) like Gecko"
193.194.132.70 - - [12/Apr/2018:11:56:40 +0200] "GET /reload?ser=1523526999889 HTTP/1.1" 200 28 "http://renault.2web.at/result?dir=DESC&mode=grid&order=name&limit=15&page=3&search=Clio" "Mozilla/5.0 (Windows NT 6.1; WOW64; Trident/7.0; rv:11.0) like Gecko"
193.194.132.79 - - [12/Apr/2018:11:56:54 +0200] "GET /reload?ser=1523527014065 HTTP/1.1" 200 28 "http://renault.2web.at/account?loadrequest=true" "Mozilla/5.0 (Windows NT 6.1; WOW64; Trident/7.0; rv:11.0) like Gecko"
178.188.249.126 - - [12/Apr/2018:11:56:54 +0200] "GET /reload?ser=1523527011354 HTTP/1.1" 200 28 "http://renault.activities.at/success" "Mozilla/5.0 (Windows NT 6.1; WOW64; Trident/7.0; MASBJS; rv:11.0) like Gecko"
212.152.246.135 - - [12/Apr/2018:11:57:39 +0200] "GET /reload?ser=1523527059465 HTTP/1.1" 200 28 "http://renault.activities.at/checkout" "Mozilla/5.0 (Windows NT 10.0; WOW64; Trident/7.0; rv:11.0) like Gecko"
193.194.132.70 - - [12/Apr/2018:11:57:41 +0200] "GET /reload?ser=1523527060981 HTTP/1.1" 200 28 "http://renault.2web.at/result?dir=DESC&mode=grid&order=name&limit=15&page=3&search=Clio" "Mozilla/5.0 (Windows NT 6.1; WOW64; Trident/7.0; rv:11.0) like Gecko"
178.188.249.126 - - [12/Apr/2018:11:57:55 +0200] "GET /reload?ser=1523527072332 HTTP/1.1" 200 28 "http://renault.activities.at/success" "Mozilla/5.0 (Windows NT 6.1; WOW64; Trident/7.0; MASBJS; rv:11.0) like Gecko"
193.194.132.79 - - [12/Apr/2018:11:57:55 +0200] "GET /reload?ser=1523527075165 HTTP/1.1" 200 28 "http://renault.2web.at/account?loadrequest=true" "Mozilla/5.0 (Windows NT 6.1; WOW64; Trident/7.0; rv:11.0) like Gecko"
212.152.246.135 - - [12/Apr/2018:11:58:40 +0200] "GET /reload?ser=1523527120490 HTTP/1.1" 200 28 "http://renault.activities.at/checkout" "Mozilla/5.0 (Windows NT 10.0; WOW64; Trident/7.0; rv:11.0) like Gecko"
193.194.132.70 - - [12/Apr/2018:11:58:42 +0200] "GET /reload?ser=1523527122086 HTTP/1.1" 200 28 "http://renault.2web.at/result?dir=DESC&mode=grid&order=name&limit=15&page=3&search=Clio" "Mozilla/5.0 (Windows NT 6.1; WOW64; Trident/7.0; rv:11.0) like Gecko"
178.188.249.126 - - [12/Apr/2018:11:58:56 +0200] "GET /reload?ser=1523527133343 HTTP/1.1" 200 28 "http://renault.activities.at/success" "Mozilla/5.0 (Windows NT 6.1; WOW64; Trident/7.0; MASBJS; rv:11.0) like Gecko"
193.194.132.79 - - [12/Apr/2018:11:58:56 +0200] "GET /reload?ser=1523527136268 HTTP/1.1" 200 28 "http://renault.2web.at/account?loadrequest=true" "Mozilla/5.0 (Windows NT 6.1; WOW64; Trident/7.0; rv:11.0) like Gecko"
212.152.246.135 - - [12/Apr/2018:11:59:41 +0200] "GET /reload?ser=1523527181506 HTTP/1.1" 200 28 "http://renault.activities.at/checkout" "Mozilla/5.0 (Windows NT 10.0; WOW64; Trident/7.0; rv:11.0) like Gecko"
193.194.132.70 - - [12/Apr/2018:11:59:43 +0200] "GET /reload?ser=1523527183190 HTTP/1.1" 200 28 "http://renault.2web.at/result?dir=DESC&mode=grid&order=name&limit=15&page=3&search=Clio" "Mozilla/5.0 (Windows NT 6.1; WOW64; Trident/7.0; rv:11.0) like Gecko"
178.188.249.126 - - [12/Apr/2018:11:59:57 +0200] "GET /reload?ser=1523527194308 HTTP/1.1" 200 28 "http://renault.activities.at/success" "Mozilla/5.0 (Windows NT 6.1; WOW64; Trident/7.0; MASBJS; rv:11.0) like Gecko"
193.194.132.79 - - [12/Apr/2018:11:59:57 +0200] "GET /reload?ser=1523527197359 HTTP/1.1" 200 28 "http://renault.2web.at/account?loadrequest=true" "Mozilla/5.0 (Windows NT 6.1; WOW64; Trident/7.0; rv:11.0) like Gecko"
212.152.246.135 - - [12/Apr/2018:12:00:42 +0200] "GET /reload?ser=1523527242521 HTTP/1.1" 200 28 "http://renault.activities.at/checkout" "Mozilla/5.0 (Windows NT 10.0; WOW64; Trident/7.0; rv:11.0) like Gecko"
193.194.132.70 - - [12/Apr/2018:12:00:44 +0200] "GET /reload?ser=1523527244284 HTTP/1.1" 200 28 "http://renault.2web.at/result?dir=DESC&mode=grid&order=name&limit=15&page=3&search=Clio" "Mozilla/5.0 (Windows NT 6.1; WOW64; Trident/7.0; rv:11.0) like Gecko"
178.188.249.126 - - [12/Apr/2018:12:00:58 +0200] "GET /reload?ser=1523527255335 HTTP/1.1" 200 28 "http://renault.activities.at/success" "Mozilla/5.0 (Windows NT 6.1; WOW64; Trident/7.0; MASBJS; rv:11.0) like Gecko"
193.194.132.79 - - [12/Apr/2018:12:00:58 +0200] "GET /reload?ser=1523527258488 HTTP/1.1" 200 28 "http://renault.2web.at/account?loadrequest=true" "Mozilla/5.0 (Windows NT 6.1; WOW64; Trident/7.0; rv:11.0) like Gecko"
212.152.246.135 - - [12/Apr/2018:12:01:43 +0200] "GET /reload?ser=1523527303503 HTTP/1.1" 200 28 "http://renault.activities.at/checkout" "Mozilla/5.0 (Windows NT 10.0; WOW64; Trident/7.0; rv:11.0) like Gecko"
193.194.132.70 - - [12/Apr/2018:12:01:45 +0200] "GET /reload?ser=1523527305359 HTTP/1.1" 200 28 "http://renault.2web.at/result?dir=DESC&mode=grid&order=name&limit=15&page=3&search=Clio" "Mozilla/5.0 (Windows NT 6.1; WOW64; Trident/7.0; rv:11.0) like Gecko"
178.188.249.126 - - [12/Apr/2018:12:01:59 +0200] "GET /reload?ser=1523527316266 HTTP/1.1" 200 28 "http://renault.activities.at/success" "Mozilla/5.0 (Windows NT 6.1; WOW64; Trident/7.0; MASBJS; rv:11.0) like Gecko"
193.194.132.79 - - [12/Apr/2018:12:01:59 +0200] "GET /reload?ser=1523527319604 HTTP/1.1" 200 28 "http://renault.2web.at/account?loadrequest=true" "Mozilla/5.0 (Windows NT 6.1; WOW64; Trident/7.0; rv:11.0) like Gecko"
212.152.246.135 - - [12/Apr/2018:12:02:44 +0200] "GET /reload?ser=1523527364486 HTTP/1.1" 200 28 "http://renault.activities.at/checkout" "Mozilla/5.0 (Windows NT 10.0; WOW64; Trident/7.0; rv:11.0) like Gecko"
193.194.132.70 - - [12/Apr/2018:12:02:46 +0200] "GET /reload?ser=1523527366473 HTTP/1.1" 200 28 "http://renault.2web.at/result?dir=DESC&mode=grid&order=name&limit=15&page=3&search=Clio" "Mozilla/5.0 (Windows NT 6.1; WOW64; Trident/7.0; rv:11.0) like Gecko"
178.188.249.126 - - [12/Apr/2018:12:03:00 +0200] "GET /reload?ser=1523527377262 HTTP/1.1" 200 28 "http://renault.activities.at/success" "Mozilla/5.0 (Windows NT 6.1; WOW64; Trident/7.0; MASBJS; rv:11.0) like Gecko"
193.194.132.79 - - [12/Apr/2018:12:03:00 +0200] "GET /reload?ser=1523527380723 HTTP/1.1" 200 28 "http://renault.2web.at/account?loadrequest=true" "Mozilla/5.0 (Windows NT 6.1; WOW64; Trident/7.0; rv:11.0) like Gecko"
212.152.246.135 - - [12/Apr/2018:12:03:45 +0200] "GET /reload?ser=1523527425456 HTTP/1.1" 200 28 "http://renault.activities.at/checkout" "Mozilla/5.0 (Windows NT 10.0; WOW64; Trident/7.0; rv:11.0) like Gecko"
193.194.132.70 - - [12/Apr/2018:12:03:47 +0200] "GET /reload?ser=1523527427531 HTTP/1.1" 200 28 "http://renault.2web.at/result?dir=DESC&mode=grid&order=name&limit=15&page=3&search=Clio" "Mozilla/5.0 (Windows NT 6.1; WOW64; Trident/7.0; rv:11.0) like Gecko"
178.188.249.126 - - [12/Apr/2018:12:04:01 +0200] "GET /reload?ser=1523527438225 HTTP/1.1" 200 28 "http://renault.activities.at/success" "Mozilla/5.0 (Windows NT 6.1; WOW64; Trident/7.0; MASBJS; rv:11.0) like Gecko"
193.194.132.79 - - [12/Apr/2018:12:04:02 +0200] "GET /reload?ser=1523527441863 HTTP/1.1" 200 28 "http://renault.2web.at/account?loadrequest=true" "Mozilla/5.0 (Windows NT 6.1; WOW64; Trident/7.0; rv:11.0) like Gecko"
212.152.246.135 - - [12/Apr/2018:12:04:46 +0200] "GET /reload?ser=1523527486459 HTTP/1.1" 200 28 "http://renault.activities.at/checkout" "Mozilla/5.0 (Windows NT 10.0; WOW64; Trident/7.0; rv:11.0) like Gecko"
193.194.132.70 - - [12/Apr/2018:12:04:48 +0200] "GET /reload?ser=1523527488634 HTTP/1.1" 200 28 "http://renault.2web.at/result?dir=DESC&mode=grid&order=name&limit=15&page=3&search=Clio" "Mozilla/5.0 (Windows NT 6.1; WOW64; Trident/7.0; rv:11.0) like Gecko"
178.188.249.126 - - [12/Apr/2018:12:05:02 +0200] "GET /reload?ser=1523527499212 HTTP/1.1" 200 28 "http://renault.activities.at/success" "Mozilla/5.0 (Windows NT 6.1; WOW64; Trident/7.0; MASBJS; rv:11.0) like Gecko"
193.194.132.79 - - [12/Apr/2018:12:05:03 +0200] "GET /reload?ser=1523527502934 HTTP/1.1" 200 28 "http://renault.2web.at/account?loadrequest=true" "Mozilla/5.0 (Windows NT 6.1; WOW64; Trident/7.0; rv:11.0) like Gecko"
212.152.246.135 - - [12/Apr/2018:12:05:47 +0200] "GET /reload?ser=1523527547425 HTTP/1.1" 200 28 "http://renault.activities.at/checkout" "Mozilla/5.0 (Windows NT 10.0; WOW64; Trident/7.0; rv:11.0) like Gecko"
193.194.132.70 - - [12/Apr/2018:12:05:49 +0200] "GET /reload?ser=1523527549712 HTTP/1.1" 200 28 "http://renault.2web.at/result?dir=DESC&mode=grid&order=name&limit=15&page=3&search=Clio" "Mozilla/5.0 (Windows NT 6.1; WOW64; Trident/7.0; rv:11.0) like Gecko"
178.188.249.126 - - [12/Apr/2018:12:06:03 +0200] "GET /reload?ser=1523527560185 HTTP/1.1" 200 28 "http://renault.activities.at/success" "Mozilla/5.0 (Windows NT 6.1; WOW64; Trident/7.0; MASBJS; rv:11.0) like Gecko"
193.194.132.79 - - [12/Apr/2018:12:06:04 +0200] "GET /reload?ser=1523527563988 HTTP/1.1" 200 28 "http://renault.2web.at/account?loadrequest=true" "Mozilla/5.0 (Windows NT 6.1; WOW64; Trident/7.0; rv:11.0) like Gecko"
212.152.246.135 - - [12/Apr/2018:12:06:48 +0200] "GET /reload?ser=1523527608411 HTTP/1.1" 200 28 "http://renault.activities.at/checkout" "Mozilla/5.0 (Windows NT 10.0; WOW64; Trident/7.0; rv:11.0) like Gecko"
193.194.132.70 - - [12/Apr/2018:12:06:50 +0200] "GET /reload?ser=1523527610768 HTTP/1.1" 200 28 "http://renault.2web.at/result?dir=DESC&mode=grid&order=name&limit=15&page=3&search=Clio" "Mozilla/5.0 (Windows NT 6.1; WOW64; Trident/7.0; rv:11.0) like Gecko"
178.188.249.126 - - [12/Apr/2018:12:07:04 +0200] "GET /reload?ser=1523527621196 HTTP/1.1" 200 28 "http://renault.activities.at/success" "Mozilla/5.0 (Windows NT 6.1; WOW64; Trident/7.0; MASBJS; rv:11.0) like Gecko"
193.194.132.79 - - [12/Apr/2018:12:07:05 +0200] "GET /reload?ser=1523527625019 HTTP/1.1" 200 28 "http://renault.2web.at/account?loadrequest=true" "Mozilla/5.0 (Windows NT 6.1; WOW64; Trident/7.0; rv:11.0) like Gecko"
212.152.246.135 - - [12/Apr/2018:12:07:49 +0200] "GET /reload?ser=1523527669422 HTTP/1.1" 200 28 "http://renault.activities.at/checkout" "Mozilla/5.0 (Windows NT 10.0; WOW64; Trident/7.0; rv:11.0) like Gecko"
193.194.132.70 - - [12/Apr/2018:12:07:52 +0200] "GET /reload?ser=1523527671876 HTTP/1.1" 200 28 "http://renault.2web.at/result?dir=DESC&mode=grid&order=name&limit=15&page=3&search=Clio" "Mozilla/5.0 (Windows NT 6.1; WOW64; Trident/7.0; rv:11.0) like Gecko"
178.188.249.126 - - [12/Apr/2018:12:08:05 +0200] "GET /reload?ser=1523527682614 HTTP/1.1" 200 28 "http://renault.activities.at/success" "Mozilla/5.0 (Windows NT 6.1; WOW64; Trident/7.0; MASBJS; rv:11.0) like Gecko"
193.194.132.79 - - [12/Apr/2018:12:08:06 +0200] "GET /reload?ser=1523527686103 HTTP/1.1" 200 28 "http://renault.2web.at/account?loadrequest=true" "Mozilla/5.0 (Windows NT 6.1; WOW64; Trident/7.0; rv:11.0) like Gecko"
212.152.246.135 - - [12/Apr/2018:12:08:50 +0200] "GET /reload?ser=1523527730440 HTTP/1.1" 200 28 "http://renault.activities.at/checkout" "Mozilla/5.0 (Windows NT 10.0; WOW64; Trident/7.0; rv:11.0) like Gecko"
193.194.132.70 - - [12/Apr/2018:12:08:53 +0200] "GET /reload?ser=1523527732996 HTTP/1.1" 200 28 "http://renault.2web.at/result?dir=DESC&mode=grid&order=name&limit=15&page=3&search=Clio" "Mozilla/5.0 (Windows NT 6.1; WOW64; Trident/7.0; rv:11.0) like Gecko"
178.188.249.126 - - [12/Apr/2018:12:09:06 +0200] "GET /reload?ser=1523527743593 HTTP/1.1" 200 28 "http://renault.activities.at/success" "Mozilla/5.0 (Windows NT 6.1; WOW64; Trident/7.0; MASBJS; rv:11.0) like Gecko"
193.194.132.79 - - [12/Apr/2018:12:09:07 +0200] "GET /reload?ser=1523527747168 HTTP/1.1" 200 28 "http://renault.2web.at/account?loadrequest=true" "Mozilla/5.0 (Windows NT 6.1; WOW64; Trident/7.0; rv:11.0) like Gecko"
212.152.246.135 - - [12/Apr/2018:12:09:51 +0200] "GET /reload?ser=1523527791444 HTTP/1.1" 200 28 "http://renault.activities.at/checkout" "Mozilla/5.0 (Windows NT 10.0; WOW64; Trident/7.0; rv:11.0) like Gecko"
193.194.132.70 - - [12/Apr/2018:12:09:54 +0200] "GET /reload?ser=1523527794085 HTTP/1.1" 200 28 "http://renault.2web.at/result?dir=DESC&mode=grid&order=name&limit=15&page=3&search=Clio" "Mozilla/5.0 (Windows NT 6.1; WOW64; Trident/7.0; rv:11.0) like Gecko"
178.188.249.126 - - [12/Apr/2018:12:10:07 +0200] "GET /reload?ser=1523527804588 HTTP/1.1" 200 28 "http://renault.activities.at/success" "Mozilla/5.0 (Windows NT 6.1; WOW64; Trident/7.0; MASBJS; rv:11.0) like Gecko"
193.194.132.79 - - [12/Apr/2018:12:10:08 +0200] "GET /reload?ser=1523527808243 HTTP/1.1" 200 28 "http://renault.2web.at/account?loadrequest=true" "Mozilla/5.0 (Windows NT 6.1; WOW64; Trident/7.0; rv:11.0) like Gecko"
212.152.246.135 - - [12/Apr/2018:12:10:52 +0200] "GET /reload?ser=1523527852457 HTTP/1.1" 200 28 "http://renault.activities.at/checkout" "Mozilla/5.0 (Windows NT 10.0; WOW64; Trident/7.0; rv:11.0) like Gecko"
193.194.132.70 - - [12/Apr/2018:12:10:55 +0200] "GET /reload?ser=1523527855139 HTTP/1.1" 200 28 "http://renault.2web.at/result?dir=DESC&mode=grid&order=name&limit=15&page=3&search=Clio" "Mozilla/5.0 (Windows NT 6.1; WOW64; Trident/7.0; rv:11.0) like Gecko"
178.188.249.126 - - [12/Apr/2018:12:11:08 +0200] "GET /reload?ser=1523527865583 HTTP/1.1" 200 28 "http://renault.activities.at/success" "Mozilla/5.0 (Windows NT 6.1; WOW64; Trident/7.0; MASBJS; rv:11.0) like Gecko"
193.194.132.79 - - [12/Apr/2018:12:11:09 +0200] "GET /reload?ser=1523527869308 HTTP/1.1" 200 28 "http://renault.2web.at/account?loadrequest=true" "Mozilla/5.0 (Windows NT 6.1; WOW64; Trident/7.0; rv:11.0) like Gecko"
212.152.246.135 - - [12/Apr/2018:12:11:53 +0200] "GET /reload?ser=1523527913457 HTTP/1.1" 200 28 "http://renault.activities.at/checkout" "Mozilla/5.0 (Windows NT 10.0; WOW64; Trident/7.0; rv:11.0) like Gecko"
193.194.132.70 - - [12/Apr/2018:12:11:56 +0200] "GET /reload?ser=1523527916212 HTTP/1.1" 200 28 "http://renault.2web.at/result?dir=DESC&mode=grid&order=name&limit=15&page=3&search=Clio" "Mozilla/5.0 (Windows NT 6.1; WOW64; Trident/7.0; rv:11.0) like Gecko"
178.188.249.126 - - [12/Apr/2018:12:12:09 +0200] "GET /reload?ser=1523527926548 HTTP/1.1" 200 28 "http://renault.activities.at/success" "Mozilla/5.0 (Windows NT 6.1; WOW64; Trident/7.0; MASBJS; rv:11.0) like Gecko"
193.194.132.79 - - [12/Apr/2018:12:12:10 +0200] "GET /reload?ser=1523527930391 HTTP/1.1" 200 28 "http://renault.2web.at/account?loadrequest=true" "Mozilla/5.0 (Windows NT 6.1; WOW64; Trident/7.0; rv:11.0) like Gecko"
212.152.246.135 - - [12/Apr/2018:12:12:54 +0200] "GET /reload?ser=1523527974454 HTTP/1.1" 200 28 "http://renault.activities.at/checkout" "Mozilla/5.0 (Windows NT 10.0; WOW64; Trident/7.0; rv:11.0) like Gecko"
193.194.132.70 - - [12/Apr/2018:12:12:57 +0200] "GET /reload?ser=1523527977313 HTTP/1.1" 200 28 "http://renault.2web.at/result?dir=DESC&mode=grid&order=name&limit=15&page=3&search=Clio" "Mozilla/5.0 (Windows NT 6.1; WOW64; Trident/7.0; rv:11.0) like Gecko"
178.188.249.126 - - [12/Apr/2018:12:13:10 +0200] "GET /reload?ser=1523527987512 HTTP/1.1" 200 28 "http://renault.activities.at/success" "Mozilla/5.0 (Windows NT 6.1; WOW64; Trident/7.0; MASBJS; rv:11.0) like Gecko"
193.194.132.79 - - [12/Apr/2018:12:13:11 +0200] "GET /reload?ser=1523527991450 HTTP/1.1" 200 28 "http://renault.2web.at/account?loadrequest=true" "Mozilla/5.0 (Windows NT 6.1; WOW64; Trident/7.0; rv:11.0) like Gecko"
212.152.246.135 - - [12/Apr/2018:12:13:55 +0200] "GET /reload?ser=1523528035438 HTTP/1.1" 200 28 "http://renault.activities.at/checkout" "Mozilla/5.0 (Windows NT 10.0; WOW64; Trident/7.0; rv:11.0) like Gecko"
193.194.132.70 - - [12/Apr/2018:12:13:58 +0200] "GET /reload?ser=1523528038397 HTTP/1.1" 200 28 "http://renault.2web.at/result?dir=DESC&mode=grid&order=name&limit=15&page=3&search=Clio" "Mozilla/5.0 (Windows NT 6.1; WOW64; Trident/7.0; rv:11.0) like Gecko"
178.188.249.126 - - [12/Apr/2018:12:14:11 +0200] "GET /reload?ser=1523528048507 HTTP/1.1" 200 28 "http://renault.activities.at/success" "Mozilla/5.0 (Windows NT 6.1; WOW64; Trident/7.0; MASBJS; rv:11.0) like Gecko"
193.194.132.79 - - [12/Apr/2018:12:14:12 +0200] "GET /reload?ser=1523528052549 HTTP/1.1" 200 28 "http://renault.2web.at/account?loadrequest=true" "Mozilla/5.0 (Windows NT 6.1; WOW64; Trident/7.0; rv:11.0) like Gecko"
212.152.246.135 - - [12/Apr/2018:12:14:56 +0200] "GET /reload?ser=1523528096454 HTTP/1.1" 200 28 "http://renault.activities.at/checkout" "Mozilla/5.0 (Windows NT 10.0; WOW64; Trident/7.0; rv:11.0) like Gecko"
193.194.132.70 - - [12/Apr/2018:12:14:59 +0200] "GET /reload?ser=1523528099442 HTTP/1.1" 200 28 "http://renault.2web.at/result?dir=DESC&mode=grid&order=name&limit=15&page=3&search=Clio" "Mozilla/5.0 (Windows NT 6.1; WOW64; Trident/7.0; rv:11.0) like Gecko"
178.188.249.126 - - [12/Apr/2018:12:15:12 +0200] "GET /reload?ser=1523528109519 HTTP/1.1" 200 28 "http://renault.activities.at/success" "Mozilla/5.0 (Windows NT 6.1; WOW64; Trident/7.0; MASBJS; rv:11.0) like Gecko"
193.194.132.79 - - [12/Apr/2018:12:15:13 +0200] "GET /reload?ser=1523528113618 HTTP/1.1" 200 28 "http://renault.2web.at/account?loadrequest=true" "Mozilla/5.0 (Windows NT 6.1; WOW64; Trident/7.0; rv:11.0) like Gecko"
212.152.246.135 - - [12/Apr/2018:12:15:57 +0200] "GET /reload?ser=1523528157483 HTTP/1.1" 200 28 "http://renault.activities.at/checkout" "Mozilla/5.0 (Windows NT 10.0; WOW64; Trident/7.0; rv:11.0) like Gecko"
193.194.132.70 - - [12/Apr/2018:12:16:00 +0200] "GET /reload?ser=1523528160543 HTTP/1.1" 200 28 "http://renault.2web.at/result?dir=DESC&mode=grid&order=name&limit=15&page=3&search=Clio" "Mozilla/5.0 (Windows NT 6.1; WOW64; Trident/7.0; rv:11.0) like Gecko"
178.188.249.126 - - [12/Apr/2018:12:16:13 +0200] "GET /reload?ser=1523528170521 HTTP/1.1" 200 28 "http://renault.activities.at/success" "Mozilla/5.0 (Windows NT 6.1; WOW64; Trident/7.0; MASBJS; rv:11.0) like Gecko"
193.194.132.79 - - [12/Apr/2018:12:16:14 +0200] "GET /reload?ser=1523528174749 HTTP/1.1" 200 28 "http://renault.2web.at/account?loadrequest=true" "Mozilla/5.0 (Windows NT 6.1; WOW64; Trident/7.0; rv:11.0) like Gecko"
212.152.246.135 - - [12/Apr/2018:12:16:58 +0200] "GET /reload?ser=1523528218463 HTTP/1.1" 200 28 "http://renault.activities.at/checkout" "Mozilla/5.0 (Windows NT 10.0; WOW64; Trident/7.0; rv:11.0) like Gecko"
193.194.132.70 - - [12/Apr/2018:12:17:01 +0200] "GET /reload?ser=1523528221650 HTTP/1.1" 200 28 "http://renault.2web.at/result?dir=DESC&mode=grid&order=name&limit=15&page=3&search=Clio" "Mozilla/5.0 (Windows NT 6.1; WOW64; Trident/7.0; rv:11.0) like Gecko"
80.120.5.131 - - [12/Apr/2018:12:17:07 +0200] "GET /10201637 HTTP/1.1" 302 150 "-" "Mozilla/5.0 (Macintosh; Intel Mac OS X 10_13_3) AppleWebKit/604.5.6 (KHTML, like Gecko)"
80.120.5.131 - - [12/Apr/2018:12:17:09 +0200] "GET /login?required=true HTTP/1.1" 200 2086 "-" "Mozilla/5.0 (Macintosh; Intel Mac OS X 10_13_3) AppleWebKit/604.5.6 (KHTML, like Gecko)"
80.120.5.131 - - [12/Apr/2018:12:17:10 +0200] "GET /apple-touch-icon-precomposed.png HTTP/1.1" 200 1559 "-" "Safari/13604.5.6 CFNetwork/893.13.1 Darwin/17.4.0 (x86_64)"
80.120.5.131 - - [12/Apr/2018:12:17:11 +0200] "GET /apple-touch-icon.png HTTP/1.1" 200 1559 "-" "Safari/13604.5.6 CFNetwork/893.13.1 Darwin/17.4.0 (x86_64)"
80.120.5.131 - - [12/Apr/2018:12:17:12 +0200] "GET /images/favicon.ico HTTP/1.1" 404 305 "-" "Safari/13604.5.6 CFNetwork/893.13.1 Darwin/17.4.0 (x86_64)"
80.120.5.131 - - [12/Apr/2018:12:17:12 +0200] "GET /images/favicon.ico HTTP/1.1" 404 305 "-" "Safari/13604.5.6 CFNetwork/893.13.1 Darwin/17.4.0 (x86_64)"
80.120.5.131 - - [12/Apr/2018:12:17:12 +0200] "GET /favicon.ico HTTP/1.1" 200 3250 "-" "Safari/13604.5.6 CFNetwork/893.13.1 Darwin/17.4.0 (x86_64)"
80.120.5.131 - - [12/Apr/2018:12:17:12 +0200] "GET /apple-touch-icon-precomposed.png HTTP/1.1" 200 1559 "-" "Safari/13604.5.6 CFNetwork/893.13.1 Darwin/17.4.0 (x86_64)"
80.120.5.131 - - [12/Apr/2018:12:17:13 +0200] "GET /apple-touch-icon.png HTTP/1.1" 200 1559 "-" "Safari/13604.5.6 CFNetwork/893.13.1 Darwin/17.4.0 (x86_64)"
80.120.5.131 - - [12/Apr/2018:12:17:14 +0200] "GET /images/favicon.ico HTTP/1.1" 404 305 "-" "Safari/13604.5.6 CFNetwork/893.13.1 Darwin/17.4.0 (x86_64)"
80.120.5.131 - - [12/Apr/2018:12:17:14 +0200] "GET /images/favicon.ico HTTP/1.1" 404 305 "-" "Safari/13604.5.6 CFNetwork/893.13.1 Darwin/17.4.0 (x86_64)"
80.120.5.131 - - [12/Apr/2018:12:17:14 +0200] "GET /favicon.ico HTTP/1.1" 200 3250 "-" "Safari/13604.5.6 CFNetwork/893.13.1 Darwin/17.4.0 (x86_64)"
80.120.5.131 - - [12/Apr/2018:12:17:14 +0200] "GET /10201637 HTTP/1.1" 302 150 "-" "\"Mozilla/5.0 (iPhone; CPU iPhone OS 11_0 like Mac OS X) AppleWebKit/604.1.38 (KHTML, like Gecko) Version/11.0 Mobile/15A372 Safari/604.1\""
178.188.249.126 - - [12/Apr/2018:12:17:14 +0200] "GET /reload?ser=1523528231526 HTTP/1.1" 200 28 "http://renault.activities.at/success" "Mozilla/5.0 (Windows NT 6.1; WOW64; Trident/7.0; MASBJS; rv:11.0) like Gecko"
80.120.5.131 - - [12/Apr/2018:12:17:15 +0200] "GET /login?required=true HTTP/1.1" 200 2086 "-" "\"Mozilla/5.0 (iPhone; CPU iPhone OS 11_0 like Mac OS X) AppleWebKit/604.1.38 (KHTML, like Gecko) Version/11.0 Mobile/15A372 Safari/604.1\""
80.120.5.131 - - [12/Apr/2018:12:17:15 +0200] "GET /apple-touch-icon-precomposed.png HTTP/1.1" 200 1559 "-" "Safari/13604.5.6 CFNetwork/893.13.1 Darwin/17.4.0 (x86_64)"
193.194.132.79 - - [12/Apr/2018:12:17:16 +0200] "GET /reload?ser=1523528235845 HTTP/1.1" 200 28 "http://renault.2web.at/account?loadrequest=true" "Mozilla/5.0 (Windows NT 6.1; WOW64; Trident/7.0; rv:11.0) like Gecko"
80.120.5.131 - - [12/Apr/2018:12:17:16 +0200] "GET /apple-touch-icon.png HTTP/1.1" 200 1559 "-" "Safari/13604.5.6 CFNetwork/893.13.1 Darwin/17.4.0 (x86_64)"
80.120.5.131 - - [12/Apr/2018:12:17:17 +0200] "GET /images/favicon.ico HTTP/1.1" 404 305 "-" "Safari/13604.5.6 CFNetwork/893.13.1 Darwin/17.4.0 (x86_64)"
80.120.5.131 - - [12/Apr/2018:12:17:17 +0200] "GET /images/favicon.ico HTTP/1.1" 404 305 "-" "Safari/13604.5.6 CFNetwork/893.13.1 Darwin/17.4.0 (x86_64)"
80.120.5.131 - - [12/Apr/2018:12:17:18 +0200] "GET /favicon.ico HTTP/1.1" 200 3250 "-" "Safari/13604.5.6 CFNetwork/893.13.1 Darwin/17.4.0 (x86_64)"
80.120.5.131 - - [12/Apr/2018:12:17:18 +0200] "GET /apple-touch-icon-precomposed.png HTTP/1.1" 200 1559 "-" "Safari/13604.5.6 CFNetwork/893.13.1 Darwin/17.4.0 (x86_64)"
80.120.5.131 - - [12/Apr/2018:12:17:19 +0200] "GET /apple-touch-icon.png HTTP/1.1" 200 1559 "-" "Safari/13604.5.6 CFNetwork/893.13.1 Darwin/17.4.0 (x86_64)"
80.120.5.131 - - [12/Apr/2018:12:17:20 +0200] "GET /images/favicon.ico HTTP/1.1" 404 305 "-" "Safari/13604.5.6 CFNetwork/893.13.1 Darwin/17.4.0 (x86_64)"
80.120.5.131 - - [12/Apr/2018:12:17:20 +0200] "GET /images/favicon.ico HTTP/1.1" 404 305 "-" "Safari/13604.5.6 CFNetwork/893.13.1 Darwin/17.4.0 (x86_64)"
80.120.5.131 - - [12/Apr/2018:12:17:20 +0200] "GET /favicon.ico HTTP/1.1" 200 3250 "-" "Safari/13604.5.6 CFNetwork/893.13.1 Darwin/17.4.0 (x86_64)"
212.152.246.135 - - [12/Apr/2018:12:17:59 +0200] "GET /reload?ser=1523528279428 HTTP/1.1" 200 28 "http://renault.activities.at/checkout" "Mozilla/5.0 (Windows NT 10.0; WOW64; Trident/7.0; rv:11.0) like Gecko"
193.194.132.70 - - [12/Apr/2018:12:18:02 +0200] "GET /reload?ser=1523528282715 HTTP/1.1" 200 28 "http://renault.2web.at/result?dir=DESC&mode=grid&order=name&limit=15&page=3&search=Clio" "Mozilla/5.0 (Windows NT 6.1; WOW64; Trident/7.0; rv:11.0) like Gecko"
178.188.249.126 - - [12/Apr/2018:12:18:15 +0200] "GET /reload?ser=1523528292490 HTTP/1.1" 200 28 "http://renault.activities.at/success" "Mozilla/5.0 (Windows NT 6.1; WOW64; Trident/7.0; MASBJS; rv:11.0) like Gecko"
193.194.132.79 - - [12/Apr/2018:12:18:17 +0200] "GET /reload?ser=1523528296940 HTTP/1.1" 200 28 "http://renault.2web.at/account?loadrequest=true" "Mozilla/5.0 (Windows NT 6.1; WOW64; Trident/7.0; rv:11.0) like Gecko"
212.152.246.135 - - [12/Apr/2018:12:19:00 +0200] "GET /reload?ser=1523528340381 HTTP/1.1" 200 28 "http://renault.activities.at/checkout" "Mozilla/5.0 (Windows NT 10.0; WOW64; Trident/7.0; rv:11.0) like Gecko"
193.194.132.70 - - [12/Apr/2018:12:19:03 +0200] "GET /reload?ser=1523528343765 HTTP/1.1" 200 28 "http://renault.2web.at/result?dir=DESC&mode=grid&order=name&limit=15&page=3&search=Clio" "Mozilla/5.0 (Windows NT 6.1; WOW64; Trident/7.0; rv:11.0) like Gecko"
178.188.249.126 - - [12/Apr/2018:12:19:16 +0200] "GET /reload?ser=1523528353454 HTTP/1.1" 200 28 "http://renault.activities.at/success" "Mozilla/5.0 (Windows NT 6.1; WOW64; Trident/7.0; MASBJS; rv:11.0) like Gecko"
193.194.132.79 - - [12/Apr/2018:12:19:18 +0200] "GET /reload?ser=1523528358196 HTTP/1.1" 200 28 "http://renault.2web.at/account?loadrequest=true" "Mozilla/5.0 (Windows NT 6.1; WOW64; Trident/7.0; rv:11.0) like Gecko"
212.152.246.135 - - [12/Apr/2018:12:20:01 +0200] "GET /reload?ser=1523528401408 HTTP/1.1" 200 28 "http://renault.activities.at/checkout" "Mozilla/5.0 (Windows NT 10.0; WOW64; Trident/7.0; rv:11.0) like Gecko"
193.194.132.70 - - [12/Apr/2018:12:20:04 +0200] "GET /reload?ser=1523528404915 HTTP/1.1" 200 28 "http://renault.2web.at/result?dir=DESC&mode=grid&order=name&limit=15&page=3&search=Clio" "Mozilla/5.0 (Windows NT 6.1; WOW64; Trident/7.0; rv:11.0) like Gecko"
178.188.249.126 - - [12/Apr/2018:12:20:17 +0200] "GET /reload?ser=1523528414434 HTTP/1.1" 200 28 "http://renault.activities.at/success" "Mozilla/5.0 (Windows NT 6.1; WOW64; Trident/7.0; MASBJS; rv:11.0) like Gecko"
193.194.132.79 - - [12/Apr/2018:12:20:19 +0200] "GET /reload?ser=1523528419348 HTTP/1.1" 200 28 "http://renault.2web.at/account?loadrequest=true" "Mozilla/5.0 (Windows NT 6.1; WOW64; Trident/7.0; rv:11.0) like Gecko"
212.152.246.135 - - [12/Apr/2018:12:21:02 +0200] "GET /reload?ser=1523528462363 HTTP/1.1" 200 28 "http://renault.activities.at/checkout" "Mozilla/5.0 (Windows NT 10.0; WOW64; Trident/7.0; rv:11.0) like Gecko"
193.194.132.70 - - [12/Apr/2018:12:21:06 +0200] "GET /reload?ser=1523528465990 HTTP/1.1" 200 28 "http://renault.2web.at/result?dir=DESC&mode=grid&order=name&limit=15&page=3&search=Clio" "Mozilla/5.0 (Windows NT 6.1; WOW64; Trident/7.0; rv:11.0) like Gecko"
178.188.249.126 - - [12/Apr/2018:12:21:18 +0200] "GET /reload?ser=1523528475367 HTTP/1.1" 200 28 "http://renault.activities.at/success" "Mozilla/5.0 (Windows NT 6.1; WOW64; Trident/7.0; MASBJS; rv:11.0) like Gecko"
193.194.132.79 - - [12/Apr/2018:12:21:20 +0200] "GET /reload?ser=1523528480490 HTTP/1.1" 200 28 "http://renault.2web.at/account?loadrequest=true" "Mozilla/5.0 (Windows NT 6.1; WOW64; Trident/7.0; rv:11.0) like Gecko"
212.152.246.135 - - [12/Apr/2018:12:22:03 +0200] "GET /reload?ser=1523528523343 HTTP/1.1" 200 28 "http://renault.activities.at/checkout" "Mozilla/5.0 (Windows NT 10.0; WOW64; Trident/7.0; rv:11.0) like Gecko"
193.194.132.70 - - [12/Apr/2018:12:22:07 +0200] "GET /reload?ser=1523528527065 HTTP/1.1" 200 28 "http://renault.2web.at/result?dir=DESC&mode=grid&order=name&limit=15&page=3&search=Clio" "Mozilla/5.0 (Windows NT 6.1; WOW64; Trident/7.0; rv:11.0) like Gecko"
178.188.249.126 - - [12/Apr/2018:12:22:19 +0200] "GET /reload?ser=1523528536363 HTTP/1.1" 200 28 "http://renault.activities.at/success" "Mozilla/5.0 (Windows NT 6.1; WOW64; Trident/7.0; MASBJS; rv:11.0) like Gecko"
193.194.132.79 - - [12/Apr/2018:12:22:21 +0200] "GET /reload?ser=1523528541612 HTTP/1.1" 200 28 "http://renault.2web.at/account?loadrequest=true" "Mozilla/5.0 (Windows NT 6.1; WOW64; Trident/7.0; rv:11.0) like Gecko"
212.152.246.135 - - [12/Apr/2018:12:23:04 +0200] "GET /reload?ser=1523528584324 HTTP/1.1" 200 28 "http://renault.activities.at/checkout" "Mozilla/5.0 (Windows NT 10.0; WOW64; Trident/7.0; rv:11.0) like Gecko"
193.194.132.70 - - [12/Apr/2018:12:23:08 +0200] "GET /reload?ser=1523528588116 HTTP/1.1" 200 28 "http://renault.2web.at/result?dir=DESC&mode=grid&order=name&limit=15&page=3&search=Clio" "Mozilla/5.0 (Windows NT 6.1; WOW64; Trident/7.0; rv:11.0) like Gecko"
178.188.249.126 - - [12/Apr/2018:12:23:20 +0200] "GET /reload?ser=1523528597327 HTTP/1.1" 200 28 "http://renault.activities.at/success" "Mozilla/5.0 (Windows NT 6.1; WOW64; Trident/7.0; MASBJS; rv:11.0) like Gecko"
193.194.132.79 - - [12/Apr/2018:12:23:22 +0200] "GET /reload?ser=1523528602742 HTTP/1.1" 200 28 "http://renault.2web.at/account?loadrequest=true" "Mozilla/5.0 (Windows NT 6.1; WOW64; Trident/7.0; rv:11.0) like Gecko"
212.152.246.135 - - [12/Apr/2018:12:24:05 +0200] "GET /reload?ser=1523528645304 HTTP/1.1" 200 28 "http://renault.activities.at/checkout" "Mozilla/5.0 (Windows NT 10.0; WOW64; Trident/7.0; rv:11.0) like Gecko"
193.194.132.70 - - [12/Apr/2018:12:24:09 +0200] "GET /reload?ser=1523528649240 HTTP/1.1" 200 28 "http://renault.2web.at/result?dir=DESC&mode=grid&order=name&limit=15&page=3&search=Clio" "Mozilla/5.0 (Windows NT 6.1; WOW64; Trident/7.0; rv:11.0) like Gecko"
178.188.249.126 - - [12/Apr/2018:12:24:21 +0200] "GET /reload?ser=1523528658276 HTTP/1.1" 200 28 "http://renault.activities.at/success" "Mozilla/5.0 (Windows NT 6.1; WOW64; Trident/7.0; MASBJS; rv:11.0) like Gecko"
193.194.132.79 - - [12/Apr/2018:12:24:23 +0200] "GET /reload?ser=1523528663824 HTTP/1.1" 200 28 "http://renault.2web.at/account?loadrequest=true" "Mozilla/5.0 (Windows NT 6.1; WOW64; Trident/7.0; rv:11.0) like Gecko"
212.152.246.135 - - [12/Apr/2018:12:25:06 +0200] "GET /reload?ser=1523528706287 HTTP/1.1" 200 28 "http://renault.activities.at/checkout" "Mozilla/5.0 (Windows NT 10.0; WOW64; Trident/7.0; rv:11.0) like Gecko"
193.194.132.70 - - [12/Apr/2018:12:25:10 +0200] "GET /reload?ser=1523528710312 HTTP/1.1" 200 28 "http://renault.2web.at/result?dir=DESC&mode=grid&order=name&limit=15&page=3&search=Clio" "Mozilla/5.0 (Windows NT 6.1; WOW64; Trident/7.0; rv:11.0) like Gecko"
178.188.249.126 - - [12/Apr/2018:12:25:22 +0200] "GET /reload?ser=1523528719270 HTTP/1.1" 200 28 "http://renault.activities.at/success" "Mozilla/5.0 (Windows NT 6.1; WOW64; Trident/7.0; MASBJS; rv:11.0) like Gecko"
193.194.132.79 - - [12/Apr/2018:12:25:25 +0200] "GET /reload?ser=1523528724928 HTTP/1.1" 200 28 "http://renault.2web.at/account?loadrequest=true" "Mozilla/5.0 (Windows NT 6.1; WOW64; Trident/7.0; rv:11.0) like Gecko"
212.152.246.135 - - [12/Apr/2018:12:26:07 +0200] "GET /reload?ser=1523528767300 HTTP/1.1" 200 28 "http://renault.activities.at/checkout" "Mozilla/5.0 (Windows NT 10.0; WOW64; Trident/7.0; rv:11.0) like Gecko"
