193.194.132.70 - - [12/Apr/2018:12:26:11 +0200] "GET /reload?ser=1523528771390 HTTP/1.1" 200 28 "http://renault.2web.at/result?dir=DESC&mode=grid&order=name&limit=15&page=3&search=Clio" "Mozilla/5.0 (Windows NT 6.1; WOW64; Trident/7.0; rv:11.0) like Gecko"
178.188.249.126 - - [12/Apr/2018:12:26:23 +0200] "GET /reload?ser=1523528780266 HTTP/1.1" 200 28 "http://renault.activities.at/success" "Mozilla/5.0 (Windows NT 6.1; WOW64; Trident/7.0; MASBJS; rv:11.0) like Gecko"
193.194.132.79 - - [12/Apr/2018:12:26:26 +0200] "GET /reload?ser=1523528786046 HTTP/1.1" 200 28 "http://renault.2web.at/account?loadrequest=true" "Mozilla/5.0 (Windows NT 6.1; WOW64; Trident/7.0; rv:11.0) like Gecko"
212.152.246.135 - - [12/Apr/2018:12:27:08 +0200] "GET /reload?ser=1523528828281 HTTP/1.1" 200 28 "http://renault.activities.at/checkout" "Mozilla/5.0 (Windows NT 10.0; WOW64; Trident/7.0; rv:11.0) like Gecko"
193.194.132.70 - - [12/Apr/2018:12:27:12 +0200] "GET /reload?ser=1523528832494 HTTP/1.1" 200 28 "http://renault.2web.at/result?dir=DESC&mode=grid&order=name&limit=15&page=3&search=Clio" "Mozilla/5.0 (Windows NT 6.1; WOW64; Trident/7.0; rv:11.0) like Gecko"
178.188.249.126 - - [12/Apr/2018:12:27:24 +0200] "GET /reload?ser=1523528841214 HTTP/1.1" 200 28 "http://renault.activities.at/success" "Mozilla/5.0 (Windows NT 6.1; WOW64; Trident/7.0; MASBJS; rv:11.0) like Gecko"
193.194.132.79 - - [12/Apr/2018:12:27:27 +0200] "GET /reload?ser=1523528847176 HTTP/1.1" 200 28 "http://renault.2web.at/account?loadrequest=true" "Mozilla/5.0 (Windows NT 6.1; WOW64; Trident/7.0; rv:11.0) like Gecko"
212.152.246.135 - - [12/Apr/2018:12:28:09 +0200] "GET /reload?ser=1523528889278 HTTP/1.1" 200 28 "http://renault.activities.at/checkout" "Mozilla/5.0 (Windows NT 10.0; WOW64; Trident/7.0; rv:11.0) like Gecko"
193.194.132.70 - - [12/Apr/2018:12:28:13 +0200] "GET /reload?ser=1523528893608 HTTP/1.1" 200 28 "http://renault.2web.at/result?dir=DESC&mode=grid&order=name&limit=15&page=3&search=Clio" "Mozilla/5.0 (Windows NT 6.1; WOW64; Trident/7.0; rv:11.0) like Gecko"
178.188.249.126 - - [12/Apr/2018:12:28:25 +0200] "GET /reload?ser=1523528902226 HTTP/1.1" 200 28 "http://renault.activities.at/success" "Mozilla/5.0 (Windows NT 6.1; WOW64; Trident/7.0; MASBJS; rv:11.0) like Gecko"
193.194.132.79 - - [12/Apr/2018:12:28:28 +0200] "GET /reload?ser=1523528908274 HTTP/1.1" 200 28 "http://renault.2web.at/account?loadrequest=true" "Mozilla/5.0 (Windows NT 6.1; WOW64; Trident/7.0; rv:11.0) like Gecko"
212.152.246.135 - - [12/Apr/2018:12:29:10 +0200] "GET /reload?ser=1523528950229 HTTP/1.1" 200 28 "http://renault.activities.at/checkout" "Mozilla/5.0 (Windows NT 10.0; WOW64; Trident/7.0; rv:11.0) like Gecko"
193.194.132.70 - - [12/Apr/2018:12:29:14 +0200] "GET /reload?ser=1523528954733 HTTP/1.1" 200 28 "http://renault.2web.at/result?dir=DESC&mode=grid&order=name&limit=15&page=3&search=Clio" "Mozilla/5.0 (Windows NT 6.1; WOW64; Trident/7.0; rv:11.0) like Gecko"
178.188.249.126 - - [12/Apr/2018:12:29:26 +0200] "GET /reload?ser=1523528963205 HTTP/1.1" 200 28 "http://renault.activities.at/success" "Mozilla/5.0 (Windows NT 6.1; WOW64; Trident/7.0; MASBJS; rv:11.0) like Gecko"
193.194.132.79 - - [12/Apr/2018:12:29:29 +0200] "GET /reload?ser=1523528969413 HTTP/1.1" 200 28 "http://renault.2web.at/account?loadrequest=true" "Mozilla/5.0 (Windows NT 6.1; WOW64; Trident/7.0; rv:11.0) like Gecko"
212.152.246.135 - - [12/Apr/2018:12:30:11 +0200] "GET /reload?ser=1523529011214 HTTP/1.1" 200 28 "http://renault.activities.at/checkout" "Mozilla/5.0 (Windows NT 10.0; WOW64; Trident/7.0; rv:11.0) like Gecko"
193.194.132.70 - - [12/Apr/2018:12:30:15 +0200] "GET /reload?ser=1523529015841 HTTP/1.1" 200 28 "http://renault.2web.at/result?dir=DESC&mode=grid&order=name&limit=15&page=3&search=Clio" "Mozilla/5.0 (Windows NT 6.1; WOW64; Trident/7.0; rv:11.0) like Gecko"
178.188.249.126 - - [12/Apr/2018:12:30:27 +0200] "GET /reload?ser=1523529024201 HTTP/1.1" 200 28 "http://renault.activities.at/success" "Mozilla/5.0 (Windows NT 6.1; WOW64; Trident/7.0; MASBJS; rv:11.0) like Gecko"
193.194.132.79 - - [12/Apr/2018:12:30:30 +0200] "GET /reload?ser=1523529030518 HTTP/1.1" 200 28 "http://renault.2web.at/account?loadrequest=true" "Mozilla/5.0 (Windows NT 6.1; WOW64; Trident/7.0; rv:11.0) like Gecko"
212.152.246.135 - - [12/Apr/2018:12:31:12 +0200] "GET /reload?ser=1523529072229 HTTP/1.1" 200 28 "http://renault.activities.at/checkout" "Mozilla/5.0 (Windows NT 10.0; WOW64; Trident/7.0; rv:11.0) like Gecko"
193.194.132.70 - - [12/Apr/2018:12:31:17 +0200] "GET /reload?ser=1523529076928 HTTP/1.1" 200 28 "http://renault.2web.at/result?dir=DESC&mode=grid&order=name&limit=15&page=3&search=Clio" "Mozilla/5.0 (Windows NT 6.1; WOW64; Trident/7.0; rv:11.0) like Gecko"
178.188.249.126 - - [12/Apr/2018:12:31:28 +0200] "GET /reload?ser=1523529085228 HTTP/1.1" 200 28 "http://renault.activities.at/success" "Mozilla/5.0 (Windows NT 6.1; WOW64; Trident/7.0; MASBJS; rv:11.0) like Gecko"
193.194.132.79 - - [12/Apr/2018:12:31:31 +0200] "GET /reload?ser=1523529091642 HTTP/1.1" 200 28 "http://renault.2web.at/account?loadrequest=true" "Mozilla/5.0 (Windows NT 6.1; WOW64; Trident/7.0; rv:11.0) like Gecko"
212.152.246.135 - - [12/Apr/2018:12:32:13 +0200] "GET /reload?ser=1523529133212 HTTP/1.1" 200 28 "http://renault.activities.at/checkout" "Mozilla/5.0 (Windows NT 10.0; WOW64; Trident/7.0; rv:11.0) like Gecko"
193.194.132.70 - - [12/Apr/2018:12:32:18 +0200] "GET /reload?ser=1523529138044 HTTP/1.1" 200 28 "http://renault.2web.at/result?dir=DESC&mode=grid&order=name&limit=15&page=3&search=Clio" "Mozilla/5.0 (Windows NT 6.1; WOW64; Trident/7.0; rv:11.0) like Gecko"
178.188.249.126 - - [12/Apr/2018:12:32:29 +0200] "GET /reload?ser=1523529146193 HTTP/1.1" 200 28 "http://renault.activities.at/success" "Mozilla/5.0 (Windows NT 6.1; WOW64; Trident/7.0; MASBJS; rv:11.0) like Gecko"
193.194.132.79 - - [12/Apr/2018:12:32:32 +0200] "GET /reload?ser=1523529152776 HTTP/1.1" 200 28 "http://renault.2web.at/account?loadrequest=true" "Mozilla/5.0 (Windows NT 6.1; WOW64; Trident/7.0; rv:11.0) like Gecko"
212.152.246.135 - - [12/Apr/2018:12:33:14 +0200] "GET /reload?ser=1523529194180 HTTP/1.1" 200 28 "http://renault.activities.at/checkout" "Mozilla/5.0 (Windows NT 10.0; WOW64; Trident/7.0; rv:11.0) like Gecko"
193.194.132.70 - - [12/Apr/2018:12:33:19 +0200] "GET /reload?ser=1523529199103 HTTP/1.1" 200 28 "http://renault.2web.at/result?dir=DESC&mode=grid&order=name&limit=15&page=3&search=Clio" "Mozilla/5.0 (Windows NT 6.1; WOW64; Trident/7.0; rv:11.0) like Gecko"
178.188.249.126 - - [12/Apr/2018:12:33:30 +0200] "GET /reload?ser=1523529207126 HTTP/1.1" 200 28 "http://renault.activities.at/success" "Mozilla/5.0 (Windows NT 6.1; WOW64; Trident/7.0; MASBJS; rv:11.0) like Gecko"
193.194.132.79 - - [12/Apr/2018:12:33:34 +0200] "GET /reload?ser=1523529213887 HTTP/1.1" 200 28 "http://renault.2web.at/account?loadrequest=true" "Mozilla/5.0 (Windows NT 6.1; WOW64; Trident/7.0; rv:11.0) like Gecko"
212.152.246.135 - - [12/Apr/2018:12:34:15 +0200] "GET /reload?ser=1523529255177 HTTP/1.1" 200 28 "http://renault.activities.at/checkout" "Mozilla/5.0 (Windows NT 10.0; WOW64; Trident/7.0; rv:11.0) like Gecko"
193.194.132.70 - - [12/Apr/2018:12:34:20 +0200] "GET /reload?ser=1523529260206 HTTP/1.1" 200 28 "http://renault.2web.at/result?dir=DESC&mode=grid&order=name&limit=15&page=3&search=Clio" "Mozilla/5.0 (Windows NT 6.1; WOW64; Trident/7.0; rv:11.0) like Gecko"
178.188.249.126 - - [12/Apr/2018:12:34:31 +0200] "GET /reload?ser=1523529268137 HTTP/1.1" 200 28 "http://renault.activities.at/success" "Mozilla/5.0 (Windows NT 6.1; WOW64; Trident/7.0; MASBJS; rv:11.0) like Gecko"
193.194.132.79 - - [12/Apr/2018:12:34:35 +0200] "GET /reload?ser=1523529274982 HTTP/1.1" 200 28 "http://renault.2web.at/account?loadrequest=true" "Mozilla/5.0 (Windows NT 6.1; WOW64; Trident/7.0; rv:11.0) like Gecko"
212.152.246.135 - - [12/Apr/2018:12:35:16 +0200] "GET /reload?ser=1523529316163 HTTP/1.1" 200 28 "http://renault.activities.at/checkout" "Mozilla/5.0 (Windows NT 10.0; WOW64; Trident/7.0; rv:11.0) like Gecko"
193.194.132.70 - - [12/Apr/2018:12:35:21 +0200] "GET /reload?ser=1523529321254 HTTP/1.1" 200 28 "http://renault.2web.at/result?dir=DESC&mode=grid&order=name&limit=15&page=3&search=Clio" "Mozilla/5.0 (Windows NT 6.1; WOW64; Trident/7.0; rv:11.0) like Gecko"
178.188.249.126 - - [12/Apr/2018:12:35:32 +0200] "GET /reload?ser=1523529329101 HTTP/1.1" 200 28 "http://renault.activities.at/success" "Mozilla/5.0 (Windows NT 6.1; WOW64; Trident/7.0; MASBJS; rv:11.0) like Gecko"
193.194.132.79 - - [12/Apr/2018:12:35:36 +0200] "GET /reload?ser=1523529336048 HTTP/1.1" 200 28 "http://renault.2web.at/account?loadrequest=true" "Mozilla/5.0 (Windows NT 6.1; WOW64; Trident/7.0; rv:11.0) like Gecko"
212.152.246.135 - - [12/Apr/2018:12:36:17 +0200] "GET /reload?ser=1523529377114 HTTP/1.1" 200 28 "http://renault.activities.at/checkout" "Mozilla/5.0 (Windows NT 10.0; WOW64; Trident/7.0; rv:11.0) like Gecko"
193.194.132.70 - - [12/Apr/2018:12:36:22 +0200] "GET /reload?ser=1523529382345 HTTP/1.1" 200 28 "http://renault.2web.at/result?dir=DESC&mode=grid&order=name&limit=15&page=3&search=Clio" "Mozilla/5.0 (Windows NT 6.1; WOW64; Trident/7.0; rv:11.0) like Gecko"
178.188.249.126 - - [12/Apr/2018:12:36:32 +0200] "GET /reload?ser=1523529390106 HTTP/1.1" 200 28 "http://renault.activities.at/success" "Mozilla/5.0 (Windows NT 6.1; WOW64; Trident/7.0; MASBJS; rv:11.0) like Gecko"
193.194.132.79 - - [12/Apr/2018:12:36:37 +0200] "GET /reload?ser=1523529397117 HTTP/1.1" 200 28 "http://renault.2web.at/account?loadrequest=true" "Mozilla/5.0 (Windows NT 6.1; WOW64; Trident/7.0; rv:11.0) like Gecko"
212.152.246.135 - - [12/Apr/2018:12:37:18 +0200] "GET /reload?ser=1523529438081 HTTP/1.1" 200 28 "http://renault.activities.at/checkout" "Mozilla/5.0 (Windows NT 10.0; WOW64; Trident/7.0; rv:11.0) like Gecko"
193.194.132.70 - - [12/Apr/2018:12:37:23 +0200] "GET /reload?ser=1523529443391 HTTP/1.1" 200 28 "http://renault.2web.at/result?dir=DESC&mode=grid&order=name&limit=15&page=3&search=Clio" "Mozilla/5.0 (Windows NT 6.1; WOW64; Trident/7.0; rv:11.0) like Gecko"
178.188.249.126 - - [12/Apr/2018:12:37:33 +0200] "GET /reload?ser=1523529451071 HTTP/1.1" 200 28 "http://renault.activities.at/success" "Mozilla/5.0 (Windows NT 6.1; WOW64; Trident/7.0; MASBJS; rv:11.0) like Gecko"
193.194.132.79 - - [12/Apr/2018:12:37:38 +0200] "GET /reload?ser=1523529458247 HTTP/1.1" 200 28 "http://renault.2web.at/account?loadrequest=true" "Mozilla/5.0 (Windows NT 6.1; WOW64; Trident/7.0; rv:11.0) like Gecko"
212.152.246.135 - - [12/Apr/2018:12:38:19 +0200] "GET /reload?ser=1523529499032 HTTP/1.1" 200 28 "http://renault.activities.at/checkout" "Mozilla/5.0 (Windows NT 10.0; WOW64; Trident/7.0; rv:11.0) like Gecko"
193.194.132.70 - - [12/Apr/2018:12:38:24 +0200] "GET /reload?ser=1523529504447 HTTP/1.1" 200 28 "http://renault.2web.at/result?dir=DESC&mode=grid&order=name&limit=15&page=3&search=Clio" "Mozilla/5.0 (Windows NT 6.1; WOW64; Trident/7.0; rv:11.0) like Gecko"
178.188.249.126 - - [12/Apr/2018:12:38:34 +0200] "GET /reload?ser=1523529512081 HTTP/1.1" 200 28 "http://renault.activities.at/success" "Mozilla/5.0 (Windows NT 6.1; WOW64; Trident/7.0; MASBJS; rv:11.0) like Gecko"
193.194.132.79 - - [12/Apr/2018:12:38:39 +0200] "GET /reload?ser=1523529519381 HTTP/1.1" 200 28 "http://renault.2web.at/account?loadrequest=true" "Mozilla/5.0 (Windows NT 6.1; WOW64; Trident/7.0; rv:11.0) like Gecko"
212.152.246.135 - - [12/Apr/2018:12:39:20 +0200] "GET /reload?ser=1523529560032 HTTP/1.1" 200 28 "http://renault.activities.at/checkout" "Mozilla/5.0 (Windows NT 10.0; WOW64; Trident/7.0; rv:11.0) like Gecko"
193.194.132.70 - - [12/Apr/2018:12:39:25 +0200] "GET /reload?ser=1523529565520 HTTP/1.1" 200 28 "http://renault.2web.at/result?dir=DESC&mode=grid&order=name&limit=15&page=3&search=Clio" "Mozilla/5.0 (Windows NT 6.1; WOW64; Trident/7.0; rv:11.0) like Gecko"
178.188.249.126 - - [12/Apr/2018:12:39:35 +0200] "GET /reload?ser=1523529573045 HTTP/1.1" 200 28 "http://renault.activities.at/success" "Mozilla/5.0 (Windows NT 6.1; WOW64; Trident/7.0; MASBJS; rv:11.0) like Gecko"
193.194.132.79 - - [12/Apr/2018:12:39:40 +0200] "GET /reload?ser=1523529580523 HTTP/1.1" 200 28 "http://renault.2web.at/account?loadrequest=true" "Mozilla/5.0 (Windows NT 6.1; WOW64; Trident/7.0; rv:11.0) like Gecko"
212.152.246.135 - - [12/Apr/2018:12:40:20 +0200] "GET /reload?ser=1523529620967 HTTP/1.1" 200 28 "http://renault.activities.at/checkout" "Mozilla/5.0 (Windows NT 10.0; WOW64; Trident/7.0; rv:11.0) like Gecko"
193.194.132.70 - - [12/Apr/2018:12:40:26 +0200] "GET /reload?ser=1523529626524 HTTP/1.1" 200 28 "http://renault.2web.at/result?dir=DESC&mode=grid&order=name&limit=15&page=3&search=Clio" "Mozilla/5.0 (Windows NT 6.1; WOW64; Trident/7.0; rv:11.0) like Gecko"
178.188.249.126 - - [12/Apr/2018:12:40:36 +0200] "GET /reload?ser=1523529633994 HTTP/1.1" 200 28 "http://renault.activities.at/success" "Mozilla/5.0 (Windows NT 6.1; WOW64; Trident/7.0; MASBJS; rv:11.0) like Gecko"
193.194.132.79 - - [12/Apr/2018:12:40:41 +0200] "GET /reload?ser=1523529641616 HTTP/1.1" 200 28 "http://renault.2web.at/account?loadrequest=true" "Mozilla/5.0 (Windows NT 6.1; WOW64; Trident/7.0; rv:11.0) like Gecko"
212.152.246.135 - - [12/Apr/2018:12:41:21 +0200] "GET /reload?ser=1523529681927 HTTP/1.1" 200 28 "http://renault.activities.at/checkout" "Mozilla/5.0 (Windows NT 10.0; WOW64; Trident/7.0; rv:11.0) like Gecko"
193.194.132.70 - - [12/Apr/2018:12:41:27 +0200] "GET /reload?ser=1523529687566 HTTP/1.1" 200 28 "http://renault.2web.at/result?dir=DESC&mode=grid&order=name&limit=15&page=3&search=Clio" "Mozilla/5.0 (Windows NT 6.1; WOW64; Trident/7.0; rv:11.0) like Gecko"
178.188.249.126 - - [12/Apr/2018:12:41:37 +0200] "GET /reload?ser=1523529694958 HTTP/1.1" 200 28 "http://renault.activities.at/success" "Mozilla/5.0 (Windows NT 6.1; WOW64; Trident/7.0; MASBJS; rv:11.0) like Gecko"
193.194.132.79 - - [12/Apr/2018:12:41:42 +0200] "GET /reload?ser=1523529702738 HTTP/1.1" 200 28 "http://renault.2web.at/account?loadrequest=true" "Mozilla/5.0 (Windows NT 6.1; WOW64; Trident/7.0; rv:11.0) like Gecko"
212.152.246.135 - - [12/Apr/2018:12:42:22 +0200] "GET /reload?ser=1523529742917 HTTP/1.1" 200 28 "http://renault.activities.at/checkout" "Mozilla/5.0 (Windows NT 10.0; WOW64; Trident/7.0; rv:11.0) like Gecko"
193.194.132.70 - - [12/Apr/2018:12:42:28 +0200] "GET /reload?ser=1523529748585 HTTP/1.1" 200 28 "http://renault.2web.at/result?dir=DESC&mode=grid&order=name&limit=15&page=3&search=Clio" "Mozilla/5.0 (Windows NT 6.1; WOW64; Trident/7.0; rv:11.0) like Gecko"
178.188.249.126 - - [12/Apr/2018:12:42:38 +0200] "GET /reload?ser=1523529755954 HTTP/1.1" 200 28 "http://renault.activities.at/success" "Mozilla/5.0 (Windows NT 6.1; WOW64; Trident/7.0; MASBJS; rv:11.0) like Gecko"
193.194.132.79 - - [12/Apr/2018:12:42:44 +0200] "GET /reload?ser=1523529763869 HTTP/1.1" 200 28 "http://renault.2web.at/account?loadrequest=true" "Mozilla/5.0 (Windows NT 6.1; WOW64; Trident/7.0; rv:11.0) like Gecko"
212.152.246.135 - - [12/Apr/2018:12:43:23 +0200] "GET /reload?ser=1523529803879 HTTP/1.1" 200 28 "http://renault.activities.at/checkout" "Mozilla/5.0 (Windows NT 10.0; WOW64; Trident/7.0; rv:11.0) like Gecko"
193.194.132.70 - - [12/Apr/2018:12:43:29 +0200] "GET /reload?ser=1523529809717 HTTP/1.1" 200 28 "http://renault.2web.at/result?dir=DESC&mode=grid&order=name&limit=15&page=3&search=Clio" "Mozilla/5.0 (Windows NT 6.1; WOW64; Trident/7.0; rv:11.0) like Gecko"
178.188.249.126 - - [12/Apr/2018:12:43:39 +0200] "GET /reload?ser=1523529816949 HTTP/1.1" 200 28 "http://renault.activities.at/success" "Mozilla/5.0 (Windows NT 6.1; WOW64; Trident/7.0; MASBJS; rv:11.0) like Gecko"
193.194.132.79 - - [12/Apr/2018:12:43:45 +0200] "GET /reload?ser=1523529825001 HTTP/1.1" 200 28 "http://renault.2web.at/account?loadrequest=true" "Mozilla/5.0 (Windows NT 6.1; WOW64; Trident/7.0; rv:11.0) like Gecko"
212.152.246.135 - - [12/Apr/2018:12:44:25 +0200] "GET /reload?ser=1523529864900 HTTP/1.1" 200 28 "http://renault.activities.at/checkout" "Mozilla/5.0 (Windows NT 10.0; WOW64; Trident/7.0; rv:11.0) like Gecko"
193.194.132.70 - - [12/Apr/2018:12:44:30 +0200] "GET /reload?ser=1523529870738 HTTP/1.1" 200 28 "http://renault.2web.at/result?dir=DESC&mode=grid&order=name&limit=15&page=3&search=Clio" "Mozilla/5.0 (Windows NT 6.1; WOW64; Trident/7.0; rv:11.0) like Gecko"
178.188.249.126 - - [12/Apr/2018:12:44:40 +0200] "GET /reload?ser=1523529877961 HTTP/1.1" 200 28 "http://renault.activities.at/success" "Mozilla/5.0 (Windows NT 6.1; WOW64; Trident/7.0; MASBJS; rv:11.0) like Gecko"
193.194.132.79 - - [12/Apr/2018:12:44:46 +0200] "GET /reload?ser=1523529886078 HTTP/1.1" 200 28 "http://renault.2web.at/account?loadrequest=true" "Mozilla/5.0 (Windows NT 6.1; WOW64; Trident/7.0; rv:11.0) like Gecko"
212.152.246.135 - - [12/Apr/2018:12:45:26 +0200] "GET /reload?ser=1523529926169 HTTP/1.1" 200 28 "http://renault.activities.at/checkout" "Mozilla/5.0 (Windows NT 10.0; WOW64; Trident/7.0; rv:11.0) like Gecko"
193.194.132.70 - - [12/Apr/2018:12:45:31 +0200] "GET /reload?ser=1523529931835 HTTP/1.1" 200 28 "http://renault.2web.at/result?dir=DESC&mode=grid&order=name&limit=15&page=3&search=Clio" "Mozilla/5.0 (Windows NT 6.1; WOW64; Trident/7.0; rv:11.0) like Gecko"
178.188.249.126 - - [12/Apr/2018:12:45:41 +0200] "GET /reload?ser=1523529938971 HTTP/1.1" 200 28 "http://renault.activities.at/success" "Mozilla/5.0 (Windows NT 6.1; WOW64; Trident/7.0; MASBJS; rv:11.0) like Gecko"
193.194.132.79 - - [12/Apr/2018:12:45:47 +0200] "GET /reload?ser=1523529947123 HTTP/1.1" 200 28 "http://renault.2web.at/account?loadrequest=true" "Mozilla/5.0 (Windows NT 6.1; WOW64; Trident/7.0; rv:11.0) like Gecko"
212.152.246.135 - - [12/Apr/2018:12:46:27 +0200] "GET /reload?ser=1523529987187 HTTP/1.1" 200 28 "http://renault.activities.at/checkout" "Mozilla/5.0 (Windows NT 10.0; WOW64; Trident/7.0; rv:11.0) like Gecko"
193.194.132.79 - - [12/Apr/2018:12:46:27 +0200] "POST /axjaxrequest?mode=suggest HTTP/1.1" 200 133 "http://renault.2web.at/account?loadrequest=true" "Mozilla/5.0 (Windows NT 6.1; WOW64; Trident/7.0; rv:11.0) like Gecko"
193.194.132.79 - - [12/Apr/2018:12:46:29 +0200] "GET /result?searchterm=true&search=dacia+duster HTTP/1.1" 200 11665 "http://renault.2web.at/account?loadrequest=true" "Mozilla/5.0 (Windows NT 6.1; WOW64; Trident/7.0; rv:11.0) like Gecko"
193.194.132.79 - - [12/Apr/2018:12:46:31 +0200] "GET /js/index.php?c=auto&f=,prototype/prototype.js,prototype/validation.js,scriptaculous/builder.js,scriptaculous/effects.js,scriptaculous/dragdrop.js,scriptaculous/controls.js,scriptaculous/slider.js,varien/js.js,varien/form.js,varien/menu.js,mage/translate.js,mage/cookies.js,varien/product.js,spinner/SpinnerControl.jsmin.js,prototype/window.js,prototype/window_ext.js HTTP/1.1" 304 - "http://renault.2web.at/result?searchterm=true&search=dacia+duster" "Mozilla/5.0 (Windows NT 6.1; WOW64; Trident/7.0; rv:11.0) like Gecko"
193.194.132.79 - - [12/Apr/2018:12:46:32 +0200] "GET /images/loading.gif HTTP/1.1" 200 3208 "http://renault.2web.at/result?searchterm=true&search=dacia+duster" "Mozilla/5.0 (Windows NT 6.1; WOW64; Trident/7.0; rv:11.0) like Gecko"
193.194.132.79 - - [12/Apr/2018:12:46:32 +0200] "GET /loadthumbnail.php?id=11711045&width=113 HTTP/1.1" 200 2986 "http://renault.2web.at/result?searchterm=true&search=dacia+duster" "Mozilla/5.0 (Windows NT 6.1; WOW64; Trident/7.0; rv:11.0) like Gecko"
193.194.132.79 - - [12/Apr/2018:12:46:32 +0200] "GET /loadthumbnail.php?id=10203255 HTTP/1.1" 200 137 "http://renault.2web.at/result?searchterm=true&search=dacia+duster" "Mozilla/5.0 (Windows NT 6.1; WOW64; Trident/7.0; rv:11.0) like Gecko"
193.194.132.79 - - [12/Apr/2018:12:46:32 +0200] "GET /loadthumbnail.php?id=11676220&width=113 HTTP/1.1" 200 1633 "http://renault.2web.at/result?searchterm=true&search=dacia+duster" "Mozilla/5.0 (Windows NT 6.1; WOW64; Trident/7.0; rv:11.0) like Gecko"
193.194.132.79 - - [12/Apr/2018:12:46:32 +0200] "GET /loadthumbnail.php?id=10428168&width=113 HTTP/1.1" 200 2469 "http://renault.2web.at/result?searchterm=true&search=dacia+duster" "Mozilla/5.0 (Windows NT 6.1; WOW64; Trident/7.0; rv:11.0) like Gecko"
193.194.132.79 - - [12/Apr/2018:12:46:32 +0200] "GET /loadthumbnail.php?id=11665066&width=113 HTTP/1.1" 200 4533 "http://renault.2web.at/result?searchterm=true&search=dacia+duster" "Mozilla/5.0 (Windows NT 6.1; WOW64; Trident/7.0; rv:11.0) like Gecko"
193.194.132.79 - - [12/Apr/2018:12:46:32 +0200] "GET /loadthumbnail.php?id=10428967&width=113 HTTP/1.1" 200 2469 "http://renault.2web.at/result?searchterm=true&search=dacia+duster" "Mozilla/5.0 (Windows NT 6.1; WOW64; Trident/7.0; rv:11.0) like Gecko"
193.194.132.79 - - [12/Apr/2018:12:46:32 +0200] "GET /loadthumbnail.php?id=11665065&width=113 HTTP/1.1" 200 2677 "http://renault.2web.at/result?searchterm=true&search=dacia+duster" "Mozilla/5.0 (Windows NT 6.1; WOW64; Trident/7.0; rv:11.0) like Gecko"
193.194.132.79 - - [12/Apr/2018:12:46:32 +0200] "GET /images/pager_bg.gif HTTP/1.1" 200 150 "http://renault.2web.at/result?searchterm=true&search=dacia+duster" "Mozilla/5.0 (Windows NT 6.1; WOW64; Trident/7.0; rv:11.0) like Gecko"
193.194.132.79 - - [12/Apr/2018:12:46:32 +0200] "GET /loadthumbnail.php?id=11784480&width=113 HTTP/1.1" 200 4887 "http://renault.2web.at/result?searchterm=true&search=dacia+duster" "Mozilla/5.0 (Windows NT 6.1; WOW64; Trident/7.0; rv:11.0) like Gecko"
193.194.132.79 - - [12/Apr/2018:12:46:32 +0200] "GET /loadthumbnail.php?id=11710979&width=113 HTTP/1.1" 200 1909 "http://renault.2web.at/result?searchterm=true&search=dacia+duster" "Mozilla/5.0 (Windows NT 6.1; WOW64; Trident/7.0; rv:11.0) like Gecko"
193.194.132.79 - - [12/Apr/2018:12:46:32 +0200] "GET /images/vista-up.gif HTTP/1.1" 200 131 "http://renault.2web.at/result?searchterm=true&search=dacia+duster" "Mozilla/5.0 (Windows NT 6.1; WOW64; Trident/7.0; rv:11.0) like Gecko"
193.194.132.79 - - [12/Apr/2018:12:46:32 +0200] "GET /images/vista-dn.gif HTTP/1.1" 200 128 "http://renault.2web.at/result?searchterm=true&search=dacia+duster" "Mozilla/5.0 (Windows NT 6.1; WOW64; Trident/7.0; rv:11.0) like Gecko"
193.194.132.79 - - [12/Apr/2018:12:46:32 +0200] "GET /loadthumbnail.php?id=11679165&width=113 HTTP/1.1" 200 19398 "http://renault.2web.at/result?searchterm=true&search=dacia+duster" "Mozilla/5.0 (Windows NT 6.1; WOW64; Trident/7.0; rv:11.0) like Gecko"
193.194.132.79 - - [12/Apr/2018:12:46:32 +0200] "GET /loadthumbnail.php?id=11715009&width=113 HTTP/1.1" 200 22295 "http://renault.2web.at/result?searchterm=true&search=dacia+duster" "Mozilla/5.0 (Windows NT 6.1; WOW64; Trident/7.0; rv:11.0) like Gecko"
193.194.132.79 - - [12/Apr/2018:12:46:29 +0200] "POST /axjaxrequest?mode=suggest HTTP/1.1" 200 21 "http://renault.2web.at/account?loadrequest=true" "Mozilla/5.0 (Windows NT 6.1; WOW64; Trident/7.0; rv:11.0) like Gecko"
193.194.132.79 - - [12/Apr/2018:12:46:32 +0200] "GET /loadthumbnail.php?id=11127982 HTTP/1.1" 200 399614 "http://renault.2web.at/result?searchterm=true&search=dacia+duster" "Mozilla/5.0 (Windows NT 6.1; WOW64; Trident/7.0; rv:11.0) like Gecko"
193.194.132.70 - - [12/Apr/2018:12:46:33 +0200] "GET /reload?ser=1523529992945 HTTP/1.1" 200 28 "http://renault.2web.at/result?dir=DESC&mode=grid&order=name&limit=15&page=3&search=Clio" "Mozilla/5.0 (Windows NT 6.1; WOW64; Trident/7.0; rv:11.0) like Gecko"
178.188.249.126 - - [12/Apr/2018:12:46:42 +0200] "GET /reload?ser=1523529999936 HTTP/1.1" 200 28 "http://renault.activities.at/success" "Mozilla/5.0 (Windows NT 6.1; WOW64; Trident/7.0; MASBJS; rv:11.0) like Gecko"
193.194.132.79 - - [12/Apr/2018:12:46:48 +0200] "GET /css/themes/alphacube/frame_right.gif HTTP/1.1" 200 64 "http://renault.2web.at/result?searchterm=true&search=dacia+duster" "Mozilla/5.0 (Windows NT 6.1; WOW64; Trident/7.0; rv:11.0) like Gecko"
193.194.132.79 - - [12/Apr/2018:12:46:48 +0200] "GET /css/themes/alphacube/top_mid.gif HTTP/1.1" 200 833 "http://renault.2web.at/result?searchterm=true&search=dacia+duster" "Mozilla/5.0 (Windows NT 6.1; WOW64; Trident/7.0; rv:11.0) like Gecko"
193.194.132.79 - - [12/Apr/2018:12:46:48 +0200] "GET /css/themes/alphacube/bottom_middle.gif HTTP/1.1" 200 44 "http://renault.2web.at/result?searchterm=true&search=dacia+duster" "Mozilla/5.0 (Windows NT 6.1; WOW64; Trident/7.0; rv:11.0) like Gecko"
193.194.132.79 - - [12/Apr/2018:12:46:48 +0200] "GET /css/themes/alphacube/frame_left.gif HTTP/1.1" 200 64 "http://renault.2web.at/result?searchterm=true&search=dacia+duster" "Mozilla/5.0 (Windows NT 6.1; WOW64; Trident/7.0; rv:11.0) like Gecko"
193.194.132.79 - - [12/Apr/2018:12:46:48 +0200] "GET /css/themes/alphacube/button-close-focus.gif HTTP/1.1" 200 699 "http://renault.2web.at/result?searchterm=true&search=dacia+duster" "Mozilla/5.0 (Windows NT 6.1; WOW64; Trident/7.0; rv:11.0) like Gecko"
193.194.132.79 - - [12/Apr/2018:12:46:48 +0200] "GET /css/themes/alphacube/bottom_right-c.gif HTTP/1.1" 200 62 "http://renault.2web.at/result?searchterm=true&search=dacia+duster" "Mozilla/5.0 (Windows NT 6.1; WOW64; Trident/7.0; rv:11.0) like Gecko"
193.194.132.79 - - [12/Apr/2018:12:46:48 +0200] "GET /css/themes/alphacube/top_right.gif HTTP/1.1" 200 972 "http://renault.2web.at/result?searchterm=true&search=dacia+duster" "Mozilla/5.0 (Windows NT 6.1; WOW64; Trident/7.0; rv:11.0) like Gecko"
193.194.132.79 - - [12/Apr/2018:12:46:48 +0200] "GET /css/themes/alphacube/bottom_left-c.gif HTTP/1.1" 200 62 "http://renault.2web.at/result?searchterm=true&search=dacia+duster" "Mozilla/5.0 (Windows NT 6.1; WOW64; Trident/7.0; rv:11.0) like Gecko"
193.194.132.79 - - [12/Apr/2018:12:46:48 +0200] "GET /css/themes/alphacube/top_left.gif HTTP/1.1" 200 973 "http://renault.2web.at/result?searchterm=true&search=dacia+duster" "Mozilla/5.0 (Windows NT 6.1; WOW64; Trident/7.0; rv:11.0) like Gecko"
193.194.132.79 - - [12/Apr/2018:12:46:48 +0200] "GET /10428165?print=true HTTP/1.1" 200 2643 "http://renault.2web.at/result?searchterm=true&search=dacia+duster" "Mozilla/5.0 (Windows NT 6.1; WOW64; Trident/7.0; rv:11.0) like Gecko"
193.194.132.79 - - [12/Apr/2018:12:46:51 +0200] "GET /js/index.php?c=auto&f=,prototype/prototype.js,prototype/validation.js,scriptaculous/builder.js,scriptaculous/effects.js,scriptaculous/dragdrop.js,scriptaculous/controls.js,scriptaculous/slider.js,varien/js.js,varien/form.js,varien/menu.js,mage/translate.js,mage/cookies.js,varien/product.js,spinner/SpinnerControl.jsmin.js,prototype/window.js,prototype/window_ext.js HTTP/1.1" 304 - "http://renault.2web.at/10428165?print=true" "Mozilla/5.0 (Windows NT 6.1; WOW64; Trident/7.0; rv:11.0) like Gecko"
193.194.132.79 - - [12/Apr/2018:12:46:51 +0200] "GET /loadthumbnail.php?id=10428168&width=250 HTTP/1.1" 200 7607 "http://renault.2web.at/10428165?print=true" "Mozilla/5.0 (Windows NT 6.1; WOW64; Trident/7.0; rv:11.0) like Gecko"
193.194.132.79 - - [12/Apr/2018:12:46:51 +0200] "GET /loadthumbnail.php?id=10428168&width=900&height=900 HTTP/1.1" 200 48061 "http://renault.2web.at/10428165?print=true" "Mozilla/5.0 (Windows NT 6.1; WOW64; Trident/7.0; rv:11.0) like Gecko"
193.194.132.79 - - [12/Apr/2018:12:46:52 +0200] "GET /js/magiczoom/graphics/loader.gif HTTP/1.1" 200 1849 "http://renault.2web.at/10428165?print=true" "Mozilla/5.0 (Windows NT 6.1; WOW64; Trident/7.0; rv:11.0) like Gecko"
193.194.132.79 - - [12/Apr/2018:12:46:52 +0200] "GET /js/magiczoom/graphics/hint.gif HTTP/1.1" 200 73 "http://renault.2web.at/10428165?print=true" "Mozilla/5.0 (Windows NT 6.1; WOW64; Trident/7.0; rv:11.0) like Gecko"
193.194.132.79 - - [12/Apr/2018:12:46:52 +0200] "GET /graphics/zoomin.cur HTTP/1.1" 200 6391 "http://renault.2web.at/10428165?print=true" "Mozilla/5.0 (Windows NT 6.1; WOW64; Trident/7.0; rv:11.0) like Gecko"
193.194.132.79 - - [12/Apr/2018:12:46:53 +0200] "GET /graphics/zoomin.cur HTTP/1.1" 200 6391 "http://renault.2web.at/10428165?print=true" "Mozilla/5.0 (Windows NT 6.1; WOW64; Trident/7.0; rv:11.0) like Gecko"
193.194.132.79 - - [12/Apr/2018:12:46:59 +0200] "GET /graphics/zoomin.cur HTTP/1.1" 200 6391 "http://renault.2web.at/10428165?print=true" "Mozilla/5.0 (Windows NT 6.1; WOW64; Trident/7.0; rv:11.0) like Gecko"
212.152.246.135 - - [12/Apr/2018:12:47:28 +0200] "GET /reload?ser=1523530048196 HTTP/1.1" 200 28 "http://renault.activities.at/checkout" "Mozilla/5.0 (Windows NT 10.0; WOW64; Trident/7.0; rv:11.0) like Gecko"
193.194.132.79 - - [12/Apr/2018:12:47:33 +0200] "GET /reload?ser=1523530053217 HTTP/1.1" 200 28 "http://renault.2web.at/result?searchterm=true&search=dacia+duster" "Mozilla/5.0 (Windows NT 6.1; WOW64; Trident/7.0; rv:11.0) like Gecko"
193.194.132.70 - - [12/Apr/2018:12:47:34 +0200] "GET /reload?ser=1523530054002 HTTP/1.1" 200 28 "http://renault.2web.at/result?dir=DESC&mode=grid&order=name&limit=15&page=3&search=Clio" "Mozilla/5.0 (Windows NT 6.1; WOW64; Trident/7.0; rv:11.0) like Gecko"
178.188.249.126 - - [12/Apr/2018:12:47:43 +0200] "GET /reload?ser=1523530060884 HTTP/1.1" 200 28 "http://renault.activities.at/success" "Mozilla/5.0 (Windows NT 6.1; WOW64; Trident/7.0; MASBJS; rv:11.0) like Gecko"
212.152.246.135 - - [12/Apr/2018:12:48:29 +0200] "GET /reload?ser=1523530109187 HTTP/1.1" 200 28 "http://renault.activities.at/checkout" "Mozilla/5.0 (Windows NT 10.0; WOW64; Trident/7.0; rv:11.0) like Gecko"
193.194.132.79 - - [12/Apr/2018:12:48:34 +0200] "GET /reload?ser=1523530114287 HTTP/1.1" 200 28 "http://renault.2web.at/result?searchterm=true&search=dacia+duster" "Mozilla/5.0 (Windows NT 6.1; WOW64; Trident/7.0; rv:11.0) like Gecko"
193.194.132.70 - - [12/Apr/2018:12:48:35 +0200] "GET /reload?ser=1523530115069 HTTP/1.1" 200 28 "http://renault.2web.at/result?dir=DESC&mode=grid&order=name&limit=15&page=3&search=Clio" "Mozilla/5.0 (Windows NT 6.1; WOW64; Trident/7.0; rv:11.0) like Gecko"
178.188.249.126 - - [12/Apr/2018:12:48:44 +0200] "GET /reload?ser=1523530121848 HTTP/1.1" 200 28 "http://renault.activities.at/success" "Mozilla/5.0 (Windows NT 6.1; WOW64; Trident/7.0; MASBJS; rv:11.0) like Gecko"
94.23.20.139 - - [12/Apr/2018:12:49:20 +0200] "GET //wp-content/themes/u-design/style.css HTTP/1.0" 200 5660 "-" "Mozilla/5.0 (Windows NT 6.1; Win64; x64) AppleWebKit/537.36 (KHTML, like Gecko) Chrome/62.0.3202.94 Safari/537.36"
212.152.246.135 - - [12/Apr/2018:12:49:30 +0200] "GET /reload?ser=1523530170208 HTTP/1.1" 200 28 "http://renault.activities.at/checkout" "Mozilla/5.0 (Windows NT 10.0; WOW64; Trident/7.0; rv:11.0) like Gecko"
193.194.132.79 - - [12/Apr/2018:12:49:35 +0200] "GET /reload?ser=1523530175398 HTTP/1.1" 200 28 "http://renault.2web.at/result?searchterm=true&search=dacia+duster" "Mozilla/5.0 (Windows NT 6.1; WOW64; Trident/7.0; rv:11.0) like Gecko"
193.194.132.70 - - [12/Apr/2018:12:49:36 +0200] "GET /reload?ser=1523530176140 HTTP/1.1" 200 28 "http://renault.2web.at/result?dir=DESC&mode=grid&order=name&limit=15&page=3&search=Clio" "Mozilla/5.0 (Windows NT 6.1; WOW64; Trident/7.0; rv:11.0) like Gecko"
178.188.249.126 - - [12/Apr/2018:12:49:45 +0200] "GET /reload?ser=1523530182828 HTTP/1.1" 200 28 "http://renault.activities.at/success" "Mozilla/5.0 (Windows NT 6.1; WOW64; Trident/7.0; MASBJS; rv:11.0) like Gecko"
212.152.246.135 - - [12/Apr/2018:12:50:31 +0200] "GET /reload?ser=1523530231145 HTTP/1.1" 200 28 "http://renault.activities.at/checkout" "Mozilla/5.0 (Windows NT 10.0; WOW64; Trident/7.0; rv:11.0) like Gecko"
193.194.132.79 - - [12/Apr/2018:12:50:36 +0200] "GET /reload?ser=1523530236505 HTTP/1.1" 200 28 "http://renault.2web.at/result?searchterm=true&search=dacia+duster" "Mozilla/5.0 (Windows NT 6.1; WOW64; Trident/7.0; rv:11.0) like Gecko"
193.194.132.70 - - [12/Apr/2018:12:50:37 +0200] "GET /reload?ser=1523530237187 HTTP/1.1" 200 28 "http://renault.2web.at/result?dir=DESC&mode=grid&order=name&limit=15&page=3&search=Clio" "Mozilla/5.0 (Windows NT 6.1; WOW64; Trident/7.0; rv:11.0) like Gecko"
178.188.249.126 - - [12/Apr/2018:12:50:46 +0200] "GET /reload?ser=1523530243825 HTTP/1.1" 200 28 "http://renault.activities.at/success" "Mozilla/5.0 (Windows NT 6.1; WOW64; Trident/7.0; MASBJS; rv:11.0) like Gecko"
212.152.246.135 - - [12/Apr/2018:12:51:32 +0200] "GET /reload?ser=1523530292104 HTTP/1.1" 200 28 "http://renault.activities.at/checkout" "Mozilla/5.0 (Windows NT 10.0; WOW64; Trident/7.0; rv:11.0) like Gecko"
193.194.132.79 - - [12/Apr/2018:12:51:37 +0200] "GET /reload?ser=1523530297584 HTTP/1.1" 200 28 "http://renault.2web.at/result?searchterm=true&search=dacia+duster" "Mozilla/5.0 (Windows NT 6.1; WOW64; Trident/7.0; rv:11.0) like Gecko"
193.194.132.70 - - [12/Apr/2018:12:51:38 +0200] "GET /reload?ser=1523530298280 HTTP/1.1" 200 28 "http://renault.2web.at/result?dir=DESC&mode=grid&order=name&limit=15&page=3&search=Clio" "Mozilla/5.0 (Windows NT 6.1; WOW64; Trident/7.0; rv:11.0) like Gecko"
178.188.249.126 - - [12/Apr/2018:12:51:47 +0200] "GET /reload?ser=1523530304788 HTTP/1.1" 200 28 "http://renault.activities.at/success" "Mozilla/5.0 (Windows NT 6.1; WOW64; Trident/7.0; MASBJS; rv:11.0) like Gecko"
212.152.246.135 - - [12/Apr/2018:12:52:33 +0200] "GET /reload?ser=1523530353063 HTTP/1.1" 200 28 "http://renault.activities.at/checkout" "Mozilla/5.0 (Windows NT 10.0; WOW64; Trident/7.0; rv:11.0) like Gecko"
193.194.132.79 - - [12/Apr/2018:12:52:38 +0200] "GET /reload?ser=1523530358685 HTTP/1.1" 200 28 "http://renault.2web.at/result?searchterm=true&search=dacia+duster" "Mozilla/5.0 (Windows NT 6.1; WOW64; Trident/7.0; rv:11.0) like Gecko"
193.194.132.70 - - [12/Apr/2018:12:52:39 +0200] "GET /reload?ser=1523530359371 HTTP/1.1" 200 28 "http://renault.2web.at/result?dir=DESC&mode=grid&order=name&limit=15&page=3&search=Clio" "Mozilla/5.0 (Windows NT 6.1; WOW64; Trident/7.0; rv:11.0) like Gecko"
212.152.246.135 - - [12/Apr/2018:12:52:42 +0200] "POST /docheckout HTTP/1.1" 200 446 "http://renault.activities.at/checkout" "Mozilla/5.0 (Windows NT 10.0; WOW64; Trident/7.0; rv:11.0) like Gecko"
212.152.246.135 - - [12/Apr/2018:12:52:46 +0200] "POST /docheckout HTTP/1.1" 200 643 "http://renault.activities.at/checkout" "Mozilla/5.0 (Windows NT 10.0; WOW64; Trident/7.0; rv:11.0) like Gecko"
212.152.246.135 - - [12/Apr/2018:12:52:48 +0200] "GET /images/error_msg_icon.gif HTTP/1.1" 200 1013 "http://renault.activities.at/checkout" "Mozilla/5.0 (Windows NT 10.0; WOW64; Trident/7.0; rv:11.0) like Gecko"
178.188.249.126 - - [12/Apr/2018:12:52:48 +0200] "GET /reload?ser=1523530365784 HTTP/1.1" 200 28 "http://renault.activities.at/success" "Mozilla/5.0 (Windows NT 6.1; WOW64; Trident/7.0; MASBJS; rv:11.0) like Gecko"
212.152.246.135 - - [12/Apr/2018:12:53:01 +0200] "POST /docheckout HTTP/1.1" 200 68 "http://renault.activities.at/checkout" "Mozilla/5.0 (Windows NT 10.0; WOW64; Trident/7.0; rv:11.0) like Gecko"
212.152.246.135 - - [12/Apr/2018:12:53:04 +0200] "GET /success HTTP/1.1" 200 3782 "http://renault.activities.at/checkout" "Mozilla/5.0 (Windows NT 10.0; WOW64; Trident/7.0; rv:11.0) like Gecko"
193.194.132.79 - - [12/Apr/2018:12:53:39 +0200] "GET /reload?ser=1523530419813 HTTP/1.1" 200 28 "http://renault.2web.at/result?searchterm=true&search=dacia+duster" "Mozilla/5.0 (Windows NT 6.1; WOW64; Trident/7.0; rv:11.0) like Gecko"
193.194.132.70 - - [12/Apr/2018:12:53:40 +0200] "GET /reload?ser=1523530420459 HTTP/1.1" 200 28 "http://renault.2web.at/result?dir=DESC&mode=grid&order=name&limit=15&page=3&search=Clio" "Mozilla/5.0 (Windows NT 6.1; WOW64; Trident/7.0; rv:11.0) like Gecko"
178.188.249.126 - - [12/Apr/2018:12:53:49 +0200] "GET /reload?ser=1523530426763 HTTP/1.1" 200 28 "http://renault.activities.at/success" "Mozilla/5.0 (Windows NT 6.1; WOW64; Trident/7.0; MASBJS; rv:11.0) like Gecko"
193.194.132.79 - - [12/Apr/2018:12:54:40 +0200] "GET /reload?ser=1523530480893 HTTP/1.1" 200 28 "http://renault.2web.at/result?searchterm=true&search=dacia+duster" "Mozilla/5.0 (Windows NT 6.1; WOW64; Trident/7.0; rv:11.0) like Gecko"
193.194.132.70 - - [12/Apr/2018:12:54:41 +0200] "GET /reload?ser=1523530481584 HTTP/1.1" 200 28 "http://renault.2web.at/result?dir=DESC&mode=grid&order=name&limit=15&page=3&search=Clio" "Mozilla/5.0 (Windows NT 6.1; WOW64; Trident/7.0; rv:11.0) like Gecko"
178.188.249.126 - - [12/Apr/2018:12:54:50 +0200] "GET /reload?ser=1523530487698 HTTP/1.1" 200 28 "http://renault.activities.at/success" "Mozilla/5.0 (Windows NT 6.1; WOW64; Trident/7.0; MASBJS; rv:11.0) like Gecko"
193.194.132.79 - - [12/Apr/2018:12:55:42 +0200] "GET /reload?ser=1523530541982 HTTP/1.1" 200 28 "http://renault.2web.at/result?searchterm=true&search=dacia+duster" "Mozilla/5.0 (Windows NT 6.1; WOW64; Trident/7.0; rv:11.0) like Gecko"
193.194.132.70 - - [12/Apr/2018:12:55:42 +0200] "GET /reload?ser=1523530542680 HTTP/1.1" 200 28 "http://renault.2web.at/result?dir=DESC&mode=grid&order=name&limit=15&page=3&search=Clio" "Mozilla/5.0 (Windows NT 6.1; WOW64; Trident/7.0; rv:11.0) like Gecko"
178.188.249.126 - - [12/Apr/2018:12:55:51 +0200] "GET /reload?ser=1523530548662 HTTP/1.1" 200 28 "http://renault.activities.at/success" "Mozilla/5.0 (Windows NT 6.1; WOW64; Trident/7.0; MASBJS; rv:11.0) like Gecko"
193.194.132.79 - - [12/Apr/2018:12:56:43 +0200] "GET /reload?ser=1523530603108 HTTP/1.1" 200 28 "http://renault.2web.at/result?searchterm=true&search=dacia+duster" "Mozilla/5.0 (Windows NT 6.1; WOW64; Trident/7.0; rv:11.0) like Gecko"
193.194.132.70 - - [12/Apr/2018:12:56:43 +0200] "GET /reload?ser=1523530603802 HTTP/1.1" 200 28 "http://renault.2web.at/result?dir=DESC&mode=grid&order=name&limit=15&page=3&search=Clio" "Mozilla/5.0 (Windows NT 6.1; WOW64; Trident/7.0; rv:11.0) like Gecko"
178.188.249.126 - - [12/Apr/2018:12:56:52 +0200] "GET /reload?ser=1523530609626 HTTP/1.1" 200 28 "http://renault.activities.at/success" "Mozilla/5.0 (Windows NT 6.1; WOW64; Trident/7.0; MASBJS; rv:11.0) like Gecko"
193.194.132.79 - - [12/Apr/2018:12:57:44 +0200] "GET /reload?ser=1523530664248 HTTP/1.1" 200 28 "http://renault.2web.at/result?searchterm=true&search=dacia+duster" "Mozilla/5.0 (Windows NT 6.1; WOW64; Trident/7.0; rv:11.0) like Gecko"
193.194.132.70 - - [12/Apr/2018:12:57:44 +0200] "GET /reload?ser=1523530664893 HTTP/1.1" 200 28 "http://renault.2web.at/result?dir=DESC&mode=grid&order=name&limit=15&page=3&search=Clio" "Mozilla/5.0 (Windows NT 6.1; WOW64; Trident/7.0; rv:11.0) like Gecko"
178.188.249.126 - - [12/Apr/2018:12:57:53 +0200] "GET /reload?ser=1523530670575 HTTP/1.1" 200 28 "http://renault.activities.at/success" "Mozilla/5.0 (Windows NT 6.1; WOW64; Trident/7.0; MASBJS; rv:11.0) like Gecko"
193.194.132.79 - - [12/Apr/2018:12:58:45 +0200] "GET /reload?ser=1523530725404 HTTP/1.1" 200 28 "http://renault.2web.at/result?searchterm=true&search=dacia+duster" "Mozilla/5.0 (Windows NT 6.1; WOW64; Trident/7.0; rv:11.0) like Gecko"
193.194.132.70 - - [12/Apr/2018:12:58:46 +0200] "GET /reload?ser=1523530725934 HTTP/1.1" 200 28 "http://renault.2web.at/result?dir=DESC&mode=grid&order=name&limit=15&page=3&search=Clio" "Mozilla/5.0 (Windows NT 6.1; WOW64; Trident/7.0; rv:11.0) like Gecko"
178.188.249.126 - - [12/Apr/2018:12:58:54 +0200] "GET /reload?ser=1523530731538 HTTP/1.1" 200 28 "http://renault.activities.at/success" "Mozilla/5.0 (Windows NT 6.1; WOW64; Trident/7.0; MASBJS; rv:11.0) like Gecko"
193.194.132.79 - - [12/Apr/2018:12:59:46 +0200] "GET /reload?ser=1523530786567 HTTP/1.1" 200 28 "http://renault.2web.at/result?searchterm=true&search=dacia+duster" "Mozilla/5.0 (Windows NT 6.1; WOW64; Trident/7.0; rv:11.0) like Gecko"
193.194.132.70 - - [12/Apr/2018:12:59:47 +0200] "GET /reload?ser=1523530787019 HTTP/1.1" 200 28 "http://renault.2web.at/result?dir=DESC&mode=grid&order=name&limit=15&page=3&search=Clio" "Mozilla/5.0 (Windows NT 6.1; WOW64; Trident/7.0; rv:11.0) like Gecko"
178.188.249.126 - - [12/Apr/2018:12:59:55 +0200] "GET /reload?ser=1523530792504 HTTP/1.1" 200 28 "http://renault.activities.at/success" "Mozilla/5.0 (Windows NT 6.1; WOW64; Trident/7.0; MASBJS; rv:11.0) like Gecko"
193.194.132.79 - - [12/Apr/2018:13:00:47 +0200] "GET /reload?ser=1523530847645 HTTP/1.1" 200 28 "http://renault.2web.at/result?searchterm=true&search=dacia+duster" "Mozilla/5.0 (Windows NT 6.1; WOW64; Trident/7.0; rv:11.0) like Gecko"
193.194.132.70 - - [12/Apr/2018:13:00:48 +0200] "GET /reload?ser=1523530848120 HTTP/1.1" 200 28 "http://renault.2web.at/result?dir=DESC&mode=grid&order=name&limit=15&page=3&search=Clio" "Mozilla/5.0 (Windows NT 6.1; WOW64; Trident/7.0; rv:11.0) like Gecko"
178.188.249.126 - - [12/Apr/2018:13:00:56 +0200] "GET /reload?ser=1523530853435 HTTP/1.1" 200 28 "http://renault.activities.at/success" "Mozilla/5.0 (Windows NT 6.1; WOW64; Trident/7.0; MASBJS; rv:11.0) like Gecko"
193.194.132.79 - - [12/Apr/2018:13:01:48 +0200] "GET /reload?ser=1523530908807 HTTP/1.1" 200 28 "http://renault.2web.at/result?searchterm=true&search=dacia+duster" "Mozilla/5.0 (Windows NT 6.1; WOW64; Trident/7.0; rv:11.0) like Gecko"
193.194.132.70 - - [12/Apr/2018:13:01:49 +0200] "GET /reload?ser=1523530909196 HTTP/1.1" 200 28 "http://renault.2web.at/result?dir=DESC&mode=grid&order=name&limit=15&page=3&search=Clio" "Mozilla/5.0 (Windows NT 6.1; WOW64; Trident/7.0; rv:11.0) like Gecko"
178.188.249.126 - - [12/Apr/2018:13:01:57 +0200] "GET /reload?ser=1523530914431 HTTP/1.1" 200 28 "http://renault.activities.at/success" "Mozilla/5.0 (Windows NT 6.1; WOW64; Trident/7.0; MASBJS; rv:11.0) like Gecko"
193.194.132.79 - - [12/Apr/2018:13:02:50 +0200] "GET /reload?ser=1523530969960 HTTP/1.1" 200 28 "http://renault.2web.at/result?searchterm=true&search=dacia+duster" "Mozilla/5.0 (Windows NT 6.1; WOW64; Trident/7.0; rv:11.0) like Gecko"
193.194.132.70 - - [12/Apr/2018:13:02:50 +0200] "GET /reload?ser=1523530970304 HTTP/1.1" 200 28 "http://renault.2web.at/result?dir=DESC&mode=grid&order=name&limit=15&page=3&search=Clio" "Mozilla/5.0 (Windows NT 6.1; WOW64; Trident/7.0; rv:11.0) like Gecko"
178.188.249.126 - - [12/Apr/2018:13:02:58 +0200] "GET /reload?ser=1523530975395 HTTP/1.1" 200 28 "http://renault.activities.at/success" "Mozilla/5.0 (Windows NT 6.1; WOW64; Trident/7.0; MASBJS; rv:11.0) like Gecko"
193.194.132.79 - - [12/Apr/2018:13:03:51 +0200] "GET /reload?ser=1523531031094 HTTP/1.1" 200 28 "http://renault.2web.at/result?searchterm=true&search=dacia+duster" "Mozilla/5.0 (Windows NT 6.1; WOW64; Trident/7.0; rv:11.0) like Gecko"
193.194.132.70 - - [12/Apr/2018:13:03:51 +0200] "GET /reload?ser=1523531031426 HTTP/1.1" 200 28 "http://renault.2web.at/result?dir=DESC&mode=grid&order=name&limit=15&page=3&search=Clio" "Mozilla/5.0 (Windows NT 6.1; WOW64; Trident/7.0; rv:11.0) like Gecko"
178.188.249.126 - - [12/Apr/2018:13:03:59 +0200] "GET /reload?ser=1523531036407 HTTP/1.1" 200 28 "http://renault.activities.at/success" "Mozilla/5.0 (Windows NT 6.1; WOW64; Trident/7.0; MASBJS; rv:11.0) like Gecko"
193.194.132.79 - - [12/Apr/2018:13:04:52 +0200] "GET /reload?ser=1523531092243 HTTP/1.1" 200 28 "http://renault.2web.at/result?searchterm=true&search=dacia+duster" "Mozilla/5.0 (Windows NT 6.1; WOW64; Trident/7.0; rv:11.0) like Gecko"
193.194.132.70 - - [12/Apr/2018:13:04:52 +0200] "GET /reload?ser=1523531092519 HTTP/1.1" 200 28 "http://renault.2web.at/result?dir=DESC&mode=grid&order=name&limit=15&page=3&search=Clio" "Mozilla/5.0 (Windows NT 6.1; WOW64; Trident/7.0; rv:11.0) like Gecko"
178.188.249.126 - - [12/Apr/2018:13:05:00 +0200] "GET /reload?ser=1523531097370 HTTP/1.1" 200 28 "http://renault.activities.at/success" "Mozilla/5.0 (Windows NT 6.1; WOW64; Trident/7.0; MASBJS; rv:11.0) like Gecko"
193.194.132.79 - - [12/Apr/2018:13:05:53 +0200] "GET /reload?ser=1523531153361 HTTP/1.1" 200 28 "http://renault.2web.at/result?searchterm=true&search=dacia+duster" "Mozilla/5.0 (Windows NT 6.1; WOW64; Trident/7.0; rv:11.0) like Gecko"
193.194.132.70 - - [12/Apr/2018:13:05:53 +0200] "GET /reload?ser=1523531153621 HTTP/1.1" 200 28 "http://renault.2web.at/result?dir=DESC&mode=grid&order=name&limit=15&page=3&search=Clio" "Mozilla/5.0 (Windows NT 6.1; WOW64; Trident/7.0; rv:11.0) like Gecko"
178.188.249.126 - - [12/Apr/2018:13:06:01 +0200] "GET /reload?ser=1523531158365 HTTP/1.1" 200 28 "http://renault.activities.at/success" "Mozilla/5.0 (Windows NT 6.1; WOW64; Trident/7.0; MASBJS; rv:11.0) like Gecko"
193.194.132.79 - - [12/Apr/2018:13:06:54 +0200] "GET /reload?ser=1523531214492 HTTP/1.1" 200 28 "http://renault.2web.at/result?searchterm=true&search=dacia+duster" "Mozilla/5.0 (Windows NT 6.1; WOW64; Trident/7.0; rv:11.0) like Gecko"
193.194.132.70 - - [12/Apr/2018:13:06:54 +0200] "GET /reload?ser=1523531214732 HTTP/1.1" 200 28 "http://renault.2web.at/result?dir=DESC&mode=grid&order=name&limit=15&page=3&search=Clio" "Mozilla/5.0 (Windows NT 6.1; WOW64; Trident/7.0; rv:11.0) like Gecko"
178.188.249.126 - - [12/Apr/2018:13:07:02 +0200] "GET /reload?ser=1523531219330 HTTP/1.1" 200 28 "http://renault.activities.at/success" "Mozilla/5.0 (Windows NT 6.1; WOW64; Trident/7.0; MASBJS; rv:11.0) like Gecko"
193.194.132.79 - - [12/Apr/2018:13:07:55 +0200] "GET /reload?ser=1523531275584 HTTP/1.1" 200 28 "http://renault.2web.at/result?searchterm=true&search=dacia+duster" "Mozilla/5.0 (Windows NT 6.1; WOW64; Trident/7.0; rv:11.0) like Gecko"
193.194.132.70 - - [12/Apr/2018:13:07:55 +0200] "GET /reload?ser=1523531275851 HTTP/1.1" 200 28 "http://renault.2web.at/result?dir=DESC&mode=grid&order=name&limit=15&page=3&search=Clio" "Mozilla/5.0 (Windows NT 6.1; WOW64; Trident/7.0; rv:11.0) like Gecko"
178.188.249.126 - - [12/Apr/2018:13:08:03 +0200] "GET /reload?ser=1523531280342 HTTP/1.1" 200 28 "http://renault.activities.at/success" "Mozilla/5.0 (Windows NT 6.1; WOW64; Trident/7.0; MASBJS; rv:11.0) like Gecko"
193.194.132.79 - - [12/Apr/2018:13:08:56 +0200] "GET /reload?ser=1523531336731 HTTP/1.1" 200 28 "http://renault.2web.at/result?searchterm=true&search=dacia+duster" "Mozilla/5.0 (Windows NT 6.1; WOW64; Trident/7.0; rv:11.0) like Gecko"
193.194.132.70 - - [12/Apr/2018:13:08:57 +0200] "GET /reload?ser=1523531336953 HTTP/1.1" 200 28 "http://renault.2web.at/result?dir=DESC&mode=grid&order=name&limit=15&page=3&search=Clio" "Mozilla/5.0 (Windows NT 6.1; WOW64; Trident/7.0; rv:11.0) like Gecko"
178.188.249.126 - - [12/Apr/2018:13:09:04 +0200] "GET /reload?ser=1523531341368 HTTP/1.1" 200 28 "http://renault.activities.at/success" "Mozilla/5.0 (Windows NT 6.1; WOW64; Trident/7.0; MASBJS; rv:11.0) like Gecko"
193.194.132.79 - - [12/Apr/2018:13:09:57 +0200] "GET /reload?ser=1523531397861 HTTP/1.1" 200 28 "http://renault.2web.at/result?searchterm=true&search=dacia+duster" "Mozilla/5.0 (Windows NT 6.1; WOW64; Trident/7.0; rv:11.0) like Gecko"
193.194.132.70 - - [12/Apr/2018:13:09:58 +0200] "GET /reload?ser=1523531398054 HTTP/1.1" 200 28 "http://renault.2web.at/result?dir=DESC&mode=grid&order=name&limit=15&page=3&search=Clio" "Mozilla/5.0 (Windows NT 6.1; WOW64; Trident/7.0; rv:11.0) like Gecko"
178.188.249.126 - - [12/Apr/2018:13:10:05 +0200] "GET /reload?ser=1523531402380 HTTP/1.1" 200 28 "http://renault.activities.at/success" "Mozilla/5.0 (Windows NT 6.1; WOW64; Trident/7.0; MASBJS; rv:11.0) like Gecko"
193.194.132.79 - - [12/Apr/2018:13:10:59 +0200] "GET /reload?ser=1523531459033 HTTP/1.1" 200 28 "http://renault.2web.at/result?searchterm=true&search=dacia+duster" "Mozilla/5.0 (Windows NT 6.1; WOW64; Trident/7.0; rv:11.0) like Gecko"
193.194.132.70 - - [12/Apr/2018:13:10:59 +0200] "GET /reload?ser=1523531459097 HTTP/1.1" 200 28 "http://renault.2web.at/result?dir=DESC&mode=grid&order=name&limit=15&page=3&search=Clio" "Mozilla/5.0 (Windows NT 6.1; WOW64; Trident/7.0; rv:11.0) like Gecko"
178.188.249.126 - - [12/Apr/2018:13:11:06 +0200] "GET /reload?ser=1523531463359 HTTP/1.1" 200 28 "http://renault.activities.at/success" "Mozilla/5.0 (Windows NT 6.1; WOW64; Trident/7.0; MASBJS; rv:11.0) like Gecko"
193.194.132.79 - - [12/Apr/2018:13:12:00 +0200] "GET /reload?ser=1523531520185 HTTP/1.1" 200 28 "http://renault.2web.at/result?searchterm=true&search=dacia+duster" "Mozilla/5.0 (Windows NT 6.1; WOW64; Trident/7.0; rv:11.0) like Gecko"
193.194.132.70 - - [12/Apr/2018:13:12:00 +0200] "GET /reload?ser=1523531520237 HTTP/1.1" 200 28 "http://renault.2web.at/result?dir=DESC&mode=grid&order=name&limit=15&page=3&search=Clio" "Mozilla/5.0 (Windows NT 6.1; WOW64; Trident/7.0; rv:11.0) like Gecko"
178.188.249.126 - - [12/Apr/2018:13:12:07 +0200] "GET /reload?ser=1523531524356 HTTP/1.1" 200 28 "http://renault.activities.at/success" "Mozilla/5.0 (Windows NT 6.1; WOW64; Trident/7.0; MASBJS; rv:11.0) like Gecko"
193.194.132.79 - - [12/Apr/2018:13:13:01 +0200] "GET /reload?ser=1523531581302 HTTP/1.1" 200 28 "http://renault.2web.at/result?searchterm=true&search=dacia+duster" "Mozilla/5.0 (Windows NT 6.1; WOW64; Trident/7.0; rv:11.0) like Gecko"
193.194.132.70 - - [12/Apr/2018:13:13:01 +0200] "GET /reload?ser=1523531581281 HTTP/1.1" 200 28 "http://renault.2web.at/result?dir=DESC&mode=grid&order=name&limit=15&page=3&search=Clio" "Mozilla/5.0 (Windows NT 6.1; WOW64; Trident/7.0; rv:11.0) like Gecko"
178.188.249.126 - - [12/Apr/2018:13:13:08 +0200] "GET /reload?ser=1523531585319 HTTP/1.1" 200 28 "http://renault.activities.at/success" "Mozilla/5.0 (Windows NT 6.1; WOW64; Trident/7.0; MASBJS; rv:11.0) like Gecko"
157.55.39.173 - - [12/Apr/2018:13:13:25 +0200] "GET /action HTTP/1.1" 302 150 "-" "Mozilla/5.0 (compatible; bingbot/2.0; +http://www.bing.com/bingbot.htm)"
157.55.39.173 - - [12/Apr/2018:13:13:28 +0200] "GET /login?required=true HTTP/1.1" 200 2086 "-" "Mozilla/5.0 (compatible; bingbot/2.0; +http://www.bing.com/bingbot.htm)"
193.194.132.70 - - [12/Apr/2018:13:14:02 +0200] "GET /reload?ser=1523531642360 HTTP/1.1" 200 28 "http://renault.2web.at/result?dir=DESC&mode=grid&order=name&limit=15&page=3&search=Clio" "Mozilla/5.0 (Windows NT 6.1; WOW64; Trident/7.0; rv:11.0) like Gecko"
193.194.132.79 - - [12/Apr/2018:13:14:02 +0200] "GET /reload?ser=1523531642402 HTTP/1.1" 200 28 "http://renault.2web.at/result?searchterm=true&search=dacia+duster" "Mozilla/5.0 (Windows NT 6.1; WOW64; Trident/7.0; rv:11.0) like Gecko"
