66.249.79.35 - - [19/Apr/2018:08:54:07 +0200] "GET / HTTP/1.1" 200 3845 "-" "Mozilla/5.0 (Linux; Android 6.0.1; Nexus 5X Build/MMB29P) AppleWebKit/537.36 (KHTML, like Gecko) Chrome/41.0.2272.96 Mobile Safari/537.36 (compatible; Googlebot/2.1; +http://www.google.com/bot.html)"
93.83.167.130 - - [19/Apr/2018:08:54:19 +0200] "GET /reload?ser=1524120865428 HTTP/1.1" 200 28 "http://renault.activities.at/result?searchterm=true&search=poster" "Mozilla/5.0 (Windows NT 6.1; WOW64; Trident/7.0; rv:11.0) like Gecko"
193.194.132.72 - - [19/Apr/2018:08:54:27 +0200] "GET /reload?ser=1524120867070 HTTP/1.1" 200 28 "http://renault.2web.at/account?loadrequest=true" "Mozilla/5.0 (Windows NT 6.1; WOW64; Trident/7.0; rv:11.0) like Gecko"
93.83.167.130 - - [19/Apr/2018:08:54:49 +0200] "POST /result?searchterm=true&search=poster HTTP/1.1" 200 8897 "http://renault.activities.at/result?searchterm=true&search=poster" "Mozilla/5.0 (Windows NT 6.1; WOW64; Trident/7.0; rv:11.0) like Gecko"
93.83.167.130 - - [19/Apr/2018:08:54:53 +0200] "GET /js/index.php?c=auto&f=,prototype/prototype.js,prototype/validation.js,scriptaculous/builder.js,scriptaculous/effects.js,scriptaculous/dragdrop.js,scriptaculous/controls.js,scriptaculous/slider.js,varien/js.js,varien/form.js,varien/menu.js,mage/translate.js,mage/cookies.js,varien/product.js,spinner/SpinnerControl.jsmin.js,prototype/window.js,prototype/window_ext.js HTTP/1.1" 304 - "http://renault.activities.at/result?searchterm=true&search=poster" "Mozilla/5.0 (Windows NT 6.1; WOW64; Trident/7.0; rv:11.0) like Gecko"
93.83.167.130 - - [19/Apr/2018:08:54:56 +0200] "GET /result?dir=DESC&mode=grid&order=name&limit=15&page=2&search=poster HTTP/1.1" 200 8779 "http://renault.activities.at/result?searchterm=true&search=poster" "Mozilla/5.0 (Windows NT 6.1; WOW64; Trident/7.0; rv:11.0) like Gecko"
93.83.167.130 - - [19/Apr/2018:08:54:59 +0200] "GET /js/index.php?c=auto&f=,prototype/prototype.js,prototype/validation.js,scriptaculous/builder.js,scriptaculous/effects.js,scriptaculous/dragdrop.js,scriptaculous/controls.js,scriptaculous/slider.js,varien/js.js,varien/form.js,varien/menu.js,mage/translate.js,mage/cookies.js,varien/product.js,spinner/SpinnerControl.jsmin.js,prototype/window.js,prototype/window_ext.js HTTP/1.1" 304 - "http://renault.activities.at/result?dir=DESC&mode=grid&order=name&limit=15&page=2&search=poster" "Mozilla/5.0 (Windows NT 6.1; WOW64; Trident/7.0; rv:11.0) like Gecko"
93.83.167.130 - - [19/Apr/2018:08:54:59 +0200] "GET /loadthumbnail.php?id=11293735&width=113 HTTP/1.1" 200 3795 "http://renault.activities.at/result?dir=DESC&mode=grid&order=name&limit=15&page=2&search=poster" "Mozilla/5.0 (Windows NT 6.1; WOW64; Trident/7.0; rv:11.0) like Gecko"
93.83.167.130 - - [19/Apr/2018:08:54:59 +0200] "GET /loadthumbnail.php?id=11128108&width=113 HTTP/1.1" 200 2522 "http://renault.activities.at/result?dir=DESC&mode=grid&order=name&limit=15&page=2&search=poster" "Mozilla/5.0 (Windows NT 6.1; WOW64; Trident/7.0; rv:11.0) like Gecko"
93.83.167.130 - - [19/Apr/2018:08:54:59 +0200] "GET /loadthumbnail.php?id=11054131&width=113 HTTP/1.1" 200 2972 "http://renault.activities.at/result?dir=DESC&mode=grid&order=name&limit=15&page=2&search=poster" "Mozilla/5.0 (Windows NT 6.1; WOW64; Trident/7.0; rv:11.0) like Gecko"
93.83.167.130 - - [19/Apr/2018:08:54:59 +0200] "GET /loadthumbnail.php?id=11637897&width=113 HTTP/1.1" 200 4026 "http://renault.activities.at/result?dir=DESC&mode=grid&order=name&limit=15&page=2&search=poster" "Mozilla/5.0 (Windows NT 6.1; WOW64; Trident/7.0; rv:11.0) like Gecko"
93.83.167.130 - - [19/Apr/2018:08:54:59 +0200] "GET /loadthumbnail.php?id=11665065&width=113 HTTP/1.1" 200 2677 "http://renault.activities.at/result?dir=DESC&mode=grid&order=name&limit=15&page=2&search=poster" "Mozilla/5.0 (Windows NT 6.1; WOW64; Trident/7.0; rv:11.0) like Gecko"
93.83.167.130 - - [19/Apr/2018:08:54:59 +0200] "GET /loadthumbnail.php?id=10259680&width=113 HTTP/1.1" 200 1966 "http://renault.activities.at/result?dir=DESC&mode=grid&order=name&limit=15&page=2&search=poster" "Mozilla/5.0 (Windows NT 6.1; WOW64; Trident/7.0; rv:11.0) like Gecko"
93.83.167.130 - - [19/Apr/2018:08:55:00 +0200] "GET /loadthumbnail.php?id=11665066&width=113 HTTP/1.1" 200 4533 "http://renault.activities.at/result?dir=DESC&mode=grid&order=name&limit=15&page=2&search=poster" "Mozilla/5.0 (Windows NT 6.1; WOW64; Trident/7.0; rv:11.0) like Gecko"
93.83.167.130 - - [19/Apr/2018:08:55:00 +0200] "GET /loadthumbnail.php?id=11314590&width=113 HTTP/1.1" 200 2831 "http://renault.activities.at/result?dir=DESC&mode=grid&order=name&limit=15&page=2&search=poster" "Mozilla/5.0 (Windows NT 6.1; WOW64; Trident/7.0; rv:11.0) like Gecko"
93.83.167.130 - - [19/Apr/2018:08:55:00 +0200] "GET /loadthumbnail.php?id=11532185&width=113 HTTP/1.1" 200 2800 "http://renault.activities.at/result?dir=DESC&mode=grid&order=name&limit=15&page=2&search=poster" "Mozilla/5.0 (Windows NT 6.1; WOW64; Trident/7.0; rv:11.0) like Gecko"
93.83.167.130 - - [19/Apr/2018:08:55:00 +0200] "GET /loadthumbnail.php?id=11314595&width=113 HTTP/1.1" 200 2441 "http://renault.activities.at/result?dir=DESC&mode=grid&order=name&limit=15&page=2&search=poster" "Mozilla/5.0 (Windows NT 6.1; WOW64; Trident/7.0; rv:11.0) like Gecko"
93.83.167.130 - - [19/Apr/2018:08:55:00 +0200] "GET /loadthumbnail.php?id=11314594&width=113 HTTP/1.1" 200 4859 "http://renault.activities.at/result?dir=DESC&mode=grid&order=name&limit=15&page=2&search=poster" "Mozilla/5.0 (Windows NT 6.1; WOW64; Trident/7.0; rv:11.0) like Gecko"
66.249.79.62 - - [19/Apr/2018:08:55:15 +0200] "GET /css/themes/default.css HTTP/1.1" 200 769 "http://renault.activities.at/" "Mozilla/5.0 (compatible; Googlebot/2.1; +http://www.google.com/bot.html)"
66.249.79.35 - - [19/Apr/2018:08:55:16 +0200] "GET /js/checkout.css HTTP/1.1" 200 359 "http://renault.activities.at/" "Mozilla/5.0 (compatible; Googlebot/2.1; +http://www.google.com/bot.html)"
66.249.79.59 - - [19/Apr/2018:08:55:17 +0200] "GET /css/prototip.css HTTP/1.1" 200 968 "http://renault.activities.at/" "Mozilla/5.0 (compatible; Googlebot/2.1; +http://www.google.com/bot.html)"
66.249.79.35 - - [19/Apr/2018:08:55:18 +0200] "GET /css/clears.css HTTP/1.1" 200 851 "http://renault.activities.at/" "Mozilla/5.0 (compatible; Googlebot/2.1; +http://www.google.com/bot.html)"
66.249.79.62 - - [19/Apr/2018:08:55:20 +0200] "GET /css/reset.css HTTP/1.1" 200 1356 "http://renault.activities.at/" "Mozilla/5.0 (compatible; Googlebot/2.1; +http://www.google.com/bot.html)"
66.249.79.62 - - [19/Apr/2018:08:55:21 +0200] "GET /css/themes/alphacube.css HTTP/1.1" 200 743 "http://renault.activities.at/" "Mozilla/5.0 (compatible; Googlebot/2.1; +http://www.google.com/bot.html)"
66.249.79.59 - - [19/Apr/2018:08:55:23 +0200] "GET /css/styles.css HTTP/1.1" 200 14664 "http://renault.activities.at/" "Mozilla/5.0 (compatible; Googlebot/2.1; +http://www.google.com/bot.html)"
66.249.79.59 - - [19/Apr/2018:08:55:24 +0200] "GET /css/print.css HTTP/1.1" 200 543 "http://renault.activities.at/" "Mozilla/5.0 (compatible; Googlebot/2.1; +http://www.google.com/bot.html)"
193.194.132.72 - - [19/Apr/2018:08:55:28 +0200] "GET /reload?ser=1524120928162 HTTP/1.1" 200 28 "http://renault.2web.at/account?loadrequest=true" "Mozilla/5.0 (Windows NT 6.1; WOW64; Trident/7.0; rv:11.0) like Gecko"
212.152.246.130 - - [19/Apr/2018:08:55:35 +0200] "GET / HTTP/1.1" 200 3845 "-" "Mozilla/5.0 (Windows NT 6.1; Win64; x64) AppleWebKit/537.36 (KHTML, like Gecko) Chrome/66.0.3359.117 Safari/537.36"
212.152.246.130 - - [19/Apr/2018:08:55:36 +0200] "GET /js/default.js HTTP/1.1" 200 14698 "http://renault.activities.at/" "Mozilla/5.0 (Windows NT 6.1; Win64; x64) AppleWebKit/537.36 (KHTML, like Gecko) Chrome/66.0.3359.117 Safari/537.36"
212.152.246.130 - - [19/Apr/2018:08:55:36 +0200] "GET /js/flashdetection.js HTTP/1.1" 200 1059 "http://renault.activities.at/" "Mozilla/5.0 (Windows NT 6.1; Win64; x64) AppleWebKit/537.36 (KHTML, like Gecko) Chrome/66.0.3359.117 Safari/537.36"
212.152.246.130 - - [19/Apr/2018:08:55:36 +0200] "GET /js/index.php?c=auto&f=,prototype/prototype.js,prototype/validation.js,scriptaculous/builder.js,scriptaculous/effects.js,scriptaculous/dragdrop.js,scriptaculous/controls.js,scriptaculous/slider.js,varien/js.js,varien/form.js,varien/menu.js,mage/translate.js,mage/cookies.js,varien/product.js,spinner/SpinnerControl.jsmin.js,prototype/window.js,prototype/window_ext.js HTTP/1.1" 200 94182 "http://renault.activities.at/" "Mozilla/5.0 (Windows NT 6.1; Win64; x64) AppleWebKit/537.36 (KHTML, like Gecko) Chrome/66.0.3359.117 Safari/537.36"
212.152.246.130 - - [19/Apr/2018:08:55:37 +0200] "GET /images/main_block_border.gif HTTP/1.1" 200 43 "http://renault.activities.at/css/styles.css" "Mozilla/5.0 (Windows NT 6.1; Win64; x64) AppleWebKit/537.36 (KHTML, like Gecko) Chrome/66.0.3359.117 Safari/537.36"
212.152.246.130 - - [19/Apr/2018:08:55:37 +0200] "GET /images/main_block_corner_left_top.gif HTTP/1.1" 200 159 "http://renault.activities.at/css/styles.css" "Mozilla/5.0 (Windows NT 6.1; Win64; x64) AppleWebKit/537.36 (KHTML, like Gecko) Chrome/66.0.3359.117 Safari/537.36"
212.152.246.130 - - [19/Apr/2018:08:55:37 +0200] "GET /images/main_block_corner_right_top.gif HTTP/1.1" 200 159 "http://renault.activities.at/css/styles.css" "Mozilla/5.0 (Windows NT 6.1; Win64; x64) AppleWebKit/537.36 (KHTML, like Gecko) Chrome/66.0.3359.117 Safari/537.36"
212.152.246.130 - - [19/Apr/2018:08:55:37 +0200] "GET /images/main_block_corner_left_bot.gif HTTP/1.1" 200 159 "http://renault.activities.at/css/styles.css" "Mozilla/5.0 (Windows NT 6.1; Win64; x64) AppleWebKit/537.36 (KHTML, like Gecko) Chrome/66.0.3359.117 Safari/537.36"
212.152.246.130 - - [19/Apr/2018:08:55:37 +0200] "GET /images/main_block_corner_right_bot.gif HTTP/1.1" 200 158 "http://renault.activities.at/css/styles.css" "Mozilla/5.0 (Windows NT 6.1; Win64; x64) AppleWebKit/537.36 (KHTML, like Gecko) Chrome/66.0.3359.117 Safari/537.36"
212.152.246.130 - - [19/Apr/2018:08:55:37 +0200] "GET /images/title_border.jpg HTTP/1.1" 200 304 "http://renault.activities.at/css/styles.css" "Mozilla/5.0 (Windows NT 6.1; Win64; x64) AppleWebKit/537.36 (KHTML, like Gecko) Chrome/66.0.3359.117 Safari/537.36"
212.152.246.130 - - [19/Apr/2018:08:55:37 +0200] "GET /images/title_border_top.jpg HTTP/1.1" 200 336 "http://renault.activities.at/css/styles.css" "Mozilla/5.0 (Windows NT 6.1; Win64; x64) AppleWebKit/537.36 (KHTML, like Gecko) Chrome/66.0.3359.117 Safari/537.36"
212.152.246.130 - - [19/Apr/2018:08:55:37 +0200] "GET /images/title_corner_left_top.jpg HTTP/1.1" 200 372 "http://renault.activities.at/css/styles.css" "Mozilla/5.0 (Windows NT 6.1; Win64; x64) AppleWebKit/537.36 (KHTML, like Gecko) Chrome/66.0.3359.117 Safari/537.36"
212.152.246.130 - - [19/Apr/2018:08:55:37 +0200] "GET /images/title_corner_right_top.jpg HTTP/1.1" 200 389 "http://renault.activities.at/css/styles.css" "Mozilla/5.0 (Windows NT 6.1; Win64; x64) AppleWebKit/537.36 (KHTML, like Gecko) Chrome/66.0.3359.117 Safari/537.36"
212.152.246.130 - - [19/Apr/2018:08:55:37 +0200] "GET /images/header_block_border.gif HTTP/1.1" 200 43 "http://renault.activities.at/css/styles.css" "Mozilla/5.0 (Windows NT 6.1; Win64; x64) AppleWebKit/537.36 (KHTML, like Gecko) Chrome/66.0.3359.117 Safari/537.36"
212.152.246.130 - - [19/Apr/2018:08:55:37 +0200] "GET /images/header_block_corner_left_top.gif HTTP/1.1" 200 160 "http://renault.activities.at/css/styles.css" "Mozilla/5.0 (Windows NT 6.1; Win64; x64) AppleWebKit/537.36 (KHTML, like Gecko) Chrome/66.0.3359.117 Safari/537.36"
212.152.246.130 - - [19/Apr/2018:08:55:37 +0200] "GET /images/header_block_corner_right_top.gif HTTP/1.1" 200 160 "http://renault.activities.at/css/styles.css" "Mozilla/5.0 (Windows NT 6.1; Win64; x64) AppleWebKit/537.36 (KHTML, like Gecko) Chrome/66.0.3359.117 Safari/537.36"
212.152.246.130 - - [19/Apr/2018:08:55:37 +0200] "GET /loadthumbnail.php?id=11127982 HTTP/1.1" 200 399614 "http://renault.activities.at/" "Mozilla/5.0 (Windows NT 6.1; Win64; x64) AppleWebKit/537.36 (KHTML, like Gecko) Chrome/66.0.3359.117 Safari/537.36"
212.152.246.130 - - [19/Apr/2018:08:55:38 +0200] "GET /images/favicon.ico HTTP/1.1" 404 305 "http://renault.activities.at/" "Mozilla/5.0 (Windows NT 6.1; Win64; x64) AppleWebKit/537.36 (KHTML, like Gecko) Chrome/66.0.3359.117 Safari/537.36"
93.83.167.130 - - [19/Apr/2018:08:56:00 +0200] "GET /reload?ser=1524120966265 HTTP/1.1" 200 28 "http://renault.activities.at/result?dir=DESC&mode=grid&order=name&limit=15&page=2&search=poster" "Mozilla/5.0 (Windows NT 6.1; WOW64; Trident/7.0; rv:11.0) like Gecko"
212.152.246.130 - - [19/Apr/2018:08:56:10 +0200] "GET /login HTTP/1.1" 200 2086 "http://renault.activities.at/" "Mozilla/5.0 (Windows NT 6.1; Win64; x64) AppleWebKit/537.36 (KHTML, like Gecko) Chrome/66.0.3359.117 Safari/537.36"
212.152.246.130 - - [19/Apr/2018:08:56:11 +0200] "GET /images/button_left_bg.gif HTTP/1.1" 200 564 "http://renault.activities.at/css/styles.css" "Mozilla/5.0 (Windows NT 6.1; Win64; x64) AppleWebKit/537.36 (KHTML, like Gecko) Chrome/66.0.3359.117 Safari/537.36"
212.152.246.130 - - [19/Apr/2018:08:56:11 +0200] "GET /images/button_right_bg.gif HTTP/1.1" 200 561 "http://renault.activities.at/css/styles.css" "Mozilla/5.0 (Windows NT 6.1; Win64; x64) AppleWebKit/537.36 (KHTML, like Gecko) Chrome/66.0.3359.117 Safari/537.36"
212.152.246.130 - - [19/Apr/2018:08:56:11 +0200] "GET /images/button_bg.gif HTTP/1.1" 200 151 "http://renault.activities.at/css/styles.css" "Mozilla/5.0 (Windows NT 6.1; Win64; x64) AppleWebKit/537.36 (KHTML, like Gecko) Chrome/66.0.3359.117 Safari/537.36"
212.152.246.130 - - [19/Apr/2018:08:56:18 +0200] "POST /login HTTP/1.1" 302 140 "http://renault.activities.at/login" "Mozilla/5.0 (Windows NT 6.1; Win64; x64) AppleWebKit/537.36 (KHTML, like Gecko) Chrome/66.0.3359.117 Safari/537.36"
212.152.246.130 - - [19/Apr/2018:08:56:20 +0200] "GET /account HTTP/1.1" 200 6222 "http://renault.activities.at/login" "Mozilla/5.0 (Windows NT 6.1; Win64; x64) AppleWebKit/537.36 (KHTML, like Gecko) Chrome/66.0.3359.117 Safari/537.36"
212.152.246.130 - - [19/Apr/2018:08:56:23 +0200] "GET /js/account.js HTTP/1.1" 200 953 "http://renault.activities.at/account" "Mozilla/5.0 (Windows NT 6.1; Win64; x64) AppleWebKit/537.36 (KHTML, like Gecko) Chrome/66.0.3359.117 Safari/537.36"
212.152.246.130 - - [19/Apr/2018:08:56:23 +0200] "GET /loadthumbnail.php?id=10428967&width=50&height=50 HTTP/1.1" 200 1088 "http://renault.activities.at/account" "Mozilla/5.0 (Windows NT 6.1; Win64; x64) AppleWebKit/537.36 (KHTML, like Gecko) Chrome/66.0.3359.117 Safari/537.36"
212.152.246.130 - - [19/Apr/2018:08:56:23 +0200] "GET /loadthumbnail.php?id=11181177&width=50&height=50 HTTP/1.1" 200 988 "http://renault.activities.at/account" "Mozilla/5.0 (Windows NT 6.1; Win64; x64) AppleWebKit/537.36 (KHTML, like Gecko) Chrome/66.0.3359.117 Safari/537.36"
212.152.246.130 - - [19/Apr/2018:08:56:23 +0200] "GET /loadthumbnail.php?id=11181169&width=50&height=50 HTTP/1.1" 200 982 "http://renault.activities.at/account" "Mozilla/5.0 (Windows NT 6.1; Win64; x64) AppleWebKit/537.36 (KHTML, like Gecko) Chrome/66.0.3359.117 Safari/537.36"
212.152.246.130 - - [19/Apr/2018:08:56:23 +0200] "GET /loadthumbnail.php?id=11181173&width=50&height=50 HTTP/1.1" 200 982 "http://renault.activities.at/account" "Mozilla/5.0 (Windows NT 6.1; Win64; x64) AppleWebKit/537.36 (KHTML, like Gecko) Chrome/66.0.3359.117 Safari/537.36"
212.152.246.130 - - [19/Apr/2018:08:56:23 +0200] "GET /loadthumbnail.php?id=11553667&width=50&height=50 HTTP/1.1" 200 1193 "http://renault.activities.at/account" "Mozilla/5.0 (Windows NT 6.1; Win64; x64) AppleWebKit/537.36 (KHTML, like Gecko) Chrome/66.0.3359.117 Safari/537.36"
212.152.246.130 - - [19/Apr/2018:08:56:23 +0200] "GET /images/menu_divider.gif HTTP/1.1" 200 176 "http://renault.activities.at/css/styles.css" "Mozilla/5.0 (Windows NT 6.1; Win64; x64) AppleWebKit/537.36 (KHTML, like Gecko) Chrome/66.0.3359.117 Safari/537.36"
212.152.246.130 - - [19/Apr/2018:08:56:23 +0200] "GET /loadthumbnail.php?id=11523715&width=50&height=50 HTTP/1.1" 200 1135 "http://renault.activities.at/account" "Mozilla/5.0 (Windows NT 6.1; Win64; x64) AppleWebKit/537.36 (KHTML, like Gecko) Chrome/66.0.3359.117 Safari/537.36"
212.152.246.130 - - [19/Apr/2018:08:56:23 +0200] "GET /images/menu_button_bg.jpg HTTP/1.1" 200 322 "http://renault.activities.at/css/styles.css" "Mozilla/5.0 (Windows NT 6.1; Win64; x64) AppleWebKit/537.36 (KHTML, like Gecko) Chrome/66.0.3359.117 Safari/537.36"
212.152.246.130 - - [19/Apr/2018:08:56:24 +0200] "GET /images/search_bg.gif HTTP/1.1" 200 1726 "http://renault.activities.at/css/styles.css" "Mozilla/5.0 (Windows NT 6.1; Win64; x64) AppleWebKit/537.36 (KHTML, like Gecko) Chrome/66.0.3359.117 Safari/537.36"
212.152.246.130 - - [19/Apr/2018:08:56:24 +0200] "GET /images/sidebar_title_corner_right_top.gif HTTP/1.1" 200 383 "http://renault.activities.at/css/styles.css" "Mozilla/5.0 (Windows NT 6.1; Win64; x64) AppleWebKit/537.36 (KHTML, like Gecko) Chrome/66.0.3359.117 Safari/537.36"
212.152.246.130 - - [19/Apr/2018:08:56:24 +0200] "GET /images/sidebar_title_border.gif HTTP/1.1" 200 43 "http://renault.activities.at/css/styles.css" "Mozilla/5.0 (Windows NT 6.1; Win64; x64) AppleWebKit/537.36 (KHTML, like Gecko) Chrome/66.0.3359.117 Safari/537.36"
212.152.246.130 - - [19/Apr/2018:08:56:24 +0200] "GET /images/sidebar_title_border_top.gif HTTP/1.1" 200 155 "http://renault.activities.at/css/styles.css" "Mozilla/5.0 (Windows NT 6.1; Win64; x64) AppleWebKit/537.36 (KHTML, like Gecko) Chrome/66.0.3359.117 Safari/537.36"
212.152.246.130 - - [19/Apr/2018:08:56:24 +0200] "GET /images/sidebar_title_corner_left_top.gif HTTP/1.1" 200 1124 "http://renault.activities.at/css/styles.css" "Mozilla/5.0 (Windows NT 6.1; Win64; x64) AppleWebKit/537.36 (KHTML, like Gecko) Chrome/66.0.3359.117 Safari/537.36"
212.152.246.130 - - [19/Apr/2018:08:56:24 +0200] "GET /images/nav_divider.gif HTTP/1.1" 200 43 "http://renault.activities.at/css/styles.css" "Mozilla/5.0 (Windows NT 6.1; Win64; x64) AppleWebKit/537.36 (KHTML, like Gecko) Chrome/66.0.3359.117 Safari/537.36"
212.152.246.130 - - [19/Apr/2018:08:56:24 +0200] "GET /images/top_links_divider.gif HTTP/1.1" 200 44 "http://renault.activities.at/css/styles.css" "Mozilla/5.0 (Windows NT 6.1; Win64; x64) AppleWebKit/537.36 (KHTML, like Gecko) Chrome/66.0.3359.117 Safari/537.36"
212.152.246.130 - - [19/Apr/2018:08:56:24 +0200] "GET /images/footer_divider.gif HTTP/1.1" 200 44 "http://renault.activities.at/css/styles.css" "Mozilla/5.0 (Windows NT 6.1; Win64; x64) AppleWebKit/537.36 (KHTML, like Gecko) Chrome/66.0.3359.117 Safari/537.36"
193.194.132.72 - - [19/Apr/2018:08:56:29 +0200] "GET /reload?ser=1524120989248 HTTP/1.1" 200 28 "http://renault.2web.at/account?loadrequest=true" "Mozilla/5.0 (Windows NT 6.1; WOW64; Trident/7.0; rv:11.0) like Gecko"
212.152.246.130 - - [19/Apr/2018:08:56:29 +0200] "POST /axjaxrequest?mode=suggest HTTP/1.1" 200 113 "http://renault.activities.at/account" "Mozilla/5.0 (Windows NT 6.1; Win64; x64) AppleWebKit/537.36 (KHTML, like Gecko) Chrome/66.0.3359.117 Safari/537.36"
212.152.246.130 - - [19/Apr/2018:08:56:31 +0200] "POST /axjaxrequest?mode=suggest HTTP/1.1" 200 113 "http://renault.activities.at/account" "Mozilla/5.0 (Windows NT 6.1; Win64; x64) AppleWebKit/537.36 (KHTML, like Gecko) Chrome/66.0.3359.117 Safari/537.36"
212.152.246.130 - - [19/Apr/2018:08:56:31 +0200] "GET /result?searchterm=true&search=stormtr HTTP/1.1" 200 6129 "http://renault.activities.at/account" "Mozilla/5.0 (Windows NT 6.1; Win64; x64) AppleWebKit/537.36 (KHTML, like Gecko) Chrome/66.0.3359.117 Safari/537.36"
212.152.246.130 - - [19/Apr/2018:08:56:33 +0200] "GET /result?searchterm=true&search=Stormtrooper HTTP/1.1" 200 6132 "http://renault.activities.at/account" "Mozilla/5.0 (Windows NT 6.1; Win64; x64) AppleWebKit/537.36 (KHTML, like Gecko) Chrome/66.0.3359.117 Safari/537.36"
93.83.167.130 - - [19/Apr/2018:08:56:33 +0200] "POST /result?dir=DESC&mode=grid&order=name&limit=15&page=2&search=poster HTTP/1.1" 200 8892 "http://renault.activities.at/result?dir=DESC&mode=grid&order=name&limit=15&page=2&search=poster" "Mozilla/5.0 (Windows NT 6.1; WOW64; Trident/7.0; rv:11.0) like Gecko"
93.83.167.130 - - [19/Apr/2018:08:56:37 +0200] "GET /js/index.php?c=auto&f=,prototype/prototype.js,prototype/validation.js,scriptaculous/builder.js,scriptaculous/effects.js,scriptaculous/dragdrop.js,scriptaculous/controls.js,scriptaculous/slider.js,varien/js.js,varien/form.js,varien/menu.js,mage/translate.js,mage/cookies.js,varien/product.js,spinner/SpinnerControl.jsmin.js,prototype/window.js,prototype/window_ext.js HTTP/1.1" 304 - "http://renault.activities.at/result?dir=DESC&mode=grid&order=name&limit=15&page=2&search=poster" "Mozilla/5.0 (Windows NT 6.1; WOW64; Trident/7.0; rv:11.0) like Gecko"
212.152.246.130 - - [19/Apr/2018:08:56:36 +0200] "GET /result?searchterm=true&search=Stormtrooper HTTP/1.1" 200 6132 "http://renault.activities.at/account" "Mozilla/5.0 (Windows NT 6.1; Win64; x64) AppleWebKit/537.36 (KHTML, like Gecko) Chrome/66.0.3359.117 Safari/537.36"
212.152.246.130 - - [19/Apr/2018:08:56:39 +0200] "GET /js/prototip.js HTTP/1.1" 200 4588 "http://renault.activities.at/result?searchterm=true&search=Stormtrooper" "Mozilla/5.0 (Windows NT 6.1; Win64; x64) AppleWebKit/537.36 (KHTML, like Gecko) Chrome/66.0.3359.117 Safari/537.36"
212.152.246.130 - - [19/Apr/2018:08:56:40 +0200] "GET /js/ProduktGrp.js HTTP/1.1" 200 1569 "http://renault.activities.at/result?searchterm=true&search=Stormtrooper" "Mozilla/5.0 (Windows NT 6.1; Win64; x64) AppleWebKit/537.36 (KHTML, like Gecko) Chrome/66.0.3359.117 Safari/537.36"
212.152.246.130 - - [19/Apr/2018:08:56:40 +0200] "GET /images/loading.gif HTTP/1.1" 200 3208 "http://renault.activities.at/result?searchterm=true&search=Stormtrooper" "Mozilla/5.0 (Windows NT 6.1; Win64; x64) AppleWebKit/537.36 (KHTML, like Gecko) Chrome/66.0.3359.117 Safari/537.36"
212.152.246.130 - - [19/Apr/2018:08:56:40 +0200] "GET /loadthumbnail.php?id=10203255 HTTP/1.1" 200 137 "http://renault.activities.at/result?searchterm=true&search=Stormtrooper" "Mozilla/5.0 (Windows NT 6.1; Win64; x64) AppleWebKit/537.36 (KHTML, like Gecko) Chrome/66.0.3359.117 Safari/537.36"
212.152.246.130 - - [19/Apr/2018:08:56:40 +0200] "GET /loadthumbnail.php?id=11784206&width=113 HTTP/1.1" 200 4374 "http://renault.activities.at/result?searchterm=true&search=Stormtrooper" "Mozilla/5.0 (Windows NT 6.1; Win64; x64) AppleWebKit/537.36 (KHTML, like Gecko) Chrome/66.0.3359.117 Safari/537.36"
212.152.246.130 - - [19/Apr/2018:08:56:41 +0200] "GET /images/vista-up.gif HTTP/1.1" 200 131 "http://renault.activities.at/css/styles.css" "Mozilla/5.0 (Windows NT 6.1; Win64; x64) AppleWebKit/537.36 (KHTML, like Gecko) Chrome/66.0.3359.117 Safari/537.36"
212.152.246.130 - - [19/Apr/2018:08:56:41 +0200] "GET /images/pager_bg.gif HTTP/1.1" 200 150 "http://renault.activities.at/css/styles.css" "Mozilla/5.0 (Windows NT 6.1; Win64; x64) AppleWebKit/537.36 (KHTML, like Gecko) Chrome/66.0.3359.117 Safari/537.36"
212.152.246.130 - - [19/Apr/2018:08:56:41 +0200] "GET /images/validation_advice_bg.gif HTTP/1.1" 200 134 "http://renault.activities.at/css/styles.css" "Mozilla/5.0 (Windows NT 6.1; Win64; x64) AppleWebKit/537.36 (KHTML, like Gecko) Chrome/66.0.3359.117 Safari/537.36"
212.152.246.130 - - [19/Apr/2018:08:56:41 +0200] "GET /images/vista-dn.gif HTTP/1.1" 200 128 "http://renault.activities.at/css/styles.css" "Mozilla/5.0 (Windows NT 6.1; Win64; x64) AppleWebKit/537.36 (KHTML, like Gecko) Chrome/66.0.3359.117 Safari/537.36"
93.83.167.130 - - [19/Apr/2018:08:56:39 +0200] "POST /result?dir=DESC&mode=grid&order=name&limit=15&page=2&search=poster HTTP/1.1" 200 8883 "http://renault.activities.at/result?dir=DESC&mode=grid&order=name&limit=15&page=2&search=poster" "Mozilla/5.0 (Windows NT 6.1; WOW64; Trident/7.0; rv:11.0) like Gecko"
93.83.167.130 - - [19/Apr/2018:08:56:43 +0200] "GET /js/index.php?c=auto&f=,prototype/prototype.js,prototype/validation.js,scriptaculous/builder.js,scriptaculous/effects.js,scriptaculous/dragdrop.js,scriptaculous/controls.js,scriptaculous/slider.js,varien/js.js,varien/form.js,varien/menu.js,mage/translate.js,mage/cookies.js,varien/product.js,spinner/SpinnerControl.jsmin.js,prototype/window.js,prototype/window_ext.js HTTP/1.1" 304 - "http://renault.activities.at/result?dir=DESC&mode=grid&order=name&limit=15&page=2&search=poster" "Mozilla/5.0 (Windows NT 6.1; WOW64; Trident/7.0; rv:11.0) like Gecko"
212.152.246.130 - - [19/Apr/2018:08:56:44 +0200] "GET /css/themes/alphacube/top_mid.gif HTTP/1.1" 200 833 "http://renault.activities.at/css/themes/alphacube.css" "Mozilla/5.0 (Windows NT 6.1; Win64; x64) AppleWebKit/537.36 (KHTML, like Gecko) Chrome/66.0.3359.117 Safari/537.36"
212.152.246.130 - - [19/Apr/2018:08:56:44 +0200] "GET /css/themes/alphacube/frame_right.gif HTTP/1.1" 200 64 "http://renault.activities.at/css/themes/alphacube.css" "Mozilla/5.0 (Windows NT 6.1; Win64; x64) AppleWebKit/537.36 (KHTML, like Gecko) Chrome/66.0.3359.117 Safari/537.36"
212.152.246.130 - - [19/Apr/2018:08:56:44 +0200] "GET /css/themes/alphacube/top_right.gif HTTP/1.1" 200 972 "http://renault.activities.at/css/themes/alphacube.css" "Mozilla/5.0 (Windows NT 6.1; Win64; x64) AppleWebKit/537.36 (KHTML, like Gecko) Chrome/66.0.3359.117 Safari/537.36"
212.152.246.130 - - [19/Apr/2018:08:56:44 +0200] "GET /css/themes/alphacube/button-close-focus.gif HTTP/1.1" 200 699 "http://renault.activities.at/css/themes/alphacube.css" "Mozilla/5.0 (Windows NT 6.1; Win64; x64) AppleWebKit/537.36 (KHTML, like Gecko) Chrome/66.0.3359.117 Safari/537.36"
212.152.246.130 - - [19/Apr/2018:08:56:44 +0200] "GET /css/themes/alphacube/top_left.gif HTTP/1.1" 200 973 "http://renault.activities.at/css/themes/alphacube.css" "Mozilla/5.0 (Windows NT 6.1; Win64; x64) AppleWebKit/537.36 (KHTML, like Gecko) Chrome/66.0.3359.117 Safari/537.36"
212.152.246.130 - - [19/Apr/2018:08:56:44 +0200] "GET /css/themes/alphacube/bottom_middle.gif HTTP/1.1" 200 44 "http://renault.activities.at/css/themes/alphacube.css" "Mozilla/5.0 (Windows NT 6.1; Win64; x64) AppleWebKit/537.36 (KHTML, like Gecko) Chrome/66.0.3359.117 Safari/537.36"
212.152.246.130 - - [19/Apr/2018:08:56:44 +0200] "GET /css/themes/alphacube/frame_left.gif HTTP/1.1" 200 64 "http://renault.activities.at/css/themes/alphacube.css" "Mozilla/5.0 (Windows NT 6.1; Win64; x64) AppleWebKit/537.36 (KHTML, like Gecko) Chrome/66.0.3359.117 Safari/537.36"
212.152.246.130 - - [19/Apr/2018:08:56:44 +0200] "GET /css/themes/alphacube/bottom_right-c.gif HTTP/1.1" 200 62 "http://renault.activities.at/css/themes/alphacube.css" "Mozilla/5.0 (Windows NT 6.1; Win64; x64) AppleWebKit/537.36 (KHTML, like Gecko) Chrome/66.0.3359.117 Safari/537.36"
212.152.246.130 - - [19/Apr/2018:08:56:44 +0200] "GET /css/themes/alphacube/bottom_left-c.gif HTTP/1.1" 200 62 "http://renault.activities.at/css/themes/alphacube.css" "Mozilla/5.0 (Windows NT 6.1; Win64; x64) AppleWebKit/537.36 (KHTML, like Gecko) Chrome/66.0.3359.117 Safari/537.36"
212.152.246.130 - - [19/Apr/2018:08:56:44 +0200] "GET /11780948?print=true HTTP/1.1" 200 2912 "http://renault.activities.at/result?searchterm=true&search=Stormtrooper" "Mozilla/5.0 (Windows NT 6.1; Win64; x64) AppleWebKit/537.36 (KHTML, like Gecko) Chrome/66.0.3359.117 Safari/537.36"
212.152.246.130 - - [19/Apr/2018:08:56:47 +0200] "GET /js/magiczoom/magiczoom.css HTTP/1.1" 200 1210 "http://renault.activities.at/11780948?print=true" "Mozilla/5.0 (Windows NT 6.1; Win64; x64) AppleWebKit/537.36 (KHTML, like Gecko) Chrome/66.0.3359.117 Safari/537.36"
212.152.246.130 - - [19/Apr/2018:08:56:47 +0200] "GET /js/magiczoom/magiczoom.js HTTP/1.1" 200 26397 "http://renault.activities.at/11780948?print=true" "Mozilla/5.0 (Windows NT 6.1; Win64; x64) AppleWebKit/537.36 (KHTML, like Gecko) Chrome/66.0.3359.117 Safari/537.36"
212.152.246.130 - - [19/Apr/2018:08:56:47 +0200] "GET /js/Produkt.js HTTP/1.1" 200 852 "http://renault.activities.at/11780948?print=true" "Mozilla/5.0 (Windows NT 6.1; Win64; x64) AppleWebKit/537.36 (KHTML, like Gecko) Chrome/66.0.3359.117 Safari/537.36"
212.152.246.130 - - [19/Apr/2018:08:56:47 +0200] "GET /js/tabs.js HTTP/1.1" 200 519 "http://renault.activities.at/11780948?print=true" "Mozilla/5.0 (Windows NT 6.1; Win64; x64) AppleWebKit/537.36 (KHTML, like Gecko) Chrome/66.0.3359.117 Safari/537.36"
212.152.246.130 - - [19/Apr/2018:08:56:47 +0200] "GET /loadthumbnail.php?id=11784206&width=250 HTTP/1.1" 200 13964 "http://renault.activities.at/11780948?print=true" "Mozilla/5.0 (Windows NT 6.1; Win64; x64) AppleWebKit/537.36 (KHTML, like Gecko) Chrome/66.0.3359.117 Safari/537.36"
212.152.246.130 - - [19/Apr/2018:08:56:47 +0200] "GET /images/tabs_corner_right_bot.gif HTTP/1.1" 200 99 "http://renault.activities.at/css/styles.css" "Mozilla/5.0 (Windows NT 6.1; Win64; x64) AppleWebKit/537.36 (KHTML, like Gecko) Chrome/66.0.3359.117 Safari/537.36"
212.152.246.130 - - [19/Apr/2018:08:56:47 +0200] "GET /images/tabs_border.gif HTTP/1.1" 200 43 "http://renault.activities.at/css/styles.css" "Mozilla/5.0 (Windows NT 6.1; Win64; x64) AppleWebKit/537.36 (KHTML, like Gecko) Chrome/66.0.3359.117 Safari/537.36"
212.152.246.130 - - [19/Apr/2018:08:56:47 +0200] "GET /images/tabs_corner_left_top.gif HTTP/1.1" 200 99 "http://renault.activities.at/css/styles.css" "Mozilla/5.0 (Windows NT 6.1; Win64; x64) AppleWebKit/537.36 (KHTML, like Gecko) Chrome/66.0.3359.117 Safari/537.36"
212.152.246.130 - - [19/Apr/2018:08:56:47 +0200] "GET /images/tabs_corner_right_top.gif HTTP/1.1" 200 98 "http://renault.activities.at/css/styles.css" "Mozilla/5.0 (Windows NT 6.1; Win64; x64) AppleWebKit/537.36 (KHTML, like Gecko) Chrome/66.0.3359.117 Safari/537.36"
212.152.246.130 - - [19/Apr/2018:08:56:47 +0200] "GET /images/tabs_button_corner_left_top_active.gif HTTP/1.1" 200 138 "http://renault.activities.at/css/styles.css" "Mozilla/5.0 (Windows NT 6.1; Win64; x64) AppleWebKit/537.36 (KHTML, like Gecko) Chrome/66.0.3359.117 Safari/537.36"
212.152.246.130 - - [19/Apr/2018:08:56:47 +0200] "GET /images/tabs_button_corner_right_top_active.gif HTTP/1.1" 200 136 "http://renault.activities.at/css/styles.css" "Mozilla/5.0 (Windows NT 6.1; Win64; x64) AppleWebKit/537.36 (KHTML, like Gecko) Chrome/66.0.3359.117 Safari/537.36"
212.152.246.130 - - [19/Apr/2018:08:56:47 +0200] "GET /images/tabs_corner_left_bot.gif HTTP/1.1" 200 98 "http://renault.activities.at/css/styles.css" "Mozilla/5.0 (Windows NT 6.1; Win64; x64) AppleWebKit/537.36 (KHTML, like Gecko) Chrome/66.0.3359.117 Safari/537.36"
212.152.246.130 - - [19/Apr/2018:08:56:48 +0200] "GET /js/magiczoom/graphics/loader.gif HTTP/1.1" 200 1849 "http://renault.activities.at/js/magiczoom/magiczoom.css" "Mozilla/5.0 (Windows NT 6.1; Win64; x64) AppleWebKit/537.36 (KHTML, like Gecko) Chrome/66.0.3359.117 Safari/537.36"
212.152.246.130 - - [19/Apr/2018:08:56:47 +0200] "GET /loadthumbnail.php?id=11784206&width=900&height=900 HTTP/1.1" 200 60321 "http://renault.activities.at/11780948?print=true" "Mozilla/5.0 (Windows NT 6.1; Win64; x64) AppleWebKit/537.36 (KHTML, like Gecko) Chrome/66.0.3359.117 Safari/537.36"
212.152.246.130 - - [19/Apr/2018:08:56:48 +0200] "GET /js/magiczoom/graphics/zoomin.cur HTTP/1.1" 200 326 "http://renault.activities.at/js/magiczoom/magiczoom.css" "Mozilla/5.0 (Windows NT 6.1; Win64; x64) AppleWebKit/537.36 (KHTML, like Gecko) Chrome/66.0.3359.117 Safari/537.36"
212.152.246.130 - - [19/Apr/2018:08:56:48 +0200] "GET /js/magiczoom/graphics/hint.gif HTTP/1.1" 200 73 "http://renault.activities.at/js/magiczoom/magiczoom.css" "Mozilla/5.0 (Windows NT 6.1; Win64; x64) AppleWebKit/537.36 (KHTML, like Gecko) Chrome/66.0.3359.117 Safari/537.36"
93.83.167.130 - - [19/Apr/2018:08:56:48 +0200] "GET /result?dir=DESC&mode=grid&order=name&limit=15&page=3&search=poster HTTP/1.1" 200 8700 "http://renault.activities.at/result?dir=DESC&mode=grid&order=name&limit=15&page=2&search=poster" "Mozilla/5.0 (Windows NT 6.1; WOW64; Trident/7.0; rv:11.0) like Gecko"
93.83.167.130 - - [19/Apr/2018:08:56:51 +0200] "GET /js/index.php?c=auto&f=,prototype/prototype.js,prototype/validation.js,scriptaculous/builder.js,scriptaculous/effects.js,scriptaculous/dragdrop.js,scriptaculous/controls.js,scriptaculous/slider.js,varien/js.js,varien/form.js,varien/menu.js,mage/translate.js,mage/cookies.js,varien/product.js,spinner/SpinnerControl.jsmin.js,prototype/window.js,prototype/window_ext.js HTTP/1.1" 304 - "http://renault.activities.at/result?dir=DESC&mode=grid&order=name&limit=15&page=3&search=poster" "Mozilla/5.0 (Windows NT 6.1; WOW64; Trident/7.0; rv:11.0) like Gecko"
93.83.167.130 - - [19/Apr/2018:08:56:51 +0200] "GET /loadthumbnail.php?id=11784479&width=113 HTTP/1.1" 200 2490 "http://renault.activities.at/result?dir=DESC&mode=grid&order=name&limit=15&page=3&search=poster" "Mozilla/5.0 (Windows NT 6.1; WOW64; Trident/7.0; rv:11.0) like Gecko"
93.83.167.130 - - [19/Apr/2018:08:56:51 +0200] "GET /loadthumbnail.php?id=10836220&width=113 HTTP/1.1" 200 4675 "http://renault.activities.at/result?dir=DESC&mode=grid&order=name&limit=15&page=3&search=poster" "Mozilla/5.0 (Windows NT 6.1; WOW64; Trident/7.0; rv:11.0) like Gecko"
93.83.167.130 - - [19/Apr/2018:08:56:51 +0200] "GET /loadthumbnail.php?id=11784483&width=113 HTTP/1.1" 200 5836 "http://renault.activities.at/result?dir=DESC&mode=grid&order=name&limit=15&page=3&search=poster" "Mozilla/5.0 (Windows NT 6.1; WOW64; Trident/7.0; rv:11.0) like Gecko"
93.83.167.130 - - [19/Apr/2018:08:56:51 +0200] "GET /loadthumbnail.php?id=11784481&width=113 HTTP/1.1" 200 5692 "http://renault.activities.at/result?dir=DESC&mode=grid&order=name&limit=15&page=3&search=poster" "Mozilla/5.0 (Windows NT 6.1; WOW64; Trident/7.0; rv:11.0) like Gecko"
93.83.167.130 - - [19/Apr/2018:08:56:51 +0200] "GET /loadthumbnail.php?id=11784465&width=113 HTTP/1.1" 200 2824 "http://renault.activities.at/result?dir=DESC&mode=grid&order=name&limit=15&page=3&search=poster" "Mozilla/5.0 (Windows NT 6.1; WOW64; Trident/7.0; rv:11.0) like Gecko"
93.83.167.130 - - [19/Apr/2018:08:56:51 +0200] "GET /loadthumbnail.php?id=11784466&width=113 HTTP/1.1" 200 3044 "http://renault.activities.at/result?dir=DESC&mode=grid&order=name&limit=15&page=3&search=poster" "Mozilla/5.0 (Windows NT 6.1; WOW64; Trident/7.0; rv:11.0) like Gecko"
93.83.167.130 - - [19/Apr/2018:08:56:51 +0200] "GET /loadthumbnail.php?id=11784480&width=113 HTTP/1.1" 200 4887 "http://renault.activities.at/result?dir=DESC&mode=grid&order=name&limit=15&page=3&search=poster" "Mozilla/5.0 (Windows NT 6.1; WOW64; Trident/7.0; rv:11.0) like Gecko"
93.83.167.130 - - [19/Apr/2018:08:56:51 +0200] "GET /loadthumbnail.php?id=11627282&width=113 HTTP/1.1" 200 18342 "http://renault.activities.at/result?dir=DESC&mode=grid&order=name&limit=15&page=3&search=poster" "Mozilla/5.0 (Windows NT 6.1; WOW64; Trident/7.0; rv:11.0) like Gecko"
93.83.167.130 - - [19/Apr/2018:08:56:51 +0200] "GET /loadthumbnail.php?id=11784464&width=113 HTTP/1.1" 200 2802 "http://renault.activities.at/result?dir=DESC&mode=grid&order=name&limit=15&page=3&search=poster" "Mozilla/5.0 (Windows NT 6.1; WOW64; Trident/7.0; rv:11.0) like Gecko"
93.83.167.130 - - [19/Apr/2018:08:56:51 +0200] "GET /loadthumbnail.php?id=11314591&width=113 HTTP/1.1" 200 2647 "http://renault.activities.at/result?dir=DESC&mode=grid&order=name&limit=15&page=3&search=poster" "Mozilla/5.0 (Windows NT 6.1; WOW64; Trident/7.0; rv:11.0) like Gecko"
93.83.167.130 - - [19/Apr/2018:08:56:51 +0200] "GET /loadthumbnail.php?id=11314592&width=113 HTTP/1.1" 200 3118 "http://renault.activities.at/result?dir=DESC&mode=grid&order=name&limit=15&page=3&search=poster" "Mozilla/5.0 (Windows NT 6.1; WOW64; Trident/7.0; rv:11.0) like Gecko"
93.83.167.130 - - [19/Apr/2018:08:56:51 +0200] "GET /loadthumbnail.php?id=11314593&width=113 HTTP/1.1" 200 4275 "http://renault.activities.at/result?dir=DESC&mode=grid&order=name&limit=15&page=3&search=poster" "Mozilla/5.0 (Windows NT 6.1; WOW64; Trident/7.0; rv:11.0) like Gecko"
93.83.167.130 - - [19/Apr/2018:08:56:51 +0200] "GET /loadthumbnail.php?id=11659629&width=113 HTTP/1.1" 200 2748 "http://renault.activities.at/result?dir=DESC&mode=grid&order=name&limit=15&page=3&search=poster" "Mozilla/5.0 (Windows NT 6.1; WOW64; Trident/7.0; rv:11.0) like Gecko"
212.152.246.130 - - [19/Apr/2018:08:57:02 +0200] "POST /axjaxrequest?mode=suggest HTTP/1.1" 200 332 "http://renault.activities.at/result?searchterm=true&search=Stormtrooper" "Mozilla/5.0 (Windows NT 6.1; Win64; x64) AppleWebKit/537.36 (KHTML, like Gecko) Chrome/66.0.3359.117 Safari/537.36"
93.83.167.130 - - [19/Apr/2018:08:57:01 +0200] "POST /result?dir=DESC&mode=grid&order=name&limit=15&page=3&search=poster HTTP/1.1" 200 8806 "http://renault.activities.at/result?dir=DESC&mode=grid&order=name&limit=15&page=3&search=poster" "Mozilla/5.0 (Windows NT 6.1; WOW64; Trident/7.0; rv:11.0) like Gecko"
93.83.167.130 - - [19/Apr/2018:08:57:05 +0200] "GET /js/index.php?c=auto&f=,prototype/prototype.js,prototype/validation.js,scriptaculous/builder.js,scriptaculous/effects.js,scriptaculous/dragdrop.js,scriptaculous/controls.js,scriptaculous/slider.js,varien/js.js,varien/form.js,varien/menu.js,mage/translate.js,mage/cookies.js,varien/product.js,spinner/SpinnerControl.jsmin.js,prototype/window.js,prototype/window_ext.js HTTP/1.1" 304 - "http://renault.activities.at/result?dir=DESC&mode=grid&order=name&limit=15&page=3&search=poster" "Mozilla/5.0 (Windows NT 6.1; WOW64; Trident/7.0; rv:11.0) like Gecko"
212.152.246.130 - - [19/Apr/2018:08:57:03 +0200] "POST /axjaxrequest?mode=suggest HTTP/1.1" 200 112 "http://renault.activities.at/result?searchterm=true&search=Stormtrooper" "Mozilla/5.0 (Windows NT 6.1; Win64; x64) AppleWebKit/537.36 (KHTML, like Gecko) Chrome/66.0.3359.117 Safari/537.36"
212.152.246.130 - - [19/Apr/2018:08:57:05 +0200] "GET /result?searchterm=true&search=kadjar HTTP/1.1" 200 8666 "http://renault.activities.at/result?searchterm=true&search=Stormtrooper" "Mozilla/5.0 (Windows NT 6.1; Win64; x64) AppleWebKit/537.36 (KHTML, like Gecko) Chrome/66.0.3359.117 Safari/537.36"
212.152.246.130 - - [19/Apr/2018:08:57:08 +0200] "GET /loadthumbnail.php?id=10203276 HTTP/1.1" 200 75 "http://renault.activities.at/result?searchterm=true&search=kadjar" "Mozilla/5.0 (Windows NT 6.1; Win64; x64) AppleWebKit/537.36 (KHTML, like Gecko) Chrome/66.0.3359.117 Safari/537.36"
212.152.246.130 - - [19/Apr/2018:08:57:08 +0200] "GET /loadthumbnail.php?id=11548917&width=113 HTTP/1.1" 200 22455 "http://renault.activities.at/result?searchterm=true&search=kadjar" "Mozilla/5.0 (Windows NT 6.1; Win64; x64) AppleWebKit/537.36 (KHTML, like Gecko) Chrome/66.0.3359.117 Safari/537.36"
212.152.246.130 - - [19/Apr/2018:08:57:08 +0200] "GET /loadthumbnail.php?id=11181187&width=113 HTTP/1.1" 200 1532 "http://renault.activities.at/result?searchterm=true&search=kadjar" "Mozilla/5.0 (Windows NT 6.1; Win64; x64) AppleWebKit/537.36 (KHTML, like Gecko) Chrome/66.0.3359.117 Safari/537.36"
212.152.246.130 - - [19/Apr/2018:08:57:08 +0200] "GET /loadthumbnail.php?id=11181185&width=113 HTTP/1.1" 200 1532 "http://renault.activities.at/result?searchterm=true&search=kadjar" "Mozilla/5.0 (Windows NT 6.1; Win64; x64) AppleWebKit/537.36 (KHTML, like Gecko) Chrome/66.0.3359.117 Safari/537.36"
212.152.246.130 - - [19/Apr/2018:08:57:08 +0200] "GET /loadthumbnail.php?id=11181180&width=113 HTTP/1.1" 200 1834 "http://renault.activities.at/result?searchterm=true&search=kadjar" "Mozilla/5.0 (Windows NT 6.1; Win64; x64) AppleWebKit/537.36 (KHTML, like Gecko) Chrome/66.0.3359.117 Safari/537.36"
212.152.246.130 - - [19/Apr/2018:08:57:08 +0200] "GET /loadthumbnail.php?id=11679071&width=113 HTTP/1.1" 200 37134 "http://renault.activities.at/result?searchterm=true&search=kadjar" "Mozilla/5.0 (Windows NT 6.1; Win64; x64) AppleWebKit/537.36 (KHTML, like Gecko) Chrome/66.0.3359.117 Safari/537.36"
212.152.246.130 - - [19/Apr/2018:08:57:08 +0200] "GET /loadthumbnail.php?id=11181178&width=113 HTTP/1.1" 200 1834 "http://renault.activities.at/result?searchterm=true&search=kadjar" "Mozilla/5.0 (Windows NT 6.1; Win64; x64) AppleWebKit/537.36 (KHTML, like Gecko) Chrome/66.0.3359.117 Safari/537.36"
212.152.246.130 - - [19/Apr/2018:08:57:08 +0200] "GET /loadthumbnail.php?id=11181237&width=113 HTTP/1.1" 200 1156 "http://renault.activities.at/result?searchterm=true&search=kadjar" "Mozilla/5.0 (Windows NT 6.1; Win64; x64) AppleWebKit/537.36 (KHTML, like Gecko) Chrome/66.0.3359.117 Safari/537.36"
212.152.246.130 - - [19/Apr/2018:08:57:08 +0200] "GET /loadthumbnail.php?id=11181235&width=113 HTTP/1.1" 200 1156 "http://renault.activities.at/result?searchterm=true&search=kadjar" "Mozilla/5.0 (Windows NT 6.1; Win64; x64) AppleWebKit/537.36 (KHTML, like Gecko) Chrome/66.0.3359.117 Safari/537.36"
212.152.246.130 - - [19/Apr/2018:08:57:08 +0200] "GET /loadthumbnail.php?id=11195851&width=113 HTTP/1.1" 200 1156 "http://renault.activities.at/result?searchterm=true&search=kadjar" "Mozilla/5.0 (Windows NT 6.1; Win64; x64) AppleWebKit/537.36 (KHTML, like Gecko) Chrome/66.0.3359.117 Safari/537.36"
212.152.246.130 - - [19/Apr/2018:08:57:09 +0200] "GET /loadthumbnail.php?id=11181168&width=113 HTTP/1.1" 200 847 "http://renault.activities.at/result?searchterm=true&search=kadjar" "Mozilla/5.0 (Windows NT 6.1; Win64; x64) AppleWebKit/537.36 (KHTML, like Gecko) Chrome/66.0.3359.117 Safari/537.36"
212.152.246.130 - - [19/Apr/2018:08:57:09 +0200] "GET /loadthumbnail.php?id=11181166&width=113 HTTP/1.1" 200 847 "http://renault.activities.at/result?searchterm=true&search=kadjar" "Mozilla/5.0 (Windows NT 6.1; Win64; x64) AppleWebKit/537.36 (KHTML, like Gecko) Chrome/66.0.3359.117 Safari/537.36"
212.152.246.130 - - [19/Apr/2018:08:57:09 +0200] "GET /loadthumbnail.php?id=10203650&width=113 HTTP/1.1" 200 2741 "http://renault.activities.at/result?searchterm=true&search=kadjar" "Mozilla/5.0 (Windows NT 6.1; Win64; x64) AppleWebKit/537.36 (KHTML, like Gecko) Chrome/66.0.3359.117 Safari/537.36"
212.152.246.130 - - [19/Apr/2018:08:57:09 +0200] "GET /loadthumbnail.php?id=11181172&width=113 HTTP/1.1" 200 1576 "http://renault.activities.at/result?searchterm=true&search=kadjar" "Mozilla/5.0 (Windows NT 6.1; Win64; x64) AppleWebKit/537.36 (KHTML, like Gecko) Chrome/66.0.3359.117 Safari/537.36"
212.152.246.130 - - [19/Apr/2018:08:57:09 +0200] "GET /loadthumbnail.php?id=11181170&width=113 HTTP/1.1" 200 1576 "http://renault.activities.at/result?searchterm=true&search=kadjar" "Mozilla/5.0 (Windows NT 6.1; Win64; x64) AppleWebKit/537.36 (KHTML, like Gecko) Chrome/66.0.3359.117 Safari/537.36"
212.152.246.130 - - [19/Apr/2018:08:57:12 +0200] "GET /images/vista-dn-hover.gif HTTP/1.1" 200 127 "http://renault.activities.at/css/styles.css" "Mozilla/5.0 (Windows NT 6.1; Win64; x64) AppleWebKit/537.36 (KHTML, like Gecko) Chrome/66.0.3359.117 Safari/537.36"
212.152.246.130 - - [19/Apr/2018:08:57:17 +0200] "GET /result?dir=DESC&mode=grid&order=name&limit=15&page=2&search=kadjar HTTP/1.1" 200 6709 "http://renault.activities.at/result?searchterm=true&search=kadjar" "Mozilla/5.0 (Windows NT 6.1; Win64; x64) AppleWebKit/537.36 (KHTML, like Gecko) Chrome/66.0.3359.117 Safari/537.36"
212.152.246.130 - - [19/Apr/2018:08:57:19 +0200] "GET /loadthumbnail.php?id=10203275 HTTP/1.1" 200 85 "http://renault.activities.at/result?dir=DESC&mode=grid&order=name&limit=15&page=2&search=kadjar" "Mozilla/5.0 (Windows NT 6.1; Win64; x64) AppleWebKit/537.36 (KHTML, like Gecko) Chrome/66.0.3359.117 Safari/537.36"
212.152.246.130 - - [19/Apr/2018:08:57:19 +0200] "GET /loadthumbnail.php?id=10915652&width=113 HTTP/1.1" 200 1387 "http://renault.activities.at/result?dir=DESC&mode=grid&order=name&limit=15&page=2&search=kadjar" "Mozilla/5.0 (Windows NT 6.1; Win64; x64) AppleWebKit/537.36 (KHTML, like Gecko) Chrome/66.0.3359.117 Safari/537.36"
212.152.246.130 - - [19/Apr/2018:08:57:19 +0200] "GET /loadthumbnail.php?id=11550106&width=113 HTTP/1.1" 200 3354 "http://renault.activities.at/result?dir=DESC&mode=grid&order=name&limit=15&page=2&search=kadjar" "Mozilla/5.0 (Windows NT 6.1; Win64; x64) AppleWebKit/537.36 (KHTML, like Gecko) Chrome/66.0.3359.117 Safari/537.36"
212.152.246.130 - - [19/Apr/2018:08:57:19 +0200] "GET /loadthumbnail.php?id=11031873&width=113 HTTP/1.1" 200 24451 "http://renault.activities.at/result?dir=DESC&mode=grid&order=name&limit=15&page=2&search=kadjar" "Mozilla/5.0 (Windows NT 6.1; Win64; x64) AppleWebKit/537.36 (KHTML, like Gecko) Chrome/66.0.3359.117 Safari/537.36"
212.152.246.130 - - [19/Apr/2018:08:57:19 +0200] "GET /loadthumbnail.php?id=11031880&width=113 HTTP/1.1" 200 39263 "http://renault.activities.at/result?dir=DESC&mode=grid&order=name&limit=15&page=2&search=kadjar" "Mozilla/5.0 (Windows NT 6.1; Win64; x64) AppleWebKit/537.36 (KHTML, like Gecko) Chrome/66.0.3359.117 Safari/537.36"
212.152.246.130 - - [19/Apr/2018:08:57:21 +0200] "GET /images/vista-up-hover.gif HTTP/1.1" 200 130 "http://renault.activities.at/css/styles.css" "Mozilla/5.0 (Windows NT 6.1; Win64; x64) AppleWebKit/537.36 (KHTML, like Gecko) Chrome/66.0.3359.117 Safari/537.36"
93.83.167.130 - - [19/Apr/2018:08:57:22 +0200] "POST /result?dir=DESC&mode=grid&order=name&limit=15&page=3&search=poster HTTP/1.1" 200 8805 "http://renault.activities.at/result?dir=DESC&mode=grid&order=name&limit=15&page=3&search=poster" "Mozilla/5.0 (Windows NT 6.1; WOW64; Trident/7.0; rv:11.0) like Gecko"
93.83.167.130 - - [19/Apr/2018:08:57:25 +0200] "GET /js/index.php?c=auto&f=,prototype/prototype.js,prototype/validation.js,scriptaculous/builder.js,scriptaculous/effects.js,scriptaculous/dragdrop.js,scriptaculous/controls.js,scriptaculous/slider.js,varien/js.js,varien/form.js,varien/menu.js,mage/translate.js,mage/cookies.js,varien/product.js,spinner/SpinnerControl.jsmin.js,prototype/window.js,prototype/window_ext.js HTTP/1.1" 304 - "http://renault.activities.at/result?dir=DESC&mode=grid&order=name&limit=15&page=3&search=poster" "Mozilla/5.0 (Windows NT 6.1; WOW64; Trident/7.0; rv:11.0) like Gecko"
212.152.246.130 - - [19/Apr/2018:08:57:24 +0200] "POST /result?dir=DESC&mode=grid&order=name&limit=15&page=2&search=kadjar HTTP/1.1" 200 6896 "http://renault.activities.at/result?dir=DESC&mode=grid&order=name&limit=15&page=2&search=kadjar" "Mozilla/5.0 (Windows NT 6.1; Win64; x64) AppleWebKit/537.36 (KHTML, like Gecko) Chrome/66.0.3359.117 Safari/537.36"
212.152.246.130 - - [19/Apr/2018:08:57:27 +0200] "GET /images/success_msg_icon.gif HTTP/1.1" 200 1024 "http://renault.activities.at/css/styles.css" "Mozilla/5.0 (Windows NT 6.1; Win64; x64) AppleWebKit/537.36 (KHTML, like Gecko) Chrome/66.0.3359.117 Safari/537.36"
193.194.132.72 - - [19/Apr/2018:08:57:30 +0200] "GET /reload?ser=1524121050372 HTTP/1.1" 200 28 "http://renault.2web.at/account?loadrequest=true" "Mozilla/5.0 (Windows NT 6.1; WOW64; Trident/7.0; rv:11.0) like Gecko"
212.152.246.130 - - [19/Apr/2018:08:57:30 +0200] "GET /10428613?print=true HTTP/1.1" 200 2674 "http://renault.activities.at/result?dir=DESC&mode=grid&order=name&limit=15&page=2&search=kadjar" "Mozilla/5.0 (Windows NT 6.1; Win64; x64) AppleWebKit/537.36 (KHTML, like Gecko) Chrome/66.0.3359.117 Safari/537.36"
212.152.246.130 - - [19/Apr/2018:08:57:33 +0200] "GET /loadthumbnail.php?id=10428967&width=250 HTTP/1.1" 200 7607 "http://renault.activities.at/10428613?print=true" "Mozilla/5.0 (Windows NT 6.1; Win64; x64) AppleWebKit/537.36 (KHTML, like Gecko) Chrome/66.0.3359.117 Safari/537.36"
93.83.167.130 - - [19/Apr/2018:08:57:29 +0200] "POST /result?dir=DESC&mode=grid&order=name&limit=15&page=3&search=poster HTTP/1.1" 200 8815 "http://renault.activities.at/result?dir=DESC&mode=grid&order=name&limit=15&page=3&search=poster" "Mozilla/5.0 (Windows NT 6.1; WOW64; Trident/7.0; rv:11.0) like Gecko"
93.83.167.130 - - [19/Apr/2018:08:57:33 +0200] "GET /js/index.php?c=auto&f=,prototype/prototype.js,prototype/validation.js,scriptaculous/builder.js,scriptaculous/effects.js,scriptaculous/dragdrop.js,scriptaculous/controls.js,scriptaculous/slider.js,varien/js.js,varien/form.js,varien/menu.js,mage/translate.js,mage/cookies.js,varien/product.js,spinner/SpinnerControl.jsmin.js,prototype/window.js,prototype/window_ext.js HTTP/1.1" 304 - "http://renault.activities.at/result?dir=DESC&mode=grid&order=name&limit=15&page=3&search=poster" "Mozilla/5.0 (Windows NT 6.1; WOW64; Trident/7.0; rv:11.0) like Gecko"
212.152.246.130 - - [19/Apr/2018:08:57:33 +0200] "GET /loadthumbnail.php?id=10428967&width=900&height=900 HTTP/1.1" 200 48061 "http://renault.activities.at/10428613?print=true" "Mozilla/5.0 (Windows NT 6.1; Win64; x64) AppleWebKit/537.36 (KHTML, like Gecko) Chrome/66.0.3359.117 Safari/537.36"
93.83.167.130 - - [19/Apr/2018:08:57:41 +0200] "POST /result?dir=DESC&mode=grid&order=name&limit=15&page=3&search=poster HTTP/1.1" 200 8807 "http://renault.activities.at/result?dir=DESC&mode=grid&order=name&limit=15&page=3&search=poster" "Mozilla/5.0 (Windows NT 6.1; WOW64; Trident/7.0; rv:11.0) like Gecko"
93.83.167.130 - - [19/Apr/2018:08:57:45 +0200] "GET /js/index.php?c=auto&f=,prototype/prototype.js,prototype/validation.js,scriptaculous/builder.js,scriptaculous/effects.js,scriptaculous/dragdrop.js,scriptaculous/controls.js,scriptaculous/slider.js,varien/js.js,varien/form.js,varien/menu.js,mage/translate.js,mage/cookies.js,varien/product.js,spinner/SpinnerControl.jsmin.js,prototype/window.js,prototype/window_ext.js HTTP/1.1" 304 - "http://renault.activities.at/result?dir=DESC&mode=grid&order=name&limit=15&page=3&search=poster" "Mozilla/5.0 (Windows NT 6.1; WOW64; Trident/7.0; rv:11.0) like Gecko"
212.152.246.130 - - [19/Apr/2018:08:58:27 +0200] "GET /reload?ser=1524121103952 HTTP/1.1" 200 28 "http://renault.activities.at/result?dir=DESC&mode=grid&order=name&limit=15&page=2&search=kadjar" "Mozilla/5.0 (Windows NT 6.1; Win64; x64) AppleWebKit/537.36 (KHTML, like Gecko) Chrome/66.0.3359.117 Safari/537.36"
193.194.132.72 - - [19/Apr/2018:08:58:31 +0200] "GET /reload?ser=1524121111431 HTTP/1.1" 200 28 "http://renault.2web.at/account?loadrequest=true" "Mozilla/5.0 (Windows NT 6.1; WOW64; Trident/7.0; rv:11.0) like Gecko"
