212.152.246.130 - - [19/Apr/2018:13:29:28 +0200] "GET /reload?ser=1524137364579 HTTP/1.1" 200 28 "http://renault.activities.at/result?dir=DESC&mode=grid&order=name&limit=15&page=2&search=kadjar" "Mozilla/5.0 (Windows NT 6.1; Win64; x64) AppleWebKit/537.36 (KHTML, like Gecko) Chrome/66.0.3359.117 Safari/537.36"
188.21.129.54 - - [19/Apr/2018:13:29:45 +0200] "GET /reload?ser=1524137385327 HTTP/1.1" 200 28 "http://renault.activities.at/result?searchterm=true&search=Vertrag" "Mozilla/5.0 (Windows NT 6.1; WOW64; Trident/7.0; rv:11.0) like Gecko"
80.120.148.242 - - [19/Apr/2018:13:29:52 +0200] "GET /reload?ser=1524137392404 HTTP/1.1" 200 28 "http://renault.activities.at/success" "Mozilla/5.0 (Windows NT 6.1; WOW64; Trident/7.0; rv:11.0) like Gecko"
80.120.5.131 - - [19/Apr/2018:13:30:15 +0200] "GET /reload?ser=1524137415415 HTTP/1.1" 200 2 "http://renault.activities.at/10260273?dir=DESC&mode=grid&order=name&limit=15&page=3" "Mozilla/5.0 (Windows NT 10.0; WOW64; Trident/7.0; rv:11.0) like Gecko"
212.152.246.130 - - [19/Apr/2018:13:30:30 +0200] "GET /reload?ser=1524137426587 HTTP/1.1" 200 28 "http://renault.activities.at/result?dir=DESC&mode=grid&order=name&limit=15&page=2&search=kadjar" "Mozilla/5.0 (Windows NT 6.1; Win64; x64) AppleWebKit/537.36 (KHTML, like Gecko) Chrome/66.0.3359.117 Safari/537.36"
188.21.129.54 - - [19/Apr/2018:13:30:46 +0200] "GET /reload?ser=1524137446360 HTTP/1.1" 200 28 "http://renault.activities.at/result?searchterm=true&search=Vertrag" "Mozilla/5.0 (Windows NT 6.1; WOW64; Trident/7.0; rv:11.0) like Gecko"
80.120.148.242 - - [19/Apr/2018:13:30:53 +0200] "GET /reload?ser=1524137453356 HTTP/1.1" 200 28 "http://renault.activities.at/success" "Mozilla/5.0 (Windows NT 6.1; WOW64; Trident/7.0; rv:11.0) like Gecko"
80.122.53.230 - - [19/Apr/2018:13:31:03 +0200] "GET / HTTP/1.1" 200 3845 "-" "Mozilla/5.0 (Windows NT 6.1; WOW64; Trident/7.0; rv:11.0) like Gecko"
80.122.53.230 - - [19/Apr/2018:13:31:04 +0200] "GET /css/styles.css HTTP/1.1" 200 14664 "http://renault.activities.at/" "Mozilla/5.0 (Windows NT 6.1; WOW64; Trident/7.0; rv:11.0) like Gecko"
80.122.53.230 - - [19/Apr/2018:13:31:04 +0200] "GET /js/default.js HTTP/1.1" 200 14698 "http://renault.activities.at/" "Mozilla/5.0 (Windows NT 6.1; WOW64; Trident/7.0; rv:11.0) like Gecko"
80.122.53.230 - - [19/Apr/2018:13:31:04 +0200] "GET /css/reset.css HTTP/1.1" 200 1356 "http://renault.activities.at/" "Mozilla/5.0 (Windows NT 6.1; WOW64; Trident/7.0; rv:11.0) like Gecko"
80.122.53.230 - - [19/Apr/2018:13:31:04 +0200] "GET /css/clears.css HTTP/1.1" 200 851 "http://renault.activities.at/" "Mozilla/5.0 (Windows NT 6.1; WOW64; Trident/7.0; rv:11.0) like Gecko"
80.122.53.230 - - [19/Apr/2018:13:31:04 +0200] "GET /js/flashdetection.js HTTP/1.1" 200 1059 "http://renault.activities.at/" "Mozilla/5.0 (Windows NT 6.1; WOW64; Trident/7.0; rv:11.0) like Gecko"
80.122.53.230 - - [19/Apr/2018:13:31:04 +0200] "GET /js/checkout.css HTTP/1.1" 200 359 "http://renault.activities.at/" "Mozilla/5.0 (Windows NT 6.1; WOW64; Trident/7.0; rv:11.0) like Gecko"
80.122.53.230 - - [19/Apr/2018:13:31:04 +0200] "GET /css/print.css HTTP/1.1" 200 543 "http://renault.activities.at/" "Mozilla/5.0 (Windows NT 6.1; WOW64; Trident/7.0; rv:11.0) like Gecko"
80.122.53.230 - - [19/Apr/2018:13:31:04 +0200] "GET /css/prototip.css HTTP/1.1" 200 968 "http://renault.activities.at/" "Mozilla/5.0 (Windows NT 6.1; WOW64; Trident/7.0; rv:11.0) like Gecko"
80.122.53.230 - - [19/Apr/2018:13:31:04 +0200] "GET /css/themes/alphacube.css HTTP/1.1" 200 743 "http://renault.activities.at/" "Mozilla/5.0 (Windows NT 6.1; WOW64; Trident/7.0; rv:11.0) like Gecko"
80.122.53.230 - - [19/Apr/2018:13:31:04 +0200] "GET /css/themes/default.css HTTP/1.1" 200 769 "http://renault.activities.at/" "Mozilla/5.0 (Windows NT 6.1; WOW64; Trident/7.0; rv:11.0) like Gecko"
80.122.53.230 - - [19/Apr/2018:13:31:04 +0200] "GET /js/index.php?c=auto&f=,prototype/prototype.js,prototype/validation.js,scriptaculous/builder.js,scriptaculous/effects.js,scriptaculous/dragdrop.js,scriptaculous/controls.js,scriptaculous/slider.js,varien/js.js,varien/form.js,varien/menu.js,mage/translate.js,mage/cookies.js,varien/product.js,spinner/SpinnerControl.jsmin.js,prototype/window.js,prototype/window_ext.js HTTP/1.1" 200 94182 "http://renault.activities.at/" "Mozilla/5.0 (Windows NT 6.1; WOW64; Trident/7.0; rv:11.0) like Gecko"
80.122.53.230 - - [19/Apr/2018:13:31:04 +0200] "GET /images/main_block_corner_left_bot.gif HTTP/1.1" 200 159 "http://renault.activities.at/" "Mozilla/5.0 (Windows NT 6.1; WOW64; Trident/7.0; rv:11.0) like Gecko"
80.122.53.230 - - [19/Apr/2018:13:31:04 +0200] "GET /images/header_block_border.gif HTTP/1.1" 200 43 "http://renault.activities.at/" "Mozilla/5.0 (Windows NT 6.1; WOW64; Trident/7.0; rv:11.0) like Gecko"
80.122.53.230 - - [19/Apr/2018:13:31:04 +0200] "GET /images/main_block_corner_right_bot.gif HTTP/1.1" 200 158 "http://renault.activities.at/" "Mozilla/5.0 (Windows NT 6.1; WOW64; Trident/7.0; rv:11.0) like Gecko"
80.122.53.230 - - [19/Apr/2018:13:31:04 +0200] "GET /images/header_block_corner_left_top.gif HTTP/1.1" 200 160 "http://renault.activities.at/" "Mozilla/5.0 (Windows NT 6.1; WOW64; Trident/7.0; rv:11.0) like Gecko"
80.122.53.230 - - [19/Apr/2018:13:31:04 +0200] "GET /images/main_block_border.gif HTTP/1.1" 200 43 "http://renault.activities.at/" "Mozilla/5.0 (Windows NT 6.1; WOW64; Trident/7.0; rv:11.0) like Gecko"
80.122.53.230 - - [19/Apr/2018:13:31:04 +0200] "GET /images/header_block_corner_right_top.gif HTTP/1.1" 200 160 "http://renault.activities.at/" "Mozilla/5.0 (Windows NT 6.1; WOW64; Trident/7.0; rv:11.0) like Gecko"
80.122.53.230 - - [19/Apr/2018:13:31:04 +0200] "GET /images/title_border.jpg HTTP/1.1" 200 304 "http://renault.activities.at/" "Mozilla/5.0 (Windows NT 6.1; WOW64; Trident/7.0; rv:11.0) like Gecko"
80.122.53.230 - - [19/Apr/2018:13:31:04 +0200] "GET /images/title_border_top.jpg HTTP/1.1" 200 336 "http://renault.activities.at/" "Mozilla/5.0 (Windows NT 6.1; WOW64; Trident/7.0; rv:11.0) like Gecko"
80.122.53.230 - - [19/Apr/2018:13:31:04 +0200] "GET /images/main_block_corner_right_top.gif HTTP/1.1" 200 159 "http://renault.activities.at/" "Mozilla/5.0 (Windows NT 6.1; WOW64; Trident/7.0; rv:11.0) like Gecko"
80.122.53.230 - - [19/Apr/2018:13:31:04 +0200] "GET /images/main_block_corner_left_top.gif HTTP/1.1" 200 159 "http://renault.activities.at/" "Mozilla/5.0 (Windows NT 6.1; WOW64; Trident/7.0; rv:11.0) like Gecko"
80.122.53.230 - - [19/Apr/2018:13:31:04 +0200] "GET /images/title_corner_left_top.jpg HTTP/1.1" 200 372 "http://renault.activities.at/" "Mozilla/5.0 (Windows NT 6.1; WOW64; Trident/7.0; rv:11.0) like Gecko"
80.122.53.230 - - [19/Apr/2018:13:31:04 +0200] "GET /images/title_corner_right_top.jpg HTTP/1.1" 200 389 "http://renault.activities.at/" "Mozilla/5.0 (Windows NT 6.1; WOW64; Trident/7.0; rv:11.0) like Gecko"
80.122.53.230 - - [19/Apr/2018:13:31:04 +0200] "GET /images/favicon.ico HTTP/1.1" 404 305 "-" "Mozilla/5.0 (Windows NT 6.1; Win64; x64; Trident/7.0; rv:11.0) like Gecko"
80.122.53.230 - - [19/Apr/2018:13:31:04 +0200] "GET /loadthumbnail.php?id=11127982 HTTP/1.1" 200 399614 "http://renault.activities.at/" "Mozilla/5.0 (Windows NT 6.1; WOW64; Trident/7.0; rv:11.0) like Gecko"
80.122.53.230 - - [19/Apr/2018:13:31:06 +0200] "GET /login HTTP/1.1" 200 2086 "http://renault.activities.at/" "Mozilla/5.0 (Windows NT 6.1; WOW64; Trident/7.0; rv:11.0) like Gecko"
80.122.53.230 - - [19/Apr/2018:13:31:07 +0200] "GET /images/button_left_bg.gif HTTP/1.1" 200 564 "http://renault.activities.at/login" "Mozilla/5.0 (Windows NT 6.1; WOW64; Trident/7.0; rv:11.0) like Gecko"
80.122.53.230 - - [19/Apr/2018:13:31:07 +0200] "GET /images/button_right_bg.gif HTTP/1.1" 200 561 "http://renault.activities.at/login" "Mozilla/5.0 (Windows NT 6.1; WOW64; Trident/7.0; rv:11.0) like Gecko"
80.122.53.230 - - [19/Apr/2018:13:31:07 +0200] "GET /images/button_bg.gif HTTP/1.1" 200 151 "http://renault.activities.at/login" "Mozilla/5.0 (Windows NT 6.1; WOW64; Trident/7.0; rv:11.0) like Gecko"
80.122.53.230 - - [19/Apr/2018:13:31:07 +0200] "GET /images/favicon.ico HTTP/1.1" 404 305 "-" "Mozilla/5.0 (Windows NT 6.1; Win64; x64; Trident/7.0; rv:11.0) like Gecko"
80.120.5.131 - - [19/Apr/2018:13:31:16 +0200] "GET /reload?ser=1524137476339 HTTP/1.1" 200 2 "http://renault.activities.at/10260273?dir=DESC&mode=grid&order=name&limit=15&page=3" "Mozilla/5.0 (Windows NT 10.0; WOW64; Trident/7.0; rv:11.0) like Gecko"
80.122.53.230 - - [19/Apr/2018:13:31:16 +0200] "POST /login HTTP/1.1" 302 140 "http://renault.activities.at/login" "Mozilla/5.0 (Windows NT 6.1; WOW64; Trident/7.0; rv:11.0) like Gecko"
80.122.53.230 - - [19/Apr/2018:13:31:17 +0200] "GET /account HTTP/1.1" 200 6881 "http://renault.activities.at/login" "Mozilla/5.0 (Windows NT 6.1; WOW64; Trident/7.0; rv:11.0) like Gecko"
80.122.53.230 - - [19/Apr/2018:13:31:20 +0200] "GET /js/account.js HTTP/1.1" 200 953 "http://renault.activities.at/account" "Mozilla/5.0 (Windows NT 6.1; WOW64; Trident/7.0; rv:11.0) like Gecko"
80.122.53.230 - - [19/Apr/2018:13:31:20 +0200] "GET /images/ajax_loading.gif HTTP/1.1" 200 1542 "http://renault.activities.at/account" "Mozilla/5.0 (Windows NT 6.1; WOW64; Trident/7.0; rv:11.0) like Gecko"
80.122.53.230 - - [19/Apr/2018:13:31:21 +0200] "GET /images/search_bg.gif HTTP/1.1" 200 1726 "http://renault.activities.at/account" "Mozilla/5.0 (Windows NT 6.1; WOW64; Trident/7.0; rv:11.0) like Gecko"
80.122.53.230 - - [19/Apr/2018:13:31:21 +0200] "GET /images/top_links_divider.gif HTTP/1.1" 200 44 "http://renault.activities.at/account" "Mozilla/5.0 (Windows NT 6.1; WOW64; Trident/7.0; rv:11.0) like Gecko"
80.122.53.230 - - [19/Apr/2018:13:31:21 +0200] "GET /images/menu_button_bg.jpg HTTP/1.1" 200 322 "http://renault.activities.at/account" "Mozilla/5.0 (Windows NT 6.1; WOW64; Trident/7.0; rv:11.0) like Gecko"
80.122.53.230 - - [19/Apr/2018:13:31:21 +0200] "GET /images/nav_divider.gif HTTP/1.1" 200 43 "http://renault.activities.at/account" "Mozilla/5.0 (Windows NT 6.1; WOW64; Trident/7.0; rv:11.0) like Gecko"
80.122.53.230 - - [19/Apr/2018:13:31:21 +0200] "GET /images/menu_divider.gif HTTP/1.1" 200 176 "http://renault.activities.at/account" "Mozilla/5.0 (Windows NT 6.1; WOW64; Trident/7.0; rv:11.0) like Gecko"
80.122.53.230 - - [19/Apr/2018:13:31:20 +0200] "GET /loadthumbnail.php?id=11181169&width=50&height=50 HTTP/1.1" 200 982 "http://renault.activities.at/account" "Mozilla/5.0 (Windows NT 6.1; WOW64; Trident/7.0; rv:11.0) like Gecko"
80.122.53.230 - - [19/Apr/2018:13:31:20 +0200] "GET /loadthumbnail.php?id=11553667&width=50&height=50 HTTP/1.1" 200 1193 "http://renault.activities.at/account" "Mozilla/5.0 (Windows NT 6.1; WOW64; Trident/7.0; rv:11.0) like Gecko"
80.122.53.230 - - [19/Apr/2018:13:31:21 +0200] "GET /images/sidebar_title_border.gif HTTP/1.1" 200 43 "http://renault.activities.at/account" "Mozilla/5.0 (Windows NT 6.1; WOW64; Trident/7.0; rv:11.0) like Gecko"
80.122.53.230 - - [19/Apr/2018:13:31:20 +0200] "GET /loadthumbnail.php?id=11181177&width=50&height=50 HTTP/1.1" 200 988 "http://renault.activities.at/account" "Mozilla/5.0 (Windows NT 6.1; WOW64; Trident/7.0; rv:11.0) like Gecko"
80.122.53.230 - - [19/Apr/2018:13:31:20 +0200] "GET /loadthumbnail.php?id=11195851&width=50&height=50 HTTP/1.1" 200 663 "http://renault.activities.at/account" "Mozilla/5.0 (Windows NT 6.1; WOW64; Trident/7.0; rv:11.0) like Gecko"
80.122.53.230 - - [19/Apr/2018:13:31:21 +0200] "GET /images/sidebar_title_corner_left_top.gif HTTP/1.1" 200 1124 "http://renault.activities.at/account" "Mozilla/5.0 (Windows NT 6.1; WOW64; Trident/7.0; rv:11.0) like Gecko"
80.122.53.230 - - [19/Apr/2018:13:31:21 +0200] "GET /images/sidebar_title_border_top.gif HTTP/1.1" 200 155 "http://renault.activities.at/account" "Mozilla/5.0 (Windows NT 6.1; WOW64; Trident/7.0; rv:11.0) like Gecko"
80.122.53.230 - - [19/Apr/2018:13:31:21 +0200] "GET /images/sidebar_title_corner_right_top.gif HTTP/1.1" 200 383 "http://renault.activities.at/account" "Mozilla/5.0 (Windows NT 6.1; WOW64; Trident/7.0; rv:11.0) like Gecko"
80.122.53.230 - - [19/Apr/2018:13:31:21 +0200] "GET /images/validation_advice_bg.gif HTTP/1.1" 200 134 "http://renault.activities.at/account" "Mozilla/5.0 (Windows NT 6.1; WOW64; Trident/7.0; rv:11.0) like Gecko"
80.122.53.230 - - [19/Apr/2018:13:31:21 +0200] "GET /images/reset_bg.gif HTTP/1.1" 200 785 "http://renault.activities.at/account" "Mozilla/5.0 (Windows NT 6.1; WOW64; Trident/7.0; rv:11.0) like Gecko"
80.122.53.230 - - [19/Apr/2018:13:31:21 +0200] "GET /images/footer_divider.gif HTTP/1.1" 200 44 "http://renault.activities.at/account" "Mozilla/5.0 (Windows NT 6.1; WOW64; Trident/7.0; rv:11.0) like Gecko"
80.122.53.230 - - [19/Apr/2018:13:31:25 +0200] "POST /axjaxrequest?mode=suggest HTTP/1.1" 200 110 "http://renault.activities.at/account" "Mozilla/5.0 (Windows NT 6.1; WOW64; Trident/7.0; rv:11.0) like Gecko"
80.122.53.230 - - [19/Apr/2018:13:31:27 +0200] "GET /result?searchterm=true&search=duster HTTP/1.1" 200 8371 "http://renault.activities.at/account" "Mozilla/5.0 (Windows NT 6.1; WOW64; Trident/7.0; rv:11.0) like Gecko"
80.122.53.230 - - [19/Apr/2018:13:31:30 +0200] "GET /js/ProduktGrp.js HTTP/1.1" 200 1569 "http://renault.activities.at/result?searchterm=true&search=duster" "Mozilla/5.0 (Windows NT 6.1; WOW64; Trident/7.0; rv:11.0) like Gecko"
80.122.53.230 - - [19/Apr/2018:13:31:30 +0200] "GET /js/prototip.js HTTP/1.1" 200 4588 "http://renault.activities.at/result?searchterm=true&search=duster" "Mozilla/5.0 (Windows NT 6.1; WOW64; Trident/7.0; rv:11.0) like Gecko"
80.122.53.230 - - [19/Apr/2018:13:31:30 +0200] "GET /images/loading.gif HTTP/1.1" 200 3208 "http://renault.activities.at/result?searchterm=true&search=duster" "Mozilla/5.0 (Windows NT 6.1; WOW64; Trident/7.0; rv:11.0) like Gecko"
80.122.53.230 - - [19/Apr/2018:13:31:30 +0200] "GET /loadthumbnail.php?id=11679165&width=113 HTTP/1.1" 200 19398 "http://renault.activities.at/result?searchterm=true&search=duster" "Mozilla/5.0 (Windows NT 6.1; WOW64; Trident/7.0; rv:11.0) like Gecko"
80.122.53.230 - - [19/Apr/2018:13:31:30 +0200] "GET /loadthumbnail.php?id=10203255 HTTP/1.1" 200 137 "http://renault.activities.at/result?searchterm=true&search=duster" "Mozilla/5.0 (Windows NT 6.1; WOW64; Trident/7.0; rv:11.0) like Gecko"
80.122.53.230 - - [19/Apr/2018:13:31:30 +0200] "GET /loadthumbnail.php?id=11679150&width=113 HTTP/1.1" 200 35622 "http://renault.activities.at/result?searchterm=true&search=duster" "Mozilla/5.0 (Windows NT 6.1; WOW64; Trident/7.0; rv:11.0) like Gecko"
80.122.53.230 - - [19/Apr/2018:13:31:30 +0200] "GET /loadthumbnail.php?id=10428967&width=113 HTTP/1.1" 200 2469 "http://renault.activities.at/result?searchterm=true&search=duster" "Mozilla/5.0 (Windows NT 6.1; WOW64; Trident/7.0; rv:11.0) like Gecko"
80.122.53.230 - - [19/Apr/2018:13:31:30 +0200] "GET /images/pager_bg.gif HTTP/1.1" 200 150 "http://renault.activities.at/result?searchterm=true&search=duster" "Mozilla/5.0 (Windows NT 6.1; WOW64; Trident/7.0; rv:11.0) like Gecko"
80.122.53.230 - - [19/Apr/2018:13:31:30 +0200] "GET /loadthumbnail.php?id=11676220&width=113 HTTP/1.1" 200 1633 "http://renault.activities.at/result?searchterm=true&search=duster" "Mozilla/5.0 (Windows NT 6.1; WOW64; Trident/7.0; rv:11.0) like Gecko"
80.122.53.230 - - [19/Apr/2018:13:31:30 +0200] "GET /images/vista-dn.gif HTTP/1.1" 200 128 "http://renault.activities.at/result?searchterm=true&search=duster" "Mozilla/5.0 (Windows NT 6.1; WOW64; Trident/7.0; rv:11.0) like Gecko"
80.122.53.230 - - [19/Apr/2018:13:31:30 +0200] "GET /images/vista-up.gif HTTP/1.1" 200 131 "http://renault.activities.at/result?searchterm=true&search=duster" "Mozilla/5.0 (Windows NT 6.1; WOW64; Trident/7.0; rv:11.0) like Gecko"
80.122.53.230 - - [19/Apr/2018:13:31:30 +0200] "GET /loadthumbnail.php?id=10428168&width=113 HTTP/1.1" 200 2469 "http://renault.activities.at/result?searchterm=true&search=duster" "Mozilla/5.0 (Windows NT 6.1; WOW64; Trident/7.0; rv:11.0) like Gecko"
80.122.53.230 - - [19/Apr/2018:13:31:30 +0200] "GET /loadthumbnail.php?id=11665065&width=113 HTTP/1.1" 200 2677 "http://renault.activities.at/result?searchterm=true&search=duster" "Mozilla/5.0 (Windows NT 6.1; WOW64; Trident/7.0; rv:11.0) like Gecko"
80.122.53.230 - - [19/Apr/2018:13:31:30 +0200] "GET /loadthumbnail.php?id=11665066&width=113 HTTP/1.1" 200 4533 "http://renault.activities.at/result?searchterm=true&search=duster" "Mozilla/5.0 (Windows NT 6.1; WOW64; Trident/7.0; rv:11.0) like Gecko"
80.122.53.230 - - [19/Apr/2018:13:31:30 +0200] "GET /loadthumbnail.php?id=11784480&width=113 HTTP/1.1" 200 4887 "http://renault.activities.at/result?searchterm=true&search=duster" "Mozilla/5.0 (Windows NT 6.1; WOW64; Trident/7.0; rv:11.0) like Gecko"
80.122.53.230 - - [19/Apr/2018:13:31:30 +0200] "GET /loadthumbnail.php?id=11710979&width=113 HTTP/1.1" 200 1909 "http://renault.activities.at/result?searchterm=true&search=duster" "Mozilla/5.0 (Windows NT 6.1; WOW64; Trident/7.0; rv:11.0) like Gecko"
80.122.53.230 - - [19/Apr/2018:13:31:30 +0200] "GET /loadthumbnail.php?id=10203650&width=113 HTTP/1.1" 200 2741 "http://renault.activities.at/result?searchterm=true&search=duster" "Mozilla/5.0 (Windows NT 6.1; WOW64; Trident/7.0; rv:11.0) like Gecko"
80.122.53.230 - - [19/Apr/2018:13:31:30 +0200] "GET /loadthumbnail.php?id=11711045&width=113 HTTP/1.1" 200 2986 "http://renault.activities.at/result?searchterm=true&search=duster" "Mozilla/5.0 (Windows NT 6.1; WOW64; Trident/7.0; rv:11.0) like Gecko"
80.122.53.230 - - [19/Apr/2018:13:31:30 +0200] "GET /loadthumbnail.php?id=11715009&width=113 HTTP/1.1" 200 22295 "http://renault.activities.at/result?searchterm=true&search=duster" "Mozilla/5.0 (Windows NT 6.1; WOW64; Trident/7.0; rv:11.0) like Gecko"
212.152.246.130 - - [19/Apr/2018:13:31:31 +0200] "GET /reload?ser=1524137487582 HTTP/1.1" 200 28 "http://renault.activities.at/result?dir=DESC&mode=grid&order=name&limit=15&page=2&search=kadjar" "Mozilla/5.0 (Windows NT 6.1; Win64; x64) AppleWebKit/537.36 (KHTML, like Gecko) Chrome/66.0.3359.117 Safari/537.36"
188.21.129.54 - - [19/Apr/2018:13:31:47 +0200] "GET /reload?ser=1524137507327 HTTP/1.1" 200 28 "http://renault.activities.at/result?searchterm=true&search=Vertrag" "Mozilla/5.0 (Windows NT 6.1; WOW64; Trident/7.0; rv:11.0) like Gecko"
80.120.148.242 - - [19/Apr/2018:13:31:54 +0200] "GET /reload?ser=1524137514322 HTTP/1.1" 200 28 "http://renault.activities.at/success" "Mozilla/5.0 (Windows NT 6.1; WOW64; Trident/7.0; rv:11.0) like Gecko"
80.120.5.131 - - [19/Apr/2018:13:32:17 +0200] "GET /reload?ser=1524137537326 HTTP/1.1" 200 2 "http://renault.activities.at/10260273?dir=DESC&mode=grid&order=name&limit=15&page=3" "Mozilla/5.0 (Windows NT 10.0; WOW64; Trident/7.0; rv:11.0) like Gecko"
80.122.53.230 - - [19/Apr/2018:13:32:30 +0200] "GET /reload?ser=1524137550743 HTTP/1.1" 200 28 "http://renault.activities.at/result?searchterm=true&search=duster" "Mozilla/5.0 (Windows NT 6.1; WOW64; Trident/7.0; rv:11.0) like Gecko"
212.152.246.130 - - [19/Apr/2018:13:32:33 +0200] "GET /reload?ser=1524137549582 HTTP/1.1" 200 28 "http://renault.activities.at/result?dir=DESC&mode=grid&order=name&limit=15&page=2&search=kadjar" "Mozilla/5.0 (Windows NT 6.1; Win64; x64) AppleWebKit/537.36 (KHTML, like Gecko) Chrome/66.0.3359.117 Safari/537.36"
188.21.129.54 - - [19/Apr/2018:13:32:47 +0200] "GET /reload?ser=1524137568275 HTTP/1.1" 200 28 "http://renault.activities.at/result?searchterm=true&search=Vertrag" "Mozilla/5.0 (Windows NT 6.1; WOW64; Trident/7.0; rv:11.0) like Gecko"
80.120.148.242 - - [19/Apr/2018:13:32:55 +0200] "GET /reload?ser=1524137575280 HTTP/1.1" 200 28 "http://renault.activities.at/success" "Mozilla/5.0 (Windows NT 6.1; WOW64; Trident/7.0; rv:11.0) like Gecko"
80.120.5.131 - - [19/Apr/2018:13:33:18 +0200] "GET /reload?ser=1524137598311 HTTP/1.1" 200 2 "http://renault.activities.at/10260273?dir=DESC&mode=grid&order=name&limit=15&page=3" "Mozilla/5.0 (Windows NT 10.0; WOW64; Trident/7.0; rv:11.0) like Gecko"
80.122.53.230 - - [19/Apr/2018:13:33:31 +0200] "GET /reload?ser=1524137611735 HTTP/1.1" 200 28 "http://renault.activities.at/result?searchterm=true&search=duster" "Mozilla/5.0 (Windows NT 6.1; WOW64; Trident/7.0; rv:11.0) like Gecko"
212.152.246.130 - - [19/Apr/2018:13:33:34 +0200] "GET /reload?ser=1524137610585 HTTP/1.1" 200 28 "http://renault.activities.at/result?dir=DESC&mode=grid&order=name&limit=15&page=2&search=kadjar" "Mozilla/5.0 (Windows NT 6.1; Win64; x64) AppleWebKit/537.36 (KHTML, like Gecko) Chrome/66.0.3359.117 Safari/537.36"
188.21.129.54 - - [19/Apr/2018:13:33:48 +0200] "GET /reload?ser=1524137629243 HTTP/1.1" 200 28 "http://renault.activities.at/result?searchterm=true&search=Vertrag" "Mozilla/5.0 (Windows NT 6.1; WOW64; Trident/7.0; rv:11.0) like Gecko"
80.120.148.242 - - [19/Apr/2018:13:33:56 +0200] "GET /reload?ser=1524137636263 HTTP/1.1" 200 28 "http://renault.activities.at/success" "Mozilla/5.0 (Windows NT 6.1; WOW64; Trident/7.0; rv:11.0) like Gecko"
80.120.5.131 - - [19/Apr/2018:13:34:19 +0200] "GET /reload?ser=1524137659283 HTTP/1.1" 200 2 "http://renault.activities.at/10260273?dir=DESC&mode=grid&order=name&limit=15&page=3" "Mozilla/5.0 (Windows NT 10.0; WOW64; Trident/7.0; rv:11.0) like Gecko"
80.122.53.230 - - [19/Apr/2018:13:34:32 +0200] "GET /reload?ser=1524137672710 HTTP/1.1" 200 28 "http://renault.activities.at/result?searchterm=true&search=duster" "Mozilla/5.0 (Windows NT 6.1; WOW64; Trident/7.0; rv:11.0) like Gecko"
212.152.246.130 - - [19/Apr/2018:13:34:35 +0200] "GET /reload?ser=1524137671584 HTTP/1.1" 200 28 "http://renault.activities.at/result?dir=DESC&mode=grid&order=name&limit=15&page=2&search=kadjar" "Mozilla/5.0 (Windows NT 6.1; Win64; x64) AppleWebKit/537.36 (KHTML, like Gecko) Chrome/66.0.3359.117 Safari/537.36"
188.21.129.54 - - [19/Apr/2018:13:34:49 +0200] "GET /reload?ser=1524137690270 HTTP/1.1" 200 28 "http://renault.activities.at/result?searchterm=true&search=Vertrag" "Mozilla/5.0 (Windows NT 6.1; WOW64; Trident/7.0; rv:11.0) like Gecko"
80.120.148.242 - - [19/Apr/2018:13:34:57 +0200] "GET /reload?ser=1524137697243 HTTP/1.1" 200 28 "http://renault.activities.at/success" "Mozilla/5.0 (Windows NT 6.1; WOW64; Trident/7.0; rv:11.0) like Gecko"
80.120.5.131 - - [19/Apr/2018:13:35:20 +0200] "GET /reload?ser=1524137720256 HTTP/1.1" 200 2 "http://renault.activities.at/10260273?dir=DESC&mode=grid&order=name&limit=15&page=3" "Mozilla/5.0 (Windows NT 10.0; WOW64; Trident/7.0; rv:11.0) like Gecko"
80.122.53.230 - - [19/Apr/2018:13:35:33 +0200] "GET /reload?ser=1524137733699 HTTP/1.1" 200 28 "http://renault.activities.at/result?searchterm=true&search=duster" "Mozilla/5.0 (Windows NT 6.1; WOW64; Trident/7.0; rv:11.0) like Gecko"
212.152.246.130 - - [19/Apr/2018:13:35:37 +0200] "GET /reload?ser=1524137733590 HTTP/1.1" 200 28 "http://renault.activities.at/result?dir=DESC&mode=grid&order=name&limit=15&page=2&search=kadjar" "Mozilla/5.0 (Windows NT 6.1; Win64; x64) AppleWebKit/537.36 (KHTML, like Gecko) Chrome/66.0.3359.117 Safari/537.36"
188.21.129.54 - - [19/Apr/2018:13:35:50 +0200] "GET /reload?ser=1524137751246 HTTP/1.1" 200 28 "http://renault.activities.at/result?searchterm=true&search=Vertrag" "Mozilla/5.0 (Windows NT 6.1; WOW64; Trident/7.0; rv:11.0) like Gecko"
80.120.148.242 - - [19/Apr/2018:13:35:58 +0200] "GET /reload?ser=1524137758231 HTTP/1.1" 200 28 "http://renault.activities.at/success" "Mozilla/5.0 (Windows NT 6.1; WOW64; Trident/7.0; rv:11.0) like Gecko"
213.153.47.173 - - [19/Apr/2018:13:36:19 +0200] "GET /layout.php HTTP/1.1" 200 1559 "-" "Mozilla/5.0 (Windows NT 10.0; Win64; x64) AppleWebKit/537.36 (KHTML, like Gecko) Chrome/65.0.3325.181 Safari/537.36 OPR/52.0.2871.64"
80.120.5.131 - - [19/Apr/2018:13:36:21 +0200] "GET /reload?ser=1524137781195 HTTP/1.1" 200 2 "http://renault.activities.at/10260273?dir=DESC&mode=grid&order=name&limit=15&page=3" "Mozilla/5.0 (Windows NT 10.0; WOW64; Trident/7.0; rv:11.0) like Gecko"
213.153.47.173 - - [19/Apr/2018:13:36:23 +0200] "GET /layout.php HTTP/1.1" 200 1559 "-" "Mozilla/5.0 (Windows NT 10.0; Win64; x64) AppleWebKit/537.36 (KHTML, like Gecko) Chrome/65.0.3325.181 Safari/537.36 OPR/52.0.2871.64"
213.153.47.173 - - [19/Apr/2018:13:36:24 +0200] "GET /images/favicon.ico HTTP/1.1" 404 305 "-" "Mozilla/5.0 (Windows NT 10.0; Win64; x64) AppleWebKit/537.36 (KHTML, like Gecko) Chrome/65.0.3325.181 Safari/537.36 OPR/52.0.2871.64"
213.153.47.173 - - [19/Apr/2018:13:36:32 +0200] "GET /layout.php HTTP/1.1" 200 1559 "-" "Mozilla/5.0 (Windows NT 10.0; Win64; x64) AppleWebKit/537.36 (KHTML, like Gecko) Chrome/65.0.3325.181 Safari/537.36 OPR/52.0.2871.64"
80.122.53.230 - - [19/Apr/2018:13:36:34 +0200] "GET /reload?ser=1524137794642 HTTP/1.1" 200 28 "http://renault.activities.at/result?searchterm=true&search=duster" "Mozilla/5.0 (Windows NT 6.1; WOW64; Trident/7.0; rv:11.0) like Gecko"
212.152.246.130 - - [19/Apr/2018:13:36:39 +0200] "GET /reload?ser=1524137795589 HTTP/1.1" 200 28 "http://renault.activities.at/result?dir=DESC&mode=grid&order=name&limit=15&page=2&search=kadjar" "Mozilla/5.0 (Windows NT 6.1; Win64; x64) AppleWebKit/537.36 (KHTML, like Gecko) Chrome/66.0.3359.117 Safari/537.36"
188.21.129.54 - - [19/Apr/2018:13:36:51 +0200] "GET /reload?ser=1524137812201 HTTP/1.1" 200 28 "http://renault.activities.at/result?searchterm=true&search=Vertrag" "Mozilla/5.0 (Windows NT 6.1; WOW64; Trident/7.0; rv:11.0) like Gecko"
80.120.148.242 - - [19/Apr/2018:13:36:59 +0200] "GET /reload?ser=1524137819197 HTTP/1.1" 200 28 "http://renault.activities.at/success" "Mozilla/5.0 (Windows NT 6.1; WOW64; Trident/7.0; rv:11.0) like Gecko"
80.120.5.131 - - [19/Apr/2018:13:37:22 +0200] "GET /reload?ser=1524137842135 HTTP/1.1" 200 2 "http://renault.activities.at/10260273?dir=DESC&mode=grid&order=name&limit=15&page=3" "Mozilla/5.0 (Windows NT 10.0; WOW64; Trident/7.0; rv:11.0) like Gecko"
80.122.53.230 - - [19/Apr/2018:13:37:35 +0200] "GET /reload?ser=1524137855586 HTTP/1.1" 200 28 "http://renault.activities.at/result?searchterm=true&search=duster" "Mozilla/5.0 (Windows NT 6.1; WOW64; Trident/7.0; rv:11.0) like Gecko"
212.152.246.130 - - [19/Apr/2018:13:37:41 +0200] "GET /reload?ser=1524137857583 HTTP/1.1" 200 28 "http://renault.activities.at/result?dir=DESC&mode=grid&order=name&limit=15&page=2&search=kadjar" "Mozilla/5.0 (Windows NT 6.1; Win64; x64) AppleWebKit/537.36 (KHTML, like Gecko) Chrome/66.0.3359.117 Safari/537.36"
188.21.129.54 - - [19/Apr/2018:13:37:52 +0200] "GET /reload?ser=1524137873212 HTTP/1.1" 200 28 "http://renault.activities.at/result?searchterm=true&search=Vertrag" "Mozilla/5.0 (Windows NT 6.1; WOW64; Trident/7.0; rv:11.0) like Gecko"
80.120.148.242 - - [19/Apr/2018:13:38:00 +0200] "GET /reload?ser=1524137880165 HTTP/1.1" 200 28 "http://renault.activities.at/success" "Mozilla/5.0 (Windows NT 6.1; WOW64; Trident/7.0; rv:11.0) like Gecko"
80.120.5.131 - - [19/Apr/2018:13:38:23 +0200] "GET /reload?ser=1524137903107 HTTP/1.1" 200 2 "http://renault.activities.at/10260273?dir=DESC&mode=grid&order=name&limit=15&page=3" "Mozilla/5.0 (Windows NT 10.0; WOW64; Trident/7.0; rv:11.0) like Gecko"
80.122.53.230 - - [19/Apr/2018:13:38:36 +0200] "GET /reload?ser=1524137916547 HTTP/1.1" 200 28 "http://renault.activities.at/result?searchterm=true&search=duster" "Mozilla/5.0 (Windows NT 6.1; WOW64; Trident/7.0; rv:11.0) like Gecko"
212.152.246.130 - - [19/Apr/2018:13:38:43 +0200] "GET /reload?ser=1524137919596 HTTP/1.1" 200 28 "http://renault.activities.at/result?dir=DESC&mode=grid&order=name&limit=15&page=2&search=kadjar" "Mozilla/5.0 (Windows NT 6.1; Win64; x64) AppleWebKit/537.36 (KHTML, like Gecko) Chrome/66.0.3359.117 Safari/537.36"
188.21.129.54 - - [19/Apr/2018:13:38:53 +0200] "GET /reload?ser=1524137934159 HTTP/1.1" 200 28 "http://renault.activities.at/result?searchterm=true&search=Vertrag" "Mozilla/5.0 (Windows NT 6.1; WOW64; Trident/7.0; rv:11.0) like Gecko"
80.120.148.242 - - [19/Apr/2018:13:39:01 +0200] "GET /reload?ser=1524137941142 HTTP/1.1" 200 28 "http://renault.activities.at/success" "Mozilla/5.0 (Windows NT 6.1; WOW64; Trident/7.0; rv:11.0) like Gecko"
80.120.5.131 - - [19/Apr/2018:13:39:24 +0200] "GET /reload?ser=1524137964047 HTTP/1.1" 200 2 "http://renault.activities.at/10260273?dir=DESC&mode=grid&order=name&limit=15&page=3" "Mozilla/5.0 (Windows NT 10.0; WOW64; Trident/7.0; rv:11.0) like Gecko"
80.122.53.230 - - [19/Apr/2018:13:39:37 +0200] "GET /reload?ser=1524137977539 HTTP/1.1" 200 28 "http://renault.activities.at/result?searchterm=true&search=duster" "Mozilla/5.0 (Windows NT 6.1; WOW64; Trident/7.0; rv:11.0) like Gecko"
212.152.246.130 - - [19/Apr/2018:13:39:45 +0200] "GET /reload?ser=1524137981588 HTTP/1.1" 200 28 "http://renault.activities.at/result?dir=DESC&mode=grid&order=name&limit=15&page=2&search=kadjar" "Mozilla/5.0 (Windows NT 6.1; Win64; x64) AppleWebKit/537.36 (KHTML, like Gecko) Chrome/66.0.3359.117 Safari/537.36"
188.21.129.54 - - [19/Apr/2018:13:39:54 +0200] "GET /reload?ser=1524137995152 HTTP/1.1" 200 28 "http://renault.activities.at/result?searchterm=true&search=Vertrag" "Mozilla/5.0 (Windows NT 6.1; WOW64; Trident/7.0; rv:11.0) like Gecko"
80.120.148.242 - - [19/Apr/2018:13:40:02 +0200] "GET /reload?ser=1524138002153 HTTP/1.1" 200 28 "http://renault.activities.at/success" "Mozilla/5.0 (Windows NT 6.1; WOW64; Trident/7.0; rv:11.0) like Gecko"
80.120.5.131 - - [19/Apr/2018:13:40:25 +0200] "GET /reload?ser=1524138024971 HTTP/1.1" 200 2 "http://renault.activities.at/10260273?dir=DESC&mode=grid&order=name&limit=15&page=3" "Mozilla/5.0 (Windows NT 10.0; WOW64; Trident/7.0; rv:11.0) like Gecko"
80.122.53.230 - - [19/Apr/2018:13:40:38 +0200] "GET /reload?ser=1524138038495 HTTP/1.1" 200 28 "http://renault.activities.at/result?searchterm=true&search=duster" "Mozilla/5.0 (Windows NT 6.1; WOW64; Trident/7.0; rv:11.0) like Gecko"
212.152.246.130 - - [19/Apr/2018:13:40:47 +0200] "GET /reload?ser=1524138043587 HTTP/1.1" 200 28 "http://renault.activities.at/result?dir=DESC&mode=grid&order=name&limit=15&page=2&search=kadjar" "Mozilla/5.0 (Windows NT 6.1; Win64; x64) AppleWebKit/537.36 (KHTML, like Gecko) Chrome/66.0.3359.117 Safari/537.36"
188.21.129.54 - - [19/Apr/2018:13:40:55 +0200] "GET /reload?ser=1524138056120 HTTP/1.1" 200 28 "http://renault.activities.at/result?searchterm=true&search=Vertrag" "Mozilla/5.0 (Windows NT 6.1; WOW64; Trident/7.0; rv:11.0) like Gecko"
80.120.148.242 - - [19/Apr/2018:13:41:03 +0200] "GET /reload?ser=1524138063105 HTTP/1.1" 200 28 "http://renault.activities.at/success" "Mozilla/5.0 (Windows NT 6.1; WOW64; Trident/7.0; rv:11.0) like Gecko"
80.120.5.131 - - [19/Apr/2018:13:41:26 +0200] "GET /reload?ser=1524138085973 HTTP/1.1" 200 2 "http://renault.activities.at/10260273?dir=DESC&mode=grid&order=name&limit=15&page=3" "Mozilla/5.0 (Windows NT 10.0; WOW64; Trident/7.0; rv:11.0) like Gecko"
80.122.53.230 - - [19/Apr/2018:13:41:39 +0200] "GET /reload?ser=1524138099455 HTTP/1.1" 200 28 "http://renault.activities.at/result?searchterm=true&search=duster" "Mozilla/5.0 (Windows NT 6.1; WOW64; Trident/7.0; rv:11.0) like Gecko"
212.152.246.130 - - [19/Apr/2018:13:41:49 +0200] "GET /reload?ser=1524138105586 HTTP/1.1" 200 28 "http://renault.activities.at/result?dir=DESC&mode=grid&order=name&limit=15&page=2&search=kadjar" "Mozilla/5.0 (Windows NT 6.1; Win64; x64) AppleWebKit/537.36 (KHTML, like Gecko) Chrome/66.0.3359.117 Safari/537.36"
188.21.129.54 - - [19/Apr/2018:13:41:56 +0200] "GET /reload?ser=1524138117096 HTTP/1.1" 200 28 "http://renault.activities.at/result?searchterm=true&search=Vertrag" "Mozilla/5.0 (Windows NT 6.1; WOW64; Trident/7.0; rv:11.0) like Gecko"
80.120.148.242 - - [19/Apr/2018:13:42:04 +0200] "GET /reload?ser=1524138124085 HTTP/1.1" 200 28 "http://renault.activities.at/success" "Mozilla/5.0 (Windows NT 6.1; WOW64; Trident/7.0; rv:11.0) like Gecko"
80.120.5.131 - - [19/Apr/2018:13:42:26 +0200] "GET /reload?ser=1524138146929 HTTP/1.1" 200 2 "http://renault.activities.at/10260273?dir=DESC&mode=grid&order=name&limit=15&page=3" "Mozilla/5.0 (Windows NT 10.0; WOW64; Trident/7.0; rv:11.0) like Gecko"
80.122.53.230 - - [19/Apr/2018:13:42:40 +0200] "GET /reload?ser=1524138160399 HTTP/1.1" 200 28 "http://renault.activities.at/result?searchterm=true&search=duster" "Mozilla/5.0 (Windows NT 6.1; WOW64; Trident/7.0; rv:11.0) like Gecko"
212.152.246.130 - - [19/Apr/2018:13:42:51 +0200] "GET /reload?ser=1524138167588 HTTP/1.1" 200 28 "http://renault.activities.at/result?dir=DESC&mode=grid&order=name&limit=15&page=2&search=kadjar" "Mozilla/5.0 (Windows NT 6.1; Win64; x64) AppleWebKit/537.36 (KHTML, like Gecko) Chrome/66.0.3359.117 Safari/537.36"
188.21.129.54 - - [19/Apr/2018:13:42:57 +0200] "GET /reload?ser=1524138178024 HTTP/1.1" 200 28 "http://renault.activities.at/result?searchterm=true&search=Vertrag" "Mozilla/5.0 (Windows NT 6.1; WOW64; Trident/7.0; rv:11.0) like Gecko"
80.120.148.242 - - [19/Apr/2018:13:43:05 +0200] "GET /reload?ser=1524138185151 HTTP/1.1" 200 28 "http://renault.activities.at/success" "Mozilla/5.0 (Windows NT 6.1; WOW64; Trident/7.0; rv:11.0) like Gecko"
80.120.5.131 - - [19/Apr/2018:13:43:27 +0200] "GET /reload?ser=1524138207917 HTTP/1.1" 200 2 "http://renault.activities.at/10260273?dir=DESC&mode=grid&order=name&limit=15&page=3" "Mozilla/5.0 (Windows NT 10.0; WOW64; Trident/7.0; rv:11.0) like Gecko"
80.122.53.230 - - [19/Apr/2018:13:43:41 +0200] "GET /reload?ser=1524138221391 HTTP/1.1" 200 28 "http://renault.activities.at/result?searchterm=true&search=duster" "Mozilla/5.0 (Windows NT 6.1; WOW64; Trident/7.0; rv:11.0) like Gecko"
212.152.246.130 - - [19/Apr/2018:13:43:53 +0200] "GET /reload?ser=1524138229599 HTTP/1.1" 200 28 "http://renault.activities.at/result?dir=DESC&mode=grid&order=name&limit=15&page=2&search=kadjar" "Mozilla/5.0 (Windows NT 6.1; Win64; x64) AppleWebKit/537.36 (KHTML, like Gecko) Chrome/66.0.3359.117 Safari/537.36"
188.21.129.54 - - [19/Apr/2018:13:43:58 +0200] "GET /reload?ser=1524138238976 HTTP/1.1" 200 28 "http://renault.activities.at/result?searchterm=true&search=Vertrag" "Mozilla/5.0 (Windows NT 6.1; WOW64; Trident/7.0; rv:11.0) like Gecko"
80.120.148.242 - - [19/Apr/2018:13:44:06 +0200] "GET /reload?ser=1524138246122 HTTP/1.1" 200 28 "http://renault.activities.at/success" "Mozilla/5.0 (Windows NT 6.1; WOW64; Trident/7.0; rv:11.0) like Gecko"
80.120.5.131 - - [19/Apr/2018:13:44:28 +0200] "GET /reload?ser=1524138268889 HTTP/1.1" 200 2 "http://renault.activities.at/10260273?dir=DESC&mode=grid&order=name&limit=15&page=3" "Mozilla/5.0 (Windows NT 10.0; WOW64; Trident/7.0; rv:11.0) like Gecko"
80.122.53.230 - - [19/Apr/2018:13:44:42 +0200] "GET /reload?ser=1524138282366 HTTP/1.1" 200 28 "http://renault.activities.at/result?searchterm=true&search=duster" "Mozilla/5.0 (Windows NT 6.1; WOW64; Trident/7.0; rv:11.0) like Gecko"
212.152.246.130 - - [19/Apr/2018:13:44:54 +0200] "GET /reload?ser=1524138290590 HTTP/1.1" 200 28 "http://renault.activities.at/result?dir=DESC&mode=grid&order=name&limit=15&page=2&search=kadjar" "Mozilla/5.0 (Windows NT 6.1; Win64; x64) AppleWebKit/537.36 (KHTML, like Gecko) Chrome/66.0.3359.117 Safari/537.36"
188.21.129.54 - - [19/Apr/2018:13:44:59 +0200] "GET /reload?ser=1524138299902 HTTP/1.1" 200 28 "http://renault.activities.at/result?searchterm=true&search=Vertrag" "Mozilla/5.0 (Windows NT 6.1; WOW64; Trident/7.0; rv:11.0) like Gecko"
80.120.148.242 - - [19/Apr/2018:13:45:07 +0200] "GET /reload?ser=1524138307141 HTTP/1.1" 200 28 "http://renault.activities.at/success" "Mozilla/5.0 (Windows NT 6.1; WOW64; Trident/7.0; rv:11.0) like Gecko"
80.120.5.131 - - [19/Apr/2018:13:45:29 +0200] "GET /reload?ser=1524138329844 HTTP/1.1" 200 2 "http://renault.activities.at/10260273?dir=DESC&mode=grid&order=name&limit=15&page=3" "Mozilla/5.0 (Windows NT 10.0; WOW64; Trident/7.0; rv:11.0) like Gecko"
80.122.53.230 - - [19/Apr/2018:13:45:43 +0200] "GET /reload?ser=1524138343339 HTTP/1.1" 200 28 "http://renault.activities.at/result?searchterm=true&search=duster" "Mozilla/5.0 (Windows NT 6.1; WOW64; Trident/7.0; rv:11.0) like Gecko"
212.152.246.130 - - [19/Apr/2018:13:45:56 +0200] "GET /reload?ser=1524138352591 HTTP/1.1" 200 28 "http://renault.activities.at/result?dir=DESC&mode=grid&order=name&limit=15&page=2&search=kadjar" "Mozilla/5.0 (Windows NT 6.1; Win64; x64) AppleWebKit/537.36 (KHTML, like Gecko) Chrome/66.0.3359.117 Safari/537.36"
188.21.129.54 - - [19/Apr/2018:13:46:00 +0200] "GET /reload?ser=1524138360824 HTTP/1.1" 200 28 "http://renault.activities.at/result?searchterm=true&search=Vertrag" "Mozilla/5.0 (Windows NT 6.1; WOW64; Trident/7.0; rv:11.0) like Gecko"
80.120.148.242 - - [19/Apr/2018:13:46:08 +0200] "GET /reload?ser=1524138368120 HTTP/1.1" 200 28 "http://renault.activities.at/success" "Mozilla/5.0 (Windows NT 6.1; WOW64; Trident/7.0; rv:11.0) like Gecko"
80.120.5.131 - - [19/Apr/2018:13:46:30 +0200] "GET /reload?ser=1524138390846 HTTP/1.1" 200 2 "http://renault.activities.at/10260273?dir=DESC&mode=grid&order=name&limit=15&page=3" "Mozilla/5.0 (Windows NT 10.0; WOW64; Trident/7.0; rv:11.0) like Gecko"
80.122.53.230 - - [19/Apr/2018:13:46:44 +0200] "GET /reload?ser=1524138404282 HTTP/1.1" 200 28 "http://renault.activities.at/result?searchterm=true&search=duster" "Mozilla/5.0 (Windows NT 6.1; WOW64; Trident/7.0; rv:11.0) like Gecko"
212.152.246.130 - - [19/Apr/2018:13:46:58 +0200] "GET /reload?ser=1524138414602 HTTP/1.1" 200 28 "http://renault.activities.at/result?dir=DESC&mode=grid&order=name&limit=15&page=2&search=kadjar" "Mozilla/5.0 (Windows NT 6.1; Win64; x64) AppleWebKit/537.36 (KHTML, like Gecko) Chrome/66.0.3359.117 Safari/537.36"
188.21.129.54 - - [19/Apr/2018:13:47:01 +0200] "GET /reload?ser=1524138421792 HTTP/1.1" 200 28 "http://renault.activities.at/result?searchterm=true&search=Vertrag" "Mozilla/5.0 (Windows NT 6.1; WOW64; Trident/7.0; rv:11.0) like Gecko"
80.120.148.242 - - [19/Apr/2018:13:47:09 +0200] "GET /reload?ser=1524138429105 HTTP/1.1" 200 28 "http://renault.activities.at/success" "Mozilla/5.0 (Windows NT 6.1; WOW64; Trident/7.0; rv:11.0) like Gecko"
80.120.5.131 - - [19/Apr/2018:13:47:31 +0200] "GET /reload?ser=1524138451802 HTTP/1.1" 200 2 "http://renault.activities.at/10260273?dir=DESC&mode=grid&order=name&limit=15&page=3" "Mozilla/5.0 (Windows NT 10.0; WOW64; Trident/7.0; rv:11.0) like Gecko"
80.122.53.230 - - [19/Apr/2018:13:47:45 +0200] "GET /reload?ser=1524138465288 HTTP/1.1" 200 28 "http://renault.activities.at/result?searchterm=true&search=duster" "Mozilla/5.0 (Windows NT 6.1; WOW64; Trident/7.0; rv:11.0) like Gecko"
212.152.246.130 - - [19/Apr/2018:13:48:00 +0200] "GET /reload?ser=1524138476593 HTTP/1.1" 200 28 "http://renault.activities.at/result?dir=DESC&mode=grid&order=name&limit=15&page=2&search=kadjar" "Mozilla/5.0 (Windows NT 6.1; Win64; x64) AppleWebKit/537.36 (KHTML, like Gecko) Chrome/66.0.3359.117 Safari/537.36"
188.21.129.54 - - [19/Apr/2018:13:48:02 +0200] "GET /reload?ser=1524138482762 HTTP/1.1" 200 28 "http://renault.activities.at/result?searchterm=true&search=Vertrag" "Mozilla/5.0 (Windows NT 6.1; WOW64; Trident/7.0; rv:11.0) like Gecko"
80.120.148.242 - - [19/Apr/2018:13:48:10 +0200] "GET /reload?ser=1524138490065 HTTP/1.1" 200 28 "http://renault.activities.at/success" "Mozilla/5.0 (Windows NT 6.1; WOW64; Trident/7.0; rv:11.0) like Gecko"
80.120.5.131 - - [19/Apr/2018:13:48:32 +0200] "GET /reload?ser=1524138512755 HTTP/1.1" 200 2 "http://renault.activities.at/10260273?dir=DESC&mode=grid&order=name&limit=15&page=3" "Mozilla/5.0 (Windows NT 10.0; WOW64; Trident/7.0; rv:11.0) like Gecko"
80.122.53.230 - - [19/Apr/2018:13:48:46 +0200] "GET /reload?ser=1524138526281 HTTP/1.1" 200 28 "http://renault.activities.at/result?searchterm=true&search=duster" "Mozilla/5.0 (Windows NT 6.1; WOW64; Trident/7.0; rv:11.0) like Gecko"
212.152.246.130 - - [19/Apr/2018:13:49:02 +0200] "GET /reload?ser=1524138538606 HTTP/1.1" 200 28 "http://renault.activities.at/result?dir=DESC&mode=grid&order=name&limit=15&page=2&search=kadjar" "Mozilla/5.0 (Windows NT 6.1; Win64; x64) AppleWebKit/537.36 (KHTML, like Gecko) Chrome/66.0.3359.117 Safari/537.36"
188.21.129.54 - - [19/Apr/2018:13:49:03 +0200] "GET /reload?ser=1524138543751 HTTP/1.1" 200 28 "http://renault.activities.at/result?searchterm=true&search=Vertrag" "Mozilla/5.0 (Windows NT 6.1; WOW64; Trident/7.0; rv:11.0) like Gecko"
80.120.148.242 - - [19/Apr/2018:13:49:11 +0200] "GET /reload?ser=1524138551044 HTTP/1.1" 200 28 "http://renault.activities.at/success" "Mozilla/5.0 (Windows NT 6.1; WOW64; Trident/7.0; rv:11.0) like Gecko"
80.120.5.131 - - [19/Apr/2018:13:49:33 +0200] "GET /reload?ser=1524138573729 HTTP/1.1" 200 2 "http://renault.activities.at/10260273?dir=DESC&mode=grid&order=name&limit=15&page=3" "Mozilla/5.0 (Windows NT 10.0; WOW64; Trident/7.0; rv:11.0) like Gecko"
80.122.53.230 - - [19/Apr/2018:13:49:47 +0200] "GET /reload?ser=1524138587287 HTTP/1.1" 200 28 "http://renault.activities.at/result?searchterm=true&search=duster" "Mozilla/5.0 (Windows NT 6.1; WOW64; Trident/7.0; rv:11.0) like Gecko"
212.152.246.130 - - [19/Apr/2018:13:50:04 +0200] "GET /reload?ser=1524138600606 HTTP/1.1" 200 28 "http://renault.activities.at/result?dir=DESC&mode=grid&order=name&limit=15&page=2&search=kadjar" "Mozilla/5.0 (Windows NT 6.1; Win64; x64) AppleWebKit/537.36 (KHTML, like Gecko) Chrome/66.0.3359.117 Safari/537.36"
188.21.129.54 - - [19/Apr/2018:13:50:04 +0200] "GET /reload?ser=1524138604688 HTTP/1.1" 200 28 "http://renault.activities.at/result?searchterm=true&search=Vertrag" "Mozilla/5.0 (Windows NT 6.1; WOW64; Trident/7.0; rv:11.0) like Gecko"
80.120.148.242 - - [19/Apr/2018:13:50:12 +0200] "GET /reload?ser=1524138612038 HTTP/1.1" 200 28 "http://renault.activities.at/success" "Mozilla/5.0 (Windows NT 6.1; WOW64; Trident/7.0; rv:11.0) like Gecko"
80.120.5.131 - - [19/Apr/2018:13:50:34 +0200] "GET /reload?ser=1524138634679 HTTP/1.1" 200 2 "http://renault.activities.at/10260273?dir=DESC&mode=grid&order=name&limit=15&page=3" "Mozilla/5.0 (Windows NT 10.0; WOW64; Trident/7.0; rv:11.0) like Gecko"
80.122.53.230 - - [19/Apr/2018:13:50:48 +0200] "GET /reload?ser=1524138648276 HTTP/1.1" 200 28 "http://renault.activities.at/result?searchterm=true&search=duster" "Mozilla/5.0 (Windows NT 6.1; WOW64; Trident/7.0; rv:11.0) like Gecko"
212.152.246.130 - - [19/Apr/2018:13:51:05 +0200] "GET /reload?ser=1524138661595 HTTP/1.1" 200 28 "http://renault.activities.at/result?dir=DESC&mode=grid&order=name&limit=15&page=2&search=kadjar" "Mozilla/5.0 (Windows NT 6.1; Win64; x64) AppleWebKit/537.36 (KHTML, like Gecko) Chrome/66.0.3359.117 Safari/537.36"
188.21.129.54 - - [19/Apr/2018:13:51:05 +0200] "GET /reload?ser=1524138665621 HTTP/1.1" 200 28 "http://renault.activities.at/result?searchterm=true&search=Vertrag" "Mozilla/5.0 (Windows NT 6.1; WOW64; Trident/7.0; rv:11.0) like Gecko"
80.120.148.242 - - [19/Apr/2018:13:51:13 +0200] "GET /reload?ser=1524138673013 HTTP/1.1" 200 28 "http://renault.activities.at/success" "Mozilla/5.0 (Windows NT 6.1; WOW64; Trident/7.0; rv:11.0) like Gecko"
80.120.5.131 - - [19/Apr/2018:13:51:35 +0200] "GET /reload?ser=1524138695623 HTTP/1.1" 200 2 "http://renault.activities.at/10260273?dir=DESC&mode=grid&order=name&limit=15&page=3" "Mozilla/5.0 (Windows NT 10.0; WOW64; Trident/7.0; rv:11.0) like Gecko"
80.122.53.230 - - [19/Apr/2018:13:51:49 +0200] "GET /reload?ser=1524138709205 HTTP/1.1" 200 28 "http://renault.activities.at/result?searchterm=true&search=duster" "Mozilla/5.0 (Windows NT 6.1; WOW64; Trident/7.0; rv:11.0) like Gecko"
188.21.129.54 - - [19/Apr/2018:13:52:06 +0200] "GET /reload?ser=1524138726608 HTTP/1.1" 200 28 "http://renault.activities.at/result?searchterm=true&search=Vertrag" "Mozilla/5.0 (Windows NT 6.1; WOW64; Trident/7.0; rv:11.0) like Gecko"
212.152.246.130 - - [19/Apr/2018:13:52:07 +0200] "GET /reload?ser=1524138723606 HTTP/1.1" 200 28 "http://renault.activities.at/result?dir=DESC&mode=grid&order=name&limit=15&page=2&search=kadjar" "Mozilla/5.0 (Windows NT 6.1; Win64; x64) AppleWebKit/537.36 (KHTML, like Gecko) Chrome/66.0.3359.117 Safari/537.36"
80.120.148.242 - - [19/Apr/2018:13:52:14 +0200] "GET /reload?ser=1524138733986 HTTP/1.1" 200 28 "http://renault.activities.at/success" "Mozilla/5.0 (Windows NT 6.1; WOW64; Trident/7.0; rv:11.0) like Gecko"
80.120.5.131 - - [19/Apr/2018:13:52:36 +0200] "GET /reload?ser=1524138756581 HTTP/1.1" 200 2 "http://renault.activities.at/10260273?dir=DESC&mode=grid&order=name&limit=15&page=3" "Mozilla/5.0 (Windows NT 10.0; WOW64; Trident/7.0; rv:11.0) like Gecko"
80.122.53.230 - - [19/Apr/2018:13:52:50 +0200] "GET /reload?ser=1524138770212 HTTP/1.1" 200 28 "http://renault.activities.at/result?searchterm=true&search=duster" "Mozilla/5.0 (Windows NT 6.1; WOW64; Trident/7.0; rv:11.0) like Gecko"
188.21.129.54 - - [19/Apr/2018:13:53:07 +0200] "GET /reload?ser=1524138787665 HTTP/1.1" 200 28 "http://renault.activities.at/result?searchterm=true&search=Vertrag" "Mozilla/5.0 (Windows NT 6.1; WOW64; Trident/7.0; rv:11.0) like Gecko"
212.152.246.130 - - [19/Apr/2018:13:53:09 +0200] "GET /reload?ser=1524138785594 HTTP/1.1" 200 28 "http://renault.activities.at/result?dir=DESC&mode=grid&order=name&limit=15&page=2&search=kadjar" "Mozilla/5.0 (Windows NT 6.1; Win64; x64) AppleWebKit/537.36 (KHTML, like Gecko) Chrome/66.0.3359.117 Safari/537.36"
80.120.148.242 - - [19/Apr/2018:13:53:15 +0200] "GET /reload?ser=1524138794996 HTTP/1.1" 200 28 "http://renault.activities.at/success" "Mozilla/5.0 (Windows NT 6.1; WOW64; Trident/7.0; rv:11.0) like Gecko"
80.120.148.242 - - [19/Apr/2018:13:53:36 +0200] "GET / HTTP/1.1" 200 6619 "http://renault.activities.at/success" "Mozilla/5.0 (Windows NT 6.1; WOW64; Trident/7.0; rv:11.0) like Gecko"
80.120.148.242 - - [19/Apr/2018:13:53:37 +0200] "GET /js/default.js HTTP/1.1" 304 - "http://renault.activities.at/" "Mozilla/5.0 (Windows NT 6.1; WOW64; Trident/7.0; rv:11.0) like Gecko"
80.120.148.242 - - [19/Apr/2018:13:53:38 +0200] "GET /js/flashdetection.js HTTP/1.1" 304 - "http://renault.activities.at/" "Mozilla/5.0 (Windows NT 6.1; WOW64; Trident/7.0; rv:11.0) like Gecko"
80.120.148.242 - - [19/Apr/2018:13:53:38 +0200] "GET /css/styles.css HTTP/1.1" 304 - "http://renault.activities.at/" "Mozilla/5.0 (Windows NT 6.1; WOW64; Trident/7.0; rv:11.0) like Gecko"
80.120.148.242 - - [19/Apr/2018:13:53:38 +0200] "GET /css/clears.css HTTP/1.1" 304 - "http://renault.activities.at/" "Mozilla/5.0 (Windows NT 6.1; WOW64; Trident/7.0; rv:11.0) like Gecko"
80.120.148.242 - - [19/Apr/2018:13:53:38 +0200] "GET /css/reset.css HTTP/1.1" 304 - "http://renault.activities.at/" "Mozilla/5.0 (Windows NT 6.1; WOW64; Trident/7.0; rv:11.0) like Gecko"
80.120.148.242 - - [19/Apr/2018:13:53:38 +0200] "GET /css/prototip.css HTTP/1.1" 304 - "http://renault.activities.at/" "Mozilla/5.0 (Windows NT 6.1; WOW64; Trident/7.0; rv:11.0) like Gecko"
80.120.148.242 - - [19/Apr/2018:13:53:38 +0200] "GET /css/print.css HTTP/1.1" 304 - "http://renault.activities.at/" "Mozilla/5.0 (Windows NT 6.1; WOW64; Trident/7.0; rv:11.0) like Gecko"
80.120.148.242 - - [19/Apr/2018:13:53:38 +0200] "GET /css/themes/default.css HTTP/1.1" 304 - "http://renault.activities.at/" "Mozilla/5.0 (Windows NT 6.1; WOW64; Trident/7.0; rv:11.0) like Gecko"
80.120.148.242 - - [19/Apr/2018:13:53:38 +0200] "GET /js/checkout.css HTTP/1.1" 304 - "http://renault.activities.at/" "Mozilla/5.0 (Windows NT 6.1; WOW64; Trident/7.0; rv:11.0) like Gecko"
80.120.148.242 - - [19/Apr/2018:13:53:38 +0200] "GET /css/themes/alphacube.css HTTP/1.1" 304 - "http://renault.activities.at/" "Mozilla/5.0 (Windows NT 6.1; WOW64; Trident/7.0; rv:11.0) like Gecko"
80.120.148.242 - - [19/Apr/2018:13:53:38 +0200] "GET /images/main_block_corner_right_bot.gif HTTP/1.1" 304 - "http://renault.activities.at/" "Mozilla/5.0 (Windows NT 6.1; WOW64; Trident/7.0; rv:11.0) like Gecko"
80.120.148.242 - - [19/Apr/2018:13:53:38 +0200] "GET /images/header_block_corner_left_top.gif HTTP/1.1" 304 - "http://renault.activities.at/" "Mozilla/5.0 (Windows NT 6.1; WOW64; Trident/7.0; rv:11.0) like Gecko"
80.120.148.242 - - [19/Apr/2018:13:53:38 +0200] "GET /images/main_block_corner_right_top.gif HTTP/1.1" 304 - "http://renault.activities.at/" "Mozilla/5.0 (Windows NT 6.1; WOW64; Trident/7.0; rv:11.0) like Gecko"
80.120.148.242 - - [19/Apr/2018:13:53:38 +0200] "GET /images/search_bg.gif HTTP/1.1" 304 - "http://renault.activities.at/" "Mozilla/5.0 (Windows NT 6.1; WOW64; Trident/7.0; rv:11.0) like Gecko"
80.120.148.242 - - [19/Apr/2018:13:53:38 +0200] "GET /images/header_block_corner_right_top.gif HTTP/1.1" 304 - "http://renault.activities.at/" "Mozilla/5.0 (Windows NT 6.1; WOW64; Trident/7.0; rv:11.0) like Gecko"
80.120.148.242 - - [19/Apr/2018:13:53:38 +0200] "GET /images/main_block_border.gif HTTP/1.1" 304 - "http://renault.activities.at/" "Mozilla/5.0 (Windows NT 6.1; WOW64; Trident/7.0; rv:11.0) like Gecko"
80.120.148.242 - - [19/Apr/2018:13:53:38 +0200] "GET /images/header_block_border.gif HTTP/1.1" 304 - "http://renault.activities.at/" "Mozilla/5.0 (Windows NT 6.1; WOW64; Trident/7.0; rv:11.0) like Gecko"
80.120.148.242 - - [19/Apr/2018:13:53:38 +0200] "GET /images/main_block_corner_left_bot.gif HTTP/1.1" 304 - "http://renault.activities.at/" "Mozilla/5.0 (Windows NT 6.1; WOW64; Trident/7.0; rv:11.0) like Gecko"
80.120.148.242 - - [19/Apr/2018:13:53:38 +0200] "GET /images/main_block_corner_left_top.gif HTTP/1.1" 304 - "http://renault.activities.at/" "Mozilla/5.0 (Windows NT 6.1; WOW64; Trident/7.0; rv:11.0) like Gecko"
80.120.148.242 - - [19/Apr/2018:13:53:38 +0200] "GET /loadthumbnail.php?id=11760052&width=50&height=50 HTTP/1.1" 200 945 "http://renault.activities.at/" "Mozilla/5.0 (Windows NT 6.1; WOW64; Trident/7.0; rv:11.0) like Gecko"
80.120.148.242 - - [19/Apr/2018:13:53:38 +0200] "GET /images/menu_button_bg.jpg HTTP/1.1" 304 - "http://renault.activities.at/" "Mozilla/5.0 (Windows NT 6.1; WOW64; Trident/7.0; rv:11.0) like Gecko"
80.120.148.242 - - [19/Apr/2018:13:53:38 +0200] "GET /images/sidebar_title_corner_left_top.gif HTTP/1.1" 304 - "http://renault.activities.at/" "Mozilla/5.0 (Windows NT 6.1; WOW64; Trident/7.0; rv:11.0) like Gecko"
