188.21.129.54 - - [20/Apr/2018:03:38:14 +0200] "GET /reload?ser=1524188294168 HTTP/1.1" 200 28 "http://renault.activities.at/11790070" "Mozilla/5.0 (Windows NT 6.1; WOW64; Trident/7.0; rv:11.0) like Gecko"
212.152.246.130 - - [20/Apr/2018:03:39:03 +0200] "GET /reload?ser=1524188339214 HTTP/1.1" 200 28 "http://renault.activities.at/result?dir=DESC&mode=grid&order=name&limit=15&page=2&search=kadjar" "Mozilla/5.0 (Windows NT 6.1; Win64; x64) AppleWebKit/537.36 (KHTML, like Gecko) Chrome/66.0.3359.117 Safari/537.36"
188.21.129.54 - - [20/Apr/2018:03:39:15 +0200] "GET /reload?ser=1524188355143 HTTP/1.1" 200 28 "http://renault.activities.at/11790070" "Mozilla/5.0 (Windows NT 6.1; WOW64; Trident/7.0; rv:11.0) like Gecko"
212.152.246.130 - - [20/Apr/2018:03:40:05 +0200] "GET /reload?ser=1524188401220 HTTP/1.1" 200 28 "http://renault.activities.at/result?dir=DESC&mode=grid&order=name&limit=15&page=2&search=kadjar" "Mozilla/5.0 (Windows NT 6.1; Win64; x64) AppleWebKit/537.36 (KHTML, like Gecko) Chrome/66.0.3359.117 Safari/537.36"
188.21.129.54 - - [20/Apr/2018:03:40:16 +0200] "GET /reload?ser=1524188416195 HTTP/1.1" 200 28 "http://renault.activities.at/11790070" "Mozilla/5.0 (Windows NT 6.1; WOW64; Trident/7.0; rv:11.0) like Gecko"
212.152.246.130 - - [20/Apr/2018:03:41:07 +0200] "GET /reload?ser=1524188463216 HTTP/1.1" 200 28 "http://renault.activities.at/result?dir=DESC&mode=grid&order=name&limit=15&page=2&search=kadjar" "Mozilla/5.0 (Windows NT 6.1; Win64; x64) AppleWebKit/537.36 (KHTML, like Gecko) Chrome/66.0.3359.117 Safari/537.36"
188.21.129.54 - - [20/Apr/2018:03:41:17 +0200] "GET /reload?ser=1524188477197 HTTP/1.1" 200 28 "http://renault.activities.at/11790070" "Mozilla/5.0 (Windows NT 6.1; WOW64; Trident/7.0; rv:11.0) like Gecko"
212.152.246.130 - - [20/Apr/2018:03:42:09 +0200] "GET /reload?ser=1524188525218 HTTP/1.1" 200 28 "http://renault.activities.at/result?dir=DESC&mode=grid&order=name&limit=15&page=2&search=kadjar" "Mozilla/5.0 (Windows NT 6.1; Win64; x64) AppleWebKit/537.36 (KHTML, like Gecko) Chrome/66.0.3359.117 Safari/537.36"
188.21.129.54 - - [20/Apr/2018:03:42:18 +0200] "GET /reload?ser=1524188538208 HTTP/1.1" 200 28 "http://renault.activities.at/11790070" "Mozilla/5.0 (Windows NT 6.1; WOW64; Trident/7.0; rv:11.0) like Gecko"
212.152.246.130 - - [20/Apr/2018:03:43:11 +0200] "GET /reload?ser=1524188587219 HTTP/1.1" 200 28 "http://renault.activities.at/result?dir=DESC&mode=grid&order=name&limit=15&page=2&search=kadjar" "Mozilla/5.0 (Windows NT 6.1; Win64; x64) AppleWebKit/537.36 (KHTML, like Gecko) Chrome/66.0.3359.117 Safari/537.36"
188.21.129.54 - - [20/Apr/2018:03:43:19 +0200] "GET /reload?ser=1524188599196 HTTP/1.1" 200 28 "http://renault.activities.at/11790070" "Mozilla/5.0 (Windows NT 6.1; WOW64; Trident/7.0; rv:11.0) like Gecko"
212.152.246.130 - - [20/Apr/2018:03:44:13 +0200] "GET /reload?ser=1524188649214 HTTP/1.1" 200 28 "http://renault.activities.at/result?dir=DESC&mode=grid&order=name&limit=15&page=2&search=kadjar" "Mozilla/5.0 (Windows NT 6.1; Win64; x64) AppleWebKit/537.36 (KHTML, like Gecko) Chrome/66.0.3359.117 Safari/537.36"
188.21.129.54 - - [20/Apr/2018:03:44:20 +0200] "GET /reload?ser=1524188660178 HTTP/1.1" 200 28 "http://renault.activities.at/11790070" "Mozilla/5.0 (Windows NT 6.1; WOW64; Trident/7.0; rv:11.0) like Gecko"
212.152.246.130 - - [20/Apr/2018:03:45:15 +0200] "GET /reload?ser=1524188711225 HTTP/1.1" 200 28 "http://renault.activities.at/result?dir=DESC&mode=grid&order=name&limit=15&page=2&search=kadjar" "Mozilla/5.0 (Windows NT 6.1; Win64; x64) AppleWebKit/537.36 (KHTML, like Gecko) Chrome/66.0.3359.117 Safari/537.36"
188.21.129.54 - - [20/Apr/2018:03:45:21 +0200] "GET /reload?ser=1524188721190 HTTP/1.1" 200 28 "http://renault.activities.at/11790070" "Mozilla/5.0 (Windows NT 6.1; WOW64; Trident/7.0; rv:11.0) like Gecko"
212.152.246.130 - - [20/Apr/2018:03:46:17 +0200] "GET /reload?ser=1524188773220 HTTP/1.1" 200 28 "http://renault.activities.at/result?dir=DESC&mode=grid&order=name&limit=15&page=2&search=kadjar" "Mozilla/5.0 (Windows NT 6.1; Win64; x64) AppleWebKit/537.36 (KHTML, like Gecko) Chrome/66.0.3359.117 Safari/537.36"
188.21.129.54 - - [20/Apr/2018:03:46:22 +0200] "GET /reload?ser=1524188782206 HTTP/1.1" 200 28 "http://renault.activities.at/11790070" "Mozilla/5.0 (Windows NT 6.1; WOW64; Trident/7.0; rv:11.0) like Gecko"
212.152.246.130 - - [20/Apr/2018:03:47:19 +0200] "GET /reload?ser=1524188835215 HTTP/1.1" 200 28 "http://renault.activities.at/result?dir=DESC&mode=grid&order=name&limit=15&page=2&search=kadjar" "Mozilla/5.0 (Windows NT 6.1; Win64; x64) AppleWebKit/537.36 (KHTML, like Gecko) Chrome/66.0.3359.117 Safari/537.36"
188.21.129.54 - - [20/Apr/2018:03:47:23 +0200] "GET /reload?ser=1524188843222 HTTP/1.1" 200 28 "http://renault.activities.at/11790070" "Mozilla/5.0 (Windows NT 6.1; WOW64; Trident/7.0; rv:11.0) like Gecko"
212.152.246.130 - - [20/Apr/2018:03:48:21 +0200] "GET /reload?ser=1524188897225 HTTP/1.1" 500 739 "http://renault.activities.at/result?dir=DESC&mode=grid&order=name&limit=15&page=2&search=kadjar" "Mozilla/5.0 (Windows NT 6.1; Win64; x64) AppleWebKit/537.36 (KHTML, like Gecko) Chrome/66.0.3359.117 Safari/537.36"
188.21.129.54 - - [20/Apr/2018:03:48:24 +0200] "GET /reload?ser=1524188904206 HTTP/1.1" 200 28 "http://renault.activities.at/11790070" "Mozilla/5.0 (Windows NT 6.1; WOW64; Trident/7.0; rv:11.0) like Gecko"
188.21.129.54 - - [20/Apr/2018:03:49:25 +0200] "GET /reload?ser=1524188965235 HTTP/1.1" 200 28 "http://renault.activities.at/11790070" "Mozilla/5.0 (Windows NT 6.1; WOW64; Trident/7.0; rv:11.0) like Gecko"
188.21.129.54 - - [20/Apr/2018:03:50:26 +0200] "GET /reload?ser=1524189026260 HTTP/1.1" 200 28 "http://renault.activities.at/11790070" "Mozilla/5.0 (Windows NT 6.1; WOW64; Trident/7.0; rv:11.0) like Gecko"
188.21.129.54 - - [20/Apr/2018:03:51:27 +0200] "GET /reload?ser=1524189087298 HTTP/1.1" 200 28 "http://renault.activities.at/11790070" "Mozilla/5.0 (Windows NT 6.1; WOW64; Trident/7.0; rv:11.0) like Gecko"
188.21.129.54 - - [20/Apr/2018:03:52:28 +0200] "GET /reload?ser=1524189148315 HTTP/1.1" 200 28 "http://renault.activities.at/11790070" "Mozilla/5.0 (Windows NT 6.1; WOW64; Trident/7.0; rv:11.0) like Gecko"
188.21.129.54 - - [20/Apr/2018:03:53:29 +0200] "GET /reload?ser=1524189209331 HTTP/1.1" 200 28 "http://renault.activities.at/11790070" "Mozilla/5.0 (Windows NT 6.1; WOW64; Trident/7.0; rv:11.0) like Gecko"
188.21.129.54 - - [20/Apr/2018:03:54:30 +0200] "GET /reload?ser=1524189270315 HTTP/1.1" 200 28 "http://renault.activities.at/11790070" "Mozilla/5.0 (Windows NT 6.1; WOW64; Trident/7.0; rv:11.0) like Gecko"
207.46.13.19 - - [20/Apr/2018:03:54:37 +0200] "GET /10260286 HTTP/1.1" 302 150 "-" "Mozilla/5.0 (compatible; bingbot/2.0; +http://www.bing.com/bingbot.htm)"
207.46.13.19 - - [20/Apr/2018:03:54:39 +0200] "GET /login?required=true HTTP/1.1" 200 2086 "-" "Mozilla/5.0 (compatible; bingbot/2.0; +http://www.bing.com/bingbot.htm)"
188.21.129.54 - - [20/Apr/2018:03:55:31 +0200] "GET /reload?ser=1524189331328 HTTP/1.1" 200 28 "http://renault.activities.at/11790070" "Mozilla/5.0 (Windows NT 6.1; WOW64; Trident/7.0; rv:11.0) like Gecko"
188.21.129.54 - - [20/Apr/2018:03:56:32 +0200] "GET /reload?ser=1524189392329 HTTP/1.1" 200 28 "http://renault.activities.at/11790070" "Mozilla/5.0 (Windows NT 6.1; WOW64; Trident/7.0; rv:11.0) like Gecko"
188.21.129.54 - - [20/Apr/2018:03:57:33 +0200] "GET /reload?ser=1524189453341 HTTP/1.1" 200 28 "http://renault.activities.at/11790070" "Mozilla/5.0 (Windows NT 6.1; WOW64; Trident/7.0; rv:11.0) like Gecko"
188.21.129.54 - - [20/Apr/2018:03:58:34 +0200] "GET /reload?ser=1524189514356 HTTP/1.1" 200 28 "http://renault.activities.at/11790070" "Mozilla/5.0 (Windows NT 6.1; WOW64; Trident/7.0; rv:11.0) like Gecko"
188.21.129.54 - - [20/Apr/2018:03:59:35 +0200] "GET /reload?ser=1524189575370 HTTP/1.1" 200 28 "http://renault.activities.at/11790070" "Mozilla/5.0 (Windows NT 6.1; WOW64; Trident/7.0; rv:11.0) like Gecko"
188.21.129.54 - - [20/Apr/2018:04:00:36 +0200] "GET /reload?ser=1524189636415 HTTP/1.1" 200 28 "http://renault.activities.at/11790070" "Mozilla/5.0 (Windows NT 6.1; WOW64; Trident/7.0; rv:11.0) like Gecko"
188.21.129.54 - - [20/Apr/2018:04:01:37 +0200] "GET /reload?ser=1524189697416 HTTP/1.1" 200 28 "http://renault.activities.at/11790070" "Mozilla/5.0 (Windows NT 6.1; WOW64; Trident/7.0; rv:11.0) like Gecko"
188.21.129.54 - - [20/Apr/2018:04:02:38 +0200] "GET /reload?ser=1524189758398 HTTP/1.1" 200 28 "http://renault.activities.at/11790070" "Mozilla/5.0 (Windows NT 6.1; WOW64; Trident/7.0; rv:11.0) like Gecko"
188.21.129.54 - - [20/Apr/2018:04:03:39 +0200] "GET /reload?ser=1524189819443 HTTP/1.1" 200 28 "http://renault.activities.at/11790070" "Mozilla/5.0 (Windows NT 6.1; WOW64; Trident/7.0; rv:11.0) like Gecko"
188.21.129.54 - - [20/Apr/2018:04:04:40 +0200] "GET /reload?ser=1524189880490 HTTP/1.1" 200 28 "http://renault.activities.at/11790070" "Mozilla/5.0 (Windows NT 6.1; WOW64; Trident/7.0; rv:11.0) like Gecko"
188.21.129.54 - - [20/Apr/2018:04:05:41 +0200] "GET /reload?ser=1524189941508 HTTP/1.1" 200 28 "http://renault.activities.at/11790070" "Mozilla/5.0 (Windows NT 6.1; WOW64; Trident/7.0; rv:11.0) like Gecko"
188.21.129.54 - - [20/Apr/2018:04:06:42 +0200] "GET /reload?ser=1524190002521 HTTP/1.1" 200 28 "http://renault.activities.at/11790070" "Mozilla/5.0 (Windows NT 6.1; WOW64; Trident/7.0; rv:11.0) like Gecko"
188.21.129.54 - - [20/Apr/2018:04:07:43 +0200] "GET /reload?ser=1524190063531 HTTP/1.1" 200 28 "http://renault.activities.at/11790070" "Mozilla/5.0 (Windows NT 6.1; WOW64; Trident/7.0; rv:11.0) like Gecko"
188.21.129.54 - - [20/Apr/2018:04:08:44 +0200] "GET /reload?ser=1524190124542 HTTP/1.1" 200 28 "http://renault.activities.at/11790070" "Mozilla/5.0 (Windows NT 6.1; WOW64; Trident/7.0; rv:11.0) like Gecko"
188.21.129.54 - - [20/Apr/2018:04:09:45 +0200] "GET /reload?ser=1524190185585 HTTP/1.1" 200 28 "http://renault.activities.at/11790070" "Mozilla/5.0 (Windows NT 6.1; WOW64; Trident/7.0; rv:11.0) like Gecko"
188.21.129.54 - - [20/Apr/2018:04:10:46 +0200] "GET /reload?ser=1524190246619 HTTP/1.1" 200 28 "http://renault.activities.at/11790070" "Mozilla/5.0 (Windows NT 6.1; WOW64; Trident/7.0; rv:11.0) like Gecko"
188.21.129.54 - - [20/Apr/2018:04:11:47 +0200] "GET /reload?ser=1524190307598 HTTP/1.1" 200 28 "http://renault.activities.at/11790070" "Mozilla/5.0 (Windows NT 6.1; WOW64; Trident/7.0; rv:11.0) like Gecko"
188.21.129.54 - - [20/Apr/2018:04:12:48 +0200] "GET /reload?ser=1524190368571 HTTP/1.1" 200 28 "http://renault.activities.at/11790070" "Mozilla/5.0 (Windows NT 6.1; WOW64; Trident/7.0; rv:11.0) like Gecko"
188.21.129.54 - - [20/Apr/2018:04:13:49 +0200] "GET /reload?ser=1524190429561 HTTP/1.1" 200 28 "http://renault.activities.at/11790070" "Mozilla/5.0 (Windows NT 6.1; WOW64; Trident/7.0; rv:11.0) like Gecko"
188.21.129.54 - - [20/Apr/2018:04:14:50 +0200] "GET /reload?ser=1524190490582 HTTP/1.1" 200 28 "http://renault.activities.at/11790070" "Mozilla/5.0 (Windows NT 6.1; WOW64; Trident/7.0; rv:11.0) like Gecko"
188.21.129.54 - - [20/Apr/2018:04:15:51 +0200] "GET /reload?ser=1524190551595 HTTP/1.1" 200 28 "http://renault.activities.at/11790070" "Mozilla/5.0 (Windows NT 6.1; WOW64; Trident/7.0; rv:11.0) like Gecko"
188.21.129.54 - - [20/Apr/2018:04:16:52 +0200] "GET /reload?ser=1524190612611 HTTP/1.1" 200 28 "http://renault.activities.at/11790070" "Mozilla/5.0 (Windows NT 6.1; WOW64; Trident/7.0; rv:11.0) like Gecko"
188.21.129.54 - - [20/Apr/2018:04:17:53 +0200] "GET /reload?ser=1524190673638 HTTP/1.1" 200 28 "http://renault.activities.at/11790070" "Mozilla/5.0 (Windows NT 6.1; WOW64; Trident/7.0; rv:11.0) like Gecko"
188.21.129.54 - - [20/Apr/2018:04:18:54 +0200] "GET /reload?ser=1524190734672 HTTP/1.1" 200 28 "http://renault.activities.at/11790070" "Mozilla/5.0 (Windows NT 6.1; WOW64; Trident/7.0; rv:11.0) like Gecko"
188.21.129.54 - - [20/Apr/2018:04:19:55 +0200] "GET /reload?ser=1524190795692 HTTP/1.1" 200 28 "http://renault.activities.at/11790070" "Mozilla/5.0 (Windows NT 6.1; WOW64; Trident/7.0; rv:11.0) like Gecko"
188.21.129.54 - - [20/Apr/2018:04:20:56 +0200] "GET /reload?ser=1524190856677 HTTP/1.1" 200 28 "http://renault.activities.at/11790070" "Mozilla/5.0 (Windows NT 6.1; WOW64; Trident/7.0; rv:11.0) like Gecko"
188.21.129.54 - - [20/Apr/2018:04:21:57 +0200] "GET /reload?ser=1524190917691 HTTP/1.1" 200 28 "http://renault.activities.at/11790070" "Mozilla/5.0 (Windows NT 6.1; WOW64; Trident/7.0; rv:11.0) like Gecko"
188.21.129.54 - - [20/Apr/2018:04:22:58 +0200] "GET /reload?ser=1524190978709 HTTP/1.1" 200 28 "http://renault.activities.at/11790070" "Mozilla/5.0 (Windows NT 6.1; WOW64; Trident/7.0; rv:11.0) like Gecko"
188.21.129.54 - - [20/Apr/2018:04:23:59 +0200] "GET /reload?ser=1524191039720 HTTP/1.1" 200 28 "http://renault.activities.at/11790070" "Mozilla/5.0 (Windows NT 6.1; WOW64; Trident/7.0; rv:11.0) like Gecko"
188.21.129.54 - - [20/Apr/2018:04:25:03 +0200] "GET /reload?ser=1524191103191 HTTP/1.1" 200 28 "http://renault.activities.at/11790070" "Mozilla/5.0 (Windows NT 6.1; WOW64; Trident/7.0; rv:11.0) like Gecko"
188.21.129.54 - - [20/Apr/2018:04:26:04 +0200] "GET /reload?ser=1524191164331 HTTP/1.1" 200 28 "http://renault.activities.at/11790070" "Mozilla/5.0 (Windows NT 6.1; WOW64; Trident/7.0; rv:11.0) like Gecko"
188.21.129.54 - - [20/Apr/2018:04:27:05 +0200] "GET /reload?ser=1524191225325 HTTP/1.1" 200 28 "http://renault.activities.at/11790070" "Mozilla/5.0 (Windows NT 6.1; WOW64; Trident/7.0; rv:11.0) like Gecko"
188.21.129.54 - - [20/Apr/2018:04:28:06 +0200] "GET /reload?ser=1524191286340 HTTP/1.1" 200 28 "http://renault.activities.at/11790070" "Mozilla/5.0 (Windows NT 6.1; WOW64; Trident/7.0; rv:11.0) like Gecko"
188.21.129.54 - - [20/Apr/2018:04:29:07 +0200] "GET /reload?ser=1524191347373 HTTP/1.1" 200 28 "http://renault.activities.at/11790070" "Mozilla/5.0 (Windows NT 6.1; WOW64; Trident/7.0; rv:11.0) like Gecko"
188.21.129.54 - - [20/Apr/2018:04:30:08 +0200] "GET /reload?ser=1524191408404 HTTP/1.1" 200 28 "http://renault.activities.at/11790070" "Mozilla/5.0 (Windows NT 6.1; WOW64; Trident/7.0; rv:11.0) like Gecko"
188.21.129.54 - - [20/Apr/2018:04:31:09 +0200] "GET /reload?ser=1524191469390 HTTP/1.1" 200 28 "http://renault.activities.at/11790070" "Mozilla/5.0 (Windows NT 6.1; WOW64; Trident/7.0; rv:11.0) like Gecko"
188.21.129.54 - - [20/Apr/2018:04:32:10 +0200] "GET /reload?ser=1524191530402 HTTP/1.1" 200 28 "http://renault.activities.at/11790070" "Mozilla/5.0 (Windows NT 6.1; WOW64; Trident/7.0; rv:11.0) like Gecko"
188.21.129.54 - - [20/Apr/2018:04:33:11 +0200] "GET /reload?ser=1524191591416 HTTP/1.1" 200 28 "http://renault.activities.at/11790070" "Mozilla/5.0 (Windows NT 6.1; WOW64; Trident/7.0; rv:11.0) like Gecko"
188.21.129.54 - - [20/Apr/2018:04:34:12 +0200] "GET /reload?ser=1524191652473 HTTP/1.1" 200 28 "http://renault.activities.at/11790070" "Mozilla/5.0 (Windows NT 6.1; WOW64; Trident/7.0; rv:11.0) like Gecko"
188.21.129.54 - - [20/Apr/2018:04:35:13 +0200] "GET /reload?ser=1524191713501 HTTP/1.1" 200 28 "http://renault.activities.at/11790070" "Mozilla/5.0 (Windows NT 6.1; WOW64; Trident/7.0; rv:11.0) like Gecko"
188.21.129.54 - - [20/Apr/2018:04:36:14 +0200] "GET /reload?ser=1524191774486 HTTP/1.1" 200 28 "http://renault.activities.at/11790070" "Mozilla/5.0 (Windows NT 6.1; WOW64; Trident/7.0; rv:11.0) like Gecko"
188.21.129.54 - - [20/Apr/2018:04:37:15 +0200] "GET /reload?ser=1524191835504 HTTP/1.1" 200 28 "http://renault.activities.at/11790070" "Mozilla/5.0 (Windows NT 6.1; WOW64; Trident/7.0; rv:11.0) like Gecko"
188.21.129.54 - - [20/Apr/2018:04:38:16 +0200] "GET /reload?ser=1524191896502 HTTP/1.1" 200 28 "http://renault.activities.at/11790070" "Mozilla/5.0 (Windows NT 6.1; WOW64; Trident/7.0; rv:11.0) like Gecko"
188.21.129.54 - - [20/Apr/2018:04:39:17 +0200] "GET /reload?ser=1524191957503 HTTP/1.1" 200 28 "http://renault.activities.at/11790070" "Mozilla/5.0 (Windows NT 6.1; WOW64; Trident/7.0; rv:11.0) like Gecko"
188.21.129.54 - - [20/Apr/2018:04:40:18 +0200] "GET /reload?ser=1524192018481 HTTP/1.1" 200 28 "http://renault.activities.at/11790070" "Mozilla/5.0 (Windows NT 6.1; WOW64; Trident/7.0; rv:11.0) like Gecko"
188.21.129.54 - - [20/Apr/2018:04:41:19 +0200] "GET /reload?ser=1524192079515 HTTP/1.1" 200 28 "http://renault.activities.at/11790070" "Mozilla/5.0 (Windows NT 6.1; WOW64; Trident/7.0; rv:11.0) like Gecko"
188.21.129.54 - - [20/Apr/2018:04:42:20 +0200] "GET /reload?ser=1524192140529 HTTP/1.1" 200 28 "http://renault.activities.at/11790070" "Mozilla/5.0 (Windows NT 6.1; WOW64; Trident/7.0; rv:11.0) like Gecko"
188.21.129.54 - - [20/Apr/2018:04:43:21 +0200] "GET /reload?ser=1524192201550 HTTP/1.1" 200 28 "http://renault.activities.at/11790070" "Mozilla/5.0 (Windows NT 6.1; WOW64; Trident/7.0; rv:11.0) like Gecko"
188.21.129.54 - - [20/Apr/2018:04:44:22 +0200] "GET /reload?ser=1524192262564 HTTP/1.1" 200 28 "http://renault.activities.at/11790070" "Mozilla/5.0 (Windows NT 6.1; WOW64; Trident/7.0; rv:11.0) like Gecko"
188.21.129.54 - - [20/Apr/2018:04:45:23 +0200] "GET /reload?ser=1524192323555 HTTP/1.1" 200 28 "http://renault.activities.at/11790070" "Mozilla/5.0 (Windows NT 6.1; WOW64; Trident/7.0; rv:11.0) like Gecko"
188.21.129.54 - - [20/Apr/2018:04:46:24 +0200] "GET /reload?ser=1524192384538 HTTP/1.1" 200 28 "http://renault.activities.at/11790070" "Mozilla/5.0 (Windows NT 6.1; WOW64; Trident/7.0; rv:11.0) like Gecko"
188.21.129.54 - - [20/Apr/2018:04:47:25 +0200] "GET /reload?ser=1524192445645 HTTP/1.1" 200 28 "http://renault.activities.at/11790070" "Mozilla/5.0 (Windows NT 6.1; WOW64; Trident/7.0; rv:11.0) like Gecko"
188.21.129.54 - - [20/Apr/2018:04:48:26 +0200] "GET /reload?ser=1524192506669 HTTP/1.1" 200 28 "http://renault.activities.at/11790070" "Mozilla/5.0 (Windows NT 6.1; WOW64; Trident/7.0; rv:11.0) like Gecko"
188.21.129.54 - - [20/Apr/2018:04:49:27 +0200] "GET /reload?ser=1524192567700 HTTP/1.1" 200 28 "http://renault.activities.at/11790070" "Mozilla/5.0 (Windows NT 6.1; WOW64; Trident/7.0; rv:11.0) like Gecko"
188.21.129.54 - - [20/Apr/2018:04:50:28 +0200] "GET /reload?ser=1524192628746 HTTP/1.1" 200 28 "http://renault.activities.at/11790070" "Mozilla/5.0 (Windows NT 6.1; WOW64; Trident/7.0; rv:11.0) like Gecko"
188.21.129.54 - - [20/Apr/2018:04:51:29 +0200] "GET /reload?ser=1524192689786 HTTP/1.1" 200 28 "http://renault.activities.at/11790070" "Mozilla/5.0 (Windows NT 6.1; WOW64; Trident/7.0; rv:11.0) like Gecko"
188.21.129.54 - - [20/Apr/2018:04:52:30 +0200] "GET /reload?ser=1524192750837 HTTP/1.1" 200 28 "http://renault.activities.at/11790070" "Mozilla/5.0 (Windows NT 6.1; WOW64; Trident/7.0; rv:11.0) like Gecko"
188.21.129.54 - - [20/Apr/2018:04:53:31 +0200] "GET /reload?ser=1524192811870 HTTP/1.1" 200 28 "http://renault.activities.at/11790070" "Mozilla/5.0 (Windows NT 6.1; WOW64; Trident/7.0; rv:11.0) like Gecko"
188.21.129.54 - - [20/Apr/2018:04:54:32 +0200] "GET /reload?ser=1524192872872 HTTP/1.1" 200 28 "http://renault.activities.at/11790070" "Mozilla/5.0 (Windows NT 6.1; WOW64; Trident/7.0; rv:11.0) like Gecko"
188.21.129.54 - - [20/Apr/2018:04:55:33 +0200] "GET /reload?ser=1524192933857 HTTP/1.1" 200 28 "http://renault.activities.at/11790070" "Mozilla/5.0 (Windows NT 6.1; WOW64; Trident/7.0; rv:11.0) like Gecko"
188.21.129.54 - - [20/Apr/2018:04:56:34 +0200] "GET /reload?ser=1524192994879 HTTP/1.1" 200 28 "http://renault.activities.at/11790070" "Mozilla/5.0 (Windows NT 6.1; WOW64; Trident/7.0; rv:11.0) like Gecko"
188.21.129.54 - - [20/Apr/2018:04:57:35 +0200] "GET /reload?ser=1524193055891 HTTP/1.1" 200 28 "http://renault.activities.at/11790070" "Mozilla/5.0 (Windows NT 6.1; WOW64; Trident/7.0; rv:11.0) like Gecko"
188.21.129.54 - - [20/Apr/2018:04:58:36 +0200] "GET /reload?ser=1524193116927 HTTP/1.1" 200 28 "http://renault.activities.at/11790070" "Mozilla/5.0 (Windows NT 6.1; WOW64; Trident/7.0; rv:11.0) like Gecko"
188.21.129.54 - - [20/Apr/2018:04:59:37 +0200] "GET /reload?ser=1524193177946 HTTP/1.1" 200 28 "http://renault.activities.at/11790070" "Mozilla/5.0 (Windows NT 6.1; WOW64; Trident/7.0; rv:11.0) like Gecko"
207.46.13.19 - - [20/Apr/2018:04:59:58 +0200] "GET /success HTTP/1.1" 302 138 "-" "Mozilla/5.0 (compatible; bingbot/2.0; +http://www.bing.com/bingbot.htm)"
207.46.13.19 - - [20/Apr/2018:05:00:00 +0200] "GET /cart HTTP/1.1" 200 1714 "-" "Mozilla/5.0 (compatible; bingbot/2.0; +http://www.bing.com/bingbot.htm)"
188.21.129.54 - - [20/Apr/2018:05:00:38 +0200] "GET /reload?ser=1524193238965 HTTP/1.1" 200 28 "http://renault.activities.at/11790070" "Mozilla/5.0 (Windows NT 6.1; WOW64; Trident/7.0; rv:11.0) like Gecko"
188.21.129.54 - - [20/Apr/2018:05:01:39 +0200] "GET /reload?ser=1524193299993 HTTP/1.1" 200 28 "http://renault.activities.at/11790070" "Mozilla/5.0 (Windows NT 6.1; WOW64; Trident/7.0; rv:11.0) like Gecko"
188.21.129.54 - - [20/Apr/2018:05:02:40 +0200] "GET /reload?ser=1524193360973 HTTP/1.1" 200 28 "http://renault.activities.at/11790070" "Mozilla/5.0 (Windows NT 6.1; WOW64; Trident/7.0; rv:11.0) like Gecko"
188.21.129.54 - - [20/Apr/2018:05:03:41 +0200] "GET /reload?ser=1524193422003 HTTP/1.1" 200 28 "http://renault.activities.at/11790070" "Mozilla/5.0 (Windows NT 6.1; WOW64; Trident/7.0; rv:11.0) like Gecko"
188.21.129.54 - - [20/Apr/2018:05:04:42 +0200] "GET /reload?ser=1524193483033 HTTP/1.1" 200 28 "http://renault.activities.at/11790070" "Mozilla/5.0 (Windows NT 6.1; WOW64; Trident/7.0; rv:11.0) like Gecko"
188.21.129.54 - - [20/Apr/2018:05:05:43 +0200] "GET /reload?ser=1524193544015 HTTP/1.1" 200 28 "http://renault.activities.at/11790070" "Mozilla/5.0 (Windows NT 6.1; WOW64; Trident/7.0; rv:11.0) like Gecko"
188.21.129.54 - - [20/Apr/2018:05:06:44 +0200] "GET /reload?ser=1524193605034 HTTP/1.1" 200 28 "http://renault.activities.at/11790070" "Mozilla/5.0 (Windows NT 6.1; WOW64; Trident/7.0; rv:11.0) like Gecko"
188.21.129.54 - - [20/Apr/2018:05:07:46 +0200] "GET /reload?ser=1524193666087 HTTP/1.1" 200 28 "http://renault.activities.at/11790070" "Mozilla/5.0 (Windows NT 6.1; WOW64; Trident/7.0; rv:11.0) like Gecko"
188.21.129.54 - - [20/Apr/2018:05:08:46 +0200] "GET /reload?ser=1524193727078 HTTP/1.1" 200 28 "http://renault.activities.at/11790070" "Mozilla/5.0 (Windows NT 6.1; WOW64; Trident/7.0; rv:11.0) like Gecko"
188.21.129.54 - - [20/Apr/2018:05:09:48 +0200] "GET /reload?ser=1524193788104 HTTP/1.1" 200 28 "http://renault.activities.at/11790070" "Mozilla/5.0 (Windows NT 6.1; WOW64; Trident/7.0; rv:11.0) like Gecko"
188.21.129.54 - - [20/Apr/2018:05:10:49 +0200] "GET /reload?ser=1524193849165 HTTP/1.1" 200 28 "http://renault.activities.at/11790070" "Mozilla/5.0 (Windows NT 6.1; WOW64; Trident/7.0; rv:11.0) like Gecko"
188.21.129.54 - - [20/Apr/2018:05:11:50 +0200] "GET /reload?ser=1524193910185 HTTP/1.1" 200 28 "http://renault.activities.at/11790070" "Mozilla/5.0 (Windows NT 6.1; WOW64; Trident/7.0; rv:11.0) like Gecko"
188.21.129.54 - - [20/Apr/2018:05:12:51 +0200] "GET /reload?ser=1524193971216 HTTP/1.1" 200 28 "http://renault.activities.at/11790070" "Mozilla/5.0 (Windows NT 6.1; WOW64; Trident/7.0; rv:11.0) like Gecko"
188.21.129.54 - - [20/Apr/2018:05:13:52 +0200] "GET /reload?ser=1524194032235 HTTP/1.1" 200 28 "http://renault.activities.at/11790070" "Mozilla/5.0 (Windows NT 6.1; WOW64; Trident/7.0; rv:11.0) like Gecko"
188.21.129.54 - - [20/Apr/2018:05:14:53 +0200] "GET /reload?ser=1524194093252 HTTP/1.1" 200 28 "http://renault.activities.at/11790070" "Mozilla/5.0 (Windows NT 6.1; WOW64; Trident/7.0; rv:11.0) like Gecko"
188.21.129.54 - - [20/Apr/2018:05:15:54 +0200] "GET /reload?ser=1524194154264 HTTP/1.1" 200 28 "http://renault.activities.at/11790070" "Mozilla/5.0 (Windows NT 6.1; WOW64; Trident/7.0; rv:11.0) like Gecko"
188.21.129.54 - - [20/Apr/2018:05:16:55 +0200] "GET /reload?ser=1524194215316 HTTP/1.1" 200 28 "http://renault.activities.at/11790070" "Mozilla/5.0 (Windows NT 6.1; WOW64; Trident/7.0; rv:11.0) like Gecko"
188.21.129.54 - - [20/Apr/2018:05:17:56 +0200] "GET /reload?ser=1524194276324 HTTP/1.1" 200 28 "http://renault.activities.at/11790070" "Mozilla/5.0 (Windows NT 6.1; WOW64; Trident/7.0; rv:11.0) like Gecko"
188.21.129.54 - - [20/Apr/2018:05:18:57 +0200] "GET /reload?ser=1524194337339 HTTP/1.1" 200 28 "http://renault.activities.at/11790070" "Mozilla/5.0 (Windows NT 6.1; WOW64; Trident/7.0; rv:11.0) like Gecko"
188.21.129.54 - - [20/Apr/2018:05:19:58 +0200] "GET /reload?ser=1524194398311 HTTP/1.1" 200 28 "http://renault.activities.at/11790070" "Mozilla/5.0 (Windows NT 6.1; WOW64; Trident/7.0; rv:11.0) like Gecko"
188.21.129.54 - - [20/Apr/2018:05:20:59 +0200] "GET /reload?ser=1524194459325 HTTP/1.1" 200 28 "http://renault.activities.at/11790070" "Mozilla/5.0 (Windows NT 6.1; WOW64; Trident/7.0; rv:11.0) like Gecko"
188.21.129.54 - - [20/Apr/2018:05:22:00 +0200] "GET /reload?ser=1524194520312 HTTP/1.1" 200 28 "http://renault.activities.at/11790070" "Mozilla/5.0 (Windows NT 6.1; WOW64; Trident/7.0; rv:11.0) like Gecko"
188.21.129.54 - - [20/Apr/2018:05:23:01 +0200] "GET /reload?ser=1524194581299 HTTP/1.1" 200 28 "http://renault.activities.at/11790070" "Mozilla/5.0 (Windows NT 6.1; WOW64; Trident/7.0; rv:11.0) like Gecko"
188.21.129.54 - - [20/Apr/2018:05:24:02 +0200] "GET /reload?ser=1524194642340 HTTP/1.1" 200 28 "http://renault.activities.at/11790070" "Mozilla/5.0 (Windows NT 6.1; WOW64; Trident/7.0; rv:11.0) like Gecko"
188.21.129.54 - - [20/Apr/2018:05:25:03 +0200] "GET /reload?ser=1524194703384 HTTP/1.1" 200 28 "http://renault.activities.at/11790070" "Mozilla/5.0 (Windows NT 6.1; WOW64; Trident/7.0; rv:11.0) like Gecko"
188.21.129.54 - - [20/Apr/2018:05:26:04 +0200] "GET /reload?ser=1524194764428 HTTP/1.1" 200 28 "http://renault.activities.at/11790070" "Mozilla/5.0 (Windows NT 6.1; WOW64; Trident/7.0; rv:11.0) like Gecko"
188.21.129.54 - - [20/Apr/2018:05:27:05 +0200] "GET /reload?ser=1524194825443 HTTP/1.1" 200 28 "http://renault.activities.at/11790070" "Mozilla/5.0 (Windows NT 6.1; WOW64; Trident/7.0; rv:11.0) like Gecko"
188.21.129.54 - - [20/Apr/2018:05:28:06 +0200] "GET /reload?ser=1524194886425 HTTP/1.1" 200 28 "http://renault.activities.at/11790070" "Mozilla/5.0 (Windows NT 6.1; WOW64; Trident/7.0; rv:11.0) like Gecko"
188.21.129.54 - - [20/Apr/2018:05:29:07 +0200] "GET /reload?ser=1524194947453 HTTP/1.1" 200 28 "http://renault.activities.at/11790070" "Mozilla/5.0 (Windows NT 6.1; WOW64; Trident/7.0; rv:11.0) like Gecko"
188.21.129.54 - - [20/Apr/2018:05:30:08 +0200] "GET /reload?ser=1524195008480 HTTP/1.1" 200 28 "http://renault.activities.at/11790070" "Mozilla/5.0 (Windows NT 6.1; WOW64; Trident/7.0; rv:11.0) like Gecko"
188.21.129.54 - - [20/Apr/2018:05:31:09 +0200] "GET /reload?ser=1524195069499 HTTP/1.1" 200 28 "http://renault.activities.at/11790070" "Mozilla/5.0 (Windows NT 6.1; WOW64; Trident/7.0; rv:11.0) like Gecko"
188.21.129.54 - - [20/Apr/2018:05:32:10 +0200] "GET /reload?ser=1524195130483 HTTP/1.1" 200 28 "http://renault.activities.at/11790070" "Mozilla/5.0 (Windows NT 6.1; WOW64; Trident/7.0; rv:11.0) like Gecko"
188.21.129.54 - - [20/Apr/2018:05:33:11 +0200] "GET /reload?ser=1524195191529 HTTP/1.1" 200 28 "http://renault.activities.at/11790070" "Mozilla/5.0 (Windows NT 6.1; WOW64; Trident/7.0; rv:11.0) like Gecko"
188.21.129.54 - - [20/Apr/2018:05:34:12 +0200] "GET /reload?ser=1524195252538 HTTP/1.1" 200 28 "http://renault.activities.at/11790070" "Mozilla/5.0 (Windows NT 6.1; WOW64; Trident/7.0; rv:11.0) like Gecko"
188.21.129.54 - - [20/Apr/2018:05:35:13 +0200] "GET /reload?ser=1524195313565 HTTP/1.1" 200 28 "http://renault.activities.at/11790070" "Mozilla/5.0 (Windows NT 6.1; WOW64; Trident/7.0; rv:11.0) like Gecko"
188.21.129.54 - - [20/Apr/2018:05:36:14 +0200] "GET /reload?ser=1524195374588 HTTP/1.1" 200 28 "http://renault.activities.at/11790070" "Mozilla/5.0 (Windows NT 6.1; WOW64; Trident/7.0; rv:11.0) like Gecko"
188.21.129.54 - - [20/Apr/2018:05:37:15 +0200] "GET /reload?ser=1524195435618 HTTP/1.1" 200 28 "http://renault.activities.at/11790070" "Mozilla/5.0 (Windows NT 6.1; WOW64; Trident/7.0; rv:11.0) like Gecko"
188.21.129.54 - - [20/Apr/2018:05:38:16 +0200] "GET /reload?ser=1524195496636 HTTP/1.1" 200 28 "http://renault.activities.at/11790070" "Mozilla/5.0 (Windows NT 6.1; WOW64; Trident/7.0; rv:11.0) like Gecko"
188.21.129.54 - - [20/Apr/2018:05:39:17 +0200] "GET /reload?ser=1524195557652 HTTP/1.1" 200 28 "http://renault.activities.at/11790070" "Mozilla/5.0 (Windows NT 6.1; WOW64; Trident/7.0; rv:11.0) like Gecko"
188.21.129.54 - - [20/Apr/2018:05:40:18 +0200] "GET /reload?ser=1524195618679 HTTP/1.1" 200 28 "http://renault.activities.at/11790070" "Mozilla/5.0 (Windows NT 6.1; WOW64; Trident/7.0; rv:11.0) like Gecko"
188.21.129.54 - - [20/Apr/2018:05:41:19 +0200] "GET /reload?ser=1524195679720 HTTP/1.1" 200 28 "http://renault.activities.at/11790070" "Mozilla/5.0 (Windows NT 6.1; WOW64; Trident/7.0; rv:11.0) like Gecko"
188.21.129.54 - - [20/Apr/2018:05:42:20 +0200] "GET /reload?ser=1524195740729 HTTP/1.1" 200 28 "http://renault.activities.at/11790070" "Mozilla/5.0 (Windows NT 6.1; WOW64; Trident/7.0; rv:11.0) like Gecko"
188.21.129.54 - - [20/Apr/2018:05:43:21 +0200] "GET /reload?ser=1524195801717 HTTP/1.1" 200 28 "http://renault.activities.at/11790070" "Mozilla/5.0 (Windows NT 6.1; WOW64; Trident/7.0; rv:11.0) like Gecko"
188.21.129.54 - - [20/Apr/2018:05:44:22 +0200] "GET /reload?ser=1524195862748 HTTP/1.1" 200 28 "http://renault.activities.at/11790070" "Mozilla/5.0 (Windows NT 6.1; WOW64; Trident/7.0; rv:11.0) like Gecko"
188.21.129.54 - - [20/Apr/2018:05:45:23 +0200] "GET /reload?ser=1524195923762 HTTP/1.1" 200 28 "http://renault.activities.at/11790070" "Mozilla/5.0 (Windows NT 6.1; WOW64; Trident/7.0; rv:11.0) like Gecko"
188.21.129.54 - - [20/Apr/2018:05:46:24 +0200] "GET /reload?ser=1524195984782 HTTP/1.1" 200 28 "http://renault.activities.at/11790070" "Mozilla/5.0 (Windows NT 6.1; WOW64; Trident/7.0; rv:11.0) like Gecko"
188.21.129.54 - - [20/Apr/2018:05:47:25 +0200] "GET /reload?ser=1524196045770 HTTP/1.1" 200 28 "http://renault.activities.at/11790070" "Mozilla/5.0 (Windows NT 6.1; WOW64; Trident/7.0; rv:11.0) like Gecko"
188.21.129.54 - - [20/Apr/2018:05:48:26 +0200] "GET /reload?ser=1524196106784 HTTP/1.1" 200 28 "http://renault.activities.at/11790070" "Mozilla/5.0 (Windows NT 6.1; WOW64; Trident/7.0; rv:11.0) like Gecko"
188.21.129.54 - - [20/Apr/2018:05:49:27 +0200] "GET /reload?ser=1524196167853 HTTP/1.1" 200 28 "http://renault.activities.at/11790070" "Mozilla/5.0 (Windows NT 6.1; WOW64; Trident/7.0; rv:11.0) like Gecko"
188.21.129.54 - - [20/Apr/2018:05:50:28 +0200] "GET /reload?ser=1524196228858 HTTP/1.1" 200 28 "http://renault.activities.at/11790070" "Mozilla/5.0 (Windows NT 6.1; WOW64; Trident/7.0; rv:11.0) like Gecko"
188.21.129.54 - - [20/Apr/2018:05:51:29 +0200] "GET /reload?ser=1524196289844 HTTP/1.1" 200 28 "http://renault.activities.at/11790070" "Mozilla/5.0 (Windows NT 6.1; WOW64; Trident/7.0; rv:11.0) like Gecko"
188.21.129.54 - - [20/Apr/2018:05:52:30 +0200] "GET /reload?ser=1524196350872 HTTP/1.1" 200 28 "http://renault.activities.at/11790070" "Mozilla/5.0 (Windows NT 6.1; WOW64; Trident/7.0; rv:11.0) like Gecko"
188.21.129.54 - - [20/Apr/2018:05:53:31 +0200] "GET /reload?ser=1524196411854 HTTP/1.1" 200 28 "http://renault.activities.at/11790070" "Mozilla/5.0 (Windows NT 6.1; WOW64; Trident/7.0; rv:11.0) like Gecko"
188.21.129.54 - - [20/Apr/2018:05:54:32 +0200] "GET /reload?ser=1524196472902 HTTP/1.1" 200 28 "http://renault.activities.at/11790070" "Mozilla/5.0 (Windows NT 6.1; WOW64; Trident/7.0; rv:11.0) like Gecko"
188.21.129.54 - - [20/Apr/2018:05:55:33 +0200] "GET /reload?ser=1524196533914 HTTP/1.1" 200 28 "http://renault.activities.at/11790070" "Mozilla/5.0 (Windows NT 6.1; WOW64; Trident/7.0; rv:11.0) like Gecko"
188.21.129.54 - - [20/Apr/2018:05:56:34 +0200] "GET /reload?ser=1524196594930 HTTP/1.1" 200 28 "http://renault.activities.at/11790070" "Mozilla/5.0 (Windows NT 6.1; WOW64; Trident/7.0; rv:11.0) like Gecko"
188.21.129.54 - - [20/Apr/2018:05:57:35 +0200] "GET /reload?ser=1524196655951 HTTP/1.1" 200 28 "http://renault.activities.at/11790070" "Mozilla/5.0 (Windows NT 6.1; WOW64; Trident/7.0; rv:11.0) like Gecko"
188.21.129.54 - - [20/Apr/2018:05:58:36 +0200] "GET /reload?ser=1524196716995 HTTP/1.1" 200 28 "http://renault.activities.at/11790070" "Mozilla/5.0 (Windows NT 6.1; WOW64; Trident/7.0; rv:11.0) like Gecko"
180.76.15.16 - - [20/Apr/2018:05:59:32 +0200] "GET / HTTP/1.1" 200 3845 "-" "Mozilla/5.0 (compatible; Baiduspider/2.0; +http://www.baidu.com/search/spider.html)"
188.21.129.54 - - [20/Apr/2018:05:59:37 +0200] "GET /reload?ser=1524196778045 HTTP/1.1" 200 28 "http://renault.activities.at/11790070" "Mozilla/5.0 (Windows NT 6.1; WOW64; Trident/7.0; rv:11.0) like Gecko"
188.21.129.54 - - [20/Apr/2018:06:00:38 +0200] "GET /reload?ser=1524196839077 HTTP/1.1" 200 28 "http://renault.activities.at/11790070" "Mozilla/5.0 (Windows NT 6.1; WOW64; Trident/7.0; rv:11.0) like Gecko"
188.21.129.54 - - [20/Apr/2018:06:01:39 +0200] "GET /reload?ser=1524196900078 HTTP/1.1" 200 28 "http://renault.activities.at/11790070" "Mozilla/5.0 (Windows NT 6.1; WOW64; Trident/7.0; rv:11.0) like Gecko"
188.21.129.54 - - [20/Apr/2018:06:02:40 +0200] "GET /reload?ser=1524196961109 HTTP/1.1" 200 28 "http://renault.activities.at/11790070" "Mozilla/5.0 (Windows NT 6.1; WOW64; Trident/7.0; rv:11.0) like Gecko"
188.21.129.54 - - [20/Apr/2018:06:03:41 +0200] "GET /reload?ser=1524197022139 HTTP/1.1" 200 28 "http://renault.activities.at/11790070" "Mozilla/5.0 (Windows NT 6.1; WOW64; Trident/7.0; rv:11.0) like Gecko"
188.21.129.54 - - [20/Apr/2018:06:04:42 +0200] "GET /reload?ser=1524197083127 HTTP/1.1" 200 28 "http://renault.activities.at/11790070" "Mozilla/5.0 (Windows NT 6.1; WOW64; Trident/7.0; rv:11.0) like Gecko"
66.249.64.137 - - [20/Apr/2018:06:04:55 +0200] "GET / HTTP/1.1" 200 3845 "-" "Mozilla/5.0 (Linux; Android 6.0.1; Nexus 5X Build/MMB29P) AppleWebKit/537.36 (KHTML, like Gecko) Chrome/41.0.2272.96 Mobile Safari/537.36 (compatible; Googlebot/2.1; +http://www.google.com/bot.html)"
188.21.129.54 - - [20/Apr/2018:06:05:43 +0200] "GET /reload?ser=1524197144115 HTTP/1.1" 200 28 "http://renault.activities.at/11790070" "Mozilla/5.0 (Windows NT 6.1; WOW64; Trident/7.0; rv:11.0) like Gecko"
188.21.129.54 - - [20/Apr/2018:06:06:45 +0200] "GET /reload?ser=1524197205160 HTTP/1.1" 200 28 "http://renault.activities.at/11790070" "Mozilla/5.0 (Windows NT 6.1; WOW64; Trident/7.0; rv:11.0) like Gecko"
188.21.129.54 - - [20/Apr/2018:06:07:45 +0200] "GET /reload?ser=1524197266176 HTTP/1.1" 200 28 "http://renault.activities.at/11790070" "Mozilla/5.0 (Windows NT 6.1; WOW64; Trident/7.0; rv:11.0) like Gecko"
188.21.129.54 - - [20/Apr/2018:06:08:46 +0200] "GET /reload?ser=1524197327155 HTTP/1.1" 200 28 "http://renault.activities.at/11790070" "Mozilla/5.0 (Windows NT 6.1; WOW64; Trident/7.0; rv:11.0) like Gecko"
188.21.129.54 - - [20/Apr/2018:06:09:47 +0200] "GET /reload?ser=1524197388164 HTTP/1.1" 200 28 "http://renault.activities.at/11790070" "Mozilla/5.0 (Windows NT 6.1; WOW64; Trident/7.0; rv:11.0) like Gecko"
188.21.129.54 - - [20/Apr/2018:06:10:48 +0200] "GET /reload?ser=1524197449146 HTTP/1.1" 200 28 "http://renault.activities.at/11790070" "Mozilla/5.0 (Windows NT 6.1; WOW64; Trident/7.0; rv:11.0) like Gecko"
188.21.129.54 - - [20/Apr/2018:06:11:50 +0200] "GET /reload?ser=1524197510180 HTTP/1.1" 200 28 "http://renault.activities.at/11790070" "Mozilla/5.0 (Windows NT 6.1; WOW64; Trident/7.0; rv:11.0) like Gecko"
188.21.129.54 - - [20/Apr/2018:06:12:51 +0200] "GET /reload?ser=1524197571195 HTTP/1.1" 200 28 "http://renault.activities.at/11790070" "Mozilla/5.0 (Windows NT 6.1; WOW64; Trident/7.0; rv:11.0) like Gecko"
188.21.129.54 - - [20/Apr/2018:06:13:52 +0200] "GET /reload?ser=1524197632211 HTTP/1.1" 200 28 "http://renault.activities.at/11790070" "Mozilla/5.0 (Windows NT 6.1; WOW64; Trident/7.0; rv:11.0) like Gecko"
188.21.129.54 - - [20/Apr/2018:06:14:53 +0200] "GET /reload?ser=1524197693243 HTTP/1.1" 200 28 "http://renault.activities.at/11790070" "Mozilla/5.0 (Windows NT 6.1; WOW64; Trident/7.0; rv:11.0) like Gecko"
188.21.129.54 - - [20/Apr/2018:06:15:54 +0200] "GET /reload?ser=1524197754286 HTTP/1.1" 200 28 "http://renault.activities.at/11790070" "Mozilla/5.0 (Windows NT 6.1; WOW64; Trident/7.0; rv:11.0) like Gecko"
188.21.129.54 - - [20/Apr/2018:06:16:55 +0200] "GET /reload?ser=1524197815301 HTTP/1.1" 200 28 "http://renault.activities.at/11790070" "Mozilla/5.0 (Windows NT 6.1; WOW64; Trident/7.0; rv:11.0) like Gecko"
188.21.129.54 - - [20/Apr/2018:06:17:56 +0200] "GET /reload?ser=1524197876327 HTTP/1.1" 200 28 "http://renault.activities.at/11790070" "Mozilla/5.0 (Windows NT 6.1; WOW64; Trident/7.0; rv:11.0) like Gecko"
188.21.129.54 - - [20/Apr/2018:06:18:57 +0200] "GET /reload?ser=1524197937347 HTTP/1.1" 200 28 "http://renault.activities.at/11790070" "Mozilla/5.0 (Windows NT 6.1; WOW64; Trident/7.0; rv:11.0) like Gecko"
207.46.13.19 - - [20/Apr/2018:06:19:02 +0200] "GET /10260009 HTTP/1.1" 302 150 "-" "Mozilla/5.0 (compatible; bingbot/2.0; +http://www.bing.com/bingbot.htm)"
207.46.13.19 - - [20/Apr/2018:06:19:05 +0200] "GET /login?required=true HTTP/1.1" 200 2086 "-" "Mozilla/5.0 (compatible; bingbot/2.0; +http://www.bing.com/bingbot.htm)"
188.21.129.54 - - [20/Apr/2018:06:19:58 +0200] "GET /reload?ser=1524197998331 HTTP/1.1" 200 28 "http://renault.activities.at/11790070" "Mozilla/5.0 (Windows NT 6.1; WOW64; Trident/7.0; rv:11.0) like Gecko"
188.21.129.54 - - [20/Apr/2018:06:20:59 +0200] "GET /reload?ser=1524198059358 HTTP/1.1" 200 28 "http://renault.activities.at/11790070" "Mozilla/5.0 (Windows NT 6.1; WOW64; Trident/7.0; rv:11.0) like Gecko"
188.21.129.54 - - [20/Apr/2018:06:22:00 +0200] "GET /reload?ser=1524198120401 HTTP/1.1" 200 28 "http://renault.activities.at/11790070" "Mozilla/5.0 (Windows NT 6.1; WOW64; Trident/7.0; rv:11.0) like Gecko"
188.21.129.54 - - [20/Apr/2018:06:23:01 +0200] "GET /reload?ser=1524198181380 HTTP/1.1" 200 28 "http://renault.activities.at/11790070" "Mozilla/5.0 (Windows NT 6.1; WOW64; Trident/7.0; rv:11.0) like Gecko"
188.21.129.54 - - [20/Apr/2018:06:24:02 +0200] "GET /reload?ser=1524198242425 HTTP/1.1" 200 28 "http://renault.activities.at/11790070" "Mozilla/5.0 (Windows NT 6.1; WOW64; Trident/7.0; rv:11.0) like Gecko"
188.21.129.54 - - [20/Apr/2018:06:25:03 +0200] "GET /reload?ser=1524198303459 HTTP/1.1" 200 28 "http://renault.activities.at/11790070" "Mozilla/5.0 (Windows NT 6.1; WOW64; Trident/7.0; rv:11.0) like Gecko"
188.21.129.54 - - [20/Apr/2018:06:26:04 +0200] "GET /reload?ser=1524198364536 HTTP/1.1" 200 28 "http://renault.activities.at/11790070" "Mozilla/5.0 (Windows NT 6.1; WOW64; Trident/7.0; rv:11.0) like Gecko"
188.21.129.54 - - [20/Apr/2018:06:27:05 +0200] "GET /reload?ser=1524198425548 HTTP/1.1" 200 28 "http://renault.activities.at/11790070" "Mozilla/5.0 (Windows NT 6.1; WOW64; Trident/7.0; rv:11.0) like Gecko"
188.21.129.54 - - [20/Apr/2018:06:28:06 +0200] "GET /reload?ser=1524198486559 HTTP/1.1" 200 28 "http://renault.activities.at/11790070" "Mozilla/5.0 (Windows NT 6.1; WOW64; Trident/7.0; rv:11.0) like Gecko"
188.21.129.54 - - [20/Apr/2018:06:29:07 +0200] "GET /reload?ser=1524198547580 HTTP/1.1" 200 28 "http://renault.activities.at/11790070" "Mozilla/5.0 (Windows NT 6.1; WOW64; Trident/7.0; rv:11.0) like Gecko"
188.21.129.54 - - [20/Apr/2018:06:30:08 +0200] "GET /reload?ser=1524198608590 HTTP/1.1" 200 28 "http://renault.activities.at/11790070" "Mozilla/5.0 (Windows NT 6.1; WOW64; Trident/7.0; rv:11.0) like Gecko"
188.21.129.54 - - [20/Apr/2018:06:31:09 +0200] "GET /reload?ser=1524198669606 HTTP/1.1" 200 28 "http://renault.activities.at/11790070" "Mozilla/5.0 (Windows NT 6.1; WOW64; Trident/7.0; rv:11.0) like Gecko"
188.21.129.54 - - [20/Apr/2018:06:32:10 +0200] "GET /reload?ser=1524198730618 HTTP/1.1" 200 28 "http://renault.activities.at/11790070" "Mozilla/5.0 (Windows NT 6.1; WOW64; Trident/7.0; rv:11.0) like Gecko"
188.21.129.54 - - [20/Apr/2018:06:33:11 +0200] "GET /reload?ser=1524198791632 HTTP/1.1" 200 28 "http://renault.activities.at/11790070" "Mozilla/5.0 (Windows NT 6.1; WOW64; Trident/7.0; rv:11.0) like Gecko"
188.21.129.54 - - [20/Apr/2018:06:34:12 +0200] "GET /reload?ser=1524198852632 HTTP/1.1" 200 28 "http://renault.activities.at/11790070" "Mozilla/5.0 (Windows NT 6.1; WOW64; Trident/7.0; rv:11.0) like Gecko"
188.21.129.54 - - [20/Apr/2018:06:35:13 +0200] "GET /reload?ser=1524198913644 HTTP/1.1" 200 28 "http://renault.activities.at/11790070" "Mozilla/5.0 (Windows NT 6.1; WOW64; Trident/7.0; rv:11.0) like Gecko"
188.21.129.54 - - [20/Apr/2018:06:36:14 +0200] "GET /reload?ser=1524198974695 HTTP/1.1" 200 28 "http://renault.activities.at/11790070" "Mozilla/5.0 (Windows NT 6.1; WOW64; Trident/7.0; rv:11.0) like Gecko"
188.21.129.54 - - [20/Apr/2018:06:37:15 +0200] "GET /reload?ser=1524199035696 HTTP/1.1" 200 28 "http://renault.activities.at/11790070" "Mozilla/5.0 (Windows NT 6.1; WOW64; Trident/7.0; rv:11.0) like Gecko"
188.21.129.54 - - [20/Apr/2018:06:38:16 +0200] "GET /reload?ser=1524199096725 HTTP/1.1" 200 28 "http://renault.activities.at/11790070" "Mozilla/5.0 (Windows NT 6.1; WOW64; Trident/7.0; rv:11.0) like Gecko"
188.21.129.54 - - [20/Apr/2018:06:39:17 +0200] "GET /reload?ser=1524199157744 HTTP/1.1" 200 28 "http://renault.activities.at/11790070" "Mozilla/5.0 (Windows NT 6.1; WOW64; Trident/7.0; rv:11.0) like Gecko"
188.21.129.54 - - [20/Apr/2018:06:40:18 +0200] "GET /reload?ser=1524199218763 HTTP/1.1" 200 28 "http://renault.activities.at/11790070" "Mozilla/5.0 (Windows NT 6.1; WOW64; Trident/7.0; rv:11.0) like Gecko"
188.21.129.54 - - [20/Apr/2018:06:41:19 +0200] "GET /reload?ser=1524199279748 HTTP/1.1" 200 28 "http://renault.activities.at/11790070" "Mozilla/5.0 (Windows NT 6.1; WOW64; Trident/7.0; rv:11.0) like Gecko"
188.21.129.54 - - [20/Apr/2018:06:42:20 +0200] "GET /reload?ser=1524199340763 HTTP/1.1" 200 28 "http://renault.activities.at/11790070" "Mozilla/5.0 (Windows NT 6.1; WOW64; Trident/7.0; rv:11.0) like Gecko"
188.21.129.54 - - [20/Apr/2018:06:43:21 +0200] "GET /reload?ser=1524199401778 HTTP/1.1" 200 28 "http://renault.activities.at/11790070" "Mozilla/5.0 (Windows NT 6.1; WOW64; Trident/7.0; rv:11.0) like Gecko"
188.21.129.54 - - [20/Apr/2018:06:44:22 +0200] "GET /reload?ser=1524199462798 HTTP/1.1" 200 28 "http://renault.activities.at/11790070" "Mozilla/5.0 (Windows NT 6.1; WOW64; Trident/7.0; rv:11.0) like Gecko"
188.21.129.54 - - [20/Apr/2018:06:45:23 +0200] "GET /reload?ser=1524199523820 HTTP/1.1" 200 28 "http://renault.activities.at/11790070" "Mozilla/5.0 (Windows NT 6.1; WOW64; Trident/7.0; rv:11.0) like Gecko"
188.21.129.54 - - [20/Apr/2018:06:46:24 +0200] "GET /reload?ser=1524199584857 HTTP/1.1" 200 28 "http://renault.activities.at/11790070" "Mozilla/5.0 (Windows NT 6.1; WOW64; Trident/7.0; rv:11.0) like Gecko"
188.21.129.54 - - [20/Apr/2018:06:47:25 +0200] "GET /reload?ser=1524199645878 HTTP/1.1" 200 28 "http://renault.activities.at/11790070" "Mozilla/5.0 (Windows NT 6.1; WOW64; Trident/7.0; rv:11.0) like Gecko"
188.21.129.54 - - [20/Apr/2018:06:48:26 +0200] "GET /reload?ser=1524199706902 HTTP/1.1" 200 28 "http://renault.activities.at/11790070" "Mozilla/5.0 (Windows NT 6.1; WOW64; Trident/7.0; rv:11.0) like Gecko"
188.21.129.54 - - [20/Apr/2018:06:49:27 +0200] "GET /reload?ser=1524199767901 HTTP/1.1" 200 28 "http://renault.activities.at/11790070" "Mozilla/5.0 (Windows NT 6.1; WOW64; Trident/7.0; rv:11.0) like Gecko"
188.21.129.54 - - [20/Apr/2018:06:50:28 +0200] "GET /reload?ser=1524199828912 HTTP/1.1" 200 28 "http://renault.activities.at/11790070" "Mozilla/5.0 (Windows NT 6.1; WOW64; Trident/7.0; rv:11.0) like Gecko"
188.21.129.54 - - [20/Apr/2018:06:51:29 +0200] "GET /reload?ser=1524199889926 HTTP/1.1" 200 28 "http://renault.activities.at/11790070" "Mozilla/5.0 (Windows NT 6.1; WOW64; Trident/7.0; rv:11.0) like Gecko"
188.21.129.54 - - [20/Apr/2018:06:52:30 +0200] "GET /reload?ser=1524199950956 HTTP/1.1" 200 28 "http://renault.activities.at/11790070" "Mozilla/5.0 (Windows NT 6.1; WOW64; Trident/7.0; rv:11.0) like Gecko"
188.21.129.54 - - [20/Apr/2018:06:53:31 +0200] "GET /reload?ser=1524200011976 HTTP/1.1" 200 28 "http://renault.activities.at/11790070" "Mozilla/5.0 (Windows NT 6.1; WOW64; Trident/7.0; rv:11.0) like Gecko"
188.21.129.54 - - [20/Apr/2018:06:54:32 +0200] "GET /reload?ser=1524200072989 HTTP/1.1" 200 28 "http://renault.activities.at/11790070" "Mozilla/5.0 (Windows NT 6.1; WOW64; Trident/7.0; rv:11.0) like Gecko"
188.21.129.54 - - [20/Apr/2018:06:55:33 +0200] "GET /reload?ser=1524200134002 HTTP/1.1" 200 28 "http://renault.activities.at/11790070" "Mozilla/5.0 (Windows NT 6.1; WOW64; Trident/7.0; rv:11.0) like Gecko"
188.21.129.54 - - [20/Apr/2018:06:56:34 +0200] "GET /reload?ser=1524200195025 HTTP/1.1" 200 28 "http://renault.activities.at/11790070" "Mozilla/5.0 (Windows NT 6.1; WOW64; Trident/7.0; rv:11.0) like Gecko"
188.21.129.54 - - [20/Apr/2018:06:57:35 +0200] "GET /reload?ser=1524200256085 HTTP/1.1" 200 28 "http://renault.activities.at/11790070" "Mozilla/5.0 (Windows NT 6.1; WOW64; Trident/7.0; rv:11.0) like Gecko"
188.21.129.54 - - [20/Apr/2018:06:58:36 +0200] "GET /reload?ser=1524200317114 HTTP/1.1" 200 28 "http://renault.activities.at/11790070" "Mozilla/5.0 (Windows NT 6.1; WOW64; Trident/7.0; rv:11.0) like Gecko"
188.21.129.54 - - [20/Apr/2018:06:59:37 +0200] "GET /reload?ser=1524200378093 HTTP/1.1" 200 28 "http://renault.activities.at/11790070" "Mozilla/5.0 (Windows NT 6.1; WOW64; Trident/7.0; rv:11.0) like Gecko"
188.21.129.54 - - [20/Apr/2018:07:00:38 +0200] "GET /reload?ser=1524200439095 HTTP/1.1" 200 28 "http://renault.activities.at/11790070" "Mozilla/5.0 (Windows NT 6.1; WOW64; Trident/7.0; rv:11.0) like Gecko"
188.21.129.54 - - [20/Apr/2018:07:01:39 +0200] "GET /reload?ser=1524200500121 HTTP/1.1" 200 28 "http://renault.activities.at/11790070" "Mozilla/5.0 (Windows NT 6.1; WOW64; Trident/7.0; rv:11.0) like Gecko"
193.194.132.79 - - [20/Apr/2018:07:02:17 +0200] "GET /account HTTP/1.1" 302 146 "-" "Mozilla/5.0 (Windows NT 6.1; WOW64; Trident/7.0; rv:11.0) like Gecko"
193.194.132.79 - - [20/Apr/2018:07:02:18 +0200] "GET /login?required=true HTTP/1.1" 200 2086 "-" "Mozilla/5.0 (Windows NT 6.1; WOW64; Trident/7.0; rv:11.0) like Gecko"
193.194.132.79 - - [20/Apr/2018:07:02:19 +0200] "GET /js/index.php?c=auto&f=,prototype/prototype.js,prototype/validation.js,scriptaculous/builder.js,scriptaculous/effects.js,scriptaculous/dragdrop.js,scriptaculous/controls.js,scriptaculous/slider.js,varien/js.js,varien/form.js,varien/menu.js,mage/translate.js,mage/cookies.js,varien/product.js,spinner/SpinnerControl.jsmin.js,prototype/window.js,prototype/window_ext.js HTTP/1.1" 304 - "http://renault.2web.at/login?required=true" "Mozilla/5.0 (Windows NT 6.1; WOW64; Trident/7.0; rv:11.0) like Gecko"
193.194.132.79 - - [20/Apr/2018:07:02:19 +0200] "GET /images/main_block_border.gif HTTP/1.1" 200 43 "http://renault.2web.at/login?required=true" "Mozilla/5.0 (Windows NT 6.1; WOW64; Trident/7.0; rv:11.0) like Gecko"
193.194.132.79 - - [20/Apr/2018:07:02:19 +0200] "GET /images/main_block_corner_left_top.gif HTTP/1.1" 200 159 "http://renault.2web.at/login?required=true" "Mozilla/5.0 (Windows NT 6.1; WOW64; Trident/7.0; rv:11.0) like Gecko"
193.194.132.79 - - [20/Apr/2018:07:02:19 +0200] "GET /images/main_block_corner_left_bot.gif HTTP/1.1" 200 159 "http://renault.2web.at/login?required=true" "Mozilla/5.0 (Windows NT 6.1; WOW64; Trident/7.0; rv:11.0) like Gecko"
193.194.132.79 - - [20/Apr/2018:07:02:19 +0200] "GET /images/main_block_corner_right_bot.gif HTTP/1.1" 200 158 "http://renault.2web.at/login?required=true" "Mozilla/5.0 (Windows NT 6.1; WOW64; Trident/7.0; rv:11.0) like Gecko"
193.194.132.79 - - [20/Apr/2018:07:02:19 +0200] "GET /images/main_block_corner_right_top.gif HTTP/1.1" 200 159 "http://renault.2web.at/login?required=true" "Mozilla/5.0 (Windows NT 6.1; WOW64; Trident/7.0; rv:11.0) like Gecko"
193.194.132.79 - - [20/Apr/2018:07:02:19 +0200] "GET /images/header_block_corner_left_top.gif HTTP/1.1" 200 160 "http://renault.2web.at/login?required=true" "Mozilla/5.0 (Windows NT 6.1; WOW64; Trident/7.0; rv:11.0) like Gecko"
193.194.132.79 - - [20/Apr/2018:07:02:19 +0200] "GET /images/header_block_corner_right_top.gif HTTP/1.1" 200 160 "http://renault.2web.at/login?required=true" "Mozilla/5.0 (Windows NT 6.1; WOW64; Trident/7.0; rv:11.0) like Gecko"
193.194.132.79 - - [20/Apr/2018:07:02:19 +0200] "GET /images/title_border.jpg HTTP/1.1" 200 304 "http://renault.2web.at/login?required=true" "Mozilla/5.0 (Windows NT 6.1; WOW64; Trident/7.0; rv:11.0) like Gecko"
193.194.132.79 - - [20/Apr/2018:07:02:19 +0200] "GET /images/header_block_border.gif HTTP/1.1" 200 43 "http://renault.2web.at/login?required=true" "Mozilla/5.0 (Windows NT 6.1; WOW64; Trident/7.0; rv:11.0) like Gecko"
193.194.132.79 - - [20/Apr/2018:07:02:19 +0200] "GET /images/title_corner_left_top.jpg HTTP/1.1" 200 372 "http://renault.2web.at/login?required=true" "Mozilla/5.0 (Windows NT 6.1; WOW64; Trident/7.0; rv:11.0) like Gecko"
193.194.132.79 - - [20/Apr/2018:07:02:19 +0200] "GET /images/title_border_top.jpg HTTP/1.1" 200 336 "http://renault.2web.at/login?required=true" "Mozilla/5.0 (Windows NT 6.1; WOW64; Trident/7.0; rv:11.0) like Gecko"
193.194.132.79 - - [20/Apr/2018:07:02:20 +0200] "GET /images/button_left_bg.gif HTTP/1.1" 200 564 "http://renault.2web.at/login?required=true" "Mozilla/5.0 (Windows NT 6.1; WOW64; Trident/7.0; rv:11.0) like Gecko"
193.194.132.79 - - [20/Apr/2018:07:02:20 +0200] "GET /images/title_corner_right_top.jpg HTTP/1.1" 200 389 "http://renault.2web.at/login?required=true" "Mozilla/5.0 (Windows NT 6.1; WOW64; Trident/7.0; rv:11.0) like Gecko"
193.194.132.79 - - [20/Apr/2018:07:02:20 +0200] "GET /images/button_right_bg.gif HTTP/1.1" 200 561 "http://renault.2web.at/login?required=true" "Mozilla/5.0 (Windows NT 6.1; WOW64; Trident/7.0; rv:11.0) like Gecko"
