193.194.132.76 - - [07/May/2018:12:23:09 +0200] "GET /reload?ser=1525688589676 HTTP/1.1" 200 28 "http://renault.2web.at/imprints" "Mozilla/5.0 (Windows NT 6.1; WOW64; Trident/7.0; rv:11.0) like Gecko"
80.120.5.131 - - [07/May/2018:12:23:21 +0200] "GET /reload?ser=1525688601578 HTTP/1.1" 200 2 "http://renault.activities.at/success" "Mozilla/5.0 (Windows NT 6.1; WOW64; Trident/7.0; rv:11.0) like Gecko"
80.123.225.34 - - [07/May/2018:12:23:29 +0200] "GET /reload?ser=1525688609854 HTTP/1.1" 200 28 "http://renault.activities.at/result?searchterm=true&search=star" "Mozilla/5.0 (compatible; MSIE 9.0; Windows NT 6.1; WOW64; Trident/5.0)"
212.152.246.130 - - [07/May/2018:12:23:46 +0200] "GET /reload?ser=1525688624953 HTTP/1.1" 200 28 "http://renault.activities.at/result?dir=DESC&mode=grid&order=name&limit=15&page=2&search=kadjar" "Mozilla/5.0 (Windows NT 6.1; Win64; x64) AppleWebKit/537.36 (KHTML, like Gecko) Chrome/66.0.3359.117 Safari/537.36"
193.194.132.76 - - [07/May/2018:12:24:10 +0200] "GET /reload?ser=1525688650809 HTTP/1.1" 200 28 "http://renault.2web.at/imprints" "Mozilla/5.0 (Windows NT 6.1; WOW64; Trident/7.0; rv:11.0) like Gecko"
80.120.5.131 - - [07/May/2018:12:24:22 +0200] "GET /reload?ser=1525688662577 HTTP/1.1" 200 2 "http://renault.activities.at/success" "Mozilla/5.0 (Windows NT 6.1; WOW64; Trident/7.0; rv:11.0) like Gecko"
80.123.225.34 - - [07/May/2018:12:24:30 +0200] "GET /reload?ser=1525688670870 HTTP/1.1" 200 28 "http://renault.activities.at/result?searchterm=true&search=star" "Mozilla/5.0 (compatible; MSIE 9.0; Windows NT 6.1; WOW64; Trident/5.0)"
212.152.246.130 - - [07/May/2018:12:24:47 +0200] "GET /reload?ser=1525688685942 HTTP/1.1" 200 28 "http://renault.activities.at/result?dir=DESC&mode=grid&order=name&limit=15&page=2&search=kadjar" "Mozilla/5.0 (Windows NT 6.1; Win64; x64) AppleWebKit/537.36 (KHTML, like Gecko) Chrome/66.0.3359.117 Safari/537.36"
193.194.132.76 - - [07/May/2018:12:25:11 +0200] "GET /reload?ser=1525688711861 HTTP/1.1" 200 28 "http://renault.2web.at/imprints" "Mozilla/5.0 (Windows NT 6.1; WOW64; Trident/7.0; rv:11.0) like Gecko"
80.120.5.131 - - [07/May/2018:12:25:23 +0200] "GET /reload?ser=1525688723516 HTTP/1.1" 200 2 "http://renault.activities.at/success" "Mozilla/5.0 (Windows NT 6.1; WOW64; Trident/7.0; rv:11.0) like Gecko"
80.123.225.34 - - [07/May/2018:12:25:31 +0200] "GET /reload?ser=1525688731839 HTTP/1.1" 200 28 "http://renault.activities.at/result?searchterm=true&search=star" "Mozilla/5.0 (compatible; MSIE 9.0; Windows NT 6.1; WOW64; Trident/5.0)"
212.152.246.130 - - [07/May/2018:12:25:48 +0200] "GET /reload?ser=1525688747007 HTTP/1.1" 200 28 "http://renault.activities.at/result?dir=DESC&mode=grid&order=name&limit=15&page=2&search=kadjar" "Mozilla/5.0 (Windows NT 6.1; Win64; x64) AppleWebKit/537.36 (KHTML, like Gecko) Chrome/66.0.3359.117 Safari/537.36"
193.194.132.76 - - [07/May/2018:12:26:13 +0200] "GET /reload?ser=1525688772940 HTTP/1.1" 200 28 "http://renault.2web.at/imprints" "Mozilla/5.0 (Windows NT 6.1; WOW64; Trident/7.0; rv:11.0) like Gecko"
80.123.225.34 - - [07/May/2018:12:26:32 +0200] "GET /reload?ser=1525688792780 HTTP/1.1" 200 28 "http://renault.activities.at/result?searchterm=true&search=star" "Mozilla/5.0 (compatible; MSIE 9.0; Windows NT 6.1; WOW64; Trident/5.0)"
77.119.130.71 - - [07/May/2018:12:26:38 +0200] "GET /account HTTP/1.1" 302 150 "-" "Mozilla/5.0 (iPhone; CPU iPhone OS 11_2_5 like Mac OS X) AppleWebKit/604.5.6 (KHTML, like Gecko) Version/11.0 Mobile/15D60 Safari/604.1"
77.119.130.71 - - [07/May/2018:12:26:39 +0200] "GET /login?required=true HTTP/1.1" 200 2086 "-" "Mozilla/5.0 (iPhone; CPU iPhone OS 11_2_5 like Mac OS X) AppleWebKit/604.5.6 (KHTML, like Gecko) Version/11.0 Mobile/15D60 Safari/604.1"
77.119.130.71 - - [07/May/2018:12:26:40 +0200] "GET /apple-touch-icon-120x120-precomposed.png HTTP/1.1" 200 1559 "-" "MobileSafari/604.1 CFNetwork/894 Darwin/17.4.0"
77.119.130.71 - - [07/May/2018:12:26:41 +0200] "GET /apple-touch-icon-120x120.png HTTP/1.1" 200 1559 "-" "MobileSafari/604.1 CFNetwork/894 Darwin/17.4.0"
77.119.130.71 - - [07/May/2018:12:26:42 +0200] "GET /apple-touch-icon-precomposed.png HTTP/1.1" 200 1559 "-" "MobileSafari/604.1 CFNetwork/894 Darwin/17.4.0"
77.119.130.71 - - [07/May/2018:12:26:43 +0200] "GET /apple-touch-icon.png HTTP/1.1" 200 1559 "-" "MobileSafari/604.1 CFNetwork/894 Darwin/17.4.0"
77.119.130.71 - - [07/May/2018:12:26:44 +0200] "GET /images/favicon.ico HTTP/1.1" 404 305 "-" "MobileSafari/604.1 CFNetwork/894 Darwin/17.4.0"
77.119.130.71 - - [07/May/2018:12:26:44 +0200] "GET /images/favicon.ico HTTP/1.1" 404 305 "-" "MobileSafari/604.1 CFNetwork/894 Darwin/17.4.0"
77.119.130.71 - - [07/May/2018:12:26:45 +0200] "GET /favicon.ico HTTP/1.1" 200 3250 "-" "MobileSafari/604.1 CFNetwork/894 Darwin/17.4.0"
77.119.130.71 - - [07/May/2018:12:26:45 +0200] "GET /apple-touch-icon-120x120-precomposed.png HTTP/1.1" 200 1559 "-" "MobileSafari/604.1 CFNetwork/894 Darwin/17.4.0"
77.119.130.71 - - [07/May/2018:12:26:46 +0200] "GET /apple-touch-icon-120x120.png HTTP/1.1" 200 1559 "-" "MobileSafari/604.1 CFNetwork/894 Darwin/17.4.0"
77.119.130.71 - - [07/May/2018:12:26:47 +0200] "GET /apple-touch-icon-precomposed.png HTTP/1.1" 200 1559 "-" "MobileSafari/604.1 CFNetwork/894 Darwin/17.4.0"
77.119.130.71 - - [07/May/2018:12:26:48 +0200] "GET /apple-touch-icon.png HTTP/1.1" 200 1559 "-" "MobileSafari/604.1 CFNetwork/894 Darwin/17.4.0"
77.119.130.71 - - [07/May/2018:12:26:49 +0200] "GET /images/favicon.ico HTTP/1.1" 404 305 "-" "MobileSafari/604.1 CFNetwork/894 Darwin/17.4.0"
77.119.130.71 - - [07/May/2018:12:26:49 +0200] "GET /images/favicon.ico HTTP/1.1" 404 305 "-" "MobileSafari/604.1 CFNetwork/894 Darwin/17.4.0"
77.119.130.71 - - [07/May/2018:12:26:49 +0200] "GET /favicon.ico HTTP/1.1" 200 3250 "-" "MobileSafari/604.1 CFNetwork/894 Darwin/17.4.0"
212.152.246.130 - - [07/May/2018:12:26:49 +0200] "GET /reload?ser=1525688807990 HTTP/1.1" 200 28 "http://renault.activities.at/result?dir=DESC&mode=grid&order=name&limit=15&page=2&search=kadjar" "Mozilla/5.0 (Windows NT 6.1; Win64; x64) AppleWebKit/537.36 (KHTML, like Gecko) Chrome/66.0.3359.117 Safari/537.36"
193.194.132.76 - - [07/May/2018:12:27:14 +0200] "GET /reload?ser=1525688834011 HTTP/1.1" 200 28 "http://renault.2web.at/imprints" "Mozilla/5.0 (Windows NT 6.1; WOW64; Trident/7.0; rv:11.0) like Gecko"
80.123.225.34 - - [07/May/2018:12:27:33 +0200] "GET /reload?ser=1525688853739 HTTP/1.1" 200 28 "http://renault.activities.at/result?searchterm=true&search=star" "Mozilla/5.0 (compatible; MSIE 9.0; Windows NT 6.1; WOW64; Trident/5.0)"
212.152.246.130 - - [07/May/2018:12:27:50 +0200] "GET /reload?ser=1525688868987 HTTP/1.1" 200 28 "http://renault.activities.at/result?dir=DESC&mode=grid&order=name&limit=15&page=2&search=kadjar" "Mozilla/5.0 (Windows NT 6.1; Win64; x64) AppleWebKit/537.36 (KHTML, like Gecko) Chrome/66.0.3359.117 Safari/537.36"
193.194.132.76 - - [07/May/2018:12:28:15 +0200] "GET /reload?ser=1525688895079 HTTP/1.1" 200 28 "http://renault.2web.at/imprints" "Mozilla/5.0 (Windows NT 6.1; WOW64; Trident/7.0; rv:11.0) like Gecko"
80.123.225.34 - - [07/May/2018:12:28:34 +0200] "GET /reload?ser=1525688914701 HTTP/1.1" 200 28 "http://renault.activities.at/result?searchterm=true&search=star" "Mozilla/5.0 (compatible; MSIE 9.0; Windows NT 6.1; WOW64; Trident/5.0)"
212.152.246.130 - - [07/May/2018:12:28:51 +0200] "GET /reload?ser=1525688930015 HTTP/1.1" 200 28 "http://renault.activities.at/result?dir=DESC&mode=grid&order=name&limit=15&page=2&search=kadjar" "Mozilla/5.0 (Windows NT 6.1; Win64; x64) AppleWebKit/537.36 (KHTML, like Gecko) Chrome/66.0.3359.117 Safari/537.36"
193.194.132.76 - - [07/May/2018:12:29:16 +0200] "GET /reload?ser=1525688956157 HTTP/1.1" 200 28 "http://renault.2web.at/imprints" "Mozilla/5.0 (Windows NT 6.1; WOW64; Trident/7.0; rv:11.0) like Gecko"
80.123.225.34 - - [07/May/2018:12:29:35 +0200] "GET /reload?ser=1525688975675 HTTP/1.1" 200 28 "http://renault.activities.at/result?searchterm=true&search=star" "Mozilla/5.0 (compatible; MSIE 9.0; Windows NT 6.1; WOW64; Trident/5.0)"
212.152.246.130 - - [07/May/2018:12:29:52 +0200] "GET /reload?ser=1525688991030 HTTP/1.1" 200 28 "http://renault.activities.at/result?dir=DESC&mode=grid&order=name&limit=15&page=2&search=kadjar" "Mozilla/5.0 (Windows NT 6.1; Win64; x64) AppleWebKit/537.36 (KHTML, like Gecko) Chrome/66.0.3359.117 Safari/537.36"
193.194.132.76 - - [07/May/2018:12:30:17 +0200] "GET /reload?ser=1525689017265 HTTP/1.1" 200 28 "http://renault.2web.at/imprints" "Mozilla/5.0 (Windows NT 6.1; WOW64; Trident/7.0; rv:11.0) like Gecko"
80.123.225.34 - - [07/May/2018:12:30:36 +0200] "GET /reload?ser=1525689036634 HTTP/1.1" 200 28 "http://renault.activities.at/result?searchterm=true&search=star" "Mozilla/5.0 (compatible; MSIE 9.0; Windows NT 6.1; WOW64; Trident/5.0)"
212.152.246.130 - - [07/May/2018:12:30:53 +0200] "GET /reload?ser=1525689052015 HTTP/1.1" 200 28 "http://renault.activities.at/result?dir=DESC&mode=grid&order=name&limit=15&page=2&search=kadjar" "Mozilla/5.0 (Windows NT 6.1; Win64; x64) AppleWebKit/537.36 (KHTML, like Gecko) Chrome/66.0.3359.117 Safari/537.36"
80.120.5.131 - - [07/May/2018:12:31:15 +0200] "GET /10201637 HTTP/1.1" 302 150 "-" "Mozilla/5.0 (Macintosh; Intel Mac OS X 10_13_3) AppleWebKit/604.5.6 (KHTML, like Gecko)"
80.120.5.131 - - [07/May/2018:12:31:18 +0200] "GET /login?required=true HTTP/1.1" 200 2086 "-" "Mozilla/5.0 (Macintosh; Intel Mac OS X 10_13_3) AppleWebKit/604.5.6 (KHTML, like Gecko)"
193.194.132.76 - - [07/May/2018:12:31:18 +0200] "GET /reload?ser=1525689078360 HTTP/1.1" 200 28 "http://renault.2web.at/imprints" "Mozilla/5.0 (Windows NT 6.1; WOW64; Trident/7.0; rv:11.0) like Gecko"
80.120.5.131 - - [07/May/2018:12:31:19 +0200] "GET /apple-touch-icon-precomposed.png HTTP/1.1" 200 1559 "-" "Safari/13604.5.6 CFNetwork/893.13.1 Darwin/17.4.0 (x86_64)"
80.120.5.131 - - [07/May/2018:12:31:20 +0200] "GET /apple-touch-icon.png HTTP/1.1" 200 1559 "-" "Safari/13604.5.6 CFNetwork/893.13.1 Darwin/17.4.0 (x86_64)"
80.120.5.131 - - [07/May/2018:12:31:21 +0200] "GET /images/favicon.ico HTTP/1.1" 404 305 "-" "Safari/13604.5.6 CFNetwork/893.13.1 Darwin/17.4.0 (x86_64)"
80.120.5.131 - - [07/May/2018:12:31:21 +0200] "GET /images/favicon.ico HTTP/1.1" 404 305 "-" "Safari/13604.5.6 CFNetwork/893.13.1 Darwin/17.4.0 (x86_64)"
80.120.5.131 - - [07/May/2018:12:31:21 +0200] "GET /favicon.ico HTTP/1.1" 200 3250 "-" "Safari/13604.5.6 CFNetwork/893.13.1 Darwin/17.4.0 (x86_64)"
80.120.5.131 - - [07/May/2018:12:31:22 +0200] "GET /apple-touch-icon-precomposed.png HTTP/1.1" 200 1559 "-" "Safari/13604.5.6 CFNetwork/893.13.1 Darwin/17.4.0 (x86_64)"
80.120.5.131 - - [07/May/2018:12:31:23 +0200] "GET /apple-touch-icon.png HTTP/1.1" 200 1559 "-" "Safari/13604.5.6 CFNetwork/893.13.1 Darwin/17.4.0 (x86_64)"
80.120.5.131 - - [07/May/2018:12:31:24 +0200] "GET /images/favicon.ico HTTP/1.1" 404 305 "-" "Safari/13604.5.6 CFNetwork/893.13.1 Darwin/17.4.0 (x86_64)"
80.120.5.131 - - [07/May/2018:12:31:24 +0200] "GET /images/favicon.ico HTTP/1.1" 404 305 "-" "Safari/13604.5.6 CFNetwork/893.13.1 Darwin/17.4.0 (x86_64)"
80.120.5.131 - - [07/May/2018:12:31:24 +0200] "GET /favicon.ico HTTP/1.1" 200 3250 "-" "Safari/13604.5.6 CFNetwork/893.13.1 Darwin/17.4.0 (x86_64)"
80.120.5.131 - - [07/May/2018:12:31:24 +0200] "GET /10201637 HTTP/1.1" 302 150 "-" "\"Mozilla/5.0 (iPhone; CPU iPhone OS 11_0 like Mac OS X) AppleWebKit/604.1.38 (KHTML, like Gecko) Version/11.0 Mobile/15A372 Safari/604.1\""
80.120.5.131 - - [07/May/2018:12:31:25 +0200] "GET /login?required=true HTTP/1.1" 200 2086 "-" "\"Mozilla/5.0 (iPhone; CPU iPhone OS 11_0 like Mac OS X) AppleWebKit/604.1.38 (KHTML, like Gecko) Version/11.0 Mobile/15A372 Safari/604.1\""
80.120.5.131 - - [07/May/2018:12:31:25 +0200] "GET /apple-touch-icon-precomposed.png HTTP/1.1" 200 1559 "-" "Safari/13604.5.6 CFNetwork/893.13.1 Darwin/17.4.0 (x86_64)"
80.120.5.131 - - [07/May/2018:12:31:26 +0200] "GET /apple-touch-icon.png HTTP/1.1" 200 1559 "-" "Safari/13604.5.6 CFNetwork/893.13.1 Darwin/17.4.0 (x86_64)"
80.120.5.131 - - [07/May/2018:12:31:27 +0200] "GET /images/favicon.ico HTTP/1.1" 404 305 "-" "Safari/13604.5.6 CFNetwork/893.13.1 Darwin/17.4.0 (x86_64)"
80.120.5.131 - - [07/May/2018:12:31:27 +0200] "GET /images/favicon.ico HTTP/1.1" 404 305 "-" "Safari/13604.5.6 CFNetwork/893.13.1 Darwin/17.4.0 (x86_64)"
80.120.5.131 - - [07/May/2018:12:31:28 +0200] "GET /favicon.ico HTTP/1.1" 200 3250 "-" "Safari/13604.5.6 CFNetwork/893.13.1 Darwin/17.4.0 (x86_64)"
80.120.5.131 - - [07/May/2018:12:31:28 +0200] "GET /apple-touch-icon-precomposed.png HTTP/1.1" 200 1559 "-" "Safari/13604.5.6 CFNetwork/893.13.1 Darwin/17.4.0 (x86_64)"
80.120.5.131 - - [07/May/2018:12:31:29 +0200] "GET /apple-touch-icon.png HTTP/1.1" 200 1559 "-" "Safari/13604.5.6 CFNetwork/893.13.1 Darwin/17.4.0 (x86_64)"
80.120.5.131 - - [07/May/2018:12:31:30 +0200] "GET /images/favicon.ico HTTP/1.1" 404 305 "-" "Safari/13604.5.6 CFNetwork/893.13.1 Darwin/17.4.0 (x86_64)"
80.120.5.131 - - [07/May/2018:12:31:30 +0200] "GET /images/favicon.ico HTTP/1.1" 404 305 "-" "Safari/13604.5.6 CFNetwork/893.13.1 Darwin/17.4.0 (x86_64)"
80.120.5.131 - - [07/May/2018:12:31:30 +0200] "GET /favicon.ico HTTP/1.1" 200 3250 "-" "Safari/13604.5.6 CFNetwork/893.13.1 Darwin/17.4.0 (x86_64)"
80.123.225.34 - - [07/May/2018:12:31:37 +0200] "GET /reload?ser=1525689097637 HTTP/1.1" 200 28 "http://renault.activities.at/result?searchterm=true&search=star" "Mozilla/5.0 (compatible; MSIE 9.0; Windows NT 6.1; WOW64; Trident/5.0)"
212.152.246.130 - - [07/May/2018:12:31:54 +0200] "GET /reload?ser=1525689113051 HTTP/1.1" 200 28 "http://renault.activities.at/result?dir=DESC&mode=grid&order=name&limit=15&page=2&search=kadjar" "Mozilla/5.0 (Windows NT 6.1; Win64; x64) AppleWebKit/537.36 (KHTML, like Gecko) Chrome/66.0.3359.117 Safari/537.36"
193.194.132.76 - - [07/May/2018:12:32:19 +0200] "GET /reload?ser=1525689139464 HTTP/1.1" 200 28 "http://renault.2web.at/imprints" "Mozilla/5.0 (Windows NT 6.1; WOW64; Trident/7.0; rv:11.0) like Gecko"
80.123.225.34 - - [07/May/2018:12:32:38 +0200] "GET /reload?ser=1525689158620 HTTP/1.1" 200 28 "http://renault.activities.at/result?searchterm=true&search=star" "Mozilla/5.0 (compatible; MSIE 9.0; Windows NT 6.1; WOW64; Trident/5.0)"
212.152.246.130 - - [07/May/2018:12:32:55 +0200] "GET /reload?ser=1525689174094 HTTP/1.1" 200 28 "http://renault.activities.at/result?dir=DESC&mode=grid&order=name&limit=15&page=2&search=kadjar" "Mozilla/5.0 (Windows NT 6.1; Win64; x64) AppleWebKit/537.36 (KHTML, like Gecko) Chrome/66.0.3359.117 Safari/537.36"
193.194.132.76 - - [07/May/2018:12:33:20 +0200] "GET /reload?ser=1525689200515 HTTP/1.1" 200 28 "http://renault.2web.at/imprints" "Mozilla/5.0 (Windows NT 6.1; WOW64; Trident/7.0; rv:11.0) like Gecko"
80.123.225.34 - - [07/May/2018:12:33:39 +0200] "GET /reload?ser=1525689219560 HTTP/1.1" 200 28 "http://renault.activities.at/result?searchterm=true&search=star" "Mozilla/5.0 (compatible; MSIE 9.0; Windows NT 6.1; WOW64; Trident/5.0)"
212.152.246.130 - - [07/May/2018:12:33:56 +0200] "GET /reload?ser=1525689235127 HTTP/1.1" 200 28 "http://renault.activities.at/result?dir=DESC&mode=grid&order=name&limit=15&page=2&search=kadjar" "Mozilla/5.0 (Windows NT 6.1; Win64; x64) AppleWebKit/537.36 (KHTML, like Gecko) Chrome/66.0.3359.117 Safari/537.36"
193.194.132.76 - - [07/May/2018:12:34:21 +0200] "GET /reload?ser=1525689261610 HTTP/1.1" 200 28 "http://renault.2web.at/imprints" "Mozilla/5.0 (Windows NT 6.1; WOW64; Trident/7.0; rv:11.0) like Gecko"
80.123.225.34 - - [07/May/2018:12:34:40 +0200] "GET /reload?ser=1525689280516 HTTP/1.1" 200 28 "http://renault.activities.at/result?searchterm=true&search=star" "Mozilla/5.0 (compatible; MSIE 9.0; Windows NT 6.1; WOW64; Trident/5.0)"
212.152.246.130 - - [07/May/2018:12:34:57 +0200] "GET /reload?ser=1525689296119 HTTP/1.1" 200 28 "http://renault.activities.at/result?dir=DESC&mode=grid&order=name&limit=15&page=2&search=kadjar" "Mozilla/5.0 (Windows NT 6.1; Win64; x64) AppleWebKit/537.36 (KHTML, like Gecko) Chrome/66.0.3359.117 Safari/537.36"
193.194.132.76 - - [07/May/2018:12:35:22 +0200] "GET /reload?ser=1525689322704 HTTP/1.1" 200 28 "http://renault.2web.at/imprints" "Mozilla/5.0 (Windows NT 6.1; WOW64; Trident/7.0; rv:11.0) like Gecko"
80.123.225.34 - - [07/May/2018:12:35:41 +0200] "GET /reload?ser=1525689341504 HTTP/1.1" 200 28 "http://renault.activities.at/result?searchterm=true&search=star" "Mozilla/5.0 (compatible; MSIE 9.0; Windows NT 6.1; WOW64; Trident/5.0)"
212.152.246.130 - - [07/May/2018:12:35:59 +0200] "GET /reload?ser=1525689357165 HTTP/1.1" 200 28 "http://renault.activities.at/result?dir=DESC&mode=grid&order=name&limit=15&page=2&search=kadjar" "Mozilla/5.0 (Windows NT 6.1; Win64; x64) AppleWebKit/537.36 (KHTML, like Gecko) Chrome/66.0.3359.117 Safari/537.36"
193.194.132.76 - - [07/May/2018:12:36:23 +0200] "GET /reload?ser=1525689383815 HTTP/1.1" 200 28 "http://renault.2web.at/imprints" "Mozilla/5.0 (Windows NT 6.1; WOW64; Trident/7.0; rv:11.0) like Gecko"
80.123.225.34 - - [07/May/2018:12:36:42 +0200] "GET /reload?ser=1525689402491 HTTP/1.1" 200 28 "http://renault.activities.at/result?searchterm=true&search=star" "Mozilla/5.0 (compatible; MSIE 9.0; Windows NT 6.1; WOW64; Trident/5.0)"
212.152.246.130 - - [07/May/2018:12:37:00 +0200] "GET /reload?ser=1525689418171 HTTP/1.1" 200 28 "http://renault.activities.at/result?dir=DESC&mode=grid&order=name&limit=15&page=2&search=kadjar" "Mozilla/5.0 (Windows NT 6.1; Win64; x64) AppleWebKit/537.36 (KHTML, like Gecko) Chrome/66.0.3359.117 Safari/537.36"
193.194.132.76 - - [07/May/2018:12:37:24 +0200] "GET /reload?ser=1525689444893 HTTP/1.1" 200 28 "http://renault.2web.at/imprints" "Mozilla/5.0 (Windows NT 6.1; WOW64; Trident/7.0; rv:11.0) like Gecko"
80.123.225.34 - - [07/May/2018:12:37:43 +0200] "GET /reload?ser=1525689463436 HTTP/1.1" 200 28 "http://renault.activities.at/result?searchterm=true&search=star" "Mozilla/5.0 (compatible; MSIE 9.0; Windows NT 6.1; WOW64; Trident/5.0)"
212.152.246.130 - - [07/May/2018:12:38:01 +0200] "GET /reload?ser=1525689479216 HTTP/1.1" 200 28 "http://renault.activities.at/result?dir=DESC&mode=grid&order=name&limit=15&page=2&search=kadjar" "Mozilla/5.0 (Windows NT 6.1; Win64; x64) AppleWebKit/537.36 (KHTML, like Gecko) Chrome/66.0.3359.117 Safari/537.36"
193.194.132.76 - - [07/May/2018:12:38:25 +0200] "GET /reload?ser=1525689505945 HTTP/1.1" 200 28 "http://renault.2web.at/imprints" "Mozilla/5.0 (Windows NT 6.1; WOW64; Trident/7.0; rv:11.0) like Gecko"
80.123.225.34 - - [07/May/2018:12:38:44 +0200] "GET /reload?ser=1525689524435 HTTP/1.1" 200 28 "http://renault.activities.at/result?searchterm=true&search=star" "Mozilla/5.0 (compatible; MSIE 9.0; Windows NT 6.1; WOW64; Trident/5.0)"
212.152.246.130 - - [07/May/2018:12:39:02 +0200] "GET /reload?ser=1525689540260 HTTP/1.1" 200 28 "http://renault.activities.at/result?dir=DESC&mode=grid&order=name&limit=15&page=2&search=kadjar" "Mozilla/5.0 (Windows NT 6.1; Win64; x64) AppleWebKit/537.36 (KHTML, like Gecko) Chrome/66.0.3359.117 Safari/537.36"
193.194.132.76 - - [07/May/2018:12:39:27 +0200] "GET /reload?ser=1525689567025 HTTP/1.1" 200 28 "http://renault.2web.at/imprints" "Mozilla/5.0 (Windows NT 6.1; WOW64; Trident/7.0; rv:11.0) like Gecko"
80.123.225.34 - - [07/May/2018:12:39:45 +0200] "GET /reload?ser=1525689585392 HTTP/1.1" 200 28 "http://renault.activities.at/result?searchterm=true&search=star" "Mozilla/5.0 (compatible; MSIE 9.0; Windows NT 6.1; WOW64; Trident/5.0)"
212.152.246.130 - - [07/May/2018:12:40:03 +0200] "GET /reload?ser=1525689601289 HTTP/1.1" 200 28 "http://renault.activities.at/result?dir=DESC&mode=grid&order=name&limit=15&page=2&search=kadjar" "Mozilla/5.0 (Windows NT 6.1; Win64; x64) AppleWebKit/537.36 (KHTML, like Gecko) Chrome/66.0.3359.117 Safari/537.36"
193.194.132.76 - - [07/May/2018:12:40:28 +0200] "GET /reload?ser=1525689628126 HTTP/1.1" 200 28 "http://renault.2web.at/imprints" "Mozilla/5.0 (Windows NT 6.1; WOW64; Trident/7.0; rv:11.0) like Gecko"
80.123.225.34 - - [07/May/2018:12:40:45 +0200] "GET /reload?ser=1525689646343 HTTP/1.1" 200 28 "http://renault.activities.at/result?searchterm=true&search=star" "Mozilla/5.0 (compatible; MSIE 9.0; Windows NT 6.1; WOW64; Trident/5.0)"
212.152.246.130 - - [07/May/2018:12:41:04 +0200] "GET /reload?ser=1525689662326 HTTP/1.1" 200 28 "http://renault.activities.at/result?dir=DESC&mode=grid&order=name&limit=15&page=2&search=kadjar" "Mozilla/5.0 (Windows NT 6.1; Win64; x64) AppleWebKit/537.36 (KHTML, like Gecko) Chrome/66.0.3359.117 Safari/537.36"
193.194.132.76 - - [07/May/2018:12:41:29 +0200] "GET /reload?ser=1525689689192 HTTP/1.1" 200 28 "http://renault.2web.at/imprints" "Mozilla/5.0 (Windows NT 6.1; WOW64; Trident/7.0; rv:11.0) like Gecko"
80.123.225.34 - - [07/May/2018:12:41:46 +0200] "GET /reload?ser=1525689707285 HTTP/1.1" 200 28 "http://renault.activities.at/result?searchterm=true&search=star" "Mozilla/5.0 (compatible; MSIE 9.0; Windows NT 6.1; WOW64; Trident/5.0)"
212.152.246.130 - - [07/May/2018:12:42:05 +0200] "GET /reload?ser=1525689723361 HTTP/1.1" 200 28 "http://renault.activities.at/result?dir=DESC&mode=grid&order=name&limit=15&page=2&search=kadjar" "Mozilla/5.0 (Windows NT 6.1; Win64; x64) AppleWebKit/537.36 (KHTML, like Gecko) Chrome/66.0.3359.117 Safari/537.36"
193.194.132.76 - - [07/May/2018:12:42:30 +0200] "GET /reload?ser=1525689750317 HTTP/1.1" 200 28 "http://renault.2web.at/imprints" "Mozilla/5.0 (Windows NT 6.1; WOW64; Trident/7.0; rv:11.0) like Gecko"
80.123.225.34 - - [07/May/2018:12:42:47 +0200] "GET /reload?ser=1525689768224 HTTP/1.1" 200 28 "http://renault.activities.at/result?searchterm=true&search=star" "Mozilla/5.0 (compatible; MSIE 9.0; Windows NT 6.1; WOW64; Trident/5.0)"
212.152.246.130 - - [07/May/2018:12:43:06 +0200] "GET /reload?ser=1525689784402 HTTP/1.1" 200 28 "http://renault.activities.at/result?dir=DESC&mode=grid&order=name&limit=15&page=2&search=kadjar" "Mozilla/5.0 (Windows NT 6.1; Win64; x64) AppleWebKit/537.36 (KHTML, like Gecko) Chrome/66.0.3359.117 Safari/537.36"
193.194.132.76 - - [07/May/2018:12:43:31 +0200] "GET /reload?ser=1525689811421 HTTP/1.1" 200 28 "http://renault.2web.at/imprints" "Mozilla/5.0 (Windows NT 6.1; WOW64; Trident/7.0; rv:11.0) like Gecko"
80.123.225.34 - - [07/May/2018:12:43:48 +0200] "GET /reload?ser=1525689829209 HTTP/1.1" 200 28 "http://renault.activities.at/result?searchterm=true&search=star" "Mozilla/5.0 (compatible; MSIE 9.0; Windows NT 6.1; WOW64; Trident/5.0)"
212.152.246.130 - - [07/May/2018:12:44:07 +0200] "GET /reload?ser=1525689845413 HTTP/1.1" 200 28 "http://renault.activities.at/result?dir=DESC&mode=grid&order=name&limit=15&page=2&search=kadjar" "Mozilla/5.0 (Windows NT 6.1; Win64; x64) AppleWebKit/537.36 (KHTML, like Gecko) Chrome/66.0.3359.117 Safari/537.36"
193.194.132.76 - - [07/May/2018:12:44:32 +0200] "GET /reload?ser=1525689872479 HTTP/1.1" 200 28 "http://renault.2web.at/imprints" "Mozilla/5.0 (Windows NT 6.1; WOW64; Trident/7.0; rv:11.0) like Gecko"
80.123.225.34 - - [07/May/2018:12:44:49 +0200] "GET /reload?ser=1525689890219 HTTP/1.1" 200 28 "http://renault.activities.at/result?searchterm=true&search=star" "Mozilla/5.0 (compatible; MSIE 9.0; Windows NT 6.1; WOW64; Trident/5.0)"
212.152.246.130 - - [07/May/2018:12:45:08 +0200] "GET /reload?ser=1525689906415 HTTP/1.1" 200 28 "http://renault.activities.at/result?dir=DESC&mode=grid&order=name&limit=15&page=2&search=kadjar" "Mozilla/5.0 (Windows NT 6.1; Win64; x64) AppleWebKit/537.36 (KHTML, like Gecko) Chrome/66.0.3359.117 Safari/537.36"
193.194.132.76 - - [07/May/2018:12:45:33 +0200] "GET /reload?ser=1525689933555 HTTP/1.1" 200 28 "http://renault.2web.at/imprints" "Mozilla/5.0 (Windows NT 6.1; WOW64; Trident/7.0; rv:11.0) like Gecko"
80.123.225.34 - - [07/May/2018:12:45:50 +0200] "GET /reload?ser=1525689951233 HTTP/1.1" 200 28 "http://renault.activities.at/result?searchterm=true&search=star" "Mozilla/5.0 (compatible; MSIE 9.0; Windows NT 6.1; WOW64; Trident/5.0)"
212.152.246.130 - - [07/May/2018:12:46:09 +0200] "GET /reload?ser=1525689967426 HTTP/1.1" 200 28 "http://renault.activities.at/result?dir=DESC&mode=grid&order=name&limit=15&page=2&search=kadjar" "Mozilla/5.0 (Windows NT 6.1; Win64; x64) AppleWebKit/537.36 (KHTML, like Gecko) Chrome/66.0.3359.117 Safari/537.36"
193.194.132.76 - - [07/May/2018:12:46:34 +0200] "GET /reload?ser=1525689994743 HTTP/1.1" 200 28 "http://renault.2web.at/imprints" "Mozilla/5.0 (Windows NT 6.1; WOW64; Trident/7.0; rv:11.0) like Gecko"
80.123.225.34 - - [07/May/2018:12:46:51 +0200] "GET /reload?ser=1525690012232 HTTP/1.1" 200 28 "http://renault.activities.at/result?searchterm=true&search=star" "Mozilla/5.0 (compatible; MSIE 9.0; Windows NT 6.1; WOW64; Trident/5.0)"
212.152.246.130 - - [07/May/2018:12:47:10 +0200] "GET /reload?ser=1525690028481 HTTP/1.1" 200 28 "http://renault.activities.at/result?dir=DESC&mode=grid&order=name&limit=15&page=2&search=kadjar" "Mozilla/5.0 (Windows NT 6.1; Win64; x64) AppleWebKit/537.36 (KHTML, like Gecko) Chrome/66.0.3359.117 Safari/537.36"
193.194.132.76 - - [07/May/2018:12:47:35 +0200] "GET /reload?ser=1525690055858 HTTP/1.1" 200 28 "http://renault.2web.at/imprints" "Mozilla/5.0 (Windows NT 6.1; WOW64; Trident/7.0; rv:11.0) like Gecko"
80.123.225.34 - - [07/May/2018:12:47:52 +0200] "GET /reload?ser=1525690073179 HTTP/1.1" 200 28 "http://renault.activities.at/result?searchterm=true&search=star" "Mozilla/5.0 (compatible; MSIE 9.0; Windows NT 6.1; WOW64; Trident/5.0)"
212.152.246.130 - - [07/May/2018:12:48:11 +0200] "GET /reload?ser=1525690089494 HTTP/1.1" 200 28 "http://renault.activities.at/result?dir=DESC&mode=grid&order=name&limit=15&page=2&search=kadjar" "Mozilla/5.0 (Windows NT 6.1; Win64; x64) AppleWebKit/537.36 (KHTML, like Gecko) Chrome/66.0.3359.117 Safari/537.36"
193.194.132.76 - - [07/May/2018:12:48:36 +0200] "GET /reload?ser=1525690116959 HTTP/1.1" 200 28 "http://renault.2web.at/imprints" "Mozilla/5.0 (Windows NT 6.1; WOW64; Trident/7.0; rv:11.0) like Gecko"
80.123.225.34 - - [07/May/2018:12:48:53 +0200] "GET /reload?ser=1525690134192 HTTP/1.1" 200 28 "http://renault.activities.at/result?searchterm=true&search=star" "Mozilla/5.0 (compatible; MSIE 9.0; Windows NT 6.1; WOW64; Trident/5.0)"
212.152.246.130 - - [07/May/2018:12:49:12 +0200] "GET /reload?ser=1525690150504 HTTP/1.1" 200 28 "http://renault.activities.at/result?dir=DESC&mode=grid&order=name&limit=15&page=2&search=kadjar" "Mozilla/5.0 (Windows NT 6.1; Win64; x64) AppleWebKit/537.36 (KHTML, like Gecko) Chrome/66.0.3359.117 Safari/537.36"
193.194.132.76 - - [07/May/2018:12:49:38 +0200] "GET /reload?ser=1525690178061 HTTP/1.1" 200 28 "http://renault.2web.at/imprints" "Mozilla/5.0 (Windows NT 6.1; WOW64; Trident/7.0; rv:11.0) like Gecko"
80.123.225.34 - - [07/May/2018:12:49:54 +0200] "GET /reload?ser=1525690195185 HTTP/1.1" 200 28 "http://renault.activities.at/result?searchterm=true&search=star" "Mozilla/5.0 (compatible; MSIE 9.0; Windows NT 6.1; WOW64; Trident/5.0)"
212.152.246.130 - - [07/May/2018:12:50:13 +0200] "GET /reload?ser=1525690211519 HTTP/1.1" 200 28 "http://renault.activities.at/result?dir=DESC&mode=grid&order=name&limit=15&page=2&search=kadjar" "Mozilla/5.0 (Windows NT 6.1; Win64; x64) AppleWebKit/537.36 (KHTML, like Gecko) Chrome/66.0.3359.117 Safari/537.36"
193.194.132.76 - - [07/May/2018:12:50:39 +0200] "GET /reload?ser=1525690239128 HTTP/1.1" 200 28 "http://renault.2web.at/imprints" "Mozilla/5.0 (Windows NT 6.1; WOW64; Trident/7.0; rv:11.0) like Gecko"
80.123.225.34 - - [07/May/2018:12:50:55 +0200] "GET /reload?ser=1525690256149 HTTP/1.1" 200 28 "http://renault.activities.at/result?searchterm=true&search=star" "Mozilla/5.0 (compatible; MSIE 9.0; Windows NT 6.1; WOW64; Trident/5.0)"
212.152.246.130 - - [07/May/2018:12:51:14 +0200] "GET /reload?ser=1525690272549 HTTP/1.1" 200 28 "http://renault.activities.at/result?dir=DESC&mode=grid&order=name&limit=15&page=2&search=kadjar" "Mozilla/5.0 (Windows NT 6.1; Win64; x64) AppleWebKit/537.36 (KHTML, like Gecko) Chrome/66.0.3359.117 Safari/537.36"
193.194.132.76 - - [07/May/2018:12:51:40 +0200] "GET /reload?ser=1525690300167 HTTP/1.1" 200 28 "http://renault.2web.at/imprints" "Mozilla/5.0 (Windows NT 6.1; WOW64; Trident/7.0; rv:11.0) like Gecko"
80.123.225.34 - - [07/May/2018:12:51:56 +0200] "GET /reload?ser=1525690317140 HTTP/1.1" 200 28 "http://renault.activities.at/result?searchterm=true&search=star" "Mozilla/5.0 (compatible; MSIE 9.0; Windows NT 6.1; WOW64; Trident/5.0)"
212.152.246.130 - - [07/May/2018:12:52:15 +0200] "GET /reload?ser=1525690333591 HTTP/1.1" 200 28 "http://renault.activities.at/result?dir=DESC&mode=grid&order=name&limit=15&page=2&search=kadjar" "Mozilla/5.0 (Windows NT 6.1; Win64; x64) AppleWebKit/537.36 (KHTML, like Gecko) Chrome/66.0.3359.117 Safari/537.36"
193.194.132.76 - - [07/May/2018:12:52:40 +0200] "POST /imprints HTTP/1.1" 302 138 "http://renault.2web.at/imprints" "Mozilla/5.0 (Windows NT 6.1; WOW64; Trident/7.0; rv:11.0) like Gecko"
193.194.132.76 - - [07/May/2018:12:52:41 +0200] "GET /reload?ser=1525690361254 HTTP/1.1" 200 28 "http://renault.2web.at/imprints" "Mozilla/5.0 (Windows NT 6.1; WOW64; Trident/7.0; rv:11.0) like Gecko"
193.194.132.76 - - [07/May/2018:12:52:41 +0200] "GET /imprints HTTP/1.1" 200 8092 "http://renault.2web.at/imprints" "Mozilla/5.0 (Windows NT 6.1; WOW64; Trident/7.0; rv:11.0) like Gecko"
193.194.132.76 - - [07/May/2018:12:52:44 +0200] "GET /js/index.php?c=auto&f=,prototype/prototype.js,prototype/validation.js,scriptaculous/builder.js,scriptaculous/effects.js,scriptaculous/dragdrop.js,scriptaculous/controls.js,scriptaculous/slider.js,varien/js.js,varien/form.js,varien/menu.js,mage/translate.js,mage/cookies.js,varien/product.js,spinner/SpinnerControl.jsmin.js,prototype/window.js,prototype/window_ext.js HTTP/1.1" 304 - "http://renault.2web.at/imprints" "Mozilla/5.0 (Windows NT 6.1; WOW64; Trident/7.0; rv:11.0) like Gecko"
80.123.225.34 - - [07/May/2018:12:52:57 +0200] "GET /reload?ser=1525690378095 HTTP/1.1" 200 28 "http://renault.activities.at/result?searchterm=true&search=star" "Mozilla/5.0 (compatible; MSIE 9.0; Windows NT 6.1; WOW64; Trident/5.0)"
193.194.132.76 - - [07/May/2018:12:52:59 +0200] "POST /axjaxrequest?mode=suggest HTTP/1.1" 200 126 "http://renault.2web.at/imprints" "Mozilla/5.0 (Windows NT 6.1; WOW64; Trident/7.0; rv:11.0) like Gecko"
193.194.132.76 - - [07/May/2018:12:53:00 +0200] "GET /result?searchterm=true&search=Z.E. HTTP/1.1" 200 10781 "http://renault.2web.at/imprints" "Mozilla/5.0 (Windows NT 6.1; WOW64; Trident/7.0; rv:11.0) like Gecko"
193.194.132.76 - - [07/May/2018:12:53:03 +0200] "GET /js/index.php?c=auto&f=,prototype/prototype.js,prototype/validation.js,scriptaculous/builder.js,scriptaculous/effects.js,scriptaculous/dragdrop.js,scriptaculous/controls.js,scriptaculous/slider.js,varien/js.js,varien/form.js,varien/menu.js,mage/translate.js,mage/cookies.js,varien/product.js,spinner/SpinnerControl.jsmin.js,prototype/window.js,prototype/window_ext.js HTTP/1.1" 304 - "http://renault.2web.at/result?searchterm=true&search=Z.E." "Mozilla/5.0 (Windows NT 6.1; WOW64; Trident/7.0; rv:11.0) like Gecko"
193.194.132.76 - - [07/May/2018:12:53:03 +0200] "GET /loadthumbnail.php?id=10203255 HTTP/1.1" 200 137 "http://renault.2web.at/result?searchterm=true&search=Z.E." "Mozilla/5.0 (Windows NT 6.1; WOW64; Trident/7.0; rv:11.0) like Gecko"
193.194.132.76 - - [07/May/2018:12:53:03 +0200] "GET /loadthumbnail.php?id=11461308&width=113 HTTP/1.1" 200 2471 "http://renault.2web.at/result?searchterm=true&search=Z.E." "Mozilla/5.0 (Windows NT 6.1; WOW64; Trident/7.0; rv:11.0) like Gecko"
193.194.132.76 - - [07/May/2018:12:53:03 +0200] "GET /loadthumbnail.php?id=11489779&width=113 HTTP/1.1" 200 1080 "http://renault.2web.at/result?searchterm=true&search=Z.E." "Mozilla/5.0 (Windows NT 6.1; WOW64; Trident/7.0; rv:11.0) like Gecko"
193.194.132.76 - - [07/May/2018:12:53:03 +0200] "GET /loadthumbnail.php?id=11181189&width=113 HTTP/1.1" 200 1888 "http://renault.2web.at/result?searchterm=true&search=Z.E." "Mozilla/5.0 (Windows NT 6.1; WOW64; Trident/7.0; rv:11.0) like Gecko"
193.194.132.76 - - [07/May/2018:12:53:03 +0200] "GET /loadthumbnail.php?id=10203650&width=113 HTTP/1.1" 200 2741 "http://renault.2web.at/result?searchterm=true&search=Z.E." "Mozilla/5.0 (Windows NT 6.1; WOW64; Trident/7.0; rv:11.0) like Gecko"
193.194.132.76 - - [07/May/2018:12:53:03 +0200] "GET /loadthumbnail.php?id=11181191&width=113 HTTP/1.1" 200 1888 "http://renault.2web.at/result?searchterm=true&search=Z.E." "Mozilla/5.0 (Windows NT 6.1; WOW64; Trident/7.0; rv:11.0) like Gecko"
193.194.132.76 - - [07/May/2018:12:53:04 +0200] "GET /images/vista-up.gif HTTP/1.1" 200 131 "http://renault.2web.at/result?searchterm=true&search=Z.E." "Mozilla/5.0 (Windows NT 6.1; WOW64; Trident/7.0; rv:11.0) like Gecko"
193.194.132.76 - - [07/May/2018:12:53:03 +0200] "GET /loadthumbnail.php?id=11585055&width=113 HTTP/1.1" 200 2970 "http://renault.2web.at/result?searchterm=true&search=Z.E." "Mozilla/5.0 (Windows NT 6.1; WOW64; Trident/7.0; rv:11.0) like Gecko"
193.194.132.76 - - [07/May/2018:12:53:03 +0200] "GET /loadthumbnail.php?id=11543815&width=113 HTTP/1.1" 200 1975 "http://renault.2web.at/result?searchterm=true&search=Z.E." "Mozilla/5.0 (Windows NT 6.1; WOW64; Trident/7.0; rv:11.0) like Gecko"
193.194.132.76 - - [07/May/2018:12:53:03 +0200] "GET /loadthumbnail.php?id=10260174&width=113 HTTP/1.1" 200 3715 "http://renault.2web.at/result?searchterm=true&search=Z.E." "Mozilla/5.0 (Windows NT 6.1; WOW64; Trident/7.0; rv:11.0) like Gecko"
193.194.132.76 - - [07/May/2018:12:53:04 +0200] "GET /images/vista-dn.gif HTTP/1.1" 200 128 "http://renault.2web.at/result?searchterm=true&search=Z.E." "Mozilla/5.0 (Windows NT 6.1; WOW64; Trident/7.0; rv:11.0) like Gecko"
193.194.132.76 - - [07/May/2018:12:53:03 +0200] "GET /loadthumbnail.php?id=11454991&width=113 HTTP/1.1" 200 18344 "http://renault.2web.at/result?searchterm=true&search=Z.E." "Mozilla/5.0 (Windows NT 6.1; WOW64; Trident/7.0; rv:11.0) like Gecko"
193.194.132.76 - - [07/May/2018:12:53:03 +0200] "GET /loadthumbnail.php?id=11489794&width=113 HTTP/1.1" 200 2829 "http://renault.2web.at/result?searchterm=true&search=Z.E." "Mozilla/5.0 (Windows NT 6.1; WOW64; Trident/7.0; rv:11.0) like Gecko"
193.194.132.76 - - [07/May/2018:12:53:03 +0200] "GET /loadthumbnail.php?id=10958231&width=113 HTTP/1.1" 200 26171 "http://renault.2web.at/result?searchterm=true&search=Z.E." "Mozilla/5.0 (Windows NT 6.1; WOW64; Trident/7.0; rv:11.0) like Gecko"
193.194.132.76 - - [07/May/2018:12:53:04 +0200] "GET /loadthumbnail.php?id=11361004&width=113 HTTP/1.1" 200 3059 "http://renault.2web.at/result?searchterm=true&search=Z.E." "Mozilla/5.0 (Windows NT 6.1; WOW64; Trident/7.0; rv:11.0) like Gecko"
193.194.132.76 - - [07/May/2018:12:53:00 +0200] "POST /axjaxrequest?mode=suggest HTTP/1.1" 200 110 "http://renault.2web.at/imprints" "Mozilla/5.0 (Windows NT 6.1; WOW64; Trident/7.0; rv:11.0) like Gecko"
193.194.132.76 - - [07/May/2018:12:53:09 +0200] "GET /images/vista-up-hover.gif HTTP/1.1" 200 130 "http://renault.2web.at/result?searchterm=true&search=Z.E." "Mozilla/5.0 (Windows NT 6.1; WOW64; Trident/7.0; rv:11.0) like Gecko"
212.152.246.130 - - [07/May/2018:12:53:16 +0200] "GET /reload?ser=1525690394576 HTTP/1.1" 200 28 "http://renault.activities.at/result?dir=DESC&mode=grid&order=name&limit=15&page=2&search=kadjar" "Mozilla/5.0 (Windows NT 6.1; Win64; x64) AppleWebKit/537.36 (KHTML, like Gecko) Chrome/66.0.3359.117 Safari/537.36"
193.194.132.76 - - [07/May/2018:12:53:13 +0200] "POST /result?searchterm=true&search=Z.E. HTTP/1.1" 200 10995 "http://renault.2web.at/result?searchterm=true&search=Z.E." "Mozilla/5.0 (Windows NT 6.1; WOW64; Trident/7.0; rv:11.0) like Gecko"
193.194.132.76 - - [07/May/2018:12:53:17 +0200] "GET /js/index.php?c=auto&f=,prototype/prototype.js,prototype/validation.js,scriptaculous/builder.js,scriptaculous/effects.js,scriptaculous/dragdrop.js,scriptaculous/controls.js,scriptaculous/slider.js,varien/js.js,varien/form.js,varien/menu.js,mage/translate.js,mage/cookies.js,varien/product.js,spinner/SpinnerControl.jsmin.js,prototype/window.js,prototype/window_ext.js HTTP/1.1" 304 - "http://renault.2web.at/result?searchterm=true&search=Z.E." "Mozilla/5.0 (Windows NT 6.1; WOW64; Trident/7.0; rv:11.0) like Gecko"
193.194.132.76 - - [07/May/2018:12:53:17 +0200] "GET /images/success_msg_icon.gif HTTP/1.1" 200 1024 "http://renault.2web.at/result?searchterm=true&search=Z.E." "Mozilla/5.0 (Windows NT 6.1; WOW64; Trident/7.0; rv:11.0) like Gecko"
193.194.132.76 - - [07/May/2018:12:53:46 +0200] "GET /images/vista-dn-hover.gif HTTP/1.1" 200 127 "http://renault.2web.at/result?searchterm=true&search=Z.E." "Mozilla/5.0 (Windows NT 6.1; WOW64; Trident/7.0; rv:11.0) like Gecko"
193.194.132.76 - - [07/May/2018:12:53:47 +0200] "POST /result?searchterm=true&search=Z.E. HTTP/1.1" 200 10997 "http://renault.2web.at/result?searchterm=true&search=Z.E." "Mozilla/5.0 (Windows NT 6.1; WOW64; Trident/7.0; rv:11.0) like Gecko"
193.194.132.76 - - [07/May/2018:12:53:51 +0200] "GET /js/index.php?c=auto&f=,prototype/prototype.js,prototype/validation.js,scriptaculous/builder.js,scriptaculous/effects.js,scriptaculous/dragdrop.js,scriptaculous/controls.js,scriptaculous/slider.js,varien/js.js,varien/form.js,varien/menu.js,mage/translate.js,mage/cookies.js,varien/product.js,spinner/SpinnerControl.jsmin.js,prototype/window.js,prototype/window_ext.js HTTP/1.1" 304 - "http://renault.2web.at/result?searchterm=true&search=Z.E." "Mozilla/5.0 (Windows NT 6.1; WOW64; Trident/7.0; rv:11.0) like Gecko"
80.123.225.34 - - [07/May/2018:12:53:58 +0200] "GET /reload?ser=1525690439087 HTTP/1.1" 200 28 "http://renault.activities.at/result?searchterm=true&search=star" "Mozilla/5.0 (compatible; MSIE 9.0; Windows NT 6.1; WOW64; Trident/5.0)"
193.194.132.76 - - [07/May/2018:12:54:02 +0200] "POST /result?searchterm=true&search=Z.E. HTTP/1.1" 200 11005 "http://renault.2web.at/result?searchterm=true&search=Z.E." "Mozilla/5.0 (Windows NT 6.1; WOW64; Trident/7.0; rv:11.0) like Gecko"
193.194.132.76 - - [07/May/2018:12:54:05 +0200] "GET /js/index.php?c=auto&f=,prototype/prototype.js,prototype/validation.js,scriptaculous/builder.js,scriptaculous/effects.js,scriptaculous/dragdrop.js,scriptaculous/controls.js,scriptaculous/slider.js,varien/js.js,varien/form.js,varien/menu.js,mage/translate.js,mage/cookies.js,varien/product.js,spinner/SpinnerControl.jsmin.js,prototype/window.js,prototype/window_ext.js HTTP/1.1" 304 - "http://renault.2web.at/result?searchterm=true&search=Z.E." "Mozilla/5.0 (Windows NT 6.1; WOW64; Trident/7.0; rv:11.0) like Gecko"
212.152.246.130 - - [07/May/2018:12:54:17 +0200] "GET /reload?ser=1525690455565 HTTP/1.1" 200 28 "http://renault.activities.at/result?dir=DESC&mode=grid&order=name&limit=15&page=2&search=kadjar" "Mozilla/5.0 (Windows NT 6.1; Win64; x64) AppleWebKit/537.36 (KHTML, like Gecko) Chrome/66.0.3359.117 Safari/537.36"
80.123.225.34 - - [07/May/2018:12:54:59 +0200] "GET /reload?ser=1525690500078 HTTP/1.1" 200 28 "http://renault.activities.at/result?searchterm=true&search=star" "Mozilla/5.0 (compatible; MSIE 9.0; Windows NT 6.1; WOW64; Trident/5.0)"
193.194.132.76 - - [07/May/2018:12:55:06 +0200] "GET /reload?ser=1525690505998 HTTP/1.1" 200 28 "http://renault.2web.at/result?searchterm=true&search=Z.E." "Mozilla/5.0 (Windows NT 6.1; WOW64; Trident/7.0; rv:11.0) like Gecko"
212.152.246.130 - - [07/May/2018:12:55:18 +0200] "GET /reload?ser=1525690516577 HTTP/1.1" 200 28 "http://renault.activities.at/result?dir=DESC&mode=grid&order=name&limit=15&page=2&search=kadjar" "Mozilla/5.0 (Windows NT 6.1; Win64; x64) AppleWebKit/537.36 (KHTML, like Gecko) Chrome/66.0.3359.117 Safari/537.36"
80.123.225.34 - - [07/May/2018:12:56:00 +0200] "GET /reload?ser=1525690561031 HTTP/1.1" 200 28 "http://renault.activities.at/result?searchterm=true&search=star" "Mozilla/5.0 (compatible; MSIE 9.0; Windows NT 6.1; WOW64; Trident/5.0)"
193.194.132.76 - - [07/May/2018:12:56:07 +0200] "GET /reload?ser=1525690567084 HTTP/1.1" 200 28 "http://renault.2web.at/result?searchterm=true&search=Z.E." "Mozilla/5.0 (Windows NT 6.1; WOW64; Trident/7.0; rv:11.0) like Gecko"
212.152.246.130 - - [07/May/2018:12:56:19 +0200] "GET /reload?ser=1525690577573 HTTP/1.1" 200 28 "http://renault.activities.at/result?dir=DESC&mode=grid&order=name&limit=15&page=2&search=kadjar" "Mozilla/5.0 (Windows NT 6.1; Win64; x64) AppleWebKit/537.36 (KHTML, like Gecko) Chrome/66.0.3359.117 Safari/537.36"
80.123.225.34 - - [07/May/2018:12:57:01 +0200] "GET /reload?ser=1525690622037 HTTP/1.1" 200 28 "http://renault.activities.at/result?searchterm=true&search=star" "Mozilla/5.0 (compatible; MSIE 9.0; Windows NT 6.1; WOW64; Trident/5.0)"
193.194.132.76 - - [07/May/2018:12:57:08 +0200] "GET /reload?ser=1525690628202 HTTP/1.1" 200 28 "http://renault.2web.at/result?searchterm=true&search=Z.E." "Mozilla/5.0 (Windows NT 6.1; WOW64; Trident/7.0; rv:11.0) like Gecko"
212.152.246.130 - - [07/May/2018:12:57:20 +0200] "GET /reload?ser=1525690638591 HTTP/1.1" 200 28 "http://renault.activities.at/result?dir=DESC&mode=grid&order=name&limit=15&page=2&search=kadjar" "Mozilla/5.0 (Windows NT 6.1; Win64; x64) AppleWebKit/537.36 (KHTML, like Gecko) Chrome/66.0.3359.117 Safari/537.36"
80.123.225.34 - - [07/May/2018:12:58:02 +0200] "GET /reload?ser=1525690683001 HTTP/1.1" 200 28 "http://renault.activities.at/result?searchterm=true&search=star" "Mozilla/5.0 (compatible; MSIE 9.0; Windows NT 6.1; WOW64; Trident/5.0)"
193.194.132.76 - - [07/May/2018:12:58:09 +0200] "GET /reload?ser=1525690689330 HTTP/1.1" 200 28 "http://renault.2web.at/result?searchterm=true&search=Z.E." "Mozilla/5.0 (Windows NT 6.1; WOW64; Trident/7.0; rv:11.0) like Gecko"
212.152.246.130 - - [07/May/2018:12:58:21 +0200] "GET /reload?ser=1525690699616 HTTP/1.1" 200 28 "http://renault.activities.at/result?dir=DESC&mode=grid&order=name&limit=15&page=2&search=kadjar" "Mozilla/5.0 (Windows NT 6.1; Win64; x64) AppleWebKit/537.36 (KHTML, like Gecko) Chrome/66.0.3359.117 Safari/537.36"
80.123.225.34 - - [07/May/2018:12:59:03 +0200] "GET /reload?ser=1525690743944 HTTP/1.1" 200 28 "http://renault.activities.at/result?searchterm=true&search=star" "Mozilla/5.0 (compatible; MSIE 9.0; Windows NT 6.1; WOW64; Trident/5.0)"
193.194.132.76 - - [07/May/2018:12:59:10 +0200] "GET /reload?ser=1525690750366 HTTP/1.1" 200 28 "http://renault.2web.at/result?searchterm=true&search=Z.E." "Mozilla/5.0 (Windows NT 6.1; WOW64; Trident/7.0; rv:11.0) like Gecko"
212.152.246.130 - - [07/May/2018:12:59:22 +0200] "GET /reload?ser=1525690760686 HTTP/1.1" 200 28 "http://renault.activities.at/result?dir=DESC&mode=grid&order=name&limit=15&page=2&search=kadjar" "Mozilla/5.0 (Windows NT 6.1; Win64; x64) AppleWebKit/537.36 (KHTML, like Gecko) Chrome/66.0.3359.117 Safari/537.36"
193.194.132.76 - - [07/May/2018:12:59:40 +0200] "GET /checkout HTTP/1.1" 200 22737 "http://renault.2web.at/result?searchterm=true&search=Z.E." "Mozilla/5.0 (Windows NT 6.1; WOW64; Trident/7.0; rv:11.0) like Gecko"
193.194.132.76 - - [07/May/2018:12:59:45 +0200] "GET /js/index.php?c=auto&f=,prototype/prototype.js,prototype/validation.js,scriptaculous/builder.js,scriptaculous/effects.js,scriptaculous/dragdrop.js,scriptaculous/controls.js,scriptaculous/slider.js,varien/js.js,varien/form.js,varien/menu.js,mage/translate.js,mage/cookies.js,varien/product.js,spinner/SpinnerControl.jsmin.js,prototype/window.js,prototype/window_ext.js HTTP/1.1" 304 - "http://renault.2web.at/checkout" "Mozilla/5.0 (Windows NT 6.1; WOW64; Trident/7.0; rv:11.0) like Gecko"
193.194.132.76 - - [07/May/2018:12:59:45 +0200] "GET /js/checkout2.js HTTP/1.1" 200 4122 "http://renault.2web.at/checkout" "Mozilla/5.0 (Windows NT 6.1; WOW64; Trident/7.0; rv:11.0) like Gecko"
193.194.132.76 - - [07/May/2018:12:59:45 +0200] "GET /images/step_marker.gif HTTP/1.1" 200 650 "http://renault.2web.at/checkout" "Mozilla/5.0 (Windows NT 6.1; WOW64; Trident/7.0; rv:11.0) like Gecko"
193.194.132.76 - - [07/May/2018:12:59:45 +0200] "GET /images/step_bg.jpg HTTP/1.1" 200 319 "http://renault.2web.at/checkout" "Mozilla/5.0 (Windows NT 6.1; WOW64; Trident/7.0; rv:11.0) like Gecko"
193.194.132.76 - - [07/May/2018:12:59:45 +0200] "GET /images/checkout_border.gif HTTP/1.1" 200 43 "http://renault.2web.at/checkout" "Mozilla/5.0 (Windows NT 6.1; WOW64; Trident/7.0; rv:11.0) like Gecko"
193.194.132.76 - - [07/May/2018:12:59:45 +0200] "GET /images/checkout_border_top.gif HTTP/1.1" 200 156 "http://renault.2web.at/checkout" "Mozilla/5.0 (Windows NT 6.1; WOW64; Trident/7.0; rv:11.0) like Gecko"
193.194.132.76 - - [07/May/2018:12:59:45 +0200] "GET /loadthumbnail.php?id=10201939 HTTP/1.1" 200 201 "http://renault.2web.at/checkout" "Mozilla/5.0 (Windows NT 6.1; WOW64; Trident/7.0; rv:11.0) like Gecko"
193.194.132.76 - - [07/May/2018:12:59:45 +0200] "GET /loadthumbnail.php?id=10202698 HTTP/1.1" 200 16686 "http://renault.2web.at/checkout" "Mozilla/5.0 (Windows NT 6.1; WOW64; Trident/7.0; rv:11.0) like Gecko"
193.194.132.76 - - [07/May/2018:13:00:00 +0200] "POST /docheckout HTTP/1.1" 200 457 "http://renault.2web.at/checkout" "Mozilla/5.0 (Windows NT 6.1; WOW64; Trident/7.0; rv:11.0) like Gecko"
80.123.225.34 - - [07/May/2018:13:00:04 +0200] "GET /reload?ser=1525690804918 HTTP/1.1" 200 28 "http://renault.activities.at/result?searchterm=true&search=star" "Mozilla/5.0 (compatible; MSIE 9.0; Windows NT 6.1; WOW64; Trident/5.0)"
193.194.132.76 - - [07/May/2018:13:00:04 +0200] "POST /docheckout HTTP/1.1" 200 695 "http://renault.2web.at/checkout" "Mozilla/5.0 (Windows NT 6.1; WOW64; Trident/7.0; rv:11.0) like Gecko"
193.194.132.76 - - [07/May/2018:13:00:06 +0200] "GET /images/error_msg_icon.gif HTTP/1.1" 200 1013 "http://renault.2web.at/checkout" "Mozilla/5.0 (Windows NT 6.1; WOW64; Trident/7.0; rv:11.0) like Gecko"
193.194.132.76 - - [07/May/2018:13:00:19 +0200] "POST /docheckout HTTP/1.1" 200 68 "http://renault.2web.at/checkout" "Mozilla/5.0 (Windows NT 6.1; WOW64; Trident/7.0; rv:11.0) like Gecko"
212.152.246.130 - - [07/May/2018:13:00:23 +0200] "GET /reload?ser=1525690821692 HTTP/1.1" 200 28 "http://renault.activities.at/result?dir=DESC&mode=grid&order=name&limit=15&page=2&search=kadjar" "Mozilla/5.0 (Windows NT 6.1; Win64; x64) AppleWebKit/537.36 (KHTML, like Gecko) Chrome/66.0.3359.117 Safari/537.36"
193.194.132.76 - - [07/May/2018:13:00:22 +0200] "GET /success HTTP/1.1" 200 6570 "http://renault.2web.at/checkout" "Mozilla/5.0 (Windows NT 6.1; WOW64; Trident/7.0; rv:11.0) like Gecko"
193.194.132.76 - - [07/May/2018:13:00:25 +0200] "GET /js/index.php?c=auto&f=,prototype/prototype.js,prototype/validation.js,scriptaculous/builder.js,scriptaculous/effects.js,scriptaculous/dragdrop.js,scriptaculous/controls.js,scriptaculous/slider.js,varien/js.js,varien/form.js,varien/menu.js,mage/translate.js,mage/cookies.js,varien/product.js,spinner/SpinnerControl.jsmin.js,prototype/window.js,prototype/window_ext.js HTTP/1.1" 304 - "http://renault.2web.at/success" "Mozilla/5.0 (Windows NT 6.1; WOW64; Trident/7.0; rv:11.0) like Gecko"
80.123.225.34 - - [07/May/2018:13:01:05 +0200] "GET /reload?ser=1525690865928 HTTP/1.1" 200 28 "http://renault.activities.at/result?searchterm=true&search=star" "Mozilla/5.0 (compatible; MSIE 9.0; Windows NT 6.1; WOW64; Trident/5.0)"
212.152.246.130 - - [07/May/2018:13:01:24 +0200] "GET /reload?ser=1525690882728 HTTP/1.1" 200 28 "http://renault.activities.at/result?dir=DESC&mode=grid&order=name&limit=15&page=2&search=kadjar" "Mozilla/5.0 (Windows NT 6.1; Win64; x64) AppleWebKit/537.36 (KHTML, like Gecko) Chrome/66.0.3359.117 Safari/537.36"
193.194.132.76 - - [07/May/2018:13:01:25 +0200] "GET /reload?ser=1525690885868 HTTP/1.1" 200 28 "http://renault.2web.at/success" "Mozilla/5.0 (Windows NT 6.1; WOW64; Trident/7.0; rv:11.0) like Gecko"
80.123.225.34 - - [07/May/2018:13:02:06 +0200] "GET /reload?ser=1525690926918 HTTP/1.1" 200 28 "http://renault.activities.at/result?searchterm=true&search=star" "Mozilla/5.0 (compatible; MSIE 9.0; Windows NT 6.1; WOW64; Trident/5.0)"
212.152.246.130 - - [07/May/2018:13:02:25 +0200] "GET /reload?ser=1525690943718 HTTP/1.1" 200 28 "http://renault.activities.at/result?dir=DESC&mode=grid&order=name&limit=15&page=2&search=kadjar" "Mozilla/5.0 (Windows NT 6.1; Win64; x64) AppleWebKit/537.36 (KHTML, like Gecko) Chrome/66.0.3359.117 Safari/537.36"
193.194.132.76 - - [07/May/2018:13:02:27 +0200] "GET /reload?ser=1525690946997 HTTP/1.1" 200 28 "http://renault.2web.at/success" "Mozilla/5.0 (Windows NT 6.1; WOW64; Trident/7.0; rv:11.0) like Gecko"
80.123.225.34 - - [07/May/2018:13:03:07 +0200] "GET /reload?ser=1525690987904 HTTP/1.1" 200 28 "http://renault.activities.at/result?searchterm=true&search=star" "Mozilla/5.0 (compatible; MSIE 9.0; Windows NT 6.1; WOW64; Trident/5.0)"
212.152.246.130 - - [07/May/2018:13:03:26 +0200] "GET /reload?ser=1525691004725 HTTP/1.1" 200 28 "http://renault.activities.at/result?dir=DESC&mode=grid&order=name&limit=15&page=2&search=kadjar" "Mozilla/5.0 (Windows NT 6.1; Win64; x64) AppleWebKit/537.36 (KHTML, like Gecko) Chrome/66.0.3359.117 Safari/537.36"
193.194.132.76 - - [07/May/2018:13:03:28 +0200] "GET /reload?ser=1525691008085 HTTP/1.1" 200 28 "http://renault.2web.at/success" "Mozilla/5.0 (Windows NT 6.1; WOW64; Trident/7.0; rv:11.0) like Gecko"
80.123.225.34 - - [07/May/2018:13:04:08 +0200] "GET /reload?ser=1525691048923 HTTP/1.1" 200 28 "http://renault.activities.at/result?searchterm=true&search=star" "Mozilla/5.0 (compatible; MSIE 9.0; Windows NT 6.1; WOW64; Trident/5.0)"
212.152.246.130 - - [07/May/2018:13:04:27 +0200] "GET /reload?ser=1525691065761 HTTP/1.1" 200 28 "http://renault.activities.at/result?dir=DESC&mode=grid&order=name&limit=15&page=2&search=kadjar" "Mozilla/5.0 (Windows NT 6.1; Win64; x64) AppleWebKit/537.36 (KHTML, like Gecko) Chrome/66.0.3359.117 Safari/537.36"
40.77.179.15 - - [07/May/2018:13:04:28 +0200] "GET /js/default.js HTTP/1.1" 200 82829 "-" "Mozilla/5.0 (Windows NT 6.1; WOW64) AppleWebKit/534+ (KHTML, like Gecko) BingPreview/1.0b"
