213.153.47.173 - - [15/Jun/2018:08:29:35 +0200] "GET /loadthumbnail.php?id=11553667&width=50&height=50 HTTP/1.1" 200 1193 "http://renault.activities.at/account" "Mozilla/5.0 (Windows NT 6.1; Win64; x64; rv:60.0) Gecko/20100101 Firefox/60.0"
213.153.47.173 - - [15/Jun/2018:08:29:36 +0200] "GET /images/top_links_divider.gif HTTP/1.1" 200 44 "http://renault.activities.at/css/styles.css" "Mozilla/5.0 (Windows NT 6.1; Win64; x64; rv:60.0) Gecko/20100101 Firefox/60.0"
213.153.47.173 - - [15/Jun/2018:08:29:36 +0200] "GET /images/menu_button_bg.jpg HTTP/1.1" 200 322 "http://renault.activities.at/css/styles.css" "Mozilla/5.0 (Windows NT 6.1; Win64; x64; rv:60.0) Gecko/20100101 Firefox/60.0"
213.153.47.173 - - [15/Jun/2018:08:29:35 +0200] "GET /loadthumbnail.php?id=11711049&width=50&height=50 HTTP/1.1" 200 1223 "http://renault.activities.at/account" "Mozilla/5.0 (Windows NT 6.1; Win64; x64; rv:60.0) Gecko/20100101 Firefox/60.0"
213.153.47.173 - - [15/Jun/2018:08:29:36 +0200] "GET /images/nav_divider.gif HTTP/1.1" 200 43 "http://renault.activities.at/css/styles.css" "Mozilla/5.0 (Windows NT 6.1; Win64; x64; rv:60.0) Gecko/20100101 Firefox/60.0"
213.153.47.173 - - [15/Jun/2018:08:29:35 +0200] "GET /loadthumbnail.php?id=11524069&width=50&height=50 HTTP/1.1" 200 1273 "http://renault.activities.at/account" "Mozilla/5.0 (Windows NT 6.1; Win64; x64; rv:60.0) Gecko/20100101 Firefox/60.0"
213.153.47.173 - - [15/Jun/2018:08:29:35 +0200] "GET /loadthumbnail.php?id=11146700&width=50&height=50 HTTP/1.1" 200 717 "http://renault.activities.at/account" "Mozilla/5.0 (Windows NT 6.1; Win64; x64; rv:60.0) Gecko/20100101 Firefox/60.0"
213.153.47.173 - - [15/Jun/2018:08:29:36 +0200] "GET /images/menu_divider.gif HTTP/1.1" 200 176 "http://renault.activities.at/css/styles.css" "Mozilla/5.0 (Windows NT 6.1; Win64; x64; rv:60.0) Gecko/20100101 Firefox/60.0"
213.153.47.173 - - [15/Jun/2018:08:29:35 +0200] "GET /loadthumbnail.php?id=11524355&width=50&height=50 HTTP/1.1" 200 1188 "http://renault.activities.at/account" "Mozilla/5.0 (Windows NT 6.1; Win64; x64; rv:60.0) Gecko/20100101 Firefox/60.0"
213.153.47.173 - - [15/Jun/2018:08:29:36 +0200] "GET /images/search_bg.gif HTTP/1.1" 200 1726 "http://renault.activities.at/css/styles.css" "Mozilla/5.0 (Windows NT 6.1; Win64; x64; rv:60.0) Gecko/20100101 Firefox/60.0"
213.153.47.173 - - [15/Jun/2018:08:29:36 +0200] "GET /images/sidebar_title_border.gif HTTP/1.1" 200 43 "http://renault.activities.at/css/styles.css" "Mozilla/5.0 (Windows NT 6.1; Win64; x64; rv:60.0) Gecko/20100101 Firefox/60.0"
213.153.47.173 - - [15/Jun/2018:08:29:36 +0200] "GET /images/sidebar_title_border_top.gif HTTP/1.1" 200 155 "http://renault.activities.at/css/styles.css" "Mozilla/5.0 (Windows NT 6.1; Win64; x64; rv:60.0) Gecko/20100101 Firefox/60.0"
213.153.47.173 - - [15/Jun/2018:08:29:36 +0200] "GET /images/sidebar_title_corner_right_top.gif HTTP/1.1" 200 383 "http://renault.activities.at/css/styles.css" "Mozilla/5.0 (Windows NT 6.1; Win64; x64; rv:60.0) Gecko/20100101 Firefox/60.0"
213.153.47.173 - - [15/Jun/2018:08:29:36 +0200] "GET /images/sidebar_title_corner_left_top.gif HTTP/1.1" 200 1124 "http://renault.activities.at/css/styles.css" "Mozilla/5.0 (Windows NT 6.1; Win64; x64; rv:60.0) Gecko/20100101 Firefox/60.0"
213.153.47.173 - - [15/Jun/2018:08:29:36 +0200] "GET /images/footer_divider.gif HTTP/1.1" 200 44 "http://renault.activities.at/css/styles.css" "Mozilla/5.0 (Windows NT 6.1; Win64; x64; rv:60.0) Gecko/20100101 Firefox/60.0"
213.153.47.173 - - [15/Jun/2018:08:29:40 +0200] "GET /reload?ser=1529044180468 HTTP/1.1" 200 28 "http://renault.activities.at/login?required=true" "Mozilla/5.0 (Windows NT 10.0; Win64; x64; rv:60.0) Gecko/20100101 Firefox/60.0"
213.153.47.173 - - [15/Jun/2018:08:29:47 +0200] "GET /action HTTP/1.1" 200 3921 "http://renault.activities.at/account" "Mozilla/5.0 (Windows NT 6.1; Win64; x64; rv:60.0) Gecko/20100101 Firefox/60.0"
193.194.132.74 - - [15/Jun/2018:08:29:49 +0200] "GET /reload?ser=1529044189049 HTTP/1.1" 200 28 "http://renault.2web.at/account?loadrequest=true" "Mozilla/5.0 (Windows NT 6.1; WOW64; Trident/7.0; rv:11.0) like Gecko"
213.153.47.173 - - [15/Jun/2018:08:29:53 +0200] "GET /11820559 HTTP/1.1" 200 7227 "http://renault.activities.at/action" "Mozilla/5.0 (Windows NT 6.1; Win64; x64; rv:60.0) Gecko/20100101 Firefox/60.0"
213.153.47.173 - - [15/Jun/2018:08:29:55 +0200] "GET /js/prototip.js HTTP/1.1" 200 4588 "http://renault.activities.at/11820559" "Mozilla/5.0 (Windows NT 6.1; Win64; x64; rv:60.0) Gecko/20100101 Firefox/60.0"
213.153.47.173 - - [15/Jun/2018:08:29:55 +0200] "GET /js/actiontabs.js HTTP/1.1" 200 519 "http://renault.activities.at/11820559" "Mozilla/5.0 (Windows NT 6.1; Win64; x64; rv:60.0) Gecko/20100101 Firefox/60.0"
213.153.47.173 - - [15/Jun/2018:08:29:55 +0200] "GET /js/actionorder.js HTTP/1.1" 200 4403 "http://renault.activities.at/11820559" "Mozilla/5.0 (Windows NT 6.1; Win64; x64; rv:60.0) Gecko/20100101 Firefox/60.0"
213.153.47.173 - - [15/Jun/2018:08:29:55 +0200] "GET /images/ajax_loading.gif HTTP/1.1" 200 1542 "http://renault.activities.at/11820559" "Mozilla/5.0 (Windows NT 6.1; Win64; x64; rv:60.0) Gecko/20100101 Firefox/60.0"
213.153.47.173 - - [15/Jun/2018:08:29:55 +0200] "GET /images/loading.gif HTTP/1.1" 200 3208 "http://renault.activities.at/11820559" "Mozilla/5.0 (Windows NT 6.1; Win64; x64; rv:60.0) Gecko/20100101 Firefox/60.0"
213.153.47.173 - - [15/Jun/2018:08:29:55 +0200] "GET /images/tabs_button_corner_left_top_active.gif HTTP/1.1" 200 138 "http://renault.activities.at/css/styles.css" "Mozilla/5.0 (Windows NT 6.1; Win64; x64; rv:60.0) Gecko/20100101 Firefox/60.0"
213.153.47.173 - - [15/Jun/2018:08:29:55 +0200] "GET /images/icons/disabled_page_lupe.gif HTTP/1.1" 200 663 "http://renault.activities.at/11820559" "Mozilla/5.0 (Windows NT 6.1; Win64; x64; rv:60.0) Gecko/20100101 Firefox/60.0"
213.153.47.173 - - [15/Jun/2018:08:29:55 +0200] "GET /images/tabs_button_corner_right_top_active.gif HTTP/1.1" 200 136 "http://renault.activities.at/css/styles.css" "Mozilla/5.0 (Windows NT 6.1; Win64; x64; rv:60.0) Gecko/20100101 Firefox/60.0"
213.153.47.173 - - [15/Jun/2018:08:29:55 +0200] "GET /images/tabs_corner_left_top.gif HTTP/1.1" 200 99 "http://renault.activities.at/css/styles.css" "Mozilla/5.0 (Windows NT 6.1; Win64; x64; rv:60.0) Gecko/20100101 Firefox/60.0"
213.153.47.173 - - [15/Jun/2018:08:29:55 +0200] "GET /images/tabs_corner_right_bot.gif HTTP/1.1" 200 99 "http://renault.activities.at/css/styles.css" "Mozilla/5.0 (Windows NT 6.1; Win64; x64; rv:60.0) Gecko/20100101 Firefox/60.0"
213.153.47.173 - - [15/Jun/2018:08:29:55 +0200] "GET /images/tabs_corner_right_top.gif HTTP/1.1" 200 98 "http://renault.activities.at/css/styles.css" "Mozilla/5.0 (Windows NT 6.1; Win64; x64; rv:60.0) Gecko/20100101 Firefox/60.0"
213.153.47.173 - - [15/Jun/2018:08:29:55 +0200] "GET /images/tabs_corner_left_bot.gif HTTP/1.1" 200 98 "http://renault.activities.at/css/styles.css" "Mozilla/5.0 (Windows NT 6.1; Win64; x64; rv:60.0) Gecko/20100101 Firefox/60.0"
213.153.47.173 - - [15/Jun/2018:08:29:55 +0200] "GET /images/tabs_border.gif HTTP/1.1" 200 43 "http://renault.activities.at/css/styles.css" "Mozilla/5.0 (Windows NT 6.1; Win64; x64; rv:60.0) Gecko/20100101 Firefox/60.0"
213.153.47.173 - - [15/Jun/2018:08:29:55 +0200] "GET /images/vista-up.gif HTTP/1.1" 200 131 "http://renault.activities.at/css/styles.css" "Mozilla/5.0 (Windows NT 6.1; Win64; x64; rv:60.0) Gecko/20100101 Firefox/60.0"
213.153.47.173 - - [15/Jun/2018:08:29:55 +0200] "GET /loadthumbnail.php?id=10203651&width=200 HTTP/1.1" 200 4671 "http://renault.activities.at/11820559" "Mozilla/5.0 (Windows NT 6.1; Win64; x64; rv:60.0) Gecko/20100101 Firefox/60.0"
213.153.47.173 - - [15/Jun/2018:08:29:55 +0200] "GET /images/vista-dn.gif HTTP/1.1" 200 128 "http://renault.activities.at/css/styles.css" "Mozilla/5.0 (Windows NT 6.1; Win64; x64; rv:60.0) Gecko/20100101 Firefox/60.0"
212.186.183.210 - - [15/Jun/2018:08:30:00 +0200] "GET /reload?ser=1529044189551 HTTP/1.1" 200 28 "http://renault.activities.at/result?searchterm=true&search=garantieheft+dacia" "Mozilla/5.0 (Windows NT 6.1; WOW64; Trident/7.0; rv:11.0) like Gecko"
212.186.183.210 - - [15/Jun/2018:08:30:21 +0200] "GET /reload?ser=1529044221748 HTTP/1.1" 200 28 "http://renault.activities.at/login" "Mozilla/5.0 (Windows NT 6.1; WOW64; Trident/7.0; rv:11.0) like Gecko"
213.153.47.173 - - [15/Jun/2018:08:30:41 +0200] "GET /reload?ser=1529044241118 HTTP/1.1" 200 28 "http://renault.activities.at/login?required=true" "Mozilla/5.0 (Windows NT 10.0; Win64; x64; rv:60.0) Gecko/20100101 Firefox/60.0"
193.194.132.74 - - [15/Jun/2018:08:30:50 +0200] "GET /reload?ser=1529044250142 HTTP/1.1" 200 28 "http://renault.2web.at/account?loadrequest=true" "Mozilla/5.0 (Windows NT 6.1; WOW64; Trident/7.0; rv:11.0) like Gecko"
213.153.47.173 - - [15/Jun/2018:08:30:55 +0200] "GET /reload?ser=1529044255612 HTTP/1.1" 200 28 "http://renault.activities.at/11820559" "Mozilla/5.0 (Windows NT 6.1; Win64; x64; rv:60.0) Gecko/20100101 Firefox/60.0"
212.186.183.210 - - [15/Jun/2018:08:31:01 +0200] "GET /reload?ser=1529044250591 HTTP/1.1" 200 28 "http://renault.activities.at/result?searchterm=true&search=garantieheft+dacia" "Mozilla/5.0 (Windows NT 6.1; WOW64; Trident/7.0; rv:11.0) like Gecko"
212.186.183.210 - - [15/Jun/2018:08:31:22 +0200] "GET /reload?ser=1529044282427 HTTP/1.1" 200 28 "http://renault.activities.at/login" "Mozilla/5.0 (Windows NT 6.1; WOW64; Trident/7.0; rv:11.0) like Gecko"
213.153.47.173 - - [15/Jun/2018:08:31:41 +0200] "GET /reload?ser=1529044301777 HTTP/1.1" 200 28 "http://renault.activities.at/login?required=true" "Mozilla/5.0 (Windows NT 10.0; Win64; x64; rv:60.0) Gecko/20100101 Firefox/60.0"
213.153.47.173 - - [15/Jun/2018:08:31:44 +0200] "GET /css/themes/alphacube/frame_right.gif HTTP/1.1" 200 64 "http://renault.activities.at/css/themes/alphacube.css" "Mozilla/5.0 (Windows NT 6.1; Win64; x64; rv:60.0) Gecko/20100101 Firefox/60.0"
213.153.47.173 - - [15/Jun/2018:08:31:44 +0200] "GET /css/themes/alphacube/top_mid.gif HTTP/1.1" 200 833 "http://renault.activities.at/css/themes/alphacube.css" "Mozilla/5.0 (Windows NT 6.1; Win64; x64; rv:60.0) Gecko/20100101 Firefox/60.0"
213.153.47.173 - - [15/Jun/2018:08:31:44 +0200] "GET /css/themes/alphacube/frame_left.gif HTTP/1.1" 200 64 "http://renault.activities.at/css/themes/alphacube.css" "Mozilla/5.0 (Windows NT 6.1; Win64; x64; rv:60.0) Gecko/20100101 Firefox/60.0"
213.153.47.173 - - [15/Jun/2018:08:31:44 +0200] "GET /css/themes/alphacube/bottom_middle.gif HTTP/1.1" 200 44 "http://renault.activities.at/css/themes/alphacube.css" "Mozilla/5.0 (Windows NT 6.1; Win64; x64; rv:60.0) Gecko/20100101 Firefox/60.0"
213.153.47.173 - - [15/Jun/2018:08:31:44 +0200] "GET /css/themes/alphacube/button-close-focus.gif HTTP/1.1" 200 699 "http://renault.activities.at/css/themes/alphacube.css" "Mozilla/5.0 (Windows NT 6.1; Win64; x64; rv:60.0) Gecko/20100101 Firefox/60.0"
213.153.47.173 - - [15/Jun/2018:08:31:44 +0200] "GET /css/themes/alphacube/top_left.gif HTTP/1.1" 200 973 "http://renault.activities.at/css/themes/alphacube.css" "Mozilla/5.0 (Windows NT 6.1; Win64; x64; rv:60.0) Gecko/20100101 Firefox/60.0"
213.153.47.173 - - [15/Jun/2018:08:31:44 +0200] "GET /css/themes/alphacube/top_right.gif HTTP/1.1" 200 972 "http://renault.activities.at/css/themes/alphacube.css" "Mozilla/5.0 (Windows NT 6.1; Win64; x64; rv:60.0) Gecko/20100101 Firefox/60.0"
213.153.47.173 - - [15/Jun/2018:08:31:44 +0200] "GET /css/themes/alphacube/bottom_left-c.gif HTTP/1.1" 200 62 "http://renault.activities.at/css/themes/alphacube.css" "Mozilla/5.0 (Windows NT 6.1; Win64; x64; rv:60.0) Gecko/20100101 Firefox/60.0"
213.153.47.173 - - [15/Jun/2018:08:31:44 +0200] "GET /css/themes/alphacube/bottom_right-c.gif HTTP/1.1" 200 62 "http://renault.activities.at/css/themes/alphacube.css" "Mozilla/5.0 (Windows NT 6.1; Win64; x64; rv:60.0) Gecko/20100101 Firefox/60.0"
213.153.47.173 - - [15/Jun/2018:08:31:44 +0200] "GET /imprintview?req=true&template=10222758&imprint=Kein%20Eindruck%20freigegeben HTTP/1.1" 200 309 "http://renault.activities.at/11820559" "Mozilla/5.0 (Windows NT 6.1; Win64; x64; rv:60.0) Gecko/20100101 Firefox/60.0"
193.194.132.74 - - [15/Jun/2018:08:31:51 +0200] "GET /reload?ser=1529044311245 HTTP/1.1" 200 28 "http://renault.2web.at/account?loadrequest=true" "Mozilla/5.0 (Windows NT 6.1; WOW64; Trident/7.0; rv:11.0) like Gecko"
213.153.47.173 - - [15/Jun/2018:08:31:56 +0200] "GET /reload?ser=1529044316576 HTTP/1.1" 200 28 "http://renault.activities.at/11820559" "Mozilla/5.0 (Windows NT 6.1; Win64; x64; rv:60.0) Gecko/20100101 Firefox/60.0"
212.186.183.210 - - [15/Jun/2018:08:32:02 +0200] "GET /reload?ser=1529044311647 HTTP/1.1" 200 28 "http://renault.activities.at/result?searchterm=true&search=garantieheft+dacia" "Mozilla/5.0 (Windows NT 6.1; WOW64; Trident/7.0; rv:11.0) like Gecko"
213.153.47.173 - - [15/Jun/2018:08:32:15 +0200] "GET /imprintview?req=true&template=10222758&imprint=Kein%20Eindruck%20freigegeben HTTP/1.1" 200 309 "http://renault.activities.at/11820559" "Mozilla/5.0 (Windows NT 6.1; Win64; x64; rv:60.0) Gecko/20100101 Firefox/60.0"
212.186.183.210 - - [15/Jun/2018:08:32:23 +0200] "GET /reload?ser=1529044343092 HTTP/1.1" 200 28 "http://renault.activities.at/login" "Mozilla/5.0 (Windows NT 6.1; WOW64; Trident/7.0; rv:11.0) like Gecko"
213.153.47.173 - - [15/Jun/2018:08:32:42 +0200] "GET /reload?ser=1529044362428 HTTP/1.1" 200 28 "http://renault.activities.at/login?required=true" "Mozilla/5.0 (Windows NT 10.0; Win64; x64; rv:60.0) Gecko/20100101 Firefox/60.0"
193.194.132.74 - - [15/Jun/2018:08:32:52 +0200] "GET /reload?ser=1529044372425 HTTP/1.1" 200 28 "http://renault.2web.at/account?loadrequest=true" "Mozilla/5.0 (Windows NT 6.1; WOW64; Trident/7.0; rv:11.0) like Gecko"
213.153.47.173 - - [15/Jun/2018:08:32:57 +0200] "GET /reload?ser=1529044377556 HTTP/1.1" 200 28 "http://renault.activities.at/11820559" "Mozilla/5.0 (Windows NT 6.1; Win64; x64; rv:60.0) Gecko/20100101 Firefox/60.0"
193.194.132.74 - - [15/Jun/2018:08:32:58 +0200] "GET /account HTTP/1.1" 200 10481 "-" "Mozilla/5.0 (Windows NT 6.1; WOW64; Trident/7.0; rv:11.0) like Gecko"
193.194.132.74 - - [15/Jun/2018:08:33:03 +0200] "GET /js/index.php?c=auto&f=,prototype/prototype.js,prototype/validation.js,scriptaculous/builder.js,scriptaculous/effects.js,scriptaculous/dragdrop.js,scriptaculous/controls.js,scriptaculous/slider.js,varien/js.js,varien/form.js,varien/menu.js,mage/translate.js,mage/cookies.js,varien/product.js,spinner/SpinnerControl.jsmin.js,prototype/window.js,prototype/window_ext.js HTTP/1.1" 304 - "http://renault.2web.at/account" "Mozilla/5.0 (Windows NT 6.1; WOW64; Trident/7.0; rv:11.0) like Gecko"
193.194.132.74 - - [15/Jun/2018:08:33:03 +0200] "GET /loadthumbnail.php?id=11228566&width=50&height=50 HTTP/1.1" 200 1462 "http://renault.2web.at/account" "Mozilla/5.0 (Windows NT 6.1; WOW64; Trident/7.0; rv:11.0) like Gecko"
193.194.132.74 - - [15/Jun/2018:08:33:03 +0200] "GET /loadthumbnail.php?id=11808714&width=50&height=50 HTTP/1.1" 200 1309 "http://renault.2web.at/account" "Mozilla/5.0 (Windows NT 6.1; WOW64; Trident/7.0; rv:11.0) like Gecko"
193.194.132.74 - - [15/Jun/2018:08:33:03 +0200] "GET /loadthumbnail.php?id=11361004&width=50&height=50 HTTP/1.1" 200 1153 "http://renault.2web.at/account" "Mozilla/5.0 (Windows NT 6.1; WOW64; Trident/7.0; rv:11.0) like Gecko"
193.194.132.74 - - [15/Jun/2018:08:33:03 +0200] "GET /loadthumbnail.php?id=11590240&width=50&height=50 HTTP/1.1" 200 1248 "http://renault.2web.at/account" "Mozilla/5.0 (Windows NT 6.1; WOW64; Trident/7.0; rv:11.0) like Gecko"
193.194.132.74 - - [15/Jun/2018:08:33:03 +0200] "GET /loadthumbnail.php?id=11819632&width=50&height=50 HTTP/1.1" 200 1282 "http://renault.2web.at/account" "Mozilla/5.0 (Windows NT 6.1; WOW64; Trident/7.0; rv:11.0) like Gecko"
193.194.132.74 - - [15/Jun/2018:08:33:03 +0200] "GET /loadthumbnail.php?id=11711049&width=50&height=50 HTTP/1.1" 200 1223 "http://renault.2web.at/account" "Mozilla/5.0 (Windows NT 6.1; WOW64; Trident/7.0; rv:11.0) like Gecko"
193.194.132.74 - - [15/Jun/2018:08:33:03 +0200] "GET /loadthumbnail.php?id=11590239&width=50&height=50 HTTP/1.1" 200 1380 "http://renault.2web.at/account" "Mozilla/5.0 (Windows NT 6.1; WOW64; Trident/7.0; rv:11.0) like Gecko"
193.194.132.74 - - [15/Jun/2018:08:33:03 +0200] "GET /loadthumbnail.php?id=11711045&width=50&height=50 HTTP/1.1" 200 1132 "http://renault.2web.at/account" "Mozilla/5.0 (Windows NT 6.1; WOW64; Trident/7.0; rv:11.0) like Gecko"
193.194.132.74 - - [15/Jun/2018:08:33:03 +0200] "GET /loadthumbnail.php?id=11808715&width=50&height=50 HTTP/1.1" 200 1186 "http://renault.2web.at/account" "Mozilla/5.0 (Windows NT 6.1; WOW64; Trident/7.0; rv:11.0) like Gecko"
193.194.132.74 - - [15/Jun/2018:08:33:03 +0200] "GET /loadthumbnail.php?id=11590266&width=50&height=50 HTTP/1.1" 200 1086 "http://renault.2web.at/account" "Mozilla/5.0 (Windows NT 6.1; WOW64; Trident/7.0; rv:11.0) like Gecko"
193.194.132.74 - - [15/Jun/2018:08:33:03 +0200] "GET /loadthumbnail.php?id=11523715&width=50&height=50 HTTP/1.1" 200 1135 "http://renault.2web.at/account" "Mozilla/5.0 (Windows NT 6.1; WOW64; Trident/7.0; rv:11.0) like Gecko"
193.194.132.74 - - [15/Jun/2018:08:33:04 +0200] "GET /loadthumbnail.php?id=11590243&width=50&height=50 HTTP/1.1" 200 1311 "http://renault.2web.at/account" "Mozilla/5.0 (Windows NT 6.1; WOW64; Trident/7.0; rv:11.0) like Gecko"
193.194.132.74 - - [15/Jun/2018:08:33:04 +0200] "GET /loadthumbnail.php?id=11590242&width=50&height=50 HTTP/1.1" 200 1237 "http://renault.2web.at/account" "Mozilla/5.0 (Windows NT 6.1; WOW64; Trident/7.0; rv:11.0) like Gecko"
193.194.132.74 - - [15/Jun/2018:08:33:04 +0200] "GET /loadthumbnail.php?id=11524355&width=50&height=50 HTTP/1.1" 200 1188 "http://renault.2web.at/account" "Mozilla/5.0 (Windows NT 6.1; WOW64; Trident/7.0; rv:11.0) like Gecko"
193.194.132.74 - - [15/Jun/2018:08:33:04 +0200] "GET /loadthumbnail.php?id=11798476&width=50&height=50 HTTP/1.1" 200 1098 "http://renault.2web.at/account" "Mozilla/5.0 (Windows NT 6.1; WOW64; Trident/7.0; rv:11.0) like Gecko"
193.194.132.74 - - [15/Jun/2018:08:33:04 +0200] "GET /loadthumbnail.php?id=11798475&width=50&height=50 HTTP/1.1" 200 1218 "http://renault.2web.at/account" "Mozilla/5.0 (Windows NT 6.1; WOW64; Trident/7.0; rv:11.0) like Gecko"
193.194.132.74 - - [15/Jun/2018:08:33:04 +0200] "GET /loadthumbnail.php?id=11819635&width=50&height=50 HTTP/1.1" 200 1210 "http://renault.2web.at/account" "Mozilla/5.0 (Windows NT 6.1; WOW64; Trident/7.0; rv:11.0) like Gecko"
193.194.132.74 - - [15/Jun/2018:08:33:04 +0200] "GET /loadthumbnail.php?id=11643691&width=50&height=50 HTTP/1.1" 200 1191 "http://renault.2web.at/account" "Mozilla/5.0 (Windows NT 6.1; WOW64; Trident/7.0; rv:11.0) like Gecko"
193.194.132.74 - - [15/Jun/2018:08:33:04 +0200] "GET /loadthumbnail.php?id=11798477&width=50&height=50 HTTP/1.1" 200 1229 "http://renault.2web.at/account" "Mozilla/5.0 (Windows NT 6.1; WOW64; Trident/7.0; rv:11.0) like Gecko"
193.194.132.74 - - [15/Jun/2018:08:33:04 +0200] "GET /loadthumbnail.php?id=11524431&width=50&height=50 HTTP/1.1" 200 1199 "http://renault.2web.at/account" "Mozilla/5.0 (Windows NT 6.1; WOW64; Trident/7.0; rv:11.0) like Gecko"
193.194.132.74 - - [15/Jun/2018:08:33:04 +0200] "GET /loadthumbnail.php?id=11361002&width=50&height=50 HTTP/1.1" 200 1156 "http://renault.2web.at/account" "Mozilla/5.0 (Windows NT 6.1; WOW64; Trident/7.0; rv:11.0) like Gecko"
212.186.183.210 - - [15/Jun/2018:08:33:03 +0200] "GET /reload?ser=1529044372701 HTTP/1.1" 200 28 "http://renault.activities.at/result?searchterm=true&search=garantieheft+dacia" "Mozilla/5.0 (Windows NT 6.1; WOW64; Trident/7.0; rv:11.0) like Gecko"
212.186.183.210 - - [15/Jun/2018:08:33:23 +0200] "GET /reload?ser=1529044403755 HTTP/1.1" 200 28 "http://renault.activities.at/login" "Mozilla/5.0 (Windows NT 6.1; WOW64; Trident/7.0; rv:11.0) like Gecko"
213.153.47.173 - - [15/Jun/2018:08:33:43 +0200] "GET /reload?ser=1529044423077 HTTP/1.1" 200 28 "http://renault.activities.at/login?required=true" "Mozilla/5.0 (Windows NT 10.0; Win64; x64; rv:60.0) Gecko/20100101 Firefox/60.0"
213.153.47.173 - - [15/Jun/2018:08:33:58 +0200] "GET /reload?ser=1529044438520 HTTP/1.1" 200 28 "http://renault.activities.at/11820559" "Mozilla/5.0 (Windows NT 6.1; Win64; x64; rv:60.0) Gecko/20100101 Firefox/60.0"
213.153.47.173 - - [15/Jun/2018:08:33:59 +0200] "GET /images/vista-up-hover.gif HTTP/1.1" 200 130 "http://renault.activities.at/css/styles.css" "Mozilla/5.0 (Windows NT 6.1; Win64; x64; rv:60.0) Gecko/20100101 Firefox/60.0"
193.194.132.74 - - [15/Jun/2018:08:34:04 +0200] "GET /reload?ser=1529044444624 HTTP/1.1" 200 28 "http://renault.2web.at/account" "Mozilla/5.0 (Windows NT 6.1; WOW64; Trident/7.0; rv:11.0) like Gecko"
212.186.183.210 - - [15/Jun/2018:08:34:05 +0200] "GET /reload?ser=1529044433883 HTTP/1.1" 200 28 "http://renault.activities.at/result?searchterm=true&search=garantieheft+dacia" "Mozilla/5.0 (Windows NT 6.1; WOW64; Trident/7.0; rv:11.0) like Gecko"
213.153.47.173 - - [15/Jun/2018:08:34:22 +0200] "GET /images/vista-dn-hover.gif HTTP/1.1" 200 127 "http://renault.activities.at/css/styles.css" "Mozilla/5.0 (Windows NT 6.1; Win64; x64; rv:60.0) Gecko/20100101 Firefox/60.0"
212.186.183.210 - - [15/Jun/2018:08:34:24 +0200] "GET /reload?ser=1529044464422 HTTP/1.1" 200 28 "http://renault.activities.at/login" "Mozilla/5.0 (Windows NT 6.1; WOW64; Trident/7.0; rv:11.0) like Gecko"
213.153.47.173 - - [15/Jun/2018:08:34:27 +0200] "GET /insertactionorder?print=true&Document=&Event=11820559&action=insert&article=11819895&amount=1 HTTP/1.1" 200 2291 "http://renault.activities.at/11820559" "Mozilla/5.0 (Windows NT 6.1; Win64; x64; rv:60.0) Gecko/20100101 Firefox/60.0"
213.153.47.173 - - [15/Jun/2018:08:34:30 +0200] "GET /images/icons/basket_remove.gif HTTP/1.1" 200 1015 "http://renault.activities.at/insertactionorder?print=true&Document=&Event=11820559&action=insert&article=11819895&amount=1" "Mozilla/5.0 (Windows NT 6.1; Win64; x64; rv:60.0) Gecko/20100101 Firefox/60.0"
213.153.47.173 - - [15/Jun/2018:08:34:30 +0200] "GET /images/success_msg_icon.gif HTTP/1.1" 200 1024 "http://renault.activities.at/css/styles.css" "Mozilla/5.0 (Windows NT 6.1; Win64; x64; rv:60.0) Gecko/20100101 Firefox/60.0"
213.153.47.173 - - [15/Jun/2018:08:34:43 +0200] "GET /reload?ser=1529044483748 HTTP/1.1" 200 28 "http://renault.activities.at/login?required=true" "Mozilla/5.0 (Windows NT 10.0; Win64; x64; rv:60.0) Gecko/20100101 Firefox/60.0"
213.153.47.173 - - [15/Jun/2018:08:34:59 +0200] "GET /reload?ser=1529044499516 HTTP/1.1" 200 28 "http://renault.activities.at/11820559" "Mozilla/5.0 (Windows NT 6.1; Win64; x64; rv:60.0) Gecko/20100101 Firefox/60.0"
213.153.47.173 - - [15/Jun/2018:08:35:03 +0200] "GET /imprintview?req=true&template=10222758&imprint=Kein%20Eindruck%20freigegeben HTTP/1.1" 200 309 "http://renault.activities.at/11820559" "Mozilla/5.0 (Windows NT 6.1; Win64; x64; rv:60.0) Gecko/20100101 Firefox/60.0"
193.194.132.74 - - [15/Jun/2018:08:35:05 +0200] "GET /reload?ser=1529044505762 HTTP/1.1" 200 28 "http://renault.2web.at/account" "Mozilla/5.0 (Windows NT 6.1; WOW64; Trident/7.0; rv:11.0) like Gecko"
212.186.183.210 - - [15/Jun/2018:08:35:06 +0200] "GET /reload?ser=1529044494938 HTTP/1.1" 200 28 "http://renault.activities.at/result?searchterm=true&search=garantieheft+dacia" "Mozilla/5.0 (Windows NT 6.1; WOW64; Trident/7.0; rv:11.0) like Gecko"
213.153.47.173 - - [15/Jun/2018:08:35:10 +0200] "GET /imprintview?req=true&template=10222758&imprint=Kein%20Eindruck%20freigegeben HTTP/1.1" 200 309 "http://renault.activities.at/11820559" "Mozilla/5.0 (Windows NT 6.1; Win64; x64; rv:60.0) Gecko/20100101 Firefox/60.0"
212.186.183.210 - - [15/Jun/2018:08:35:25 +0200] "GET /reload?ser=1529044525104 HTTP/1.1" 200 28 "http://renault.activities.at/login" "Mozilla/5.0 (Windows NT 6.1; WOW64; Trident/7.0; rv:11.0) like Gecko"
213.153.47.173 - - [15/Jun/2018:08:35:27 +0200] "GET /insertactionorder?print=true&Document=11823948&Event=11820559&action=insert&article=11819913&amount=5&imprint%5B%5D=10222758%7CKein+Eindruck+freigegeben HTTP/1.1" 200 2692 "http://renault.activities.at/11820559" "Mozilla/5.0 (Windows NT 6.1; Win64; x64; rv:60.0) Gecko/20100101 Firefox/60.0"
213.153.47.173 - - [15/Jun/2018:08:35:44 +0200] "GET /reload?ser=1529044544399 HTTP/1.1" 200 28 "http://renault.activities.at/login?required=true" "Mozilla/5.0 (Windows NT 10.0; Win64; x64; rv:60.0) Gecko/20100101 Firefox/60.0"
213.153.47.173 - - [15/Jun/2018:08:36:00 +0200] "GET /11823948?print=true HTTP/1.1" 200 2101 "http://renault.activities.at/11820559" "Mozilla/5.0 (Windows NT 6.1; Win64; x64; rv:60.0) Gecko/20100101 Firefox/60.0"
213.153.47.173 - - [15/Jun/2018:08:36:00 +0200] "GET /reload?ser=1529044560558 HTTP/1.1" 200 28 "http://renault.activities.at/11820559" "Mozilla/5.0 (Windows NT 6.1; Win64; x64; rv:60.0) Gecko/20100101 Firefox/60.0"
193.194.132.74 - - [15/Jun/2018:08:36:07 +0200] "GET /reload?ser=1529044566870 HTTP/1.1" 200 28 "http://renault.2web.at/account" "Mozilla/5.0 (Windows NT 6.1; WOW64; Trident/7.0; rv:11.0) like Gecko"
212.186.183.210 - - [15/Jun/2018:08:36:07 +0200] "GET /reload?ser=1529044555994 HTTP/1.1" 200 28 "http://renault.activities.at/result?searchterm=true&search=garantieheft+dacia" "Mozilla/5.0 (Windows NT 6.1; WOW64; Trident/7.0; rv:11.0) like Gecko"
212.186.183.210 - - [15/Jun/2018:08:36:25 +0200] "GET /reload?ser=1529044585784 HTTP/1.1" 200 28 "http://renault.activities.at/login" "Mozilla/5.0 (Windows NT 6.1; WOW64; Trident/7.0; rv:11.0) like Gecko"
213.153.47.173 - - [15/Jun/2018:08:36:45 +0200] "GET /reload?ser=1529044605049 HTTP/1.1" 200 28 "http://renault.activities.at/login?required=true" "Mozilla/5.0 (Windows NT 10.0; Win64; x64; rv:60.0) Gecko/20100101 Firefox/60.0"
193.194.132.74 - - [15/Jun/2018:08:37:08 +0200] "GET /reload?ser=1529044627986 HTTP/1.1" 200 28 "http://renault.2web.at/account" "Mozilla/5.0 (Windows NT 6.1; WOW64; Trident/7.0; rv:11.0) like Gecko"
212.186.183.210 - - [15/Jun/2018:08:37:08 +0200] "GET /reload?ser=1529044617065 HTTP/1.1" 200 28 "http://renault.activities.at/result?searchterm=true&search=garantieheft+dacia" "Mozilla/5.0 (Windows NT 6.1; WOW64; Trident/7.0; rv:11.0) like Gecko"
212.186.183.210 - - [15/Jun/2018:08:37:26 +0200] "GET /reload?ser=1529044646446 HTTP/1.1" 200 28 "http://renault.activities.at/login" "Mozilla/5.0 (Windows NT 6.1; WOW64; Trident/7.0; rv:11.0) like Gecko"
213.153.47.173 - - [15/Jun/2018:08:37:45 +0200] "GET /reload?ser=1529044665698 HTTP/1.1" 200 28 "http://renault.activities.at/login?required=true" "Mozilla/5.0 (Windows NT 10.0; Win64; x64; rv:60.0) Gecko/20100101 Firefox/60.0"
212.186.183.210 - - [15/Jun/2018:08:38:09 +0200] "GET /reload?ser=1529044678074 HTTP/1.1" 200 28 "http://renault.activities.at/result?searchterm=true&search=garantieheft+dacia" "Mozilla/5.0 (Windows NT 6.1; WOW64; Trident/7.0; rv:11.0) like Gecko"
193.194.132.74 - - [15/Jun/2018:08:38:09 +0200] "GET /reload?ser=1529044689121 HTTP/1.1" 200 28 "http://renault.2web.at/account" "Mozilla/5.0 (Windows NT 6.1; WOW64; Trident/7.0; rv:11.0) like Gecko"
212.186.183.210 - - [15/Jun/2018:08:38:27 +0200] "GET /reload?ser=1529044707109 HTTP/1.1" 200 28 "http://renault.activities.at/login" "Mozilla/5.0 (Windows NT 6.1; WOW64; Trident/7.0; rv:11.0) like Gecko"
213.153.47.173 - - [15/Jun/2018:08:38:46 +0200] "GET /reload?ser=1529044726358 HTTP/1.1" 200 28 "http://renault.activities.at/login?required=true" "Mozilla/5.0 (Windows NT 10.0; Win64; x64; rv:60.0) Gecko/20100101 Firefox/60.0"
212.186.183.210 - - [15/Jun/2018:08:39:00 +0200] "GET /orders HTTP/1.1" 200 6539 "http://renault.activities.at/result?searchterm=true&search=garantieheft+dacia" "Mozilla/5.0 (Windows NT 6.1; WOW64; Trident/7.0; rv:11.0) like Gecko"
212.186.183.210 - - [15/Jun/2018:08:39:02 +0200] "GET /images/pager_bg.gif HTTP/1.1" 200 150 "http://renault.activities.at/orders" "Mozilla/5.0 (Windows NT 6.1; WOW64; Trident/7.0; rv:11.0) like Gecko"
212.186.183.210 - - [15/Jun/2018:08:39:02 +0200] "GET /loadthumbnail.php?id=10203276 HTTP/1.1" 200 75 "http://renault.activities.at/orders" "Mozilla/5.0 (Windows NT 6.1; WOW64; Trident/7.0; rv:11.0) like Gecko"
193.194.132.74 - - [15/Jun/2018:08:39:10 +0200] "GET /reload?ser=1529044750257 HTTP/1.1" 200 28 "http://renault.2web.at/account" "Mozilla/5.0 (Windows NT 6.1; WOW64; Trident/7.0; rv:11.0) like Gecko"
212.186.183.210 - - [15/Jun/2018:08:39:08 +0200] "GET /11661050 HTTP/1.1" 200 6963 "http://renault.activities.at/orders" "Mozilla/5.0 (Windows NT 6.1; WOW64; Trident/7.0; rv:11.0) like Gecko"
212.186.183.210 - - [15/Jun/2018:08:39:11 +0200] "GET /images/icons/lupe.gif HTTP/1.1" 200 324 "http://renault.activities.at/11661050" "Mozilla/5.0 (Windows NT 6.1; WOW64; Trident/7.0; rv:11.0) like Gecko"
212.186.183.210 - - [15/Jun/2018:08:39:23 +0200] "GET /orders HTTP/1.1" 200 6539 "http://renault.activities.at/11661050" "Mozilla/5.0 (Windows NT 6.1; WOW64; Trident/7.0; rv:11.0) like Gecko"
212.186.183.210 - - [15/Jun/2018:08:39:27 +0200] "GET /reload?ser=1529044767772 HTTP/1.1" 200 28 "http://renault.activities.at/login" "Mozilla/5.0 (Windows NT 6.1; WOW64; Trident/7.0; rv:11.0) like Gecko"
212.186.183.210 - - [15/Jun/2018:08:39:28 +0200] "GET /orders?limit=50&page=1 HTTP/1.1" 200 7032 "http://renault.activities.at/orders" "Mozilla/5.0 (Windows NT 6.1; WOW64; Trident/7.0; rv:11.0) like Gecko"
212.186.183.210 - - [15/Jun/2018:08:39:35 +0200] "GET /11138273 HTTP/1.1" 200 7004 "http://renault.activities.at/orders?limit=50&page=1" "Mozilla/5.0 (Windows NT 6.1; WOW64; Trident/7.0; rv:11.0) like Gecko"
212.186.183.210 - - [15/Jun/2018:08:39:45 +0200] "GET /orders?limit=50&page=1 HTTP/1.1" 200 7032 "http://renault.activities.at/11138273" "Mozilla/5.0 (Windows NT 6.1; WOW64; Trident/7.0; rv:11.0) like Gecko"
213.153.47.173 - - [15/Jun/2018:08:39:47 +0200] "GET /reload?ser=1529044787004 HTTP/1.1" 200 28 "http://renault.activities.at/login?required=true" "Mozilla/5.0 (Windows NT 10.0; Win64; x64; rv:60.0) Gecko/20100101 Firefox/60.0"
212.186.183.210 - - [15/Jun/2018:08:39:50 +0200] "GET /11219054 HTTP/1.1" 200 6981 "http://renault.activities.at/orders?limit=50&page=1" "Mozilla/5.0 (Windows NT 6.1; WOW64; Trident/7.0; rv:11.0) like Gecko"
212.186.183.210 - - [15/Jun/2018:08:39:57 +0200] "GET /orders?limit=50&page=1 HTTP/1.1" 200 7032 "http://renault.activities.at/11219054" "Mozilla/5.0 (Windows NT 6.1; WOW64; Trident/7.0; rv:11.0) like Gecko"
212.186.183.210 - - [15/Jun/2018:08:40:06 +0200] "GET /11478623 HTTP/1.1" 200 6922 "http://renault.activities.at/orders?limit=50&page=1" "Mozilla/5.0 (Windows NT 6.1; WOW64; Trident/7.0; rv:11.0) like Gecko"
193.194.132.74 - - [15/Jun/2018:08:40:11 +0200] "GET /reload?ser=1529044811353 HTTP/1.1" 200 28 "http://renault.2web.at/account" "Mozilla/5.0 (Windows NT 6.1; WOW64; Trident/7.0; rv:11.0) like Gecko"
212.186.183.210 - - [15/Jun/2018:08:40:11 +0200] "GET /orders?limit=50&page=1 HTTP/1.1" 200 7032 "http://renault.activities.at/11478623" "Mozilla/5.0 (Windows NT 6.1; WOW64; Trident/7.0; rv:11.0) like Gecko"
212.186.183.210 - - [15/Jun/2018:08:40:24 +0200] "GET /10645878 HTTP/1.1" 200 6820 "http://renault.activities.at/orders?limit=50&page=1" "Mozilla/5.0 (Windows NT 6.1; WOW64; Trident/7.0; rv:11.0) like Gecko"
212.186.183.210 - - [15/Jun/2018:08:40:28 +0200] "GET /reload?ser=1529044828439 HTTP/1.1" 200 28 "http://renault.activities.at/login" "Mozilla/5.0 (Windows NT 6.1; WOW64; Trident/7.0; rv:11.0) like Gecko"
212.186.183.210 - - [15/Jun/2018:08:40:31 +0200] "GET /orders?limit=50&page=1 HTTP/1.1" 200 7032 "http://renault.activities.at/10645878" "Mozilla/5.0 (Windows NT 6.1; WOW64; Trident/7.0; rv:11.0) like Gecko"
212.186.183.210 - - [15/Jun/2018:08:40:37 +0200] "GET /11312302 HTTP/1.1" 200 6945 "http://renault.activities.at/orders?limit=50&page=1" "Mozilla/5.0 (Windows NT 6.1; WOW64; Trident/7.0; rv:11.0) like Gecko"
212.186.183.210 - - [15/Jun/2018:08:40:43 +0200] "GET /orders?limit=50&page=1 HTTP/1.1" 200 7032 "http://renault.activities.at/11312302" "Mozilla/5.0 (Windows NT 6.1; WOW64; Trident/7.0; rv:11.0) like Gecko"
213.153.47.173 - - [15/Jun/2018:08:40:47 +0200] "GET /reload?ser=1529044847648 HTTP/1.1" 200 28 "http://renault.activities.at/login?required=true" "Mozilla/5.0 (Windows NT 10.0; Win64; x64; rv:60.0) Gecko/20100101 Firefox/60.0"
212.186.183.210 - - [15/Jun/2018:08:40:50 +0200] "GET /11644347 HTTP/1.1" 200 6987 "http://renault.activities.at/orders?limit=50&page=1" "Mozilla/5.0 (Windows NT 6.1; WOW64; Trident/7.0; rv:11.0) like Gecko"
212.186.183.210 - - [15/Jun/2018:08:40:56 +0200] "GET /orders?limit=50&page=1 HTTP/1.1" 200 7032 "http://renault.activities.at/11644347" "Mozilla/5.0 (Windows NT 6.1; WOW64; Trident/7.0; rv:11.0) like Gecko"
212.186.183.210 - - [15/Jun/2018:08:40:59 +0200] "GET /logout HTTP/1.1" 302 140 "http://renault.activities.at/orders?limit=50&page=1" "Mozilla/5.0 (Windows NT 6.1; WOW64; Trident/7.0; rv:11.0) like Gecko"
212.186.183.210 - - [15/Jun/2018:08:41:00 +0200] "GET /logout HTTP/1.1" 200 1583 "http://renault.activities.at/orders?limit=50&page=1" "Mozilla/5.0 (Windows NT 6.1; WOW64; Trident/7.0; rv:11.0) like Gecko"
212.186.183.210 - - [15/Jun/2018:08:41:06 +0200] "GET / HTTP/1.1" 200 3740 "http://renault.activities.at/logout" "Mozilla/5.0 (Windows NT 6.1; WOW64; Trident/7.0; rv:11.0) like Gecko"
193.194.132.74 - - [15/Jun/2018:08:41:12 +0200] "GET /reload?ser=1529044872476 HTTP/1.1" 200 28 "http://renault.2web.at/account" "Mozilla/5.0 (Windows NT 6.1; WOW64; Trident/7.0; rv:11.0) like Gecko"
212.186.183.210 - - [15/Jun/2018:08:41:29 +0200] "GET /reload?ser=1529044889107 HTTP/1.1" 200 28 "http://renault.activities.at/login" "Mozilla/5.0 (Windows NT 6.1; WOW64; Trident/7.0; rv:11.0) like Gecko"
213.153.47.173 - - [15/Jun/2018:08:41:48 +0200] "GET /reload?ser=1529044908298 HTTP/1.1" 200 28 "http://renault.activities.at/login?required=true" "Mozilla/5.0 (Windows NT 10.0; Win64; x64; rv:60.0) Gecko/20100101 Firefox/60.0"
193.194.132.74 - - [15/Jun/2018:08:42:13 +0200] "GET /reload?ser=1529044933623 HTTP/1.1" 200 28 "http://renault.2web.at/account" "Mozilla/5.0 (Windows NT 6.1; WOW64; Trident/7.0; rv:11.0) like Gecko"
212.186.183.210 - - [15/Jun/2018:08:42:29 +0200] "GET /reload?ser=1529044949785 HTTP/1.1" 200 28 "http://renault.activities.at/login" "Mozilla/5.0 (Windows NT 6.1; WOW64; Trident/7.0; rv:11.0) like Gecko"
213.153.47.173 - - [15/Jun/2018:08:42:49 +0200] "GET /reload?ser=1529044968959 HTTP/1.1" 200 28 "http://renault.activities.at/login?required=true" "Mozilla/5.0 (Windows NT 10.0; Win64; x64; rv:60.0) Gecko/20100101 Firefox/60.0"
193.194.132.74 - - [15/Jun/2018:08:43:14 +0200] "GET /reload?ser=1529044994710 HTTP/1.1" 200 28 "http://renault.2web.at/account" "Mozilla/5.0 (Windows NT 6.1; WOW64; Trident/7.0; rv:11.0) like Gecko"
212.186.183.210 - - [15/Jun/2018:08:43:30 +0200] "GET /reload?ser=1529045010449 HTTP/1.1" 200 28 "http://renault.activities.at/login" "Mozilla/5.0 (Windows NT 6.1; WOW64; Trident/7.0; rv:11.0) like Gecko"
213.153.47.173 - - [15/Jun/2018:08:43:49 +0200] "GET /reload?ser=1529045029607 HTTP/1.1" 200 28 "http://renault.activities.at/login?required=true" "Mozilla/5.0 (Windows NT 10.0; Win64; x64; rv:60.0) Gecko/20100101 Firefox/60.0"
193.194.132.74 - - [15/Jun/2018:08:44:15 +0200] "GET /reload?ser=1529045055821 HTTP/1.1" 200 28 "http://renault.2web.at/account" "Mozilla/5.0 (Windows NT 6.1; WOW64; Trident/7.0; rv:11.0) like Gecko"
212.186.183.210 - - [15/Jun/2018:08:44:31 +0200] "GET /reload?ser=1529045071128 HTTP/1.1" 200 28 "http://renault.activities.at/login" "Mozilla/5.0 (Windows NT 6.1; WOW64; Trident/7.0; rv:11.0) like Gecko"
213.153.47.173 - - [15/Jun/2018:08:44:50 +0200] "GET /reload?ser=1529045090267 HTTP/1.1" 200 28 "http://renault.activities.at/login?required=true" "Mozilla/5.0 (Windows NT 10.0; Win64; x64; rv:60.0) Gecko/20100101 Firefox/60.0"
193.194.132.74 - - [15/Jun/2018:08:45:17 +0200] "GET /reload?ser=1529045116990 HTTP/1.1" 200 28 "http://renault.2web.at/account" "Mozilla/5.0 (Windows NT 6.1; WOW64; Trident/7.0; rv:11.0) like Gecko"
212.186.183.210 - - [15/Jun/2018:08:45:31 +0200] "GET /reload?ser=1529045131791 HTTP/1.1" 200 28 "http://renault.activities.at/login" "Mozilla/5.0 (Windows NT 6.1; WOW64; Trident/7.0; rv:11.0) like Gecko"
213.153.47.173 - - [15/Jun/2018:08:45:50 +0200] "GET /reload?ser=1529045150919 HTTP/1.1" 200 28 "http://renault.activities.at/login?required=true" "Mozilla/5.0 (Windows NT 10.0; Win64; x64; rv:60.0) Gecko/20100101 Firefox/60.0"
193.194.132.74 - - [15/Jun/2018:08:46:18 +0200] "GET /reload?ser=1529045178088 HTTP/1.1" 200 28 "http://renault.2web.at/account" "Mozilla/5.0 (Windows NT 6.1; WOW64; Trident/7.0; rv:11.0) like Gecko"
212.186.183.210 - - [15/Jun/2018:08:46:32 +0200] "GET /reload?ser=1529045192457 HTTP/1.1" 200 28 "http://renault.activities.at/login" "Mozilla/5.0 (Windows NT 6.1; WOW64; Trident/7.0; rv:11.0) like Gecko"
213.153.47.173 - - [15/Jun/2018:08:46:51 +0200] "GET /reload?ser=1529045211598 HTTP/1.1" 200 28 "http://renault.activities.at/login?required=true" "Mozilla/5.0 (Windows NT 10.0; Win64; x64; rv:60.0) Gecko/20100101 Firefox/60.0"
193.194.132.74 - - [15/Jun/2018:08:47:19 +0200] "GET /reload?ser=1529045239204 HTTP/1.1" 200 28 "http://renault.2web.at/account" "Mozilla/5.0 (Windows NT 6.1; WOW64; Trident/7.0; rv:11.0) like Gecko"
212.186.183.210 - - [15/Jun/2018:08:47:33 +0200] "GET /reload?ser=1529045253148 HTTP/1.1" 200 28 "http://renault.activities.at/login" "Mozilla/5.0 (Windows NT 6.1; WOW64; Trident/7.0; rv:11.0) like Gecko"
213.153.47.173 - - [15/Jun/2018:08:47:52 +0200] "GET /reload?ser=1529045272268 HTTP/1.1" 200 28 "http://renault.activities.at/login?required=true" "Mozilla/5.0 (Windows NT 10.0; Win64; x64; rv:60.0) Gecko/20100101 Firefox/60.0"
193.194.132.74 - - [15/Jun/2018:08:48:20 +0200] "GET /reload?ser=1529045300356 HTTP/1.1" 200 28 "http://renault.2web.at/account" "Mozilla/5.0 (Windows NT 6.1; WOW64; Trident/7.0; rv:11.0) like Gecko"
212.186.183.210 - - [15/Jun/2018:08:48:33 +0200] "GET /reload?ser=1529045313812 HTTP/1.1" 200 28 "http://renault.activities.at/login" "Mozilla/5.0 (Windows NT 6.1; WOW64; Trident/7.0; rv:11.0) like Gecko"
213.153.47.173 - - [15/Jun/2018:08:48:52 +0200] "GET /reload?ser=1529045332949 HTTP/1.1" 200 28 "http://renault.activities.at/login?required=true" "Mozilla/5.0 (Windows NT 10.0; Win64; x64; rv:60.0) Gecko/20100101 Firefox/60.0"
193.194.132.74 - - [15/Jun/2018:08:49:21 +0200] "GET /reload?ser=1529045361506 HTTP/1.1" 200 28 "http://renault.2web.at/account" "Mozilla/5.0 (Windows NT 6.1; WOW64; Trident/7.0; rv:11.0) like Gecko"
212.186.183.210 - - [15/Jun/2018:08:49:34 +0200] "GET /reload?ser=1529045374480 HTTP/1.1" 200 28 "http://renault.activities.at/login" "Mozilla/5.0 (Windows NT 6.1; WOW64; Trident/7.0; rv:11.0) like Gecko"
213.153.47.173 - - [15/Jun/2018:08:49:53 +0200] "GET /reload?ser=1529045393609 HTTP/1.1" 200 28 "http://renault.activities.at/login?required=true" "Mozilla/5.0 (Windows NT 10.0; Win64; x64; rv:60.0) Gecko/20100101 Firefox/60.0"
193.194.132.74 - - [15/Jun/2018:08:50:22 +0200] "GET /reload?ser=1529045422635 HTTP/1.1" 200 28 "http://renault.2web.at/account" "Mozilla/5.0 (Windows NT 6.1; WOW64; Trident/7.0; rv:11.0) like Gecko"
212.186.183.210 - - [15/Jun/2018:08:50:35 +0200] "GET /reload?ser=1529045435143 HTTP/1.1" 200 28 "http://renault.activities.at/login" "Mozilla/5.0 (Windows NT 6.1; WOW64; Trident/7.0; rv:11.0) like Gecko"
213.153.47.173 - - [15/Jun/2018:08:50:54 +0200] "GET /reload?ser=1529045454249 HTTP/1.1" 200 28 "http://renault.activities.at/login?required=true" "Mozilla/5.0 (Windows NT 10.0; Win64; x64; rv:60.0) Gecko/20100101 Firefox/60.0"
193.194.132.74 - - [15/Jun/2018:08:51:23 +0200] "GET /reload?ser=1529045483757 HTTP/1.1" 200 28 "http://renault.2web.at/account" "Mozilla/5.0 (Windows NT 6.1; WOW64; Trident/7.0; rv:11.0) like Gecko"
212.186.183.210 - - [15/Jun/2018:08:51:35 +0200] "GET /reload?ser=1529045495805 HTTP/1.1" 200 28 "http://renault.activities.at/login" "Mozilla/5.0 (Windows NT 6.1; WOW64; Trident/7.0; rv:11.0) like Gecko"
213.153.47.173 - - [15/Jun/2018:08:51:54 +0200] "GET /reload?ser=1529045514911 HTTP/1.1" 200 28 "http://renault.activities.at/login?required=true" "Mozilla/5.0 (Windows NT 10.0; Win64; x64; rv:60.0) Gecko/20100101 Firefox/60.0"
193.194.132.74 - - [15/Jun/2018:08:52:24 +0200] "GET /reload?ser=1529045544793 HTTP/1.1" 200 28 "http://renault.2web.at/account" "Mozilla/5.0 (Windows NT 6.1; WOW64; Trident/7.0; rv:11.0) like Gecko"
212.186.183.210 - - [15/Jun/2018:08:52:36 +0200] "GET /reload?ser=1529045556471 HTTP/1.1" 200 28 "http://renault.activities.at/login" "Mozilla/5.0 (Windows NT 6.1; WOW64; Trident/7.0; rv:11.0) like Gecko"
213.153.47.173 - - [15/Jun/2018:08:52:55 +0200] "GET /reload?ser=1529045575573 HTTP/1.1" 200 28 "http://renault.activities.at/login?required=true" "Mozilla/5.0 (Windows NT 10.0; Win64; x64; rv:60.0) Gecko/20100101 Firefox/60.0"
193.194.132.74 - - [15/Jun/2018:08:53:26 +0200] "GET /reload?ser=1529045605958 HTTP/1.1" 200 28 "http://renault.2web.at/account" "Mozilla/5.0 (Windows NT 6.1; WOW64; Trident/7.0; rv:11.0) like Gecko"
212.186.183.210 - - [15/Jun/2018:08:53:37 +0200] "GET /reload?ser=1529045617150 HTTP/1.1" 200 28 "http://renault.activities.at/login" "Mozilla/5.0 (Windows NT 6.1; WOW64; Trident/7.0; rv:11.0) like Gecko"
213.153.47.173 - - [15/Jun/2018:08:53:56 +0200] "GET /reload?ser=1529045636235 HTTP/1.1" 200 28 "http://renault.activities.at/login?required=true" "Mozilla/5.0 (Windows NT 10.0; Win64; x64; rv:60.0) Gecko/20100101 Firefox/60.0"
193.194.132.74 - - [15/Jun/2018:08:54:27 +0200] "GET /reload?ser=1529045667088 HTTP/1.1" 200 28 "http://renault.2web.at/account" "Mozilla/5.0 (Windows NT 6.1; WOW64; Trident/7.0; rv:11.0) like Gecko"
212.186.183.210 - - [15/Jun/2018:08:54:37 +0200] "GET /reload?ser=1529045677814 HTTP/1.1" 200 28 "http://renault.activities.at/login" "Mozilla/5.0 (Windows NT 6.1; WOW64; Trident/7.0; rv:11.0) like Gecko"
213.153.47.173 - - [15/Jun/2018:08:54:56 +0200] "GET /reload?ser=1529045696887 HTTP/1.1" 200 28 "http://renault.activities.at/login?required=true" "Mozilla/5.0 (Windows NT 10.0; Win64; x64; rv:60.0) Gecko/20100101 Firefox/60.0"
193.194.132.74 - - [15/Jun/2018:08:55:28 +0200] "GET /reload?ser=1529045728254 HTTP/1.1" 200 28 "http://renault.2web.at/account" "Mozilla/5.0 (Windows NT 6.1; WOW64; Trident/7.0; rv:11.0) like Gecko"
212.186.183.210 - - [15/Jun/2018:08:55:38 +0200] "GET /reload?ser=1529045738475 HTTP/1.1" 200 28 "http://renault.activities.at/login" "Mozilla/5.0 (Windows NT 6.1; WOW64; Trident/7.0; rv:11.0) like Gecko"
213.153.47.173 - - [15/Jun/2018:08:55:57 +0200] "GET /reload?ser=1529045757549 HTTP/1.1" 200 28 "http://renault.activities.at/login?required=true" "Mozilla/5.0 (Windows NT 10.0; Win64; x64; rv:60.0) Gecko/20100101 Firefox/60.0"
193.194.132.74 - - [15/Jun/2018:08:56:29 +0200] "GET /reload?ser=1529045789351 HTTP/1.1" 200 28 "http://renault.2web.at/account" "Mozilla/5.0 (Windows NT 6.1; WOW64; Trident/7.0; rv:11.0) like Gecko"
212.186.183.210 - - [15/Jun/2018:08:56:39 +0200] "GET /reload?ser=1529045799136 HTTP/1.1" 200 28 "http://renault.activities.at/login" "Mozilla/5.0 (Windows NT 6.1; WOW64; Trident/7.0; rv:11.0) like Gecko"
213.153.47.173 - - [15/Jun/2018:08:56:58 +0200] "GET /reload?ser=1529045818198 HTTP/1.1" 200 28 "http://renault.activities.at/login?required=true" "Mozilla/5.0 (Windows NT 10.0; Win64; x64; rv:60.0) Gecko/20100101 Firefox/60.0"
193.194.132.74 - - [15/Jun/2018:08:57:30 +0200] "GET /reload?ser=1529045850469 HTTP/1.1" 200 28 "http://renault.2web.at/account" "Mozilla/5.0 (Windows NT 6.1; WOW64; Trident/7.0; rv:11.0) like Gecko"
212.186.183.210 - - [15/Jun/2018:08:57:39 +0200] "GET /reload?ser=1529045859799 HTTP/1.1" 200 28 "http://renault.activities.at/login" "Mozilla/5.0 (Windows NT 6.1; WOW64; Trident/7.0; rv:11.0) like Gecko"
213.153.47.173 - - [15/Jun/2018:08:57:58 +0200] "GET /reload?ser=1529045878859 HTTP/1.1" 200 28 "http://renault.activities.at/login?required=true" "Mozilla/5.0 (Windows NT 10.0; Win64; x64; rv:60.0) Gecko/20100101 Firefox/60.0"
193.194.132.74 - - [15/Jun/2018:08:58:31 +0200] "GET /reload?ser=1529045911642 HTTP/1.1" 200 28 "http://renault.2web.at/account" "Mozilla/5.0 (Windows NT 6.1; WOW64; Trident/7.0; rv:11.0) like Gecko"
212.186.183.210 - - [15/Jun/2018:08:58:40 +0200] "GET /reload?ser=1529045920462 HTTP/1.1" 200 28 "http://renault.activities.at/login" "Mozilla/5.0 (Windows NT 6.1; WOW64; Trident/7.0; rv:11.0) like Gecko"
213.153.47.173 - - [15/Jun/2018:08:58:59 +0200] "GET /reload?ser=1529045939528 HTTP/1.1" 200 28 "http://renault.activities.at/login?required=true" "Mozilla/5.0 (Windows NT 10.0; Win64; x64; rv:60.0) Gecko/20100101 Firefox/60.0"
193.194.132.74 - - [15/Jun/2018:08:59:32 +0200] "GET /reload?ser=1529045972797 HTTP/1.1" 200 28 "http://renault.2web.at/account" "Mozilla/5.0 (Windows NT 6.1; WOW64; Trident/7.0; rv:11.0) like Gecko"
212.186.183.210 - - [15/Jun/2018:08:59:41 +0200] "GET /reload?ser=1529045981143 HTTP/1.1" 200 28 "http://renault.activities.at/login" "Mozilla/5.0 (Windows NT 6.1; WOW64; Trident/7.0; rv:11.0) like Gecko"
213.153.47.173 - - [15/Jun/2018:09:00:00 +0200] "GET /reload?ser=1529046000190 HTTP/1.1" 200 28 "http://renault.activities.at/login?required=true" "Mozilla/5.0 (Windows NT 10.0; Win64; x64; rv:60.0) Gecko/20100101 Firefox/60.0"
193.194.132.74 - - [15/Jun/2018:09:00:34 +0200] "GET /reload?ser=1529046033926 HTTP/1.1" 200 28 "http://renault.2web.at/account" "Mozilla/5.0 (Windows NT 6.1; WOW64; Trident/7.0; rv:11.0) like Gecko"
212.186.183.210 - - [15/Jun/2018:09:00:41 +0200] "GET /reload?ser=1529046041806 HTTP/1.1" 200 28 "http://renault.activities.at/login" "Mozilla/5.0 (Windows NT 6.1; WOW64; Trident/7.0; rv:11.0) like Gecko"
213.153.47.173 - - [15/Jun/2018:09:01:00 +0200] "GET /reload?ser=1529046060849 HTTP/1.1" 200 28 "http://renault.activities.at/login?required=true" "Mozilla/5.0 (Windows NT 10.0; Win64; x64; rv:60.0) Gecko/20100101 Firefox/60.0"
193.194.132.74 - - [15/Jun/2018:09:01:35 +0200] "GET /reload?ser=1529046095072 HTTP/1.1" 200 28 "http://renault.2web.at/account" "Mozilla/5.0 (Windows NT 6.1; WOW64; Trident/7.0; rv:11.0) like Gecko"
212.186.183.210 - - [15/Jun/2018:09:01:42 +0200] "GET /reload?ser=1529046102471 HTTP/1.1" 200 28 "http://renault.activities.at/login" "Mozilla/5.0 (Windows NT 6.1; WOW64; Trident/7.0; rv:11.0) like Gecko"
213.153.47.173 - - [15/Jun/2018:09:02:01 +0200] "GET /reload?ser=1529046121509 HTTP/1.1" 200 28 "http://renault.activities.at/login?required=true" "Mozilla/5.0 (Windows NT 10.0; Win64; x64; rv:60.0) Gecko/20100101 Firefox/60.0"
193.194.132.74 - - [15/Jun/2018:09:02:36 +0200] "GET /reload?ser=1529046156254 HTTP/1.1" 200 28 "http://renault.2web.at/account" "Mozilla/5.0 (Windows NT 6.1; WOW64; Trident/7.0; rv:11.0) like Gecko"
212.186.183.210 - - [15/Jun/2018:09:02:43 +0200] "GET /reload?ser=1529046163151 HTTP/1.1" 200 28 "http://renault.activities.at/login" "Mozilla/5.0 (Windows NT 6.1; WOW64; Trident/7.0; rv:11.0) like Gecko"
213.153.47.173 - - [15/Jun/2018:09:03:02 +0200] "GET /reload?ser=1529046182170 HTTP/1.1" 200 28 "http://renault.activities.at/login?required=true" "Mozilla/5.0 (Windows NT 10.0; Win64; x64; rv:60.0) Gecko/20100101 Firefox/60.0"
193.194.132.74 - - [15/Jun/2018:09:03:37 +0200] "GET /reload?ser=1529046217381 HTTP/1.1" 200 28 "http://renault.2web.at/account" "Mozilla/5.0 (Windows NT 6.1; WOW64; Trident/7.0; rv:11.0) like Gecko"
212.186.183.210 - - [15/Jun/2018:09:03:43 +0200] "GET /reload?ser=1529046223813 HTTP/1.1" 200 28 "http://renault.activities.at/login" "Mozilla/5.0 (Windows NT 6.1; WOW64; Trident/7.0; rv:11.0) like Gecko"
213.153.47.173 - - [15/Jun/2018:09:04:02 +0200] "GET /reload?ser=1529046242857 HTTP/1.1" 200 28 "http://renault.activities.at/login?required=true" "Mozilla/5.0 (Windows NT 10.0; Win64; x64; rv:60.0) Gecko/20100101 Firefox/60.0"
193.194.132.74 - - [15/Jun/2018:09:04:38 +0200] "GET /reload?ser=1529046278593 HTTP/1.1" 200 28 "http://renault.2web.at/account" "Mozilla/5.0 (Windows NT 6.1; WOW64; Trident/7.0; rv:11.0) like Gecko"
212.186.183.210 - - [15/Jun/2018:09:04:44 +0200] "GET /reload?ser=1529046284478 HTTP/1.1" 200 28 "http://renault.activities.at/login" "Mozilla/5.0 (Windows NT 6.1; WOW64; Trident/7.0; rv:11.0) like Gecko"
213.153.47.173 - - [15/Jun/2018:09:05:03 +0200] "GET /reload?ser=1529046303520 HTTP/1.1" 200 28 "http://renault.activities.at/login?required=true" "Mozilla/5.0 (Windows NT 10.0; Win64; x64; rv:60.0) Gecko/20100101 Firefox/60.0"
193.194.132.74 - - [15/Jun/2018:09:05:39 +0200] "GET /reload?ser=1529046339709 HTTP/1.1" 200 28 "http://renault.2web.at/account" "Mozilla/5.0 (Windows NT 6.1; WOW64; Trident/7.0; rv:11.0) like Gecko"
212.186.183.210 - - [15/Jun/2018:09:05:45 +0200] "GET /reload?ser=1529046345141 HTTP/1.1" 200 28 "http://renault.activities.at/login" "Mozilla/5.0 (Windows NT 6.1; WOW64; Trident/7.0; rv:11.0) like Gecko"
213.153.47.173 - - [15/Jun/2018:09:06:04 +0200] "GET /reload?ser=1529046364169 HTTP/1.1" 200 28 "http://renault.activities.at/login?required=true" "Mozilla/5.0 (Windows NT 10.0; Win64; x64; rv:60.0) Gecko/20100101 Firefox/60.0"
193.194.132.74 - - [15/Jun/2018:09:06:41 +0200] "GET /reload?ser=1529046400821 HTTP/1.1" 200 28 "http://renault.2web.at/account" "Mozilla/5.0 (Windows NT 6.1; WOW64; Trident/7.0; rv:11.0) like Gecko"
212.186.183.210 - - [15/Jun/2018:09:06:45 +0200] "GET /reload?ser=1529046405807 HTTP/1.1" 200 28 "http://renault.activities.at/login" "Mozilla/5.0 (Windows NT 6.1; WOW64; Trident/7.0; rv:11.0) like Gecko"
213.153.47.173 - - [15/Jun/2018:09:07:04 +0200] "GET /reload?ser=1529046424829 HTTP/1.1" 200 28 "http://renault.activities.at/login?required=true" "Mozilla/5.0 (Windows NT 10.0; Win64; x64; rv:60.0) Gecko/20100101 Firefox/60.0"
193.194.132.74 - - [15/Jun/2018:09:07:42 +0200] "GET /reload?ser=1529046462029 HTTP/1.1" 200 28 "http://renault.2web.at/account" "Mozilla/5.0 (Windows NT 6.1; WOW64; Trident/7.0; rv:11.0) like Gecko"
