88.116.96.250 - - [15/Jun/2018:10:43:13 +0200] "GET /images/button_right_bg.gif HTTP/1.1" 200 561 "http://renault.activities.at/css/styles.css" "Mozilla/5.0 (Windows NT 6.2; Win64; x64; rv:60.0) Gecko/20100101 Firefox/60.0"
88.116.96.250 - - [15/Jun/2018:10:43:13 +0200] "GET /images/button_bg.gif HTTP/1.1" 200 151 "http://renault.activities.at/css/styles.css" "Mozilla/5.0 (Windows NT 6.2; Win64; x64; rv:60.0) Gecko/20100101 Firefox/60.0"
88.116.96.250 - - [15/Jun/2018:10:43:13 +0200] "GET /images/favicon.ico HTTP/1.1" 404 305 "-" "Mozilla/5.0 (Windows NT 6.2; Win64; x64; rv:60.0) Gecko/20100101 Firefox/60.0"
88.116.96.250 - - [15/Jun/2018:10:43:13 +0200] "GET /loadthumbnail.php?id=11127982 HTTP/1.1" 200 399614 "http://renault.activities.at/login" "Mozilla/5.0 (Windows NT 6.2; Win64; x64; rv:60.0) Gecko/20100101 Firefox/60.0"
193.194.132.73 - - [15/Jun/2018:10:43:26 +0200] "GET /reload?ser=1529052206778 HTTP/1.1" 200 28 "http://renault.2web.at/result?searchterm=true&search=REH100501" "Mozilla/5.0 (Windows NT 6.1; WOW64; Trident/7.0; rv:11.0) like Gecko"
193.194.132.74 - - [15/Jun/2018:10:43:28 +0200] "GET /reload?ser=1529052208403 HTTP/1.1" 200 28 "http://renault.2web.at/account" "Mozilla/5.0 (Windows NT 6.1; WOW64; Trident/7.0; rv:11.0) like Gecko"
88.116.96.250 - - [15/Jun/2018:10:43:39 +0200] "POST /login HTTP/1.1" 302 140 "http://renault.activities.at/login" "Mozilla/5.0 (Windows NT 10.0; Win64; x64; rv:60.0) Gecko/20100101 Firefox/60.0"
213.153.47.173 - - [15/Jun/2018:10:43:43 +0200] "GET /reload?ser=1529052223359 HTTP/1.1" 200 28 "http://renault.activities.at/" "Mozilla/5.0 (Windows NT 10.0; Win64; x64; rv:60.0) Gecko/20100101 Firefox/60.0"
88.116.96.250 - - [15/Jun/2018:10:43:41 +0200] "GET /account HTTP/1.1" 200 6061 "http://renault.activities.at/login" "Mozilla/5.0 (Windows NT 10.0; Win64; x64; rv:60.0) Gecko/20100101 Firefox/60.0"
88.116.96.250 - - [15/Jun/2018:10:43:44 +0200] "GET /js/account.js HTTP/1.1" 200 953 "http://renault.activities.at/account" "Mozilla/5.0 (Windows NT 10.0; Win64; x64; rv:60.0) Gecko/20100101 Firefox/60.0"
88.116.96.250 - - [15/Jun/2018:10:43:44 +0200] "GET /loadthumbnail.php?id=11304858&width=50&height=50 HTTP/1.1" 200 767 "http://renault.activities.at/account" "Mozilla/5.0 (Windows NT 10.0; Win64; x64; rv:60.0) Gecko/20100101 Firefox/60.0"
88.116.96.250 - - [15/Jun/2018:10:43:44 +0200] "GET /loadthumbnail.php?id=11355691&width=50&height=50 HTTP/1.1" 200 715 "http://renault.activities.at/account" "Mozilla/5.0 (Windows NT 10.0; Win64; x64; rv:60.0) Gecko/20100101 Firefox/60.0"
88.116.96.250 - - [15/Jun/2018:10:43:44 +0200] "GET /images/top_links_divider.gif HTTP/1.1" 200 44 "http://renault.activities.at/css/styles.css" "Mozilla/5.0 (Windows NT 10.0; Win64; x64; rv:60.0) Gecko/20100101 Firefox/60.0"
88.116.96.250 - - [15/Jun/2018:10:43:44 +0200] "GET /images/menu_button_bg.jpg HTTP/1.1" 200 322 "http://renault.activities.at/css/styles.css" "Mozilla/5.0 (Windows NT 10.0; Win64; x64; rv:60.0) Gecko/20100101 Firefox/60.0"
88.116.96.250 - - [15/Jun/2018:10:43:44 +0200] "GET /images/nav_divider.gif HTTP/1.1" 200 43 "http://renault.activities.at/css/styles.css" "Mozilla/5.0 (Windows NT 10.0; Win64; x64; rv:60.0) Gecko/20100101 Firefox/60.0"
88.116.96.250 - - [15/Jun/2018:10:43:44 +0200] "GET /images/menu_divider.gif HTTP/1.1" 200 176 "http://renault.activities.at/css/styles.css" "Mozilla/5.0 (Windows NT 10.0; Win64; x64; rv:60.0) Gecko/20100101 Firefox/60.0"
88.116.96.250 - - [15/Jun/2018:10:43:44 +0200] "GET /images/search_bg.gif HTTP/1.1" 200 1726 "http://renault.activities.at/css/styles.css" "Mozilla/5.0 (Windows NT 10.0; Win64; x64; rv:60.0) Gecko/20100101 Firefox/60.0"
88.116.96.250 - - [15/Jun/2018:10:43:44 +0200] "GET /images/sidebar_title_border.gif HTTP/1.1" 200 43 "http://renault.activities.at/css/styles.css" "Mozilla/5.0 (Windows NT 10.0; Win64; x64; rv:60.0) Gecko/20100101 Firefox/60.0"
88.116.96.250 - - [15/Jun/2018:10:43:44 +0200] "GET /images/sidebar_title_border_top.gif HTTP/1.1" 200 155 "http://renault.activities.at/css/styles.css" "Mozilla/5.0 (Windows NT 10.0; Win64; x64; rv:60.0) Gecko/20100101 Firefox/60.0"
88.116.96.250 - - [15/Jun/2018:10:43:44 +0200] "GET /images/sidebar_title_corner_left_top.gif HTTP/1.1" 200 1124 "http://renault.activities.at/css/styles.css" "Mozilla/5.0 (Windows NT 10.0; Win64; x64; rv:60.0) Gecko/20100101 Firefox/60.0"
88.116.96.250 - - [15/Jun/2018:10:43:44 +0200] "GET /images/sidebar_title_corner_right_top.gif HTTP/1.1" 200 383 "http://renault.activities.at/css/styles.css" "Mozilla/5.0 (Windows NT 10.0; Win64; x64; rv:60.0) Gecko/20100101 Firefox/60.0"
88.116.96.250 - - [15/Jun/2018:10:43:44 +0200] "GET /images/footer_divider.gif HTTP/1.1" 200 44 "http://renault.activities.at/css/styles.css" "Mozilla/5.0 (Windows NT 10.0; Win64; x64; rv:60.0) Gecko/20100101 Firefox/60.0"
88.116.96.250 - - [15/Jun/2018:10:43:43 +0200] "POST /login HTTP/1.1" 200 2157 "http://renault.activities.at/login" "Mozilla/5.0 (Windows NT 6.2; Win64; x64; rv:60.0) Gecko/20100101 Firefox/60.0"
88.116.96.250 - - [15/Jun/2018:10:43:45 +0200] "GET /images/error_msg_icon.gif HTTP/1.1" 200 1013 "http://renault.activities.at/css/styles.css" "Mozilla/5.0 (Windows NT 6.2; Win64; x64; rv:60.0) Gecko/20100101 Firefox/60.0"
88.116.96.250 - - [15/Jun/2018:10:43:45 +0200] "GET /favicon.ico HTTP/1.1" 200 3250 "-" "Mozilla/5.0 (Windows NT 6.2; Win64; x64; rv:60.0) Gecko/20100101 Firefox/60.0"
212.186.183.210 - - [15/Jun/2018:10:43:50 +0200] "GET /reload?ser=1529052230132 HTTP/1.1" 200 28 "http://renault.activities.at/login" "Mozilla/5.0 (Windows NT 6.1; WOW64; Trident/7.0; rv:11.0) like Gecko"
88.116.96.250 - - [15/Jun/2018:10:43:59 +0200] "GET /action HTTP/1.1" 200 3934 "http://renault.activities.at/account" "Mozilla/5.0 (Windows NT 10.0; Win64; x64; rv:60.0) Gecko/20100101 Firefox/60.0"
88.116.96.250 - - [15/Jun/2018:10:44:03 +0200] "POST /login HTTP/1.1" 200 2157 "http://renault.activities.at/login" "Mozilla/5.0 (Windows NT 6.2; Win64; x64; rv:60.0) Gecko/20100101 Firefox/60.0"
88.116.96.250 - - [15/Jun/2018:10:44:04 +0200] "GET /11820559 HTTP/1.1" 200 7262 "http://renault.activities.at/action" "Mozilla/5.0 (Windows NT 10.0; Win64; x64; rv:60.0) Gecko/20100101 Firefox/60.0"
88.116.96.250 - - [15/Jun/2018:10:44:06 +0200] "GET /js/prototip.js HTTP/1.1" 200 4588 "http://renault.activities.at/11820559" "Mozilla/5.0 (Windows NT 10.0; Win64; x64; rv:60.0) Gecko/20100101 Firefox/60.0"
88.116.96.250 - - [15/Jun/2018:10:44:06 +0200] "GET /js/actionorder.js HTTP/1.1" 200 4403 "http://renault.activities.at/11820559" "Mozilla/5.0 (Windows NT 10.0; Win64; x64; rv:60.0) Gecko/20100101 Firefox/60.0"
88.116.96.250 - - [15/Jun/2018:10:44:06 +0200] "GET /js/actiontabs.js HTTP/1.1" 200 519 "http://renault.activities.at/11820559" "Mozilla/5.0 (Windows NT 10.0; Win64; x64; rv:60.0) Gecko/20100101 Firefox/60.0"
88.116.96.250 - - [15/Jun/2018:10:44:06 +0200] "GET /images/loading.gif HTTP/1.1" 200 3208 "http://renault.activities.at/11820559" "Mozilla/5.0 (Windows NT 10.0; Win64; x64; rv:60.0) Gecko/20100101 Firefox/60.0"
88.116.96.250 - - [15/Jun/2018:10:44:06 +0200] "GET /images/ajax_loading.gif HTTP/1.1" 200 1542 "http://renault.activities.at/11820559" "Mozilla/5.0 (Windows NT 10.0; Win64; x64; rv:60.0) Gecko/20100101 Firefox/60.0"
88.116.96.250 - - [15/Jun/2018:10:44:06 +0200] "GET /images/icons/page_lupe.gif HTTP/1.1" 200 1070 "http://renault.activities.at/11820559" "Mozilla/5.0 (Windows NT 10.0; Win64; x64; rv:60.0) Gecko/20100101 Firefox/60.0"
88.116.96.250 - - [15/Jun/2018:10:44:06 +0200] "GET /loadthumbnail.php?id=10203651&width=200 HTTP/1.1" 200 4671 "http://renault.activities.at/11820559" "Mozilla/5.0 (Windows NT 10.0; Win64; x64; rv:60.0) Gecko/20100101 Firefox/60.0"
88.116.96.250 - - [15/Jun/2018:10:44:06 +0200] "GET /images/tabs_button_corner_left_top_active.gif HTTP/1.1" 200 138 "http://renault.activities.at/css/styles.css" "Mozilla/5.0 (Windows NT 10.0; Win64; x64; rv:60.0) Gecko/20100101 Firefox/60.0"
88.116.96.250 - - [15/Jun/2018:10:44:06 +0200] "GET /images/tabs_button_corner_right_top_active.gif HTTP/1.1" 200 136 "http://renault.activities.at/css/styles.css" "Mozilla/5.0 (Windows NT 10.0; Win64; x64; rv:60.0) Gecko/20100101 Firefox/60.0"
88.116.96.250 - - [15/Jun/2018:10:44:06 +0200] "GET /images/tabs_border.gif HTTP/1.1" 200 43 "http://renault.activities.at/css/styles.css" "Mozilla/5.0 (Windows NT 10.0; Win64; x64; rv:60.0) Gecko/20100101 Firefox/60.0"
88.116.96.250 - - [15/Jun/2018:10:44:06 +0200] "GET /images/tabs_corner_left_top.gif HTTP/1.1" 200 99 "http://renault.activities.at/css/styles.css" "Mozilla/5.0 (Windows NT 10.0; Win64; x64; rv:60.0) Gecko/20100101 Firefox/60.0"
88.116.96.250 - - [15/Jun/2018:10:44:06 +0200] "GET /images/tabs_corner_right_top.gif HTTP/1.1" 200 98 "http://renault.activities.at/css/styles.css" "Mozilla/5.0 (Windows NT 10.0; Win64; x64; rv:60.0) Gecko/20100101 Firefox/60.0"
88.116.96.250 - - [15/Jun/2018:10:44:06 +0200] "GET /images/tabs_corner_left_bot.gif HTTP/1.1" 200 98 "http://renault.activities.at/css/styles.css" "Mozilla/5.0 (Windows NT 10.0; Win64; x64; rv:60.0) Gecko/20100101 Firefox/60.0"
88.116.96.250 - - [15/Jun/2018:10:44:06 +0200] "GET /images/tabs_corner_right_bot.gif HTTP/1.1" 200 99 "http://renault.activities.at/css/styles.css" "Mozilla/5.0 (Windows NT 10.0; Win64; x64; rv:60.0) Gecko/20100101 Firefox/60.0"
88.116.96.250 - - [15/Jun/2018:10:44:06 +0200] "GET /images/vista-up.gif HTTP/1.1" 200 131 "http://renault.activities.at/css/styles.css" "Mozilla/5.0 (Windows NT 10.0; Win64; x64; rv:60.0) Gecko/20100101 Firefox/60.0"
88.116.96.250 - - [15/Jun/2018:10:44:06 +0200] "GET /images/vista-dn.gif HTTP/1.1" 200 128 "http://renault.activities.at/css/styles.css" "Mozilla/5.0 (Windows NT 10.0; Win64; x64; rv:60.0) Gecko/20100101 Firefox/60.0"
88.116.96.250 - - [15/Jun/2018:10:44:19 +0200] "GET /result?searchterm=true&search=rechnung HTTP/1.1" 200 6686 "http://renault.activities.at/11820559" "Mozilla/5.0 (Windows NT 10.0; Win64; x64; rv:60.0) Gecko/20100101 Firefox/60.0"
88.116.96.250 - - [15/Jun/2018:10:44:21 +0200] "GET /js/ProduktGrp.js HTTP/1.1" 200 1569 "http://renault.activities.at/result?searchterm=true&search=rechnung" "Mozilla/5.0 (Windows NT 10.0; Win64; x64; rv:60.0) Gecko/20100101 Firefox/60.0"
88.116.96.250 - - [15/Jun/2018:10:44:21 +0200] "GET /loadthumbnail.php?id=10203255 HTTP/1.1" 200 137 "http://renault.activities.at/result?searchterm=true&search=rechnung" "Mozilla/5.0 (Windows NT 10.0; Win64; x64; rv:60.0) Gecko/20100101 Firefox/60.0"
88.116.96.250 - - [15/Jun/2018:10:44:21 +0200] "GET /loadthumbnail.php?id=11423690&width=113 HTTP/1.1" 200 1470 "http://renault.activities.at/result?searchterm=true&search=rechnung" "Mozilla/5.0 (Windows NT 10.0; Win64; x64; rv:60.0) Gecko/20100101 Firefox/60.0"
88.116.96.250 - - [15/Jun/2018:10:44:21 +0200] "GET /loadthumbnail.php?id=11100138&width=113 HTTP/1.1" 200 4475 "http://renault.activities.at/result?searchterm=true&search=rechnung" "Mozilla/5.0 (Windows NT 10.0; Win64; x64; rv:60.0) Gecko/20100101 Firefox/60.0"
88.116.96.250 - - [15/Jun/2018:10:44:21 +0200] "GET /loadthumbnail.php?id=11532883&width=113 HTTP/1.1" 200 35124 "http://renault.activities.at/result?searchterm=true&search=rechnung" "Mozilla/5.0 (Windows NT 10.0; Win64; x64; rv:60.0) Gecko/20100101 Firefox/60.0"
88.116.96.250 - - [15/Jun/2018:10:44:21 +0200] "GET /loadthumbnail.php?id=11423689&width=113 HTTP/1.1" 200 1359 "http://renault.activities.at/result?searchterm=true&search=rechnung" "Mozilla/5.0 (Windows NT 10.0; Win64; x64; rv:60.0) Gecko/20100101 Firefox/60.0"
88.116.96.250 - - [15/Jun/2018:10:44:21 +0200] "GET /images/pager_bg.gif HTTP/1.1" 200 150 "http://renault.activities.at/css/styles.css" "Mozilla/5.0 (Windows NT 10.0; Win64; x64; rv:60.0) Gecko/20100101 Firefox/60.0"
88.116.96.250 - - [15/Jun/2018:10:44:21 +0200] "GET /loadthumbnail.php?id=10836228&width=113 HTTP/1.1" 200 4731 "http://renault.activities.at/result?searchterm=true&search=rechnung" "Mozilla/5.0 (Windows NT 10.0; Win64; x64; rv:60.0) Gecko/20100101 Firefox/60.0"
88.116.96.250 - - [15/Jun/2018:10:44:21 +0200] "GET /loadthumbnail.php?id=10836220&width=113 HTTP/1.1" 200 4675 "http://renault.activities.at/result?searchterm=true&search=rechnung" "Mozilla/5.0 (Windows NT 10.0; Win64; x64; rv:60.0) Gecko/20100101 Firefox/60.0"
88.116.96.250 - - [15/Jun/2018:10:44:19 +0200] "POST /axjaxrequest?mode=suggest HTTP/1.1" 200 174 "http://renault.activities.at/11820559" "Mozilla/5.0 (Windows NT 10.0; Win64; x64; rv:60.0) Gecko/20100101 Firefox/60.0"
88.116.96.250 - - [15/Jun/2018:10:44:22 +0200] "POST /login HTTP/1.1" 200 2157 "http://renault.activities.at/login" "Mozilla/5.0 (Windows NT 6.2; Win64; x64; rv:60.0) Gecko/20100101 Firefox/60.0"
88.116.96.250 - - [15/Jun/2018:10:44:28 +0200] "GET /css/themes/alphacube/top_mid.gif HTTP/1.1" 200 833 "http://renault.activities.at/css/themes/alphacube.css" "Mozilla/5.0 (Windows NT 10.0; Win64; x64; rv:60.0) Gecko/20100101 Firefox/60.0"
88.116.96.250 - - [15/Jun/2018:10:44:28 +0200] "GET /css/themes/alphacube/bottom_middle.gif HTTP/1.1" 200 44 "http://renault.activities.at/css/themes/alphacube.css" "Mozilla/5.0 (Windows NT 10.0; Win64; x64; rv:60.0) Gecko/20100101 Firefox/60.0"
88.116.96.250 - - [15/Jun/2018:10:44:28 +0200] "GET /css/themes/alphacube/frame_right.gif HTTP/1.1" 200 64 "http://renault.activities.at/css/themes/alphacube.css" "Mozilla/5.0 (Windows NT 10.0; Win64; x64; rv:60.0) Gecko/20100101 Firefox/60.0"
88.116.96.250 - - [15/Jun/2018:10:44:28 +0200] "GET /css/themes/alphacube/frame_left.gif HTTP/1.1" 200 64 "http://renault.activities.at/css/themes/alphacube.css" "Mozilla/5.0 (Windows NT 10.0; Win64; x64; rv:60.0) Gecko/20100101 Firefox/60.0"
88.116.96.250 - - [15/Jun/2018:10:44:28 +0200] "GET /css/themes/alphacube/button-close-focus.gif HTTP/1.1" 200 699 "http://renault.activities.at/css/themes/alphacube.css" "Mozilla/5.0 (Windows NT 10.0; Win64; x64; rv:60.0) Gecko/20100101 Firefox/60.0"
88.116.96.250 - - [15/Jun/2018:10:44:28 +0200] "GET /css/themes/alphacube/top_left.gif HTTP/1.1" 200 973 "http://renault.activities.at/css/themes/alphacube.css" "Mozilla/5.0 (Windows NT 10.0; Win64; x64; rv:60.0) Gecko/20100101 Firefox/60.0"
88.116.96.250 - - [15/Jun/2018:10:44:28 +0200] "GET /css/themes/alphacube/top_right.gif HTTP/1.1" 200 972 "http://renault.activities.at/css/themes/alphacube.css" "Mozilla/5.0 (Windows NT 10.0; Win64; x64; rv:60.0) Gecko/20100101 Firefox/60.0"
88.116.96.250 - - [15/Jun/2018:10:44:28 +0200] "GET /css/themes/alphacube/bottom_left-c.gif HTTP/1.1" 200 62 "http://renault.activities.at/css/themes/alphacube.css" "Mozilla/5.0 (Windows NT 10.0; Win64; x64; rv:60.0) Gecko/20100101 Firefox/60.0"
88.116.96.250 - - [15/Jun/2018:10:44:28 +0200] "GET /css/themes/alphacube/bottom_right-c.gif HTTP/1.1" 200 62 "http://renault.activities.at/css/themes/alphacube.css" "Mozilla/5.0 (Windows NT 10.0; Win64; x64; rv:60.0) Gecko/20100101 Firefox/60.0"
193.194.132.73 - - [15/Jun/2018:10:44:28 +0200] "GET /reload?ser=1529052267956 HTTP/1.1" 200 28 "http://renault.2web.at/result?searchterm=true&search=REH100501" "Mozilla/5.0 (Windows NT 6.1; WOW64; Trident/7.0; rv:11.0) like Gecko"
193.194.132.74 - - [15/Jun/2018:10:44:29 +0200] "GET /reload?ser=1529052269555 HTTP/1.1" 200 28 "http://renault.2web.at/account" "Mozilla/5.0 (Windows NT 6.1; WOW64; Trident/7.0; rv:11.0) like Gecko"
88.116.96.250 - - [15/Jun/2018:10:44:28 +0200] "GET /717102?print=true HTTP/1.1" 200 2668 "http://renault.activities.at/result?searchterm=true&search=rechnung" "Mozilla/5.0 (Windows NT 10.0; Win64; x64; rv:60.0) Gecko/20100101 Firefox/60.0"
88.116.96.250 - - [15/Jun/2018:10:44:31 +0200] "GET /js/magiczoom/magiczoom.css HTTP/1.1" 200 1210 "http://renault.activities.at/717102?print=true" "Mozilla/5.0 (Windows NT 10.0; Win64; x64; rv:60.0) Gecko/20100101 Firefox/60.0"
88.116.96.250 - - [15/Jun/2018:10:44:31 +0200] "GET /js/magiczoom/magiczoom.js HTTP/1.1" 200 26397 "http://renault.activities.at/717102?print=true" "Mozilla/5.0 (Windows NT 10.0; Win64; x64; rv:60.0) Gecko/20100101 Firefox/60.0"
88.116.96.250 - - [15/Jun/2018:10:44:31 +0200] "GET /js/Produkt.js HTTP/1.1" 200 852 "http://renault.activities.at/717102?print=true" "Mozilla/5.0 (Windows NT 10.0; Win64; x64; rv:60.0) Gecko/20100101 Firefox/60.0"
88.116.96.250 - - [15/Jun/2018:10:44:31 +0200] "GET /loadthumbnail.php?id=11423689&width=250 HTTP/1.1" 200 3293 "http://renault.activities.at/717102?print=true" "Mozilla/5.0 (Windows NT 10.0; Win64; x64; rv:60.0) Gecko/20100101 Firefox/60.0"
88.116.96.250 - - [15/Jun/2018:10:44:31 +0200] "GET /loadthumbnail.php?id=11423689&width=900&height=900 HTTP/1.1" 200 21629 "http://renault.activities.at/717102?print=true" "Mozilla/5.0 (Windows NT 10.0; Win64; x64; rv:60.0) Gecko/20100101 Firefox/60.0"
88.116.96.250 - - [15/Jun/2018:10:44:32 +0200] "GET /js/magiczoom/graphics/hint.gif HTTP/1.1" 200 73 "http://renault.activities.at/js/magiczoom/magiczoom.css" "Mozilla/5.0 (Windows NT 10.0; Win64; x64; rv:60.0) Gecko/20100101 Firefox/60.0"
88.116.96.250 - - [15/Jun/2018:10:44:34 +0200] "GET /js/magiczoom/graphics/zoomin.cur HTTP/1.1" 200 326 "http://renault.activities.at/js/magiczoom/magiczoom.css" "Mozilla/5.0 (Windows NT 10.0; Win64; x64; rv:60.0) Gecko/20100101 Firefox/60.0"
213.153.47.173 - - [15/Jun/2018:10:44:44 +0200] "GET /reload?ser=1529052284009 HTTP/1.1" 200 28 "http://renault.activities.at/" "Mozilla/5.0 (Windows NT 10.0; Win64; x64; rv:60.0) Gecko/20100101 Firefox/60.0"
212.186.183.210 - - [15/Jun/2018:10:44:50 +0200] "GET /reload?ser=1529052290795 HTTP/1.1" 200 28 "http://renault.activities.at/login" "Mozilla/5.0 (Windows NT 6.1; WOW64; Trident/7.0; rv:11.0) like Gecko"
88.116.96.250 - - [15/Jun/2018:10:45:07 +0200] "POST /login HTTP/1.1" 200 2157 "http://renault.activities.at/login" "Mozilla/5.0 (Windows NT 6.2; Win64; x64; rv:60.0) Gecko/20100101 Firefox/60.0"
88.116.96.250 - - [15/Jun/2018:10:45:16 +0200] "GET /result?searchterm=true&search=flag HTTP/1.1" 200 8470 "http://renault.activities.at/result?searchterm=true&search=rechnung" "Mozilla/5.0 (Windows NT 10.0; Win64; x64; rv:60.0) Gecko/20100101 Firefox/60.0"
88.116.96.250 - - [15/Jun/2018:10:45:19 +0200] "GET /loadthumbnail.php?id=10203276 HTTP/1.1" 200 75 "http://renault.activities.at/result?searchterm=true&search=flag" "Mozilla/5.0 (Windows NT 10.0; Win64; x64; rv:60.0) Gecko/20100101 Firefox/60.0"
88.116.96.250 - - [15/Jun/2018:10:45:19 +0200] "GET /loadthumbnail.php?id=10203650&width=113 HTTP/1.1" 200 2741 "http://renault.activities.at/result?searchterm=true&search=flag" "Mozilla/5.0 (Windows NT 10.0; Win64; x64; rv:60.0) Gecko/20100101 Firefox/60.0"
88.116.96.250 - - [15/Jun/2018:10:45:19 +0200] "GET /loadthumbnail.php?id=11171345&width=113 HTTP/1.1" 200 2786 "http://renault.activities.at/result?searchterm=true&search=flag" "Mozilla/5.0 (Windows NT 10.0; Win64; x64; rv:60.0) Gecko/20100101 Firefox/60.0"
88.116.96.250 - - [15/Jun/2018:10:45:19 +0200] "GET /loadthumbnail.php?id=10925819&width=113 HTTP/1.1" 200 4429 "http://renault.activities.at/result?searchterm=true&search=flag" "Mozilla/5.0 (Windows NT 10.0; Win64; x64; rv:60.0) Gecko/20100101 Firefox/60.0"
88.116.96.250 - - [15/Jun/2018:10:45:19 +0200] "GET /loadthumbnail.php?id=11171346&width=113 HTTP/1.1" 200 2786 "http://renault.activities.at/result?searchterm=true&search=flag" "Mozilla/5.0 (Windows NT 10.0; Win64; x64; rv:60.0) Gecko/20100101 Firefox/60.0"
88.116.96.250 - - [15/Jun/2018:10:45:19 +0200] "GET /loadthumbnail.php?id=10925818&width=113 HTTP/1.1" 200 1753 "http://renault.activities.at/result?searchterm=true&search=flag" "Mozilla/5.0 (Windows NT 10.0; Win64; x64; rv:60.0) Gecko/20100101 Firefox/60.0"
88.116.96.250 - - [15/Jun/2018:10:45:19 +0200] "GET /loadthumbnail.php?id=11111495&width=113 HTTP/1.1" 200 1788 "http://renault.activities.at/result?searchterm=true&search=flag" "Mozilla/5.0 (Windows NT 10.0; Win64; x64; rv:60.0) Gecko/20100101 Firefox/60.0"
88.116.96.250 - - [15/Jun/2018:10:45:19 +0200] "GET /loadthumbnail.php?id=11111497&width=113 HTTP/1.1" 200 1788 "http://renault.activities.at/result?searchterm=true&search=flag" "Mozilla/5.0 (Windows NT 10.0; Win64; x64; rv:60.0) Gecko/20100101 Firefox/60.0"
88.116.96.250 - - [15/Jun/2018:10:45:19 +0200] "GET /loadthumbnail.php?id=11111496&width=113 HTTP/1.1" 200 1791 "http://renault.activities.at/result?searchterm=true&search=flag" "Mozilla/5.0 (Windows NT 10.0; Win64; x64; rv:60.0) Gecko/20100101 Firefox/60.0"
88.116.96.250 - - [15/Jun/2018:10:45:19 +0200] "GET /loadthumbnail.php?id=11111498&width=113 HTTP/1.1" 200 1791 "http://renault.activities.at/result?searchterm=true&search=flag" "Mozilla/5.0 (Windows NT 10.0; Win64; x64; rv:60.0) Gecko/20100101 Firefox/60.0"
88.116.96.250 - - [15/Jun/2018:10:45:19 +0200] "GET /loadthumbnail.php?id=11111985&width=113 HTTP/1.1" 200 1814 "http://renault.activities.at/result?searchterm=true&search=flag" "Mozilla/5.0 (Windows NT 10.0; Win64; x64; rv:60.0) Gecko/20100101 Firefox/60.0"
88.116.96.250 - - [15/Jun/2018:10:45:19 +0200] "GET /loadthumbnail.php?id=11112261&width=113 HTTP/1.1" 200 1814 "http://renault.activities.at/result?searchterm=true&search=flag" "Mozilla/5.0 (Windows NT 10.0; Win64; x64; rv:60.0) Gecko/20100101 Firefox/60.0"
88.116.96.250 - - [15/Jun/2018:10:45:19 +0200] "GET /loadthumbnail.php?id=11112110&width=113 HTTP/1.1" 200 1851 "http://renault.activities.at/result?searchterm=true&search=flag" "Mozilla/5.0 (Windows NT 10.0; Win64; x64; rv:60.0) Gecko/20100101 Firefox/60.0"
88.116.96.250 - - [15/Jun/2018:10:45:16 +0200] "POST /axjaxrequest?mode=suggest HTTP/1.1" 200 145 "http://renault.activities.at/result?searchterm=true&search=rechnung" "Mozilla/5.0 (Windows NT 10.0; Win64; x64; rv:60.0) Gecko/20100101 Firefox/60.0"
88.116.96.250 - - [15/Jun/2018:10:45:28 +0200] "POST /login HTTP/1.1" 200 2157 "http://renault.activities.at/login" "Mozilla/5.0 (Windows NT 6.2; Win64; x64; rv:60.0) Gecko/20100101 Firefox/60.0"
193.194.132.73 - - [15/Jun/2018:10:45:29 +0200] "GET /reload?ser=1529052329149 HTTP/1.1" 200 28 "http://renault.2web.at/result?searchterm=true&search=REH100501" "Mozilla/5.0 (Windows NT 6.1; WOW64; Trident/7.0; rv:11.0) like Gecko"
193.194.132.74 - - [15/Jun/2018:10:45:30 +0200] "GET /reload?ser=1529052330651 HTTP/1.1" 200 28 "http://renault.2web.at/account" "Mozilla/5.0 (Windows NT 6.1; WOW64; Trident/7.0; rv:11.0) like Gecko"
88.116.96.250 - - [15/Jun/2018:10:45:36 +0200] "GET /login HTTP/1.1" 200 2086 "-" "Mozilla/5.0 (Windows NT 6.2; Win64; x64; rv:60.0) Gecko/20100101 Firefox/60.0"
213.153.47.173 - - [15/Jun/2018:10:45:44 +0200] "GET /reload?ser=1529052344646 HTTP/1.1" 200 28 "http://renault.activities.at/" "Mozilla/5.0 (Windows NT 10.0; Win64; x64; rv:60.0) Gecko/20100101 Firefox/60.0"
88.116.96.250 - - [15/Jun/2018:10:45:44 +0200] "GET /result?dir=DESC&mode=grid&order=name&limit=15&page=2&search=flag HTTP/1.1" 200 6788 "http://renault.activities.at/result?searchterm=true&search=flag" "Mozilla/5.0 (Windows NT 10.0; Win64; x64; rv:60.0) Gecko/20100101 Firefox/60.0"
88.116.96.250 - - [15/Jun/2018:10:45:46 +0200] "GET /loadthumbnail.php?id=10203275 HTTP/1.1" 200 85 "http://renault.activities.at/result?dir=DESC&mode=grid&order=name&limit=15&page=2&search=flag" "Mozilla/5.0 (Windows NT 10.0; Win64; x64; rv:60.0) Gecko/20100101 Firefox/60.0"
88.116.96.250 - - [15/Jun/2018:10:45:46 +0200] "GET /loadthumbnail.php?id=11112400&width=113 HTTP/1.1" 200 1851 "http://renault.activities.at/result?dir=DESC&mode=grid&order=name&limit=15&page=2&search=flag" "Mozilla/5.0 (Windows NT 10.0; Win64; x64; rv:60.0) Gecko/20100101 Firefox/60.0"
88.116.96.250 - - [15/Jun/2018:10:45:46 +0200] "GET /loadthumbnail.php?id=10562347&width=113 HTTP/1.1" 200 4993 "http://renault.activities.at/result?dir=DESC&mode=grid&order=name&limit=15&page=2&search=flag" "Mozilla/5.0 (Windows NT 10.0; Win64; x64; rv:60.0) Gecko/20100101 Firefox/60.0"
88.116.96.250 - - [15/Jun/2018:10:45:46 +0200] "GET /loadthumbnail.php?id=10562346&width=113 HTTP/1.1" 200 5314 "http://renault.activities.at/result?dir=DESC&mode=grid&order=name&limit=15&page=2&search=flag" "Mozilla/5.0 (Windows NT 10.0; Win64; x64; rv:60.0) Gecko/20100101 Firefox/60.0"
88.116.96.250 - - [15/Jun/2018:10:45:46 +0200] "GET /loadthumbnail.php?id=11124852&width=113 HTTP/1.1" 200 8535 "http://renault.activities.at/result?dir=DESC&mode=grid&order=name&limit=15&page=2&search=flag" "Mozilla/5.0 (Windows NT 10.0; Win64; x64; rv:60.0) Gecko/20100101 Firefox/60.0"
88.116.96.250 - - [15/Jun/2018:10:45:46 +0200] "GET /loadthumbnail.php?id=11078141&width=113 HTTP/1.1" 200 8866 "http://renault.activities.at/result?dir=DESC&mode=grid&order=name&limit=15&page=2&search=flag" "Mozilla/5.0 (Windows NT 10.0; Win64; x64; rv:60.0) Gecko/20100101 Firefox/60.0"
212.186.183.210 - - [15/Jun/2018:10:45:51 +0200] "GET /reload?ser=1529052351457 HTTP/1.1" 200 28 "http://renault.activities.at/login" "Mozilla/5.0 (Windows NT 6.1; WOW64; Trident/7.0; rv:11.0) like Gecko"
88.116.96.250 - - [15/Jun/2018:10:46:01 +0200] "POST /login HTTP/1.1" 200 2157 "http://renault.activities.at/login" "Mozilla/5.0 (Windows NT 6.2; Win64; x64; rv:60.0) Gecko/20100101 Firefox/60.0"
88.116.96.250 - - [15/Jun/2018:10:46:20 +0200] "GET /10201442 HTTP/1.1" 200 8666 "http://renault.activities.at/result?dir=DESC&mode=grid&order=name&limit=15&page=2&search=flag" "Mozilla/5.0 (Windows NT 10.0; Win64; x64; rv:60.0) Gecko/20100101 Firefox/60.0"
88.116.96.250 - - [15/Jun/2018:10:46:23 +0200] "GET /loadthumbnail.php?id=11679118&width=113 HTTP/1.1" 200 33438 "http://renault.activities.at/10201442" "Mozilla/5.0 (Windows NT 10.0; Win64; x64; rv:60.0) Gecko/20100101 Firefox/60.0"
88.116.96.250 - - [15/Jun/2018:10:46:23 +0200] "GET /loadthumbnail.php?id=11679091&width=113 HTTP/1.1" 200 33845 "http://renault.activities.at/10201442" "Mozilla/5.0 (Windows NT 10.0; Win64; x64; rv:60.0) Gecko/20100101 Firefox/60.0"
88.116.96.250 - - [15/Jun/2018:10:46:24 +0200] "GET /loadthumbnail.php?id=11679106&width=113 HTTP/1.1" 200 35719 "http://renault.activities.at/10201442" "Mozilla/5.0 (Windows NT 10.0; Win64; x64; rv:60.0) Gecko/20100101 Firefox/60.0"
88.116.96.250 - - [15/Jun/2018:10:46:23 +0200] "GET /loadthumbnail.php?id=11679096&width=113 HTTP/1.1" 200 34481 "http://renault.activities.at/10201442" "Mozilla/5.0 (Windows NT 10.0; Win64; x64; rv:60.0) Gecko/20100101 Firefox/60.0"
88.116.96.250 - - [15/Jun/2018:10:46:24 +0200] "GET /loadthumbnail.php?id=11679123&width=113 HTTP/1.1" 200 35506 "http://renault.activities.at/10201442" "Mozilla/5.0 (Windows NT 10.0; Win64; x64; rv:60.0) Gecko/20100101 Firefox/60.0"
88.116.96.250 - - [15/Jun/2018:10:46:23 +0200] "GET /loadthumbnail.php?id=11679101&width=113 HTTP/1.1" 200 36881 "http://renault.activities.at/10201442" "Mozilla/5.0 (Windows NT 10.0; Win64; x64; rv:60.0) Gecko/20100101 Firefox/60.0"
88.116.96.250 - - [15/Jun/2018:10:46:24 +0200] "GET /loadthumbnail.php?id=11742691&width=113 HTTP/1.1" 200 5717 "http://renault.activities.at/10201442" "Mozilla/5.0 (Windows NT 10.0; Win64; x64; rv:60.0) Gecko/20100101 Firefox/60.0"
88.116.96.250 - - [15/Jun/2018:10:46:24 +0200] "GET /loadthumbnail.php?id=11679111&width=113 HTTP/1.1" 200 34281 "http://renault.activities.at/10201442" "Mozilla/5.0 (Windows NT 10.0; Win64; x64; rv:60.0) Gecko/20100101 Firefox/60.0"
88.116.96.250 - - [15/Jun/2018:10:46:24 +0200] "GET /loadthumbnail.php?id=11679064&width=113 HTTP/1.1" 200 33783 "http://renault.activities.at/10201442" "Mozilla/5.0 (Windows NT 10.0; Win64; x64; rv:60.0) Gecko/20100101 Firefox/60.0"
88.116.96.250 - - [15/Jun/2018:10:46:24 +0200] "GET /loadthumbnail.php?id=11679076&width=113 HTTP/1.1" 200 34461 "http://renault.activities.at/10201442" "Mozilla/5.0 (Windows NT 10.0; Win64; x64; rv:60.0) Gecko/20100101 Firefox/60.0"
88.116.96.250 - - [15/Jun/2018:10:46:24 +0200] "GET /loadthumbnail.php?id=11679150&width=113 HTTP/1.1" 200 35622 "http://renault.activities.at/10201442" "Mozilla/5.0 (Windows NT 10.0; Win64; x64; rv:60.0) Gecko/20100101 Firefox/60.0"
88.116.96.250 - - [15/Jun/2018:10:46:24 +0200] "GET /loadthumbnail.php?id=11679071&width=113 HTTP/1.1" 200 37134 "http://renault.activities.at/10201442" "Mozilla/5.0 (Windows NT 10.0; Win64; x64; rv:60.0) Gecko/20100101 Firefox/60.0"
88.116.96.250 - - [15/Jun/2018:10:46:24 +0200] "GET /images/sub_title_bg.jpg HTTP/1.1" 200 314 "http://renault.activities.at/css/styles.css" "Mozilla/5.0 (Windows NT 10.0; Win64; x64; rv:60.0) Gecko/20100101 Firefox/60.0"
88.116.96.250 - - [15/Jun/2018:10:46:24 +0200] "GET /loadthumbnail.php?id=11679155&width=113 HTTP/1.1" 200 34091 "http://renault.activities.at/10201442" "Mozilla/5.0 (Windows NT 10.0; Win64; x64; rv:60.0) Gecko/20100101 Firefox/60.0"
88.116.96.250 - - [15/Jun/2018:10:46:24 +0200] "GET /loadthumbnail.php?id=11679160&width=113 HTTP/1.1" 200 32885 "http://renault.activities.at/10201442" "Mozilla/5.0 (Windows NT 10.0; Win64; x64; rv:60.0) Gecko/20100101 Firefox/60.0"
88.116.96.250 - - [15/Jun/2018:10:46:24 +0200] "GET /loadthumbnail.php?id=11679081&width=113 HTTP/1.1" 200 36621 "http://renault.activities.at/10201442" "Mozilla/5.0 (Windows NT 10.0; Win64; x64; rv:60.0) Gecko/20100101 Firefox/60.0"
193.194.132.73 - - [15/Jun/2018:10:46:30 +0200] "GET /reload?ser=1529052390296 HTTP/1.1" 200 28 "http://renault.2web.at/result?searchterm=true&search=REH100501" "Mozilla/5.0 (Windows NT 6.1; WOW64; Trident/7.0; rv:11.0) like Gecko"
88.116.96.250 - - [15/Jun/2018:10:46:29 +0200] "GET /10201442?dir=DESC&mode=grid&order=price&limit=15 HTTP/1.1" 200 8974 "http://renault.activities.at/10201442" "Mozilla/5.0 (Windows NT 10.0; Win64; x64; rv:60.0) Gecko/20100101 Firefox/60.0"
193.194.132.74 - - [15/Jun/2018:10:46:31 +0200] "GET /reload?ser=1529052391749 HTTP/1.1" 200 28 "http://renault.2web.at/account" "Mozilla/5.0 (Windows NT 6.1; WOW64; Trident/7.0; rv:11.0) like Gecko"
88.116.96.250 - - [15/Jun/2018:10:46:32 +0200] "GET /loadthumbnail.php?id=10958231&width=113 HTTP/1.1" 200 26171 "http://renault.activities.at/10201442?dir=DESC&mode=grid&order=price&limit=15" "Mozilla/5.0 (Windows NT 10.0; Win64; x64; rv:60.0) Gecko/20100101 Firefox/60.0"
88.116.96.250 - - [15/Jun/2018:10:46:33 +0200] "GET /loadthumbnail.php?id=10746885&width=113 HTTP/1.1" 200 3633 "http://renault.activities.at/10201442?dir=DESC&mode=grid&order=price&limit=15" "Mozilla/5.0 (Windows NT 10.0; Win64; x64; rv:60.0) Gecko/20100101 Firefox/60.0"
88.116.96.250 - - [15/Jun/2018:10:46:33 +0200] "GET /loadthumbnail.php?id=11249797&width=113 HTTP/1.1" 200 2985 "http://renault.activities.at/10201442?dir=DESC&mode=grid&order=price&limit=15" "Mozilla/5.0 (Windows NT 10.0; Win64; x64; rv:60.0) Gecko/20100101 Firefox/60.0"
88.116.96.250 - - [15/Jun/2018:10:46:33 +0200] "GET /loadthumbnail.php?id=11249798&width=113 HTTP/1.1" 200 2985 "http://renault.activities.at/10201442?dir=DESC&mode=grid&order=price&limit=15" "Mozilla/5.0 (Windows NT 10.0; Win64; x64; rv:60.0) Gecko/20100101 Firefox/60.0"
88.116.96.250 - - [15/Jun/2018:10:46:33 +0200] "GET /loadthumbnail.php?id=11121996&width=113 HTTP/1.1" 200 2215 "http://renault.activities.at/10201442?dir=DESC&mode=grid&order=price&limit=15" "Mozilla/5.0 (Windows NT 10.0; Win64; x64; rv:60.0) Gecko/20100101 Firefox/60.0"
88.116.96.250 - - [15/Jun/2018:10:46:37 +0200] "GET /10201442?dir=ASC&mode=grid&order=price&limit=15&page=1 HTTP/1.1" 200 9013 "http://renault.activities.at/10201442?dir=DESC&mode=grid&order=price&limit=15" "Mozilla/5.0 (Windows NT 10.0; Win64; x64; rv:60.0) Gecko/20100101 Firefox/60.0"
88.116.96.250 - - [15/Jun/2018:10:46:41 +0200] "GET /loadthumbnail.php?id=10203254 HTTP/1.1" 200 77 "http://renault.activities.at/10201442?dir=ASC&mode=grid&order=price&limit=15&page=1" "Mozilla/5.0 (Windows NT 10.0; Win64; x64; rv:60.0) Gecko/20100101 Firefox/60.0"
88.116.96.250 - - [15/Jun/2018:10:46:41 +0200] "GET /loadthumbnail.php?id=10260190&width=113 HTTP/1.1" 200 4509 "http://renault.activities.at/10201442?dir=ASC&mode=grid&order=price&limit=15&page=1" "Mozilla/5.0 (Windows NT 10.0; Win64; x64; rv:60.0) Gecko/20100101 Firefox/60.0"
88.116.96.250 - - [15/Jun/2018:10:46:41 +0200] "GET /loadthumbnail.php?id=10269569&width=113 HTTP/1.1" 200 1309 "http://renault.activities.at/10201442?dir=ASC&mode=grid&order=price&limit=15&page=1" "Mozilla/5.0 (Windows NT 10.0; Win64; x64; rv:60.0) Gecko/20100101 Firefox/60.0"
88.116.96.250 - - [15/Jun/2018:10:46:41 +0200] "GET /loadthumbnail.php?id=10745359&width=113 HTTP/1.1" 200 4202 "http://renault.activities.at/10201442?dir=ASC&mode=grid&order=price&limit=15&page=1" "Mozilla/5.0 (Windows NT 10.0; Win64; x64; rv:60.0) Gecko/20100101 Firefox/60.0"
88.116.96.250 - - [15/Jun/2018:10:46:41 +0200] "GET /loadthumbnail.php?id=11089820&width=113 HTTP/1.1" 200 2212 "http://renault.activities.at/10201442?dir=ASC&mode=grid&order=price&limit=15&page=1" "Mozilla/5.0 (Windows NT 10.0; Win64; x64; rv:60.0) Gecko/20100101 Firefox/60.0"
88.116.96.250 - - [15/Jun/2018:10:46:41 +0200] "GET /loadthumbnail.php?id=10260210&width=113 HTTP/1.1" 200 3764 "http://renault.activities.at/10201442?dir=ASC&mode=grid&order=price&limit=15&page=1" "Mozilla/5.0 (Windows NT 10.0; Win64; x64; rv:60.0) Gecko/20100101 Firefox/60.0"
88.116.96.250 - - [15/Jun/2018:10:46:41 +0200] "GET /loadthumbnail.php?id=11431080&width=113 HTTP/1.1" 200 3991 "http://renault.activities.at/10201442?dir=ASC&mode=grid&order=price&limit=15&page=1" "Mozilla/5.0 (Windows NT 10.0; Win64; x64; rv:60.0) Gecko/20100101 Firefox/60.0"
88.116.96.250 - - [15/Jun/2018:10:46:41 +0200] "GET /loadthumbnail.php?id=10269567&width=113 HTTP/1.1" 200 1590 "http://renault.activities.at/10201442?dir=ASC&mode=grid&order=price&limit=15&page=1" "Mozilla/5.0 (Windows NT 10.0; Win64; x64; rv:60.0) Gecko/20100101 Firefox/60.0"
88.116.96.250 - - [15/Jun/2018:10:46:41 +0200] "GET /loadthumbnail.php?id=10260174&width=113 HTTP/1.1" 200 3715 "http://renault.activities.at/10201442?dir=ASC&mode=grid&order=price&limit=15&page=1" "Mozilla/5.0 (Windows NT 10.0; Win64; x64; rv:60.0) Gecko/20100101 Firefox/60.0"
88.116.96.250 - - [15/Jun/2018:10:46:41 +0200] "GET /loadthumbnail.php?id=11434114&width=113 HTTP/1.1" 200 4564 "http://renault.activities.at/10201442?dir=ASC&mode=grid&order=price&limit=15&page=1" "Mozilla/5.0 (Windows NT 10.0; Win64; x64; rv:60.0) Gecko/20100101 Firefox/60.0"
88.116.96.250 - - [15/Jun/2018:10:46:41 +0200] "GET /loadthumbnail.php?id=11722649&width=113 HTTP/1.1" 200 1687 "http://renault.activities.at/10201442?dir=ASC&mode=grid&order=price&limit=15&page=1" "Mozilla/5.0 (Windows NT 10.0; Win64; x64; rv:60.0) Gecko/20100101 Firefox/60.0"
88.116.96.250 - - [15/Jun/2018:10:46:41 +0200] "GET /loadthumbnail.php?id=11722648&width=113 HTTP/1.1" 200 1687 "http://renault.activities.at/10201442?dir=ASC&mode=grid&order=price&limit=15&page=1" "Mozilla/5.0 (Windows NT 10.0; Win64; x64; rv:60.0) Gecko/20100101 Firefox/60.0"
213.153.47.173 - - [15/Jun/2018:10:46:45 +0200] "GET /reload?ser=1529052405299 HTTP/1.1" 200 28 "http://renault.activities.at/" "Mozilla/5.0 (Windows NT 10.0; Win64; x64; rv:60.0) Gecko/20100101 Firefox/60.0"
212.186.183.210 - - [15/Jun/2018:10:46:52 +0200] "GET /reload?ser=1529052412120 HTTP/1.1" 200 28 "http://renault.activities.at/login" "Mozilla/5.0 (Windows NT 6.1; WOW64; Trident/7.0; rv:11.0) like Gecko"
88.116.96.250 - - [15/Jun/2018:10:47:10 +0200] "GET /10201442?dir=ASC&mode=grid&order=price&limit=15&page=2 HTTP/1.1" 200 9124 "http://renault.activities.at/10201442?dir=ASC&mode=grid&order=price&limit=15&page=1" "Mozilla/5.0 (Windows NT 10.0; Win64; x64; rv:60.0) Gecko/20100101 Firefox/60.0"
88.116.96.250 - - [15/Jun/2018:10:47:14 +0200] "GET /loadthumbnail.php?id=10460287&width=113 HTTP/1.1" 200 2135 "http://renault.activities.at/10201442?dir=ASC&mode=grid&order=price&limit=15&page=2" "Mozilla/5.0 (Windows NT 10.0; Win64; x64; rv:60.0) Gecko/20100101 Firefox/60.0"
88.116.96.250 - - [15/Jun/2018:10:47:14 +0200] "GET /loadthumbnail.php?id=11197547&width=113 HTTP/1.1" 200 9073 "http://renault.activities.at/10201442?dir=ASC&mode=grid&order=price&limit=15&page=2" "Mozilla/5.0 (Windows NT 10.0; Win64; x64; rv:60.0) Gecko/20100101 Firefox/60.0"
193.194.132.73 - - [15/Jun/2018:10:47:31 +0200] "GET /reload?ser=1529052451365 HTTP/1.1" 200 28 "http://renault.2web.at/result?searchterm=true&search=REH100501" "Mozilla/5.0 (Windows NT 6.1; WOW64; Trident/7.0; rv:11.0) like Gecko"
193.194.132.74 - - [15/Jun/2018:10:47:32 +0200] "GET /reload?ser=1529052452819 HTTP/1.1" 200 28 "http://renault.2web.at/account" "Mozilla/5.0 (Windows NT 6.1; WOW64; Trident/7.0; rv:11.0) like Gecko"
88.116.96.250 - - [15/Jun/2018:10:47:34 +0200] "GET /718214?print=true HTTP/1.1" 200 2668 "http://renault.activities.at/10201442?dir=ASC&mode=grid&order=price&limit=15&page=2" "Mozilla/5.0 (Windows NT 10.0; Win64; x64; rv:60.0) Gecko/20100101 Firefox/60.0"
88.116.96.250 - - [15/Jun/2018:10:47:37 +0200] "GET /loadthumbnail.php?id=10269567&width=250 HTTP/1.1" 200 3711 "http://renault.activities.at/718214?print=true" "Mozilla/5.0 (Windows NT 10.0; Win64; x64; rv:60.0) Gecko/20100101 Firefox/60.0"
88.116.96.250 - - [15/Jun/2018:10:47:38 +0200] "GET /loadthumbnail.php?id=10269567&width=900&height=900 HTTP/1.1" 200 18264 "http://renault.activities.at/718214?print=true" "Mozilla/5.0 (Windows NT 10.0; Win64; x64; rv:60.0) Gecko/20100101 Firefox/60.0"
213.153.47.173 - - [15/Jun/2018:10:47:46 +0200] "GET /reload?ser=1529052465959 HTTP/1.1" 200 28 "http://renault.activities.at/" "Mozilla/5.0 (Windows NT 10.0; Win64; x64; rv:60.0) Gecko/20100101 Firefox/60.0"
212.186.183.210 - - [15/Jun/2018:10:47:52 +0200] "GET /reload?ser=1529052472783 HTTP/1.1" 200 28 "http://renault.activities.at/login" "Mozilla/5.0 (Windows NT 6.1; WOW64; Trident/7.0; rv:11.0) like Gecko"
88.116.96.250 - - [15/Jun/2018:10:48:14 +0200] "GET /reload?ser=1529052496674 HTTP/1.1" 200 28 "http://renault.activities.at/10201442?dir=ASC&mode=grid&order=price&limit=15&page=2" "Mozilla/5.0 (Windows NT 10.0; Win64; x64; rv:60.0) Gecko/20100101 Firefox/60.0"
88.116.96.250 - - [15/Jun/2018:10:48:22 +0200] "GET /10201442?dir=ASC&mode=grid&order=price&limit=15&page=3 HTTP/1.1" 200 9155 "http://renault.activities.at/10201442?dir=ASC&mode=grid&order=price&limit=15&page=2" "Mozilla/5.0 (Windows NT 10.0; Win64; x64; rv:60.0) Gecko/20100101 Firefox/60.0"
88.116.96.250 - - [15/Jun/2018:10:48:25 +0200] "GET /loadthumbnail.php?id=11342686&width=113 HTTP/1.1" 200 21940 "http://renault.activities.at/10201442?dir=ASC&mode=grid&order=price&limit=15&page=3" "Mozilla/5.0 (Windows NT 10.0; Win64; x64; rv:60.0) Gecko/20100101 Firefox/60.0"
88.116.96.250 - - [15/Jun/2018:10:48:25 +0200] "GET /loadthumbnail.php?id=11351226&width=113 HTTP/1.1" 200 16210 "http://renault.activities.at/10201442?dir=ASC&mode=grid&order=price&limit=15&page=3" "Mozilla/5.0 (Windows NT 10.0; Win64; x64; rv:60.0) Gecko/20100101 Firefox/60.0"
88.116.96.250 - - [15/Jun/2018:10:48:25 +0200] "GET /loadthumbnail.php?id=11352365&width=113 HTTP/1.1" 200 2025 "http://renault.activities.at/10201442?dir=ASC&mode=grid&order=price&limit=15&page=3" "Mozilla/5.0 (Windows NT 10.0; Win64; x64; rv:60.0) Gecko/20100101 Firefox/60.0"
88.116.96.250 - - [15/Jun/2018:10:48:25 +0200] "GET /loadthumbnail.php?id=11361071&width=113 HTTP/1.1" 200 17044 "http://renault.activities.at/10201442?dir=ASC&mode=grid&order=price&limit=15&page=3" "Mozilla/5.0 (Windows NT 10.0; Win64; x64; rv:60.0) Gecko/20100101 Firefox/60.0"
193.194.132.73 - - [15/Jun/2018:10:48:32 +0200] "GET /reload?ser=1529052512511 HTTP/1.1" 200 28 "http://renault.2web.at/result?searchterm=true&search=REH100501" "Mozilla/5.0 (Windows NT 6.1; WOW64; Trident/7.0; rv:11.0) like Gecko"
193.194.132.74 - - [15/Jun/2018:10:48:34 +0200] "GET /reload?ser=1529052513985 HTTP/1.1" 200 28 "http://renault.2web.at/account" "Mozilla/5.0 (Windows NT 6.1; WOW64; Trident/7.0; rv:11.0) like Gecko"
88.116.96.250 - - [15/Jun/2018:10:48:43 +0200] "GET /10201442?dir=ASC&mode=grid&order=price&limit=15&page=4 HTTP/1.1" 200 9079 "http://renault.activities.at/10201442?dir=ASC&mode=grid&order=price&limit=15&page=3" "Mozilla/5.0 (Windows NT 10.0; Win64; x64; rv:60.0) Gecko/20100101 Firefox/60.0"
88.116.96.250 - - [15/Jun/2018:10:48:46 +0200] "GET /loadthumbnail.php?id=11730239&width=113 HTTP/1.1" 200 4665 "http://renault.activities.at/10201442?dir=ASC&mode=grid&order=price&limit=15&page=4" "Mozilla/5.0 (Windows NT 10.0; Win64; x64; rv:60.0) Gecko/20100101 Firefox/60.0"
88.116.96.250 - - [15/Jun/2018:10:48:46 +0200] "GET /loadthumbnail.php?id=11730248&width=113 HTTP/1.1" 200 4910 "http://renault.activities.at/10201442?dir=ASC&mode=grid&order=price&limit=15&page=4" "Mozilla/5.0 (Windows NT 10.0; Win64; x64; rv:60.0) Gecko/20100101 Firefox/60.0"
88.116.96.250 - - [15/Jun/2018:10:48:46 +0200] "GET /loadthumbnail.php?id=11352363&width=113 HTTP/1.1" 200 2099 "http://renault.activities.at/10201442?dir=ASC&mode=grid&order=price&limit=15&page=4" "Mozilla/5.0 (Windows NT 10.0; Win64; x64; rv:60.0) Gecko/20100101 Firefox/60.0"
88.116.96.250 - - [15/Jun/2018:10:48:46 +0200] "GET /loadthumbnail.php?id=11500398&width=113 HTTP/1.1" 200 21704 "http://renault.activities.at/10201442?dir=ASC&mode=grid&order=price&limit=15&page=4" "Mozilla/5.0 (Windows NT 10.0; Win64; x64; rv:60.0) Gecko/20100101 Firefox/60.0"
88.116.96.250 - - [15/Jun/2018:10:48:46 +0200] "GET /loadthumbnail.php?id=11491565&width=113 HTTP/1.1" 200 9992 "http://renault.activities.at/10201442?dir=ASC&mode=grid&order=price&limit=15&page=4" "Mozilla/5.0 (Windows NT 10.0; Win64; x64; rv:60.0) Gecko/20100101 Firefox/60.0"
213.153.47.173 - - [15/Jun/2018:10:48:46 +0200] "GET /reload?ser=1529052526639 HTTP/1.1" 200 28 "http://renault.activities.at/" "Mozilla/5.0 (Windows NT 10.0; Win64; x64; rv:60.0) Gecko/20100101 Firefox/60.0"
212.186.183.210 - - [15/Jun/2018:10:48:53 +0200] "GET /reload?ser=1529052533446 HTTP/1.1" 200 28 "http://renault.activities.at/login" "Mozilla/5.0 (Windows NT 6.1; WOW64; Trident/7.0; rv:11.0) like Gecko"
88.116.96.250 - - [15/Jun/2018:10:48:57 +0200] "GET /10201442?dir=ASC&mode=grid&order=price&limit=15&page=5 HTTP/1.1" 200 9295 "http://renault.activities.at/10201442?dir=ASC&mode=grid&order=price&limit=15&page=4" "Mozilla/5.0 (Windows NT 10.0; Win64; x64; rv:60.0) Gecko/20100101 Firefox/60.0"
88.116.96.250 - - [15/Jun/2018:10:49:00 +0200] "GET /loadthumbnail.php?id=10729892&width=113 HTTP/1.1" 200 4176 "http://renault.activities.at/10201442?dir=ASC&mode=grid&order=price&limit=15&page=5" "Mozilla/5.0 (Windows NT 10.0; Win64; x64; rv:60.0) Gecko/20100101 Firefox/60.0"
88.116.96.250 - - [15/Jun/2018:10:49:00 +0200] "GET /loadthumbnail.php?id=11075492&width=113 HTTP/1.1" 200 2349 "http://renault.activities.at/10201442?dir=ASC&mode=grid&order=price&limit=15&page=5" "Mozilla/5.0 (Windows NT 10.0; Win64; x64; rv:60.0) Gecko/20100101 Firefox/60.0"
88.116.96.250 - - [15/Jun/2018:10:49:00 +0200] "GET /loadthumbnail.php?id=11170050&width=113 HTTP/1.1" 200 1819 "http://renault.activities.at/10201442?dir=ASC&mode=grid&order=price&limit=15&page=5" "Mozilla/5.0 (Windows NT 10.0; Win64; x64; rv:60.0) Gecko/20100101 Firefox/60.0"
88.116.96.250 - - [15/Jun/2018:10:49:00 +0200] "GET /loadthumbnail.php?id=11253834&width=113 HTTP/1.1" 200 2935 "http://renault.activities.at/10201442?dir=ASC&mode=grid&order=price&limit=15&page=5" "Mozilla/5.0 (Windows NT 10.0; Win64; x64; rv:60.0) Gecko/20100101 Firefox/60.0"
88.116.96.250 - - [15/Jun/2018:10:49:00 +0200] "GET /loadthumbnail.php?id=11228502&width=113 HTTP/1.1" 200 1524 "http://renault.activities.at/10201442?dir=ASC&mode=grid&order=price&limit=15&page=5" "Mozilla/5.0 (Windows NT 10.0; Win64; x64; rv:60.0) Gecko/20100101 Firefox/60.0"
88.116.96.250 - - [15/Jun/2018:10:49:00 +0200] "GET /loadthumbnail.php?id=11433406&width=113 HTTP/1.1" 200 2604 "http://renault.activities.at/10201442?dir=ASC&mode=grid&order=price&limit=15&page=5" "Mozilla/5.0 (Windows NT 10.0; Win64; x64; rv:60.0) Gecko/20100101 Firefox/60.0"
88.116.96.250 - - [15/Jun/2018:10:49:00 +0200] "GET /loadthumbnail.php?id=11572278&width=113 HTTP/1.1" 200 13114 "http://renault.activities.at/10201442?dir=ASC&mode=grid&order=price&limit=15&page=5" "Mozilla/5.0 (Windows NT 10.0; Win64; x64; rv:60.0) Gecko/20100101 Firefox/60.0"
88.116.96.250 - - [15/Jun/2018:10:49:00 +0200] "GET /loadthumbnail.php?id=11564187&width=113 HTTP/1.1" 200 22491 "http://renault.activities.at/10201442?dir=ASC&mode=grid&order=price&limit=15&page=5" "Mozilla/5.0 (Windows NT 10.0; Win64; x64; rv:60.0) Gecko/20100101 Firefox/60.0"
193.194.132.73 - - [15/Jun/2018:10:49:33 +0200] "GET /reload?ser=1529052573583 HTTP/1.1" 200 28 "http://renault.2web.at/result?searchterm=true&search=REH100501" "Mozilla/5.0 (Windows NT 6.1; WOW64; Trident/7.0; rv:11.0) like Gecko"
193.194.132.74 - - [15/Jun/2018:10:49:35 +0200] "GET /reload?ser=1529052575113 HTTP/1.1" 200 28 "http://renault.2web.at/account" "Mozilla/5.0 (Windows NT 6.1; WOW64; Trident/7.0; rv:11.0) like Gecko"
213.153.47.173 - - [15/Jun/2018:10:49:47 +0200] "GET /reload?ser=1529052587297 HTTP/1.1" 200 28 "http://renault.activities.at/" "Mozilla/5.0 (Windows NT 10.0; Win64; x64; rv:60.0) Gecko/20100101 Firefox/60.0"
88.116.96.250 - - [15/Jun/2018:10:49:45 +0200] "GET /10201442?dir=ASC&mode=grid&order=price&limit=15&page=6 HTTP/1.1" 200 9278 "http://renault.activities.at/10201442?dir=ASC&mode=grid&order=price&limit=15&page=5" "Mozilla/5.0 (Windows NT 10.0; Win64; x64; rv:60.0) Gecko/20100101 Firefox/60.0"
88.116.96.250 - - [15/Jun/2018:10:49:49 +0200] "GET /loadthumbnail.php?id=11470095&width=113 HTTP/1.1" 200 5019 "http://renault.activities.at/10201442?dir=ASC&mode=grid&order=price&limit=15&page=6" "Mozilla/5.0 (Windows NT 10.0; Win64; x64; rv:60.0) Gecko/20100101 Firefox/60.0"
88.116.96.250 - - [15/Jun/2018:10:49:49 +0200] "GET /loadthumbnail.php?id=11470096&width=113 HTTP/1.1" 200 2845 "http://renault.activities.at/10201442?dir=ASC&mode=grid&order=price&limit=15&page=6" "Mozilla/5.0 (Windows NT 10.0; Win64; x64; rv:60.0) Gecko/20100101 Firefox/60.0"
88.116.96.250 - - [15/Jun/2018:10:49:49 +0200] "GET /loadthumbnail.php?id=11383873&width=113 HTTP/1.1" 200 23267 "http://renault.activities.at/10201442?dir=ASC&mode=grid&order=price&limit=15&page=6" "Mozilla/5.0 (Windows NT 10.0; Win64; x64; rv:60.0) Gecko/20100101 Firefox/60.0"
88.116.96.250 - - [15/Jun/2018:10:49:49 +0200] "GET /loadthumbnail.php?id=11487278&width=113 HTTP/1.1" 200 23060 "http://renault.activities.at/10201442?dir=ASC&mode=grid&order=price&limit=15&page=6" "Mozilla/5.0 (Windows NT 10.0; Win64; x64; rv:60.0) Gecko/20100101 Firefox/60.0"
88.116.96.250 - - [15/Jun/2018:10:49:49 +0200] "GET /loadthumbnail.php?id=11491560&width=113 HTTP/1.1" 200 9826 "http://renault.activities.at/10201442?dir=ASC&mode=grid&order=price&limit=15&page=6" "Mozilla/5.0 (Windows NT 10.0; Win64; x64; rv:60.0) Gecko/20100101 Firefox/60.0"
88.116.96.250 - - [15/Jun/2018:10:49:49 +0200] "GET /loadthumbnail.php?id=11108158&width=113 HTTP/1.1" 200 1545 "http://renault.activities.at/10201442?dir=ASC&mode=grid&order=price&limit=15&page=6" "Mozilla/5.0 (Windows NT 10.0; Win64; x64; rv:60.0) Gecko/20100101 Firefox/60.0"
212.186.183.210 - - [15/Jun/2018:10:49:54 +0200] "GET /reload?ser=1529052594110 HTTP/1.1" 200 28 "http://renault.activities.at/login" "Mozilla/5.0 (Windows NT 6.1; WOW64; Trident/7.0; rv:11.0) like Gecko"
88.116.96.250 - - [15/Jun/2018:10:50:10 +0200] "GET /10201442?dir=ASC&mode=grid&order=price&limit=15&page=7 HTTP/1.1" 200 9153 "http://renault.activities.at/10201442?dir=ASC&mode=grid&order=price&limit=15&page=6" "Mozilla/5.0 (Windows NT 10.0; Win64; x64; rv:60.0) Gecko/20100101 Firefox/60.0"
88.116.96.250 - - [15/Jun/2018:10:50:13 +0200] "GET /loadthumbnail.php?id=11461714&width=113 HTTP/1.1" 200 9391 "http://renault.activities.at/10201442?dir=ASC&mode=grid&order=price&limit=15&page=7" "Mozilla/5.0 (Windows NT 10.0; Win64; x64; rv:60.0) Gecko/20100101 Firefox/60.0"
88.116.96.250 - - [15/Jun/2018:10:50:13 +0200] "GET /loadthumbnail.php?id=11679165&width=113 HTTP/1.1" 200 19398 "http://renault.activities.at/10201442?dir=ASC&mode=grid&order=price&limit=15&page=7" "Mozilla/5.0 (Windows NT 10.0; Win64; x64; rv:60.0) Gecko/20100101 Firefox/60.0"
88.116.96.250 - - [15/Jun/2018:10:50:13 +0200] "GET /loadthumbnail.php?id=11351222&width=113 HTTP/1.1" 200 17851 "http://renault.activities.at/10201442?dir=ASC&mode=grid&order=price&limit=15&page=7" "Mozilla/5.0 (Windows NT 10.0; Win64; x64; rv:60.0) Gecko/20100101 Firefox/60.0"
88.116.96.250 - - [15/Jun/2018:10:50:13 +0200] "GET /loadthumbnail.php?id=11253842&width=113 HTTP/1.1" 200 3342 "http://renault.activities.at/10201442?dir=ASC&mode=grid&order=price&limit=15&page=7" "Mozilla/5.0 (Windows NT 10.0; Win64; x64; rv:60.0) Gecko/20100101 Firefox/60.0"
88.116.96.250 - - [15/Jun/2018:10:50:13 +0200] "GET /loadthumbnail.php?id=11308855&width=113 HTTP/1.1" 200 4521 "http://renault.activities.at/10201442?dir=ASC&mode=grid&order=price&limit=15&page=7" "Mozilla/5.0 (Windows NT 10.0; Win64; x64; rv:60.0) Gecko/20100101 Firefox/60.0"
88.116.96.250 - - [15/Jun/2018:10:50:30 +0200] "GET /10201442?dir=ASC&mode=grid&order=price&limit=15&page=8 HTTP/1.1" 200 9139 "http://renault.activities.at/10201442?dir=ASC&mode=grid&order=price&limit=15&page=7" "Mozilla/5.0 (Windows NT 10.0; Win64; x64; rv:60.0) Gecko/20100101 Firefox/60.0"
88.116.96.250 - - [15/Jun/2018:10:50:33 +0200] "GET /loadthumbnail.php?id=11459823&width=113 HTTP/1.1" 200 2833 "http://renault.activities.at/10201442?dir=ASC&mode=grid&order=price&limit=15&page=8" "Mozilla/5.0 (Windows NT 10.0; Win64; x64; rv:60.0) Gecko/20100101 Firefox/60.0"
88.116.96.250 - - [15/Jun/2018:10:50:33 +0200] "GET /loadthumbnail.php?id=11503755&width=113 HTTP/1.1" 200 19501 "http://renault.activities.at/10201442?dir=ASC&mode=grid&order=price&limit=15&page=8" "Mozilla/5.0 (Windows NT 10.0; Win64; x64; rv:60.0) Gecko/20100101 Firefox/60.0"
