80.120.5.131 - - [19/Jun/2018:12:19:16 +0200] "GET /loadthumbnail.php?id=10202698 HTTP/1.1" 200 16678 "http://renault.activities.at/checkout" "Mozilla/5.0 (Windows NT 6.1; WOW64; Trident/7.0; rv:11.0) like Gecko"
185.58.53.32 - - [19/Jun/2018:12:19:18 +0200] "GET /reload?ser=1529403388785 HTTP/1.1" 200 28 "http://renault.activities.at/11820559" "Mozilla/5.0 (Windows NT 6.1; WOW64; Trident/7.0; rv:11.0) like Gecko"
213.153.47.173 - - [19/Jun/2018:12:19:19 +0200] "GET /reload?ser=1529403559287 HTTP/1.1" 200 28 "http://renault.activities.at/login?required=true" "Mozilla/5.0 (Windows NT 10.0; Win64; x64; rv:60.0) Gecko/20100101 Firefox/60.0"
80.120.5.131 - - [19/Jun/2018:12:19:33 +0200] "POST /docheckout HTTP/1.1" 200 1342 "http://renault.activities.at/checkout" "Mozilla/5.0 (Windows NT 6.1; WOW64; Trident/7.0; rv:11.0) like Gecko"
80.120.5.131 - - [19/Jun/2018:12:19:37 +0200] "POST /docheckout HTTP/1.1" 200 3892 "http://renault.activities.at/checkout" "Mozilla/5.0 (Windows NT 6.1; WOW64; Trident/7.0; rv:11.0) like Gecko"
80.120.5.131 - - [19/Jun/2018:12:19:39 +0200] "GET /images/error_msg_icon.gif HTTP/1.1" 304 - "http://renault.activities.at/checkout" "Mozilla/5.0 (Windows NT 6.1; WOW64; Trident/7.0; rv:11.0) like Gecko"
80.120.5.131 - - [19/Jun/2018:12:19:55 +0200] "POST /docheckout HTTP/1.1" 200 49 "http://renault.activities.at/checkout" "Mozilla/5.0 (Windows NT 6.1; WOW64; Trident/7.0; rv:11.0) like Gecko"
80.120.5.131 - - [19/Jun/2018:12:20:00 +0200] "GET /js/default.js HTTP/1.1" 304 - "http://renault.activities.at/success" "Mozilla/5.0 (Windows NT 6.1; WOW64; Trident/7.0; rv:11.0) like Gecko"
80.120.5.131 - - [19/Jun/2018:12:19:58 +0200] "GET /success HTTP/1.1" 200 23007 "http://renault.activities.at/checkout" "Mozilla/5.0 (Windows NT 6.1; WOW64; Trident/7.0; rv:11.0) like Gecko"
80.120.5.131 - - [19/Jun/2018:12:20:00 +0200] "GET /css/reset.css HTTP/1.1" 304 - "http://renault.activities.at/success" "Mozilla/5.0 (Windows NT 6.1; WOW64; Trident/7.0; rv:11.0) like Gecko"
80.120.5.131 - - [19/Jun/2018:12:20:00 +0200] "GET /css/clears.css HTTP/1.1" 304 - "http://renault.activities.at/success" "Mozilla/5.0 (Windows NT 6.1; WOW64; Trident/7.0; rv:11.0) like Gecko"
80.120.5.131 - - [19/Jun/2018:12:20:00 +0200] "GET /css/prototip.css HTTP/1.1" 304 - "http://renault.activities.at/success" "Mozilla/5.0 (Windows NT 6.1; WOW64; Trident/7.0; rv:11.0) like Gecko"
80.120.5.131 - - [19/Jun/2018:12:20:00 +0200] "GET /css/styles.css HTTP/1.1" 304 - "http://renault.activities.at/success" "Mozilla/5.0 (Windows NT 6.1; WOW64; Trident/7.0; rv:11.0) like Gecko"
80.120.5.131 - - [19/Jun/2018:12:20:00 +0200] "GET /js/checkout.css HTTP/1.1" 304 - "http://renault.activities.at/success" "Mozilla/5.0 (Windows NT 6.1; WOW64; Trident/7.0; rv:11.0) like Gecko"
80.120.5.131 - - [19/Jun/2018:12:20:00 +0200] "GET /css/print.css HTTP/1.1" 304 - "http://renault.activities.at/success" "Mozilla/5.0 (Windows NT 6.1; WOW64; Trident/7.0; rv:11.0) like Gecko"
80.120.5.131 - - [19/Jun/2018:12:20:00 +0200] "GET /css/themes/default.css HTTP/1.1" 304 - "http://renault.activities.at/success" "Mozilla/5.0 (Windows NT 6.1; WOW64; Trident/7.0; rv:11.0) like Gecko"
80.120.5.131 - - [19/Jun/2018:12:20:00 +0200] "GET /css/themes/alphacube.css HTTP/1.1" 304 - "http://renault.activities.at/success" "Mozilla/5.0 (Windows NT 6.1; WOW64; Trident/7.0; rv:11.0) like Gecko"
80.120.5.131 - - [19/Jun/2018:12:20:00 +0200] "GET /images/header_block_border.gif HTTP/1.1" 304 - "http://renault.activities.at/success" "Mozilla/5.0 (Windows NT 6.1; WOW64; Trident/7.0; rv:11.0) like Gecko"
80.120.5.131 - - [19/Jun/2018:12:20:00 +0200] "GET /images/header_block_corner_right_top.gif HTTP/1.1" 304 - "http://renault.activities.at/success" "Mozilla/5.0 (Windows NT 6.1; WOW64; Trident/7.0; rv:11.0) like Gecko"
80.120.5.131 - - [19/Jun/2018:12:20:00 +0200] "GET /images/header_block_corner_left_top.gif HTTP/1.1" 304 - "http://renault.activities.at/success" "Mozilla/5.0 (Windows NT 6.1; WOW64; Trident/7.0; rv:11.0) like Gecko"
80.120.5.131 - - [19/Jun/2018:12:20:00 +0200] "GET /images/search_bg.gif HTTP/1.1" 304 - "http://renault.activities.at/success" "Mozilla/5.0 (Windows NT 6.1; WOW64; Trident/7.0; rv:11.0) like Gecko"
80.120.5.131 - - [19/Jun/2018:12:20:00 +0200] "GET /images/main_block_corner_right_top.gif HTTP/1.1" 304 - "http://renault.activities.at/success" "Mozilla/5.0 (Windows NT 6.1; WOW64; Trident/7.0; rv:11.0) like Gecko"
80.120.5.131 - - [19/Jun/2018:12:20:00 +0200] "GET /images/main_block_corner_right_bot.gif HTTP/1.1" 304 - "http://renault.activities.at/success" "Mozilla/5.0 (Windows NT 6.1; WOW64; Trident/7.0; rv:11.0) like Gecko"
80.120.5.131 - - [19/Jun/2018:12:20:00 +0200] "GET /images/main_block_corner_left_top.gif HTTP/1.1" 304 - "http://renault.activities.at/success" "Mozilla/5.0 (Windows NT 6.1; WOW64; Trident/7.0; rv:11.0) like Gecko"
80.120.5.131 - - [19/Jun/2018:12:20:00 +0200] "GET /images/top_links_divider.gif HTTP/1.1" 304 - "http://renault.activities.at/success" "Mozilla/5.0 (Windows NT 6.1; WOW64; Trident/7.0; rv:11.0) like Gecko"
80.120.5.131 - - [19/Jun/2018:12:20:00 +0200] "GET /images/button_left_bg.gif HTTP/1.1" 304 - "http://renault.activities.at/success" "Mozilla/5.0 (Windows NT 6.1; WOW64; Trident/7.0; rv:11.0) like Gecko"
80.120.5.131 - - [19/Jun/2018:12:20:00 +0200] "GET /images/footer_divider.gif HTTP/1.1" 304 - "http://renault.activities.at/success" "Mozilla/5.0 (Windows NT 6.1; WOW64; Trident/7.0; rv:11.0) like Gecko"
80.120.5.131 - - [19/Jun/2018:12:20:00 +0200] "GET /images/menu_divider.gif HTTP/1.1" 304 - "http://renault.activities.at/success" "Mozilla/5.0 (Windows NT 6.1; WOW64; Trident/7.0; rv:11.0) like Gecko"
80.120.5.131 - - [19/Jun/2018:12:20:00 +0200] "GET /images/title_border_top.jpg HTTP/1.1" 304 - "http://renault.activities.at/success" "Mozilla/5.0 (Windows NT 6.1; WOW64; Trident/7.0; rv:11.0) like Gecko"
80.120.5.131 - - [19/Jun/2018:12:20:00 +0200] "GET /images/title_border.jpg HTTP/1.1" 304 - "http://renault.activities.at/success" "Mozilla/5.0 (Windows NT 6.1; WOW64; Trident/7.0; rv:11.0) like Gecko"
80.120.5.131 - - [19/Jun/2018:12:20:00 +0200] "GET /images/title_corner_right_top.jpg HTTP/1.1" 304 - "http://renault.activities.at/success" "Mozilla/5.0 (Windows NT 6.1; WOW64; Trident/7.0; rv:11.0) like Gecko"
80.120.5.131 - - [19/Jun/2018:12:20:00 +0200] "GET /images/title_corner_left_top.jpg HTTP/1.1" 304 - "http://renault.activities.at/success" "Mozilla/5.0 (Windows NT 6.1; WOW64; Trident/7.0; rv:11.0) like Gecko"
80.120.5.131 - - [19/Jun/2018:12:20:00 +0200] "GET /images/menu_button_bg.jpg HTTP/1.1" 304 - "http://renault.activities.at/success" "Mozilla/5.0 (Windows NT 6.1; WOW64; Trident/7.0; rv:11.0) like Gecko"
80.120.5.131 - - [19/Jun/2018:12:20:00 +0200] "GET /images/nav_divider.gif HTTP/1.1" 304 - "http://renault.activities.at/success" "Mozilla/5.0 (Windows NT 6.1; WOW64; Trident/7.0; rv:11.0) like Gecko"
80.120.5.131 - - [19/Jun/2018:12:20:00 +0200] "GET /images/main_block_border.gif HTTP/1.1" 304 - "http://renault.activities.at/success" "Mozilla/5.0 (Windows NT 6.1; WOW64; Trident/7.0; rv:11.0) like Gecko"
80.120.5.131 - - [19/Jun/2018:12:20:00 +0200] "GET /images/main_block_corner_left_bot.gif HTTP/1.1" 304 - "http://renault.activities.at/success" "Mozilla/5.0 (Windows NT 6.1; WOW64; Trident/7.0; rv:11.0) like Gecko"
213.153.47.173 - - [19/Jun/2018:12:20:20 +0200] "GET /reload?ser=1529403619957 HTTP/1.1" 200 28 "http://renault.activities.at/login?required=true" "Mozilla/5.0 (Windows NT 10.0; Win64; x64; rv:60.0) Gecko/20100101 Firefox/60.0"
185.58.53.32 - - [19/Jun/2018:12:20:19 +0200] "GET /reload?ser=1529403449797 HTTP/1.1" 200 28 "http://renault.activities.at/11820559" "Mozilla/5.0 (Windows NT 6.1; WOW64; Trident/7.0; rv:11.0) like Gecko"
80.120.5.131 - - [19/Jun/2018:12:21:00 +0200] "GET /reload?ser=1529403660720 HTTP/1.1" 200 2 "http://renault.activities.at/success" "Mozilla/5.0 (Windows NT 6.1; WOW64; Trident/7.0; rv:11.0) like Gecko"
213.153.47.173 - - [19/Jun/2018:12:21:20 +0200] "GET /reload?ser=1529403680627 HTTP/1.1" 200 28 "http://renault.activities.at/login?required=true" "Mozilla/5.0 (Windows NT 10.0; Win64; x64; rv:60.0) Gecko/20100101 Firefox/60.0"
185.58.53.32 - - [19/Jun/2018:12:21:20 +0200] "GET /reload?ser=1529403510808 HTTP/1.1" 200 28 "http://renault.activities.at/11820559" "Mozilla/5.0 (Windows NT 6.1; WOW64; Trident/7.0; rv:11.0) like Gecko"
80.120.5.131 - - [19/Jun/2018:12:22:01 +0200] "GET /reload?ser=1529403721683 HTTP/1.1" 200 2 "http://renault.activities.at/success" "Mozilla/5.0 (Windows NT 6.1; WOW64; Trident/7.0; rv:11.0) like Gecko"
213.153.47.173 - - [19/Jun/2018:12:22:21 +0200] "GET /reload?ser=1529403741307 HTTP/1.1" 200 28 "http://renault.activities.at/login?required=true" "Mozilla/5.0 (Windows NT 10.0; Win64; x64; rv:60.0) Gecko/20100101 Firefox/60.0"
185.58.53.32 - - [19/Jun/2018:12:22:21 +0200] "GET /reload?ser=1529403571856 HTTP/1.1" 200 28 "http://renault.activities.at/11820559" "Mozilla/5.0 (Windows NT 6.1; WOW64; Trident/7.0; rv:11.0) like Gecko"
80.120.5.131 - - [19/Jun/2018:12:23:02 +0200] "GET /reload?ser=1529403782679 HTTP/1.1" 200 2 "http://renault.activities.at/success" "Mozilla/5.0 (Windows NT 6.1; WOW64; Trident/7.0; rv:11.0) like Gecko"
213.153.47.173 - - [19/Jun/2018:12:23:22 +0200] "GET /reload?ser=1529403801957 HTTP/1.1" 200 28 "http://renault.activities.at/login?required=true" "Mozilla/5.0 (Windows NT 10.0; Win64; x64; rv:60.0) Gecko/20100101 Firefox/60.0"
185.58.53.32 - - [19/Jun/2018:12:23:23 +0200] "GET /reload?ser=1529403632879 HTTP/1.1" 200 28 "http://renault.activities.at/11820559" "Mozilla/5.0 (Windows NT 6.1; WOW64; Trident/7.0; rv:11.0) like Gecko"
80.120.5.131 - - [19/Jun/2018:12:24:03 +0200] "GET /reload?ser=1529403843643 HTTP/1.1" 200 2 "http://renault.activities.at/success" "Mozilla/5.0 (Windows NT 6.1; WOW64; Trident/7.0; rv:11.0) like Gecko"
213.153.47.173 - - [19/Jun/2018:12:24:22 +0200] "GET /reload?ser=1529403862597 HTTP/1.1" 200 28 "http://renault.activities.at/login?required=true" "Mozilla/5.0 (Windows NT 10.0; Win64; x64; rv:60.0) Gecko/20100101 Firefox/60.0"
185.58.53.32 - - [19/Jun/2018:12:24:24 +0200] "GET /reload?ser=1529403693885 HTTP/1.1" 200 28 "http://renault.activities.at/11820559" "Mozilla/5.0 (Windows NT 6.1; WOW64; Trident/7.0; rv:11.0) like Gecko"
213.153.47.173 - - [19/Jun/2018:12:25:23 +0200] "GET /reload?ser=1529403923248 HTTP/1.1" 200 28 "http://renault.activities.at/login?required=true" "Mozilla/5.0 (Windows NT 10.0; Win64; x64; rv:60.0) Gecko/20100101 Firefox/60.0"
185.58.53.32 - - [19/Jun/2018:12:25:25 +0200] "GET /reload?ser=1529403754917 HTTP/1.1" 200 28 "http://renault.activities.at/11820559" "Mozilla/5.0 (Windows NT 6.1; WOW64; Trident/7.0; rv:11.0) like Gecko"
213.153.47.173 - - [19/Jun/2018:12:26:23 +0200] "GET /reload?ser=1529403983927 HTTP/1.1" 200 28 "http://renault.activities.at/login?required=true" "Mozilla/5.0 (Windows NT 10.0; Win64; x64; rv:60.0) Gecko/20100101 Firefox/60.0"
185.58.53.32 - - [19/Jun/2018:12:26:26 +0200] "GET /reload?ser=1529403815930 HTTP/1.1" 200 28 "http://renault.activities.at/11820559" "Mozilla/5.0 (Windows NT 6.1; WOW64; Trident/7.0; rv:11.0) like Gecko"
213.153.47.173 - - [19/Jun/2018:12:27:24 +0200] "GET /reload?ser=1529404044597 HTTP/1.1" 200 28 "http://renault.activities.at/login?required=true" "Mozilla/5.0 (Windows NT 10.0; Win64; x64; rv:60.0) Gecko/20100101 Firefox/60.0"
185.58.53.32 - - [19/Jun/2018:12:27:27 +0200] "GET /reload?ser=1529403876968 HTTP/1.1" 200 28 "http://renault.activities.at/11820559" "Mozilla/5.0 (Windows NT 6.1; WOW64; Trident/7.0; rv:11.0) like Gecko"
213.153.47.173 - - [19/Jun/2018:12:28:25 +0200] "GET /reload?ser=1529404105246 HTTP/1.1" 200 28 "http://renault.activities.at/login?required=true" "Mozilla/5.0 (Windows NT 10.0; Win64; x64; rv:60.0) Gecko/20100101 Firefox/60.0"
185.58.53.32 - - [19/Jun/2018:12:28:28 +0200] "GET /reload?ser=1529403937983 HTTP/1.1" 200 28 "http://renault.activities.at/11820559" "Mozilla/5.0 (Windows NT 6.1; WOW64; Trident/7.0; rv:11.0) like Gecko"
213.153.47.173 - - [19/Jun/2018:12:29:25 +0200] "GET /reload?ser=1529404165917 HTTP/1.1" 200 28 "http://renault.activities.at/login?required=true" "Mozilla/5.0 (Windows NT 10.0; Win64; x64; rv:60.0) Gecko/20100101 Firefox/60.0"
185.58.53.32 - - [19/Jun/2018:12:29:29 +0200] "GET /reload?ser=1529403998995 HTTP/1.1" 200 28 "http://renault.activities.at/11820559" "Mozilla/5.0 (Windows NT 6.1; WOW64; Trident/7.0; rv:11.0) like Gecko"
213.153.47.173 - - [19/Jun/2018:12:30:26 +0200] "GET /reload?ser=1529404226588 HTTP/1.1" 200 28 "http://renault.activities.at/login?required=true" "Mozilla/5.0 (Windows NT 10.0; Win64; x64; rv:60.0) Gecko/20100101 Firefox/60.0"
185.58.53.32 - - [19/Jun/2018:12:30:30 +0200] "GET /reload?ser=1529404060015 HTTP/1.1" 200 28 "http://renault.activities.at/11820559" "Mozilla/5.0 (Windows NT 6.1; WOW64; Trident/7.0; rv:11.0) like Gecko"
213.153.47.173 - - [19/Jun/2018:12:31:27 +0200] "GET /reload?ser=1529404287247 HTTP/1.1" 200 28 "http://renault.activities.at/login?required=true" "Mozilla/5.0 (Windows NT 10.0; Win64; x64; rv:60.0) Gecko/20100101 Firefox/60.0"
185.58.53.32 - - [19/Jun/2018:12:31:31 +0200] "GET /reload?ser=1529404121063 HTTP/1.1" 200 28 "http://renault.activities.at/11820559" "Mozilla/5.0 (Windows NT 6.1; WOW64; Trident/7.0; rv:11.0) like Gecko"
213.153.47.173 - - [19/Jun/2018:12:32:27 +0200] "GET /reload?ser=1529404347908 HTTP/1.1" 200 28 "http://renault.activities.at/login?required=true" "Mozilla/5.0 (Windows NT 10.0; Win64; x64; rv:60.0) Gecko/20100101 Firefox/60.0"
185.58.53.32 - - [19/Jun/2018:12:32:32 +0200] "GET /reload?ser=1529404182113 HTTP/1.1" 200 28 "http://renault.activities.at/11820559" "Mozilla/5.0 (Windows NT 6.1; WOW64; Trident/7.0; rv:11.0) like Gecko"
213.153.47.173 - - [19/Jun/2018:12:33:28 +0200] "GET /reload?ser=1529404408588 HTTP/1.1" 200 28 "http://renault.activities.at/login?required=true" "Mozilla/5.0 (Windows NT 10.0; Win64; x64; rv:60.0) Gecko/20100101 Firefox/60.0"
185.58.53.32 - - [19/Jun/2018:12:33:33 +0200] "GET /reload?ser=1529404243153 HTTP/1.1" 200 28 "http://renault.activities.at/11820559" "Mozilla/5.0 (Windows NT 6.1; WOW64; Trident/7.0; rv:11.0) like Gecko"
213.153.47.173 - - [19/Jun/2018:12:34:29 +0200] "GET /reload?ser=1529404469250 HTTP/1.1" 200 28 "http://renault.activities.at/login?required=true" "Mozilla/5.0 (Windows NT 10.0; Win64; x64; rv:60.0) Gecko/20100101 Firefox/60.0"
185.58.53.32 - - [19/Jun/2018:12:34:34 +0200] "GET /reload?ser=1529404304120 HTTP/1.1" 200 28 "http://renault.activities.at/11820559" "Mozilla/5.0 (Windows NT 6.1; WOW64; Trident/7.0; rv:11.0) like Gecko"
213.153.47.173 - - [19/Jun/2018:12:35:29 +0200] "GET /reload?ser=1529404529900 HTTP/1.1" 200 28 "http://renault.activities.at/login?required=true" "Mozilla/5.0 (Windows NT 10.0; Win64; x64; rv:60.0) Gecko/20100101 Firefox/60.0"
185.58.53.32 - - [19/Jun/2018:12:35:35 +0200] "GET /reload?ser=1529404365118 HTTP/1.1" 200 28 "http://renault.activities.at/11820559" "Mozilla/5.0 (Windows NT 6.1; WOW64; Trident/7.0; rv:11.0) like Gecko"
213.153.47.173 - - [19/Jun/2018:12:36:30 +0200] "GET /reload?ser=1529404590549 HTTP/1.1" 200 28 "http://renault.activities.at/login?required=true" "Mozilla/5.0 (Windows NT 10.0; Win64; x64; rv:60.0) Gecko/20100101 Firefox/60.0"
185.58.53.32 - - [19/Jun/2018:12:36:36 +0200] "GET /reload?ser=1529404426139 HTTP/1.1" 200 28 "http://renault.activities.at/11820559" "Mozilla/5.0 (Windows NT 6.1; WOW64; Trident/7.0; rv:11.0) like Gecko"
213.153.47.173 - - [19/Jun/2018:12:37:31 +0200] "GET /reload?ser=1529404651202 HTTP/1.1" 200 28 "http://renault.activities.at/login?required=true" "Mozilla/5.0 (Windows NT 10.0; Win64; x64; rv:60.0) Gecko/20100101 Firefox/60.0"
185.58.53.32 - - [19/Jun/2018:12:37:37 +0200] "GET /reload?ser=1529404487150 HTTP/1.1" 200 28 "http://renault.activities.at/11820559" "Mozilla/5.0 (Windows NT 6.1; WOW64; Trident/7.0; rv:11.0) like Gecko"
213.153.47.173 - - [19/Jun/2018:12:38:31 +0200] "GET /reload?ser=1529404711842 HTTP/1.1" 200 28 "http://renault.activities.at/login?required=true" "Mozilla/5.0 (Windows NT 10.0; Win64; x64; rv:60.0) Gecko/20100101 Firefox/60.0"
185.58.53.32 - - [19/Jun/2018:12:38:38 +0200] "GET /reload?ser=1529404548181 HTTP/1.1" 200 28 "http://renault.activities.at/11820559" "Mozilla/5.0 (Windows NT 6.1; WOW64; Trident/7.0; rv:11.0) like Gecko"
213.153.47.173 - - [19/Jun/2018:12:39:32 +0200] "GET /reload?ser=1529404772492 HTTP/1.1" 200 28 "http://renault.activities.at/login?required=true" "Mozilla/5.0 (Windows NT 10.0; Win64; x64; rv:60.0) Gecko/20100101 Firefox/60.0"
185.58.53.32 - - [19/Jun/2018:12:39:39 +0200] "GET /reload?ser=1529404609181 HTTP/1.1" 200 28 "http://renault.activities.at/11820559" "Mozilla/5.0 (Windows NT 6.1; WOW64; Trident/7.0; rv:11.0) like Gecko"
213.153.47.173 - - [19/Jun/2018:12:40:33 +0200] "GET /reload?ser=1529404833139 HTTP/1.1" 200 28 "http://renault.activities.at/login?required=true" "Mozilla/5.0 (Windows NT 10.0; Win64; x64; rv:60.0) Gecko/20100101 Firefox/60.0"
185.58.53.32 - - [19/Jun/2018:12:40:40 +0200] "GET /reload?ser=1529404670198 HTTP/1.1" 200 28 "http://renault.activities.at/11820559" "Mozilla/5.0 (Windows NT 6.1; WOW64; Trident/7.0; rv:11.0) like Gecko"
213.153.47.173 - - [19/Jun/2018:12:41:33 +0200] "GET /reload?ser=1529404893794 HTTP/1.1" 200 28 "http://renault.activities.at/login?required=true" "Mozilla/5.0 (Windows NT 10.0; Win64; x64; rv:60.0) Gecko/20100101 Firefox/60.0"
185.58.53.32 - - [19/Jun/2018:12:41:41 +0200] "GET /reload?ser=1529404731249 HTTP/1.1" 200 28 "http://renault.activities.at/11820559" "Mozilla/5.0 (Windows NT 6.1; WOW64; Trident/7.0; rv:11.0) like Gecko"
213.153.47.173 - - [19/Jun/2018:12:42:34 +0200] "GET /reload?ser=1529404954454 HTTP/1.1" 200 28 "http://renault.activities.at/login?required=true" "Mozilla/5.0 (Windows NT 10.0; Win64; x64; rv:60.0) Gecko/20100101 Firefox/60.0"
185.58.53.32 - - [19/Jun/2018:12:42:42 +0200] "GET /reload?ser=1529404792272 HTTP/1.1" 200 28 "http://renault.activities.at/11820559" "Mozilla/5.0 (Windows NT 6.1; WOW64; Trident/7.0; rv:11.0) like Gecko"
213.153.47.173 - - [19/Jun/2018:12:43:35 +0200] "GET /reload?ser=1529405015124 HTTP/1.1" 200 28 "http://renault.activities.at/login?required=true" "Mozilla/5.0 (Windows NT 10.0; Win64; x64; rv:60.0) Gecko/20100101 Firefox/60.0"
185.58.53.32 - - [19/Jun/2018:12:43:43 +0200] "GET /reload?ser=1529404853303 HTTP/1.1" 200 28 "http://renault.activities.at/11820559" "Mozilla/5.0 (Windows NT 6.1; WOW64; Trident/7.0; rv:11.0) like Gecko"
213.153.47.173 - - [19/Jun/2018:12:44:35 +0200] "GET /reload?ser=1529405075775 HTTP/1.1" 200 28 "http://renault.activities.at/login?required=true" "Mozilla/5.0 (Windows NT 10.0; Win64; x64; rv:60.0) Gecko/20100101 Firefox/60.0"
185.58.53.32 - - [19/Jun/2018:12:44:44 +0200] "GET /reload?ser=1529404914276 HTTP/1.1" 200 28 "http://renault.activities.at/11820559" "Mozilla/5.0 (Windows NT 6.1; WOW64; Trident/7.0; rv:11.0) like Gecko"
213.153.47.173 - - [19/Jun/2018:12:45:36 +0200] "GET /reload?ser=1529405136425 HTTP/1.1" 200 28 "http://renault.activities.at/login?required=true" "Mozilla/5.0 (Windows NT 10.0; Win64; x64; rv:60.0) Gecko/20100101 Firefox/60.0"
185.58.53.32 - - [19/Jun/2018:12:45:45 +0200] "GET /reload?ser=1529404975304 HTTP/1.1" 200 28 "http://renault.activities.at/11820559" "Mozilla/5.0 (Windows NT 6.1; WOW64; Trident/7.0; rv:11.0) like Gecko"
213.153.47.173 - - [19/Jun/2018:12:46:37 +0200] "GET /reload?ser=1529405197086 HTTP/1.1" 200 28 "http://renault.activities.at/login?required=true" "Mozilla/5.0 (Windows NT 10.0; Win64; x64; rv:60.0) Gecko/20100101 Firefox/60.0"
185.58.53.32 - - [19/Jun/2018:12:46:46 +0200] "GET /reload?ser=1529405036311 HTTP/1.1" 200 28 "http://renault.activities.at/11820559" "Mozilla/5.0 (Windows NT 6.1; WOW64; Trident/7.0; rv:11.0) like Gecko"
213.153.47.173 - - [19/Jun/2018:12:47:37 +0200] "GET /reload?ser=1529405257746 HTTP/1.1" 200 28 "http://renault.activities.at/login?required=true" "Mozilla/5.0 (Windows NT 10.0; Win64; x64; rv:60.0) Gecko/20100101 Firefox/60.0"
185.58.53.32 - - [19/Jun/2018:12:47:47 +0200] "GET /reload?ser=1529405097334 HTTP/1.1" 200 28 "http://renault.activities.at/11820559" "Mozilla/5.0 (Windows NT 6.1; WOW64; Trident/7.0; rv:11.0) like Gecko"
213.153.47.173 - - [19/Jun/2018:12:48:38 +0200] "GET /reload?ser=1529405318406 HTTP/1.1" 200 28 "http://renault.activities.at/login?required=true" "Mozilla/5.0 (Windows NT 10.0; Win64; x64; rv:60.0) Gecko/20100101 Firefox/60.0"
185.58.53.32 - - [19/Jun/2018:12:48:48 +0200] "GET /reload?ser=1529405158354 HTTP/1.1" 200 28 "http://renault.activities.at/11820559" "Mozilla/5.0 (Windows NT 6.1; WOW64; Trident/7.0; rv:11.0) like Gecko"
213.153.47.173 - - [19/Jun/2018:12:49:39 +0200] "GET /reload?ser=1529405379047 HTTP/1.1" 200 28 "http://renault.activities.at/login?required=true" "Mozilla/5.0 (Windows NT 10.0; Win64; x64; rv:60.0) Gecko/20100101 Firefox/60.0"
185.58.53.32 - - [19/Jun/2018:12:49:49 +0200] "GET /reload?ser=1529405219333 HTTP/1.1" 200 28 "http://renault.activities.at/11820559" "Mozilla/5.0 (Windows NT 6.1; WOW64; Trident/7.0; rv:11.0) like Gecko"
213.153.47.173 - - [19/Jun/2018:12:50:39 +0200] "GET /reload?ser=1529405439696 HTTP/1.1" 200 28 "http://renault.activities.at/login?required=true" "Mozilla/5.0 (Windows NT 10.0; Win64; x64; rv:60.0) Gecko/20100101 Firefox/60.0"
185.58.53.32 - - [19/Jun/2018:12:50:50 +0200] "GET /reload?ser=1529405280304 HTTP/1.1" 200 28 "http://renault.activities.at/11820559" "Mozilla/5.0 (Windows NT 6.1; WOW64; Trident/7.0; rv:11.0) like Gecko"
91.141.0.156 - - [19/Jun/2018:12:51:19 +0200] "GET /account HTTP/1.1" 302 150 "-" "Mozilla/5.0 (iPhone; CPU iPhone OS 11_4 like Mac OS X) AppleWebKit/605.1.15 (KHTML, like Gecko) Version/11.0 Mobile/15E148 Safari/604.1"
91.141.0.156 - - [19/Jun/2018:12:51:19 +0200] "GET /login?required=true HTTP/1.1" 200 2086 "-" "Mozilla/5.0 (iPhone; CPU iPhone OS 11_4 like Mac OS X) AppleWebKit/605.1.15 (KHTML, like Gecko) Version/11.0 Mobile/15E148 Safari/604.1"
91.141.0.156 - - [19/Jun/2018:12:51:20 +0200] "GET /apple-touch-icon-120x120-precomposed.png HTTP/1.1" 200 1559 "-" "MobileSafari/604.1 CFNetwork/901.1 Darwin/17.6.0"
91.141.0.156 - - [19/Jun/2018:12:51:21 +0200] "GET /apple-touch-icon-120x120.png HTTP/1.1" 200 1559 "-" "MobileSafari/604.1 CFNetwork/901.1 Darwin/17.6.0"
91.141.0.156 - - [19/Jun/2018:12:51:23 +0200] "GET /apple-touch-icon-precomposed.png HTTP/1.1" 200 1559 "-" "MobileSafari/604.1 CFNetwork/901.1 Darwin/17.6.0"
91.141.0.156 - - [19/Jun/2018:12:51:24 +0200] "GET /apple-touch-icon.png HTTP/1.1" 200 1559 "-" "MobileSafari/604.1 CFNetwork/901.1 Darwin/17.6.0"
91.141.0.156 - - [19/Jun/2018:12:51:25 +0200] "GET /images/favicon.ico HTTP/1.1" 404 305 "-" "MobileSafari/604.1 CFNetwork/901.1 Darwin/17.6.0"
91.141.0.156 - - [19/Jun/2018:12:51:25 +0200] "GET /images/favicon.ico HTTP/1.1" 404 305 "-" "MobileSafari/604.1 CFNetwork/901.1 Darwin/17.6.0"
91.141.0.156 - - [19/Jun/2018:12:51:25 +0200] "GET /favicon.ico HTTP/1.1" 200 3250 "-" "MobileSafari/604.1 CFNetwork/901.1 Darwin/17.6.0"
91.141.0.156 - - [19/Jun/2018:12:51:25 +0200] "GET /apple-touch-icon-120x120-precomposed.png HTTP/1.1" 200 1559 "-" "MobileSafari/604.1 CFNetwork/901.1 Darwin/17.6.0"
91.141.0.156 - - [19/Jun/2018:12:51:26 +0200] "GET /apple-touch-icon-120x120.png HTTP/1.1" 200 1559 "-" "MobileSafari/604.1 CFNetwork/901.1 Darwin/17.6.0"
91.141.0.156 - - [19/Jun/2018:12:51:27 +0200] "GET /apple-touch-icon-precomposed.png HTTP/1.1" 200 1559 "-" "MobileSafari/604.1 CFNetwork/901.1 Darwin/17.6.0"
91.141.0.156 - - [19/Jun/2018:12:51:29 +0200] "GET /apple-touch-icon.png HTTP/1.1" 200 1559 "-" "MobileSafari/604.1 CFNetwork/901.1 Darwin/17.6.0"
91.141.0.156 - - [19/Jun/2018:12:51:30 +0200] "GET /images/favicon.ico HTTP/1.1" 404 305 "-" "MobileSafari/604.1 CFNetwork/901.1 Darwin/17.6.0"
91.141.0.156 - - [19/Jun/2018:12:51:30 +0200] "GET /images/favicon.ico HTTP/1.1" 404 305 "-" "MobileSafari/604.1 CFNetwork/901.1 Darwin/17.6.0"
91.141.0.156 - - [19/Jun/2018:12:51:30 +0200] "GET /favicon.ico HTTP/1.1" 200 3250 "-" "MobileSafari/604.1 CFNetwork/901.1 Darwin/17.6.0"
213.153.47.173 - - [19/Jun/2018:12:51:40 +0200] "GET /reload?ser=1529405500357 HTTP/1.1" 200 28 "http://renault.activities.at/login?required=true" "Mozilla/5.0 (Windows NT 10.0; Win64; x64; rv:60.0) Gecko/20100101 Firefox/60.0"
185.58.53.32 - - [19/Jun/2018:12:51:51 +0200] "GET /reload?ser=1529405341334 HTTP/1.1" 200 28 "http://renault.activities.at/11820559" "Mozilla/5.0 (Windows NT 6.1; WOW64; Trident/7.0; rv:11.0) like Gecko"
213.153.47.173 - - [19/Jun/2018:12:52:41 +0200] "GET /reload?ser=1529405561015 HTTP/1.1" 200 28 "http://renault.activities.at/login?required=true" "Mozilla/5.0 (Windows NT 10.0; Win64; x64; rv:60.0) Gecko/20100101 Firefox/60.0"
185.58.53.32 - - [19/Jun/2018:12:52:52 +0200] "GET /reload?ser=1529405402358 HTTP/1.1" 200 28 "http://renault.activities.at/11820559" "Mozilla/5.0 (Windows NT 6.1; WOW64; Trident/7.0; rv:11.0) like Gecko"
213.153.47.173 - - [19/Jun/2018:12:53:41 +0200] "GET /reload?ser=1529405621687 HTTP/1.1" 200 28 "http://renault.activities.at/login?required=true" "Mozilla/5.0 (Windows NT 10.0; Win64; x64; rv:60.0) Gecko/20100101 Firefox/60.0"
185.58.53.32 - - [19/Jun/2018:12:53:53 +0200] "GET /reload?ser=1529405463343 HTTP/1.1" 200 28 "http://renault.activities.at/11820559" "Mozilla/5.0 (Windows NT 6.1; WOW64; Trident/7.0; rv:11.0) like Gecko"
213.153.47.173 - - [19/Jun/2018:12:54:42 +0200] "GET /reload?ser=1529405682358 HTTP/1.1" 200 28 "http://renault.activities.at/login?required=true" "Mozilla/5.0 (Windows NT 10.0; Win64; x64; rv:60.0) Gecko/20100101 Firefox/60.0"
185.58.53.32 - - [19/Jun/2018:12:54:54 +0200] "GET /reload?ser=1529405524336 HTTP/1.1" 200 28 "http://renault.activities.at/11820559" "Mozilla/5.0 (Windows NT 6.1; WOW64; Trident/7.0; rv:11.0) like Gecko"
213.153.47.173 - - [19/Jun/2018:12:55:43 +0200] "GET /reload?ser=1529405743008 HTTP/1.1" 200 28 "http://renault.activities.at/login?required=true" "Mozilla/5.0 (Windows NT 10.0; Win64; x64; rv:60.0) Gecko/20100101 Firefox/60.0"
185.58.53.32 - - [19/Jun/2018:12:55:55 +0200] "GET /reload?ser=1529405585379 HTTP/1.1" 200 28 "http://renault.activities.at/11820559" "Mozilla/5.0 (Windows NT 6.1; WOW64; Trident/7.0; rv:11.0) like Gecko"
213.153.47.173 - - [19/Jun/2018:12:56:43 +0200] "GET /reload?ser=1529405803668 HTTP/1.1" 200 28 "http://renault.activities.at/login?required=true" "Mozilla/5.0 (Windows NT 10.0; Win64; x64; rv:60.0) Gecko/20100101 Firefox/60.0"
185.58.53.32 - - [19/Jun/2018:12:56:56 +0200] "GET /reload?ser=1529405646398 HTTP/1.1" 200 28 "http://renault.activities.at/11820559" "Mozilla/5.0 (Windows NT 6.1; WOW64; Trident/7.0; rv:11.0) like Gecko"
213.153.47.173 - - [19/Jun/2018:12:57:44 +0200] "GET /reload?ser=1529405864317 HTTP/1.1" 200 28 "http://renault.activities.at/login?required=true" "Mozilla/5.0 (Windows NT 10.0; Win64; x64; rv:60.0) Gecko/20100101 Firefox/60.0"
185.58.53.32 - - [19/Jun/2018:12:57:57 +0200] "GET /reload?ser=1529405707417 HTTP/1.1" 200 28 "http://renault.activities.at/11820559" "Mozilla/5.0 (Windows NT 6.1; WOW64; Trident/7.0; rv:11.0) like Gecko"
213.153.47.173 - - [19/Jun/2018:12:58:45 +0200] "GET /reload?ser=1529405924978 HTTP/1.1" 200 28 "http://renault.activities.at/login?required=true" "Mozilla/5.0 (Windows NT 10.0; Win64; x64; rv:60.0) Gecko/20100101 Firefox/60.0"
185.58.53.32 - - [19/Jun/2018:12:58:58 +0200] "GET /reload?ser=1529405768388 HTTP/1.1" 200 28 "http://renault.activities.at/11820559" "Mozilla/5.0 (Windows NT 6.1; WOW64; Trident/7.0; rv:11.0) like Gecko"
213.153.47.173 - - [19/Jun/2018:12:59:45 +0200] "GET /reload?ser=1529405985639 HTTP/1.1" 200 28 "http://renault.activities.at/login?required=true" "Mozilla/5.0 (Windows NT 10.0; Win64; x64; rv:60.0) Gecko/20100101 Firefox/60.0"
185.58.53.32 - - [19/Jun/2018:12:59:59 +0200] "GET /reload?ser=1529405829385 HTTP/1.1" 200 28 "http://renault.activities.at/11820559" "Mozilla/5.0 (Windows NT 6.1; WOW64; Trident/7.0; rv:11.0) like Gecko"
213.153.47.173 - - [19/Jun/2018:13:00:46 +0200] "GET /reload?ser=1529406046308 HTTP/1.1" 200 28 "http://renault.activities.at/login?required=true" "Mozilla/5.0 (Windows NT 10.0; Win64; x64; rv:60.0) Gecko/20100101 Firefox/60.0"
185.58.53.32 - - [19/Jun/2018:13:01:00 +0200] "GET /reload?ser=1529405890405 HTTP/1.1" 200 28 "http://renault.activities.at/11820559" "Mozilla/5.0 (Windows NT 6.1; WOW64; Trident/7.0; rv:11.0) like Gecko"
213.153.47.173 - - [19/Jun/2018:13:01:47 +0200] "GET /reload?ser=1529406106958 HTTP/1.1" 200 28 "http://renault.activities.at/login?required=true" "Mozilla/5.0 (Windows NT 10.0; Win64; x64; rv:60.0) Gecko/20100101 Firefox/60.0"
185.58.53.32 - - [19/Jun/2018:13:02:01 +0200] "GET /reload?ser=1529405951406 HTTP/1.1" 200 28 "http://renault.activities.at/11820559" "Mozilla/5.0 (Windows NT 6.1; WOW64; Trident/7.0; rv:11.0) like Gecko"
213.153.47.173 - - [19/Jun/2018:13:02:47 +0200] "GET /reload?ser=1529406167639 HTTP/1.1" 200 28 "http://renault.activities.at/login?required=true" "Mozilla/5.0 (Windows NT 10.0; Win64; x64; rv:60.0) Gecko/20100101 Firefox/60.0"
185.58.53.32 - - [19/Jun/2018:13:03:02 +0200] "GET /reload?ser=1529406012443 HTTP/1.1" 200 28 "http://renault.activities.at/11820559" "Mozilla/5.0 (Windows NT 6.1; WOW64; Trident/7.0; rv:11.0) like Gecko"
213.153.47.173 - - [19/Jun/2018:13:03:48 +0200] "GET /reload?ser=1529406228310 HTTP/1.1" 200 28 "http://renault.activities.at/login?required=true" "Mozilla/5.0 (Windows NT 10.0; Win64; x64; rv:60.0) Gecko/20100101 Firefox/60.0"
185.58.53.32 - - [19/Jun/2018:13:04:03 +0200] "GET /reload?ser=1529406073467 HTTP/1.1" 200 28 "http://renault.activities.at/11820559" "Mozilla/5.0 (Windows NT 6.1; WOW64; Trident/7.0; rv:11.0) like Gecko"
213.153.47.173 - - [19/Jun/2018:13:04:49 +0200] "GET /reload?ser=1529406289069 HTTP/1.1" 200 28 "http://renault.activities.at/login?required=true" "Mozilla/5.0 (Windows NT 10.0; Win64; x64; rv:60.0) Gecko/20100101 Firefox/60.0"
185.58.53.32 - - [19/Jun/2018:13:05:04 +0200] "GET /reload?ser=1529406134467 HTTP/1.1" 200 28 "http://renault.activities.at/11820559" "Mozilla/5.0 (Windows NT 6.1; WOW64; Trident/7.0; rv:11.0) like Gecko"
66.249.64.73 - - [19/Jun/2018:13:05:05 +0200] "GET / HTTP/1.1" 200 3740 "-" "Mozilla/5.0 (Linux; Android 6.0.1; Nexus 5X Build/MMB29P) AppleWebKit/537.36 (KHTML, like Gecko) Chrome/41.0.2272.96 Mobile Safari/537.36 (compatible; Googlebot/2.1; +http://www.google.com/bot.html)"
213.153.47.173 - - [19/Jun/2018:13:05:49 +0200] "GET /reload?ser=1529406349710 HTTP/1.1" 200 28 "http://renault.activities.at/login?required=true" "Mozilla/5.0 (Windows NT 10.0; Win64; x64; rv:60.0) Gecko/20100101 Firefox/60.0"
185.58.53.32 - - [19/Jun/2018:13:06:05 +0200] "GET /reload?ser=1529406195443 HTTP/1.1" 200 28 "http://renault.activities.at/11820559" "Mozilla/5.0 (Windows NT 6.1; WOW64; Trident/7.0; rv:11.0) like Gecko"
213.153.47.173 - - [19/Jun/2018:13:06:50 +0200] "GET /reload?ser=1529406410360 HTTP/1.1" 200 28 "http://renault.activities.at/login?required=true" "Mozilla/5.0 (Windows NT 10.0; Win64; x64; rv:60.0) Gecko/20100101 Firefox/60.0"
185.58.53.32 - - [19/Jun/2018:13:07:06 +0200] "GET /reload?ser=1529406256494 HTTP/1.1" 200 28 "http://renault.activities.at/11820559" "Mozilla/5.0 (Windows NT 6.1; WOW64; Trident/7.0; rv:11.0) like Gecko"
213.153.47.173 - - [19/Jun/2018:13:07:51 +0200] "GET /reload?ser=1529406471020 HTTP/1.1" 200 28 "http://renault.activities.at/login?required=true" "Mozilla/5.0 (Windows NT 10.0; Win64; x64; rv:60.0) Gecko/20100101 Firefox/60.0"
185.58.53.32 - - [19/Jun/2018:13:08:07 +0200] "GET /reload?ser=1529406317541 HTTP/1.1" 200 28 "http://renault.activities.at/11820559" "Mozilla/5.0 (Windows NT 6.1; WOW64; Trident/7.0; rv:11.0) like Gecko"
213.153.47.173 - - [19/Jun/2018:13:08:51 +0200] "GET /reload?ser=1529406531707 HTTP/1.1" 200 28 "http://renault.activities.at/login?required=true" "Mozilla/5.0 (Windows NT 10.0; Win64; x64; rv:60.0) Gecko/20100101 Firefox/60.0"
185.58.53.32 - - [19/Jun/2018:13:09:08 +0200] "GET /reload?ser=1529406378518 HTTP/1.1" 200 28 "http://renault.activities.at/11820559" "Mozilla/5.0 (Windows NT 6.1; WOW64; Trident/7.0; rv:11.0) like Gecko"
213.153.47.173 - - [19/Jun/2018:13:09:52 +0200] "GET /reload?ser=1529406592369 HTTP/1.1" 200 28 "http://renault.activities.at/login?required=true" "Mozilla/5.0 (Windows NT 10.0; Win64; x64; rv:60.0) Gecko/20100101 Firefox/60.0"
185.58.53.32 - - [19/Jun/2018:13:10:09 +0200] "GET /reload?ser=1529406439572 HTTP/1.1" 200 28 "http://renault.activities.at/11820559" "Mozilla/5.0 (Windows NT 6.1; WOW64; Trident/7.0; rv:11.0) like Gecko"
213.153.47.173 - - [19/Jun/2018:13:10:53 +0200] "GET /reload?ser=1529406653050 HTTP/1.1" 200 28 "http://renault.activities.at/login?required=true" "Mozilla/5.0 (Windows NT 10.0; Win64; x64; rv:60.0) Gecko/20100101 Firefox/60.0"
185.58.53.32 - - [19/Jun/2018:13:11:10 +0200] "GET /reload?ser=1529406500592 HTTP/1.1" 200 28 "http://renault.activities.at/11820559" "Mozilla/5.0 (Windows NT 6.1; WOW64; Trident/7.0; rv:11.0) like Gecko"
213.153.47.173 - - [19/Jun/2018:13:11:53 +0200] "GET /reload?ser=1529406713689 HTTP/1.1" 200 28 "http://renault.activities.at/login?required=true" "Mozilla/5.0 (Windows NT 10.0; Win64; x64; rv:60.0) Gecko/20100101 Firefox/60.0"
185.58.53.32 - - [19/Jun/2018:13:12:11 +0200] "GET /reload?ser=1529406561653 HTTP/1.1" 200 28 "http://renault.activities.at/11820559" "Mozilla/5.0 (Windows NT 6.1; WOW64; Trident/7.0; rv:11.0) like Gecko"
213.153.47.173 - - [19/Jun/2018:13:12:54 +0200] "GET /reload?ser=1529406774350 HTTP/1.1" 200 28 "http://renault.activities.at/login?required=true" "Mozilla/5.0 (Windows NT 10.0; Win64; x64; rv:60.0) Gecko/20100101 Firefox/60.0"
185.58.53.32 - - [19/Jun/2018:13:13:12 +0200] "GET /reload?ser=1529406622693 HTTP/1.1" 200 28 "http://renault.activities.at/11820559" "Mozilla/5.0 (Windows NT 6.1; WOW64; Trident/7.0; rv:11.0) like Gecko"
213.153.47.173 - - [19/Jun/2018:13:13:55 +0200] "GET /reload?ser=1529406834999 HTTP/1.1" 200 28 "http://renault.activities.at/login?required=true" "Mozilla/5.0 (Windows NT 10.0; Win64; x64; rv:60.0) Gecko/20100101 Firefox/60.0"
185.58.53.32 - - [19/Jun/2018:13:14:13 +0200] "GET /reload?ser=1529406683713 HTTP/1.1" 200 28 "http://renault.activities.at/11820559" "Mozilla/5.0 (Windows NT 6.1; WOW64; Trident/7.0; rv:11.0) like Gecko"
213.153.47.173 - - [19/Jun/2018:13:14:55 +0200] "GET /reload?ser=1529406895670 HTTP/1.1" 200 28 "http://renault.activities.at/login?required=true" "Mozilla/5.0 (Windows NT 10.0; Win64; x64; rv:60.0) Gecko/20100101 Firefox/60.0"
185.58.53.32 - - [19/Jun/2018:13:15:14 +0200] "GET /reload?ser=1529406744741 HTTP/1.1" 200 28 "http://renault.activities.at/11820559" "Mozilla/5.0 (Windows NT 6.1; WOW64; Trident/7.0; rv:11.0) like Gecko"
213.153.47.173 - - [19/Jun/2018:13:15:56 +0200] "GET /reload?ser=1529406956330 HTTP/1.1" 200 28 "http://renault.activities.at/login?required=true" "Mozilla/5.0 (Windows NT 10.0; Win64; x64; rv:60.0) Gecko/20100101 Firefox/60.0"
185.58.53.32 - - [19/Jun/2018:13:16:15 +0200] "GET /reload?ser=1529406805755 HTTP/1.1" 200 28 "http://renault.activities.at/11820559" "Mozilla/5.0 (Windows NT 6.1; WOW64; Trident/7.0; rv:11.0) like Gecko"
213.153.47.173 - - [19/Jun/2018:13:16:57 +0200] "GET /reload?ser=1529407016991 HTTP/1.1" 200 28 "http://renault.activities.at/login?required=true" "Mozilla/5.0 (Windows NT 10.0; Win64; x64; rv:60.0) Gecko/20100101 Firefox/60.0"
185.58.53.32 - - [19/Jun/2018:13:17:16 +0200] "GET /reload?ser=1529406866803 HTTP/1.1" 200 28 "http://renault.activities.at/11820559" "Mozilla/5.0 (Windows NT 6.1; WOW64; Trident/7.0; rv:11.0) like Gecko"
213.153.47.173 - - [19/Jun/2018:13:17:57 +0200] "GET /reload?ser=1529407077650 HTTP/1.1" 200 28 "http://renault.activities.at/login?required=true" "Mozilla/5.0 (Windows NT 10.0; Win64; x64; rv:60.0) Gecko/20100101 Firefox/60.0"
185.58.53.32 - - [19/Jun/2018:13:18:17 +0200] "GET /reload?ser=1529406927816 HTTP/1.1" 200 28 "http://renault.activities.at/11820559" "Mozilla/5.0 (Windows NT 6.1; WOW64; Trident/7.0; rv:11.0) like Gecko"
213.153.47.173 - - [19/Jun/2018:13:18:58 +0200] "GET /reload?ser=1529407138311 HTTP/1.1" 200 28 "http://renault.activities.at/login?required=true" "Mozilla/5.0 (Windows NT 10.0; Win64; x64; rv:60.0) Gecko/20100101 Firefox/60.0"
185.58.53.32 - - [19/Jun/2018:13:19:18 +0200] "GET /reload?ser=1529406988834 HTTP/1.1" 200 28 "http://renault.activities.at/11820559" "Mozilla/5.0 (Windows NT 6.1; WOW64; Trident/7.0; rv:11.0) like Gecko"
213.153.47.173 - - [19/Jun/2018:13:19:59 +0200] "GET /reload?ser=1529407198981 HTTP/1.1" 200 28 "http://renault.activities.at/login?required=true" "Mozilla/5.0 (Windows NT 10.0; Win64; x64; rv:60.0) Gecko/20100101 Firefox/60.0"
185.58.53.32 - - [19/Jun/2018:13:20:19 +0200] "GET /reload?ser=1529407049868 HTTP/1.1" 200 28 "http://renault.activities.at/11820559" "Mozilla/5.0 (Windows NT 6.1; WOW64; Trident/7.0; rv:11.0) like Gecko"
213.153.47.173 - - [19/Jun/2018:13:20:59 +0200] "GET /reload?ser=1529407259641 HTTP/1.1" 200 28 "http://renault.activities.at/login?required=true" "Mozilla/5.0 (Windows NT 10.0; Win64; x64; rv:60.0) Gecko/20100101 Firefox/60.0"
185.58.53.32 - - [19/Jun/2018:13:21:20 +0200] "GET /reload?ser=1529407110842 HTTP/1.1" 200 28 "http://renault.activities.at/11820559" "Mozilla/5.0 (Windows NT 6.1; WOW64; Trident/7.0; rv:11.0) like Gecko"
213.153.47.173 - - [19/Jun/2018:13:22:00 +0200] "GET /reload?ser=1529407320291 HTTP/1.1" 200 28 "http://renault.activities.at/login?required=true" "Mozilla/5.0 (Windows NT 10.0; Win64; x64; rv:60.0) Gecko/20100101 Firefox/60.0"
185.58.53.32 - - [19/Jun/2018:13:22:21 +0200] "GET /reload?ser=1529407171864 HTTP/1.1" 200 28 "http://renault.activities.at/11820559" "Mozilla/5.0 (Windows NT 6.1; WOW64; Trident/7.0; rv:11.0) like Gecko"
213.153.47.173 - - [19/Jun/2018:13:23:00 +0200] "GET /reload?ser=1529407380940 HTTP/1.1" 200 28 "http://renault.activities.at/login?required=true" "Mozilla/5.0 (Windows NT 10.0; Win64; x64; rv:60.0) Gecko/20100101 Firefox/60.0"
185.58.53.32 - - [19/Jun/2018:13:23:22 +0200] "GET /reload?ser=1529407232839 HTTP/1.1" 200 28 "http://renault.activities.at/11820559" "Mozilla/5.0 (Windows NT 6.1; WOW64; Trident/7.0; rv:11.0) like Gecko"
213.153.47.173 - - [19/Jun/2018:13:24:01 +0200] "GET /reload?ser=1529407441594 HTTP/1.1" 200 28 "http://renault.activities.at/login?required=true" "Mozilla/5.0 (Windows NT 10.0; Win64; x64; rv:60.0) Gecko/20100101 Firefox/60.0"
185.58.53.32 - - [19/Jun/2018:13:24:23 +0200] "GET /reload?ser=1529407293882 HTTP/1.1" 200 28 "http://renault.activities.at/11820559" "Mozilla/5.0 (Windows NT 6.1; WOW64; Trident/7.0; rv:11.0) like Gecko"
213.153.47.173 - - [19/Jun/2018:13:25:02 +0200] "GET /reload?ser=1529407502241 HTTP/1.1" 200 28 "http://renault.activities.at/login?required=true" "Mozilla/5.0 (Windows NT 10.0; Win64; x64; rv:60.0) Gecko/20100101 Firefox/60.0"
185.58.53.32 - - [19/Jun/2018:13:25:24 +0200] "GET /reload?ser=1529407354873 HTTP/1.1" 200 28 "http://renault.activities.at/11820559" "Mozilla/5.0 (Windows NT 6.1; WOW64; Trident/7.0; rv:11.0) like Gecko"
213.153.47.173 - - [19/Jun/2018:13:26:02 +0200] "GET /reload?ser=1529407562902 HTTP/1.1" 200 28 "http://renault.activities.at/login?required=true" "Mozilla/5.0 (Windows NT 10.0; Win64; x64; rv:60.0) Gecko/20100101 Firefox/60.0"
185.58.53.32 - - [19/Jun/2018:13:26:26 +0200] "GET /reload?ser=1529407415900 HTTP/1.1" 200 28 "http://renault.activities.at/11820559" "Mozilla/5.0 (Windows NT 6.1; WOW64; Trident/7.0; rv:11.0) like Gecko"
213.153.47.173 - - [19/Jun/2018:13:27:03 +0200] "GET /reload?ser=1529407623562 HTTP/1.1" 200 28 "http://renault.activities.at/login?required=true" "Mozilla/5.0 (Windows NT 10.0; Win64; x64; rv:60.0) Gecko/20100101 Firefox/60.0"
185.58.53.32 - - [19/Jun/2018:13:27:27 +0200] "GET /reload?ser=1529407476943 HTTP/1.1" 200 28 "http://renault.activities.at/11820559" "Mozilla/5.0 (Windows NT 6.1; WOW64; Trident/7.0; rv:11.0) like Gecko"
80.120.5.131 - - [19/Jun/2018:13:27:33 +0200] "GET /10201637 HTTP/1.1" 302 150 "-" "Mozilla/5.0 (Macintosh; Intel Mac OS X 10_13_3) AppleWebKit/604.5.6 (KHTML, like Gecko)"
80.120.5.131 - - [19/Jun/2018:13:27:35 +0200] "GET /login?required=true HTTP/1.1" 200 2086 "-" "Mozilla/5.0 (Macintosh; Intel Mac OS X 10_13_3) AppleWebKit/604.5.6 (KHTML, like Gecko)"
80.120.5.131 - - [19/Jun/2018:13:27:36 +0200] "GET /apple-touch-icon-precomposed.png HTTP/1.1" 200 1559 "-" "Safari/13604.5.6 CFNetwork/893.13.1 Darwin/17.4.0 (x86_64)"
80.120.5.131 - - [19/Jun/2018:13:27:37 +0200] "GET /apple-touch-icon.png HTTP/1.1" 200 1559 "-" "Safari/13604.5.6 CFNetwork/893.13.1 Darwin/17.4.0 (x86_64)"
80.120.5.131 - - [19/Jun/2018:13:27:38 +0200] "GET /images/favicon.ico HTTP/1.1" 404 305 "-" "Safari/13604.5.6 CFNetwork/893.13.1 Darwin/17.4.0 (x86_64)"
80.120.5.131 - - [19/Jun/2018:13:27:38 +0200] "GET /images/favicon.ico HTTP/1.1" 404 305 "-" "Safari/13604.5.6 CFNetwork/893.13.1 Darwin/17.4.0 (x86_64)"
80.120.5.131 - - [19/Jun/2018:13:27:38 +0200] "GET /favicon.ico HTTP/1.1" 200 3250 "-" "Safari/13604.5.6 CFNetwork/893.13.1 Darwin/17.4.0 (x86_64)"
80.120.5.131 - - [19/Jun/2018:13:27:38 +0200] "GET /apple-touch-icon-precomposed.png HTTP/1.1" 200 1559 "-" "Safari/13604.5.6 CFNetwork/893.13.1 Darwin/17.4.0 (x86_64)"
80.120.5.131 - - [19/Jun/2018:13:27:39 +0200] "GET /apple-touch-icon.png HTTP/1.1" 200 1559 "-" "Safari/13604.5.6 CFNetwork/893.13.1 Darwin/17.4.0 (x86_64)"
80.120.5.131 - - [19/Jun/2018:13:27:40 +0200] "GET /images/favicon.ico HTTP/1.1" 404 305 "-" "Safari/13604.5.6 CFNetwork/893.13.1 Darwin/17.4.0 (x86_64)"
80.120.5.131 - - [19/Jun/2018:13:27:40 +0200] "GET /images/favicon.ico HTTP/1.1" 404 305 "-" "Safari/13604.5.6 CFNetwork/893.13.1 Darwin/17.4.0 (x86_64)"
80.120.5.131 - - [19/Jun/2018:13:27:40 +0200] "GET /favicon.ico HTTP/1.1" 200 3250 "-" "Safari/13604.5.6 CFNetwork/893.13.1 Darwin/17.4.0 (x86_64)"
80.120.5.131 - - [19/Jun/2018:13:27:40 +0200] "GET /10201637 HTTP/1.1" 302 150 "-" "\"Mozilla/5.0 (iPhone; CPU iPhone OS 11_0 like Mac OS X) AppleWebKit/604.1.38 (KHTML, like Gecko) Version/11.0 Mobile/15A372 Safari/604.1\""
80.120.5.131 - - [19/Jun/2018:13:27:41 +0200] "GET /login?required=true HTTP/1.1" 200 2086 "-" "\"Mozilla/5.0 (iPhone; CPU iPhone OS 11_0 like Mac OS X) AppleWebKit/604.1.38 (KHTML, like Gecko) Version/11.0 Mobile/15A372 Safari/604.1\""
80.120.5.131 - - [19/Jun/2018:13:27:42 +0200] "GET /apple-touch-icon-precomposed.png HTTP/1.1" 200 1559 "-" "Safari/13604.5.6 CFNetwork/893.13.1 Darwin/17.4.0 (x86_64)"
80.120.5.131 - - [19/Jun/2018:13:27:43 +0200] "GET /apple-touch-icon.png HTTP/1.1" 200 1559 "-" "Safari/13604.5.6 CFNetwork/893.13.1 Darwin/17.4.0 (x86_64)"
80.120.5.131 - - [19/Jun/2018:13:27:44 +0200] "GET /images/favicon.ico HTTP/1.1" 404 305 "-" "Safari/13604.5.6 CFNetwork/893.13.1 Darwin/17.4.0 (x86_64)"
80.120.5.131 - - [19/Jun/2018:13:27:44 +0200] "GET /images/favicon.ico HTTP/1.1" 404 305 "-" "Safari/13604.5.6 CFNetwork/893.13.1 Darwin/17.4.0 (x86_64)"
80.120.5.131 - - [19/Jun/2018:13:27:44 +0200] "GET /favicon.ico HTTP/1.1" 200 3250 "-" "Safari/13604.5.6 CFNetwork/893.13.1 Darwin/17.4.0 (x86_64)"
80.120.5.131 - - [19/Jun/2018:13:27:44 +0200] "GET /apple-touch-icon-precomposed.png HTTP/1.1" 200 1559 "-" "Safari/13604.5.6 CFNetwork/893.13.1 Darwin/17.4.0 (x86_64)"
80.120.5.131 - - [19/Jun/2018:13:27:45 +0200] "GET /apple-touch-icon.png HTTP/1.1" 200 1559 "-" "Safari/13604.5.6 CFNetwork/893.13.1 Darwin/17.4.0 (x86_64)"
80.120.5.131 - - [19/Jun/2018:13:27:46 +0200] "GET /images/favicon.ico HTTP/1.1" 404 305 "-" "Safari/13604.5.6 CFNetwork/893.13.1 Darwin/17.4.0 (x86_64)"
80.120.5.131 - - [19/Jun/2018:13:27:46 +0200] "GET /images/favicon.ico HTTP/1.1" 404 305 "-" "Safari/13604.5.6 CFNetwork/893.13.1 Darwin/17.4.0 (x86_64)"
80.120.5.131 - - [19/Jun/2018:13:27:46 +0200] "GET /favicon.ico HTTP/1.1" 200 3250 "-" "Safari/13604.5.6 CFNetwork/893.13.1 Darwin/17.4.0 (x86_64)"
213.153.47.173 - - [19/Jun/2018:13:28:04 +0200] "GET /reload?ser=1529407684221 HTTP/1.1" 200 28 "http://renault.activities.at/login?required=true" "Mozilla/5.0 (Windows NT 10.0; Win64; x64; rv:60.0) Gecko/20100101 Firefox/60.0"
185.58.53.32 - - [19/Jun/2018:13:28:28 +0200] "GET /reload?ser=1529407537967 HTTP/1.1" 200 28 "http://renault.activities.at/11820559" "Mozilla/5.0 (Windows NT 6.1; WOW64; Trident/7.0; rv:11.0) like Gecko"
213.153.47.173 - - [19/Jun/2018:13:29:04 +0200] "GET /reload?ser=1529407744892 HTTP/1.1" 200 28 "http://renault.activities.at/login?required=true" "Mozilla/5.0 (Windows NT 10.0; Win64; x64; rv:60.0) Gecko/20100101 Firefox/60.0"
185.58.53.32 - - [19/Jun/2018:13:29:29 +0200] "GET /reload?ser=1529407598979 HTTP/1.1" 200 28 "http://renault.activities.at/11820559" "Mozilla/5.0 (Windows NT 6.1; WOW64; Trident/7.0; rv:11.0) like Gecko"
213.153.47.173 - - [19/Jun/2018:13:30:05 +0200] "GET /reload?ser=1529407805562 HTTP/1.1" 200 28 "http://renault.activities.at/login?required=true" "Mozilla/5.0 (Windows NT 10.0; Win64; x64; rv:60.0) Gecko/20100101 Firefox/60.0"
185.58.53.32 - - [19/Jun/2018:13:30:30 +0200] "GET /reload?ser=1529407659962 HTTP/1.1" 200 28 "http://renault.activities.at/11820559" "Mozilla/5.0 (Windows NT 6.1; WOW64; Trident/7.0; rv:11.0) like Gecko"
213.153.47.173 - - [19/Jun/2018:13:31:06 +0200] "GET /reload?ser=1529407866211 HTTP/1.1" 200 28 "http://renault.activities.at/login?required=true" "Mozilla/5.0 (Windows NT 10.0; Win64; x64; rv:60.0) Gecko/20100101 Firefox/60.0"
185.58.53.32 - - [19/Jun/2018:13:31:31 +0200] "GET /reload?ser=1529407721004 HTTP/1.1" 200 28 "http://renault.activities.at/11820559" "Mozilla/5.0 (Windows NT 6.1; WOW64; Trident/7.0; rv:11.0) like Gecko"
213.153.47.173 - - [19/Jun/2018:13:32:06 +0200] "GET /reload?ser=1529407926882 HTTP/1.1" 200 28 "http://renault.activities.at/login?required=true" "Mozilla/5.0 (Windows NT 10.0; Win64; x64; rv:60.0) Gecko/20100101 Firefox/60.0"
185.58.53.32 - - [19/Jun/2018:13:32:32 +0200] "GET /reload?ser=1529407782023 HTTP/1.1" 200 28 "http://renault.activities.at/11820559" "Mozilla/5.0 (Windows NT 6.1; WOW64; Trident/7.0; rv:11.0) like Gecko"
213.153.47.173 - - [19/Jun/2018:13:33:07 +0200] "GET /reload?ser=1529407987552 HTTP/1.1" 200 28 "http://renault.activities.at/login?required=true" "Mozilla/5.0 (Windows NT 10.0; Win64; x64; rv:60.0) Gecko/20100101 Firefox/60.0"
185.58.53.32 - - [19/Jun/2018:13:33:33 +0200] "GET /reload?ser=1529407843045 HTTP/1.1" 200 28 "http://renault.activities.at/11820559" "Mozilla/5.0 (Windows NT 6.1; WOW64; Trident/7.0; rv:11.0) like Gecko"
213.153.47.173 - - [19/Jun/2018:13:34:08 +0200] "GET /reload?ser=1529408048212 HTTP/1.1" 200 28 "http://renault.activities.at/login?required=true" "Mozilla/5.0 (Windows NT 10.0; Win64; x64; rv:60.0) Gecko/20100101 Firefox/60.0"
185.58.53.32 - - [19/Jun/2018:13:34:34 +0200] "GET /reload?ser=1529407904015 HTTP/1.1" 200 28 "http://renault.activities.at/11820559" "Mozilla/5.0 (Windows NT 6.1; WOW64; Trident/7.0; rv:11.0) like Gecko"
213.153.47.173 - - [19/Jun/2018:13:35:08 +0200] "GET /reload?ser=1529408108862 HTTP/1.1" 200 28 "http://renault.activities.at/login?required=true" "Mozilla/5.0 (Windows NT 10.0; Win64; x64; rv:60.0) Gecko/20100101 Firefox/60.0"
185.58.53.32 - - [19/Jun/2018:13:35:35 +0200] "GET /reload?ser=1529407965011 HTTP/1.1" 200 28 "http://renault.activities.at/11820559" "Mozilla/5.0 (Windows NT 6.1; WOW64; Trident/7.0; rv:11.0) like Gecko"
213.153.47.173 - - [19/Jun/2018:13:36:09 +0200] "GET /reload?ser=1529408169502 HTTP/1.1" 200 28 "http://renault.activities.at/login?required=true" "Mozilla/5.0 (Windows NT 10.0; Win64; x64; rv:60.0) Gecko/20100101 Firefox/60.0"
185.58.53.32 - - [19/Jun/2018:13:36:36 +0200] "GET /reload?ser=1529408026000 HTTP/1.1" 200 28 "http://renault.activities.at/11820559" "Mozilla/5.0 (Windows NT 6.1; WOW64; Trident/7.0; rv:11.0) like Gecko"
213.153.47.173 - - [19/Jun/2018:13:37:10 +0200] "GET /reload?ser=1529408230162 HTTP/1.1" 200 28 "http://renault.activities.at/login?required=true" "Mozilla/5.0 (Windows NT 10.0; Win64; x64; rv:60.0) Gecko/20100101 Firefox/60.0"
185.58.53.32 - - [19/Jun/2018:13:37:37 +0200] "GET /reload?ser=1529408087016 HTTP/1.1" 200 28 "http://renault.activities.at/11820559" "Mozilla/5.0 (Windows NT 6.1; WOW64; Trident/7.0; rv:11.0) like Gecko"
213.153.47.173 - - [19/Jun/2018:13:38:10 +0200] "GET /reload?ser=1529408290821 HTTP/1.1" 200 28 "http://renault.activities.at/login?required=true" "Mozilla/5.0 (Windows NT 10.0; Win64; x64; rv:60.0) Gecko/20100101 Firefox/60.0"
185.58.53.32 - - [19/Jun/2018:13:38:38 +0200] "GET /reload?ser=1529408148062 HTTP/1.1" 200 28 "http://renault.activities.at/11820559" "Mozilla/5.0 (Windows NT 6.1; WOW64; Trident/7.0; rv:11.0) like Gecko"
213.153.47.173 - - [19/Jun/2018:13:39:11 +0200] "GET /reload?ser=1529408351463 HTTP/1.1" 200 28 "http://renault.activities.at/login?required=true" "Mozilla/5.0 (Windows NT 10.0; Win64; x64; rv:60.0) Gecko/20100101 Firefox/60.0"
185.58.53.32 - - [19/Jun/2018:13:39:39 +0200] "GET /reload?ser=1529408209092 HTTP/1.1" 200 28 "http://renault.activities.at/11820559" "Mozilla/5.0 (Windows NT 6.1; WOW64; Trident/7.0; rv:11.0) like Gecko"
213.153.47.173 - - [19/Jun/2018:13:40:12 +0200] "GET /reload?ser=1529408412123 HTTP/1.1" 200 28 "http://renault.activities.at/login?required=true" "Mozilla/5.0 (Windows NT 10.0; Win64; x64; rv:60.0) Gecko/20100101 Firefox/60.0"
185.58.53.32 - - [19/Jun/2018:13:40:40 +0200] "GET /reload?ser=1529408270118 HTTP/1.1" 200 28 "http://renault.activities.at/11820559" "Mozilla/5.0 (Windows NT 6.1; WOW64; Trident/7.0; rv:11.0) like Gecko"
213.153.47.173 - - [19/Jun/2018:13:41:12 +0200] "GET /reload?ser=1529408472772 HTTP/1.1" 200 28 "http://renault.activities.at/login?required=true" "Mozilla/5.0 (Windows NT 10.0; Win64; x64; rv:60.0) Gecko/20100101 Firefox/60.0"
