212.152.246.132 - - [06/Jul/2018:11:20:51 +0200] "GET /reload?ser=1530868849846 HTTP/1.1" 200 28 "http://renault.activities.at/10260254" "Mozilla/5.0 (Windows NT 6.1; WOW64; Trident/7.0; rv:11.0) like Gecko"
193.194.132.30 - - [06/Jul/2018:11:21:01 +0200] "GET /reload?ser=1530868861114 HTTP/1.1" 200 28 "http://renault.2web.at/result?searchterm=true&search=REH5265" "Mozilla/5.0 (Windows NT 6.1; WOW64; Trident/7.0; rv:11.0) like Gecko"
212.152.246.135 - - [06/Jul/2018:11:21:49 +0200] "GET /reload?ser=1530868909150 HTTP/1.1" 200 28 "http://renault.activities.at/" "Mozilla/5.0 (Windows NT 6.1; WOW64; Trident/7.0; rv:11.0) like Gecko"
212.152.246.132 - - [06/Jul/2018:11:21:52 +0200] "GET /reload?ser=1530868910826 HTTP/1.1" 200 28 "http://renault.activities.at/10260254" "Mozilla/5.0 (Windows NT 6.1; WOW64; Trident/7.0; rv:11.0) like Gecko"
193.194.132.30 - - [06/Jul/2018:11:22:02 +0200] "GET /reload?ser=1530868922228 HTTP/1.1" 200 28 "http://renault.2web.at/result?searchterm=true&search=REH5265" "Mozilla/5.0 (Windows NT 6.1; WOW64; Trident/7.0; rv:11.0) like Gecko"
212.152.246.135 - - [06/Jul/2018:11:22:49 +0200] "GET /reload?ser=1530868969794 HTTP/1.1" 200 28 "http://renault.activities.at/" "Mozilla/5.0 (Windows NT 6.1; WOW64; Trident/7.0; rv:11.0) like Gecko"
212.152.246.132 - - [06/Jul/2018:11:22:53 +0200] "GET /reload?ser=1530868971854 HTTP/1.1" 200 28 "http://renault.activities.at/10260254" "Mozilla/5.0 (Windows NT 6.1; WOW64; Trident/7.0; rv:11.0) like Gecko"
193.194.132.30 - - [06/Jul/2018:11:23:03 +0200] "GET /reload?ser=1530868983350 HTTP/1.1" 200 28 "http://renault.2web.at/result?searchterm=true&search=REH5265" "Mozilla/5.0 (Windows NT 6.1; WOW64; Trident/7.0; rv:11.0) like Gecko"
212.152.246.135 - - [06/Jul/2018:11:23:50 +0200] "GET /reload?ser=1530869030442 HTTP/1.1" 200 28 "http://renault.activities.at/" "Mozilla/5.0 (Windows NT 6.1; WOW64; Trident/7.0; rv:11.0) like Gecko"
212.152.246.132 - - [06/Jul/2018:11:23:54 +0200] "GET /reload?ser=1530869032837 HTTP/1.1" 200 28 "http://renault.activities.at/10260254" "Mozilla/5.0 (Windows NT 6.1; WOW64; Trident/7.0; rv:11.0) like Gecko"
193.194.132.30 - - [06/Jul/2018:11:24:16 +0200] "GET /reload?ser=1530869044474 HTTP/1.1" 200 28 "http://renault.2web.at/result?searchterm=true&search=REH5265" "Mozilla/5.0 (Windows NT 6.1; WOW64; Trident/7.0; rv:11.0) like Gecko"
212.152.246.135 - - [06/Jul/2018:11:24:51 +0200] "GET /reload?ser=1530869091115 HTTP/1.1" 200 28 "http://renault.activities.at/" "Mozilla/5.0 (Windows NT 6.1; WOW64; Trident/7.0; rv:11.0) like Gecko"
212.152.246.132 - - [06/Jul/2018:11:24:55 +0200] "GET /reload?ser=1530869093850 HTTP/1.1" 200 28 "http://renault.activities.at/10260254" "Mozilla/5.0 (Windows NT 6.1; WOW64; Trident/7.0; rv:11.0) like Gecko"
193.194.132.30 - - [06/Jul/2018:11:25:17 +0200] "GET /reload?ser=1530869117583 HTTP/1.1" 200 28 "http://renault.2web.at/result?searchterm=true&search=REH5265" "Mozilla/5.0 (Windows NT 6.1; WOW64; Trident/7.0; rv:11.0) like Gecko"
212.152.246.135 - - [06/Jul/2018:11:25:51 +0200] "GET /reload?ser=1530869151760 HTTP/1.1" 200 28 "http://renault.activities.at/" "Mozilla/5.0 (Windows NT 6.1; WOW64; Trident/7.0; rv:11.0) like Gecko"
212.152.246.132 - - [06/Jul/2018:11:25:56 +0200] "GET /reload?ser=1530869154845 HTTP/1.1" 200 28 "http://renault.activities.at/10260254" "Mozilla/5.0 (Windows NT 6.1; WOW64; Trident/7.0; rv:11.0) like Gecko"
212.152.246.132 - - [06/Jul/2018:11:26:13 +0200] "GET /logout HTTP/1.1" 302 140 "http://renault.activities.at/10260254" "Mozilla/5.0 (Windows NT 6.1; WOW64; Trident/7.0; rv:11.0) like Gecko"
212.152.246.132 - - [06/Jul/2018:11:26:14 +0200] "GET /logout HTTP/1.1" 200 1583 "http://renault.activities.at/10260254" "Mozilla/5.0 (Windows NT 6.1; WOW64; Trident/7.0; rv:11.0) like Gecko"
193.194.132.30 - - [06/Jul/2018:11:26:18 +0200] "GET /reload?ser=1530869178671 HTTP/1.1" 200 28 "http://renault.2web.at/result?searchterm=true&search=REH5265" "Mozilla/5.0 (Windows NT 6.1; WOW64; Trident/7.0; rv:11.0) like Gecko"
212.152.246.135 - - [06/Jul/2018:11:26:52 +0200] "GET /reload?ser=1530869212416 HTTP/1.1" 200 28 "http://renault.activities.at/" "Mozilla/5.0 (Windows NT 6.1; WOW64; Trident/7.0; rv:11.0) like Gecko"
193.194.132.30 - - [06/Jul/2018:11:27:19 +0200] "GET /reload?ser=1530869239777 HTTP/1.1" 200 28 "http://renault.2web.at/result?searchterm=true&search=REH5265" "Mozilla/5.0 (Windows NT 6.1; WOW64; Trident/7.0; rv:11.0) like Gecko"
212.152.246.135 - - [06/Jul/2018:11:27:53 +0200] "GET /reload?ser=1530869273073 HTTP/1.1" 200 28 "http://renault.activities.at/" "Mozilla/5.0 (Windows NT 6.1; WOW64; Trident/7.0; rv:11.0) like Gecko"
193.194.132.30 - - [06/Jul/2018:11:28:21 +0200] "GET /reload?ser=1530869300928 HTTP/1.1" 200 28 "http://renault.2web.at/result?searchterm=true&search=REH5265" "Mozilla/5.0 (Windows NT 6.1; WOW64; Trident/7.0; rv:11.0) like Gecko"
212.152.246.135 - - [06/Jul/2018:11:28:53 +0200] "GET /reload?ser=1530869333739 HTTP/1.1" 200 28 "http://renault.activities.at/" "Mozilla/5.0 (Windows NT 6.1; WOW64; Trident/7.0; rv:11.0) like Gecko"
193.194.132.30 - - [06/Jul/2018:11:29:22 +0200] "GET /reload?ser=1530869362046 HTTP/1.1" 200 28 "http://renault.2web.at/result?searchterm=true&search=REH5265" "Mozilla/5.0 (Windows NT 6.1; WOW64; Trident/7.0; rv:11.0) like Gecko"
212.152.246.135 - - [06/Jul/2018:11:29:54 +0200] "GET /reload?ser=1530869394403 HTTP/1.1" 200 28 "http://renault.activities.at/" "Mozilla/5.0 (Windows NT 6.1; WOW64; Trident/7.0; rv:11.0) like Gecko"
193.194.132.30 - - [06/Jul/2018:11:30:23 +0200] "GET /reload?ser=1530869423326 HTTP/1.1" 200 28 "http://renault.2web.at/result?searchterm=true&search=REH5265" "Mozilla/5.0 (Windows NT 6.1; WOW64; Trident/7.0; rv:11.0) like Gecko"
212.152.246.135 - - [06/Jul/2018:11:30:55 +0200] "GET /reload?ser=1530869455050 HTTP/1.1" 200 28 "http://renault.activities.at/" "Mozilla/5.0 (Windows NT 6.1; WOW64; Trident/7.0; rv:11.0) like Gecko"
193.194.132.30 - - [06/Jul/2018:11:31:24 +0200] "GET /reload?ser=1530869484442 HTTP/1.1" 200 28 "http://renault.2web.at/result?searchterm=true&search=REH5265" "Mozilla/5.0 (Windows NT 6.1; WOW64; Trident/7.0; rv:11.0) like Gecko"
212.152.246.135 - - [06/Jul/2018:11:31:55 +0200] "GET /reload?ser=1530869515705 HTTP/1.1" 200 28 "http://renault.activities.at/" "Mozilla/5.0 (Windows NT 6.1; WOW64; Trident/7.0; rv:11.0) like Gecko"
193.194.132.30 - - [06/Jul/2018:11:32:25 +0200] "GET /reload?ser=1530869545492 HTTP/1.1" 200 28 "http://renault.2web.at/result?searchterm=true&search=REH5265" "Mozilla/5.0 (Windows NT 6.1; WOW64; Trident/7.0; rv:11.0) like Gecko"
212.152.246.135 - - [06/Jul/2018:11:32:56 +0200] "GET /reload?ser=1530869576353 HTTP/1.1" 200 28 "http://renault.activities.at/" "Mozilla/5.0 (Windows NT 6.1; WOW64; Trident/7.0; rv:11.0) like Gecko"
193.194.132.30 - - [06/Jul/2018:11:33:26 +0200] "GET /reload?ser=1530869606607 HTTP/1.1" 200 28 "http://renault.2web.at/result?searchterm=true&search=REH5265" "Mozilla/5.0 (Windows NT 6.1; WOW64; Trident/7.0; rv:11.0) like Gecko"
212.152.246.135 - - [06/Jul/2018:11:33:57 +0200] "GET /reload?ser=1530869637000 HTTP/1.1" 200 28 "http://renault.activities.at/" "Mozilla/5.0 (Windows NT 6.1; WOW64; Trident/7.0; rv:11.0) like Gecko"
193.194.132.30 - - [06/Jul/2018:11:34:27 +0200] "GET /reload?ser=1530869667662 HTTP/1.1" 200 28 "http://renault.2web.at/result?searchterm=true&search=REH5265" "Mozilla/5.0 (Windows NT 6.1; WOW64; Trident/7.0; rv:11.0) like Gecko"
212.152.246.135 - - [06/Jul/2018:11:34:57 +0200] "GET /reload?ser=1530869697655 HTTP/1.1" 200 28 "http://renault.activities.at/" "Mozilla/5.0 (Windows NT 6.1; WOW64; Trident/7.0; rv:11.0) like Gecko"
193.194.132.30 - - [06/Jul/2018:11:35:28 +0200] "GET /reload?ser=1530869728813 HTTP/1.1" 200 28 "http://renault.2web.at/result?searchterm=true&search=REH5265" "Mozilla/5.0 (Windows NT 6.1; WOW64; Trident/7.0; rv:11.0) like Gecko"
212.152.246.135 - - [06/Jul/2018:11:35:58 +0200] "GET /reload?ser=1530869758309 HTTP/1.1" 200 28 "http://renault.activities.at/" "Mozilla/5.0 (Windows NT 6.1; WOW64; Trident/7.0; rv:11.0) like Gecko"
193.194.132.30 - - [06/Jul/2018:11:36:30 +0200] "GET /reload?ser=1530869789987 HTTP/1.1" 200 28 "http://renault.2web.at/result?searchterm=true&search=REH5265" "Mozilla/5.0 (Windows NT 6.1; WOW64; Trident/7.0; rv:11.0) like Gecko"
212.152.246.135 - - [06/Jul/2018:11:36:59 +0200] "GET /reload?ser=1530869818966 HTTP/1.1" 200 28 "http://renault.activities.at/" "Mozilla/5.0 (Windows NT 6.1; WOW64; Trident/7.0; rv:11.0) like Gecko"
193.194.132.30 - - [06/Jul/2018:11:37:31 +0200] "GET /reload?ser=1530869851067 HTTP/1.1" 200 28 "http://renault.2web.at/result?searchterm=true&search=REH5265" "Mozilla/5.0 (Windows NT 6.1; WOW64; Trident/7.0; rv:11.0) like Gecko"
212.152.246.135 - - [06/Jul/2018:11:37:59 +0200] "GET /reload?ser=1530869879623 HTTP/1.1" 200 28 "http://renault.activities.at/" "Mozilla/5.0 (Windows NT 6.1; WOW64; Trident/7.0; rv:11.0) like Gecko"
193.194.132.30 - - [06/Jul/2018:11:38:32 +0200] "GET /reload?ser=1530869912177 HTTP/1.1" 200 28 "http://renault.2web.at/result?searchterm=true&search=REH5265" "Mozilla/5.0 (Windows NT 6.1; WOW64; Trident/7.0; rv:11.0) like Gecko"
212.152.246.135 - - [06/Jul/2018:11:39:00 +0200] "GET /reload?ser=1530869940305 HTTP/1.1" 200 28 "http://renault.activities.at/" "Mozilla/5.0 (Windows NT 6.1; WOW64; Trident/7.0; rv:11.0) like Gecko"
193.194.132.30 - - [06/Jul/2018:11:39:33 +0200] "GET /reload?ser=1530869973293 HTTP/1.1" 200 28 "http://renault.2web.at/result?searchterm=true&search=REH5265" "Mozilla/5.0 (Windows NT 6.1; WOW64; Trident/7.0; rv:11.0) like Gecko"
212.152.246.135 - - [06/Jul/2018:11:40:00 +0200] "GET /reload?ser=1530870000960 HTTP/1.1" 200 28 "http://renault.activities.at/" "Mozilla/5.0 (Windows NT 6.1; WOW64; Trident/7.0; rv:11.0) like Gecko"
193.194.132.30 - - [06/Jul/2018:11:40:34 +0200] "GET /reload?ser=1530870034405 HTTP/1.1" 200 28 "http://renault.2web.at/result?searchterm=true&search=REH5265" "Mozilla/5.0 (Windows NT 6.1; WOW64; Trident/7.0; rv:11.0) like Gecko"
212.152.246.135 - - [06/Jul/2018:11:41:01 +0200] "GET /reload?ser=1530870061606 HTTP/1.1" 200 28 "http://renault.activities.at/" "Mozilla/5.0 (Windows NT 6.1; WOW64; Trident/7.0; rv:11.0) like Gecko"
193.194.132.30 - - [06/Jul/2018:11:41:35 +0200] "GET /reload?ser=1530870095499 HTTP/1.1" 200 28 "http://renault.2web.at/result?searchterm=true&search=REH5265" "Mozilla/5.0 (Windows NT 6.1; WOW64; Trident/7.0; rv:11.0) like Gecko"
212.152.246.135 - - [06/Jul/2018:11:42:02 +0200] "GET /reload?ser=1530870122251 HTTP/1.1" 200 28 "http://renault.activities.at/" "Mozilla/5.0 (Windows NT 6.1; WOW64; Trident/7.0; rv:11.0) like Gecko"
193.194.132.30 - - [06/Jul/2018:11:42:36 +0200] "GET /reload?ser=1530870156579 HTTP/1.1" 200 28 "http://renault.2web.at/result?searchterm=true&search=REH5265" "Mozilla/5.0 (Windows NT 6.1; WOW64; Trident/7.0; rv:11.0) like Gecko"
212.152.246.135 - - [06/Jul/2018:11:43:02 +0200] "GET /reload?ser=1530870182908 HTTP/1.1" 200 28 "http://renault.activities.at/" "Mozilla/5.0 (Windows NT 6.1; WOW64; Trident/7.0; rv:11.0) like Gecko"
193.194.132.30 - - [06/Jul/2018:11:43:37 +0200] "GET /reload?ser=1530870217688 HTTP/1.1" 200 28 "http://renault.2web.at/result?searchterm=true&search=REH5265" "Mozilla/5.0 (Windows NT 6.1; WOW64; Trident/7.0; rv:11.0) like Gecko"
212.152.246.135 - - [06/Jul/2018:11:44:03 +0200] "GET /reload?ser=1530870243563 HTTP/1.1" 200 28 "http://renault.activities.at/" "Mozilla/5.0 (Windows NT 6.1; WOW64; Trident/7.0; rv:11.0) like Gecko"
193.194.132.30 - - [06/Jul/2018:11:44:51 +0200] "GET /reload?ser=1530870278809 HTTP/1.1" 200 28 "http://renault.2web.at/result?searchterm=true&search=REH5265" "Mozilla/5.0 (Windows NT 6.1; WOW64; Trident/7.0; rv:11.0) like Gecko"
212.152.246.135 - - [06/Jul/2018:11:45:04 +0200] "GET /reload?ser=1530870304220 HTTP/1.1" 200 28 "http://renault.activities.at/" "Mozilla/5.0 (Windows NT 6.1; WOW64; Trident/7.0; rv:11.0) like Gecko"
193.194.132.30 - - [06/Jul/2018:11:45:52 +0200] "GET /reload?ser=1530870352061 HTTP/1.1" 200 28 "http://renault.2web.at/result?searchterm=true&search=REH5265" "Mozilla/5.0 (Windows NT 6.1; WOW64; Trident/7.0; rv:11.0) like Gecko"
212.152.246.135 - - [06/Jul/2018:11:46:04 +0200] "GET /reload?ser=1530870364886 HTTP/1.1" 200 28 "http://renault.activities.at/" "Mozilla/5.0 (Windows NT 6.1; WOW64; Trident/7.0; rv:11.0) like Gecko"
193.194.132.30 - - [06/Jul/2018:11:46:53 +0200] "GET /reload?ser=1530870413180 HTTP/1.1" 200 28 "http://renault.2web.at/result?searchterm=true&search=REH5265" "Mozilla/5.0 (Windows NT 6.1; WOW64; Trident/7.0; rv:11.0) like Gecko"
212.152.246.135 - - [06/Jul/2018:11:47:05 +0200] "GET /reload?ser=1530870425534 HTTP/1.1" 200 28 "http://renault.activities.at/" "Mozilla/5.0 (Windows NT 6.1; WOW64; Trident/7.0; rv:11.0) like Gecko"
193.194.132.30 - - [06/Jul/2018:11:47:54 +0200] "GET /reload?ser=1530870474284 HTTP/1.1" 200 28 "http://renault.2web.at/result?searchterm=true&search=REH5265" "Mozilla/5.0 (Windows NT 6.1; WOW64; Trident/7.0; rv:11.0) like Gecko"
212.152.246.135 - - [06/Jul/2018:11:48:06 +0200] "GET /reload?ser=1530870486179 HTTP/1.1" 200 28 "http://renault.activities.at/" "Mozilla/5.0 (Windows NT 6.1; WOW64; Trident/7.0; rv:11.0) like Gecko"
193.194.132.30 - - [06/Jul/2018:11:48:55 +0200] "GET /reload?ser=1530870535423 HTTP/1.1" 200 28 "http://renault.2web.at/result?searchterm=true&search=REH5265" "Mozilla/5.0 (Windows NT 6.1; WOW64; Trident/7.0; rv:11.0) like Gecko"
212.152.246.135 - - [06/Jul/2018:11:49:06 +0200] "GET /reload?ser=1530870546834 HTTP/1.1" 200 28 "http://renault.activities.at/" "Mozilla/5.0 (Windows NT 6.1; WOW64; Trident/7.0; rv:11.0) like Gecko"
193.194.132.30 - - [06/Jul/2018:11:49:56 +0200] "GET /reload?ser=1530870596546 HTTP/1.1" 200 28 "http://renault.2web.at/result?searchterm=true&search=REH5265" "Mozilla/5.0 (Windows NT 6.1; WOW64; Trident/7.0; rv:11.0) like Gecko"
212.152.246.135 - - [06/Jul/2018:11:50:07 +0200] "GET /reload?ser=1530870607490 HTTP/1.1" 200 28 "http://renault.activities.at/" "Mozilla/5.0 (Windows NT 6.1; WOW64; Trident/7.0; rv:11.0) like Gecko"
193.194.132.30 - - [06/Jul/2018:11:50:57 +0200] "GET /reload?ser=1530870657665 HTTP/1.1" 200 28 "http://renault.2web.at/result?searchterm=true&search=REH5265" "Mozilla/5.0 (Windows NT 6.1; WOW64; Trident/7.0; rv:11.0) like Gecko"
212.152.246.135 - - [06/Jul/2018:11:51:08 +0200] "GET /reload?ser=1530870668146 HTTP/1.1" 200 28 "http://renault.activities.at/" "Mozilla/5.0 (Windows NT 6.1; WOW64; Trident/7.0; rv:11.0) like Gecko"
193.194.132.30 - - [06/Jul/2018:11:51:58 +0200] "GET /reload?ser=1530870718791 HTTP/1.1" 200 28 "http://renault.2web.at/result?searchterm=true&search=REH5265" "Mozilla/5.0 (Windows NT 6.1; WOW64; Trident/7.0; rv:11.0) like Gecko"
212.152.246.135 - - [06/Jul/2018:11:52:08 +0200] "GET /reload?ser=1530870728803 HTTP/1.1" 200 28 "http://renault.activities.at/" "Mozilla/5.0 (Windows NT 6.1; WOW64; Trident/7.0; rv:11.0) like Gecko"
193.194.132.30 - - [06/Jul/2018:11:52:59 +0200] "GET /reload?ser=1530870779913 HTTP/1.1" 200 28 "http://renault.2web.at/result?searchterm=true&search=REH5265" "Mozilla/5.0 (Windows NT 6.1; WOW64; Trident/7.0; rv:11.0) like Gecko"
212.152.246.135 - - [06/Jul/2018:11:53:09 +0200] "GET /reload?ser=1530870789485 HTTP/1.1" 200 28 "http://renault.activities.at/" "Mozilla/5.0 (Windows NT 6.1; WOW64; Trident/7.0; rv:11.0) like Gecko"
193.194.132.30 - - [06/Jul/2018:11:54:01 +0200] "GET /reload?ser=1530870841005 HTTP/1.1" 200 28 "http://renault.2web.at/result?searchterm=true&search=REH5265" "Mozilla/5.0 (Windows NT 6.1; WOW64; Trident/7.0; rv:11.0) like Gecko"
212.152.246.135 - - [06/Jul/2018:11:54:10 +0200] "GET /reload?ser=1530870850140 HTTP/1.1" 200 28 "http://renault.activities.at/" "Mozilla/5.0 (Windows NT 6.1; WOW64; Trident/7.0; rv:11.0) like Gecko"
212.152.246.135 - - [06/Jul/2018:11:55:10 +0200] "GET /reload?ser=1530870910806 HTTP/1.1" 200 28 "http://renault.activities.at/" "Mozilla/5.0 (Windows NT 6.1; WOW64; Trident/7.0; rv:11.0) like Gecko"
193.194.132.30 - - [06/Jul/2018:11:55:14 +0200] "GET /reload?ser=1530870902325 HTTP/1.1" 200 28 "http://renault.2web.at/result?searchterm=true&search=REH5265" "Mozilla/5.0 (Windows NT 6.1; WOW64; Trident/7.0; rv:11.0) like Gecko"
212.152.246.135 - - [06/Jul/2018:11:56:11 +0200] "GET /reload?ser=1530870971454 HTTP/1.1" 200 28 "http://renault.activities.at/" "Mozilla/5.0 (Windows NT 6.1; WOW64; Trident/7.0; rv:11.0) like Gecko"
193.194.132.30 - - [06/Jul/2018:11:56:15 +0200] "GET /reload?ser=1530870975532 HTTP/1.1" 200 28 "http://renault.2web.at/result?searchterm=true&search=REH5265" "Mozilla/5.0 (Windows NT 6.1; WOW64; Trident/7.0; rv:11.0) like Gecko"
212.152.246.135 - - [06/Jul/2018:11:57:12 +0200] "GET /reload?ser=1530871032099 HTTP/1.1" 200 28 "http://renault.activities.at/" "Mozilla/5.0 (Windows NT 6.1; WOW64; Trident/7.0; rv:11.0) like Gecko"
193.194.132.30 - - [06/Jul/2018:11:57:16 +0200] "GET /reload?ser=1530871036755 HTTP/1.1" 200 28 "http://renault.2web.at/result?searchterm=true&search=REH5265" "Mozilla/5.0 (Windows NT 6.1; WOW64; Trident/7.0; rv:11.0) like Gecko"
212.152.246.135 - - [06/Jul/2018:11:58:12 +0200] "GET /reload?ser=1530871092745 HTTP/1.1" 200 28 "http://renault.activities.at/" "Mozilla/5.0 (Windows NT 6.1; WOW64; Trident/7.0; rv:11.0) like Gecko"
193.194.132.30 - - [06/Jul/2018:11:58:18 +0200] "GET /reload?ser=1530871097790 HTTP/1.1" 200 28 "http://renault.2web.at/result?searchterm=true&search=REH5265" "Mozilla/5.0 (Windows NT 6.1; WOW64; Trident/7.0; rv:11.0) like Gecko"
212.152.246.135 - - [06/Jul/2018:11:59:13 +0200] "GET /reload?ser=1530871153390 HTTP/1.1" 200 28 "http://renault.activities.at/" "Mozilla/5.0 (Windows NT 6.1; WOW64; Trident/7.0; rv:11.0) like Gecko"
193.194.132.30 - - [06/Jul/2018:11:59:19 +0200] "GET /reload?ser=1530871159064 HTTP/1.1" 200 28 "http://renault.2web.at/result?searchterm=true&search=REH5265" "Mozilla/5.0 (Windows NT 6.1; WOW64; Trident/7.0; rv:11.0) like Gecko"
212.152.246.135 - - [06/Jul/2018:12:00:14 +0200] "GET /reload?ser=1530871214149 HTTP/1.1" 200 28 "http://renault.activities.at/" "Mozilla/5.0 (Windows NT 6.1; WOW64; Trident/7.0; rv:11.0) like Gecko"
193.194.132.30 - - [06/Jul/2018:12:00:20 +0200] "GET /reload?ser=1530871220211 HTTP/1.1" 200 28 "http://renault.2web.at/result?searchterm=true&search=REH5265" "Mozilla/5.0 (Windows NT 6.1; WOW64; Trident/7.0; rv:11.0) like Gecko"
212.152.246.135 - - [06/Jul/2018:12:01:14 +0200] "GET /reload?ser=1530871274794 HTTP/1.1" 200 28 "http://renault.activities.at/" "Mozilla/5.0 (Windows NT 6.1; WOW64; Trident/7.0; rv:11.0) like Gecko"
193.194.132.30 - - [06/Jul/2018:12:01:21 +0200] "GET /reload?ser=1530871281597 HTTP/1.1" 200 28 "http://renault.2web.at/result?searchterm=true&search=REH5265" "Mozilla/5.0 (Windows NT 6.1; WOW64; Trident/7.0; rv:11.0) like Gecko"
80.123.225.34 - - [06/Jul/2018:12:01:33 +0200] "GET / HTTP/1.1" 200 3710 "-" "Mozilla/5.0 (Windows NT 6.1; Win64; x64; rv:60.0) Gecko/20100101 Firefox/60.0"
80.123.225.34 - - [06/Jul/2018:12:01:34 +0200] "GET /css/clears.css HTTP/1.1" 200 851 "http://renault.activities.at/" "Mozilla/5.0 (Windows NT 6.1; Win64; x64; rv:60.0) Gecko/20100101 Firefox/60.0"
80.123.225.34 - - [06/Jul/2018:12:01:34 +0200] "GET /js/flashdetection.js HTTP/1.1" 200 1059 "http://renault.activities.at/" "Mozilla/5.0 (Windows NT 6.1; Win64; x64; rv:60.0) Gecko/20100101 Firefox/60.0"
80.123.225.34 - - [06/Jul/2018:12:01:34 +0200] "GET /css/reset.css HTTP/1.1" 200 1356 "http://renault.activities.at/" "Mozilla/5.0 (Windows NT 6.1; Win64; x64; rv:60.0) Gecko/20100101 Firefox/60.0"
80.123.225.34 - - [06/Jul/2018:12:01:34 +0200] "GET /css/styles.css HTTP/1.1" 200 14664 "http://renault.activities.at/" "Mozilla/5.0 (Windows NT 6.1; Win64; x64; rv:60.0) Gecko/20100101 Firefox/60.0"
80.123.225.34 - - [06/Jul/2018:12:01:34 +0200] "GET /js/default.js HTTP/1.1" 200 14698 "http://renault.activities.at/" "Mozilla/5.0 (Windows NT 6.1; Win64; x64; rv:60.0) Gecko/20100101 Firefox/60.0"
80.123.225.34 - - [06/Jul/2018:12:01:34 +0200] "GET /css/print.css HTTP/1.1" 200 543 "http://renault.activities.at/" "Mozilla/5.0 (Windows NT 6.1; Win64; x64; rv:60.0) Gecko/20100101 Firefox/60.0"
80.123.225.34 - - [06/Jul/2018:12:01:34 +0200] "GET /js/checkout.css HTTP/1.1" 200 359 "http://renault.activities.at/" "Mozilla/5.0 (Windows NT 6.1; Win64; x64; rv:60.0) Gecko/20100101 Firefox/60.0"
80.123.225.34 - - [06/Jul/2018:12:01:34 +0200] "GET /css/prototip.css HTTP/1.1" 200 968 "http://renault.activities.at/" "Mozilla/5.0 (Windows NT 6.1; Win64; x64; rv:60.0) Gecko/20100101 Firefox/60.0"
80.123.225.34 - - [06/Jul/2018:12:01:34 +0200] "GET /css/themes/default.css HTTP/1.1" 200 769 "http://renault.activities.at/" "Mozilla/5.0 (Windows NT 6.1; Win64; x64; rv:60.0) Gecko/20100101 Firefox/60.0"
80.123.225.34 - - [06/Jul/2018:12:01:34 +0200] "GET /css/themes/alphacube.css HTTP/1.1" 200 743 "http://renault.activities.at/" "Mozilla/5.0 (Windows NT 6.1; Win64; x64; rv:60.0) Gecko/20100101 Firefox/60.0"
80.123.225.34 - - [06/Jul/2018:12:01:34 +0200] "GET /js/index.php?c=auto&f=,prototype/prototype.js,prototype/validation.js,scriptaculous/builder.js,scriptaculous/effects.js,scriptaculous/dragdrop.js,scriptaculous/controls.js,scriptaculous/slider.js,varien/js.js,varien/form.js,varien/menu.js,mage/translate.js,mage/cookies.js,varien/product.js,spinner/SpinnerControl.jsmin.js,prototype/window.js,prototype/window_ext.js HTTP/1.1" 200 94182 "http://renault.activities.at/" "Mozilla/5.0 (Windows NT 6.1; Win64; x64; rv:60.0) Gecko/20100101 Firefox/60.0"
80.123.225.34 - - [06/Jul/2018:12:01:35 +0200] "GET /images/main_block_corner_left_bot.gif HTTP/1.1" 200 159 "http://renault.activities.at/css/styles.css" "Mozilla/5.0 (Windows NT 6.1; Win64; x64; rv:60.0) Gecko/20100101 Firefox/60.0"
80.123.225.34 - - [06/Jul/2018:12:01:35 +0200] "GET /images/main_block_border.gif HTTP/1.1" 200 43 "http://renault.activities.at/css/styles.css" "Mozilla/5.0 (Windows NT 6.1; Win64; x64; rv:60.0) Gecko/20100101 Firefox/60.0"
80.123.225.34 - - [06/Jul/2018:12:01:35 +0200] "GET /images/header_block_border.gif HTTP/1.1" 200 43 "http://renault.activities.at/css/styles.css" "Mozilla/5.0 (Windows NT 6.1; Win64; x64; rv:60.0) Gecko/20100101 Firefox/60.0"
80.123.225.34 - - [06/Jul/2018:12:01:35 +0200] "GET /images/main_block_corner_right_bot.gif HTTP/1.1" 200 158 "http://renault.activities.at/css/styles.css" "Mozilla/5.0 (Windows NT 6.1; Win64; x64; rv:60.0) Gecko/20100101 Firefox/60.0"
80.123.225.34 - - [06/Jul/2018:12:01:35 +0200] "GET /images/header_block_corner_left_top.gif HTTP/1.1" 200 160 "http://renault.activities.at/css/styles.css" "Mozilla/5.0 (Windows NT 6.1; Win64; x64; rv:60.0) Gecko/20100101 Firefox/60.0"
80.123.225.34 - - [06/Jul/2018:12:01:35 +0200] "GET /images/header_block_corner_right_top.gif HTTP/1.1" 200 160 "http://renault.activities.at/css/styles.css" "Mozilla/5.0 (Windows NT 6.1; Win64; x64; rv:60.0) Gecko/20100101 Firefox/60.0"
80.123.225.34 - - [06/Jul/2018:12:01:35 +0200] "GET /images/main_block_corner_left_top.gif HTTP/1.1" 200 159 "http://renault.activities.at/css/styles.css" "Mozilla/5.0 (Windows NT 6.1; Win64; x64; rv:60.0) Gecko/20100101 Firefox/60.0"
80.123.225.34 - - [06/Jul/2018:12:01:35 +0200] "GET /images/main_block_corner_right_top.gif HTTP/1.1" 200 159 "http://renault.activities.at/css/styles.css" "Mozilla/5.0 (Windows NT 6.1; Win64; x64; rv:60.0) Gecko/20100101 Firefox/60.0"
80.123.225.34 - - [06/Jul/2018:12:01:35 +0200] "GET /images/title_border.jpg HTTP/1.1" 200 304 "http://renault.activities.at/css/styles.css" "Mozilla/5.0 (Windows NT 6.1; Win64; x64; rv:60.0) Gecko/20100101 Firefox/60.0"
80.123.225.34 - - [06/Jul/2018:12:01:35 +0200] "GET /images/title_border_top.jpg HTTP/1.1" 200 336 "http://renault.activities.at/css/styles.css" "Mozilla/5.0 (Windows NT 6.1; Win64; x64; rv:60.0) Gecko/20100101 Firefox/60.0"
80.123.225.34 - - [06/Jul/2018:12:01:35 +0200] "GET /images/title_corner_left_top.jpg HTTP/1.1" 200 372 "http://renault.activities.at/css/styles.css" "Mozilla/5.0 (Windows NT 6.1; Win64; x64; rv:60.0) Gecko/20100101 Firefox/60.0"
80.123.225.34 - - [06/Jul/2018:12:01:35 +0200] "GET /images/title_corner_right_top.jpg HTTP/1.1" 200 389 "http://renault.activities.at/css/styles.css" "Mozilla/5.0 (Windows NT 6.1; Win64; x64; rv:60.0) Gecko/20100101 Firefox/60.0"
80.123.225.34 - - [06/Jul/2018:12:01:35 +0200] "GET /images/favicon.ico HTTP/1.1" 404 305 "-" "Mozilla/5.0 (Windows NT 6.1; Win64; x64; rv:60.0) Gecko/20100101 Firefox/60.0"
80.123.225.34 - - [06/Jul/2018:12:01:35 +0200] "GET /loadthumbnail.php?id=11127982 HTTP/1.1" 200 399614 "http://renault.activities.at/" "Mozilla/5.0 (Windows NT 6.1; Win64; x64; rv:60.0) Gecko/20100101 Firefox/60.0"
80.123.225.34 - - [06/Jul/2018:12:01:39 +0200] "GET /login HTTP/1.1" 200 2086 "http://renault.activities.at/" "Mozilla/5.0 (Windows NT 6.1; Win64; x64; rv:60.0) Gecko/20100101 Firefox/60.0"
80.123.225.34 - - [06/Jul/2018:12:01:40 +0200] "GET /images/button_left_bg.gif HTTP/1.1" 200 564 "http://renault.activities.at/css/styles.css" "Mozilla/5.0 (Windows NT 6.1; Win64; x64; rv:60.0) Gecko/20100101 Firefox/60.0"
80.123.225.34 - - [06/Jul/2018:12:01:40 +0200] "GET /images/button_right_bg.gif HTTP/1.1" 200 561 "http://renault.activities.at/css/styles.css" "Mozilla/5.0 (Windows NT 6.1; Win64; x64; rv:60.0) Gecko/20100101 Firefox/60.0"
80.123.225.34 - - [06/Jul/2018:12:01:40 +0200] "GET /images/button_bg.gif HTTP/1.1" 200 151 "http://renault.activities.at/css/styles.css" "Mozilla/5.0 (Windows NT 6.1; Win64; x64; rv:60.0) Gecko/20100101 Firefox/60.0"
80.123.225.34 - - [06/Jul/2018:12:01:40 +0200] "GET /favicon.ico HTTP/1.1" 200 3250 "-" "Mozilla/5.0 (Windows NT 6.1; Win64; x64; rv:60.0) Gecko/20100101 Firefox/60.0"
80.123.225.34 - - [06/Jul/2018:12:01:57 +0200] "POST /login HTTP/1.1" 302 140 "http://renault.activities.at/login" "Mozilla/5.0 (Windows NT 6.1; Win64; x64; rv:60.0) Gecko/20100101 Firefox/60.0"
80.123.225.34 - - [06/Jul/2018:12:01:59 +0200] "GET /account HTTP/1.1" 200 6006 "http://renault.activities.at/login" "Mozilla/5.0 (Windows NT 6.1; Win64; x64; rv:60.0) Gecko/20100101 Firefox/60.0"
80.123.225.34 - - [06/Jul/2018:12:02:02 +0200] "GET /js/account.js HTTP/1.1" 200 953 "http://renault.activities.at/account" "Mozilla/5.0 (Windows NT 6.1; Win64; x64; rv:60.0) Gecko/20100101 Firefox/60.0"
80.123.225.34 - - [06/Jul/2018:12:02:02 +0200] "GET /images/top_links_divider.gif HTTP/1.1" 200 44 "http://renault.activities.at/css/styles.css" "Mozilla/5.0 (Windows NT 6.1; Win64; x64; rv:60.0) Gecko/20100101 Firefox/60.0"
80.123.225.34 - - [06/Jul/2018:12:02:02 +0200] "GET /images/menu_button_bg.jpg HTTP/1.1" 200 322 "http://renault.activities.at/css/styles.css" "Mozilla/5.0 (Windows NT 6.1; Win64; x64; rv:60.0) Gecko/20100101 Firefox/60.0"
80.123.225.34 - - [06/Jul/2018:12:02:02 +0200] "GET /images/nav_divider.gif HTTP/1.1" 200 43 "http://renault.activities.at/css/styles.css" "Mozilla/5.0 (Windows NT 6.1; Win64; x64; rv:60.0) Gecko/20100101 Firefox/60.0"
80.123.225.34 - - [06/Jul/2018:12:02:02 +0200] "GET /images/menu_divider.gif HTTP/1.1" 200 176 "http://renault.activities.at/css/styles.css" "Mozilla/5.0 (Windows NT 6.1; Win64; x64; rv:60.0) Gecko/20100101 Firefox/60.0"
80.123.225.34 - - [06/Jul/2018:12:02:02 +0200] "GET /images/search_bg.gif HTTP/1.1" 200 1726 "http://renault.activities.at/css/styles.css" "Mozilla/5.0 (Windows NT 6.1; Win64; x64; rv:60.0) Gecko/20100101 Firefox/60.0"
80.123.225.34 - - [06/Jul/2018:12:02:02 +0200] "GET /images/sidebar_title_border.gif HTTP/1.1" 200 43 "http://renault.activities.at/css/styles.css" "Mozilla/5.0 (Windows NT 6.1; Win64; x64; rv:60.0) Gecko/20100101 Firefox/60.0"
80.123.225.34 - - [06/Jul/2018:12:02:02 +0200] "GET /images/sidebar_title_border_top.gif HTTP/1.1" 200 155 "http://renault.activities.at/css/styles.css" "Mozilla/5.0 (Windows NT 6.1; Win64; x64; rv:60.0) Gecko/20100101 Firefox/60.0"
80.123.225.34 - - [06/Jul/2018:12:02:02 +0200] "GET /images/sidebar_title_corner_left_top.gif HTTP/1.1" 200 1124 "http://renault.activities.at/css/styles.css" "Mozilla/5.0 (Windows NT 6.1; Win64; x64; rv:60.0) Gecko/20100101 Firefox/60.0"
80.123.225.34 - - [06/Jul/2018:12:02:02 +0200] "GET /images/sidebar_title_corner_right_top.gif HTTP/1.1" 200 383 "http://renault.activities.at/css/styles.css" "Mozilla/5.0 (Windows NT 6.1; Win64; x64; rv:60.0) Gecko/20100101 Firefox/60.0"
80.123.225.34 - - [06/Jul/2018:12:02:02 +0200] "GET /images/footer_divider.gif HTTP/1.1" 200 44 "http://renault.activities.at/css/styles.css" "Mozilla/5.0 (Windows NT 6.1; Win64; x64; rv:60.0) Gecko/20100101 Firefox/60.0"
80.123.225.34 - - [06/Jul/2018:12:02:02 +0200] "GET /loadthumbnail.php?id=11487912&width=50&height=50 HTTP/1.1" 200 1050 "http://renault.activities.at/account" "Mozilla/5.0 (Windows NT 6.1; Win64; x64; rv:60.0) Gecko/20100101 Firefox/60.0"
80.123.225.34 - - [06/Jul/2018:12:02:02 +0200] "GET /loadthumbnail.php?id=11489779&width=50&height=50 HTTP/1.1" 200 668 "http://renault.activities.at/account" "Mozilla/5.0 (Windows NT 6.1; Win64; x64; rv:60.0) Gecko/20100101 Firefox/60.0"
77.119.129.236 - - [06/Jul/2018:12:02:05 +0200] "GET /account HTTP/1.1" 302 150 "-" "Mozilla/5.0 (iPhone; CPU iPhone OS 11_4 like Mac OS X) AppleWebKit/605.1.15 (KHTML, like Gecko) Version/11.0 Mobile/15E148 Safari/604.1"
77.119.129.236 - - [06/Jul/2018:12:02:06 +0200] "GET /login?required=true HTTP/1.1" 200 2086 "-" "Mozilla/5.0 (iPhone; CPU iPhone OS 11_4 like Mac OS X) AppleWebKit/605.1.15 (KHTML, like Gecko) Version/11.0 Mobile/15E148 Safari/604.1"
77.119.129.236 - - [06/Jul/2018:12:02:07 +0200] "GET /apple-touch-icon-120x120-precomposed.png HTTP/1.1" 200 1559 "-" "MobileSafari/604.1 CFNetwork/901.1 Darwin/17.6.0"
77.119.129.236 - - [06/Jul/2018:12:02:08 +0200] "GET /apple-touch-icon-120x120.png HTTP/1.1" 200 1559 "-" "MobileSafari/604.1 CFNetwork/901.1 Darwin/17.6.0"
77.119.129.236 - - [06/Jul/2018:12:02:09 +0200] "GET /apple-touch-icon-precomposed.png HTTP/1.1" 200 1559 "-" "MobileSafari/604.1 CFNetwork/901.1 Darwin/17.6.0"
77.119.129.236 - - [06/Jul/2018:12:02:10 +0200] "GET /apple-touch-icon.png HTTP/1.1" 200 1559 "-" "MobileSafari/604.1 CFNetwork/901.1 Darwin/17.6.0"
77.119.129.236 - - [06/Jul/2018:12:02:11 +0200] "GET /images/favicon.ico HTTP/1.1" 404 305 "-" "MobileSafari/604.1 CFNetwork/901.1 Darwin/17.6.0"
77.119.129.236 - - [06/Jul/2018:12:02:11 +0200] "GET /images/favicon.ico HTTP/1.1" 404 305 "-" "MobileSafari/604.1 CFNetwork/901.1 Darwin/17.6.0"
77.119.129.236 - - [06/Jul/2018:12:02:12 +0200] "GET /favicon.ico HTTP/1.1" 200 3250 "-" "MobileSafari/604.1 CFNetwork/901.1 Darwin/17.6.0"
77.119.129.236 - - [06/Jul/2018:12:02:12 +0200] "GET /apple-touch-icon-120x120-precomposed.png HTTP/1.1" 200 1559 "-" "MobileSafari/604.1 CFNetwork/901.1 Darwin/17.6.0"
77.119.129.236 - - [06/Jul/2018:12:02:13 +0200] "GET /apple-touch-icon-120x120.png HTTP/1.1" 200 1559 "-" "MobileSafari/604.1 CFNetwork/901.1 Darwin/17.6.0"
77.119.129.236 - - [06/Jul/2018:12:02:14 +0200] "GET /apple-touch-icon-precomposed.png HTTP/1.1" 200 1559 "-" "MobileSafari/604.1 CFNetwork/901.1 Darwin/17.6.0"
212.152.246.135 - - [06/Jul/2018:12:02:15 +0200] "GET /reload?ser=1530871335450 HTTP/1.1" 200 28 "http://renault.activities.at/" "Mozilla/5.0 (Windows NT 6.1; WOW64; Trident/7.0; rv:11.0) like Gecko"
77.119.129.236 - - [06/Jul/2018:12:02:15 +0200] "GET /apple-touch-icon.png HTTP/1.1" 200 1559 "-" "MobileSafari/604.1 CFNetwork/901.1 Darwin/17.6.0"
77.119.129.236 - - [06/Jul/2018:12:02:16 +0200] "GET /images/favicon.ico HTTP/1.1" 404 305 "-" "MobileSafari/604.1 CFNetwork/901.1 Darwin/17.6.0"
77.119.129.236 - - [06/Jul/2018:12:02:16 +0200] "GET /images/favicon.ico HTTP/1.1" 404 305 "-" "MobileSafari/604.1 CFNetwork/901.1 Darwin/17.6.0"
77.119.129.236 - - [06/Jul/2018:12:02:16 +0200] "GET /favicon.ico HTTP/1.1" 200 3250 "-" "MobileSafari/604.1 CFNetwork/901.1 Darwin/17.6.0"
193.194.132.30 - - [06/Jul/2018:12:02:23 +0200] "GET /reload?ser=1530871342930 HTTP/1.1" 200 28 "http://renault.2web.at/result?searchterm=true&search=REH5265" "Mozilla/5.0 (Windows NT 6.1; WOW64; Trident/7.0; rv:11.0) like Gecko"
80.123.225.34 - - [06/Jul/2018:12:03:02 +0200] "GET /reload?ser=1530871391760 HTTP/1.1" 200 28 "http://renault.activities.at/account" "Mozilla/5.0 (Windows NT 6.1; Win64; x64; rv:60.0) Gecko/20100101 Firefox/60.0"
212.152.246.135 - - [06/Jul/2018:12:03:16 +0200] "GET /reload?ser=1530871396397 HTTP/1.1" 200 28 "http://renault.activities.at/" "Mozilla/5.0 (Windows NT 6.1; WOW64; Trident/7.0; rv:11.0) like Gecko"
193.194.132.30 - - [06/Jul/2018:12:03:24 +0200] "GET /reload?ser=1530871403968 HTTP/1.1" 200 28 "http://renault.2web.at/result?searchterm=true&search=REH5265" "Mozilla/5.0 (Windows NT 6.1; WOW64; Trident/7.0; rv:11.0) like Gecko"
80.123.225.34 - - [06/Jul/2018:12:04:03 +0200] "GET /reload?ser=1530871452718 HTTP/1.1" 200 28 "http://renault.activities.at/account" "Mozilla/5.0 (Windows NT 6.1; Win64; x64; rv:60.0) Gecko/20100101 Firefox/60.0"
212.152.246.135 - - [06/Jul/2018:12:04:17 +0200] "GET /reload?ser=1530871457061 HTTP/1.1" 200 28 "http://renault.activities.at/" "Mozilla/5.0 (Windows NT 6.1; WOW64; Trident/7.0; rv:11.0) like Gecko"
193.194.132.30 - - [06/Jul/2018:12:04:25 +0200] "GET /reload?ser=1530871465011 HTTP/1.1" 200 28 "http://renault.2web.at/result?searchterm=true&search=REH5265" "Mozilla/5.0 (Windows NT 6.1; WOW64; Trident/7.0; rv:11.0) like Gecko"
80.123.225.34 - - [06/Jul/2018:12:05:04 +0200] "GET /reload?ser=1530871513656 HTTP/1.1" 200 28 "http://renault.activities.at/account" "Mozilla/5.0 (Windows NT 6.1; Win64; x64; rv:60.0) Gecko/20100101 Firefox/60.0"
212.152.246.135 - - [06/Jul/2018:12:05:17 +0200] "GET /reload?ser=1530871517709 HTTP/1.1" 200 28 "http://renault.activities.at/" "Mozilla/5.0 (Windows NT 6.1; WOW64; Trident/7.0; rv:11.0) like Gecko"
193.194.132.30 - - [06/Jul/2018:12:05:26 +0200] "GET /reload?ser=1530871526089 HTTP/1.1" 200 28 "http://renault.2web.at/result?searchterm=true&search=REH5265" "Mozilla/5.0 (Windows NT 6.1; WOW64; Trident/7.0; rv:11.0) like Gecko"
80.123.225.34 - - [06/Jul/2018:12:06:05 +0200] "GET /reload?ser=1530871574618 HTTP/1.1" 200 28 "http://renault.activities.at/account" "Mozilla/5.0 (Windows NT 6.1; Win64; x64; rv:60.0) Gecko/20100101 Firefox/60.0"
212.152.246.135 - - [06/Jul/2018:12:06:18 +0200] "GET /reload?ser=1530871578354 HTTP/1.1" 200 28 "http://renault.activities.at/" "Mozilla/5.0 (Windows NT 6.1; WOW64; Trident/7.0; rv:11.0) like Gecko"
193.194.132.30 - - [06/Jul/2018:12:06:27 +0200] "GET /reload?ser=1530871587233 HTTP/1.1" 200 28 "http://renault.2web.at/result?searchterm=true&search=REH5265" "Mozilla/5.0 (Windows NT 6.1; WOW64; Trident/7.0; rv:11.0) like Gecko"
80.123.225.34 - - [06/Jul/2018:12:07:06 +0200] "GET /reload?ser=1530871635583 HTTP/1.1" 200 28 "http://renault.activities.at/account" "Mozilla/5.0 (Windows NT 6.1; Win64; x64; rv:60.0) Gecko/20100101 Firefox/60.0"
212.152.246.135 - - [06/Jul/2018:12:07:19 +0200] "GET /reload?ser=1530871639036 HTTP/1.1" 200 28 "http://renault.activities.at/" "Mozilla/5.0 (Windows NT 6.1; WOW64; Trident/7.0; rv:11.0) like Gecko"
193.194.132.30 - - [06/Jul/2018:12:07:28 +0200] "GET /reload?ser=1530871648422 HTTP/1.1" 200 28 "http://renault.2web.at/result?searchterm=true&search=REH5265" "Mozilla/5.0 (Windows NT 6.1; WOW64; Trident/7.0; rv:11.0) like Gecko"
80.123.225.34 - - [06/Jul/2018:12:08:07 +0200] "GET /reload?ser=1530871696538 HTTP/1.1" 200 28 "http://renault.activities.at/account" "Mozilla/5.0 (Windows NT 6.1; Win64; x64; rv:60.0) Gecko/20100101 Firefox/60.0"
212.152.246.135 - - [06/Jul/2018:12:08:19 +0200] "GET /reload?ser=1530871699692 HTTP/1.1" 200 28 "http://renault.activities.at/" "Mozilla/5.0 (Windows NT 6.1; WOW64; Trident/7.0; rv:11.0) like Gecko"
193.194.132.30 - - [06/Jul/2018:12:08:29 +0200] "GET /reload?ser=1530871709501 HTTP/1.1" 200 28 "http://renault.2web.at/result?searchterm=true&search=REH5265" "Mozilla/5.0 (Windows NT 6.1; WOW64; Trident/7.0; rv:11.0) like Gecko"
80.123.225.34 - - [06/Jul/2018:12:09:08 +0200] "GET /reload?ser=1530871757506 HTTP/1.1" 200 28 "http://renault.activities.at/account" "Mozilla/5.0 (Windows NT 6.1; Win64; x64; rv:60.0) Gecko/20100101 Firefox/60.0"
212.152.246.135 - - [06/Jul/2018:12:09:20 +0200] "GET /reload?ser=1530871760477 HTTP/1.1" 200 28 "http://renault.activities.at/" "Mozilla/5.0 (Windows NT 6.1; WOW64; Trident/7.0; rv:11.0) like Gecko"
193.194.132.30 - - [06/Jul/2018:12:09:30 +0200] "GET /reload?ser=1530871770608 HTTP/1.1" 200 28 "http://renault.2web.at/result?searchterm=true&search=REH5265" "Mozilla/5.0 (Windows NT 6.1; WOW64; Trident/7.0; rv:11.0) like Gecko"
80.123.225.34 - - [06/Jul/2018:12:10:09 +0200] "GET /reload?ser=1530871818439 HTTP/1.1" 200 28 "http://renault.activities.at/account" "Mozilla/5.0 (Windows NT 6.1; Win64; x64; rv:60.0) Gecko/20100101 Firefox/60.0"
212.152.246.135 - - [06/Jul/2018:12:10:21 +0200] "GET /reload?ser=1530871821124 HTTP/1.1" 200 28 "http://renault.activities.at/" "Mozilla/5.0 (Windows NT 6.1; WOW64; Trident/7.0; rv:11.0) like Gecko"
193.194.132.30 - - [06/Jul/2018:12:10:31 +0200] "GET /reload?ser=1530871831721 HTTP/1.1" 200 28 "http://renault.2web.at/result?searchterm=true&search=REH5265" "Mozilla/5.0 (Windows NT 6.1; WOW64; Trident/7.0; rv:11.0) like Gecko"
80.123.225.34 - - [06/Jul/2018:12:11:10 +0200] "GET /reload?ser=1530871879410 HTTP/1.1" 200 28 "http://renault.activities.at/account" "Mozilla/5.0 (Windows NT 6.1; Win64; x64; rv:60.0) Gecko/20100101 Firefox/60.0"
212.152.246.135 - - [06/Jul/2018:12:11:21 +0200] "GET /reload?ser=1530871881769 HTTP/1.1" 200 28 "http://renault.activities.at/" "Mozilla/5.0 (Windows NT 6.1; WOW64; Trident/7.0; rv:11.0) like Gecko"
193.194.132.30 - - [06/Jul/2018:12:11:32 +0200] "GET /reload?ser=1530871892854 HTTP/1.1" 200 28 "http://renault.2web.at/result?searchterm=true&search=REH5265" "Mozilla/5.0 (Windows NT 6.1; WOW64; Trident/7.0; rv:11.0) like Gecko"
80.123.225.34 - - [06/Jul/2018:12:12:10 +0200] "GET /reload?ser=1530871940358 HTTP/1.1" 200 28 "http://renault.activities.at/account" "Mozilla/5.0 (Windows NT 6.1; Win64; x64; rv:60.0) Gecko/20100101 Firefox/60.0"
212.152.246.135 - - [06/Jul/2018:12:12:22 +0200] "GET /reload?ser=1530871942416 HTTP/1.1" 200 28 "http://renault.activities.at/" "Mozilla/5.0 (Windows NT 6.1; WOW64; Trident/7.0; rv:11.0) like Gecko"
193.194.132.30 - - [06/Jul/2018:12:12:34 +0200] "GET /reload?ser=1530871953918 HTTP/1.1" 200 28 "http://renault.2web.at/result?searchterm=true&search=REH5265" "Mozilla/5.0 (Windows NT 6.1; WOW64; Trident/7.0; rv:11.0) like Gecko"
80.123.225.34 - - [06/Jul/2018:12:13:11 +0200] "GET /reload?ser=1530872001315 HTTP/1.1" 200 28 "http://renault.activities.at/account" "Mozilla/5.0 (Windows NT 6.1; Win64; x64; rv:60.0) Gecko/20100101 Firefox/60.0"
212.152.246.135 - - [06/Jul/2018:12:13:23 +0200] "GET /reload?ser=1530872003083 HTTP/1.1" 200 28 "http://renault.activities.at/" "Mozilla/5.0 (Windows NT 6.1; WOW64; Trident/7.0; rv:11.0) like Gecko"
193.194.132.30 - - [06/Jul/2018:12:13:35 +0200] "GET /reload?ser=1530872015015 HTTP/1.1" 200 28 "http://renault.2web.at/result?searchterm=true&search=REH5265" "Mozilla/5.0 (Windows NT 6.1; WOW64; Trident/7.0; rv:11.0) like Gecko"
80.123.225.34 - - [06/Jul/2018:12:14:12 +0200] "GET /reload?ser=1530872062277 HTTP/1.1" 200 28 "http://renault.activities.at/account" "Mozilla/5.0 (Windows NT 6.1; Win64; x64; rv:60.0) Gecko/20100101 Firefox/60.0"
212.152.246.135 - - [06/Jul/2018:12:14:23 +0200] "GET /reload?ser=1530872063749 HTTP/1.1" 200 28 "http://renault.activities.at/" "Mozilla/5.0 (Windows NT 6.1; WOW64; Trident/7.0; rv:11.0) like Gecko"
193.194.132.30 - - [06/Jul/2018:12:14:36 +0200] "GET /reload?ser=1530872076117 HTTP/1.1" 200 28 "http://renault.2web.at/result?searchterm=true&search=REH5265" "Mozilla/5.0 (Windows NT 6.1; WOW64; Trident/7.0; rv:11.0) like Gecko"
80.123.225.34 - - [06/Jul/2018:12:15:13 +0200] "GET /reload?ser=1530872123226 HTTP/1.1" 200 28 "http://renault.activities.at/account" "Mozilla/5.0 (Windows NT 6.1; Win64; x64; rv:60.0) Gecko/20100101 Firefox/60.0"
212.152.246.135 - - [06/Jul/2018:12:15:24 +0200] "GET /reload?ser=1530872124435 HTTP/1.1" 200 28 "http://renault.activities.at/" "Mozilla/5.0 (Windows NT 6.1; WOW64; Trident/7.0; rv:11.0) like Gecko"
193.194.132.30 - - [06/Jul/2018:12:15:49 +0200] "GET /reload?ser=1530872137227 HTTP/1.1" 200 28 "http://renault.2web.at/result?searchterm=true&search=REH5265" "Mozilla/5.0 (Windows NT 6.1; WOW64; Trident/7.0; rv:11.0) like Gecko"
80.123.225.34 - - [06/Jul/2018:12:16:14 +0200] "GET /reload?ser=1530872184143 HTTP/1.1" 200 28 "http://renault.activities.at/account" "Mozilla/5.0 (Windows NT 6.1; Win64; x64; rv:60.0) Gecko/20100101 Firefox/60.0"
212.152.246.135 - - [06/Jul/2018:12:16:25 +0200] "GET /reload?ser=1530872185102 HTTP/1.1" 200 28 "http://renault.activities.at/" "Mozilla/5.0 (Windows NT 6.1; WOW64; Trident/7.0; rv:11.0) like Gecko"
193.194.132.30 - - [06/Jul/2018:12:16:50 +0200] "GET /reload?ser=1530872210486 HTTP/1.1" 200 28 "http://renault.2web.at/result?searchterm=true&search=REH5265" "Mozilla/5.0 (Windows NT 6.1; WOW64; Trident/7.0; rv:11.0) like Gecko"
80.123.225.34 - - [06/Jul/2018:12:17:15 +0200] "GET /reload?ser=1530872245136 HTTP/1.1" 200 28 "http://renault.activities.at/account" "Mozilla/5.0 (Windows NT 6.1; Win64; x64; rv:60.0) Gecko/20100101 Firefox/60.0"
212.152.246.135 - - [06/Jul/2018:12:17:25 +0200] "GET /reload?ser=1530872245787 HTTP/1.1" 200 28 "http://renault.activities.at/" "Mozilla/5.0 (Windows NT 6.1; WOW64; Trident/7.0; rv:11.0) like Gecko"
193.194.132.30 - - [06/Jul/2018:12:17:51 +0200] "GET /reload?ser=1530872271576 HTTP/1.1" 200 28 "http://renault.2web.at/result?searchterm=true&search=REH5265" "Mozilla/5.0 (Windows NT 6.1; WOW64; Trident/7.0; rv:11.0) like Gecko"
80.123.225.34 - - [06/Jul/2018:12:18:16 +0200] "GET /reload?ser=1530872306081 HTTP/1.1" 200 28 "http://renault.activities.at/account" "Mozilla/5.0 (Windows NT 6.1; Win64; x64; rv:60.0) Gecko/20100101 Firefox/60.0"
212.152.246.135 - - [06/Jul/2018:12:18:26 +0200] "GET /reload?ser=1530872306434 HTTP/1.1" 200 28 "http://renault.activities.at/" "Mozilla/5.0 (Windows NT 6.1; WOW64; Trident/7.0; rv:11.0) like Gecko"
193.194.132.30 - - [06/Jul/2018:12:18:52 +0200] "GET /reload?ser=1530872332647 HTTP/1.1" 200 28 "http://renault.2web.at/result?searchterm=true&search=REH5265" "Mozilla/5.0 (Windows NT 6.1; WOW64; Trident/7.0; rv:11.0) like Gecko"
80.123.225.34 - - [06/Jul/2018:12:19:17 +0200] "GET /reload?ser=1530872367035 HTTP/1.1" 200 28 "http://renault.activities.at/account" "Mozilla/5.0 (Windows NT 6.1; Win64; x64; rv:60.0) Gecko/20100101 Firefox/60.0"
212.152.246.135 - - [06/Jul/2018:12:19:27 +0200] "GET /reload?ser=1530872367080 HTTP/1.1" 200 28 "http://renault.activities.at/" "Mozilla/5.0 (Windows NT 6.1; WOW64; Trident/7.0; rv:11.0) like Gecko"
80.123.225.34 - - [06/Jul/2018:12:20:18 +0200] "GET /reload?ser=1530872427963 HTTP/1.1" 200 28 "http://renault.activities.at/account" "Mozilla/5.0 (Windows NT 6.1; Win64; x64; rv:60.0) Gecko/20100101 Firefox/60.0"
212.152.246.135 - - [06/Jul/2018:12:20:27 +0200] "GET /reload?ser=1530872427737 HTTP/1.1" 200 28 "http://renault.activities.at/" "Mozilla/5.0 (Windows NT 6.1; WOW64; Trident/7.0; rv:11.0) like Gecko"
80.123.225.34 - - [06/Jul/2018:12:21:19 +0200] "GET /reload?ser=1530872488907 HTTP/1.1" 200 28 "http://renault.activities.at/account" "Mozilla/5.0 (Windows NT 6.1; Win64; x64; rv:60.0) Gecko/20100101 Firefox/60.0"
212.152.246.135 - - [06/Jul/2018:12:21:28 +0200] "GET /reload?ser=1530872488429 HTTP/1.1" 200 28 "http://renault.activities.at/" "Mozilla/5.0 (Windows NT 6.1; WOW64; Trident/7.0; rv:11.0) like Gecko"
80.123.225.34 - - [06/Jul/2018:12:22:20 +0200] "GET /reload?ser=1530872549891 HTTP/1.1" 200 28 "http://renault.activities.at/account" "Mozilla/5.0 (Windows NT 6.1; Win64; x64; rv:60.0) Gecko/20100101 Firefox/60.0"
212.152.246.135 - - [06/Jul/2018:12:22:29 +0200] "GET /reload?ser=1530872549075 HTTP/1.1" 200 28 "http://renault.activities.at/" "Mozilla/5.0 (Windows NT 6.1; WOW64; Trident/7.0; rv:11.0) like Gecko"
80.123.225.34 - - [06/Jul/2018:12:23:21 +0200] "GET /reload?ser=1530872610864 HTTP/1.1" 200 28 "http://renault.activities.at/account" "Mozilla/5.0 (Windows NT 6.1; Win64; x64; rv:60.0) Gecko/20100101 Firefox/60.0"
212.152.246.135 - - [06/Jul/2018:12:23:29 +0200] "GET /reload?ser=1530872609732 HTTP/1.1" 200 28 "http://renault.activities.at/" "Mozilla/5.0 (Windows NT 6.1; WOW64; Trident/7.0; rv:11.0) like Gecko"
80.123.225.34 - - [06/Jul/2018:12:24:22 +0200] "GET /reload?ser=1530872671770 HTTP/1.1" 200 28 "http://renault.activities.at/account" "Mozilla/5.0 (Windows NT 6.1; Win64; x64; rv:60.0) Gecko/20100101 Firefox/60.0"
212.152.246.135 - - [06/Jul/2018:12:24:30 +0200] "GET /reload?ser=1530872670386 HTTP/1.1" 200 28 "http://renault.activities.at/" "Mozilla/5.0 (Windows NT 6.1; WOW64; Trident/7.0; rv:11.0) like Gecko"
80.123.225.34 - - [06/Jul/2018:12:25:23 +0200] "GET /reload?ser=1530872732733 HTTP/1.1" 200 28 "http://renault.activities.at/account" "Mozilla/5.0 (Windows NT 6.1; Win64; x64; rv:60.0) Gecko/20100101 Firefox/60.0"
212.152.246.135 - - [06/Jul/2018:12:25:31 +0200] "GET /reload?ser=1530872731033 HTTP/1.1" 200 28 "http://renault.activities.at/" "Mozilla/5.0 (Windows NT 6.1; WOW64; Trident/7.0; rv:11.0) like Gecko"
80.123.225.34 - - [06/Jul/2018:12:26:24 +0200] "GET /reload?ser=1530872793690 HTTP/1.1" 200 28 "http://renault.activities.at/account" "Mozilla/5.0 (Windows NT 6.1; Win64; x64; rv:60.0) Gecko/20100101 Firefox/60.0"
212.152.246.135 - - [06/Jul/2018:12:26:31 +0200] "GET /reload?ser=1530872791677 HTTP/1.1" 200 28 "http://renault.activities.at/" "Mozilla/5.0 (Windows NT 6.1; WOW64; Trident/7.0; rv:11.0) like Gecko"
80.123.225.34 - - [06/Jul/2018:12:27:25 +0200] "GET /reload?ser=1530872854673 HTTP/1.1" 200 28 "http://renault.activities.at/account" "Mozilla/5.0 (Windows NT 6.1; Win64; x64; rv:60.0) Gecko/20100101 Firefox/60.0"
212.152.246.135 - - [06/Jul/2018:12:27:32 +0200] "GET /reload?ser=1530872852344 HTTP/1.1" 200 28 "http://renault.activities.at/" "Mozilla/5.0 (Windows NT 6.1; WOW64; Trident/7.0; rv:11.0) like Gecko"
80.123.225.34 - - [06/Jul/2018:12:28:26 +0200] "GET /reload?ser=1530872915636 HTTP/1.1" 200 28 "http://renault.activities.at/account" "Mozilla/5.0 (Windows NT 6.1; Win64; x64; rv:60.0) Gecko/20100101 Firefox/60.0"
212.152.246.135 - - [06/Jul/2018:12:28:33 +0200] "GET /reload?ser=1530872913005 HTTP/1.1" 200 28 "http://renault.activities.at/" "Mozilla/5.0 (Windows NT 6.1; WOW64; Trident/7.0; rv:11.0) like Gecko"
80.123.225.34 - - [06/Jul/2018:12:29:27 +0200] "GET /reload?ser=1530872976550 HTTP/1.1" 200 28 "http://renault.activities.at/account" "Mozilla/5.0 (Windows NT 6.1; Win64; x64; rv:60.0) Gecko/20100101 Firefox/60.0"
212.152.246.135 - - [06/Jul/2018:12:29:33 +0200] "GET /reload?ser=1530872973661 HTTP/1.1" 200 28 "http://renault.activities.at/" "Mozilla/5.0 (Windows NT 6.1; WOW64; Trident/7.0; rv:11.0) like Gecko"
80.123.225.34 - - [06/Jul/2018:12:30:28 +0200] "GET /reload?ser=1530873037508 HTTP/1.1" 200 28 "http://renault.activities.at/account" "Mozilla/5.0 (Windows NT 6.1; Win64; x64; rv:60.0) Gecko/20100101 Firefox/60.0"
212.152.246.135 - - [06/Jul/2018:12:30:34 +0200] "GET /reload?ser=1530873034316 HTTP/1.1" 200 28 "http://renault.activities.at/" "Mozilla/5.0 (Windows NT 6.1; WOW64; Trident/7.0; rv:11.0) like Gecko"
80.123.225.34 - - [06/Jul/2018:12:31:29 +0200] "GET /reload?ser=1530873098523 HTTP/1.1" 200 28 "http://renault.activities.at/account" "Mozilla/5.0 (Windows NT 6.1; Win64; x64; rv:60.0) Gecko/20100101 Firefox/60.0"
212.152.246.135 - - [06/Jul/2018:12:31:35 +0200] "GET /reload?ser=1530873094972 HTTP/1.1" 200 28 "http://renault.activities.at/" "Mozilla/5.0 (Windows NT 6.1; WOW64; Trident/7.0; rv:11.0) like Gecko"
80.123.225.34 - - [06/Jul/2018:12:32:30 +0200] "GET /reload?ser=1530873159488 HTTP/1.1" 200 28 "http://renault.activities.at/account" "Mozilla/5.0 (Windows NT 6.1; Win64; x64; rv:60.0) Gecko/20100101 Firefox/60.0"
212.152.246.135 - - [06/Jul/2018:12:32:35 +0200] "GET /reload?ser=1530873155629 HTTP/1.1" 200 28 "http://renault.activities.at/" "Mozilla/5.0 (Windows NT 6.1; WOW64; Trident/7.0; rv:11.0) like Gecko"
80.123.225.34 - - [06/Jul/2018:12:33:31 +0200] "GET /reload?ser=1530873220475 HTTP/1.1" 200 28 "http://renault.activities.at/account" "Mozilla/5.0 (Windows NT 6.1; Win64; x64; rv:60.0) Gecko/20100101 Firefox/60.0"
212.152.246.135 - - [06/Jul/2018:12:33:36 +0200] "GET /reload?ser=1530873216276 HTTP/1.1" 200 28 "http://renault.activities.at/" "Mozilla/5.0 (Windows NT 6.1; WOW64; Trident/7.0; rv:11.0) like Gecko"
80.123.225.34 - - [06/Jul/2018:12:34:32 +0200] "GET /reload?ser=1530873281386 HTTP/1.1" 200 28 "http://renault.activities.at/account" "Mozilla/5.0 (Windows NT 6.1; Win64; x64; rv:60.0) Gecko/20100101 Firefox/60.0"
212.152.246.135 - - [06/Jul/2018:12:34:36 +0200] "GET /reload?ser=1530873276923 HTTP/1.1" 200 28 "http://renault.activities.at/" "Mozilla/5.0 (Windows NT 6.1; WOW64; Trident/7.0; rv:11.0) like Gecko"
80.123.225.34 - - [06/Jul/2018:12:35:33 +0200] "GET /reload?ser=1530873342372 HTTP/1.1" 200 28 "http://renault.activities.at/account" "Mozilla/5.0 (Windows NT 6.1; Win64; x64; rv:60.0) Gecko/20100101 Firefox/60.0"
212.152.246.135 - - [06/Jul/2018:12:35:37 +0200] "GET /reload?ser=1530873337570 HTTP/1.1" 200 28 "http://renault.activities.at/" "Mozilla/5.0 (Windows NT 6.1; WOW64; Trident/7.0; rv:11.0) like Gecko"
80.123.225.34 - - [06/Jul/2018:12:36:33 +0200] "GET /reload?ser=1530873403325 HTTP/1.1" 200 28 "http://renault.activities.at/account" "Mozilla/5.0 (Windows NT 6.1; Win64; x64; rv:60.0) Gecko/20100101 Firefox/60.0"
212.152.246.135 - - [06/Jul/2018:12:36:38 +0200] "GET /reload?ser=1530873398237 HTTP/1.1" 200 28 "http://renault.activities.at/" "Mozilla/5.0 (Windows NT 6.1; WOW64; Trident/7.0; rv:11.0) like Gecko"
