80.123.225.34 - - [06/Jul/2018:13:24:19 +0200] "GET /reload?ser=1530876268882 HTTP/1.1" 200 28 "http://renault.activities.at/account" "Mozilla/5.0 (Windows NT 6.1; Win64; x64; rv:60.0) Gecko/20100101 Firefox/60.0"
212.152.246.135 - - [06/Jul/2018:13:25:09 +0200] "GET /reload?ser=1530876309862 HTTP/1.1" 200 28 "http://renault.activities.at/" "Mozilla/5.0 (Windows NT 6.1; WOW64; Trident/7.0; rv:11.0) like Gecko"
80.123.225.34 - - [06/Jul/2018:13:25:20 +0200] "GET /reload?ser=1530876329846 HTTP/1.1" 200 28 "http://renault.activities.at/account" "Mozilla/5.0 (Windows NT 6.1; Win64; x64; rv:60.0) Gecko/20100101 Firefox/60.0"
212.152.246.135 - - [06/Jul/2018:13:26:10 +0200] "GET /reload?ser=1530876370509 HTTP/1.1" 200 28 "http://renault.activities.at/" "Mozilla/5.0 (Windows NT 6.1; WOW64; Trident/7.0; rv:11.0) like Gecko"
80.123.225.34 - - [06/Jul/2018:13:26:21 +0200] "GET /reload?ser=1530876390830 HTTP/1.1" 200 28 "http://renault.activities.at/account" "Mozilla/5.0 (Windows NT 6.1; Win64; x64; rv:60.0) Gecko/20100101 Firefox/60.0"
212.152.246.135 - - [06/Jul/2018:13:27:11 +0200] "GET /reload?ser=1530876431164 HTTP/1.1" 200 28 "http://renault.activities.at/" "Mozilla/5.0 (Windows NT 6.1; WOW64; Trident/7.0; rv:11.0) like Gecko"
80.123.225.34 - - [06/Jul/2018:13:27:22 +0200] "GET /reload?ser=1530876451818 HTTP/1.1" 200 28 "http://renault.activities.at/account" "Mozilla/5.0 (Windows NT 6.1; Win64; x64; rv:60.0) Gecko/20100101 Firefox/60.0"
66.249.65.105 - - [06/Jul/2018:13:27:39 +0200] "GET / HTTP/1.1" 200 3710 "-" "Mozilla/5.0 (Linux; Android 6.0.1; Nexus 5X Build/MMB29P) AppleWebKit/537.36 (KHTML, like Gecko) Chrome/41.0.2272.96 Mobile Safari/537.36 (compatible; Googlebot/2.1; +http://www.google.com/bot.html)"
66.249.65.105 - - [06/Jul/2018:13:27:44 +0200] "GET /js/checkout.css HTTP/1.1" 200 359 "http://renault.activities.at/" "Mozilla/5.0 (Linux; Android 6.0.1; Nexus 5X Build/MMB29P) AppleWebKit/537.36 (KHTML, like Gecko) Chrome/41.0.2272.96 Mobile Safari/537.36 (compatible; Googlebot/2.1; +http://www.google.com/bot.html)"
212.152.246.135 - - [06/Jul/2018:13:28:11 +0200] "GET /reload?ser=1530876491814 HTTP/1.1" 200 28 "http://renault.activities.at/" "Mozilla/5.0 (Windows NT 6.1; WOW64; Trident/7.0; rv:11.0) like Gecko"
80.123.225.34 - - [06/Jul/2018:13:28:23 +0200] "GET /reload?ser=1530876512776 HTTP/1.1" 200 28 "http://renault.activities.at/account" "Mozilla/5.0 (Windows NT 6.1; Win64; x64; rv:60.0) Gecko/20100101 Firefox/60.0"
212.152.246.135 - - [06/Jul/2018:13:29:12 +0200] "GET /reload?ser=1530876552480 HTTP/1.1" 200 28 "http://renault.activities.at/" "Mozilla/5.0 (Windows NT 6.1; WOW64; Trident/7.0; rv:11.0) like Gecko"
80.123.225.34 - - [06/Jul/2018:13:29:24 +0200] "GET /reload?ser=1530876573754 HTTP/1.1" 200 28 "http://renault.activities.at/account" "Mozilla/5.0 (Windows NT 6.1; Win64; x64; rv:60.0) Gecko/20100101 Firefox/60.0"
212.152.246.135 - - [06/Jul/2018:13:30:13 +0200] "GET /reload?ser=1530876613129 HTTP/1.1" 200 28 "http://renault.activities.at/" "Mozilla/5.0 (Windows NT 6.1; WOW64; Trident/7.0; rv:11.0) like Gecko"
80.123.225.34 - - [06/Jul/2018:13:30:25 +0200] "GET /reload?ser=1530876634701 HTTP/1.1" 200 28 "http://renault.activities.at/account" "Mozilla/5.0 (Windows NT 6.1; Win64; x64; rv:60.0) Gecko/20100101 Firefox/60.0"
212.152.246.135 - - [06/Jul/2018:13:31:13 +0200] "GET /reload?ser=1530876673785 HTTP/1.1" 200 28 "http://renault.activities.at/" "Mozilla/5.0 (Windows NT 6.1; WOW64; Trident/7.0; rv:11.0) like Gecko"
80.123.225.34 - - [06/Jul/2018:13:31:26 +0200] "GET /reload?ser=1530876695669 HTTP/1.1" 200 28 "http://renault.activities.at/account" "Mozilla/5.0 (Windows NT 6.1; Win64; x64; rv:60.0) Gecko/20100101 Firefox/60.0"
212.152.246.135 - - [06/Jul/2018:13:32:14 +0200] "GET /reload?ser=1530876734431 HTTP/1.1" 200 28 "http://renault.activities.at/" "Mozilla/5.0 (Windows NT 6.1; WOW64; Trident/7.0; rv:11.0) like Gecko"
80.123.225.34 - - [06/Jul/2018:13:32:27 +0200] "GET /reload?ser=1530876756645 HTTP/1.1" 200 28 "http://renault.activities.at/account" "Mozilla/5.0 (Windows NT 6.1; Win64; x64; rv:60.0) Gecko/20100101 Firefox/60.0"
212.152.246.135 - - [06/Jul/2018:13:33:15 +0200] "GET /reload?ser=1530876795075 HTTP/1.1" 200 28 "http://renault.activities.at/" "Mozilla/5.0 (Windows NT 6.1; WOW64; Trident/7.0; rv:11.0) like Gecko"
80.123.225.34 - - [06/Jul/2018:13:33:28 +0200] "GET /reload?ser=1530876817621 HTTP/1.1" 200 28 "http://renault.activities.at/account" "Mozilla/5.0 (Windows NT 6.1; Win64; x64; rv:60.0) Gecko/20100101 Firefox/60.0"
212.152.246.135 - - [06/Jul/2018:13:34:15 +0200] "GET /reload?ser=1530876855724 HTTP/1.1" 200 28 "http://renault.activities.at/" "Mozilla/5.0 (Windows NT 6.1; WOW64; Trident/7.0; rv:11.0) like Gecko"
80.123.225.34 - - [06/Jul/2018:13:34:29 +0200] "GET /reload?ser=1530876878589 HTTP/1.1" 200 28 "http://renault.activities.at/account" "Mozilla/5.0 (Windows NT 6.1; Win64; x64; rv:60.0) Gecko/20100101 Firefox/60.0"
212.152.246.135 - - [06/Jul/2018:13:35:16 +0200] "GET /reload?ser=1530876916379 HTTP/1.1" 200 28 "http://renault.activities.at/" "Mozilla/5.0 (Windows NT 6.1; WOW64; Trident/7.0; rv:11.0) like Gecko"
80.123.225.34 - - [06/Jul/2018:13:35:30 +0200] "GET /reload?ser=1530876939541 HTTP/1.1" 200 28 "http://renault.activities.at/account" "Mozilla/5.0 (Windows NT 6.1; Win64; x64; rv:60.0) Gecko/20100101 Firefox/60.0"
212.152.246.135 - - [06/Jul/2018:13:36:17 +0200] "GET /reload?ser=1530876977073 HTTP/1.1" 200 28 "http://renault.activities.at/" "Mozilla/5.0 (Windows NT 6.1; WOW64; Trident/7.0; rv:11.0) like Gecko"
80.123.225.34 - - [06/Jul/2018:13:36:31 +0200] "GET /reload?ser=1530877000542 HTTP/1.1" 200 28 "http://renault.activities.at/account" "Mozilla/5.0 (Windows NT 6.1; Win64; x64; rv:60.0) Gecko/20100101 Firefox/60.0"
212.152.246.135 - - [06/Jul/2018:13:37:17 +0200] "GET /reload?ser=1530877037719 HTTP/1.1" 200 28 "http://renault.activities.at/" "Mozilla/5.0 (Windows NT 6.1; WOW64; Trident/7.0; rv:11.0) like Gecko"
80.123.225.34 - - [06/Jul/2018:13:37:30 +0200] "GET / HTTP/1.1" 200 3710 "-" "Mozilla/5.0 (Windows NT 6.1; WOW64; Trident/7.0; rv:11.0) like Gecko"
80.123.225.34 - - [06/Jul/2018:13:37:31 +0200] "GET /images/main_block_border.gif HTTP/1.1" 200 43 "http://renault.activities.at/" "Mozilla/5.0 (Windows NT 6.1; WOW64; Trident/7.0; rv:11.0) like Gecko"
80.123.225.34 - - [06/Jul/2018:13:37:31 +0200] "GET /images/main_block_corner_right_bot.gif HTTP/1.1" 200 158 "http://renault.activities.at/" "Mozilla/5.0 (Windows NT 6.1; WOW64; Trident/7.0; rv:11.0) like Gecko"
80.123.225.34 - - [06/Jul/2018:13:37:31 +0200] "GET /images/header_block_corner_left_top.gif HTTP/1.1" 200 160 "http://renault.activities.at/" "Mozilla/5.0 (Windows NT 6.1; WOW64; Trident/7.0; rv:11.0) like Gecko"
80.123.225.34 - - [06/Jul/2018:13:37:31 +0200] "GET /images/header_block_corner_right_top.gif HTTP/1.1" 200 160 "http://renault.activities.at/" "Mozilla/5.0 (Windows NT 6.1; WOW64; Trident/7.0; rv:11.0) like Gecko"
80.123.225.34 - - [06/Jul/2018:13:37:31 +0200] "GET /images/main_block_corner_left_bot.gif HTTP/1.1" 200 159 "http://renault.activities.at/" "Mozilla/5.0 (Windows NT 6.1; WOW64; Trident/7.0; rv:11.0) like Gecko"
80.123.225.34 - - [06/Jul/2018:13:37:31 +0200] "GET /images/header_block_border.gif HTTP/1.1" 200 43 "http://renault.activities.at/" "Mozilla/5.0 (Windows NT 6.1; WOW64; Trident/7.0; rv:11.0) like Gecko"
80.123.225.34 - - [06/Jul/2018:13:37:31 +0200] "GET /images/main_block_corner_left_top.gif HTTP/1.1" 200 159 "http://renault.activities.at/" "Mozilla/5.0 (Windows NT 6.1; WOW64; Trident/7.0; rv:11.0) like Gecko"
80.123.225.34 - - [06/Jul/2018:13:37:31 +0200] "GET /images/main_block_corner_right_top.gif HTTP/1.1" 200 159 "http://renault.activities.at/" "Mozilla/5.0 (Windows NT 6.1; WOW64; Trident/7.0; rv:11.0) like Gecko"
80.123.225.34 - - [06/Jul/2018:13:37:31 +0200] "GET /images/title_border_top.jpg HTTP/1.1" 200 336 "http://renault.activities.at/" "Mozilla/5.0 (Windows NT 6.1; WOW64; Trident/7.0; rv:11.0) like Gecko"
80.123.225.34 - - [06/Jul/2018:13:37:31 +0200] "GET /images/title_border.jpg HTTP/1.1" 200 304 "http://renault.activities.at/" "Mozilla/5.0 (Windows NT 6.1; WOW64; Trident/7.0; rv:11.0) like Gecko"
80.123.225.34 - - [06/Jul/2018:13:37:31 +0200] "GET /images/title_corner_left_top.jpg HTTP/1.1" 200 372 "http://renault.activities.at/" "Mozilla/5.0 (Windows NT 6.1; WOW64; Trident/7.0; rv:11.0) like Gecko"
80.123.225.34 - - [06/Jul/2018:13:37:31 +0200] "GET /images/title_corner_right_top.jpg HTTP/1.1" 200 389 "http://renault.activities.at/" "Mozilla/5.0 (Windows NT 6.1; WOW64; Trident/7.0; rv:11.0) like Gecko"
80.123.225.34 - - [06/Jul/2018:13:37:31 +0200] "GET /loadthumbnail.php?id=11127982 HTTP/1.1" 200 399614 "http://renault.activities.at/" "Mozilla/5.0 (Windows NT 6.1; WOW64; Trident/7.0; rv:11.0) like Gecko"
80.123.225.34 - - [06/Jul/2018:13:37:32 +0200] "GET /reload?ser=1530877061511 HTTP/1.1" 200 28 "http://renault.activities.at/account" "Mozilla/5.0 (Windows NT 6.1; Win64; x64; rv:60.0) Gecko/20100101 Firefox/60.0"
80.123.225.34 - - [06/Jul/2018:13:37:33 +0200] "GET /login HTTP/1.1" 200 2086 "http://renault.activities.at/" "Mozilla/5.0 (Windows NT 6.1; WOW64; Trident/7.0; rv:11.0) like Gecko"
80.123.225.34 - - [06/Jul/2018:13:37:33 +0200] "GET /images/button_left_bg.gif HTTP/1.1" 200 564 "http://renault.activities.at/login" "Mozilla/5.0 (Windows NT 6.1; WOW64; Trident/7.0; rv:11.0) like Gecko"
80.123.225.34 - - [06/Jul/2018:13:37:33 +0200] "GET /images/button_bg.gif HTTP/1.1" 200 151 "http://renault.activities.at/login" "Mozilla/5.0 (Windows NT 6.1; WOW64; Trident/7.0; rv:11.0) like Gecko"
80.123.225.34 - - [06/Jul/2018:13:37:33 +0200] "GET /images/button_right_bg.gif HTTP/1.1" 200 561 "http://renault.activities.at/login" "Mozilla/5.0 (Windows NT 6.1; WOW64; Trident/7.0; rv:11.0) like Gecko"
80.123.225.34 - - [06/Jul/2018:13:37:43 +0200] "POST /login HTTP/1.1" 302 140 "http://renault.activities.at/login" "Mozilla/5.0 (Windows NT 6.1; WOW64; Trident/7.0; rv:11.0) like Gecko"
80.123.225.34 - - [06/Jul/2018:13:37:45 +0200] "GET /account HTTP/1.1" 200 5934 "http://renault.activities.at/login" "Mozilla/5.0 (Windows NT 6.1; WOW64; Trident/7.0; rv:11.0) like Gecko"
80.123.225.34 - - [06/Jul/2018:13:37:48 +0200] "GET /images/search_bg.gif HTTP/1.1" 200 1726 "http://renault.activities.at/account" "Mozilla/5.0 (Windows NT 6.1; WOW64; Trident/7.0; rv:11.0) like Gecko"
80.123.225.34 - - [06/Jul/2018:13:37:48 +0200] "GET /images/nav_divider.gif HTTP/1.1" 200 43 "http://renault.activities.at/account" "Mozilla/5.0 (Windows NT 6.1; WOW64; Trident/7.0; rv:11.0) like Gecko"
80.123.225.34 - - [06/Jul/2018:13:37:48 +0200] "GET /images/top_links_divider.gif HTTP/1.1" 200 44 "http://renault.activities.at/account" "Mozilla/5.0 (Windows NT 6.1; WOW64; Trident/7.0; rv:11.0) like Gecko"
80.123.225.34 - - [06/Jul/2018:13:37:48 +0200] "GET /images/menu_button_bg.jpg HTTP/1.1" 200 322 "http://renault.activities.at/account" "Mozilla/5.0 (Windows NT 6.1; WOW64; Trident/7.0; rv:11.0) like Gecko"
80.123.225.34 - - [06/Jul/2018:13:37:48 +0200] "GET /images/menu_divider.gif HTTP/1.1" 200 176 "http://renault.activities.at/account" "Mozilla/5.0 (Windows NT 6.1; WOW64; Trident/7.0; rv:11.0) like Gecko"
80.123.225.34 - - [06/Jul/2018:13:37:48 +0200] "GET /images/sidebar_title_border_top.gif HTTP/1.1" 200 155 "http://renault.activities.at/account" "Mozilla/5.0 (Windows NT 6.1; WOW64; Trident/7.0; rv:11.0) like Gecko"
80.123.225.34 - - [06/Jul/2018:13:37:48 +0200] "GET /images/sidebar_title_corner_left_top.gif HTTP/1.1" 200 1124 "http://renault.activities.at/account" "Mozilla/5.0 (Windows NT 6.1; WOW64; Trident/7.0; rv:11.0) like Gecko"
80.123.225.34 - - [06/Jul/2018:13:37:48 +0200] "GET /images/sidebar_title_border.gif HTTP/1.1" 200 43 "http://renault.activities.at/account" "Mozilla/5.0 (Windows NT 6.1; WOW64; Trident/7.0; rv:11.0) like Gecko"
80.123.225.34 - - [06/Jul/2018:13:37:48 +0200] "GET /loadthumbnail.php?id=11423691&width=50&height=50 HTTP/1.1" 200 995 "http://renault.activities.at/account" "Mozilla/5.0 (Windows NT 6.1; WOW64; Trident/7.0; rv:11.0) like Gecko"
80.123.225.34 - - [06/Jul/2018:13:37:48 +0200] "GET /images/sidebar_title_corner_right_top.gif HTTP/1.1" 200 383 "http://renault.activities.at/account" "Mozilla/5.0 (Windows NT 6.1; WOW64; Trident/7.0; rv:11.0) like Gecko"
80.123.225.34 - - [06/Jul/2018:13:37:48 +0200] "GET /images/footer_divider.gif HTTP/1.1" 200 44 "http://renault.activities.at/account" "Mozilla/5.0 (Windows NT 6.1; WOW64; Trident/7.0; rv:11.0) like Gecko"
80.123.225.34 - - [06/Jul/2018:13:37:48 +0200] "GET /loadthumbnail.php?id=10272696&width=50&height=50 HTTP/1.1" 200 1124 "http://renault.activities.at/account" "Mozilla/5.0 (Windows NT 6.1; WOW64; Trident/7.0; rv:11.0) like Gecko"
80.123.225.34 - - [06/Jul/2018:13:38:12 +0200] "POST /axjaxrequest?mode=suggest HTTP/1.1" 200 168 "http://renault.activities.at/account" "Mozilla/5.0 (Windows NT 6.1; WOW64; Trident/7.0; rv:11.0) like Gecko"
80.123.225.34 - - [06/Jul/2018:13:38:13 +0200] "POST /axjaxrequest?mode=suggest HTTP/1.1" 200 111 "http://renault.activities.at/account" "Mozilla/5.0 (Windows NT 6.1; WOW64; Trident/7.0; rv:11.0) like Gecko"
80.123.225.34 - - [06/Jul/2018:13:38:14 +0200] "GET /result?searchterm=true&search=rga001 HTTP/1.1" 200 5829 "http://renault.activities.at/account" "Mozilla/5.0 (Windows NT 6.1; WOW64; Trident/7.0; rv:11.0) like Gecko"
80.123.225.34 - - [06/Jul/2018:13:38:16 +0200] "GET /result?searchterm=true&search=RGA001 HTTP/1.1" 200 5828 "http://renault.activities.at/account" "Mozilla/5.0 (Windows NT 6.1; WOW64; Trident/7.0; rv:11.0) like Gecko"
80.123.225.34 - - [06/Jul/2018:13:38:18 +0200] "GET /images/loading.gif HTTP/1.1" 200 3208 "http://renault.activities.at/result?searchterm=true&search=RGA001" "Mozilla/5.0 (Windows NT 6.1; WOW64; Trident/7.0; rv:11.0) like Gecko"
80.123.225.34 - - [06/Jul/2018:13:38:18 +0200] "GET /images/vista-up.gif HTTP/1.1" 200 131 "http://renault.activities.at/result?searchterm=true&search=RGA001" "Mozilla/5.0 (Windows NT 6.1; WOW64; Trident/7.0; rv:11.0) like Gecko"
80.123.225.34 - - [06/Jul/2018:13:38:18 +0200] "GET /images/validation_advice_bg.gif HTTP/1.1" 200 134 "http://renault.activities.at/result?searchterm=true&search=RGA001" "Mozilla/5.0 (Windows NT 6.1; WOW64; Trident/7.0; rv:11.0) like Gecko"
80.123.225.34 - - [06/Jul/2018:13:38:18 +0200] "GET /images/vista-dn.gif HTTP/1.1" 200 128 "http://renault.activities.at/result?searchterm=true&search=RGA001" "Mozilla/5.0 (Windows NT 6.1; WOW64; Trident/7.0; rv:11.0) like Gecko"
80.123.225.34 - - [06/Jul/2018:13:38:18 +0200] "GET /images/pager_bg.gif HTTP/1.1" 200 150 "http://renault.activities.at/result?searchterm=true&search=RGA001" "Mozilla/5.0 (Windows NT 6.1; WOW64; Trident/7.0; rv:11.0) like Gecko"
80.123.225.34 - - [06/Jul/2018:13:38:18 +0200] "GET /loadthumbnail.php?id=10203255 HTTP/1.1" 200 137 "http://renault.activities.at/result?searchterm=true&search=RGA001" "Mozilla/5.0 (Windows NT 6.1; WOW64; Trident/7.0; rv:11.0) like Gecko"
80.123.225.34 - - [06/Jul/2018:13:38:18 +0200] "GET /loadthumbnail.php?id=11431080&width=113 HTTP/1.1" 200 3991 "http://renault.activities.at/result?searchterm=true&search=RGA001" "Mozilla/5.0 (Windows NT 6.1; WOW64; Trident/7.0; rv:11.0) like Gecko"
212.152.246.135 - - [06/Jul/2018:13:38:18 +0200] "GET /reload?ser=1530877098364 HTTP/1.1" 200 28 "http://renault.activities.at/" "Mozilla/5.0 (Windows NT 6.1; WOW64; Trident/7.0; rv:11.0) like Gecko"
80.123.225.34 - - [06/Jul/2018:13:38:25 +0200] "GET /images/vista-up-hover.gif HTTP/1.1" 200 130 "http://renault.activities.at/result?searchterm=true&search=RGA001" "Mozilla/5.0 (Windows NT 6.1; WOW64; Trident/7.0; rv:11.0) like Gecko"
80.123.225.34 - - [06/Jul/2018:13:38:33 +0200] "GET /reload?ser=1530877122515 HTTP/1.1" 200 28 "http://renault.activities.at/account" "Mozilla/5.0 (Windows NT 6.1; Win64; x64; rv:60.0) Gecko/20100101 Firefox/60.0"
80.123.225.34 - - [06/Jul/2018:13:38:46 +0200] "POST /result?searchterm=true&search=RGA001 HTTP/1.1" 200 6013 "http://renault.activities.at/result?searchterm=true&search=RGA001" "Mozilla/5.0 (Windows NT 6.1; WOW64; Trident/7.0; rv:11.0) like Gecko"
80.123.225.34 - - [06/Jul/2018:13:38:49 +0200] "GET /images/success_msg_icon.gif HTTP/1.1" 200 1024 "http://renault.activities.at/result?searchterm=true&search=RGA001" "Mozilla/5.0 (Windows NT 6.1; WOW64; Trident/7.0; rv:11.0) like Gecko"
80.123.225.34 - - [06/Jul/2018:13:38:52 +0200] "GET /checkout HTTP/1.1" 200 10258 "http://renault.activities.at/result?searchterm=true&search=RGA001" "Mozilla/5.0 (Windows NT 6.1; WOW64; Trident/7.0; rv:11.0) like Gecko"
80.123.225.34 - - [06/Jul/2018:13:38:56 +0200] "GET /js/checkout2.js HTTP/1.1" 200 4122 "http://renault.activities.at/checkout" "Mozilla/5.0 (Windows NT 6.1; WOW64; Trident/7.0; rv:11.0) like Gecko"
80.123.225.34 - - [06/Jul/2018:13:38:56 +0200] "GET /images/ajax_loading.gif HTTP/1.1" 200 1542 "http://renault.activities.at/checkout" "Mozilla/5.0 (Windows NT 6.1; WOW64; Trident/7.0; rv:11.0) like Gecko"
80.123.225.34 - - [06/Jul/2018:13:38:56 +0200] "GET /images/checkout_border.gif HTTP/1.1" 200 43 "http://renault.activities.at/checkout" "Mozilla/5.0 (Windows NT 6.1; WOW64; Trident/7.0; rv:11.0) like Gecko"
80.123.225.34 - - [06/Jul/2018:13:38:56 +0200] "GET /images/checkout_border_top.gif HTTP/1.1" 200 156 "http://renault.activities.at/checkout" "Mozilla/5.0 (Windows NT 6.1; WOW64; Trident/7.0; rv:11.0) like Gecko"
80.123.225.34 - - [06/Jul/2018:13:38:56 +0200] "GET /images/step_bg.jpg HTTP/1.1" 200 319 "http://renault.activities.at/checkout" "Mozilla/5.0 (Windows NT 6.1; WOW64; Trident/7.0; rv:11.0) like Gecko"
80.123.225.34 - - [06/Jul/2018:13:38:56 +0200] "GET /images/step_marker.gif HTTP/1.1" 200 650 "http://renault.activities.at/checkout" "Mozilla/5.0 (Windows NT 6.1; WOW64; Trident/7.0; rv:11.0) like Gecko"
80.123.225.34 - - [06/Jul/2018:13:38:56 +0200] "GET /loadthumbnail.php?id=10202698 HTTP/1.1" 200 16686 "http://renault.activities.at/checkout" "Mozilla/5.0 (Windows NT 6.1; WOW64; Trident/7.0; rv:11.0) like Gecko"
80.123.225.34 - - [06/Jul/2018:13:38:56 +0200] "GET /loadthumbnail.php?id=10201939 HTTP/1.1" 200 201 "http://renault.activities.at/checkout" "Mozilla/5.0 (Windows NT 6.1; WOW64; Trident/7.0; rv:11.0) like Gecko"
80.123.225.34 - - [06/Jul/2018:13:38:58 +0200] "POST /docheckout HTTP/1.1" 200 452 "http://renault.activities.at/checkout" "Mozilla/5.0 (Windows NT 6.1; WOW64; Trident/7.0; rv:11.0) like Gecko"
80.123.225.34 - - [06/Jul/2018:13:39:02 +0200] "POST /docheckout HTTP/1.1" 200 568 "http://renault.activities.at/checkout" "Mozilla/5.0 (Windows NT 6.1; WOW64; Trident/7.0; rv:11.0) like Gecko"
80.123.225.34 - - [06/Jul/2018:13:39:03 +0200] "GET /images/error_msg_icon.gif HTTP/1.1" 200 1013 "http://renault.activities.at/checkout" "Mozilla/5.0 (Windows NT 6.1; WOW64; Trident/7.0; rv:11.0) like Gecko"
80.123.225.34 - - [06/Jul/2018:13:39:06 +0200] "POST /docheckout HTTP/1.1" 200 68 "http://renault.activities.at/checkout" "Mozilla/5.0 (Windows NT 6.1; WOW64; Trident/7.0; rv:11.0) like Gecko"
80.123.225.34 - - [06/Jul/2018:13:39:08 +0200] "GET /success HTTP/1.1" 200 3781 "http://renault.activities.at/checkout" "Mozilla/5.0 (Windows NT 6.1; WOW64; Trident/7.0; rv:11.0) like Gecko"
212.152.246.135 - - [06/Jul/2018:13:39:19 +0200] "GET /reload?ser=1530877159012 HTTP/1.1" 200 28 "http://renault.activities.at/" "Mozilla/5.0 (Windows NT 6.1; WOW64; Trident/7.0; rv:11.0) like Gecko"
80.123.225.34 - - [06/Jul/2018:13:39:34 +0200] "GET /reload?ser=1530877183449 HTTP/1.1" 200 28 "http://renault.activities.at/account" "Mozilla/5.0 (Windows NT 6.1; Win64; x64; rv:60.0) Gecko/20100101 Firefox/60.0"
80.123.225.34 - - [06/Jul/2018:13:40:10 +0200] "GET /reload?ser=1530877211881 HTTP/1.1" 200 28 "http://renault.activities.at/success" "Mozilla/5.0 (Windows NT 6.1; WOW64; Trident/7.0; rv:11.0) like Gecko"
212.152.246.135 - - [06/Jul/2018:13:40:19 +0200] "GET /reload?ser=1530877219679 HTTP/1.1" 200 28 "http://renault.activities.at/" "Mozilla/5.0 (Windows NT 6.1; WOW64; Trident/7.0; rv:11.0) like Gecko"
80.123.225.34 - - [06/Jul/2018:13:40:35 +0200] "GET /reload?ser=1530877244407 HTTP/1.1" 200 28 "http://renault.activities.at/account" "Mozilla/5.0 (Windows NT 6.1; Win64; x64; rv:60.0) Gecko/20100101 Firefox/60.0"
212.152.246.135 - - [06/Jul/2018:13:41:20 +0200] "GET /reload?ser=1530877280331 HTTP/1.1" 200 28 "http://renault.activities.at/" "Mozilla/5.0 (Windows NT 6.1; WOW64; Trident/7.0; rv:11.0) like Gecko"
80.123.225.34 - - [06/Jul/2018:13:41:36 +0200] "GET /reload?ser=1530877305366 HTTP/1.1" 200 28 "http://renault.activities.at/account" "Mozilla/5.0 (Windows NT 6.1; Win64; x64; rv:60.0) Gecko/20100101 Firefox/60.0"
212.152.246.135 - - [06/Jul/2018:13:42:21 +0200] "GET /reload?ser=1530877340989 HTTP/1.1" 200 28 "http://renault.activities.at/" "Mozilla/5.0 (Windows NT 6.1; WOW64; Trident/7.0; rv:11.0) like Gecko"
80.123.225.34 - - [06/Jul/2018:13:42:36 +0200] "GET /reload?ser=1530877366315 HTTP/1.1" 200 28 "http://renault.activities.at/account" "Mozilla/5.0 (Windows NT 6.1; Win64; x64; rv:60.0) Gecko/20100101 Firefox/60.0"
212.152.246.135 - - [06/Jul/2018:13:43:21 +0200] "GET /reload?ser=1530877401636 HTTP/1.1" 200 28 "http://renault.activities.at/" "Mozilla/5.0 (Windows NT 6.1; WOW64; Trident/7.0; rv:11.0) like Gecko"
80.123.225.34 - - [06/Jul/2018:13:43:37 +0200] "GET /reload?ser=1530877427281 HTTP/1.1" 200 28 "http://renault.activities.at/account" "Mozilla/5.0 (Windows NT 6.1; Win64; x64; rv:60.0) Gecko/20100101 Firefox/60.0"
212.152.246.135 - - [06/Jul/2018:13:44:22 +0200] "GET /reload?ser=1530877462281 HTTP/1.1" 200 28 "http://renault.activities.at/" "Mozilla/5.0 (Windows NT 6.1; WOW64; Trident/7.0; rv:11.0) like Gecko"
80.123.225.34 - - [06/Jul/2018:13:44:38 +0200] "GET /reload?ser=1530877488217 HTTP/1.1" 200 28 "http://renault.activities.at/account" "Mozilla/5.0 (Windows NT 6.1; Win64; x64; rv:60.0) Gecko/20100101 Firefox/60.0"
212.152.246.135 - - [06/Jul/2018:13:45:22 +0200] "GET /reload?ser=1530877522926 HTTP/1.1" 200 28 "http://renault.activities.at/" "Mozilla/5.0 (Windows NT 6.1; WOW64; Trident/7.0; rv:11.0) like Gecko"
80.123.225.34 - - [06/Jul/2018:13:45:39 +0200] "GET /reload?ser=1530877549171 HTTP/1.1" 200 28 "http://renault.activities.at/account" "Mozilla/5.0 (Windows NT 6.1; Win64; x64; rv:60.0) Gecko/20100101 Firefox/60.0"
212.152.246.135 - - [06/Jul/2018:13:46:23 +0200] "GET /reload?ser=1530877583573 HTTP/1.1" 200 28 "http://renault.activities.at/" "Mozilla/5.0 (Windows NT 6.1; WOW64; Trident/7.0; rv:11.0) like Gecko"
80.123.225.34 - - [06/Jul/2018:13:46:40 +0200] "GET /reload?ser=1530877610158 HTTP/1.1" 200 28 "http://renault.activities.at/account" "Mozilla/5.0 (Windows NT 6.1; Win64; x64; rv:60.0) Gecko/20100101 Firefox/60.0"
212.152.246.135 - - [06/Jul/2018:13:47:24 +0200] "GET /reload?ser=1530877644229 HTTP/1.1" 200 28 "http://renault.activities.at/" "Mozilla/5.0 (Windows NT 6.1; WOW64; Trident/7.0; rv:11.0) like Gecko"
80.123.225.34 - - [06/Jul/2018:13:47:41 +0200] "GET /reload?ser=1530877671126 HTTP/1.1" 200 28 "http://renault.activities.at/account" "Mozilla/5.0 (Windows NT 6.1; Win64; x64; rv:60.0) Gecko/20100101 Firefox/60.0"
212.152.246.135 - - [06/Jul/2018:13:48:24 +0200] "GET /reload?ser=1530877704874 HTTP/1.1" 200 28 "http://renault.activities.at/" "Mozilla/5.0 (Windows NT 6.1; WOW64; Trident/7.0; rv:11.0) like Gecko"
80.123.225.34 - - [06/Jul/2018:13:48:42 +0200] "GET /reload?ser=1530877732074 HTTP/1.1" 200 28 "http://renault.activities.at/account" "Mozilla/5.0 (Windows NT 6.1; Win64; x64; rv:60.0) Gecko/20100101 Firefox/60.0"
212.152.246.135 - - [06/Jul/2018:13:49:25 +0200] "GET /reload?ser=1530877765531 HTTP/1.1" 200 28 "http://renault.activities.at/" "Mozilla/5.0 (Windows NT 6.1; WOW64; Trident/7.0; rv:11.0) like Gecko"
80.123.225.34 - - [06/Jul/2018:13:49:43 +0200] "GET /reload?ser=1530877793035 HTTP/1.1" 200 28 "http://renault.activities.at/account" "Mozilla/5.0 (Windows NT 6.1; Win64; x64; rv:60.0) Gecko/20100101 Firefox/60.0"
212.152.246.135 - - [06/Jul/2018:13:50:26 +0200] "GET /reload?ser=1530877826178 HTTP/1.1" 200 28 "http://renault.activities.at/" "Mozilla/5.0 (Windows NT 6.1; WOW64; Trident/7.0; rv:11.0) like Gecko"
80.123.225.34 - - [06/Jul/2018:13:50:44 +0200] "GET /reload?ser=1530877854013 HTTP/1.1" 200 28 "http://renault.activities.at/account" "Mozilla/5.0 (Windows NT 6.1; Win64; x64; rv:60.0) Gecko/20100101 Firefox/60.0"
212.152.246.135 - - [06/Jul/2018:13:51:26 +0200] "GET /reload?ser=1530877886861 HTTP/1.1" 200 28 "http://renault.activities.at/" "Mozilla/5.0 (Windows NT 6.1; WOW64; Trident/7.0; rv:11.0) like Gecko"
80.123.225.34 - - [06/Jul/2018:13:51:45 +0200] "GET /reload?ser=1530877914986 HTTP/1.1" 200 28 "http://renault.activities.at/account" "Mozilla/5.0 (Windows NT 6.1; Win64; x64; rv:60.0) Gecko/20100101 Firefox/60.0"
212.152.246.135 - - [06/Jul/2018:13:52:27 +0200] "GET /reload?ser=1530877947506 HTTP/1.1" 200 28 "http://renault.activities.at/" "Mozilla/5.0 (Windows NT 6.1; WOW64; Trident/7.0; rv:11.0) like Gecko"
80.123.225.34 - - [06/Jul/2018:13:52:46 +0200] "GET /reload?ser=1530877975899 HTTP/1.1" 200 28 "http://renault.activities.at/account" "Mozilla/5.0 (Windows NT 6.1; Win64; x64; rv:60.0) Gecko/20100101 Firefox/60.0"
212.152.246.135 - - [06/Jul/2018:13:53:28 +0200] "GET /reload?ser=1530878008161 HTTP/1.1" 200 28 "http://renault.activities.at/" "Mozilla/5.0 (Windows NT 6.1; WOW64; Trident/7.0; rv:11.0) like Gecko"
80.123.225.34 - - [06/Jul/2018:13:53:47 +0200] "GET /reload?ser=1530878036883 HTTP/1.1" 200 28 "http://renault.activities.at/account" "Mozilla/5.0 (Windows NT 6.1; Win64; x64; rv:60.0) Gecko/20100101 Firefox/60.0"
212.152.246.135 - - [06/Jul/2018:13:54:28 +0200] "GET /reload?ser=1530878068806 HTTP/1.1" 200 28 "http://renault.activities.at/" "Mozilla/5.0 (Windows NT 6.1; WOW64; Trident/7.0; rv:11.0) like Gecko"
80.123.225.34 - - [06/Jul/2018:13:54:48 +0200] "GET /reload?ser=1530878097796 HTTP/1.1" 200 28 "http://renault.activities.at/account" "Mozilla/5.0 (Windows NT 6.1; Win64; x64; rv:60.0) Gecko/20100101 Firefox/60.0"
212.152.246.135 - - [06/Jul/2018:13:55:29 +0200] "GET /reload?ser=1530878129463 HTTP/1.1" 200 28 "http://renault.activities.at/" "Mozilla/5.0 (Windows NT 6.1; WOW64; Trident/7.0; rv:11.0) like Gecko"
80.123.225.34 - - [06/Jul/2018:13:55:49 +0200] "GET /reload?ser=1530878158785 HTTP/1.1" 200 28 "http://renault.activities.at/account" "Mozilla/5.0 (Windows NT 6.1; Win64; x64; rv:60.0) Gecko/20100101 Firefox/60.0"
212.152.246.135 - - [06/Jul/2018:13:56:30 +0200] "GET /reload?ser=1530878190118 HTTP/1.1" 200 28 "http://renault.activities.at/" "Mozilla/5.0 (Windows NT 6.1; WOW64; Trident/7.0; rv:11.0) like Gecko"
80.123.225.34 - - [06/Jul/2018:13:56:50 +0200] "GET /reload?ser=1530878219740 HTTP/1.1" 200 28 "http://renault.activities.at/account" "Mozilla/5.0 (Windows NT 6.1; Win64; x64; rv:60.0) Gecko/20100101 Firefox/60.0"
212.152.246.135 - - [06/Jul/2018:13:57:30 +0200] "GET /reload?ser=1530878250775 HTTP/1.1" 200 28 "http://renault.activities.at/" "Mozilla/5.0 (Windows NT 6.1; WOW64; Trident/7.0; rv:11.0) like Gecko"
80.123.225.34 - - [06/Jul/2018:13:57:51 +0200] "GET /reload?ser=1530878280655 HTTP/1.1" 200 28 "http://renault.activities.at/account" "Mozilla/5.0 (Windows NT 6.1; Win64; x64; rv:60.0) Gecko/20100101 Firefox/60.0"
212.152.246.135 - - [06/Jul/2018:13:58:31 +0200] "GET /reload?ser=1530878311420 HTTP/1.1" 200 28 "http://renault.activities.at/" "Mozilla/5.0 (Windows NT 6.1; WOW64; Trident/7.0; rv:11.0) like Gecko"
80.123.225.34 - - [06/Jul/2018:13:58:52 +0200] "GET /reload?ser=1530878341619 HTTP/1.1" 200 28 "http://renault.activities.at/account" "Mozilla/5.0 (Windows NT 6.1; Win64; x64; rv:60.0) Gecko/20100101 Firefox/60.0"
212.152.246.135 - - [06/Jul/2018:13:59:32 +0200] "GET /reload?ser=1530878372088 HTTP/1.1" 200 28 "http://renault.activities.at/" "Mozilla/5.0 (Windows NT 6.1; WOW64; Trident/7.0; rv:11.0) like Gecko"
80.123.225.34 - - [06/Jul/2018:13:59:53 +0200] "GET /reload?ser=1530878402596 HTTP/1.1" 200 28 "http://renault.activities.at/account" "Mozilla/5.0 (Windows NT 6.1; Win64; x64; rv:60.0) Gecko/20100101 Firefox/60.0"
212.152.246.135 - - [06/Jul/2018:14:00:32 +0200] "GET /reload?ser=1530878432743 HTTP/1.1" 200 28 "http://renault.activities.at/" "Mozilla/5.0 (Windows NT 6.1; WOW64; Trident/7.0; rv:11.0) like Gecko"
80.123.225.34 - - [06/Jul/2018:14:00:54 +0200] "GET /reload?ser=1530878463614 HTTP/1.1" 200 28 "http://renault.activities.at/account" "Mozilla/5.0 (Windows NT 6.1; Win64; x64; rv:60.0) Gecko/20100101 Firefox/60.0"
212.152.246.135 - - [06/Jul/2018:14:01:33 +0200] "GET /reload?ser=1530878493397 HTTP/1.1" 200 28 "http://renault.activities.at/" "Mozilla/5.0 (Windows NT 6.1; WOW64; Trident/7.0; rv:11.0) like Gecko"
80.123.225.34 - - [06/Jul/2018:14:01:55 +0200] "GET /reload?ser=1530878524612 HTTP/1.1" 200 28 "http://renault.activities.at/account" "Mozilla/5.0 (Windows NT 6.1; Win64; x64; rv:60.0) Gecko/20100101 Firefox/60.0"
212.152.246.135 - - [06/Jul/2018:14:02:34 +0200] "GET /reload?ser=1530878554048 HTTP/1.1" 200 28 "http://renault.activities.at/" "Mozilla/5.0 (Windows NT 6.1; WOW64; Trident/7.0; rv:11.0) like Gecko"
80.123.225.34 - - [06/Jul/2018:14:02:56 +0200] "GET /reload?ser=1530878585587 HTTP/1.1" 200 28 "http://renault.activities.at/account" "Mozilla/5.0 (Windows NT 6.1; Win64; x64; rv:60.0) Gecko/20100101 Firefox/60.0"
212.152.246.135 - - [06/Jul/2018:14:03:34 +0200] "GET /reload?ser=1530878614711 HTTP/1.1" 200 28 "http://renault.activities.at/" "Mozilla/5.0 (Windows NT 6.1; WOW64; Trident/7.0; rv:11.0) like Gecko"
80.123.225.34 - - [06/Jul/2018:14:03:57 +0200] "GET /reload?ser=1530878646498 HTTP/1.1" 200 28 "http://renault.activities.at/account" "Mozilla/5.0 (Windows NT 6.1; Win64; x64; rv:60.0) Gecko/20100101 Firefox/60.0"
80.120.5.131 - - [06/Jul/2018:14:04:12 +0200] "GET /10201637 HTTP/1.1" 302 150 "-" "Mozilla/5.0 (Macintosh; Intel Mac OS X 10_13_5) AppleWebKit/605.1.15 (KHTML, like Gecko)"
80.120.5.131 - - [06/Jul/2018:14:04:14 +0200] "GET /login?required=true HTTP/1.1" 200 2086 "-" "Mozilla/5.0 (Macintosh; Intel Mac OS X 10_13_5) AppleWebKit/605.1.15 (KHTML, like Gecko)"
80.120.5.131 - - [06/Jul/2018:14:04:15 +0200] "GET /apple-touch-icon-precomposed.png HTTP/1.1" 200 1559 "-" "Safari/13605.2.8 CFNetwork/901.1 Darwin/17.6.0 (x86_64)"
80.120.5.131 - - [06/Jul/2018:14:04:16 +0200] "GET /apple-touch-icon.png HTTP/1.1" 200 1559 "-" "Safari/13605.2.8 CFNetwork/901.1 Darwin/17.6.0 (x86_64)"
80.120.5.131 - - [06/Jul/2018:14:04:17 +0200] "GET /images/favicon.ico HTTP/1.1" 404 305 "-" "Safari/13605.2.8 CFNetwork/901.1 Darwin/17.6.0 (x86_64)"
80.120.5.131 - - [06/Jul/2018:14:04:17 +0200] "GET /images/favicon.ico HTTP/1.1" 404 305 "-" "Safari/13605.2.8 CFNetwork/901.1 Darwin/17.6.0 (x86_64)"
80.120.5.131 - - [06/Jul/2018:14:04:17 +0200] "GET /favicon.ico HTTP/1.1" 200 3250 "-" "Safari/13605.2.8 CFNetwork/901.1 Darwin/17.6.0 (x86_64)"
80.120.5.131 - - [06/Jul/2018:14:04:17 +0200] "GET /apple-touch-icon-precomposed.png HTTP/1.1" 200 1559 "-" "Safari/13605.2.8 CFNetwork/901.1 Darwin/17.6.0 (x86_64)"
80.120.5.131 - - [06/Jul/2018:14:04:18 +0200] "GET /apple-touch-icon.png HTTP/1.1" 200 1559 "-" "Safari/13605.2.8 CFNetwork/901.1 Darwin/17.6.0 (x86_64)"
80.120.5.131 - - [06/Jul/2018:14:04:19 +0200] "GET /images/favicon.ico HTTP/1.1" 404 305 "-" "Safari/13605.2.8 CFNetwork/901.1 Darwin/17.6.0 (x86_64)"
80.120.5.131 - - [06/Jul/2018:14:04:19 +0200] "GET /images/favicon.ico HTTP/1.1" 404 305 "-" "Safari/13605.2.8 CFNetwork/901.1 Darwin/17.6.0 (x86_64)"
80.120.5.131 - - [06/Jul/2018:14:04:20 +0200] "GET /favicon.ico HTTP/1.1" 200 3250 "-" "Safari/13605.2.8 CFNetwork/901.1 Darwin/17.6.0 (x86_64)"
80.120.5.131 - - [06/Jul/2018:14:04:20 +0200] "GET /10201637 HTTP/1.1" 302 150 "-" "\"Mozilla/5.0 (iPhone; CPU iPhone OS 11_0 like Mac OS X) AppleWebKit/604.1.38 (KHTML, like Gecko) Version/11.0 Mobile/15A372 Safari/604.1\""
80.120.5.131 - - [06/Jul/2018:14:04:20 +0200] "GET /login?required=true HTTP/1.1" 200 2086 "-" "\"Mozilla/5.0 (iPhone; CPU iPhone OS 11_0 like Mac OS X) AppleWebKit/604.1.38 (KHTML, like Gecko) Version/11.0 Mobile/15A372 Safari/604.1\""
80.120.5.131 - - [06/Jul/2018:14:04:21 +0200] "GET /apple-touch-icon-precomposed.png HTTP/1.1" 200 1559 "-" "Safari/13605.2.8 CFNetwork/901.1 Darwin/17.6.0 (x86_64)"
80.120.5.131 - - [06/Jul/2018:14:04:22 +0200] "GET /apple-touch-icon.png HTTP/1.1" 200 1559 "-" "Safari/13605.2.8 CFNetwork/901.1 Darwin/17.6.0 (x86_64)"
80.120.5.131 - - [06/Jul/2018:14:04:23 +0200] "GET /images/favicon.ico HTTP/1.1" 404 305 "-" "Safari/13605.2.8 CFNetwork/901.1 Darwin/17.6.0 (x86_64)"
80.120.5.131 - - [06/Jul/2018:14:04:23 +0200] "GET /images/favicon.ico HTTP/1.1" 404 305 "-" "Safari/13605.2.8 CFNetwork/901.1 Darwin/17.6.0 (x86_64)"
80.120.5.131 - - [06/Jul/2018:14:04:23 +0200] "GET /favicon.ico HTTP/1.1" 200 3250 "-" "Safari/13605.2.8 CFNetwork/901.1 Darwin/17.6.0 (x86_64)"
80.120.5.131 - - [06/Jul/2018:14:04:23 +0200] "GET /apple-touch-icon-precomposed.png HTTP/1.1" 200 1559 "-" "Safari/13605.2.8 CFNetwork/901.1 Darwin/17.6.0 (x86_64)"
80.120.5.131 - - [06/Jul/2018:14:04:24 +0200] "GET /apple-touch-icon.png HTTP/1.1" 200 1559 "-" "Safari/13605.2.8 CFNetwork/901.1 Darwin/17.6.0 (x86_64)"
80.120.5.131 - - [06/Jul/2018:14:04:25 +0200] "GET /images/favicon.ico HTTP/1.1" 404 305 "-" "Safari/13605.2.8 CFNetwork/901.1 Darwin/17.6.0 (x86_64)"
80.120.5.131 - - [06/Jul/2018:14:04:25 +0200] "GET /images/favicon.ico HTTP/1.1" 404 305 "-" "Safari/13605.2.8 CFNetwork/901.1 Darwin/17.6.0 (x86_64)"
80.120.5.131 - - [06/Jul/2018:14:04:25 +0200] "GET /favicon.ico HTTP/1.1" 200 3250 "-" "Safari/13605.2.8 CFNetwork/901.1 Darwin/17.6.0 (x86_64)"
212.152.246.135 - - [06/Jul/2018:14:04:35 +0200] "GET /reload?ser=1530878675357 HTTP/1.1" 200 28 "http://renault.activities.at/" "Mozilla/5.0 (Windows NT 6.1; WOW64; Trident/7.0; rv:11.0) like Gecko"
80.123.225.34 - - [06/Jul/2018:14:04:58 +0200] "GET /reload?ser=1530878707464 HTTP/1.1" 200 28 "http://renault.activities.at/account" "Mozilla/5.0 (Windows NT 6.1; Win64; x64; rv:60.0) Gecko/20100101 Firefox/60.0"
212.152.246.135 - - [06/Jul/2018:14:05:36 +0200] "GET /reload?ser=1530878736254 HTTP/1.1" 200 28 "http://renault.activities.at/" "Mozilla/5.0 (Windows NT 6.1; WOW64; Trident/7.0; rv:11.0) like Gecko"
80.123.225.34 - - [06/Jul/2018:14:05:59 +0200] "GET /reload?ser=1530878768386 HTTP/1.1" 200 28 "http://renault.activities.at/account" "Mozilla/5.0 (Windows NT 6.1; Win64; x64; rv:60.0) Gecko/20100101 Firefox/60.0"
212.152.246.135 - - [06/Jul/2018:14:06:37 +0200] "GET /reload?ser=1530878797037 HTTP/1.1" 200 28 "http://renault.activities.at/" "Mozilla/5.0 (Windows NT 6.1; WOW64; Trident/7.0; rv:11.0) like Gecko"
80.123.225.34 - - [06/Jul/2018:14:07:00 +0200] "GET /reload?ser=1530878829309 HTTP/1.1" 200 28 "http://renault.activities.at/account" "Mozilla/5.0 (Windows NT 6.1; Win64; x64; rv:60.0) Gecko/20100101 Firefox/60.0"
212.152.246.135 - - [06/Jul/2018:14:07:38 +0200] "GET /reload?ser=1530878857852 HTTP/1.1" 200 28 "http://renault.activities.at/" "Mozilla/5.0 (Windows NT 6.1; WOW64; Trident/7.0; rv:11.0) like Gecko"
80.123.225.34 - - [06/Jul/2018:14:08:00 +0200] "GET /reload?ser=1530878890259 HTTP/1.1" 200 28 "http://renault.activities.at/account" "Mozilla/5.0 (Windows NT 6.1; Win64; x64; rv:60.0) Gecko/20100101 Firefox/60.0"
212.152.246.135 - - [06/Jul/2018:14:08:38 +0200] "GET /reload?ser=1530878918649 HTTP/1.1" 200 28 "http://renault.activities.at/" "Mozilla/5.0 (Windows NT 6.1; WOW64; Trident/7.0; rv:11.0) like Gecko"
80.123.225.34 - - [06/Jul/2018:14:09:01 +0200] "GET /reload?ser=1530878951185 HTTP/1.1" 200 28 "http://renault.activities.at/account" "Mozilla/5.0 (Windows NT 6.1; Win64; x64; rv:60.0) Gecko/20100101 Firefox/60.0"
212.152.246.135 - - [06/Jul/2018:14:09:39 +0200] "GET /reload?ser=1530878979315 HTTP/1.1" 200 28 "http://renault.activities.at/" "Mozilla/5.0 (Windows NT 6.1; WOW64; Trident/7.0; rv:11.0) like Gecko"
80.123.225.34 - - [06/Jul/2018:14:10:02 +0200] "GET /reload?ser=1530879012148 HTTP/1.1" 200 28 "http://renault.activities.at/account" "Mozilla/5.0 (Windows NT 6.1; Win64; x64; rv:60.0) Gecko/20100101 Firefox/60.0"
80.123.225.34 - - [06/Jul/2018:14:10:35 +0200] "POST /axjaxrequest?mode=suggest HTTP/1.1" 200 1144 "http://renault.activities.at/account" "Mozilla/5.0 (Windows NT 6.1; Win64; x64; rv:60.0) Gecko/20100101 Firefox/60.0"
212.152.246.135 - - [06/Jul/2018:14:10:40 +0200] "GET /reload?ser=1530879039982 HTTP/1.1" 200 28 "http://renault.activities.at/" "Mozilla/5.0 (Windows NT 6.1; WOW64; Trident/7.0; rv:11.0) like Gecko"
80.123.225.34 - - [06/Jul/2018:14:10:40 +0200] "POST /axjaxrequest?mode=suggest HTTP/1.1" 200 256 "http://renault.activities.at/account" "Mozilla/5.0 (Windows NT 6.1; Win64; x64; rv:60.0) Gecko/20100101 Firefox/60.0"
80.123.225.34 - - [06/Jul/2018:14:10:42 +0200] "GET /result?searchterm=true&search=reh5314 HTTP/1.1" 200 5854 "http://renault.activities.at/account" "Mozilla/5.0 (Windows NT 6.1; Win64; x64; rv:60.0) Gecko/20100101 Firefox/60.0"
80.123.225.34 - - [06/Jul/2018:14:10:44 +0200] "GET /js/prototip.js HTTP/1.1" 200 4588 "http://renault.activities.at/result?searchterm=true&search=reh5314" "Mozilla/5.0 (Windows NT 6.1; Win64; x64; rv:60.0) Gecko/20100101 Firefox/60.0"
80.123.225.34 - - [06/Jul/2018:14:10:44 +0200] "GET /js/ProduktGrp.js HTTP/1.1" 200 1569 "http://renault.activities.at/result?searchterm=true&search=reh5314" "Mozilla/5.0 (Windows NT 6.1; Win64; x64; rv:60.0) Gecko/20100101 Firefox/60.0"
80.123.225.34 - - [06/Jul/2018:14:10:44 +0200] "GET /images/loading.gif HTTP/1.1" 200 3208 "http://renault.activities.at/result?searchterm=true&search=reh5314" "Mozilla/5.0 (Windows NT 6.1; Win64; x64; rv:60.0) Gecko/20100101 Firefox/60.0"
80.123.225.34 - - [06/Jul/2018:14:10:44 +0200] "GET /images/pager_bg.gif HTTP/1.1" 200 150 "http://renault.activities.at/css/styles.css" "Mozilla/5.0 (Windows NT 6.1; Win64; x64; rv:60.0) Gecko/20100101 Firefox/60.0"
80.123.225.34 - - [06/Jul/2018:14:10:44 +0200] "GET /images/vista-up.gif HTTP/1.1" 200 131 "http://renault.activities.at/css/styles.css" "Mozilla/5.0 (Windows NT 6.1; Win64; x64; rv:60.0) Gecko/20100101 Firefox/60.0"
80.123.225.34 - - [06/Jul/2018:14:10:44 +0200] "GET /images/vista-dn.gif HTTP/1.1" 200 128 "http://renault.activities.at/css/styles.css" "Mozilla/5.0 (Windows NT 6.1; Win64; x64; rv:60.0) Gecko/20100101 Firefox/60.0"
80.123.225.34 - - [06/Jul/2018:14:10:44 +0200] "GET /loadthumbnail.php?id=10203255 HTTP/1.1" 200 137 "http://renault.activities.at/result?searchterm=true&search=reh5314" "Mozilla/5.0 (Windows NT 6.1; Win64; x64; rv:60.0) Gecko/20100101 Firefox/60.0"
80.123.225.34 - - [06/Jul/2018:14:10:44 +0200] "GET /loadthumbnail.php?id=11734866&width=113 HTTP/1.1" 200 19212 "http://renault.activities.at/result?searchterm=true&search=reh5314" "Mozilla/5.0 (Windows NT 6.1; Win64; x64; rv:60.0) Gecko/20100101 Firefox/60.0"
80.123.225.34 - - [06/Jul/2018:14:10:42 +0200] "POST /axjaxrequest?mode=suggest HTTP/1.1" 200 112 "http://renault.activities.at/account" "Mozilla/5.0 (Windows NT 6.1; Win64; x64; rv:60.0) Gecko/20100101 Firefox/60.0"
212.152.246.135 - - [06/Jul/2018:14:11:40 +0200] "GET /reload?ser=1530879100817 HTTP/1.1" 200 28 "http://renault.activities.at/" "Mozilla/5.0 (Windows NT 6.1; WOW64; Trident/7.0; rv:11.0) like Gecko"
80.123.225.34 - - [06/Jul/2018:14:11:44 +0200] "GET /reload?ser=1530879113732 HTTP/1.1" 200 28 "http://renault.activities.at/result?searchterm=true&search=reh5314" "Mozilla/5.0 (Windows NT 6.1; Win64; x64; rv:60.0) Gecko/20100101 Firefox/60.0"
212.152.246.135 - - [06/Jul/2018:14:12:41 +0200] "GET /reload?ser=1530879161463 HTTP/1.1" 200 28 "http://renault.activities.at/" "Mozilla/5.0 (Windows NT 6.1; WOW64; Trident/7.0; rv:11.0) like Gecko"
80.123.225.34 - - [06/Jul/2018:14:12:45 +0200] "GET /reload?ser=1530879174705 HTTP/1.1" 200 28 "http://renault.activities.at/result?searchterm=true&search=reh5314" "Mozilla/5.0 (Windows NT 6.1; Win64; x64; rv:60.0) Gecko/20100101 Firefox/60.0"
212.152.246.135 - - [06/Jul/2018:14:13:42 +0200] "GET /reload?ser=1530879222129 HTTP/1.1" 200 28 "http://renault.activities.at/" "Mozilla/5.0 (Windows NT 6.1; WOW64; Trident/7.0; rv:11.0) like Gecko"
80.123.225.34 - - [06/Jul/2018:14:13:46 +0200] "GET /reload?ser=1530879235712 HTTP/1.1" 200 28 "http://renault.activities.at/result?searchterm=true&search=reh5314" "Mozilla/5.0 (Windows NT 6.1; Win64; x64; rv:60.0) Gecko/20100101 Firefox/60.0"
212.152.246.135 - - [06/Jul/2018:14:14:42 +0200] "GET /reload?ser=1530879282785 HTTP/1.1" 200 28 "http://renault.activities.at/" "Mozilla/5.0 (Windows NT 6.1; WOW64; Trident/7.0; rv:11.0) like Gecko"
80.123.225.34 - - [06/Jul/2018:14:14:47 +0200] "GET /reload?ser=1530879296656 HTTP/1.1" 200 28 "http://renault.activities.at/result?searchterm=true&search=reh5314" "Mozilla/5.0 (Windows NT 6.1; Win64; x64; rv:60.0) Gecko/20100101 Firefox/60.0"
188.166.98.249 - - [06/Jul/2018:14:15:21 +0200] "HEAD /login HTTP/1.1" 501 - "-" "Mozilla/5.0 (Windows NT 6.1) AppleWebKit/537.36 (KHTML, like Gecko) Chrome/41.0.2228.0 Safari/537.36"
188.166.98.249 - - [06/Jul/2018:14:15:21 +0200] "GET /login HTTP/1.1" 200 2086 "-" "Mozilla/5.0 (Windows NT 6.1) AppleWebKit/537.36 (KHTML, like Gecko) Chrome/41.0.2228.0 Safari/537.36"
188.166.98.249 - - [06/Jul/2018:14:15:22 +0200] "GET /login HTTP/1.1" 200 2086 "-" "Mozilla/5.0 (Windows NT 6.1) AppleWebKit/537.36 (KHTML, like Gecko) Chrome/41.0.2228.0 Safari/537.36"
188.166.98.249 - - [06/Jul/2018:14:15:23 +0200] "HEAD /login HTTP/1.1" 501 - "-" "Mozilla/5.0 (Windows NT 6.1) AppleWebKit/537.36 (KHTML, like Gecko) Chrome/41.0.2228.0 Safari/537.36"
188.166.98.249 - - [06/Jul/2018:14:15:25 +0200] "GET /login HTTP/1.1" 200 2086 "-" "Mozilla/5.0 (Windows NT 6.1) AppleWebKit/537.36 (KHTML, like Gecko) Chrome/41.0.2228.0 Safari/537.36"
188.166.98.249 - - [06/Jul/2018:14:15:25 +0200] "GET / HTTP/1.1" 200 3710 "-" "Mozilla/5.0 (Windows NT 6.1) AppleWebKit/537.36 (KHTML, like Gecko) Chrome/41.0.2228.0 Safari/537.36"
188.166.98.249 - - [06/Jul/2018:14:15:26 +0200] "HEAD /login HTTP/1.1" 501 - "-" "Mozilla/5.0 (Windows NT 6.1) AppleWebKit/537.36 (KHTML, like Gecko) Chrome/41.0.2228.0 Safari/537.36"
188.166.98.249 - - [06/Jul/2018:14:15:27 +0200] "GET /login HTTP/1.1" 200 2086 "-" "Mozilla/5.0 (Windows NT 6.1) AppleWebKit/537.36 (KHTML, like Gecko) Chrome/41.0.2228.0 Safari/537.36"
212.152.246.135 - - [06/Jul/2018:14:15:43 +0200] "GET /reload?ser=1530879343432 HTTP/1.1" 200 28 "http://renault.activities.at/" "Mozilla/5.0 (Windows NT 6.1; WOW64; Trident/7.0; rv:11.0) like Gecko"
80.123.225.34 - - [06/Jul/2018:14:15:48 +0200] "GET /reload?ser=1530879357637 HTTP/1.1" 200 28 "http://renault.activities.at/result?searchterm=true&search=reh5314" "Mozilla/5.0 (Windows NT 6.1; Win64; x64; rv:60.0) Gecko/20100101 Firefox/60.0"
212.152.246.135 - - [06/Jul/2018:14:16:44 +0200] "GET /reload?ser=1530879404087 HTTP/1.1" 200 28 "http://renault.activities.at/" "Mozilla/5.0 (Windows NT 6.1; WOW64; Trident/7.0; rv:11.0) like Gecko"
80.123.225.34 - - [06/Jul/2018:14:16:49 +0200] "GET /reload?ser=1530879418602 HTTP/1.1" 200 28 "http://renault.activities.at/result?searchterm=true&search=reh5314" "Mozilla/5.0 (Windows NT 6.1; Win64; x64; rv:60.0) Gecko/20100101 Firefox/60.0"
212.152.246.135 - - [06/Jul/2018:14:17:44 +0200] "GET /reload?ser=1530879464731 HTTP/1.1" 200 28 "http://renault.activities.at/" "Mozilla/5.0 (Windows NT 6.1; WOW64; Trident/7.0; rv:11.0) like Gecko"
80.123.225.34 - - [06/Jul/2018:14:17:50 +0200] "GET /reload?ser=1530879479603 HTTP/1.1" 200 28 "http://renault.activities.at/result?searchterm=true&search=reh5314" "Mozilla/5.0 (Windows NT 6.1; Win64; x64; rv:60.0) Gecko/20100101 Firefox/60.0"
212.152.246.135 - - [06/Jul/2018:14:18:45 +0200] "GET /reload?ser=1530879525378 HTTP/1.1" 200 28 "http://renault.activities.at/" "Mozilla/5.0 (Windows NT 6.1; WOW64; Trident/7.0; rv:11.0) like Gecko"
80.123.225.34 - - [06/Jul/2018:14:18:51 +0200] "GET /reload?ser=1530879540597 HTTP/1.1" 200 28 "http://renault.activities.at/result?searchterm=true&search=reh5314" "Mozilla/5.0 (Windows NT 6.1; Win64; x64; rv:60.0) Gecko/20100101 Firefox/60.0"
212.152.246.128 - - [06/Jul/2018:14:19:38 +0200] "GET / HTTP/1.1" 200 3710 "-" "Mozilla/5.0 (Windows NT 10.0; WOW64; Trident/7.0; rv:11.0) like Gecko"
212.152.246.128 - - [06/Jul/2018:14:19:39 +0200] "GET /js/default.js HTTP/1.1" 200 14698 "http://renault.activities.at/" "Mozilla/5.0 (Windows NT 10.0; WOW64; Trident/7.0; rv:11.0) like Gecko"
212.152.246.128 - - [06/Jul/2018:14:19:39 +0200] "GET /js/flashdetection.js HTTP/1.1" 200 1059 "http://renault.activities.at/" "Mozilla/5.0 (Windows NT 10.0; WOW64; Trident/7.0; rv:11.0) like Gecko"
212.152.246.128 - - [06/Jul/2018:14:19:39 +0200] "GET /css/reset.css HTTP/1.1" 200 1356 "http://renault.activities.at/" "Mozilla/5.0 (Windows NT 10.0; WOW64; Trident/7.0; rv:11.0) like Gecko"
212.152.246.128 - - [06/Jul/2018:14:19:39 +0200] "GET /css/clears.css HTTP/1.1" 200 851 "http://renault.activities.at/" "Mozilla/5.0 (Windows NT 10.0; WOW64; Trident/7.0; rv:11.0) like Gecko"
212.152.246.128 - - [06/Jul/2018:14:19:39 +0200] "GET /css/styles.css HTTP/1.1" 200 14664 "http://renault.activities.at/" "Mozilla/5.0 (Windows NT 10.0; WOW64; Trident/7.0; rv:11.0) like Gecko"
212.152.246.128 - - [06/Jul/2018:14:19:39 +0200] "GET /css/print.css HTTP/1.1" 200 543 "http://renault.activities.at/" "Mozilla/5.0 (Windows NT 10.0; WOW64; Trident/7.0; rv:11.0) like Gecko"
212.152.246.128 - - [06/Jul/2018:14:19:39 +0200] "GET /js/checkout.css HTTP/1.1" 200 359 "http://renault.activities.at/" "Mozilla/5.0 (Windows NT 10.0; WOW64; Trident/7.0; rv:11.0) like Gecko"
212.152.246.128 - - [06/Jul/2018:14:19:39 +0200] "GET /css/prototip.css HTTP/1.1" 200 968 "http://renault.activities.at/" "Mozilla/5.0 (Windows NT 10.0; WOW64; Trident/7.0; rv:11.0) like Gecko"
212.152.246.128 - - [06/Jul/2018:14:19:39 +0200] "GET /css/themes/default.css HTTP/1.1" 200 769 "http://renault.activities.at/" "Mozilla/5.0 (Windows NT 10.0; WOW64; Trident/7.0; rv:11.0) like Gecko"
212.152.246.128 - - [06/Jul/2018:14:19:39 +0200] "GET /css/themes/alphacube.css HTTP/1.1" 200 743 "http://renault.activities.at/" "Mozilla/5.0 (Windows NT 10.0; WOW64; Trident/7.0; rv:11.0) like Gecko"
212.152.246.128 - - [06/Jul/2018:14:19:39 +0200] "GET /js/index.php?c=auto&f=,prototype/prototype.js,prototype/validation.js,scriptaculous/builder.js,scriptaculous/effects.js,scriptaculous/dragdrop.js,scriptaculous/controls.js,scriptaculous/slider.js,varien/js.js,varien/form.js,varien/menu.js,mage/translate.js,mage/cookies.js,varien/product.js,spinner/SpinnerControl.jsmin.js,prototype/window.js,prototype/window_ext.js HTTP/1.1" 200 94182 "http://renault.activities.at/" "Mozilla/5.0 (Windows NT 10.0; WOW64; Trident/7.0; rv:11.0) like Gecko"
212.152.246.128 - - [06/Jul/2018:14:19:39 +0200] "GET /images/main_block_border.gif HTTP/1.1" 200 43 "http://renault.activities.at/" "Mozilla/5.0 (Windows NT 10.0; WOW64; Trident/7.0; rv:11.0) like Gecko"
212.152.246.128 - - [06/Jul/2018:14:19:39 +0200] "GET /images/main_block_corner_left_bot.gif HTTP/1.1" 200 159 "http://renault.activities.at/" "Mozilla/5.0 (Windows NT 10.0; WOW64; Trident/7.0; rv:11.0) like Gecko"
212.152.246.128 - - [06/Jul/2018:14:19:39 +0200] "GET /images/header_block_border.gif HTTP/1.1" 200 43 "http://renault.activities.at/" "Mozilla/5.0 (Windows NT 10.0; WOW64; Trident/7.0; rv:11.0) like Gecko"
212.152.246.128 - - [06/Jul/2018:14:19:39 +0200] "GET /images/main_block_corner_right_bot.gif HTTP/1.1" 200 158 "http://renault.activities.at/" "Mozilla/5.0 (Windows NT 10.0; WOW64; Trident/7.0; rv:11.0) like Gecko"
212.152.246.128 - - [06/Jul/2018:14:19:39 +0200] "GET /images/header_block_corner_left_top.gif HTTP/1.1" 200 160 "http://renault.activities.at/" "Mozilla/5.0 (Windows NT 10.0; WOW64; Trident/7.0; rv:11.0) like Gecko"
212.152.246.128 - - [06/Jul/2018:14:19:39 +0200] "GET /images/header_block_corner_right_top.gif HTTP/1.1" 200 160 "http://renault.activities.at/" "Mozilla/5.0 (Windows NT 10.0; WOW64; Trident/7.0; rv:11.0) like Gecko"
212.152.246.128 - - [06/Jul/2018:14:19:39 +0200] "GET /images/main_block_corner_left_top.gif HTTP/1.1" 200 159 "http://renault.activities.at/" "Mozilla/5.0 (Windows NT 10.0; WOW64; Trident/7.0; rv:11.0) like Gecko"
212.152.246.128 - - [06/Jul/2018:14:19:39 +0200] "GET /images/favicon.ico HTTP/1.1" 404 305 "-" "Mozilla/5.0 (Windows NT 10.0; Win64; x64; Trident/7.0; rv:11.0) like Gecko"
212.152.246.128 - - [06/Jul/2018:14:19:39 +0200] "GET /images/main_block_corner_right_top.gif HTTP/1.1" 200 159 "http://renault.activities.at/" "Mozilla/5.0 (Windows NT 10.0; WOW64; Trident/7.0; rv:11.0) like Gecko"
212.152.246.128 - - [06/Jul/2018:14:19:39 +0200] "GET /images/title_border.jpg HTTP/1.1" 200 304 "http://renault.activities.at/" "Mozilla/5.0 (Windows NT 10.0; WOW64; Trident/7.0; rv:11.0) like Gecko"
212.152.246.128 - - [06/Jul/2018:14:19:39 +0200] "GET /images/title_border_top.jpg HTTP/1.1" 200 336 "http://renault.activities.at/" "Mozilla/5.0 (Windows NT 10.0; WOW64; Trident/7.0; rv:11.0) like Gecko"
212.152.246.128 - - [06/Jul/2018:14:19:39 +0200] "GET /images/title_corner_left_top.jpg HTTP/1.1" 200 372 "http://renault.activities.at/" "Mozilla/5.0 (Windows NT 10.0; WOW64; Trident/7.0; rv:11.0) like Gecko"
212.152.246.128 - - [06/Jul/2018:14:19:39 +0200] "GET /images/title_corner_right_top.jpg HTTP/1.1" 200 389 "http://renault.activities.at/" "Mozilla/5.0 (Windows NT 10.0; WOW64; Trident/7.0; rv:11.0) like Gecko"
212.152.246.128 - - [06/Jul/2018:14:19:39 +0200] "GET /loadthumbnail.php?id=11127982 HTTP/1.1" 200 399614 "http://renault.activities.at/" "Mozilla/5.0 (Windows NT 10.0; WOW64; Trident/7.0; rv:11.0) like Gecko"
212.152.246.135 - - [06/Jul/2018:14:19:46 +0200] "GET /reload?ser=1530879586024 HTTP/1.1" 200 28 "http://renault.activities.at/" "Mozilla/5.0 (Windows NT 6.1; WOW64; Trident/7.0; rv:11.0) like Gecko"
