193.194.132.28 - - [09/Jul/2018:12:27:17 +0200] "GET /reload?ser=1531132037623 HTTP/1.1" 200 28 "http://renault.2web.at/result?searchterm=true&search=4+Jahre" "Mozilla/5.0 (Windows NT 6.1; WOW64; Trident/7.0; rv:11.0) like Gecko"
212.152.246.135 - - [09/Jul/2018:12:27:31 +0200] "GET /reload?ser=1531132050980 HTTP/1.1" 200 28 "http://renault.activities.at/" "Mozilla/5.0 (Windows NT 6.1; WOW64; Trident/7.0; rv:11.0) like Gecko"
193.194.132.25 - - [09/Jul/2018:12:27:35 +0200] "GET /reload?ser=1531132055669 HTTP/1.1" 200 28 "http://renault.2web.at/result?searchterm=true&search=REH20161020" "Mozilla/5.0 (Windows NT 6.1; WOW64; Trident/7.0; rv:11.0) like Gecko"
90.152.128.107 - - [09/Jul/2018:12:28:16 +0200] "GET /reload?ser=1531132096772 HTTP/1.1" 200 28 "http://renault.2web.at/" "Mozilla/5.0 (Windows NT 10.0; WOW64) AppleWebKit/537.36 (KHTML, like Gecko) Chrome/67.0.3396.99 Safari/537.36"
193.194.132.28 - - [09/Jul/2018:12:28:18 +0200] "GET /reload?ser=1531132098785 HTTP/1.1" 200 28 "http://renault.2web.at/result?searchterm=true&search=4+Jahre" "Mozilla/5.0 (Windows NT 6.1; WOW64; Trident/7.0; rv:11.0) like Gecko"
212.152.246.135 - - [09/Jul/2018:12:28:31 +0200] "GET /reload?ser=1531132111630 HTTP/1.1" 200 28 "http://renault.activities.at/" "Mozilla/5.0 (Windows NT 6.1; WOW64; Trident/7.0; rv:11.0) like Gecko"
193.194.132.25 - - [09/Jul/2018:12:28:36 +0200] "GET /reload?ser=1531132116795 HTTP/1.1" 200 28 "http://renault.2web.at/result?searchterm=true&search=REH20161020" "Mozilla/5.0 (Windows NT 6.1; WOW64; Trident/7.0; rv:11.0) like Gecko"
90.152.128.107 - - [09/Jul/2018:12:29:17 +0200] "GET /reload?ser=1531132157454 HTTP/1.1" 200 28 "http://renault.2web.at/" "Mozilla/5.0 (Windows NT 10.0; WOW64) AppleWebKit/537.36 (KHTML, like Gecko) Chrome/67.0.3396.99 Safari/537.36"
193.194.132.28 - - [09/Jul/2018:12:29:20 +0200] "GET /reload?ser=1531132159916 HTTP/1.1" 200 28 "http://renault.2web.at/result?searchterm=true&search=4+Jahre" "Mozilla/5.0 (Windows NT 6.1; WOW64; Trident/7.0; rv:11.0) like Gecko"
212.152.246.135 - - [09/Jul/2018:12:29:32 +0200] "GET /reload?ser=1531132172278 HTTP/1.1" 200 28 "http://renault.activities.at/" "Mozilla/5.0 (Windows NT 6.1; WOW64; Trident/7.0; rv:11.0) like Gecko"
193.194.132.25 - - [09/Jul/2018:12:29:38 +0200] "GET /reload?ser=1531132177944 HTTP/1.1" 200 28 "http://renault.2web.at/result?searchterm=true&search=REH20161020" "Mozilla/5.0 (Windows NT 6.1; WOW64; Trident/7.0; rv:11.0) like Gecko"
90.152.128.107 - - [09/Jul/2018:12:30:18 +0200] "GET /reload?ser=1531132218118 HTTP/1.1" 200 28 "http://renault.2web.at/" "Mozilla/5.0 (Windows NT 10.0; WOW64) AppleWebKit/537.36 (KHTML, like Gecko) Chrome/67.0.3396.99 Safari/537.36"
193.194.132.28 - - [09/Jul/2018:12:30:21 +0200] "GET /reload?ser=1531132221016 HTTP/1.1" 200 28 "http://renault.2web.at/result?searchterm=true&search=4+Jahre" "Mozilla/5.0 (Windows NT 6.1; WOW64; Trident/7.0; rv:11.0) like Gecko"
212.152.246.135 - - [09/Jul/2018:12:30:32 +0200] "GET /reload?ser=1531132232923 HTTP/1.1" 200 28 "http://renault.activities.at/" "Mozilla/5.0 (Windows NT 6.1; WOW64; Trident/7.0; rv:11.0) like Gecko"
193.194.132.25 - - [09/Jul/2018:12:30:39 +0200] "GET /reload?ser=1531132239049 HTTP/1.1" 200 28 "http://renault.2web.at/result?searchterm=true&search=REH20161020" "Mozilla/5.0 (Windows NT 6.1; WOW64; Trident/7.0; rv:11.0) like Gecko"
90.152.128.107 - - [09/Jul/2018:12:31:18 +0200] "GET /reload?ser=1531132278800 HTTP/1.1" 200 28 "http://renault.2web.at/" "Mozilla/5.0 (Windows NT 10.0; WOW64) AppleWebKit/537.36 (KHTML, like Gecko) Chrome/67.0.3396.99 Safari/537.36"
193.194.132.28 - - [09/Jul/2018:12:31:22 +0200] "GET /reload?ser=1531132282100 HTTP/1.1" 200 28 "http://renault.2web.at/result?searchterm=true&search=4+Jahre" "Mozilla/5.0 (Windows NT 6.1; WOW64; Trident/7.0; rv:11.0) like Gecko"
212.152.246.135 - - [09/Jul/2018:12:31:33 +0200] "GET /reload?ser=1531132293580 HTTP/1.1" 200 28 "http://renault.activities.at/" "Mozilla/5.0 (Windows NT 6.1; WOW64; Trident/7.0; rv:11.0) like Gecko"
193.194.132.25 - - [09/Jul/2018:12:31:40 +0200] "GET /reload?ser=1531132300150 HTTP/1.1" 200 28 "http://renault.2web.at/result?searchterm=true&search=REH20161020" "Mozilla/5.0 (Windows NT 6.1; WOW64; Trident/7.0; rv:11.0) like Gecko"
90.152.128.107 - - [09/Jul/2018:12:32:19 +0200] "GET /reload?ser=1531132339472 HTTP/1.1" 200 28 "http://renault.2web.at/" "Mozilla/5.0 (Windows NT 10.0; WOW64) AppleWebKit/537.36 (KHTML, like Gecko) Chrome/67.0.3396.99 Safari/537.36"
193.194.132.28 - - [09/Jul/2018:12:32:23 +0200] "GET /reload?ser=1531132343211 HTTP/1.1" 200 28 "http://renault.2web.at/result?searchterm=true&search=4+Jahre" "Mozilla/5.0 (Windows NT 6.1; WOW64; Trident/7.0; rv:11.0) like Gecko"
212.152.246.135 - - [09/Jul/2018:12:32:34 +0200] "GET /reload?ser=1531132354226 HTTP/1.1" 200 28 "http://renault.activities.at/" "Mozilla/5.0 (Windows NT 6.1; WOW64; Trident/7.0; rv:11.0) like Gecko"
193.194.132.25 - - [09/Jul/2018:12:32:41 +0200] "GET /reload?ser=1531132361276 HTTP/1.1" 200 28 "http://renault.2web.at/result?searchterm=true&search=REH20161020" "Mozilla/5.0 (Windows NT 6.1; WOW64; Trident/7.0; rv:11.0) like Gecko"
90.152.128.107 - - [09/Jul/2018:12:33:20 +0200] "GET /reload?ser=1531132400153 HTTP/1.1" 200 28 "http://renault.2web.at/" "Mozilla/5.0 (Windows NT 10.0; WOW64) AppleWebKit/537.36 (KHTML, like Gecko) Chrome/67.0.3396.99 Safari/537.36"
193.194.132.28 - - [09/Jul/2018:12:33:24 +0200] "GET /reload?ser=1531132404327 HTTP/1.1" 200 28 "http://renault.2web.at/result?searchterm=true&search=4+Jahre" "Mozilla/5.0 (Windows NT 6.1; WOW64; Trident/7.0; rv:11.0) like Gecko"
212.152.246.135 - - [09/Jul/2018:12:33:34 +0200] "GET /reload?ser=1531132414873 HTTP/1.1" 200 28 "http://renault.activities.at/" "Mozilla/5.0 (Windows NT 6.1; WOW64; Trident/7.0; rv:11.0) like Gecko"
193.194.132.25 - - [09/Jul/2018:12:33:42 +0200] "GET /reload?ser=1531132422364 HTTP/1.1" 200 28 "http://renault.2web.at/result?searchterm=true&search=REH20161020" "Mozilla/5.0 (Windows NT 6.1; WOW64; Trident/7.0; rv:11.0) like Gecko"
90.152.128.107 - - [09/Jul/2018:12:34:20 +0200] "GET /reload?ser=1531132460816 HTTP/1.1" 200 28 "http://renault.2web.at/" "Mozilla/5.0 (Windows NT 10.0; WOW64) AppleWebKit/537.36 (KHTML, like Gecko) Chrome/67.0.3396.99 Safari/537.36"
193.194.132.28 - - [09/Jul/2018:12:34:25 +0200] "GET /reload?ser=1531132465457 HTTP/1.1" 200 28 "http://renault.2web.at/result?searchterm=true&search=4+Jahre" "Mozilla/5.0 (Windows NT 6.1; WOW64; Trident/7.0; rv:11.0) like Gecko"
212.152.246.135 - - [09/Jul/2018:12:34:35 +0200] "GET /reload?ser=1531132475546 HTTP/1.1" 200 28 "http://renault.activities.at/" "Mozilla/5.0 (Windows NT 6.1; WOW64; Trident/7.0; rv:11.0) like Gecko"
193.194.132.25 - - [09/Jul/2018:12:34:43 +0200] "GET /reload?ser=1531132483442 HTTP/1.1" 200 28 "http://renault.2web.at/result?searchterm=true&search=REH20161020" "Mozilla/5.0 (Windows NT 6.1; WOW64; Trident/7.0; rv:11.0) like Gecko"
90.152.128.107 - - [09/Jul/2018:12:35:21 +0200] "GET /reload?ser=1531132521466 HTTP/1.1" 200 28 "http://renault.2web.at/" "Mozilla/5.0 (Windows NT 10.0; WOW64) AppleWebKit/537.36 (KHTML, like Gecko) Chrome/67.0.3396.99 Safari/537.36"
193.194.132.28 - - [09/Jul/2018:12:35:26 +0200] "GET /reload?ser=1531132526538 HTTP/1.1" 200 28 "http://renault.2web.at/result?searchterm=true&search=4+Jahre" "Mozilla/5.0 (Windows NT 6.1; WOW64; Trident/7.0; rv:11.0) like Gecko"
212.152.246.135 - - [09/Jul/2018:12:35:36 +0200] "GET /reload?ser=1531132536191 HTTP/1.1" 200 28 "http://renault.activities.at/" "Mozilla/5.0 (Windows NT 6.1; WOW64; Trident/7.0; rv:11.0) like Gecko"
193.194.132.25 - - [09/Jul/2018:12:35:44 +0200] "GET /reload?ser=1531132544561 HTTP/1.1" 200 28 "http://renault.2web.at/result?searchterm=true&search=REH20161020" "Mozilla/5.0 (Windows NT 6.1; WOW64; Trident/7.0; rv:11.0) like Gecko"
90.152.128.107 - - [09/Jul/2018:12:36:22 +0200] "GET /reload?ser=1531132582117 HTTP/1.1" 200 28 "http://renault.2web.at/" "Mozilla/5.0 (Windows NT 10.0; WOW64) AppleWebKit/537.36 (KHTML, like Gecko) Chrome/67.0.3396.99 Safari/537.36"
193.194.132.28 - - [09/Jul/2018:12:36:27 +0200] "GET /reload?ser=1531132587605 HTTP/1.1" 200 28 "http://renault.2web.at/result?searchterm=true&search=4+Jahre" "Mozilla/5.0 (Windows NT 6.1; WOW64; Trident/7.0; rv:11.0) like Gecko"
212.152.246.135 - - [09/Jul/2018:12:36:36 +0200] "GET /reload?ser=1531132596848 HTTP/1.1" 200 28 "http://renault.activities.at/" "Mozilla/5.0 (Windows NT 6.1; WOW64; Trident/7.0; rv:11.0) like Gecko"
193.194.132.25 - - [09/Jul/2018:12:36:57 +0200] "GET /reload?ser=1531132605723 HTTP/1.1" 200 28 "http://renault.2web.at/result?searchterm=true&search=REH20161020" "Mozilla/5.0 (Windows NT 6.1; WOW64; Trident/7.0; rv:11.0) like Gecko"
90.152.128.107 - - [09/Jul/2018:12:37:22 +0200] "GET /reload?ser=1531132642782 HTTP/1.1" 200 28 "http://renault.2web.at/" "Mozilla/5.0 (Windows NT 10.0; WOW64) AppleWebKit/537.36 (KHTML, like Gecko) Chrome/67.0.3396.99 Safari/537.36"
193.194.132.28 - - [09/Jul/2018:12:37:28 +0200] "GET /reload?ser=1531132648728 HTTP/1.1" 200 28 "http://renault.2web.at/result?searchterm=true&search=4+Jahre" "Mozilla/5.0 (Windows NT 6.1; WOW64; Trident/7.0; rv:11.0) like Gecko"
212.152.246.135 - - [09/Jul/2018:12:37:37 +0200] "GET /reload?ser=1531132657504 HTTP/1.1" 200 28 "http://renault.activities.at/" "Mozilla/5.0 (Windows NT 6.1; WOW64; Trident/7.0; rv:11.0) like Gecko"
193.194.132.25 - - [09/Jul/2018:12:37:58 +0200] "GET /reload?ser=1531132678864 HTTP/1.1" 200 28 "http://renault.2web.at/result?searchterm=true&search=REH20161020" "Mozilla/5.0 (Windows NT 6.1; WOW64; Trident/7.0; rv:11.0) like Gecko"
90.152.128.107 - - [09/Jul/2018:12:38:23 +0200] "GET /reload?ser=1531132703472 HTTP/1.1" 200 28 "http://renault.2web.at/" "Mozilla/5.0 (Windows NT 10.0; WOW64) AppleWebKit/537.36 (KHTML, like Gecko) Chrome/67.0.3396.99 Safari/537.36"
193.194.132.28 - - [09/Jul/2018:12:38:30 +0200] "GET /reload?ser=1531132709860 HTTP/1.1" 200 28 "http://renault.2web.at/result?searchterm=true&search=4+Jahre" "Mozilla/5.0 (Windows NT 6.1; WOW64; Trident/7.0; rv:11.0) like Gecko"
86.59.113.102 - - [09/Jul/2018:12:38:32 +0200] "GET / HTTP/1.0" 200 17560 "-" "curl/7.21.0 (i486-pc-linux-gnu) libcurl/7.21.0 OpenSSL/0.9.8o zlib/1.2.3.4 libidn/1.15 libssh2/1.2.6"
212.152.246.135 - - [09/Jul/2018:12:38:38 +0200] "GET /reload?ser=1531132718149 HTTP/1.1" 200 28 "http://renault.activities.at/" "Mozilla/5.0 (Windows NT 6.1; WOW64; Trident/7.0; rv:11.0) like Gecko"
193.194.132.25 - - [09/Jul/2018:12:39:00 +0200] "GET /reload?ser=1531132739986 HTTP/1.1" 200 28 "http://renault.2web.at/result?searchterm=true&search=REH20161020" "Mozilla/5.0 (Windows NT 6.1; WOW64; Trident/7.0; rv:11.0) like Gecko"
90.152.128.107 - - [09/Jul/2018:12:39:24 +0200] "GET /reload?ser=1531132764154 HTTP/1.1" 200 28 "http://renault.2web.at/" "Mozilla/5.0 (Windows NT 10.0; WOW64) AppleWebKit/537.36 (KHTML, like Gecko) Chrome/67.0.3396.99 Safari/537.36"
193.194.132.28 - - [09/Jul/2018:12:39:31 +0200] "GET /reload?ser=1531132771139 HTTP/1.1" 200 28 "http://renault.2web.at/result?searchterm=true&search=4+Jahre" "Mozilla/5.0 (Windows NT 6.1; WOW64; Trident/7.0; rv:11.0) like Gecko"
212.152.246.135 - - [09/Jul/2018:12:39:38 +0200] "GET /reload?ser=1531132778804 HTTP/1.1" 200 28 "http://renault.activities.at/" "Mozilla/5.0 (Windows NT 6.1; WOW64; Trident/7.0; rv:11.0) like Gecko"
212.152.246.130 - - [09/Jul/2018:12:39:43 +0200] "GET /login HTTP/1.1" 200 2086 "-" "Mozilla/5.0 (Windows NT 6.1; Win64; x64) AppleWebKit/537.36 (KHTML, like Gecko) Chrome/66.0.3359.170 Safari/537.36 OPR/53.0.2907.99"
193.194.132.25 - - [09/Jul/2018:12:40:01 +0200] "GET /reload?ser=1531132801095 HTTP/1.1" 200 28 "http://renault.2web.at/result?searchterm=true&search=REH20161020" "Mozilla/5.0 (Windows NT 6.1; WOW64; Trident/7.0; rv:11.0) like Gecko"
90.152.128.107 - - [09/Jul/2018:12:40:24 +0200] "GET /reload?ser=1531132824830 HTTP/1.1" 200 28 "http://renault.2web.at/" "Mozilla/5.0 (Windows NT 10.0; WOW64) AppleWebKit/537.36 (KHTML, like Gecko) Chrome/67.0.3396.99 Safari/537.36"
193.194.132.28 - - [09/Jul/2018:12:40:32 +0200] "GET /reload?ser=1531132832275 HTTP/1.1" 200 28 "http://renault.2web.at/result?searchterm=true&search=4+Jahre" "Mozilla/5.0 (Windows NT 6.1; WOW64; Trident/7.0; rv:11.0) like Gecko"
212.152.246.135 - - [09/Jul/2018:12:40:39 +0200] "GET /reload?ser=1531132839450 HTTP/1.1" 200 28 "http://renault.activities.at/" "Mozilla/5.0 (Windows NT 6.1; WOW64; Trident/7.0; rv:11.0) like Gecko"
193.194.132.25 - - [09/Jul/2018:12:41:02 +0200] "GET /reload?ser=1531132862222 HTTP/1.1" 200 28 "http://renault.2web.at/result?searchterm=true&search=REH20161020" "Mozilla/5.0 (Windows NT 6.1; WOW64; Trident/7.0; rv:11.0) like Gecko"
90.152.128.107 - - [09/Jul/2018:12:41:25 +0200] "GET /reload?ser=1531132885519 HTTP/1.1" 200 28 "http://renault.2web.at/" "Mozilla/5.0 (Windows NT 10.0; WOW64) AppleWebKit/537.36 (KHTML, like Gecko) Chrome/67.0.3396.99 Safari/537.36"
86.59.113.102 - - [09/Jul/2018:12:41:27 +0200] "GET / HTTP/1.0" 200 17560 "-" "curl/7.21.0 (i486-pc-linux-gnu) libcurl/7.21.0 OpenSSL/0.9.8o zlib/1.2.3.4 libidn/1.15 libssh2/1.2.6"
193.194.132.28 - - [09/Jul/2018:12:41:33 +0200] "GET /reload?ser=1531132893410 HTTP/1.1" 200 28 "http://renault.2web.at/result?searchterm=true&search=4+Jahre" "Mozilla/5.0 (Windows NT 6.1; WOW64; Trident/7.0; rv:11.0) like Gecko"
212.152.246.135 - - [09/Jul/2018:12:41:40 +0200] "GET /reload?ser=1531132900096 HTTP/1.1" 200 28 "http://renault.activities.at/" "Mozilla/5.0 (Windows NT 6.1; WOW64; Trident/7.0; rv:11.0) like Gecko"
193.194.132.25 - - [09/Jul/2018:12:42:03 +0200] "GET /reload?ser=1531132923329 HTTP/1.1" 200 28 "http://renault.2web.at/result?searchterm=true&search=REH20161020" "Mozilla/5.0 (Windows NT 6.1; WOW64; Trident/7.0; rv:11.0) like Gecko"
90.152.128.107 - - [09/Jul/2018:12:42:26 +0200] "GET /reload?ser=1531132946201 HTTP/1.1" 200 28 "http://renault.2web.at/" "Mozilla/5.0 (Windows NT 10.0; WOW64) AppleWebKit/537.36 (KHTML, like Gecko) Chrome/67.0.3396.99 Safari/537.36"
193.194.132.28 - - [09/Jul/2018:12:42:34 +0200] "GET /reload?ser=1531132954567 HTTP/1.1" 200 28 "http://renault.2web.at/result?searchterm=true&search=4+Jahre" "Mozilla/5.0 (Windows NT 6.1; WOW64; Trident/7.0; rv:11.0) like Gecko"
212.152.246.135 - - [09/Jul/2018:12:42:40 +0200] "GET /reload?ser=1531132960752 HTTP/1.1" 200 28 "http://renault.activities.at/" "Mozilla/5.0 (Windows NT 6.1; WOW64; Trident/7.0; rv:11.0) like Gecko"
193.194.132.25 - - [09/Jul/2018:12:43:04 +0200] "GET /reload?ser=1531132984448 HTTP/1.1" 200 28 "http://renault.2web.at/result?searchterm=true&search=REH20161020" "Mozilla/5.0 (Windows NT 6.1; WOW64; Trident/7.0; rv:11.0) like Gecko"
90.152.128.107 - - [09/Jul/2018:12:43:26 +0200] "GET /reload?ser=1531133006866 HTTP/1.1" 200 28 "http://renault.2web.at/" "Mozilla/5.0 (Windows NT 10.0; WOW64) AppleWebKit/537.36 (KHTML, like Gecko) Chrome/67.0.3396.99 Safari/537.36"
193.194.132.28 - - [09/Jul/2018:12:43:35 +0200] "GET /reload?ser=1531133015678 HTTP/1.1" 200 28 "http://renault.2web.at/result?searchterm=true&search=4+Jahre" "Mozilla/5.0 (Windows NT 6.1; WOW64; Trident/7.0; rv:11.0) like Gecko"
212.152.246.135 - - [09/Jul/2018:12:43:41 +0200] "GET /reload?ser=1531133021408 HTTP/1.1" 200 28 "http://renault.activities.at/" "Mozilla/5.0 (Windows NT 6.1; WOW64; Trident/7.0; rv:11.0) like Gecko"
193.194.132.25 - - [09/Jul/2018:12:44:05 +0200] "GET /reload?ser=1531133045497 HTTP/1.1" 200 28 "http://renault.2web.at/result?searchterm=true&search=REH20161020" "Mozilla/5.0 (Windows NT 6.1; WOW64; Trident/7.0; rv:11.0) like Gecko"
86.59.113.102 - - [09/Jul/2018:12:44:07 +0200] "GET / HTTP/1.0" 200 17560 "-" "curl/7.21.0 (i486-pc-linux-gnu) libcurl/7.21.0 OpenSSL/0.9.8o zlib/1.2.3.4 libidn/1.15 libssh2/1.2.6"
90.152.128.107 - - [09/Jul/2018:12:44:27 +0200] "GET /reload?ser=1531133067536 HTTP/1.1" 200 28 "http://renault.2web.at/" "Mozilla/5.0 (Windows NT 10.0; WOW64) AppleWebKit/537.36 (KHTML, like Gecko) Chrome/67.0.3396.99 Safari/537.36"
193.194.132.28 - - [09/Jul/2018:12:44:36 +0200] "GET /reload?ser=1531133076801 HTTP/1.1" 200 28 "http://renault.2web.at/result?searchterm=true&search=4+Jahre" "Mozilla/5.0 (Windows NT 6.1; WOW64; Trident/7.0; rv:11.0) like Gecko"
212.152.246.135 - - [09/Jul/2018:12:44:42 +0200] "GET /reload?ser=1531133082064 HTTP/1.1" 200 28 "http://renault.activities.at/" "Mozilla/5.0 (Windows NT 6.1; WOW64; Trident/7.0; rv:11.0) like Gecko"
193.194.132.25 - - [09/Jul/2018:12:45:06 +0200] "GET /reload?ser=1531133106611 HTTP/1.1" 200 28 "http://renault.2web.at/result?searchterm=true&search=REH20161020" "Mozilla/5.0 (Windows NT 6.1; WOW64; Trident/7.0; rv:11.0) like Gecko"
90.152.128.107 - - [09/Jul/2018:12:45:28 +0200] "GET /reload?ser=1531133128218 HTTP/1.1" 200 28 "http://renault.2web.at/" "Mozilla/5.0 (Windows NT 10.0; WOW64) AppleWebKit/537.36 (KHTML, like Gecko) Chrome/67.0.3396.99 Safari/537.36"
193.194.132.28 - - [09/Jul/2018:12:45:38 +0200] "GET /reload?ser=1531133137885 HTTP/1.1" 200 28 "http://renault.2web.at/result?searchterm=true&search=4+Jahre" "Mozilla/5.0 (Windows NT 6.1; WOW64; Trident/7.0; rv:11.0) like Gecko"
212.152.246.135 - - [09/Jul/2018:12:45:42 +0200] "GET /reload?ser=1531133142710 HTTP/1.1" 200 28 "http://renault.activities.at/" "Mozilla/5.0 (Windows NT 6.1; WOW64; Trident/7.0; rv:11.0) like Gecko"
193.194.132.25 - - [09/Jul/2018:12:46:07 +0200] "GET /reload?ser=1531133167723 HTTP/1.1" 200 28 "http://renault.2web.at/result?searchterm=true&search=REH20161020" "Mozilla/5.0 (Windows NT 6.1; WOW64; Trident/7.0; rv:11.0) like Gecko"
90.152.128.107 - - [09/Jul/2018:12:46:29 +0200] "GET /reload?ser=1531133188913 HTTP/1.1" 200 28 "http://renault.2web.at/" "Mozilla/5.0 (Windows NT 10.0; WOW64) AppleWebKit/537.36 (KHTML, like Gecko) Chrome/67.0.3396.99 Safari/537.36"
193.194.132.28 - - [09/Jul/2018:12:46:39 +0200] "GET /reload?ser=1531133198972 HTTP/1.1" 200 28 "http://renault.2web.at/result?searchterm=true&search=4+Jahre" "Mozilla/5.0 (Windows NT 6.1; WOW64; Trident/7.0; rv:11.0) like Gecko"
212.152.246.135 - - [09/Jul/2018:12:46:43 +0200] "GET /reload?ser=1531133203367 HTTP/1.1" 200 28 "http://renault.activities.at/" "Mozilla/5.0 (Windows NT 6.1; WOW64; Trident/7.0; rv:11.0) like Gecko"
193.194.132.25 - - [09/Jul/2018:12:47:20 +0200] "GET /reload?ser=1531133228818 HTTP/1.1" 200 28 "http://renault.2web.at/result?searchterm=true&search=REH20161020" "Mozilla/5.0 (Windows NT 6.1; WOW64; Trident/7.0; rv:11.0) like Gecko"
90.152.128.107 - - [09/Jul/2018:12:47:29 +0200] "GET /reload?ser=1531133249600 HTTP/1.1" 200 28 "http://renault.2web.at/" "Mozilla/5.0 (Windows NT 10.0; WOW64) AppleWebKit/537.36 (KHTML, like Gecko) Chrome/67.0.3396.99 Safari/537.36"
193.194.132.28 - - [09/Jul/2018:12:47:40 +0200] "GET /reload?ser=1531133260105 HTTP/1.1" 200 28 "http://renault.2web.at/result?searchterm=true&search=4+Jahre" "Mozilla/5.0 (Windows NT 6.1; WOW64; Trident/7.0; rv:11.0) like Gecko"
212.152.246.135 - - [09/Jul/2018:12:47:44 +0200] "GET /reload?ser=1531133264023 HTTP/1.1" 200 28 "http://renault.activities.at/" "Mozilla/5.0 (Windows NT 6.1; WOW64; Trident/7.0; rv:11.0) like Gecko"
193.194.132.25 - - [09/Jul/2018:12:48:22 +0200] "GET /reload?ser=1531133301902 HTTP/1.1" 200 28 "http://renault.2web.at/result?searchterm=true&search=REH20161020" "Mozilla/5.0 (Windows NT 6.1; WOW64; Trident/7.0; rv:11.0) like Gecko"
90.152.128.107 - - [09/Jul/2018:12:48:30 +0200] "GET /reload?ser=1531133310265 HTTP/1.1" 200 28 "http://renault.2web.at/" "Mozilla/5.0 (Windows NT 10.0; WOW64) AppleWebKit/537.36 (KHTML, like Gecko) Chrome/67.0.3396.99 Safari/537.36"
193.194.132.28 - - [09/Jul/2018:12:48:41 +0200] "GET /reload?ser=1531133321226 HTTP/1.1" 200 28 "http://renault.2web.at/result?searchterm=true&search=4+Jahre" "Mozilla/5.0 (Windows NT 6.1; WOW64; Trident/7.0; rv:11.0) like Gecko"
212.152.246.135 - - [09/Jul/2018:12:48:44 +0200] "GET /reload?ser=1531133324704 HTTP/1.1" 200 28 "http://renault.activities.at/" "Mozilla/5.0 (Windows NT 6.1; WOW64; Trident/7.0; rv:11.0) like Gecko"
193.194.132.25 - - [09/Jul/2018:12:49:23 +0200] "GET /reload?ser=1531133363071 HTTP/1.1" 200 28 "http://renault.2web.at/result?searchterm=true&search=REH20161020" "Mozilla/5.0 (Windows NT 6.1; WOW64; Trident/7.0; rv:11.0) like Gecko"
90.152.128.107 - - [09/Jul/2018:12:49:31 +0200] "GET /reload?ser=1531133370929 HTTP/1.1" 200 28 "http://renault.2web.at/" "Mozilla/5.0 (Windows NT 10.0; WOW64) AppleWebKit/537.36 (KHTML, like Gecko) Chrome/67.0.3396.99 Safari/537.36"
193.194.132.28 - - [09/Jul/2018:12:49:42 +0200] "GET /reload?ser=1531133382375 HTTP/1.1" 200 28 "http://renault.2web.at/result?searchterm=true&search=4+Jahre" "Mozilla/5.0 (Windows NT 6.1; WOW64; Trident/7.0; rv:11.0) like Gecko"
212.152.246.135 - - [09/Jul/2018:12:49:45 +0200] "GET /reload?ser=1531133385369 HTTP/1.1" 200 28 "http://renault.activities.at/" "Mozilla/5.0 (Windows NT 6.1; WOW64; Trident/7.0; rv:11.0) like Gecko"
193.194.132.25 - - [09/Jul/2018:12:50:24 +0200] "GET /reload?ser=1531133424200 HTTP/1.1" 200 28 "http://renault.2web.at/result?searchterm=true&search=REH20161020" "Mozilla/5.0 (Windows NT 6.1; WOW64; Trident/7.0; rv:11.0) like Gecko"
90.152.128.107 - - [09/Jul/2018:12:50:31 +0200] "GET /reload?ser=1531133431580 HTTP/1.1" 200 28 "http://renault.2web.at/" "Mozilla/5.0 (Windows NT 10.0; WOW64) AppleWebKit/537.36 (KHTML, like Gecko) Chrome/67.0.3396.99 Safari/537.36"
193.194.132.28 - - [09/Jul/2018:12:50:43 +0200] "GET /reload?ser=1531133443467 HTTP/1.1" 200 28 "http://renault.2web.at/result?searchterm=true&search=4+Jahre" "Mozilla/5.0 (Windows NT 6.1; WOW64; Trident/7.0; rv:11.0) like Gecko"
212.152.246.135 - - [09/Jul/2018:12:50:46 +0200] "GET /reload?ser=1531133446016 HTTP/1.1" 200 28 "http://renault.activities.at/" "Mozilla/5.0 (Windows NT 6.1; WOW64; Trident/7.0; rv:11.0) like Gecko"
90.152.128.107 - - [09/Jul/2018:12:51:32 +0200] "GET /reload?ser=1531133492255 HTTP/1.1" 200 28 "http://renault.2web.at/" "Mozilla/5.0 (Windows NT 10.0; WOW64) AppleWebKit/537.36 (KHTML, like Gecko) Chrome/67.0.3396.99 Safari/537.36"
193.194.132.28 - - [09/Jul/2018:12:51:44 +0200] "GET /reload?ser=1531133504579 HTTP/1.1" 200 28 "http://renault.2web.at/result?searchterm=true&search=4+Jahre" "Mozilla/5.0 (Windows NT 6.1; WOW64; Trident/7.0; rv:11.0) like Gecko"
212.152.246.135 - - [09/Jul/2018:12:51:46 +0200] "GET /reload?ser=1531133506662 HTTP/1.1" 200 28 "http://renault.activities.at/" "Mozilla/5.0 (Windows NT 6.1; WOW64; Trident/7.0; rv:11.0) like Gecko"
90.152.128.107 - - [09/Jul/2018:12:52:33 +0200] "GET /reload?ser=1531133552936 HTTP/1.1" 200 28 "http://renault.2web.at/" "Mozilla/5.0 (Windows NT 10.0; WOW64) AppleWebKit/537.36 (KHTML, like Gecko) Chrome/67.0.3396.99 Safari/537.36"
193.194.132.28 - - [09/Jul/2018:12:52:45 +0200] "GET /reload?ser=1531133565654 HTTP/1.1" 200 28 "http://renault.2web.at/result?searchterm=true&search=4+Jahre" "Mozilla/5.0 (Windows NT 6.1; WOW64; Trident/7.0; rv:11.0) like Gecko"
212.152.246.135 - - [09/Jul/2018:12:52:47 +0200] "GET /reload?ser=1531133567309 HTTP/1.1" 200 28 "http://renault.activities.at/" "Mozilla/5.0 (Windows NT 6.1; WOW64; Trident/7.0; rv:11.0) like Gecko"
90.152.128.107 - - [09/Jul/2018:12:53:33 +0200] "GET /reload?ser=1531133613632 HTTP/1.1" 200 28 "http://renault.2web.at/" "Mozilla/5.0 (Windows NT 10.0; WOW64) AppleWebKit/537.36 (KHTML, like Gecko) Chrome/67.0.3396.99 Safari/537.36"
193.194.132.28 - - [09/Jul/2018:12:53:47 +0200] "GET /reload?ser=1531133626718 HTTP/1.1" 200 28 "http://renault.2web.at/result?searchterm=true&search=4+Jahre" "Mozilla/5.0 (Windows NT 6.1; WOW64; Trident/7.0; rv:11.0) like Gecko"
212.152.246.135 - - [09/Jul/2018:12:53:48 +0200] "GET /reload?ser=1531133627955 HTTP/1.1" 200 28 "http://renault.activities.at/" "Mozilla/5.0 (Windows NT 6.1; WOW64; Trident/7.0; rv:11.0) like Gecko"
90.152.128.107 - - [09/Jul/2018:12:54:34 +0200] "GET /reload?ser=1531133674335 HTTP/1.1" 200 28 "http://renault.2web.at/" "Mozilla/5.0 (Windows NT 10.0; WOW64) AppleWebKit/537.36 (KHTML, like Gecko) Chrome/67.0.3396.99 Safari/537.36"
193.194.132.28 - - [09/Jul/2018:12:54:48 +0200] "GET /reload?ser=1531133687994 HTTP/1.1" 200 28 "http://renault.2web.at/result?searchterm=true&search=4+Jahre" "Mozilla/5.0 (Windows NT 6.1; WOW64; Trident/7.0; rv:11.0) like Gecko"
212.152.246.135 - - [09/Jul/2018:12:54:48 +0200] "GET /reload?ser=1531133688610 HTTP/1.1" 200 28 "http://renault.activities.at/" "Mozilla/5.0 (Windows NT 6.1; WOW64; Trident/7.0; rv:11.0) like Gecko"
90.152.128.107 - - [09/Jul/2018:12:55:35 +0200] "GET /reload?ser=1531133735001 HTTP/1.1" 200 28 "http://renault.2web.at/" "Mozilla/5.0 (Windows NT 10.0; WOW64) AppleWebKit/537.36 (KHTML, like Gecko) Chrome/67.0.3396.99 Safari/537.36"
212.152.246.135 - - [09/Jul/2018:12:55:49 +0200] "GET /reload?ser=1531133749306 HTTP/1.1" 200 28 "http://renault.activities.at/" "Mozilla/5.0 (Windows NT 6.1; WOW64; Trident/7.0; rv:11.0) like Gecko"
193.194.132.28 - - [09/Jul/2018:12:55:49 +0200] "GET /reload?ser=1531133749135 HTTP/1.1" 200 28 "http://renault.2web.at/result?searchterm=true&search=4+Jahre" "Mozilla/5.0 (Windows NT 6.1; WOW64; Trident/7.0; rv:11.0) like Gecko"
90.152.128.107 - - [09/Jul/2018:12:56:35 +0200] "GET /reload?ser=1531133795684 HTTP/1.1" 200 28 "http://renault.2web.at/" "Mozilla/5.0 (Windows NT 10.0; WOW64) AppleWebKit/537.36 (KHTML, like Gecko) Chrome/67.0.3396.99 Safari/537.36"
212.152.246.135 - - [09/Jul/2018:12:56:50 +0200] "GET /reload?ser=1531133810101 HTTP/1.1" 200 28 "http://renault.activities.at/" "Mozilla/5.0 (Windows NT 6.1; WOW64; Trident/7.0; rv:11.0) like Gecko"
193.194.132.28 - - [09/Jul/2018:12:56:50 +0200] "GET /reload?ser=1531133810258 HTTP/1.1" 200 28 "http://renault.2web.at/result?searchterm=true&search=4+Jahre" "Mozilla/5.0 (Windows NT 6.1; WOW64; Trident/7.0; rv:11.0) like Gecko"
90.152.128.107 - - [09/Jul/2018:12:57:36 +0200] "GET /reload?ser=1531133856370 HTTP/1.1" 200 28 "http://renault.2web.at/" "Mozilla/5.0 (Windows NT 10.0; WOW64) AppleWebKit/537.36 (KHTML, like Gecko) Chrome/67.0.3396.99 Safari/537.36"
212.152.246.135 - - [09/Jul/2018:12:57:50 +0200] "GET /reload?ser=1531133870777 HTTP/1.1" 200 28 "http://renault.activities.at/" "Mozilla/5.0 (Windows NT 6.1; WOW64; Trident/7.0; rv:11.0) like Gecko"
193.194.132.28 - - [09/Jul/2018:12:57:51 +0200] "GET /reload?ser=1531133871373 HTTP/1.1" 200 28 "http://renault.2web.at/result?searchterm=true&search=4+Jahre" "Mozilla/5.0 (Windows NT 6.1; WOW64; Trident/7.0; rv:11.0) like Gecko"
90.152.128.107 - - [09/Jul/2018:12:58:37 +0200] "GET /reload?ser=1531133917066 HTTP/1.1" 200 28 "http://renault.2web.at/" "Mozilla/5.0 (Windows NT 10.0; WOW64) AppleWebKit/537.36 (KHTML, like Gecko) Chrome/67.0.3396.99 Safari/537.36"
212.152.246.135 - - [09/Jul/2018:12:58:51 +0200] "GET /reload?ser=1531133931545 HTTP/1.1" 200 28 "http://renault.activities.at/" "Mozilla/5.0 (Windows NT 6.1; WOW64; Trident/7.0; rv:11.0) like Gecko"
90.152.128.107 - - [09/Jul/2018:12:59:37 +0200] "GET /reload?ser=1531133977730 HTTP/1.1" 200 28 "http://renault.2web.at/" "Mozilla/5.0 (Windows NT 10.0; WOW64) AppleWebKit/537.36 (KHTML, like Gecko) Chrome/67.0.3396.99 Safari/537.36"
212.152.246.135 - - [09/Jul/2018:12:59:52 +0200] "GET /reload?ser=1531133992200 HTTP/1.1" 200 28 "http://renault.activities.at/" "Mozilla/5.0 (Windows NT 6.1; WOW64; Trident/7.0; rv:11.0) like Gecko"
90.152.128.107 - - [09/Jul/2018:13:00:38 +0200] "GET /reload?ser=1531134038402 HTTP/1.1" 200 28 "http://renault.2web.at/" "Mozilla/5.0 (Windows NT 10.0; WOW64) AppleWebKit/537.36 (KHTML, like Gecko) Chrome/67.0.3396.99 Safari/537.36"
212.152.246.135 - - [09/Jul/2018:13:00:52 +0200] "GET /reload?ser=1531134052846 HTTP/1.1" 200 28 "http://renault.activities.at/" "Mozilla/5.0 (Windows NT 6.1; WOW64; Trident/7.0; rv:11.0) like Gecko"
90.152.128.107 - - [09/Jul/2018:13:01:39 +0200] "GET /reload?ser=1531134099083 HTTP/1.1" 200 28 "http://renault.2web.at/" "Mozilla/5.0 (Windows NT 10.0; WOW64) AppleWebKit/537.36 (KHTML, like Gecko) Chrome/67.0.3396.99 Safari/537.36"
212.152.246.135 - - [09/Jul/2018:13:01:53 +0200] "GET /reload?ser=1531134113502 HTTP/1.1" 200 28 "http://renault.activities.at/" "Mozilla/5.0 (Windows NT 6.1; WOW64; Trident/7.0; rv:11.0) like Gecko"
90.152.128.107 - - [09/Jul/2018:13:02:39 +0200] "GET /reload?ser=1531134159765 HTTP/1.1" 200 28 "http://renault.2web.at/" "Mozilla/5.0 (Windows NT 10.0; WOW64) AppleWebKit/537.36 (KHTML, like Gecko) Chrome/67.0.3396.99 Safari/537.36"
212.152.246.135 - - [09/Jul/2018:13:02:54 +0200] "GET /reload?ser=1531134174170 HTTP/1.1" 200 28 "http://renault.activities.at/" "Mozilla/5.0 (Windows NT 6.1; WOW64; Trident/7.0; rv:11.0) like Gecko"
90.152.128.107 - - [09/Jul/2018:13:03:40 +0200] "GET /reload?ser=1531134220452 HTTP/1.1" 200 28 "http://renault.2web.at/" "Mozilla/5.0 (Windows NT 10.0; WOW64) AppleWebKit/537.36 (KHTML, like Gecko) Chrome/67.0.3396.99 Safari/537.36"
212.152.246.135 - - [09/Jul/2018:13:03:54 +0200] "GET /reload?ser=1531134234873 HTTP/1.1" 200 28 "http://renault.activities.at/" "Mozilla/5.0 (Windows NT 6.1; WOW64; Trident/7.0; rv:11.0) like Gecko"
90.152.128.107 - - [09/Jul/2018:13:04:41 +0200] "GET /reload?ser=1531134281119 HTTP/1.1" 200 28 "http://renault.2web.at/" "Mozilla/5.0 (Windows NT 10.0; WOW64) AppleWebKit/537.36 (KHTML, like Gecko) Chrome/67.0.3396.99 Safari/537.36"
212.152.246.135 - - [09/Jul/2018:13:04:55 +0200] "GET /reload?ser=1531134295529 HTTP/1.1" 200 28 "http://renault.activities.at/" "Mozilla/5.0 (Windows NT 6.1; WOW64; Trident/7.0; rv:11.0) like Gecko"
90.152.128.107 - - [09/Jul/2018:13:05:41 +0200] "GET /reload?ser=1531134341784 HTTP/1.1" 200 28 "http://renault.2web.at/" "Mozilla/5.0 (Windows NT 10.0; WOW64) AppleWebKit/537.36 (KHTML, like Gecko) Chrome/67.0.3396.99 Safari/537.36"
212.152.246.135 - - [09/Jul/2018:13:05:56 +0200] "GET /reload?ser=1531134356184 HTTP/1.1" 200 28 "http://renault.activities.at/" "Mozilla/5.0 (Windows NT 6.1; WOW64; Trident/7.0; rv:11.0) like Gecko"
90.152.128.107 - - [09/Jul/2018:13:06:42 +0200] "GET /reload?ser=1531134402472 HTTP/1.1" 200 28 "http://renault.2web.at/" "Mozilla/5.0 (Windows NT 10.0; WOW64) AppleWebKit/537.36 (KHTML, like Gecko) Chrome/67.0.3396.99 Safari/537.36"
212.152.246.135 - - [09/Jul/2018:13:06:56 +0200] "GET /reload?ser=1531134416841 HTTP/1.1" 200 28 "http://renault.activities.at/" "Mozilla/5.0 (Windows NT 6.1; WOW64; Trident/7.0; rv:11.0) like Gecko"
90.152.128.107 - - [09/Jul/2018:13:07:43 +0200] "GET /reload?ser=1531134463154 HTTP/1.1" 200 28 "http://renault.2web.at/" "Mozilla/5.0 (Windows NT 10.0; WOW64) AppleWebKit/537.36 (KHTML, like Gecko) Chrome/67.0.3396.99 Safari/537.36"
212.152.246.135 - - [09/Jul/2018:13:07:57 +0200] "GET /reload?ser=1531134477497 HTTP/1.1" 200 28 "http://renault.activities.at/" "Mozilla/5.0 (Windows NT 6.1; WOW64; Trident/7.0; rv:11.0) like Gecko"
90.152.128.107 - - [09/Jul/2018:13:08:43 +0200] "GET /reload?ser=1531134523835 HTTP/1.1" 200 28 "http://renault.2web.at/" "Mozilla/5.0 (Windows NT 10.0; WOW64) AppleWebKit/537.36 (KHTML, like Gecko) Chrome/67.0.3396.99 Safari/537.36"
212.152.246.135 - - [09/Jul/2018:13:08:58 +0200] "GET /reload?ser=1531134538147 HTTP/1.1" 200 28 "http://renault.activities.at/" "Mozilla/5.0 (Windows NT 6.1; WOW64; Trident/7.0; rv:11.0) like Gecko"
90.152.128.107 - - [09/Jul/2018:13:09:44 +0200] "GET /reload?ser=1531134584517 HTTP/1.1" 200 28 "http://renault.2web.at/" "Mozilla/5.0 (Windows NT 10.0; WOW64) AppleWebKit/537.36 (KHTML, like Gecko) Chrome/67.0.3396.99 Safari/537.36"
212.152.246.135 - - [09/Jul/2018:13:09:58 +0200] "GET /reload?ser=1531134598797 HTTP/1.1" 200 28 "http://renault.activities.at/" "Mozilla/5.0 (Windows NT 6.1; WOW64; Trident/7.0; rv:11.0) like Gecko"
90.152.128.107 - - [09/Jul/2018:13:10:45 +0200] "GET /reload?ser=1531134645204 HTTP/1.1" 200 28 "http://renault.2web.at/" "Mozilla/5.0 (Windows NT 10.0; WOW64) AppleWebKit/537.36 (KHTML, like Gecko) Chrome/67.0.3396.99 Safari/537.36"
212.152.246.135 - - [09/Jul/2018:13:10:59 +0200] "GET /reload?ser=1531134659446 HTTP/1.1" 200 28 "http://renault.activities.at/" "Mozilla/5.0 (Windows NT 6.1; WOW64; Trident/7.0; rv:11.0) like Gecko"
90.152.128.107 - - [09/Jul/2018:13:11:45 +0200] "GET /reload?ser=1531134705884 HTTP/1.1" 200 28 "http://renault.2web.at/" "Mozilla/5.0 (Windows NT 10.0; WOW64) AppleWebKit/537.36 (KHTML, like Gecko) Chrome/67.0.3396.99 Safari/537.36"
212.152.246.135 - - [09/Jul/2018:13:12:00 +0200] "GET /reload?ser=1531134720092 HTTP/1.1" 200 28 "http://renault.activities.at/" "Mozilla/5.0 (Windows NT 6.1; WOW64; Trident/7.0; rv:11.0) like Gecko"
90.152.128.107 - - [09/Jul/2018:13:12:46 +0200] "GET /reload?ser=1531134766560 HTTP/1.1" 200 28 "http://renault.2web.at/" "Mozilla/5.0 (Windows NT 10.0; WOW64) AppleWebKit/537.36 (KHTML, like Gecko) Chrome/67.0.3396.99 Safari/537.36"
213.153.47.173 - - [09/Jul/2018:13:12:48 +0200] "GET /layout.php HTTP/1.1" 200 1559 "-" "Mozilla/5.0 (Windows NT 10.0; Win64; x64) AppleWebKit/537.36 (KHTML, like Gecko) Chrome/66.0.3359.170 Safari/537.36 OPR/53.0.2907.99"
213.153.47.173 - - [09/Jul/2018:13:12:52 +0200] "GET /layout.php HTTP/1.1" 200 1559 "-" "Mozilla/5.0 (Windows NT 10.0; Win64; x64) AppleWebKit/537.36 (KHTML, like Gecko) Chrome/66.0.3359.170 Safari/537.36 OPR/53.0.2907.99"
213.153.47.173 - - [09/Jul/2018:13:12:53 +0200] "GET /images/favicon.ico HTTP/1.1" 404 305 "-" "Mozilla/5.0 (Windows NT 10.0; Win64; x64) AppleWebKit/537.36 (KHTML, like Gecko) Chrome/66.0.3359.170 Safari/537.36 OPR/53.0.2907.99"
212.152.246.135 - - [09/Jul/2018:13:13:00 +0200] "GET /reload?ser=1531134780749 HTTP/1.1" 200 28 "http://renault.activities.at/" "Mozilla/5.0 (Windows NT 6.1; WOW64; Trident/7.0; rv:11.0) like Gecko"
90.152.128.107 - - [09/Jul/2018:13:13:47 +0200] "GET /reload?ser=1531134827237 HTTP/1.1" 200 28 "http://renault.2web.at/" "Mozilla/5.0 (Windows NT 10.0; WOW64) AppleWebKit/537.36 (KHTML, like Gecko) Chrome/67.0.3396.99 Safari/537.36"
212.152.246.135 - - [09/Jul/2018:13:14:01 +0200] "GET /reload?ser=1531134841407 HTTP/1.1" 200 28 "http://renault.activities.at/" "Mozilla/5.0 (Windows NT 6.1; WOW64; Trident/7.0; rv:11.0) like Gecko"
90.152.128.107 - - [09/Jul/2018:13:14:48 +0200] "GET /reload?ser=1531134887950 HTTP/1.1" 200 28 "http://renault.2web.at/" "Mozilla/5.0 (Windows NT 10.0; WOW64) AppleWebKit/537.36 (KHTML, like Gecko) Chrome/67.0.3396.99 Safari/537.36"
212.152.246.135 - - [09/Jul/2018:13:15:02 +0200] "GET /reload?ser=1531134902053 HTTP/1.1" 200 28 "http://renault.activities.at/" "Mozilla/5.0 (Windows NT 6.1; WOW64; Trident/7.0; rv:11.0) like Gecko"
90.152.128.107 - - [09/Jul/2018:13:15:48 +0200] "GET /reload?ser=1531134948649 HTTP/1.1" 200 28 "http://renault.2web.at/" "Mozilla/5.0 (Windows NT 10.0; WOW64) AppleWebKit/537.36 (KHTML, like Gecko) Chrome/67.0.3396.99 Safari/537.36"
212.152.246.135 - - [09/Jul/2018:13:16:02 +0200] "GET /reload?ser=1531134962708 HTTP/1.1" 200 28 "http://renault.activities.at/" "Mozilla/5.0 (Windows NT 6.1; WOW64; Trident/7.0; rv:11.0) like Gecko"
90.152.128.107 - - [09/Jul/2018:13:16:49 +0200] "GET /reload?ser=1531135009315 HTTP/1.1" 200 28 "http://renault.2web.at/" "Mozilla/5.0 (Windows NT 10.0; WOW64) AppleWebKit/537.36 (KHTML, like Gecko) Chrome/67.0.3396.99 Safari/537.36"
212.152.246.135 - - [09/Jul/2018:13:17:03 +0200] "GET /reload?ser=1531135023368 HTTP/1.1" 200 28 "http://renault.activities.at/" "Mozilla/5.0 (Windows NT 6.1; WOW64; Trident/7.0; rv:11.0) like Gecko"
80.120.5.131 - - [09/Jul/2018:13:17:16 +0200] "GET /10201637 HTTP/1.1" 302 150 "-" "Mozilla/5.0 (Macintosh; Intel Mac OS X 10_13_5) AppleWebKit/605.1.15 (KHTML, like Gecko)"
80.120.5.131 - - [09/Jul/2018:13:17:22 +0200] "GET /login?required=true HTTP/1.1" 200 2086 "-" "Mozilla/5.0 (Macintosh; Intel Mac OS X 10_13_5) AppleWebKit/605.1.15 (KHTML, like Gecko)"
80.120.5.131 - - [09/Jul/2018:13:17:23 +0200] "GET /apple-touch-icon-precomposed.png HTTP/1.1" 200 1559 "-" "Safari/13605.2.8 CFNetwork/901.1 Darwin/17.6.0 (x86_64)"
80.120.5.131 - - [09/Jul/2018:13:17:24 +0200] "GET /apple-touch-icon.png HTTP/1.1" 200 1559 "-" "Safari/13605.2.8 CFNetwork/901.1 Darwin/17.6.0 (x86_64)"
80.120.5.131 - - [09/Jul/2018:13:17:25 +0200] "GET /images/favicon.ico HTTP/1.1" 404 305 "-" "Safari/13605.2.8 CFNetwork/901.1 Darwin/17.6.0 (x86_64)"
80.120.5.131 - - [09/Jul/2018:13:17:25 +0200] "GET /images/favicon.ico HTTP/1.1" 404 305 "-" "Safari/13605.2.8 CFNetwork/901.1 Darwin/17.6.0 (x86_64)"
80.120.5.131 - - [09/Jul/2018:13:17:25 +0200] "GET /favicon.ico HTTP/1.1" 200 3250 "-" "Safari/13605.2.8 CFNetwork/901.1 Darwin/17.6.0 (x86_64)"
80.120.5.131 - - [09/Jul/2018:13:17:25 +0200] "GET /apple-touch-icon-precomposed.png HTTP/1.1" 200 1559 "-" "Safari/13605.2.8 CFNetwork/901.1 Darwin/17.6.0 (x86_64)"
80.120.5.131 - - [09/Jul/2018:13:17:26 +0200] "GET /apple-touch-icon.png HTTP/1.1" 200 1559 "-" "Safari/13605.2.8 CFNetwork/901.1 Darwin/17.6.0 (x86_64)"
80.120.5.131 - - [09/Jul/2018:13:17:27 +0200] "GET /images/favicon.ico HTTP/1.1" 404 305 "-" "Safari/13605.2.8 CFNetwork/901.1 Darwin/17.6.0 (x86_64)"
80.120.5.131 - - [09/Jul/2018:13:17:27 +0200] "GET /images/favicon.ico HTTP/1.1" 404 305 "-" "Safari/13605.2.8 CFNetwork/901.1 Darwin/17.6.0 (x86_64)"
80.120.5.131 - - [09/Jul/2018:13:17:27 +0200] "GET /favicon.ico HTTP/1.1" 200 3250 "-" "Safari/13605.2.8 CFNetwork/901.1 Darwin/17.6.0 (x86_64)"
80.120.5.131 - - [09/Jul/2018:13:17:27 +0200] "GET /10201637 HTTP/1.1" 302 150 "-" "\"Mozilla/5.0 (iPhone; CPU iPhone OS 11_0 like Mac OS X) AppleWebKit/604.1.38 (KHTML, like Gecko) Version/11.0 Mobile/15A372 Safari/604.1\""
80.120.5.131 - - [09/Jul/2018:13:17:31 +0200] "GET /login?required=true HTTP/1.1" 200 2086 "-" "\"Mozilla/5.0 (iPhone; CPU iPhone OS 11_0 like Mac OS X) AppleWebKit/604.1.38 (KHTML, like Gecko) Version/11.0 Mobile/15A372 Safari/604.1\""
80.120.5.131 - - [09/Jul/2018:13:17:32 +0200] "GET /apple-touch-icon-precomposed.png HTTP/1.1" 200 1559 "-" "Safari/13605.2.8 CFNetwork/901.1 Darwin/17.6.0 (x86_64)"
80.120.5.131 - - [09/Jul/2018:13:17:33 +0200] "GET /apple-touch-icon.png HTTP/1.1" 200 1559 "-" "Safari/13605.2.8 CFNetwork/901.1 Darwin/17.6.0 (x86_64)"
80.120.5.131 - - [09/Jul/2018:13:17:34 +0200] "GET /images/favicon.ico HTTP/1.1" 404 305 "-" "Safari/13605.2.8 CFNetwork/901.1 Darwin/17.6.0 (x86_64)"
80.120.5.131 - - [09/Jul/2018:13:17:34 +0200] "GET /images/favicon.ico HTTP/1.1" 404 305 "-" "Safari/13605.2.8 CFNetwork/901.1 Darwin/17.6.0 (x86_64)"
80.120.5.131 - - [09/Jul/2018:13:17:34 +0200] "GET /favicon.ico HTTP/1.1" 200 3250 "-" "Safari/13605.2.8 CFNetwork/901.1 Darwin/17.6.0 (x86_64)"
80.120.5.131 - - [09/Jul/2018:13:17:34 +0200] "GET /apple-touch-icon-precomposed.png HTTP/1.1" 200 1559 "-" "Safari/13605.2.8 CFNetwork/901.1 Darwin/17.6.0 (x86_64)"
80.120.5.131 - - [09/Jul/2018:13:17:35 +0200] "GET /apple-touch-icon.png HTTP/1.1" 200 1559 "-" "Safari/13605.2.8 CFNetwork/901.1 Darwin/17.6.0 (x86_64)"
80.120.5.131 - - [09/Jul/2018:13:17:36 +0200] "GET /images/favicon.ico HTTP/1.1" 404 305 "-" "Safari/13605.2.8 CFNetwork/901.1 Darwin/17.6.0 (x86_64)"
80.120.5.131 - - [09/Jul/2018:13:17:36 +0200] "GET /images/favicon.ico HTTP/1.1" 404 305 "-" "Safari/13605.2.8 CFNetwork/901.1 Darwin/17.6.0 (x86_64)"
80.120.5.131 - - [09/Jul/2018:13:17:36 +0200] "GET /favicon.ico HTTP/1.1" 200 3250 "-" "Safari/13605.2.8 CFNetwork/901.1 Darwin/17.6.0 (x86_64)"
90.152.128.107 - - [09/Jul/2018:13:17:50 +0200] "GET /reload?ser=1531135069983 HTTP/1.1" 200 28 "http://renault.2web.at/" "Mozilla/5.0 (Windows NT 10.0; WOW64) AppleWebKit/537.36 (KHTML, like Gecko) Chrome/67.0.3396.99 Safari/537.36"
212.152.246.135 - - [09/Jul/2018:13:18:04 +0200] "GET /reload?ser=1531135084050 HTTP/1.1" 200 28 "http://renault.activities.at/" "Mozilla/5.0 (Windows NT 6.1; WOW64; Trident/7.0; rv:11.0) like Gecko"
90.152.128.107 - - [09/Jul/2018:13:18:50 +0200] "GET /reload?ser=1531135130669 HTTP/1.1" 200 28 "http://renault.2web.at/" "Mozilla/5.0 (Windows NT 10.0; WOW64) AppleWebKit/537.36 (KHTML, like Gecko) Chrome/67.0.3396.99 Safari/537.36"
212.152.246.135 - - [09/Jul/2018:13:19:04 +0200] "GET /reload?ser=1531135144714 HTTP/1.1" 200 28 "http://renault.activities.at/" "Mozilla/5.0 (Windows NT 6.1; WOW64; Trident/7.0; rv:11.0) like Gecko"
90.152.128.107 - - [09/Jul/2018:13:19:51 +0200] "GET /reload?ser=1531135191342 HTTP/1.1" 200 28 "http://renault.2web.at/" "Mozilla/5.0 (Windows NT 10.0; WOW64) AppleWebKit/537.36 (KHTML, like Gecko) Chrome/67.0.3396.99 Safari/537.36"
212.152.246.135 - - [09/Jul/2018:13:20:05 +0200] "GET /reload?ser=1531135205360 HTTP/1.1" 200 28 "http://renault.activities.at/" "Mozilla/5.0 (Windows NT 6.1; WOW64; Trident/7.0; rv:11.0) like Gecko"
91.113.165.162 - - [09/Jul/2018:13:20:19 +0200] "GET / HTTP/1.1" 200 3710 "-" "Mozilla/5.0 (Windows NT 6.1; WOW64; Trident/7.0; rv:11.0) like Gecko"
90.152.128.107 - - [09/Jul/2018:13:20:52 +0200] "GET /reload?ser=1531135252009 HTTP/1.1" 200 28 "http://renault.2web.at/" "Mozilla/5.0 (Windows NT 10.0; WOW64) AppleWebKit/537.36 (KHTML, like Gecko) Chrome/67.0.3396.99 Safari/537.36"
212.152.246.135 - - [09/Jul/2018:13:21:06 +0200] "GET /reload?ser=1531135266019 HTTP/1.1" 200 28 "http://renault.activities.at/" "Mozilla/5.0 (Windows NT 6.1; WOW64; Trident/7.0; rv:11.0) like Gecko"
90.152.128.107 - - [09/Jul/2018:13:21:52 +0200] "GET /reload?ser=1531135312666 HTTP/1.1" 200 28 "http://renault.2web.at/" "Mozilla/5.0 (Windows NT 10.0; WOW64) AppleWebKit/537.36 (KHTML, like Gecko) Chrome/67.0.3396.99 Safari/537.36"
212.152.246.135 - - [09/Jul/2018:13:22:06 +0200] "GET /reload?ser=1531135326697 HTTP/1.1" 200 28 "http://renault.activities.at/" "Mozilla/5.0 (Windows NT 6.1; WOW64; Trident/7.0; rv:11.0) like Gecko"
90.152.128.107 - - [09/Jul/2018:13:22:53 +0200] "GET /reload?ser=1531135373348 HTTP/1.1" 200 28 "http://renault.2web.at/" "Mozilla/5.0 (Windows NT 10.0; WOW64) AppleWebKit/537.36 (KHTML, like Gecko) Chrome/67.0.3396.99 Safari/537.36"
212.152.246.135 - - [09/Jul/2018:13:23:07 +0200] "GET /reload?ser=1531135387354 HTTP/1.1" 200 28 "http://renault.activities.at/" "Mozilla/5.0 (Windows NT 6.1; WOW64; Trident/7.0; rv:11.0) like Gecko"
90.152.128.107 - - [09/Jul/2018:13:23:54 +0200] "GET /reload?ser=1531135434002 HTTP/1.1" 200 28 "http://renault.2web.at/" "Mozilla/5.0 (Windows NT 10.0; WOW64) AppleWebKit/537.36 (KHTML, like Gecko) Chrome/67.0.3396.99 Safari/537.36"
212.152.246.135 - - [09/Jul/2018:13:24:08 +0200] "GET /reload?ser=1531135448009 HTTP/1.1" 200 28 "http://renault.activities.at/" "Mozilla/5.0 (Windows NT 6.1; WOW64; Trident/7.0; rv:11.0) like Gecko"
90.152.128.107 - - [09/Jul/2018:13:24:54 +0200] "GET /reload?ser=1531135494661 HTTP/1.1" 200 28 "http://renault.2web.at/" "Mozilla/5.0 (Windows NT 10.0; WOW64) AppleWebKit/537.36 (KHTML, like Gecko) Chrome/67.0.3396.99 Safari/537.36"
212.152.246.135 - - [09/Jul/2018:13:25:08 +0200] "GET /reload?ser=1531135508664 HTTP/1.1" 200 28 "http://renault.activities.at/" "Mozilla/5.0 (Windows NT 6.1; WOW64; Trident/7.0; rv:11.0) like Gecko"
90.152.128.107 - - [09/Jul/2018:13:25:55 +0200] "GET /reload?ser=1531135555320 HTTP/1.1" 200 28 "http://renault.2web.at/" "Mozilla/5.0 (Windows NT 10.0; WOW64) AppleWebKit/537.36 (KHTML, like Gecko) Chrome/67.0.3396.99 Safari/537.36"
212.152.246.135 - - [09/Jul/2018:13:26:09 +0200] "GET /reload?ser=1531135569318 HTTP/1.1" 200 28 "http://renault.activities.at/" "Mozilla/5.0 (Windows NT 6.1; WOW64; Trident/7.0; rv:11.0) like Gecko"
90.152.128.107 - - [09/Jul/2018:13:26:56 +0200] "GET /reload?ser=1531135615999 HTTP/1.1" 200 28 "http://renault.2web.at/" "Mozilla/5.0 (Windows NT 10.0; WOW64) AppleWebKit/537.36 (KHTML, like Gecko) Chrome/67.0.3396.99 Safari/537.36"
212.152.246.135 - - [09/Jul/2018:13:27:10 +0200] "GET /reload?ser=1531135629983 HTTP/1.1" 200 28 "http://renault.activities.at/" "Mozilla/5.0 (Windows NT 6.1; WOW64; Trident/7.0; rv:11.0) like Gecko"
90.152.128.107 - - [09/Jul/2018:13:27:56 +0200] "GET /reload?ser=1531135676660 HTTP/1.1" 200 28 "http://renault.2web.at/" "Mozilla/5.0 (Windows NT 10.0; WOW64) AppleWebKit/537.36 (KHTML, like Gecko) Chrome/67.0.3396.99 Safari/537.36"
212.152.246.135 - - [09/Jul/2018:13:28:10 +0200] "GET /reload?ser=1531135690657 HTTP/1.1" 200 28 "http://renault.activities.at/" "Mozilla/5.0 (Windows NT 6.1; WOW64; Trident/7.0; rv:11.0) like Gecko"
90.152.128.107 - - [09/Jul/2018:13:28:57 +0200] "GET /reload?ser=1531135737345 HTTP/1.1" 200 28 "http://renault.2web.at/" "Mozilla/5.0 (Windows NT 10.0; WOW64) AppleWebKit/537.36 (KHTML, like Gecko) Chrome/67.0.3396.99 Safari/537.36"
212.152.246.135 - - [09/Jul/2018:13:29:11 +0200] "GET /reload?ser=1531135751314 HTTP/1.1" 200 28 "http://renault.activities.at/" "Mozilla/5.0 (Windows NT 6.1; WOW64; Trident/7.0; rv:11.0) like Gecko"
90.152.128.107 - - [09/Jul/2018:13:29:58 +0200] "GET /reload?ser=1531135798018 HTTP/1.1" 200 28 "http://renault.2web.at/" "Mozilla/5.0 (Windows NT 10.0; WOW64) AppleWebKit/537.36 (KHTML, like Gecko) Chrome/67.0.3396.99 Safari/537.36"
212.152.246.135 - - [09/Jul/2018:13:30:12 +0200] "GET /reload?ser=1531135811967 HTTP/1.1" 200 28 "http://renault.activities.at/" "Mozilla/5.0 (Windows NT 6.1; WOW64; Trident/7.0; rv:11.0) like Gecko"
90.152.128.107 - - [09/Jul/2018:13:30:58 +0200] "GET /reload?ser=1531135858685 HTTP/1.1" 200 28 "http://renault.2web.at/" "Mozilla/5.0 (Windows NT 10.0; WOW64) AppleWebKit/537.36 (KHTML, like Gecko) Chrome/67.0.3396.99 Safari/537.36"
212.152.246.135 - - [09/Jul/2018:13:31:12 +0200] "GET /reload?ser=1531135872615 HTTP/1.1" 200 28 "http://renault.activities.at/" "Mozilla/5.0 (Windows NT 6.1; WOW64; Trident/7.0; rv:11.0) like Gecko"
90.152.128.107 - - [09/Jul/2018:13:31:59 +0200] "GET /reload?ser=1531135919371 HTTP/1.1" 200 28 "http://renault.2web.at/" "Mozilla/5.0 (Windows NT 10.0; WOW64) AppleWebKit/537.36 (KHTML, like Gecko) Chrome/67.0.3396.99 Safari/537.36"
212.152.246.135 - - [09/Jul/2018:13:32:13 +0200] "GET /reload?ser=1531135933281 HTTP/1.1" 200 28 "http://renault.activities.at/" "Mozilla/5.0 (Windows NT 6.1; WOW64; Trident/7.0; rv:11.0) like Gecko"
212.152.246.135 - - [09/Jul/2018:13:32:54 +0200] "GET /login HTTP/1.1" 200 2086 "http://renault.activities.at/" "Mozilla/5.0 (Windows NT 6.1; WOW64; Trident/7.0; rv:11.0) like Gecko"
212.152.246.135 - - [09/Jul/2018:13:32:55 +0200] "GET /js/default.js HTTP/1.1" 304 - "http://renault.activities.at/login" "Mozilla/5.0 (Windows NT 6.1; WOW64; Trident/7.0; rv:11.0) like Gecko"
212.152.246.135 - - [09/Jul/2018:13:32:55 +0200] "GET /css/reset.css HTTP/1.1" 304 - "http://renault.activities.at/login" "Mozilla/5.0 (Windows NT 6.1; WOW64; Trident/7.0; rv:11.0) like Gecko"
212.152.246.135 - - [09/Jul/2018:13:32:55 +0200] "GET /css/styles.css HTTP/1.1" 304 - "http://renault.activities.at/login" "Mozilla/5.0 (Windows NT 6.1; WOW64; Trident/7.0; rv:11.0) like Gecko"
212.152.246.135 - - [09/Jul/2018:13:32:55 +0200] "GET /css/clears.css HTTP/1.1" 304 - "http://renault.activities.at/login" "Mozilla/5.0 (Windows NT 6.1; WOW64; Trident/7.0; rv:11.0) like Gecko"
212.152.246.135 - - [09/Jul/2018:13:32:55 +0200] "GET /css/print.css HTTP/1.1" 304 - "http://renault.activities.at/login" "Mozilla/5.0 (Windows NT 6.1; WOW64; Trident/7.0; rv:11.0) like Gecko"
212.152.246.135 - - [09/Jul/2018:13:32:55 +0200] "GET /js/checkout.css HTTP/1.1" 304 - "http://renault.activities.at/login" "Mozilla/5.0 (Windows NT 6.1; WOW64; Trident/7.0; rv:11.0) like Gecko"
212.152.246.135 - - [09/Jul/2018:13:32:55 +0200] "GET /css/prototip.css HTTP/1.1" 304 - "http://renault.activities.at/login" "Mozilla/5.0 (Windows NT 6.1; WOW64; Trident/7.0; rv:11.0) like Gecko"
212.152.246.135 - - [09/Jul/2018:13:32:55 +0200] "GET /css/themes/default.css HTTP/1.1" 304 - "http://renault.activities.at/login" "Mozilla/5.0 (Windows NT 6.1; WOW64; Trident/7.0; rv:11.0) like Gecko"
212.152.246.135 - - [09/Jul/2018:13:32:55 +0200] "GET /css/themes/alphacube.css HTTP/1.1" 304 - "http://renault.activities.at/login" "Mozilla/5.0 (Windows NT 6.1; WOW64; Trident/7.0; rv:11.0) like Gecko"
212.152.246.135 - - [09/Jul/2018:13:32:55 +0200] "GET /images/main_block_border.gif HTTP/1.1" 200 43 "http://renault.activities.at/login" "Mozilla/5.0 (Windows NT 6.1; WOW64; Trident/7.0; rv:11.0) like Gecko"
212.152.246.135 - - [09/Jul/2018:13:32:55 +0200] "GET /images/main_block_corner_right_top.gif HTTP/1.1" 200 159 "http://renault.activities.at/login" "Mozilla/5.0 (Windows NT 6.1; WOW64; Trident/7.0; rv:11.0) like Gecko"
212.152.246.135 - - [09/Jul/2018:13:32:55 +0200] "GET /images/main_block_corner_left_top.gif HTTP/1.1" 200 159 "http://renault.activities.at/login" "Mozilla/5.0 (Windows NT 6.1; WOW64; Trident/7.0; rv:11.0) like Gecko"
212.152.246.135 - - [09/Jul/2018:13:32:55 +0200] "GET /images/main_block_corner_right_bot.gif HTTP/1.1" 200 158 "http://renault.activities.at/login" "Mozilla/5.0 (Windows NT 6.1; WOW64; Trident/7.0; rv:11.0) like Gecko"
212.152.246.135 - - [09/Jul/2018:13:32:55 +0200] "GET /images/main_block_corner_left_bot.gif HTTP/1.1" 200 159 "http://renault.activities.at/login" "Mozilla/5.0 (Windows NT 6.1; WOW64; Trident/7.0; rv:11.0) like Gecko"
212.152.246.135 - - [09/Jul/2018:13:32:55 +0200] "GET /images/header_block_border.gif HTTP/1.1" 200 43 "http://renault.activities.at/login" "Mozilla/5.0 (Windows NT 6.1; WOW64; Trident/7.0; rv:11.0) like Gecko"
212.152.246.135 - - [09/Jul/2018:13:32:55 +0200] "GET /images/header_block_corner_left_top.gif HTTP/1.1" 200 160 "http://renault.activities.at/login" "Mozilla/5.0 (Windows NT 6.1; WOW64; Trident/7.0; rv:11.0) like Gecko"
212.152.246.135 - - [09/Jul/2018:13:32:55 +0200] "GET /images/header_block_corner_right_top.gif HTTP/1.1" 200 160 "http://renault.activities.at/login" "Mozilla/5.0 (Windows NT 6.1; WOW64; Trident/7.0; rv:11.0) like Gecko"
212.152.246.135 - - [09/Jul/2018:13:32:55 +0200] "GET /images/title_border.jpg HTTP/1.1" 200 304 "http://renault.activities.at/login" "Mozilla/5.0 (Windows NT 6.1; WOW64; Trident/7.0; rv:11.0) like Gecko"
