212.152.246.135 - - [09/Jul/2018:11:35:56 +0200] "GET /reload?ser=1531128956609 HTTP/1.1" 200 28 "http://renault.activities.at/" "Mozilla/5.0 (Windows NT 6.1; WOW64; Trident/7.0; rv:11.0) like Gecko"
193.194.132.28 - - [09/Jul/2018:11:36:22 +0200] "GET /reload?ser=1531128982338 HTTP/1.1" 200 28 "http://renault.2web.at/result?searchterm=true&search=4+Jahre" "Mozilla/5.0 (Windows NT 6.1; WOW64; Trident/7.0; rv:11.0) like Gecko"
90.152.128.107 - - [09/Jul/2018:11:36:42 +0200] "GET /reload?ser=1531129002387 HTTP/1.1" 200 28 "http://renault.2web.at/" "Mozilla/5.0 (Windows NT 10.0; WOW64) AppleWebKit/537.36 (KHTML, like Gecko) Chrome/67.0.3396.99 Safari/537.36"
193.194.132.25 - - [09/Jul/2018:11:36:53 +0200] "GET /reload?ser=1531129013383 HTTP/1.1" 200 28 "http://renault.2web.at/result?searchterm=true&search=REH20161020" "Mozilla/5.0 (Windows NT 6.1; WOW64; Trident/7.0; rv:11.0) like Gecko"
212.152.246.135 - - [09/Jul/2018:11:36:57 +0200] "GET /reload?ser=1531129017299 HTTP/1.1" 200 28 "http://renault.activities.at/" "Mozilla/5.0 (Windows NT 6.1; WOW64; Trident/7.0; rv:11.0) like Gecko"
193.194.132.28 - - [09/Jul/2018:11:37:23 +0200] "GET /reload?ser=1531129043402 HTTP/1.1" 200 28 "http://renault.2web.at/result?searchterm=true&search=4+Jahre" "Mozilla/5.0 (Windows NT 6.1; WOW64; Trident/7.0; rv:11.0) like Gecko"
90.152.128.107 - - [09/Jul/2018:11:37:43 +0200] "GET /reload?ser=1531129063067 HTTP/1.1" 200 28 "http://renault.2web.at/" "Mozilla/5.0 (Windows NT 10.0; WOW64) AppleWebKit/537.36 (KHTML, like Gecko) Chrome/67.0.3396.99 Safari/537.36"
193.194.132.25 - - [09/Jul/2018:11:37:54 +0200] "GET /reload?ser=1531129074471 HTTP/1.1" 200 28 "http://renault.2web.at/result?searchterm=true&search=REH20161020" "Mozilla/5.0 (Windows NT 6.1; WOW64; Trident/7.0; rv:11.0) like Gecko"
212.152.246.135 - - [09/Jul/2018:11:37:58 +0200] "GET /reload?ser=1531129077966 HTTP/1.1" 200 28 "http://renault.activities.at/" "Mozilla/5.0 (Windows NT 6.1; WOW64; Trident/7.0; rv:11.0) like Gecko"
193.194.132.28 - - [09/Jul/2018:11:38:24 +0200] "GET /reload?ser=1531129104552 HTTP/1.1" 200 28 "http://renault.2web.at/result?searchterm=true&search=4+Jahre" "Mozilla/5.0 (Windows NT 6.1; WOW64; Trident/7.0; rv:11.0) like Gecko"
90.152.128.107 - - [09/Jul/2018:11:38:43 +0200] "GET /reload?ser=1531129123734 HTTP/1.1" 200 28 "http://renault.2web.at/" "Mozilla/5.0 (Windows NT 10.0; WOW64) AppleWebKit/537.36 (KHTML, like Gecko) Chrome/67.0.3396.99 Safari/537.36"
193.194.132.25 - - [09/Jul/2018:11:38:55 +0200] "GET /reload?ser=1531129135562 HTTP/1.1" 200 28 "http://renault.2web.at/result?searchterm=true&search=REH20161020" "Mozilla/5.0 (Windows NT 6.1; WOW64; Trident/7.0; rv:11.0) like Gecko"
212.152.246.135 - - [09/Jul/2018:11:38:58 +0200] "GET /reload?ser=1531129138636 HTTP/1.1" 200 28 "http://renault.activities.at/" "Mozilla/5.0 (Windows NT 6.1; WOW64; Trident/7.0; rv:11.0) like Gecko"
193.194.132.28 - - [09/Jul/2018:11:39:25 +0200] "GET /reload?ser=1531129165664 HTTP/1.1" 200 28 "http://renault.2web.at/result?searchterm=true&search=4+Jahre" "Mozilla/5.0 (Windows NT 6.1; WOW64; Trident/7.0; rv:11.0) like Gecko"
90.152.128.107 - - [09/Jul/2018:11:39:44 +0200] "GET /reload?ser=1531129184400 HTTP/1.1" 200 28 "http://renault.2web.at/" "Mozilla/5.0 (Windows NT 10.0; WOW64) AppleWebKit/537.36 (KHTML, like Gecko) Chrome/67.0.3396.99 Safari/537.36"
193.194.132.25 - - [09/Jul/2018:11:39:56 +0200] "GET /reload?ser=1531129196685 HTTP/1.1" 200 28 "http://renault.2web.at/result?searchterm=true&search=REH20161020" "Mozilla/5.0 (Windows NT 6.1; WOW64; Trident/7.0; rv:11.0) like Gecko"
212.152.246.135 - - [09/Jul/2018:11:39:59 +0200] "GET /reload?ser=1531129199293 HTTP/1.1" 200 28 "http://renault.activities.at/" "Mozilla/5.0 (Windows NT 6.1; WOW64; Trident/7.0; rv:11.0) like Gecko"
193.194.132.28 - - [09/Jul/2018:11:40:26 +0200] "GET /reload?ser=1531129226735 HTTP/1.1" 200 28 "http://renault.2web.at/result?searchterm=true&search=4+Jahre" "Mozilla/5.0 (Windows NT 6.1; WOW64; Trident/7.0; rv:11.0) like Gecko"
90.152.128.107 - - [09/Jul/2018:11:40:45 +0200] "GET /reload?ser=1531129245067 HTTP/1.1" 200 28 "http://renault.2web.at/" "Mozilla/5.0 (Windows NT 10.0; WOW64) AppleWebKit/537.36 (KHTML, like Gecko) Chrome/67.0.3396.99 Safari/537.36"
193.194.132.25 - - [09/Jul/2018:11:40:57 +0200] "GET /reload?ser=1531129257779 HTTP/1.1" 200 28 "http://renault.2web.at/result?searchterm=true&search=REH20161020" "Mozilla/5.0 (Windows NT 6.1; WOW64; Trident/7.0; rv:11.0) like Gecko"
212.152.246.135 - - [09/Jul/2018:11:40:59 +0200] "GET /reload?ser=1531129259940 HTTP/1.1" 200 28 "http://renault.activities.at/" "Mozilla/5.0 (Windows NT 6.1; WOW64; Trident/7.0; rv:11.0) like Gecko"
193.194.132.28 - - [09/Jul/2018:11:41:27 +0200] "GET /reload?ser=1531129287794 HTTP/1.1" 200 28 "http://renault.2web.at/result?searchterm=true&search=4+Jahre" "Mozilla/5.0 (Windows NT 6.1; WOW64; Trident/7.0; rv:11.0) like Gecko"
90.152.128.107 - - [09/Jul/2018:11:41:45 +0200] "GET /reload?ser=1531129305739 HTTP/1.1" 200 28 "http://renault.2web.at/" "Mozilla/5.0 (Windows NT 10.0; WOW64) AppleWebKit/537.36 (KHTML, like Gecko) Chrome/67.0.3396.99 Safari/537.36"
193.194.132.25 - - [09/Jul/2018:11:41:58 +0200] "GET /reload?ser=1531129318853 HTTP/1.1" 200 28 "http://renault.2web.at/result?searchterm=true&search=REH20161020" "Mozilla/5.0 (Windows NT 6.1; WOW64; Trident/7.0; rv:11.0) like Gecko"
212.152.246.135 - - [09/Jul/2018:11:42:00 +0200] "GET /reload?ser=1531129320587 HTTP/1.1" 200 28 "http://renault.activities.at/" "Mozilla/5.0 (Windows NT 6.1; WOW64; Trident/7.0; rv:11.0) like Gecko"
193.194.132.28 - - [09/Jul/2018:11:42:28 +0200] "GET /reload?ser=1531129348875 HTTP/1.1" 200 28 "http://renault.2web.at/result?searchterm=true&search=4+Jahre" "Mozilla/5.0 (Windows NT 6.1; WOW64; Trident/7.0; rv:11.0) like Gecko"
90.152.128.107 - - [09/Jul/2018:11:42:46 +0200] "GET /reload?ser=1531129366435 HTTP/1.1" 200 28 "http://renault.2web.at/" "Mozilla/5.0 (Windows NT 10.0; WOW64) AppleWebKit/537.36 (KHTML, like Gecko) Chrome/67.0.3396.99 Safari/537.36"
193.194.132.25 - - [09/Jul/2018:11:43:00 +0200] "GET /reload?ser=1531129380004 HTTP/1.1" 200 28 "http://renault.2web.at/result?searchterm=true&search=REH20161020" "Mozilla/5.0 (Windows NT 6.1; WOW64; Trident/7.0; rv:11.0) like Gecko"
212.152.246.135 - - [09/Jul/2018:11:43:01 +0200] "GET /reload?ser=1531129381254 HTTP/1.1" 200 28 "http://renault.activities.at/" "Mozilla/5.0 (Windows NT 6.1; WOW64; Trident/7.0; rv:11.0) like Gecko"
193.194.132.28 - - [09/Jul/2018:11:43:30 +0200] "GET /reload?ser=1531129409999 HTTP/1.1" 200 28 "http://renault.2web.at/result?searchterm=true&search=4+Jahre" "Mozilla/5.0 (Windows NT 6.1; WOW64; Trident/7.0; rv:11.0) like Gecko"
90.152.128.107 - - [09/Jul/2018:11:43:47 +0200] "GET /reload?ser=1531129427101 HTTP/1.1" 200 28 "http://renault.2web.at/" "Mozilla/5.0 (Windows NT 10.0; WOW64) AppleWebKit/537.36 (KHTML, like Gecko) Chrome/67.0.3396.99 Safari/537.36"
193.194.132.25 - - [09/Jul/2018:11:44:01 +0200] "GET /reload?ser=1531129441131 HTTP/1.1" 200 28 "http://renault.2web.at/result?searchterm=true&search=REH20161020" "Mozilla/5.0 (Windows NT 6.1; WOW64; Trident/7.0; rv:11.0) like Gecko"
212.152.246.135 - - [09/Jul/2018:11:44:02 +0200] "GET /reload?ser=1531129442118 HTTP/1.1" 200 28 "http://renault.activities.at/" "Mozilla/5.0 (Windows NT 6.1; WOW64; Trident/7.0; rv:11.0) like Gecko"
193.194.132.28 - - [09/Jul/2018:11:44:31 +0200] "GET /reload?ser=1531129471103 HTTP/1.1" 200 28 "http://renault.2web.at/result?searchterm=true&search=4+Jahre" "Mozilla/5.0 (Windows NT 6.1; WOW64; Trident/7.0; rv:11.0) like Gecko"
90.152.128.107 - - [09/Jul/2018:11:44:47 +0200] "GET /reload?ser=1531129487789 HTTP/1.1" 200 28 "http://renault.2web.at/" "Mozilla/5.0 (Windows NT 10.0; WOW64) AppleWebKit/537.36 (KHTML, like Gecko) Chrome/67.0.3396.99 Safari/537.36"
193.194.132.25 - - [09/Jul/2018:11:45:02 +0200] "GET /reload?ser=1531129502267 HTTP/1.1" 200 28 "http://renault.2web.at/result?searchterm=true&search=REH20161020" "Mozilla/5.0 (Windows NT 6.1; WOW64; Trident/7.0; rv:11.0) like Gecko"
212.152.246.135 - - [09/Jul/2018:11:45:03 +0200] "GET /reload?ser=1531129503034 HTTP/1.1" 200 28 "http://renault.activities.at/" "Mozilla/5.0 (Windows NT 6.1; WOW64; Trident/7.0; rv:11.0) like Gecko"
193.194.132.28 - - [09/Jul/2018:11:45:32 +0200] "GET /reload?ser=1531129532211 HTTP/1.1" 200 28 "http://renault.2web.at/result?searchterm=true&search=4+Jahre" "Mozilla/5.0 (Windows NT 6.1; WOW64; Trident/7.0; rv:11.0) like Gecko"
90.152.128.107 - - [09/Jul/2018:11:45:48 +0200] "GET /reload?ser=1531129548486 HTTP/1.1" 200 28 "http://renault.2web.at/" "Mozilla/5.0 (Windows NT 10.0; WOW64) AppleWebKit/537.36 (KHTML, like Gecko) Chrome/67.0.3396.99 Safari/537.36"
193.194.132.25 - - [09/Jul/2018:11:46:03 +0200] "GET /reload?ser=1531129563390 HTTP/1.1" 200 28 "http://renault.2web.at/result?searchterm=true&search=REH20161020" "Mozilla/5.0 (Windows NT 6.1; WOW64; Trident/7.0; rv:11.0) like Gecko"
212.152.246.135 - - [09/Jul/2018:11:46:03 +0200] "GET /reload?ser=1531129563799 HTTP/1.1" 200 28 "http://renault.activities.at/" "Mozilla/5.0 (Windows NT 6.1; WOW64; Trident/7.0; rv:11.0) like Gecko"
193.194.132.28 - - [09/Jul/2018:11:46:33 +0200] "GET /reload?ser=1531129593301 HTTP/1.1" 200 28 "http://renault.2web.at/result?searchterm=true&search=4+Jahre" "Mozilla/5.0 (Windows NT 6.1; WOW64; Trident/7.0; rv:11.0) like Gecko"
90.152.128.107 - - [09/Jul/2018:11:46:49 +0200] "GET /reload?ser=1531129609152 HTTP/1.1" 200 28 "http://renault.2web.at/" "Mozilla/5.0 (Windows NT 10.0; WOW64) AppleWebKit/537.36 (KHTML, like Gecko) Chrome/67.0.3396.99 Safari/537.36"
212.152.246.135 - - [09/Jul/2018:11:47:04 +0200] "GET /reload?ser=1531129624446 HTTP/1.1" 200 28 "http://renault.activities.at/" "Mozilla/5.0 (Windows NT 6.1; WOW64; Trident/7.0; rv:11.0) like Gecko"
193.194.132.25 - - [09/Jul/2018:11:47:04 +0200] "GET /reload?ser=1531129624504 HTTP/1.1" 200 28 "http://renault.2web.at/result?searchterm=true&search=REH20161020" "Mozilla/5.0 (Windows NT 6.1; WOW64; Trident/7.0; rv:11.0) like Gecko"
193.194.132.28 - - [09/Jul/2018:11:47:34 +0200] "GET /reload?ser=1531129654408 HTTP/1.1" 200 28 "http://renault.2web.at/result?searchterm=true&search=4+Jahre" "Mozilla/5.0 (Windows NT 6.1; WOW64; Trident/7.0; rv:11.0) like Gecko"
90.152.128.107 - - [09/Jul/2018:11:47:49 +0200] "GET /reload?ser=1531129669819 HTTP/1.1" 200 28 "http://renault.2web.at/" "Mozilla/5.0 (Windows NT 10.0; WOW64) AppleWebKit/537.36 (KHTML, like Gecko) Chrome/67.0.3396.99 Safari/537.36"
212.152.246.135 - - [09/Jul/2018:11:48:05 +0200] "GET /reload?ser=1531129685092 HTTP/1.1" 200 28 "http://renault.activities.at/" "Mozilla/5.0 (Windows NT 6.1; WOW64; Trident/7.0; rv:11.0) like Gecko"
193.194.132.25 - - [09/Jul/2018:11:48:05 +0200] "GET /reload?ser=1531129685636 HTTP/1.1" 200 28 "http://renault.2web.at/result?searchterm=true&search=REH20161020" "Mozilla/5.0 (Windows NT 6.1; WOW64; Trident/7.0; rv:11.0) like Gecko"
193.194.132.28 - - [09/Jul/2018:11:48:35 +0200] "GET /reload?ser=1531129715487 HTTP/1.1" 200 28 "http://renault.2web.at/result?searchterm=true&search=4+Jahre" "Mozilla/5.0 (Windows NT 6.1; WOW64; Trident/7.0; rv:11.0) like Gecko"
90.152.128.107 - - [09/Jul/2018:11:48:50 +0200] "GET /reload?ser=1531129730491 HTTP/1.1" 200 28 "http://renault.2web.at/" "Mozilla/5.0 (Windows NT 10.0; WOW64) AppleWebKit/537.36 (KHTML, like Gecko) Chrome/67.0.3396.99 Safari/537.36"
212.152.246.135 - - [09/Jul/2018:11:49:05 +0200] "GET /reload?ser=1531129745750 HTTP/1.1" 200 28 "http://renault.activities.at/" "Mozilla/5.0 (Windows NT 6.1; WOW64; Trident/7.0; rv:11.0) like Gecko"
193.194.132.25 - - [09/Jul/2018:11:49:06 +0200] "GET /reload?ser=1531129746774 HTTP/1.1" 200 28 "http://renault.2web.at/result?searchterm=true&search=REH20161020" "Mozilla/5.0 (Windows NT 6.1; WOW64; Trident/7.0; rv:11.0) like Gecko"
193.194.132.28 - - [09/Jul/2018:11:49:36 +0200] "GET /reload?ser=1531129776594 HTTP/1.1" 200 28 "http://renault.2web.at/result?searchterm=true&search=4+Jahre" "Mozilla/5.0 (Windows NT 6.1; WOW64; Trident/7.0; rv:11.0) like Gecko"
90.152.128.107 - - [09/Jul/2018:11:49:51 +0200] "GET /reload?ser=1531129791158 HTTP/1.1" 200 28 "http://renault.2web.at/" "Mozilla/5.0 (Windows NT 10.0; WOW64) AppleWebKit/537.36 (KHTML, like Gecko) Chrome/67.0.3396.99 Safari/537.36"
212.152.246.135 - - [09/Jul/2018:11:50:06 +0200] "GET /reload?ser=1531129806432 HTTP/1.1" 200 28 "http://renault.activities.at/" "Mozilla/5.0 (Windows NT 6.1; WOW64; Trident/7.0; rv:11.0) like Gecko"
193.194.132.25 - - [09/Jul/2018:11:50:07 +0200] "GET /reload?ser=1531129807898 HTTP/1.1" 200 28 "http://renault.2web.at/result?searchterm=true&search=REH20161020" "Mozilla/5.0 (Windows NT 6.1; WOW64; Trident/7.0; rv:11.0) like Gecko"
193.194.132.28 - - [09/Jul/2018:11:50:37 +0200] "GET /reload?ser=1531129837642 HTTP/1.1" 200 28 "http://renault.2web.at/result?searchterm=true&search=4+Jahre" "Mozilla/5.0 (Windows NT 6.1; WOW64; Trident/7.0; rv:11.0) like Gecko"
90.152.128.107 - - [09/Jul/2018:11:50:51 +0200] "GET /reload?ser=1531129851841 HTTP/1.1" 200 28 "http://renault.2web.at/" "Mozilla/5.0 (Windows NT 10.0; WOW64) AppleWebKit/537.36 (KHTML, like Gecko) Chrome/67.0.3396.99 Safari/537.36"
212.152.246.135 - - [09/Jul/2018:11:51:07 +0200] "GET /reload?ser=1531129867088 HTTP/1.1" 200 28 "http://renault.activities.at/" "Mozilla/5.0 (Windows NT 6.1; WOW64; Trident/7.0; rv:11.0) like Gecko"
193.194.132.25 - - [09/Jul/2018:11:51:09 +0200] "GET /reload?ser=1531129868996 HTTP/1.1" 200 28 "http://renault.2web.at/result?searchterm=true&search=REH20161020" "Mozilla/5.0 (Windows NT 6.1; WOW64; Trident/7.0; rv:11.0) like Gecko"
193.194.132.28 - - [09/Jul/2018:11:51:38 +0200] "GET /reload?ser=1531129898706 HTTP/1.1" 200 28 "http://renault.2web.at/result?searchterm=true&search=4+Jahre" "Mozilla/5.0 (Windows NT 6.1; WOW64; Trident/7.0; rv:11.0) like Gecko"
90.152.128.107 - - [09/Jul/2018:11:51:52 +0200] "GET /reload?ser=1531129912518 HTTP/1.1" 200 28 "http://renault.2web.at/" "Mozilla/5.0 (Windows NT 10.0; WOW64) AppleWebKit/537.36 (KHTML, like Gecko) Chrome/67.0.3396.99 Safari/537.36"
212.152.246.135 - - [09/Jul/2018:11:52:07 +0200] "GET /reload?ser=1531129927754 HTTP/1.1" 200 28 "http://renault.activities.at/" "Mozilla/5.0 (Windows NT 6.1; WOW64; Trident/7.0; rv:11.0) like Gecko"
193.194.132.25 - - [09/Jul/2018:11:52:10 +0200] "GET /reload?ser=1531129930103 HTTP/1.1" 200 28 "http://renault.2web.at/result?searchterm=true&search=REH20161020" "Mozilla/5.0 (Windows NT 6.1; WOW64; Trident/7.0; rv:11.0) like Gecko"
193.194.132.28 - - [09/Jul/2018:11:52:39 +0200] "GET /reload?ser=1531129959789 HTTP/1.1" 200 28 "http://renault.2web.at/result?searchterm=true&search=4+Jahre" "Mozilla/5.0 (Windows NT 6.1; WOW64; Trident/7.0; rv:11.0) like Gecko"
90.152.128.107 - - [09/Jul/2018:11:52:53 +0200] "GET /reload?ser=1531129973200 HTTP/1.1" 200 28 "http://renault.2web.at/" "Mozilla/5.0 (Windows NT 10.0; WOW64) AppleWebKit/537.36 (KHTML, like Gecko) Chrome/67.0.3396.99 Safari/537.36"
212.152.246.135 - - [09/Jul/2018:11:53:08 +0200] "GET /reload?ser=1531129988409 HTTP/1.1" 200 28 "http://renault.activities.at/" "Mozilla/5.0 (Windows NT 6.1; WOW64; Trident/7.0; rv:11.0) like Gecko"
193.194.132.25 - - [09/Jul/2018:11:53:11 +0200] "GET /reload?ser=1531129991227 HTTP/1.1" 200 28 "http://renault.2web.at/result?searchterm=true&search=REH20161020" "Mozilla/5.0 (Windows NT 6.1; WOW64; Trident/7.0; rv:11.0) like Gecko"
193.194.132.28 - - [09/Jul/2018:11:53:41 +0200] "GET /reload?ser=1531130020955 HTTP/1.1" 200 28 "http://renault.2web.at/result?searchterm=true&search=4+Jahre" "Mozilla/5.0 (Windows NT 6.1; WOW64; Trident/7.0; rv:11.0) like Gecko"
90.152.128.107 - - [09/Jul/2018:11:53:53 +0200] "GET /reload?ser=1531130033887 HTTP/1.1" 200 28 "http://renault.2web.at/" "Mozilla/5.0 (Windows NT 10.0; WOW64) AppleWebKit/537.36 (KHTML, like Gecko) Chrome/67.0.3396.99 Safari/537.36"
212.152.246.135 - - [09/Jul/2018:11:54:09 +0200] "GET /reload?ser=1531130049055 HTTP/1.1" 200 28 "http://renault.activities.at/" "Mozilla/5.0 (Windows NT 6.1; WOW64; Trident/7.0; rv:11.0) like Gecko"
193.194.132.25 - - [09/Jul/2018:11:54:12 +0200] "GET /reload?ser=1531130052361 HTTP/1.1" 200 28 "http://renault.2web.at/result?searchterm=true&search=REH20161020" "Mozilla/5.0 (Windows NT 6.1; WOW64; Trident/7.0; rv:11.0) like Gecko"
193.194.132.28 - - [09/Jul/2018:11:54:42 +0200] "GET /reload?ser=1531130082034 HTTP/1.1" 200 28 "http://renault.2web.at/result?searchterm=true&search=4+Jahre" "Mozilla/5.0 (Windows NT 6.1; WOW64; Trident/7.0; rv:11.0) like Gecko"
90.152.128.107 - - [09/Jul/2018:11:54:54 +0200] "GET /reload?ser=1531130094569 HTTP/1.1" 200 28 "http://renault.2web.at/" "Mozilla/5.0 (Windows NT 10.0; WOW64) AppleWebKit/537.36 (KHTML, like Gecko) Chrome/67.0.3396.99 Safari/537.36"
212.152.246.135 - - [09/Jul/2018:11:55:09 +0200] "GET /reload?ser=1531130109710 HTTP/1.1" 200 28 "http://renault.activities.at/" "Mozilla/5.0 (Windows NT 6.1; WOW64; Trident/7.0; rv:11.0) like Gecko"
193.194.132.25 - - [09/Jul/2018:11:55:25 +0200] "GET /reload?ser=1531130113489 HTTP/1.1" 200 28 "http://renault.2web.at/result?searchterm=true&search=REH20161020" "Mozilla/5.0 (Windows NT 6.1; WOW64; Trident/7.0; rv:11.0) like Gecko"
193.194.132.28 - - [09/Jul/2018:11:55:43 +0200] "GET /reload?ser=1531130143099 HTTP/1.1" 200 28 "http://renault.2web.at/result?searchterm=true&search=4+Jahre" "Mozilla/5.0 (Windows NT 6.1; WOW64; Trident/7.0; rv:11.0) like Gecko"
90.152.128.107 - - [09/Jul/2018:11:55:55 +0200] "GET /reload?ser=1531130155235 HTTP/1.1" 200 28 "http://renault.2web.at/" "Mozilla/5.0 (Windows NT 10.0; WOW64) AppleWebKit/537.36 (KHTML, like Gecko) Chrome/67.0.3396.99 Safari/537.36"
212.152.246.135 - - [09/Jul/2018:11:56:10 +0200] "GET /reload?ser=1531130170357 HTTP/1.1" 200 28 "http://renault.activities.at/" "Mozilla/5.0 (Windows NT 6.1; WOW64; Trident/7.0; rv:11.0) like Gecko"
193.194.132.25 - - [09/Jul/2018:11:56:26 +0200] "GET /reload?ser=1531130186592 HTTP/1.1" 200 28 "http://renault.2web.at/result?searchterm=true&search=REH20161020" "Mozilla/5.0 (Windows NT 6.1; WOW64; Trident/7.0; rv:11.0) like Gecko"
193.194.132.28 - - [09/Jul/2018:11:56:44 +0200] "GET /reload?ser=1531130204216 HTTP/1.1" 200 28 "http://renault.2web.at/result?searchterm=true&search=4+Jahre" "Mozilla/5.0 (Windows NT 6.1; WOW64; Trident/7.0; rv:11.0) like Gecko"
90.152.128.107 - - [09/Jul/2018:11:56:55 +0200] "GET /reload?ser=1531130215900 HTTP/1.1" 200 28 "http://renault.2web.at/" "Mozilla/5.0 (Windows NT 10.0; WOW64) AppleWebKit/537.36 (KHTML, like Gecko) Chrome/67.0.3396.99 Safari/537.36"
212.152.246.135 - - [09/Jul/2018:11:57:11 +0200] "GET /reload?ser=1531130231013 HTTP/1.1" 200 28 "http://renault.activities.at/" "Mozilla/5.0 (Windows NT 6.1; WOW64; Trident/7.0; rv:11.0) like Gecko"
193.194.132.25 - - [09/Jul/2018:11:57:27 +0200] "GET /reload?ser=1531130247671 HTTP/1.1" 200 28 "http://renault.2web.at/result?searchterm=true&search=REH20161020" "Mozilla/5.0 (Windows NT 6.1; WOW64; Trident/7.0; rv:11.0) like Gecko"
193.194.132.28 - - [09/Jul/2018:11:57:45 +0200] "GET /reload?ser=1531130265331 HTTP/1.1" 200 28 "http://renault.2web.at/result?searchterm=true&search=4+Jahre" "Mozilla/5.0 (Windows NT 6.1; WOW64; Trident/7.0; rv:11.0) like Gecko"
90.152.128.107 - - [09/Jul/2018:11:57:56 +0200] "GET /reload?ser=1531130276572 HTTP/1.1" 200 28 "http://renault.2web.at/" "Mozilla/5.0 (Windows NT 10.0; WOW64) AppleWebKit/537.36 (KHTML, like Gecko) Chrome/67.0.3396.99 Safari/537.36"
212.152.246.135 - - [09/Jul/2018:11:58:11 +0200] "GET /reload?ser=1531130291669 HTTP/1.1" 200 28 "http://renault.activities.at/" "Mozilla/5.0 (Windows NT 6.1; WOW64; Trident/7.0; rv:11.0) like Gecko"
193.194.132.25 - - [09/Jul/2018:11:58:28 +0200] "GET /reload?ser=1531130308815 HTTP/1.1" 200 28 "http://renault.2web.at/result?searchterm=true&search=REH20161020" "Mozilla/5.0 (Windows NT 6.1; WOW64; Trident/7.0; rv:11.0) like Gecko"
193.194.132.28 - - [09/Jul/2018:11:58:46 +0200] "GET /reload?ser=1531130326402 HTTP/1.1" 200 28 "http://renault.2web.at/result?searchterm=true&search=4+Jahre" "Mozilla/5.0 (Windows NT 6.1; WOW64; Trident/7.0; rv:11.0) like Gecko"
90.152.128.107 - - [09/Jul/2018:11:58:57 +0200] "GET /reload?ser=1531130337252 HTTP/1.1" 200 28 "http://renault.2web.at/" "Mozilla/5.0 (Windows NT 10.0; WOW64) AppleWebKit/537.36 (KHTML, like Gecko) Chrome/67.0.3396.99 Safari/537.36"
212.152.246.135 - - [09/Jul/2018:11:59:12 +0200] "GET /reload?ser=1531130352314 HTTP/1.1" 200 28 "http://renault.activities.at/" "Mozilla/5.0 (Windows NT 6.1; WOW64; Trident/7.0; rv:11.0) like Gecko"
193.194.132.25 - - [09/Jul/2018:11:59:29 +0200] "GET /reload?ser=1531130369926 HTTP/1.1" 200 28 "http://renault.2web.at/result?searchterm=true&search=REH20161020" "Mozilla/5.0 (Windows NT 6.1; WOW64; Trident/7.0; rv:11.0) like Gecko"
193.194.132.28 - - [09/Jul/2018:11:59:47 +0200] "GET /reload?ser=1531130387552 HTTP/1.1" 200 28 "http://renault.2web.at/result?searchterm=true&search=4+Jahre" "Mozilla/5.0 (Windows NT 6.1; WOW64; Trident/7.0; rv:11.0) like Gecko"
90.152.128.107 - - [09/Jul/2018:11:59:58 +0200] "GET /reload?ser=1531130397935 HTTP/1.1" 200 28 "http://renault.2web.at/" "Mozilla/5.0 (Windows NT 10.0; WOW64) AppleWebKit/537.36 (KHTML, like Gecko) Chrome/67.0.3396.99 Safari/537.36"
212.152.246.135 - - [09/Jul/2018:12:00:13 +0200] "GET /reload?ser=1531130412971 HTTP/1.1" 200 28 "http://renault.activities.at/" "Mozilla/5.0 (Windows NT 6.1; WOW64; Trident/7.0; rv:11.0) like Gecko"
193.194.132.25 - - [09/Jul/2018:12:00:31 +0200] "GET /reload?ser=1531130430994 HTTP/1.1" 200 28 "http://renault.2web.at/result?searchterm=true&search=REH20161020" "Mozilla/5.0 (Windows NT 6.1; WOW64; Trident/7.0; rv:11.0) like Gecko"
193.194.132.28 - - [09/Jul/2018:12:00:48 +0200] "GET /reload?ser=1531130448729 HTTP/1.1" 200 28 "http://renault.2web.at/result?searchterm=true&search=4+Jahre" "Mozilla/5.0 (Windows NT 6.1; WOW64; Trident/7.0; rv:11.0) like Gecko"
90.152.128.107 - - [09/Jul/2018:12:00:58 +0200] "GET /reload?ser=1531130458590 HTTP/1.1" 200 28 "http://renault.2web.at/" "Mozilla/5.0 (Windows NT 10.0; WOW64) AppleWebKit/537.36 (KHTML, like Gecko) Chrome/67.0.3396.99 Safari/537.36"
212.152.246.135 - - [09/Jul/2018:12:01:13 +0200] "GET /reload?ser=1531130473617 HTTP/1.1" 200 28 "http://renault.activities.at/" "Mozilla/5.0 (Windows NT 6.1; WOW64; Trident/7.0; rv:11.0) like Gecko"
193.194.132.25 - - [09/Jul/2018:12:01:32 +0200] "GET /reload?ser=1531130492075 HTTP/1.1" 200 28 "http://renault.2web.at/result?searchterm=true&search=REH20161020" "Mozilla/5.0 (Windows NT 6.1; WOW64; Trident/7.0; rv:11.0) like Gecko"
193.194.132.28 - - [09/Jul/2018:12:01:49 +0200] "GET /reload?ser=1531130509848 HTTP/1.1" 200 28 "http://renault.2web.at/result?searchterm=true&search=4+Jahre" "Mozilla/5.0 (Windows NT 6.1; WOW64; Trident/7.0; rv:11.0) like Gecko"
90.152.128.107 - - [09/Jul/2018:12:01:59 +0200] "GET /reload?ser=1531130519257 HTTP/1.1" 200 28 "http://renault.2web.at/" "Mozilla/5.0 (Windows NT 10.0; WOW64) AppleWebKit/537.36 (KHTML, like Gecko) Chrome/67.0.3396.99 Safari/537.36"
212.152.246.135 - - [09/Jul/2018:12:02:14 +0200] "GET /reload?ser=1531130534264 HTTP/1.1" 200 28 "http://renault.activities.at/" "Mozilla/5.0 (Windows NT 6.1; WOW64; Trident/7.0; rv:11.0) like Gecko"
193.194.132.25 - - [09/Jul/2018:12:02:33 +0200] "GET /reload?ser=1531130553220 HTTP/1.1" 200 28 "http://renault.2web.at/result?searchterm=true&search=REH20161020" "Mozilla/5.0 (Windows NT 6.1; WOW64; Trident/7.0; rv:11.0) like Gecko"
193.194.132.28 - - [09/Jul/2018:12:02:50 +0200] "GET /reload?ser=1531130570938 HTTP/1.1" 200 28 "http://renault.2web.at/result?searchterm=true&search=4+Jahre" "Mozilla/5.0 (Windows NT 6.1; WOW64; Trident/7.0; rv:11.0) like Gecko"
90.152.128.107 - - [09/Jul/2018:12:03:00 +0200] "GET /reload?ser=1531130579946 HTTP/1.1" 200 28 "http://renault.2web.at/" "Mozilla/5.0 (Windows NT 10.0; WOW64) AppleWebKit/537.36 (KHTML, like Gecko) Chrome/67.0.3396.99 Safari/537.36"
212.152.246.135 - - [09/Jul/2018:12:03:14 +0200] "GET /reload?ser=1531130594911 HTTP/1.1" 200 28 "http://renault.activities.at/" "Mozilla/5.0 (Windows NT 6.1; WOW64; Trident/7.0; rv:11.0) like Gecko"
193.194.132.25 - - [09/Jul/2018:12:03:34 +0200] "GET /reload?ser=1531130614321 HTTP/1.1" 200 28 "http://renault.2web.at/result?searchterm=true&search=REH20161020" "Mozilla/5.0 (Windows NT 6.1; WOW64; Trident/7.0; rv:11.0) like Gecko"
193.194.132.28 - - [09/Jul/2018:12:03:52 +0200] "GET /reload?ser=1531130632028 HTTP/1.1" 200 28 "http://renault.2web.at/result?searchterm=true&search=4+Jahre" "Mozilla/5.0 (Windows NT 6.1; WOW64; Trident/7.0; rv:11.0) like Gecko"
90.152.128.107 - - [09/Jul/2018:12:04:00 +0200] "GET /reload?ser=1531130640613 HTTP/1.1" 200 28 "http://renault.2web.at/" "Mozilla/5.0 (Windows NT 10.0; WOW64) AppleWebKit/537.36 (KHTML, like Gecko) Chrome/67.0.3396.99 Safari/537.36"
212.152.246.135 - - [09/Jul/2018:12:04:15 +0200] "GET /reload?ser=1531130655584 HTTP/1.1" 200 28 "http://renault.activities.at/" "Mozilla/5.0 (Windows NT 6.1; WOW64; Trident/7.0; rv:11.0) like Gecko"
193.194.132.25 - - [09/Jul/2018:12:04:35 +0200] "GET /reload?ser=1531130675488 HTTP/1.1" 200 28 "http://renault.2web.at/result?searchterm=true&search=REH20161020" "Mozilla/5.0 (Windows NT 6.1; WOW64; Trident/7.0; rv:11.0) like Gecko"
193.194.132.28 - - [09/Jul/2018:12:04:53 +0200] "GET /reload?ser=1531130693163 HTTP/1.1" 200 28 "http://renault.2web.at/result?searchterm=true&search=4+Jahre" "Mozilla/5.0 (Windows NT 6.1; WOW64; Trident/7.0; rv:11.0) like Gecko"
90.152.128.107 - - [09/Jul/2018:12:05:01 +0200] "GET /reload?ser=1531130701263 HTTP/1.1" 200 28 "http://renault.2web.at/" "Mozilla/5.0 (Windows NT 10.0; WOW64) AppleWebKit/537.36 (KHTML, like Gecko) Chrome/67.0.3396.99 Safari/537.36"
66.249.65.105 - - [09/Jul/2018:12:05:04 +0200] "GET / HTTP/1.1" 200 3710 "-" "Mozilla/5.0 (Linux; Android 6.0.1; Nexus 5X Build/MMB29P) AppleWebKit/537.36 (KHTML, like Gecko) Chrome/41.0.2272.96 Mobile Safari/537.36 (compatible; Googlebot/2.1; +http://www.google.com/bot.html)"
66.249.65.105 - - [09/Jul/2018:12:05:08 +0200] "GET /css/themes/default.css HTTP/1.1" 200 769 "http://renault.activities.at/" "Mozilla/5.0 (Linux; Android 6.0.1; Nexus 5X Build/MMB29P) AppleWebKit/537.36 (KHTML, like Gecko) Chrome/41.0.2272.96 Mobile Safari/537.36 (compatible; Googlebot/2.1; +http://www.google.com/bot.html)"
66.249.65.105 - - [09/Jul/2018:12:05:09 +0200] "GET /css/styles.css HTTP/1.1" 200 14664 "http://renault.activities.at/" "Mozilla/5.0 (Linux; Android 6.0.1; Nexus 5X Build/MMB29P) AppleWebKit/537.36 (KHTML, like Gecko) Chrome/41.0.2272.96 Mobile Safari/537.36 (compatible; Googlebot/2.1; +http://www.google.com/bot.html)"
212.152.246.135 - - [09/Jul/2018:12:05:16 +0200] "GET /reload?ser=1531130716231 HTTP/1.1" 200 28 "http://renault.activities.at/" "Mozilla/5.0 (Windows NT 6.1; WOW64; Trident/7.0; rv:11.0) like Gecko"
193.194.132.25 - - [09/Jul/2018:12:05:48 +0200] "GET /reload?ser=1531130736585 HTTP/1.1" 200 28 "http://renault.2web.at/result?searchterm=true&search=REH20161020" "Mozilla/5.0 (Windows NT 6.1; WOW64; Trident/7.0; rv:11.0) like Gecko"
193.194.132.28 - - [09/Jul/2018:12:05:54 +0200] "GET /reload?ser=1531130754301 HTTP/1.1" 200 28 "http://renault.2web.at/result?searchterm=true&search=4+Jahre" "Mozilla/5.0 (Windows NT 6.1; WOW64; Trident/7.0; rv:11.0) like Gecko"
80.120.5.131 - - [09/Jul/2018:12:05:54 +0200] "GET /10201637 HTTP/1.1" 302 150 "-" "Mozilla/5.0 (Macintosh; Intel Mac OS X 10_13_5) AppleWebKit/605.1.15 (KHTML, like Gecko)"
80.120.5.131 - - [09/Jul/2018:12:05:56 +0200] "GET /login?required=true HTTP/1.1" 200 2086 "-" "Mozilla/5.0 (Macintosh; Intel Mac OS X 10_13_5) AppleWebKit/605.1.15 (KHTML, like Gecko)"
80.120.5.131 - - [09/Jul/2018:12:05:57 +0200] "GET /apple-touch-icon-precomposed.png HTTP/1.1" 200 1559 "-" "Safari/13605.2.8 CFNetwork/901.1 Darwin/17.6.0 (x86_64)"
80.120.5.131 - - [09/Jul/2018:12:05:58 +0200] "GET /apple-touch-icon.png HTTP/1.1" 200 1559 "-" "Safari/13605.2.8 CFNetwork/901.1 Darwin/17.6.0 (x86_64)"
80.120.5.131 - - [09/Jul/2018:12:05:59 +0200] "GET /images/favicon.ico HTTP/1.1" 404 305 "-" "Safari/13605.2.8 CFNetwork/901.1 Darwin/17.6.0 (x86_64)"
80.120.5.131 - - [09/Jul/2018:12:05:59 +0200] "GET /images/favicon.ico HTTP/1.1" 404 305 "-" "Safari/13605.2.8 CFNetwork/901.1 Darwin/17.6.0 (x86_64)"
80.120.5.131 - - [09/Jul/2018:12:05:59 +0200] "GET /favicon.ico HTTP/1.1" 200 3250 "-" "Safari/13605.2.8 CFNetwork/901.1 Darwin/17.6.0 (x86_64)"
80.120.5.131 - - [09/Jul/2018:12:05:59 +0200] "GET /apple-touch-icon-precomposed.png HTTP/1.1" 200 1559 "-" "Safari/13605.2.8 CFNetwork/901.1 Darwin/17.6.0 (x86_64)"
80.120.5.131 - - [09/Jul/2018:12:06:00 +0200] "GET /apple-touch-icon.png HTTP/1.1" 200 1559 "-" "Safari/13605.2.8 CFNetwork/901.1 Darwin/17.6.0 (x86_64)"
80.120.5.131 - - [09/Jul/2018:12:06:01 +0200] "GET /images/favicon.ico HTTP/1.1" 404 305 "-" "Safari/13605.2.8 CFNetwork/901.1 Darwin/17.6.0 (x86_64)"
80.120.5.131 - - [09/Jul/2018:12:06:01 +0200] "GET /images/favicon.ico HTTP/1.1" 404 305 "-" "Safari/13605.2.8 CFNetwork/901.1 Darwin/17.6.0 (x86_64)"
80.120.5.131 - - [09/Jul/2018:12:06:01 +0200] "GET /favicon.ico HTTP/1.1" 200 3250 "-" "Safari/13605.2.8 CFNetwork/901.1 Darwin/17.6.0 (x86_64)"
80.120.5.131 - - [09/Jul/2018:12:06:01 +0200] "GET /10201637 HTTP/1.1" 302 150 "-" "\"Mozilla/5.0 (iPhone; CPU iPhone OS 11_0 like Mac OS X) AppleWebKit/604.1.38 (KHTML, like Gecko) Version/11.0 Mobile/15A372 Safari/604.1\""
90.152.128.107 - - [09/Jul/2018:12:06:02 +0200] "GET /reload?ser=1531130761929 HTTP/1.1" 200 28 "http://renault.2web.at/" "Mozilla/5.0 (Windows NT 10.0; WOW64) AppleWebKit/537.36 (KHTML, like Gecko) Chrome/67.0.3396.99 Safari/537.36"
80.120.5.131 - - [09/Jul/2018:12:06:02 +0200] "GET /login?required=true HTTP/1.1" 200 2086 "-" "\"Mozilla/5.0 (iPhone; CPU iPhone OS 11_0 like Mac OS X) AppleWebKit/604.1.38 (KHTML, like Gecko) Version/11.0 Mobile/15A372 Safari/604.1\""
80.120.5.131 - - [09/Jul/2018:12:06:03 +0200] "GET /apple-touch-icon-precomposed.png HTTP/1.1" 200 1559 "-" "Safari/13605.2.8 CFNetwork/901.1 Darwin/17.6.0 (x86_64)"
80.120.5.131 - - [09/Jul/2018:12:06:04 +0200] "GET /apple-touch-icon.png HTTP/1.1" 200 1559 "-" "Safari/13605.2.8 CFNetwork/901.1 Darwin/17.6.0 (x86_64)"
80.120.5.131 - - [09/Jul/2018:12:06:05 +0200] "GET /images/favicon.ico HTTP/1.1" 404 305 "-" "Safari/13605.2.8 CFNetwork/901.1 Darwin/17.6.0 (x86_64)"
80.120.5.131 - - [09/Jul/2018:12:06:05 +0200] "GET /images/favicon.ico HTTP/1.1" 404 305 "-" "Safari/13605.2.8 CFNetwork/901.1 Darwin/17.6.0 (x86_64)"
80.120.5.131 - - [09/Jul/2018:12:06:05 +0200] "GET /favicon.ico HTTP/1.1" 200 3250 "-" "Safari/13605.2.8 CFNetwork/901.1 Darwin/17.6.0 (x86_64)"
80.120.5.131 - - [09/Jul/2018:12:06:05 +0200] "GET /apple-touch-icon-precomposed.png HTTP/1.1" 200 1559 "-" "Safari/13605.2.8 CFNetwork/901.1 Darwin/17.6.0 (x86_64)"
80.120.5.131 - - [09/Jul/2018:12:06:06 +0200] "GET /apple-touch-icon.png HTTP/1.1" 200 1559 "-" "Safari/13605.2.8 CFNetwork/901.1 Darwin/17.6.0 (x86_64)"
80.120.5.131 - - [09/Jul/2018:12:06:07 +0200] "GET /images/favicon.ico HTTP/1.1" 404 305 "-" "Safari/13605.2.8 CFNetwork/901.1 Darwin/17.6.0 (x86_64)"
80.120.5.131 - - [09/Jul/2018:12:06:07 +0200] "GET /images/favicon.ico HTTP/1.1" 404 305 "-" "Safari/13605.2.8 CFNetwork/901.1 Darwin/17.6.0 (x86_64)"
80.120.5.131 - - [09/Jul/2018:12:06:07 +0200] "GET /favicon.ico HTTP/1.1" 200 3250 "-" "Safari/13605.2.8 CFNetwork/901.1 Darwin/17.6.0 (x86_64)"
212.152.246.135 - - [09/Jul/2018:12:06:16 +0200] "GET /reload?ser=1531130776897 HTTP/1.1" 200 28 "http://renault.activities.at/" "Mozilla/5.0 (Windows NT 6.1; WOW64; Trident/7.0; rv:11.0) like Gecko"
193.194.132.25 - - [09/Jul/2018:12:06:49 +0200] "GET /reload?ser=1531130809712 HTTP/1.1" 200 28 "http://renault.2web.at/result?searchterm=true&search=REH20161020" "Mozilla/5.0 (Windows NT 6.1; WOW64; Trident/7.0; rv:11.0) like Gecko"
193.194.132.28 - - [09/Jul/2018:12:06:55 +0200] "GET /reload?ser=1531130815397 HTTP/1.1" 200 28 "http://renault.2web.at/result?searchterm=true&search=4+Jahre" "Mozilla/5.0 (Windows NT 6.1; WOW64; Trident/7.0; rv:11.0) like Gecko"
90.152.128.107 - - [09/Jul/2018:12:07:02 +0200] "GET /reload?ser=1531130822594 HTTP/1.1" 200 28 "http://renault.2web.at/" "Mozilla/5.0 (Windows NT 10.0; WOW64) AppleWebKit/537.36 (KHTML, like Gecko) Chrome/67.0.3396.99 Safari/537.36"
212.152.246.135 - - [09/Jul/2018:12:07:17 +0200] "GET /reload?ser=1531130837542 HTTP/1.1" 200 28 "http://renault.activities.at/" "Mozilla/5.0 (Windows NT 6.1; WOW64; Trident/7.0; rv:11.0) like Gecko"
193.194.132.25 - - [09/Jul/2018:12:07:50 +0200] "GET /reload?ser=1531130870781 HTTP/1.1" 200 28 "http://renault.2web.at/result?searchterm=true&search=REH20161020" "Mozilla/5.0 (Windows NT 6.1; WOW64; Trident/7.0; rv:11.0) like Gecko"
193.194.132.28 - - [09/Jul/2018:12:07:56 +0200] "GET /reload?ser=1531130876504 HTTP/1.1" 200 28 "http://renault.2web.at/result?searchterm=true&search=4+Jahre" "Mozilla/5.0 (Windows NT 6.1; WOW64; Trident/7.0; rv:11.0) like Gecko"
90.152.128.107 - - [09/Jul/2018:12:08:03 +0200] "GET /reload?ser=1531130883266 HTTP/1.1" 200 28 "http://renault.2web.at/" "Mozilla/5.0 (Windows NT 10.0; WOW64) AppleWebKit/537.36 (KHTML, like Gecko) Chrome/67.0.3396.99 Safari/537.36"
212.152.246.135 - - [09/Jul/2018:12:08:18 +0200] "GET /reload?ser=1531130898188 HTTP/1.1" 200 28 "http://renault.activities.at/" "Mozilla/5.0 (Windows NT 6.1; WOW64; Trident/7.0; rv:11.0) like Gecko"
193.194.132.25 - - [09/Jul/2018:12:08:51 +0200] "GET /reload?ser=1531130931837 HTTP/1.1" 200 28 "http://renault.2web.at/result?searchterm=true&search=REH20161020" "Mozilla/5.0 (Windows NT 6.1; WOW64; Trident/7.0; rv:11.0) like Gecko"
193.194.132.28 - - [09/Jul/2018:12:08:57 +0200] "GET /reload?ser=1531130937644 HTTP/1.1" 200 28 "http://renault.2web.at/result?searchterm=true&search=4+Jahre" "Mozilla/5.0 (Windows NT 6.1; WOW64; Trident/7.0; rv:11.0) like Gecko"
90.152.128.107 - - [09/Jul/2018:12:09:04 +0200] "GET /reload?ser=1531130943947 HTTP/1.1" 200 28 "http://renault.2web.at/" "Mozilla/5.0 (Windows NT 10.0; WOW64) AppleWebKit/537.36 (KHTML, like Gecko) Chrome/67.0.3396.99 Safari/537.36"
212.152.246.135 - - [09/Jul/2018:12:09:18 +0200] "GET /reload?ser=1531130958846 HTTP/1.1" 200 28 "http://renault.activities.at/" "Mozilla/5.0 (Windows NT 6.1; WOW64; Trident/7.0; rv:11.0) like Gecko"
193.194.132.25 - - [09/Jul/2018:12:09:53 +0200] "GET /reload?ser=1531130992910 HTTP/1.1" 200 28 "http://renault.2web.at/result?searchterm=true&search=REH20161020" "Mozilla/5.0 (Windows NT 6.1; WOW64; Trident/7.0; rv:11.0) like Gecko"
193.194.132.28 - - [09/Jul/2018:12:09:58 +0200] "GET /reload?ser=1531130998774 HTTP/1.1" 200 28 "http://renault.2web.at/result?searchterm=true&search=4+Jahre" "Mozilla/5.0 (Windows NT 6.1; WOW64; Trident/7.0; rv:11.0) like Gecko"
90.152.128.107 - - [09/Jul/2018:12:10:04 +0200] "GET /reload?ser=1531131004614 HTTP/1.1" 200 28 "http://renault.2web.at/" "Mozilla/5.0 (Windows NT 10.0; WOW64) AppleWebKit/537.36 (KHTML, like Gecko) Chrome/67.0.3396.99 Safari/537.36"
212.152.246.135 - - [09/Jul/2018:12:10:19 +0200] "GET /reload?ser=1531131019502 HTTP/1.1" 200 28 "http://renault.activities.at/" "Mozilla/5.0 (Windows NT 6.1; WOW64; Trident/7.0; rv:11.0) like Gecko"
193.194.132.25 - - [09/Jul/2018:12:10:54 +0200] "GET /reload?ser=1531131054034 HTTP/1.1" 200 28 "http://renault.2web.at/result?searchterm=true&search=REH20161020" "Mozilla/5.0 (Windows NT 6.1; WOW64; Trident/7.0; rv:11.0) like Gecko"
193.194.132.28 - - [09/Jul/2018:12:11:00 +0200] "GET /reload?ser=1531131059908 HTTP/1.1" 200 28 "http://renault.2web.at/result?searchterm=true&search=4+Jahre" "Mozilla/5.0 (Windows NT 6.1; WOW64; Trident/7.0; rv:11.0) like Gecko"
90.152.128.107 - - [09/Jul/2018:12:11:05 +0200] "GET /reload?ser=1531131065318 HTTP/1.1" 200 28 "http://renault.2web.at/" "Mozilla/5.0 (Windows NT 10.0; WOW64) AppleWebKit/537.36 (KHTML, like Gecko) Chrome/67.0.3396.99 Safari/537.36"
212.152.246.135 - - [09/Jul/2018:12:11:20 +0200] "GET /reload?ser=1531131080158 HTTP/1.1" 200 28 "http://renault.activities.at/" "Mozilla/5.0 (Windows NT 6.1; WOW64; Trident/7.0; rv:11.0) like Gecko"
193.194.132.25 - - [09/Jul/2018:12:11:55 +0200] "GET /reload?ser=1531131115139 HTTP/1.1" 200 28 "http://renault.2web.at/result?searchterm=true&search=REH20161020" "Mozilla/5.0 (Windows NT 6.1; WOW64; Trident/7.0; rv:11.0) like Gecko"
193.194.132.28 - - [09/Jul/2018:12:12:01 +0200] "GET /reload?ser=1531131120978 HTTP/1.1" 200 28 "http://renault.2web.at/result?searchterm=true&search=4+Jahre" "Mozilla/5.0 (Windows NT 6.1; WOW64; Trident/7.0; rv:11.0) like Gecko"
90.152.128.107 - - [09/Jul/2018:12:12:06 +0200] "GET /reload?ser=1531131125987 HTTP/1.1" 200 28 "http://renault.2web.at/" "Mozilla/5.0 (Windows NT 10.0; WOW64) AppleWebKit/537.36 (KHTML, like Gecko) Chrome/67.0.3396.99 Safari/537.36"
212.152.246.135 - - [09/Jul/2018:12:12:21 +0200] "GET /reload?ser=1531131140814 HTTP/1.1" 200 28 "http://renault.activities.at/" "Mozilla/5.0 (Windows NT 6.1; WOW64; Trident/7.0; rv:11.0) like Gecko"
193.194.132.25 - - [09/Jul/2018:12:12:56 +0200] "GET /reload?ser=1531131176254 HTTP/1.1" 200 28 "http://renault.2web.at/result?searchterm=true&search=REH20161020" "Mozilla/5.0 (Windows NT 6.1; WOW64; Trident/7.0; rv:11.0) like Gecko"
193.194.132.28 - - [09/Jul/2018:12:13:02 +0200] "GET /reload?ser=1531131182123 HTTP/1.1" 200 28 "http://renault.2web.at/result?searchterm=true&search=4+Jahre" "Mozilla/5.0 (Windows NT 6.1; WOW64; Trident/7.0; rv:11.0) like Gecko"
90.152.128.107 - - [09/Jul/2018:12:13:06 +0200] "GET /reload?ser=1531131186654 HTTP/1.1" 200 28 "http://renault.2web.at/" "Mozilla/5.0 (Windows NT 10.0; WOW64) AppleWebKit/537.36 (KHTML, like Gecko) Chrome/67.0.3396.99 Safari/537.36"
212.152.246.135 - - [09/Jul/2018:12:13:21 +0200] "GET /reload?ser=1531131201871 HTTP/1.1" 200 28 "http://renault.activities.at/" "Mozilla/5.0 (Windows NT 6.1; WOW64; Trident/7.0; rv:11.0) like Gecko"
193.194.132.25 - - [09/Jul/2018:12:13:57 +0200] "GET /reload?ser=1531131237339 HTTP/1.1" 200 28 "http://renault.2web.at/result?searchterm=true&search=REH20161020" "Mozilla/5.0 (Windows NT 6.1; WOW64; Trident/7.0; rv:11.0) like Gecko"
193.194.132.28 - - [09/Jul/2018:12:14:03 +0200] "GET /reload?ser=1531131243190 HTTP/1.1" 200 28 "http://renault.2web.at/result?searchterm=true&search=4+Jahre" "Mozilla/5.0 (Windows NT 6.1; WOW64; Trident/7.0; rv:11.0) like Gecko"
90.152.128.107 - - [09/Jul/2018:12:14:07 +0200] "GET /reload?ser=1531131247351 HTTP/1.1" 200 28 "http://renault.2web.at/" "Mozilla/5.0 (Windows NT 10.0; WOW64) AppleWebKit/537.36 (KHTML, like Gecko) Chrome/67.0.3396.99 Safari/537.36"
212.152.246.135 - - [09/Jul/2018:12:14:22 +0200] "GET /reload?ser=1531131262516 HTTP/1.1" 200 28 "http://renault.activities.at/" "Mozilla/5.0 (Windows NT 6.1; WOW64; Trident/7.0; rv:11.0) like Gecko"
193.194.132.25 - - [09/Jul/2018:12:14:58 +0200] "GET /reload?ser=1531131298452 HTTP/1.1" 200 28 "http://renault.2web.at/result?searchterm=true&search=REH20161020" "Mozilla/5.0 (Windows NT 6.1; WOW64; Trident/7.0; rv:11.0) like Gecko"
193.194.132.28 - - [09/Jul/2018:12:15:04 +0200] "GET /reload?ser=1531131304298 HTTP/1.1" 200 28 "http://renault.2web.at/result?searchterm=true&search=4+Jahre" "Mozilla/5.0 (Windows NT 6.1; WOW64; Trident/7.0; rv:11.0) like Gecko"
90.152.128.107 - - [09/Jul/2018:12:15:08 +0200] "GET /reload?ser=1531131308014 HTTP/1.1" 200 28 "http://renault.2web.at/" "Mozilla/5.0 (Windows NT 10.0; WOW64) AppleWebKit/537.36 (KHTML, like Gecko) Chrome/67.0.3396.99 Safari/537.36"
212.152.246.135 - - [09/Jul/2018:12:15:23 +0200] "GET /reload?ser=1531131323172 HTTP/1.1" 200 28 "http://renault.activities.at/" "Mozilla/5.0 (Windows NT 6.1; WOW64; Trident/7.0; rv:11.0) like Gecko"
193.194.132.28 - - [09/Jul/2018:12:16:05 +0200] "GET /reload?ser=1531131365375 HTTP/1.1" 200 28 "http://renault.2web.at/result?searchterm=true&search=4+Jahre" "Mozilla/5.0 (Windows NT 6.1; WOW64; Trident/7.0; rv:11.0) like Gecko"
90.152.128.107 - - [09/Jul/2018:12:16:08 +0200] "GET /reload?ser=1531131368702 HTTP/1.1" 200 28 "http://renault.2web.at/" "Mozilla/5.0 (Windows NT 10.0; WOW64) AppleWebKit/537.36 (KHTML, like Gecko) Chrome/67.0.3396.99 Safari/537.36"
193.194.132.25 - - [09/Jul/2018:12:16:11 +0200] "GET /reload?ser=1531131359557 HTTP/1.1" 200 28 "http://renault.2web.at/result?searchterm=true&search=REH20161020" "Mozilla/5.0 (Windows NT 6.1; WOW64; Trident/7.0; rv:11.0) like Gecko"
212.152.246.135 - - [09/Jul/2018:12:16:23 +0200] "GET /reload?ser=1531131383818 HTTP/1.1" 200 28 "http://renault.activities.at/" "Mozilla/5.0 (Windows NT 6.1; WOW64; Trident/7.0; rv:11.0) like Gecko"
193.194.132.28 - - [09/Jul/2018:12:17:06 +0200] "GET /reload?ser=1531131426472 HTTP/1.1" 200 28 "http://renault.2web.at/result?searchterm=true&search=4+Jahre" "Mozilla/5.0 (Windows NT 6.1; WOW64; Trident/7.0; rv:11.0) like Gecko"
90.152.128.107 - - [09/Jul/2018:12:17:09 +0200] "GET /reload?ser=1531131429378 HTTP/1.1" 200 28 "http://renault.2web.at/" "Mozilla/5.0 (Windows NT 10.0; WOW64) AppleWebKit/537.36 (KHTML, like Gecko) Chrome/67.0.3396.99 Safari/537.36"
193.194.132.25 - - [09/Jul/2018:12:17:12 +0200] "GET /reload?ser=1531131432660 HTTP/1.1" 200 28 "http://renault.2web.at/result?searchterm=true&search=REH20161020" "Mozilla/5.0 (Windows NT 6.1; WOW64; Trident/7.0; rv:11.0) like Gecko"
212.152.246.135 - - [09/Jul/2018:12:17:24 +0200] "GET /reload?ser=1531131444463 HTTP/1.1" 200 28 "http://renault.activities.at/" "Mozilla/5.0 (Windows NT 6.1; WOW64; Trident/7.0; rv:11.0) like Gecko"
193.194.132.28 - - [09/Jul/2018:12:18:07 +0200] "GET /reload?ser=1531131487537 HTTP/1.1" 200 28 "http://renault.2web.at/result?searchterm=true&search=4+Jahre" "Mozilla/5.0 (Windows NT 6.1; WOW64; Trident/7.0; rv:11.0) like Gecko"
90.152.128.107 - - [09/Jul/2018:12:18:10 +0200] "GET /reload?ser=1531131490050 HTTP/1.1" 200 28 "http://renault.2web.at/" "Mozilla/5.0 (Windows NT 10.0; WOW64) AppleWebKit/537.36 (KHTML, like Gecko) Chrome/67.0.3396.99 Safari/537.36"
193.194.132.25 - - [09/Jul/2018:12:18:13 +0200] "GET /reload?ser=1531131493730 HTTP/1.1" 200 28 "http://renault.2web.at/result?searchterm=true&search=REH20161020" "Mozilla/5.0 (Windows NT 6.1; WOW64; Trident/7.0; rv:11.0) like Gecko"
212.152.246.135 - - [09/Jul/2018:12:18:25 +0200] "GET /reload?ser=1531131505109 HTTP/1.1" 200 28 "http://renault.activities.at/" "Mozilla/5.0 (Windows NT 6.1; WOW64; Trident/7.0; rv:11.0) like Gecko"
193.194.132.28 - - [09/Jul/2018:12:19:08 +0200] "GET /reload?ser=1531131548641 HTTP/1.1" 200 28 "http://renault.2web.at/result?searchterm=true&search=4+Jahre" "Mozilla/5.0 (Windows NT 6.1; WOW64; Trident/7.0; rv:11.0) like Gecko"
90.152.128.107 - - [09/Jul/2018:12:19:10 +0200] "GET /reload?ser=1531131550743 HTTP/1.1" 200 28 "http://renault.2web.at/" "Mozilla/5.0 (Windows NT 10.0; WOW64) AppleWebKit/537.36 (KHTML, like Gecko) Chrome/67.0.3396.99 Safari/537.36"
193.194.132.25 - - [09/Jul/2018:12:19:14 +0200] "GET /reload?ser=1531131554836 HTTP/1.1" 200 28 "http://renault.2web.at/result?searchterm=true&search=REH20161020" "Mozilla/5.0 (Windows NT 6.1; WOW64; Trident/7.0; rv:11.0) like Gecko"
212.152.246.135 - - [09/Jul/2018:12:19:25 +0200] "GET /reload?ser=1531131565782 HTTP/1.1" 200 28 "http://renault.activities.at/" "Mozilla/5.0 (Windows NT 6.1; WOW64; Trident/7.0; rv:11.0) like Gecko"
193.194.132.28 - - [09/Jul/2018:12:20:09 +0200] "GET /reload?ser=1531131609777 HTTP/1.1" 200 28 "http://renault.2web.at/result?searchterm=true&search=4+Jahre" "Mozilla/5.0 (Windows NT 6.1; WOW64; Trident/7.0; rv:11.0) like Gecko"
90.152.128.107 - - [09/Jul/2018:12:20:11 +0200] "GET /reload?ser=1531131611408 HTTP/1.1" 200 28 "http://renault.2web.at/" "Mozilla/5.0 (Windows NT 10.0; WOW64) AppleWebKit/537.36 (KHTML, like Gecko) Chrome/67.0.3396.99 Safari/537.36"
193.194.132.25 - - [09/Jul/2018:12:20:16 +0200] "GET /reload?ser=1531131615891 HTTP/1.1" 200 28 "http://renault.2web.at/result?searchterm=true&search=REH20161020" "Mozilla/5.0 (Windows NT 6.1; WOW64; Trident/7.0; rv:11.0) like Gecko"
212.152.246.135 - - [09/Jul/2018:12:20:26 +0200] "GET /reload?ser=1531131626428 HTTP/1.1" 200 28 "http://renault.activities.at/" "Mozilla/5.0 (Windows NT 6.1; WOW64; Trident/7.0; rv:11.0) like Gecko"
193.194.132.28 - - [09/Jul/2018:12:21:11 +0200] "GET /reload?ser=1531131670905 HTTP/1.1" 200 28 "http://renault.2web.at/result?searchterm=true&search=4+Jahre" "Mozilla/5.0 (Windows NT 6.1; WOW64; Trident/7.0; rv:11.0) like Gecko"
90.152.128.107 - - [09/Jul/2018:12:21:12 +0200] "GET /reload?ser=1531131672073 HTTP/1.1" 200 28 "http://renault.2web.at/" "Mozilla/5.0 (Windows NT 10.0; WOW64) AppleWebKit/537.36 (KHTML, like Gecko) Chrome/67.0.3396.99 Safari/537.36"
193.194.132.25 - - [09/Jul/2018:12:21:17 +0200] "GET /reload?ser=1531131676967 HTTP/1.1" 200 28 "http://renault.2web.at/result?searchterm=true&search=REH20161020" "Mozilla/5.0 (Windows NT 6.1; WOW64; Trident/7.0; rv:11.0) like Gecko"
212.152.246.135 - - [09/Jul/2018:12:21:27 +0200] "GET /reload?ser=1531131687074 HTTP/1.1" 200 28 "http://renault.activities.at/" "Mozilla/5.0 (Windows NT 6.1; WOW64; Trident/7.0; rv:11.0) like Gecko"
193.194.132.28 - - [09/Jul/2018:12:22:12 +0200] "GET /reload?ser=1531131732013 HTTP/1.1" 200 28 "http://renault.2web.at/result?searchterm=true&search=4+Jahre" "Mozilla/5.0 (Windows NT 6.1; WOW64; Trident/7.0; rv:11.0) like Gecko"
90.152.128.107 - - [09/Jul/2018:12:22:12 +0200] "GET /reload?ser=1531131732738 HTTP/1.1" 200 28 "http://renault.2web.at/" "Mozilla/5.0 (Windows NT 10.0; WOW64) AppleWebKit/537.36 (KHTML, like Gecko) Chrome/67.0.3396.99 Safari/537.36"
193.194.132.25 - - [09/Jul/2018:12:22:18 +0200] "GET /reload?ser=1531131738094 HTTP/1.1" 200 28 "http://renault.2web.at/result?searchterm=true&search=REH20161020" "Mozilla/5.0 (Windows NT 6.1; WOW64; Trident/7.0; rv:11.0) like Gecko"
212.152.246.135 - - [09/Jul/2018:12:22:27 +0200] "GET /reload?ser=1531131747730 HTTP/1.1" 200 28 "http://renault.activities.at/" "Mozilla/5.0 (Windows NT 6.1; WOW64; Trident/7.0; rv:11.0) like Gecko"
90.152.128.107 - - [09/Jul/2018:12:23:13 +0200] "GET /reload?ser=1531131793421 HTTP/1.1" 200 28 "http://renault.2web.at/" "Mozilla/5.0 (Windows NT 10.0; WOW64) AppleWebKit/537.36 (KHTML, like Gecko) Chrome/67.0.3396.99 Safari/537.36"
193.194.132.28 - - [09/Jul/2018:12:23:13 +0200] "GET /reload?ser=1531131793156 HTTP/1.1" 200 28 "http://renault.2web.at/result?searchterm=true&search=4+Jahre" "Mozilla/5.0 (Windows NT 6.1; WOW64; Trident/7.0; rv:11.0) like Gecko"
193.194.132.25 - - [09/Jul/2018:12:23:19 +0200] "GET /reload?ser=1531131799219 HTTP/1.1" 200 28 "http://renault.2web.at/result?searchterm=true&search=REH20161020" "Mozilla/5.0 (Windows NT 6.1; WOW64; Trident/7.0; rv:11.0) like Gecko"
212.152.246.135 - - [09/Jul/2018:12:23:28 +0200] "GET /reload?ser=1531131808378 HTTP/1.1" 200 28 "http://renault.activities.at/" "Mozilla/5.0 (Windows NT 6.1; WOW64; Trident/7.0; rv:11.0) like Gecko"
90.152.128.107 - - [09/Jul/2018:12:24:14 +0200] "GET /reload?ser=1531131854073 HTTP/1.1" 200 28 "http://renault.2web.at/" "Mozilla/5.0 (Windows NT 10.0; WOW64) AppleWebKit/537.36 (KHTML, like Gecko) Chrome/67.0.3396.99 Safari/537.36"
193.194.132.28 - - [09/Jul/2018:12:24:14 +0200] "GET /reload?ser=1531131854253 HTTP/1.1" 200 28 "http://renault.2web.at/result?searchterm=true&search=4+Jahre" "Mozilla/5.0 (Windows NT 6.1; WOW64; Trident/7.0; rv:11.0) like Gecko"
193.194.132.25 - - [09/Jul/2018:12:24:20 +0200] "GET /reload?ser=1531131860335 HTTP/1.1" 200 28 "http://renault.2web.at/result?searchterm=true&search=REH20161020" "Mozilla/5.0 (Windows NT 6.1; WOW64; Trident/7.0; rv:11.0) like Gecko"
212.152.246.135 - - [09/Jul/2018:12:24:29 +0200] "GET /reload?ser=1531131869033 HTTP/1.1" 200 28 "http://renault.activities.at/" "Mozilla/5.0 (Windows NT 6.1; WOW64; Trident/7.0; rv:11.0) like Gecko"
90.152.128.107 - - [09/Jul/2018:12:25:14 +0200] "GET /reload?ser=1531131914738 HTTP/1.1" 200 28 "http://renault.2web.at/" "Mozilla/5.0 (Windows NT 10.0; WOW64) AppleWebKit/537.36 (KHTML, like Gecko) Chrome/67.0.3396.99 Safari/537.36"
193.194.132.28 - - [09/Jul/2018:12:25:15 +0200] "GET /reload?ser=1531131915378 HTTP/1.1" 200 28 "http://renault.2web.at/result?searchterm=true&search=4+Jahre" "Mozilla/5.0 (Windows NT 6.1; WOW64; Trident/7.0; rv:11.0) like Gecko"
193.194.132.25 - - [09/Jul/2018:12:25:21 +0200] "GET /reload?ser=1531131921462 HTTP/1.1" 200 28 "http://renault.2web.at/result?searchterm=true&search=REH20161020" "Mozilla/5.0 (Windows NT 6.1; WOW64; Trident/7.0; rv:11.0) like Gecko"
212.152.246.135 - - [09/Jul/2018:12:25:29 +0200] "GET /reload?ser=1531131929679 HTTP/1.1" 200 28 "http://renault.activities.at/" "Mozilla/5.0 (Windows NT 6.1; WOW64; Trident/7.0; rv:11.0) like Gecko"
90.152.128.107 - - [09/Jul/2018:12:26:15 +0200] "GET /reload?ser=1531131975419 HTTP/1.1" 200 28 "http://renault.2web.at/" "Mozilla/5.0 (Windows NT 10.0; WOW64) AppleWebKit/537.36 (KHTML, like Gecko) Chrome/67.0.3396.99 Safari/537.36"
193.194.132.28 - - [09/Jul/2018:12:26:16 +0200] "GET /reload?ser=1531131976504 HTTP/1.1" 200 28 "http://renault.2web.at/result?searchterm=true&search=4+Jahre" "Mozilla/5.0 (Windows NT 6.1; WOW64; Trident/7.0; rv:11.0) like Gecko"
212.152.246.135 - - [09/Jul/2018:12:26:30 +0200] "GET /reload?ser=1531131990325 HTTP/1.1" 200 28 "http://renault.activities.at/" "Mozilla/5.0 (Windows NT 6.1; WOW64; Trident/7.0; rv:11.0) like Gecko"
193.194.132.25 - - [09/Jul/2018:12:26:34 +0200] "GET /reload?ser=1531131982567 HTTP/1.1" 200 28 "http://renault.2web.at/result?searchterm=true&search=REH20161020" "Mozilla/5.0 (Windows NT 6.1; WOW64; Trident/7.0; rv:11.0) like Gecko"
90.152.128.107 - - [09/Jul/2018:12:27:16 +0200] "GET /reload?ser=1531132036085 HTTP/1.1" 200 28 "http://renault.2web.at/" "Mozilla/5.0 (Windows NT 10.0; WOW64) AppleWebKit/537.36 (KHTML, like Gecko) Chrome/67.0.3396.99 Safari/537.36"
