90.152.128.107 - - [09/Jul/2018:13:41:05 +0200] "GET /reload?ser=1531136465446 HTTP/1.1" 200 28 "http://renault.2web.at/" "Mozilla/5.0 (Windows NT 10.0; WOW64) AppleWebKit/537.36 (KHTML, like Gecko) Chrome/67.0.3396.99 Safari/537.36"
88.116.10.164 - - [09/Jul/2018:13:41:06 +0200] "POST /axjaxrequest?mode=suggest HTTP/1.1" 200 2054 "http://renault.activities.at/account" "Mozilla/5.0 (Windows NT 6.1; WOW64; Trident/7.0; rv:11.0) like Gecko"
88.116.10.164 - - [09/Jul/2018:13:41:07 +0200] "POST /axjaxrequest?mode=suggest HTTP/1.1" 200 1144 "http://renault.activities.at/account" "Mozilla/5.0 (Windows NT 6.1; WOW64; Trident/7.0; rv:11.0) like Gecko"
88.116.10.164 - - [09/Jul/2018:13:41:08 +0200] "GET /result?searchterm=true&search=reh5338 HTTP/1.1" 200 5903 "http://renault.activities.at/account" "Mozilla/5.0 (Windows NT 6.1; WOW64; Trident/7.0; rv:11.0) like Gecko"
88.116.10.164 - - [09/Jul/2018:13:41:12 +0200] "GET /js/index.php?c=auto&f=,prototype/prototype.js,prototype/validation.js,scriptaculous/builder.js,scriptaculous/effects.js,scriptaculous/dragdrop.js,scriptaculous/controls.js,scriptaculous/slider.js,varien/js.js,varien/form.js,varien/menu.js,mage/translate.js,mage/cookies.js,varien/product.js,spinner/SpinnerControl.jsmin.js,prototype/window.js,prototype/window_ext.js HTTP/1.1" 304 - "http://renault.activities.at/result?searchterm=true&search=reh5338" "Mozilla/5.0 (Windows NT 6.1; WOW64; Trident/7.0; rv:11.0) like Gecko"
88.116.10.164 - - [09/Jul/2018:13:41:12 +0200] "GET /loadthumbnail.php?id=10203255 HTTP/1.1" 200 137 "http://renault.activities.at/result?searchterm=true&search=reh5338" "Mozilla/5.0 (Windows NT 6.1; WOW64; Trident/7.0; rv:11.0) like Gecko"
88.116.10.164 - - [09/Jul/2018:13:41:12 +0200] "GET /loadthumbnail.php?id=11831534&width=113 HTTP/1.1" 200 4126 "http://renault.activities.at/result?searchterm=true&search=reh5338" "Mozilla/5.0 (Windows NT 6.1; WOW64; Trident/7.0; rv:11.0) like Gecko"
88.116.10.164 - - [09/Jul/2018:13:41:08 +0200] "POST /axjaxrequest?mode=suggest HTTP/1.1" 200 112 "http://renault.activities.at/account" "Mozilla/5.0 (Windows NT 6.1; WOW64; Trident/7.0; rv:11.0) like Gecko"
212.152.246.135 - - [09/Jul/2018:13:41:57 +0200] "GET /reload?ser=1531136516975 HTTP/1.1" 200 28 "http://renault.activities.at/success" "Mozilla/5.0 (Windows NT 6.1; WOW64; Trident/7.0; rv:11.0) like Gecko"
90.152.128.107 - - [09/Jul/2018:13:42:06 +0200] "GET /reload?ser=1531136526126 HTTP/1.1" 200 28 "http://renault.2web.at/" "Mozilla/5.0 (Windows NT 10.0; WOW64) AppleWebKit/537.36 (KHTML, like Gecko) Chrome/67.0.3396.99 Safari/537.36"
88.116.10.164 - - [09/Jul/2018:13:42:12 +0200] "GET /reload?ser=1531136532321 HTTP/1.1" 200 28 "http://renault.activities.at/result?searchterm=true&search=reh5338" "Mozilla/5.0 (Windows NT 6.1; WOW64; Trident/7.0; rv:11.0) like Gecko"
80.123.225.34 - - [09/Jul/2018:13:42:42 +0200] "GET / HTTP/1.1" 200 3710 "-" "Mozilla/5.0 (Windows NT 6.1; WOW64; Trident/7.0; rv:11.0) like Gecko"
80.123.225.34 - - [09/Jul/2018:13:42:43 +0200] "GET /js/index.php?c=auto&f=,prototype/prototype.js,prototype/validation.js,scriptaculous/builder.js,scriptaculous/effects.js,scriptaculous/dragdrop.js,scriptaculous/controls.js,scriptaculous/slider.js,varien/js.js,varien/form.js,varien/menu.js,mage/translate.js,mage/cookies.js,varien/product.js,spinner/SpinnerControl.jsmin.js,prototype/window.js,prototype/window_ext.js HTTP/1.1" 304 - "http://renault.activities.at/" "Mozilla/5.0 (Windows NT 6.1; WOW64; Trident/7.0; rv:11.0) like Gecko"
80.123.225.34 - - [09/Jul/2018:13:42:43 +0200] "GET /css/reset.css HTTP/1.1" 304 - "http://renault.activities.at/" "Mozilla/5.0 (Windows NT 6.1; WOW64; Trident/7.0; rv:11.0) like Gecko"
80.123.225.34 - - [09/Jul/2018:13:42:43 +0200] "GET /loadthumbnail.php?id=11127982 HTTP/1.1" 200 399614 "http://renault.activities.at/" "Mozilla/5.0 (Windows NT 6.1; WOW64; Trident/7.0; rv:11.0) like Gecko"
80.123.225.34 - - [09/Jul/2018:13:42:48 +0200] "GET /login HTTP/1.1" 200 2086 "http://renault.activities.at/" "Mozilla/5.0 (Windows NT 6.1; WOW64; Trident/7.0; rv:11.0) like Gecko"
80.123.225.34 - - [09/Jul/2018:13:42:49 +0200] "GET /js/index.php?c=auto&f=,prototype/prototype.js,prototype/validation.js,scriptaculous/builder.js,scriptaculous/effects.js,scriptaculous/dragdrop.js,scriptaculous/controls.js,scriptaculous/slider.js,varien/js.js,varien/form.js,varien/menu.js,mage/translate.js,mage/cookies.js,varien/product.js,spinner/SpinnerControl.jsmin.js,prototype/window.js,prototype/window_ext.js HTTP/1.1" 304 - "http://renault.activities.at/login" "Mozilla/5.0 (Windows NT 6.1; WOW64; Trident/7.0; rv:11.0) like Gecko"
212.152.246.135 - - [09/Jul/2018:13:42:57 +0200] "GET /reload?ser=1531136577942 HTTP/1.1" 200 28 "http://renault.activities.at/success" "Mozilla/5.0 (Windows NT 6.1; WOW64; Trident/7.0; rv:11.0) like Gecko"
80.123.225.34 - - [09/Jul/2018:13:42:59 +0200] "POST /login HTTP/1.1" 302 140 "http://renault.activities.at/login" "Mozilla/5.0 (Windows NT 6.1; WOW64; Trident/7.0; rv:11.0) like Gecko"
80.123.225.34 - - [09/Jul/2018:13:43:01 +0200] "GET /account HTTP/1.1" 200 5963 "http://renault.activities.at/login" "Mozilla/5.0 (Windows NT 6.1; WOW64; Trident/7.0; rv:11.0) like Gecko"
80.123.225.34 - - [09/Jul/2018:13:43:03 +0200] "GET /js/index.php?c=auto&f=,prototype/prototype.js,prototype/validation.js,scriptaculous/builder.js,scriptaculous/effects.js,scriptaculous/dragdrop.js,scriptaculous/controls.js,scriptaculous/slider.js,varien/js.js,varien/form.js,varien/menu.js,mage/translate.js,mage/cookies.js,varien/product.js,spinner/SpinnerControl.jsmin.js,prototype/window.js,prototype/window_ext.js HTTP/1.1" 304 - "http://renault.activities.at/account" "Mozilla/5.0 (Windows NT 6.1; WOW64; Trident/7.0; rv:11.0) like Gecko"
80.123.225.34 - - [09/Jul/2018:13:43:03 +0200] "GET /loadthumbnail.php?id=11825611&width=50&height=50 HTTP/1.1" 200 731 "http://renault.activities.at/account" "Mozilla/5.0 (Windows NT 6.1; WOW64; Trident/7.0; rv:11.0) like Gecko"
80.123.225.34 - - [09/Jul/2018:13:43:03 +0200] "GET /loadthumbnail.php?id=11825610&width=50&height=50 HTTP/1.1" 200 731 "http://renault.activities.at/account" "Mozilla/5.0 (Windows NT 6.1; WOW64; Trident/7.0; rv:11.0) like Gecko"
90.152.128.107 - - [09/Jul/2018:13:43:06 +0200] "GET /reload?ser=1531136586787 HTTP/1.1" 200 28 "http://renault.2web.at/" "Mozilla/5.0 (Windows NT 10.0; WOW64) AppleWebKit/537.36 (KHTML, like Gecko) Chrome/67.0.3396.99 Safari/537.36"
80.123.225.34 - - [09/Jul/2018:13:43:08 +0200] "POST /axjaxrequest?mode=suggest HTTP/1.1" 200 194 "http://renault.activities.at/account" "Mozilla/5.0 (Windows NT 6.1; WOW64; Trident/7.0; rv:11.0) like Gecko"
80.123.225.34 - - [09/Jul/2018:13:43:09 +0200] "POST /axjaxrequest?mode=suggest HTTP/1.1" 200 194 "http://renault.activities.at/account" "Mozilla/5.0 (Windows NT 6.1; WOW64; Trident/7.0; rv:11.0) like Gecko"
80.123.225.34 - - [09/Jul/2018:13:43:10 +0200] "POST /axjaxrequest?mode=suggest HTTP/1.1" 200 21 "http://renault.activities.at/account" "Mozilla/5.0 (Windows NT 6.1; WOW64; Trident/7.0; rv:11.0) like Gecko"
80.123.225.34 - - [09/Jul/2018:13:43:10 +0200] "POST /axjaxrequest?mode=suggest HTTP/1.1" 200 21 "http://renault.activities.at/account" "Mozilla/5.0 (Windows NT 6.1; WOW64; Trident/7.0; rv:11.0) like Gecko"
80.123.225.34 - - [09/Jul/2018:13:43:11 +0200] "POST /axjaxrequest?mode=suggest HTTP/1.1" 200 21 "http://renault.activities.at/account" "Mozilla/5.0 (Windows NT 6.1; WOW64; Trident/7.0; rv:11.0) like Gecko"
88.116.10.164 - - [09/Jul/2018:13:43:13 +0200] "GET /reload?ser=1531136593345 HTTP/1.1" 200 28 "http://renault.activities.at/result?searchterm=true&search=reh5338" "Mozilla/5.0 (Windows NT 6.1; WOW64; Trident/7.0; rv:11.0) like Gecko"
80.123.225.34 - - [09/Jul/2018:13:43:11 +0200] "GET /result?searchterm=true&search=kundenmappe HTTP/1.1" 200 4632 "http://renault.activities.at/account" "Mozilla/5.0 (Windows NT 6.1; WOW64; Trident/7.0; rv:11.0) like Gecko"
80.123.225.34 - - [09/Jul/2018:13:43:13 +0200] "GET /result?searchterm=true&search=kundenmappe HTTP/1.1" 200 4632 "http://renault.activities.at/account" "Mozilla/5.0 (Windows NT 6.1; WOW64; Trident/7.0; rv:11.0) like Gecko"
80.123.225.34 - - [09/Jul/2018:13:43:17 +0200] "GET /js/index.php?c=auto&f=,prototype/prototype.js,prototype/validation.js,scriptaculous/builder.js,scriptaculous/effects.js,scriptaculous/dragdrop.js,scriptaculous/controls.js,scriptaculous/slider.js,varien/js.js,varien/form.js,varien/menu.js,mage/translate.js,mage/cookies.js,varien/product.js,spinner/SpinnerControl.jsmin.js,prototype/window.js,prototype/window_ext.js HTTP/1.1" 304 - "http://renault.activities.at/result?searchterm=true&search=kundenmappe" "Mozilla/5.0 (Windows NT 6.1; WOW64; Trident/7.0; rv:11.0) like Gecko"
80.123.225.34 - - [09/Jul/2018:13:43:17 +0200] "GET /js/ProduktGrp.js HTTP/1.1" 304 - "http://renault.activities.at/result?searchterm=true&search=kundenmappe" "Mozilla/5.0 (Windows NT 6.1; WOW64; Trident/7.0; rv:11.0) like Gecko"
80.123.225.34 - - [09/Jul/2018:13:43:21 +0200] "POST /axjaxrequest?mode=suggest HTTP/1.1" 200 404 "http://renault.activities.at/result?searchterm=true&search=kundenmappe" "Mozilla/5.0 (Windows NT 6.1; WOW64; Trident/7.0; rv:11.0) like Gecko"
80.123.225.34 - - [09/Jul/2018:13:43:22 +0200] "POST /axjaxrequest?mode=suggest HTTP/1.1" 200 239 "http://renault.activities.at/result?searchterm=true&search=kundenmappe" "Mozilla/5.0 (Windows NT 6.1; WOW64; Trident/7.0; rv:11.0) like Gecko"
80.123.225.34 - - [09/Jul/2018:13:43:23 +0200] "GET /result?searchterm=true&search=mappe HTTP/1.1" 200 7078 "http://renault.activities.at/result?searchterm=true&search=kundenmappe" "Mozilla/5.0 (Windows NT 6.1; WOW64; Trident/7.0; rv:11.0) like Gecko"
80.123.225.34 - - [09/Jul/2018:13:43:26 +0200] "GET /js/index.php?c=auto&f=,prototype/prototype.js,prototype/validation.js,scriptaculous/builder.js,scriptaculous/effects.js,scriptaculous/dragdrop.js,scriptaculous/controls.js,scriptaculous/slider.js,varien/js.js,varien/form.js,varien/menu.js,mage/translate.js,mage/cookies.js,varien/product.js,spinner/SpinnerControl.jsmin.js,prototype/window.js,prototype/window_ext.js HTTP/1.1" 304 - "http://renault.activities.at/result?searchterm=true&search=mappe" "Mozilla/5.0 (Windows NT 6.1; WOW64; Trident/7.0; rv:11.0) like Gecko"
80.123.225.34 - - [09/Jul/2018:13:43:26 +0200] "GET /loadthumbnail.php?id=11075492&width=113 HTTP/1.1" 200 2349 "http://renault.activities.at/result?searchterm=true&search=mappe" "Mozilla/5.0 (Windows NT 6.1; WOW64; Trident/7.0; rv:11.0) like Gecko"
80.123.225.34 - - [09/Jul/2018:13:43:26 +0200] "GET /loadthumbnail.php?id=10203255 HTTP/1.1" 200 137 "http://renault.activities.at/result?searchterm=true&search=mappe" "Mozilla/5.0 (Windows NT 6.1; WOW64; Trident/7.0; rv:11.0) like Gecko"
80.123.225.34 - - [09/Jul/2018:13:43:26 +0200] "GET /loadthumbnail.php?id=11423690&width=113 HTTP/1.1" 200 1470 "http://renault.activities.at/result?searchterm=true&search=mappe" "Mozilla/5.0 (Windows NT 6.1; WOW64; Trident/7.0; rv:11.0) like Gecko"
80.123.225.34 - - [09/Jul/2018:13:43:26 +0200] "GET /loadthumbnail.php?id=11108158&width=113 HTTP/1.1" 200 1545 "http://renault.activities.at/result?searchterm=true&search=mappe" "Mozilla/5.0 (Windows NT 6.1; WOW64; Trident/7.0; rv:11.0) like Gecko"
80.123.225.34 - - [09/Jul/2018:13:43:26 +0200] "GET /loadthumbnail.php?id=10203650&width=113 HTTP/1.1" 200 2741 "http://renault.activities.at/result?searchterm=true&search=mappe" "Mozilla/5.0 (Windows NT 6.1; WOW64; Trident/7.0; rv:11.0) like Gecko"
80.123.225.34 - - [09/Jul/2018:13:43:26 +0200] "GET /loadthumbnail.php?id=11423689&width=113 HTTP/1.1" 200 1359 "http://renault.activities.at/result?searchterm=true&search=mappe" "Mozilla/5.0 (Windows NT 6.1; WOW64; Trident/7.0; rv:11.0) like Gecko"
80.123.225.34 - - [09/Jul/2018:13:43:26 +0200] "GET /loadthumbnail.php?id=10269567&width=113 HTTP/1.1" 200 1590 "http://renault.activities.at/result?searchterm=true&search=mappe" "Mozilla/5.0 (Windows NT 6.1; WOW64; Trident/7.0; rv:11.0) like Gecko"
80.123.225.34 - - [09/Jul/2018:13:43:26 +0200] "GET /loadthumbnail.php?id=11721290&width=113 HTTP/1.1" 200 1179 "http://renault.activities.at/result?searchterm=true&search=mappe" "Mozilla/5.0 (Windows NT 6.1; WOW64; Trident/7.0; rv:11.0) like Gecko"
80.123.225.34 - - [09/Jul/2018:13:43:26 +0200] "GET /loadthumbnail.php?id=11423838&width=113 HTTP/1.1" 200 2865 "http://renault.activities.at/result?searchterm=true&search=mappe" "Mozilla/5.0 (Windows NT 6.1; WOW64; Trident/7.0; rv:11.0) like Gecko"
80.123.225.34 - - [09/Jul/2018:13:43:33 +0200] "GET /css/themes/alphacube/frame_right.gif HTTP/1.1" 200 64 "http://renault.activities.at/result?searchterm=true&search=mappe" "Mozilla/5.0 (Windows NT 6.1; WOW64; Trident/7.0; rv:11.0) like Gecko"
80.123.225.34 - - [09/Jul/2018:13:43:33 +0200] "GET /css/themes/alphacube/bottom_middle.gif HTTP/1.1" 200 44 "http://renault.activities.at/result?searchterm=true&search=mappe" "Mozilla/5.0 (Windows NT 6.1; WOW64; Trident/7.0; rv:11.0) like Gecko"
80.123.225.34 - - [09/Jul/2018:13:43:33 +0200] "GET /css/themes/alphacube/frame_left.gif HTTP/1.1" 200 64 "http://renault.activities.at/result?searchterm=true&search=mappe" "Mozilla/5.0 (Windows NT 6.1; WOW64; Trident/7.0; rv:11.0) like Gecko"
80.123.225.34 - - [09/Jul/2018:13:43:33 +0200] "GET /css/themes/alphacube/top_mid.gif HTTP/1.1" 200 833 "http://renault.activities.at/result?searchterm=true&search=mappe" "Mozilla/5.0 (Windows NT 6.1; WOW64; Trident/7.0; rv:11.0) like Gecko"
80.123.225.34 - - [09/Jul/2018:13:43:33 +0200] "GET /css/themes/alphacube/button-close-focus.gif HTTP/1.1" 200 699 "http://renault.activities.at/result?searchterm=true&search=mappe" "Mozilla/5.0 (Windows NT 6.1; WOW64; Trident/7.0; rv:11.0) like Gecko"
80.123.225.34 - - [09/Jul/2018:13:43:33 +0200] "GET /css/themes/alphacube/top_left.gif HTTP/1.1" 200 973 "http://renault.activities.at/result?searchterm=true&search=mappe" "Mozilla/5.0 (Windows NT 6.1; WOW64; Trident/7.0; rv:11.0) like Gecko"
80.123.225.34 - - [09/Jul/2018:13:43:33 +0200] "GET /css/themes/alphacube/bottom_left-c.gif HTTP/1.1" 200 62 "http://renault.activities.at/result?searchterm=true&search=mappe" "Mozilla/5.0 (Windows NT 6.1; WOW64; Trident/7.0; rv:11.0) like Gecko"
80.123.225.34 - - [09/Jul/2018:13:43:33 +0200] "GET /css/themes/alphacube/bottom_right-c.gif HTTP/1.1" 200 62 "http://renault.activities.at/result?searchterm=true&search=mappe" "Mozilla/5.0 (Windows NT 6.1; WOW64; Trident/7.0; rv:11.0) like Gecko"
80.123.225.34 - - [09/Jul/2018:13:43:33 +0200] "GET /css/themes/alphacube/top_right.gif HTTP/1.1" 200 972 "http://renault.activities.at/result?searchterm=true&search=mappe" "Mozilla/5.0 (Windows NT 6.1; WOW64; Trident/7.0; rv:11.0) like Gecko"
80.123.225.34 - - [09/Jul/2018:13:43:33 +0200] "GET /11218423?print=true HTTP/1.1" 200 2675 "http://renault.activities.at/result?searchterm=true&search=mappe" "Mozilla/5.0 (Windows NT 6.1; WOW64; Trident/7.0; rv:11.0) like Gecko"
80.123.225.34 - - [09/Jul/2018:13:43:36 +0200] "GET /js/index.php?c=auto&f=,prototype/prototype.js,prototype/validation.js,scriptaculous/builder.js,scriptaculous/effects.js,scriptaculous/dragdrop.js,scriptaculous/controls.js,scriptaculous/slider.js,varien/js.js,varien/form.js,varien/menu.js,mage/translate.js,mage/cookies.js,varien/product.js,spinner/SpinnerControl.jsmin.js,prototype/window.js,prototype/window_ext.js HTTP/1.1" 304 - "http://renault.activities.at/11218423?print=true" "Mozilla/5.0 (Windows NT 6.1; WOW64; Trident/7.0; rv:11.0) like Gecko"
80.123.225.34 - - [09/Jul/2018:13:43:36 +0200] "GET /js/Produkt.js HTTP/1.1" 304 - "http://renault.activities.at/11218423?print=true" "Mozilla/5.0 (Windows NT 6.1; WOW64; Trident/7.0; rv:11.0) like Gecko"
80.123.225.34 - - [09/Jul/2018:13:43:36 +0200] "GET /loadthumbnail.php?id=11721290&width=250 HTTP/1.1" 200 2925 "http://renault.activities.at/11218423?print=true" "Mozilla/5.0 (Windows NT 6.1; WOW64; Trident/7.0; rv:11.0) like Gecko"
80.123.225.34 - - [09/Jul/2018:13:43:37 +0200] "GET /loadthumbnail.php?id=11721290&width=900&height=900 HTTP/1.1" 200 2925 "http://renault.activities.at/11218423?print=true" "Mozilla/5.0 (Windows NT 6.1; WOW64; Trident/7.0; rv:11.0) like Gecko"
80.123.225.34 - - [09/Jul/2018:13:43:37 +0200] "GET /js/magiczoom/graphics/hint.gif HTTP/1.1" 200 73 "http://renault.activities.at/11218423?print=true" "Mozilla/5.0 (Windows NT 6.1; WOW64; Trident/7.0; rv:11.0) like Gecko"
80.123.225.34 - - [09/Jul/2018:13:43:39 +0200] "GET /graphics/zoomin.cur HTTP/1.1" 200 3620 "http://renault.activities.at/11218423?print=true" "Mozilla/5.0 (Windows NT 6.1; WOW64; Trident/7.0; rv:11.0) like Gecko"
80.123.225.34 - - [09/Jul/2018:13:43:39 +0200] "GET /graphics/zoomin.cur HTTP/1.1" 200 3620 "http://renault.activities.at/11218423?print=true" "Mozilla/5.0 (Windows NT 6.1; WOW64; Trident/7.0; rv:11.0) like Gecko"
80.123.225.34 - - [09/Jul/2018:13:43:40 +0200] "GET /graphics/zoomin.cur HTTP/1.1" 200 3620 "http://renault.activities.at/11218423?print=true" "Mozilla/5.0 (Windows NT 6.1; WOW64; Trident/7.0; rv:11.0) like Gecko"
80.123.225.34 - - [09/Jul/2018:13:43:41 +0200] "GET /graphics/zoomin.cur HTTP/1.1" 200 3620 "http://renault.activities.at/11218423?print=true" "Mozilla/5.0 (Windows NT 6.1; WOW64; Trident/7.0; rv:11.0) like Gecko"
80.123.225.34 - - [09/Jul/2018:13:43:42 +0200] "GET /graphics/zoomin.cur HTTP/1.1" 200 3620 "http://renault.activities.at/11218423?print=true" "Mozilla/5.0 (Windows NT 6.1; WOW64; Trident/7.0; rv:11.0) like Gecko"
80.123.225.34 - - [09/Jul/2018:13:43:44 +0200] "GET /graphics/zoomin.cur HTTP/1.1" 200 3620 "http://renault.activities.at/11218423?print=true" "Mozilla/5.0 (Windows NT 6.1; WOW64; Trident/7.0; rv:11.0) like Gecko"
212.152.246.135 - - [09/Jul/2018:13:43:58 +0200] "GET /reload?ser=1531136638892 HTTP/1.1" 200 28 "http://renault.activities.at/success" "Mozilla/5.0 (Windows NT 6.1; WOW64; Trident/7.0; rv:11.0) like Gecko"
80.123.225.34 - - [09/Jul/2018:13:44:01 +0200] "POST /11218423?print=true HTTP/1.1" 200 2785 "http://renault.activities.at/11218423?print=true" "Mozilla/5.0 (Windows NT 6.1; WOW64; Trident/7.0; rv:11.0) like Gecko"
80.123.225.34 - - [09/Jul/2018:13:44:03 +0200] "GET /js/index.php?c=auto&f=,prototype/prototype.js,prototype/validation.js,scriptaculous/builder.js,scriptaculous/effects.js,scriptaculous/dragdrop.js,scriptaculous/controls.js,scriptaculous/slider.js,varien/js.js,varien/form.js,varien/menu.js,mage/translate.js,mage/cookies.js,varien/product.js,spinner/SpinnerControl.jsmin.js,prototype/window.js,prototype/window_ext.js HTTP/1.1" 304 - "http://renault.activities.at/11218423?print=true" "Mozilla/5.0 (Windows NT 6.1; WOW64; Trident/7.0; rv:11.0) like Gecko"
80.123.225.34 - - [09/Jul/2018:13:44:06 +0200] "GET /graphics/zoomin.cur HTTP/1.1" 200 3620 "http://renault.activities.at/11218423?print=true" "Mozilla/5.0 (Windows NT 6.1; WOW64; Trident/7.0; rv:11.0) like Gecko"
90.152.128.107 - - [09/Jul/2018:13:44:07 +0200] "GET /reload?ser=1531136647462 HTTP/1.1" 200 28 "http://renault.2web.at/" "Mozilla/5.0 (Windows NT 10.0; WOW64) AppleWebKit/537.36 (KHTML, like Gecko) Chrome/67.0.3396.99 Safari/537.36"
80.123.225.34 - - [09/Jul/2018:13:44:10 +0200] "GET /null HTTP/1.1" 200 3620 "http://renault.activities.at/result?searchterm=true&search=mappe" "Mozilla/5.0 (Windows NT 6.1; WOW64; Trident/7.0; rv:11.0) like Gecko"
80.123.225.34 - - [09/Jul/2018:13:44:11 +0200] "GET /js/index.php?c=auto&f=,prototype/prototype.js,prototype/validation.js,scriptaculous/builder.js,scriptaculous/effects.js,scriptaculous/dragdrop.js,scriptaculous/controls.js,scriptaculous/slider.js,varien/js.js,varien/form.js,varien/menu.js,mage/translate.js,mage/cookies.js,varien/product.js,spinner/SpinnerControl.jsmin.js,prototype/window.js,prototype/window_ext.js HTTP/1.1" 304 - "http://renault.activities.at/null" "Mozilla/5.0 (Windows NT 6.1; WOW64; Trident/7.0; rv:11.0) like Gecko"
88.116.10.164 - - [09/Jul/2018:13:44:14 +0200] "GET /reload?ser=1531136654335 HTTP/1.1" 200 28 "http://renault.activities.at/result?searchterm=true&search=reh5338" "Mozilla/5.0 (Windows NT 6.1; WOW64; Trident/7.0; rv:11.0) like Gecko"
80.123.225.34 - - [09/Jul/2018:13:44:16 +0200] "GET /10764754?print=true HTTP/1.1" 200 3031 "http://renault.activities.at/result?searchterm=true&search=mappe" "Mozilla/5.0 (Windows NT 6.1; WOW64; Trident/7.0; rv:11.0) like Gecko"
80.123.225.34 - - [09/Jul/2018:13:44:19 +0200] "GET /js/index.php?c=auto&f=,prototype/prototype.js,prototype/validation.js,scriptaculous/builder.js,scriptaculous/effects.js,scriptaculous/dragdrop.js,scriptaculous/controls.js,scriptaculous/slider.js,varien/js.js,varien/form.js,varien/menu.js,mage/translate.js,mage/cookies.js,varien/product.js,spinner/SpinnerControl.jsmin.js,prototype/window.js,prototype/window_ext.js HTTP/1.1" 304 - "http://renault.activities.at/10764754?print=true" "Mozilla/5.0 (Windows NT 6.1; WOW64; Trident/7.0; rv:11.0) like Gecko"
80.123.225.34 - - [09/Jul/2018:13:44:19 +0200] "GET /images/tabs_corner_right_bot.gif HTTP/1.1" 200 99 "http://renault.activities.at/10764754?print=true" "Mozilla/5.0 (Windows NT 6.1; WOW64; Trident/7.0; rv:11.0) like Gecko"
80.123.225.34 - - [09/Jul/2018:13:44:19 +0200] "GET /images/tabs_button_corner_right_top_active.gif HTTP/1.1" 200 136 "http://renault.activities.at/10764754?print=true" "Mozilla/5.0 (Windows NT 6.1; WOW64; Trident/7.0; rv:11.0) like Gecko"
80.123.225.34 - - [09/Jul/2018:13:44:19 +0200] "GET /images/tabs_corner_left_top.gif HTTP/1.1" 200 99 "http://renault.activities.at/10764754?print=true" "Mozilla/5.0 (Windows NT 6.1; WOW64; Trident/7.0; rv:11.0) like Gecko"
80.123.225.34 - - [09/Jul/2018:13:44:19 +0200] "GET /images/tabs_corner_right_top.gif HTTP/1.1" 200 98 "http://renault.activities.at/10764754?print=true" "Mozilla/5.0 (Windows NT 6.1; WOW64; Trident/7.0; rv:11.0) like Gecko"
80.123.225.34 - - [09/Jul/2018:13:44:19 +0200] "GET /images/tabs_border.gif HTTP/1.1" 200 43 "http://renault.activities.at/10764754?print=true" "Mozilla/5.0 (Windows NT 6.1; WOW64; Trident/7.0; rv:11.0) like Gecko"
80.123.225.34 - - [09/Jul/2018:13:44:19 +0200] "GET /images/tabs_corner_left_bot.gif HTTP/1.1" 200 98 "http://renault.activities.at/10764754?print=true" "Mozilla/5.0 (Windows NT 6.1; WOW64; Trident/7.0; rv:11.0) like Gecko"
80.123.225.34 - - [09/Jul/2018:13:44:19 +0200] "GET /loadthumbnail.php?id=11423839&width=83 HTTP/1.1" 200 1353 "http://renault.activities.at/10764754?print=true" "Mozilla/5.0 (Windows NT 6.1; WOW64; Trident/7.0; rv:11.0) like Gecko"
80.123.225.34 - - [09/Jul/2018:13:44:19 +0200] "GET /loadthumbnail.php?id=11423838&width=83 HTTP/1.1" 200 1972 "http://renault.activities.at/10764754?print=true" "Mozilla/5.0 (Windows NT 6.1; WOW64; Trident/7.0; rv:11.0) like Gecko"
80.123.225.34 - - [09/Jul/2018:13:44:19 +0200] "GET /images/tabs_button_corner_left_top_active.gif HTTP/1.1" 200 138 "http://renault.activities.at/10764754?print=true" "Mozilla/5.0 (Windows NT 6.1; WOW64; Trident/7.0; rv:11.0) like Gecko"
80.123.225.34 - - [09/Jul/2018:13:44:19 +0200] "GET /loadthumbnail.php?id=11423838&width=250 HTTP/1.1" 200 8660 "http://renault.activities.at/10764754?print=true" "Mozilla/5.0 (Windows NT 6.1; WOW64; Trident/7.0; rv:11.0) like Gecko"
80.123.225.34 - - [09/Jul/2018:13:44:19 +0200] "GET /loadthumbnail.php?id=11423838&width=900&height=900 HTTP/1.1" 200 67855 "http://renault.activities.at/10764754?print=true" "Mozilla/5.0 (Windows NT 6.1; WOW64; Trident/7.0; rv:11.0) like Gecko"
80.123.225.34 - - [09/Jul/2018:13:44:19 +0200] "GET /loadthumbnail.php?id=11423839&width=250 HTTP/1.1" 200 3773 "http://renault.activities.at/10764754?print=true" "Mozilla/5.0 (Windows NT 6.1; WOW64; Trident/7.0; rv:11.0) like Gecko"
80.123.225.34 - - [09/Jul/2018:13:44:20 +0200] "GET /graphics/zoomin.cur HTTP/1.1" 200 3620 "http://renault.activities.at/10764754?print=true" "Mozilla/5.0 (Windows NT 6.1; WOW64; Trident/7.0; rv:11.0) like Gecko"
80.123.225.34 - - [09/Jul/2018:13:44:25 +0200] "GET /null HTTP/1.1" 200 3620 "http://renault.activities.at/result?searchterm=true&search=mappe" "Mozilla/5.0 (Windows NT 6.1; WOW64; Trident/7.0; rv:11.0) like Gecko"
80.123.225.34 - - [09/Jul/2018:13:44:26 +0200] "GET /js/index.php?c=auto&f=,prototype/prototype.js,prototype/validation.js,scriptaculous/builder.js,scriptaculous/effects.js,scriptaculous/dragdrop.js,scriptaculous/controls.js,scriptaculous/slider.js,varien/js.js,varien/form.js,varien/menu.js,mage/translate.js,mage/cookies.js,varien/product.js,spinner/SpinnerControl.jsmin.js,prototype/window.js,prototype/window_ext.js HTTP/1.1" 304 - "http://renault.activities.at/null" "Mozilla/5.0 (Windows NT 6.1; WOW64; Trident/7.0; rv:11.0) like Gecko"
80.123.225.34 - - [09/Jul/2018:13:44:26 +0200] "GET /reload?ser=1531136667234 HTTP/1.1" 200 28 "http://renault.activities.at/result?searchterm=true&search=mappe" "Mozilla/5.0 (Windows NT 6.1; WOW64; Trident/7.0; rv:11.0) like Gecko"
80.123.225.34 - - [09/Jul/2018:13:44:38 +0200] "GET /10980928?print=true HTTP/1.1" 200 2665 "http://renault.activities.at/result?searchterm=true&search=mappe" "Mozilla/5.0 (Windows NT 6.1; WOW64; Trident/7.0; rv:11.0) like Gecko"
80.123.225.34 - - [09/Jul/2018:13:44:42 +0200] "GET /js/index.php?c=auto&f=,prototype/prototype.js,prototype/validation.js,scriptaculous/builder.js,scriptaculous/effects.js,scriptaculous/dragdrop.js,scriptaculous/controls.js,scriptaculous/slider.js,varien/js.js,varien/form.js,varien/menu.js,mage/translate.js,mage/cookies.js,varien/product.js,spinner/SpinnerControl.jsmin.js,prototype/window.js,prototype/window_ext.js HTTP/1.1" 304 - "http://renault.activities.at/10980928?print=true" "Mozilla/5.0 (Windows NT 6.1; WOW64; Trident/7.0; rv:11.0) like Gecko"
80.123.225.34 - - [09/Jul/2018:13:44:42 +0200] "GET /loadthumbnail.php?id=11108158&width=250 HTTP/1.1" 200 4408 "http://renault.activities.at/10980928?print=true" "Mozilla/5.0 (Windows NT 6.1; WOW64; Trident/7.0; rv:11.0) like Gecko"
80.123.225.34 - - [09/Jul/2018:13:44:42 +0200] "GET /loadthumbnail.php?id=11108158&width=900&height=900 HTTP/1.1" 200 35241 "http://renault.activities.at/10980928?print=true" "Mozilla/5.0 (Windows NT 6.1; WOW64; Trident/7.0; rv:11.0) like Gecko"
80.123.225.34 - - [09/Jul/2018:13:44:43 +0200] "GET /graphics/zoomin.cur HTTP/1.1" 200 3620 "http://renault.activities.at/10980928?print=true" "Mozilla/5.0 (Windows NT 6.1; WOW64; Trident/7.0; rv:11.0) like Gecko"
80.123.225.34 - - [09/Jul/2018:13:44:46 +0200] "GET /null HTTP/1.1" 200 3620 "http://renault.activities.at/result?searchterm=true&search=mappe" "Mozilla/5.0 (Windows NT 6.1; WOW64; Trident/7.0; rv:11.0) like Gecko"
80.123.225.34 - - [09/Jul/2018:13:44:48 +0200] "GET /js/index.php?c=auto&f=,prototype/prototype.js,prototype/validation.js,scriptaculous/builder.js,scriptaculous/effects.js,scriptaculous/dragdrop.js,scriptaculous/controls.js,scriptaculous/slider.js,varien/js.js,varien/form.js,varien/menu.js,mage/translate.js,mage/cookies.js,varien/product.js,spinner/SpinnerControl.jsmin.js,prototype/window.js,prototype/window_ext.js HTTP/1.1" 304 - "http://renault.activities.at/null" "Mozilla/5.0 (Windows NT 6.1; WOW64; Trident/7.0; rv:11.0) like Gecko"
212.152.246.135 - - [09/Jul/2018:13:44:59 +0200] "GET /reload?ser=1531136699835 HTTP/1.1" 200 28 "http://renault.activities.at/success" "Mozilla/5.0 (Windows NT 6.1; WOW64; Trident/7.0; rv:11.0) like Gecko"
80.123.225.34 - - [09/Jul/2018:13:45:01 +0200] "POST /axjaxrequest?mode=suggest HTTP/1.1" 200 21 "http://renault.activities.at/result?searchterm=true&search=mappe" "Mozilla/5.0 (Windows NT 6.1; WOW64; Trident/7.0; rv:11.0) like Gecko"
80.123.225.34 - - [09/Jul/2018:13:45:02 +0200] "POST /axjaxrequest?mode=suggest HTTP/1.1" 200 21 "http://renault.activities.at/result?searchterm=true&search=mappe" "Mozilla/5.0 (Windows NT 6.1; WOW64; Trident/7.0; rv:11.0) like Gecko"
80.123.225.34 - - [09/Jul/2018:13:45:03 +0200] "POST /axjaxrequest?mode=suggest HTTP/1.1" 200 21 "http://renault.activities.at/result?searchterm=true&search=mappe" "Mozilla/5.0 (Windows NT 6.1; WOW64; Trident/7.0; rv:11.0) like Gecko"
80.123.225.34 - - [09/Jul/2018:13:45:05 +0200] "GET /result?searchterm=true&search=anh%E4nger HTTP/1.1" 200 4732 "http://renault.activities.at/result?searchterm=true&search=mappe" "Mozilla/5.0 (Windows NT 6.1; WOW64; Trident/7.0; rv:11.0) like Gecko"
80.123.225.34 - - [09/Jul/2018:13:45:07 +0200] "GET /js/index.php?c=auto&f=,prototype/prototype.js,prototype/validation.js,scriptaculous/builder.js,scriptaculous/effects.js,scriptaculous/dragdrop.js,scriptaculous/controls.js,scriptaculous/slider.js,varien/js.js,varien/form.js,varien/menu.js,mage/translate.js,mage/cookies.js,varien/product.js,spinner/SpinnerControl.jsmin.js,prototype/window.js,prototype/window_ext.js HTTP/1.1" 304 - "http://renault.activities.at/result?searchterm=true&search=anh%E4nger" "Mozilla/5.0 (Windows NT 6.1; WOW64; Trident/7.0; rv:11.0) like Gecko"
90.152.128.107 - - [09/Jul/2018:13:45:08 +0200] "GET /reload?ser=1531136708134 HTTP/1.1" 200 28 "http://renault.2web.at/" "Mozilla/5.0 (Windows NT 10.0; WOW64) AppleWebKit/537.36 (KHTML, like Gecko) Chrome/67.0.3396.99 Safari/537.36"
80.123.225.34 - - [09/Jul/2018:13:45:11 +0200] "POST /axjaxrequest?mode=suggest HTTP/1.1" 200 638 "http://renault.activities.at/result?searchterm=true&search=anh%E4nger" "Mozilla/5.0 (Windows NT 6.1; WOW64; Trident/7.0; rv:11.0) like Gecko"
80.123.225.34 - - [09/Jul/2018:13:45:11 +0200] "POST /axjaxrequest?mode=suggest HTTP/1.1" 200 594 "http://renault.activities.at/result?searchterm=true&search=anh%E4nger" "Mozilla/5.0 (Windows NT 6.1; WOW64; Trident/7.0; rv:11.0) like Gecko"
80.123.225.34 - - [09/Jul/2018:13:45:12 +0200] "POST /axjaxrequest?mode=suggest HTTP/1.1" 200 164 "http://renault.activities.at/result?searchterm=true&search=anh%E4nger" "Mozilla/5.0 (Windows NT 6.1; WOW64; Trident/7.0; rv:11.0) like Gecko"
80.123.225.34 - - [09/Jul/2018:13:45:13 +0200] "POST /axjaxrequest?mode=suggest HTTP/1.1" 200 118 "http://renault.activities.at/result?searchterm=true&search=anh%E4nger" "Mozilla/5.0 (Windows NT 6.1; WOW64; Trident/7.0; rv:11.0) like Gecko"
88.116.10.164 - - [09/Jul/2018:13:45:15 +0200] "GET /reload?ser=1531136715372 HTTP/1.1" 200 28 "http://renault.activities.at/result?searchterm=true&search=reh5338" "Mozilla/5.0 (Windows NT 6.1; WOW64; Trident/7.0; rv:11.0) like Gecko"
80.123.225.34 - - [09/Jul/2018:13:45:14 +0200] "POST /axjaxrequest?mode=suggest HTTP/1.1" 200 21 "http://renault.activities.at/result?searchterm=true&search=anh%E4nger" "Mozilla/5.0 (Windows NT 6.1; WOW64; Trident/7.0; rv:11.0) like Gecko"
80.123.225.34 - - [09/Jul/2018:13:45:29 +0200] "GET /checkout HTTP/1.1" 200 10266 "http://renault.activities.at/result?searchterm=true&search=anh%E4nger" "Mozilla/5.0 (Windows NT 6.1; WOW64; Trident/7.0; rv:11.0) like Gecko"
80.123.225.34 - - [09/Jul/2018:13:45:34 +0200] "GET /js/index.php?c=auto&f=,prototype/prototype.js,prototype/validation.js,scriptaculous/builder.js,scriptaculous/effects.js,scriptaculous/dragdrop.js,scriptaculous/controls.js,scriptaculous/slider.js,varien/js.js,varien/form.js,varien/menu.js,mage/translate.js,mage/cookies.js,varien/product.js,spinner/SpinnerControl.jsmin.js,prototype/window.js,prototype/window_ext.js HTTP/1.1" 304 - "http://renault.activities.at/checkout" "Mozilla/5.0 (Windows NT 6.1; WOW64; Trident/7.0; rv:11.0) like Gecko"
80.123.225.34 - - [09/Jul/2018:13:45:34 +0200] "GET /js/checkout2.js HTTP/1.1" 304 - "http://renault.activities.at/checkout" "Mozilla/5.0 (Windows NT 6.1; WOW64; Trident/7.0; rv:11.0) like Gecko"
80.123.225.34 - - [09/Jul/2018:13:45:34 +0200] "GET /loadthumbnail.php?id=10202698 HTTP/1.1" 200 16686 "http://renault.activities.at/checkout" "Mozilla/5.0 (Windows NT 6.1; WOW64; Trident/7.0; rv:11.0) like Gecko"
80.123.225.34 - - [09/Jul/2018:13:45:34 +0200] "GET /loadthumbnail.php?id=10201939 HTTP/1.1" 200 201 "http://renault.activities.at/checkout" "Mozilla/5.0 (Windows NT 6.1; WOW64; Trident/7.0; rv:11.0) like Gecko"
80.123.225.34 - - [09/Jul/2018:13:45:37 +0200] "POST /docheckout HTTP/1.1" 200 462 "http://renault.activities.at/checkout" "Mozilla/5.0 (Windows NT 6.1; WOW64; Trident/7.0; rv:11.0) like Gecko"
80.123.225.34 - - [09/Jul/2018:13:45:41 +0200] "POST /docheckout HTTP/1.1" 200 592 "http://renault.activities.at/checkout" "Mozilla/5.0 (Windows NT 6.1; WOW64; Trident/7.0; rv:11.0) like Gecko"
80.123.225.34 - - [09/Jul/2018:13:45:45 +0200] "POST /docheckout HTTP/1.1" 200 68 "http://renault.activities.at/checkout" "Mozilla/5.0 (Windows NT 6.1; WOW64; Trident/7.0; rv:11.0) like Gecko"
80.123.225.34 - - [09/Jul/2018:13:45:47 +0200] "GET /success HTTP/1.1" 200 3789 "http://renault.activities.at/checkout" "Mozilla/5.0 (Windows NT 6.1; WOW64; Trident/7.0; rv:11.0) like Gecko"
80.123.225.34 - - [09/Jul/2018:13:45:49 +0200] "GET /js/index.php?c=auto&f=,prototype/prototype.js,prototype/validation.js,scriptaculous/builder.js,scriptaculous/effects.js,scriptaculous/dragdrop.js,scriptaculous/controls.js,scriptaculous/slider.js,varien/js.js,varien/form.js,varien/menu.js,mage/translate.js,mage/cookies.js,varien/product.js,spinner/SpinnerControl.jsmin.js,prototype/window.js,prototype/window_ext.js HTTP/1.1" 304 - "http://renault.activities.at/success" "Mozilla/5.0 (Windows NT 6.1; WOW64; Trident/7.0; rv:11.0) like Gecko"
80.123.225.34 - - [09/Jul/2018:13:45:53 +0200] "GET /11836973?print=true HTTP/1.1" 200 2025 "-" "Mozilla/5.0 (Windows NT 6.1; WOW64; Trident/7.0; rv:11.0) like Gecko"
80.123.225.34 - - [09/Jul/2018:13:45:55 +0200] "GET /js/index.php?c=auto&f=,prototype/prototype.js,prototype/validation.js,scriptaculous/builder.js,scriptaculous/effects.js,scriptaculous/dragdrop.js,scriptaculous/controls.js,scriptaculous/slider.js,varien/js.js,varien/form.js,varien/menu.js,mage/translate.js,mage/cookies.js,varien/product.js,spinner/SpinnerControl.jsmin.js,prototype/window.js,prototype/window_ext.js HTTP/1.1" 304 - "http://renault.activities.at/11836973?print=true" "Mozilla/5.0 (Windows NT 6.1; WOW64; Trident/7.0; rv:11.0) like Gecko"
80.123.225.34 - - [09/Jul/2018:13:45:55 +0200] "GET /js/index.php?c=auto&f=,prototype/prototype.js,prototype/validation.js,scriptaculous/builder.js,scriptaculous/effects.js,scriptaculous/dragdrop.js,scriptaculous/controls.js,scriptaculous/slider.js,varien/js.js,varien/form.js,varien/menu.js,mage/translate.js,mage/cookies.js,varien/product.js,spinner/SpinnerControl.jsmin.js,prototype/window.js,prototype/window_ext.js HTTP/1.1" 304 - "-" "Mozilla/5.0 (Windows NT 6.1; WOW64; Trident/7.0; rv:11.0) like Gecko"
212.152.246.135 - - [09/Jul/2018:13:46:00 +0200] "GET /reload?ser=1531136760777 HTTP/1.1" 200 28 "http://renault.activities.at/success" "Mozilla/5.0 (Windows NT 6.1; WOW64; Trident/7.0; rv:11.0) like Gecko"
90.152.128.107 - - [09/Jul/2018:13:46:08 +0200] "GET /reload?ser=1531136768798 HTTP/1.1" 200 28 "http://renault.2web.at/" "Mozilla/5.0 (Windows NT 10.0; WOW64) AppleWebKit/537.36 (KHTML, like Gecko) Chrome/67.0.3396.99 Safari/537.36"
88.116.10.164 - - [09/Jul/2018:13:46:16 +0200] "GET /reload?ser=1531136776379 HTTP/1.1" 200 28 "http://renault.activities.at/result?searchterm=true&search=reh5338" "Mozilla/5.0 (Windows NT 6.1; WOW64; Trident/7.0; rv:11.0) like Gecko"
66.249.65.107 - - [09/Jul/2018:13:46:35 +0200] "GET / HTTP/1.1" 200 3710 "-" "Mozilla/5.0 (Linux; Android 6.0.1; Nexus 5X Build/MMB29P) AppleWebKit/537.36 (KHTML, like Gecko) Chrome/41.0.2272.96 Mobile Safari/537.36 (compatible; Googlebot/2.1; +http://www.google.com/bot.html)"
66.249.65.105 - - [09/Jul/2018:13:46:40 +0200] "GET /css/reset.css HTTP/1.1" 200 1356 "http://renault.activities.at/" "Mozilla/5.0 (Linux; Android 6.0.1; Nexus 5X Build/MMB29P) AppleWebKit/537.36 (KHTML, like Gecko) Chrome/41.0.2272.96 Mobile Safari/537.36 (compatible; Googlebot/2.1; +http://www.google.com/bot.html)"
212.152.246.135 - - [09/Jul/2018:13:47:01 +0200] "GET /reload?ser=1531136821751 HTTP/1.1" 200 28 "http://renault.activities.at/success" "Mozilla/5.0 (Windows NT 6.1; WOW64; Trident/7.0; rv:11.0) like Gecko"
90.152.128.107 - - [09/Jul/2018:13:47:09 +0200] "GET /reload?ser=1531136829482 HTTP/1.1" 200 28 "http://renault.2web.at/" "Mozilla/5.0 (Windows NT 10.0; WOW64) AppleWebKit/537.36 (KHTML, like Gecko) Chrome/67.0.3396.99 Safari/537.36"
88.116.10.164 - - [09/Jul/2018:13:47:17 +0200] "GET /reload?ser=1531136837367 HTTP/1.1" 200 28 "http://renault.activities.at/result?searchterm=true&search=reh5338" "Mozilla/5.0 (Windows NT 6.1; WOW64; Trident/7.0; rv:11.0) like Gecko"
212.152.246.135 - - [09/Jul/2018:13:48:02 +0200] "GET /reload?ser=1531136882738 HTTP/1.1" 200 28 "http://renault.activities.at/success" "Mozilla/5.0 (Windows NT 6.1; WOW64; Trident/7.0; rv:11.0) like Gecko"
90.152.128.107 - - [09/Jul/2018:13:48:10 +0200] "GET /reload?ser=1531136890149 HTTP/1.1" 200 28 "http://renault.2web.at/" "Mozilla/5.0 (Windows NT 10.0; WOW64) AppleWebKit/537.36 (KHTML, like Gecko) Chrome/67.0.3396.99 Safari/537.36"
88.116.10.164 - - [09/Jul/2018:13:48:18 +0200] "GET /reload?ser=1531136898372 HTTP/1.1" 200 28 "http://renault.activities.at/result?searchterm=true&search=reh5338" "Mozilla/5.0 (Windows NT 6.1; WOW64; Trident/7.0; rv:11.0) like Gecko"
212.152.246.135 - - [09/Jul/2018:13:49:03 +0200] "GET /reload?ser=1531136943723 HTTP/1.1" 200 28 "http://renault.activities.at/success" "Mozilla/5.0 (Windows NT 6.1; WOW64; Trident/7.0; rv:11.0) like Gecko"
90.152.128.107 - - [09/Jul/2018:13:49:10 +0200] "GET /reload?ser=1531136950822 HTTP/1.1" 200 28 "http://renault.2web.at/" "Mozilla/5.0 (Windows NT 10.0; WOW64) AppleWebKit/537.36 (KHTML, like Gecko) Chrome/67.0.3396.99 Safari/537.36"
88.116.10.164 - - [09/Jul/2018:13:49:19 +0200] "GET /reload?ser=1531136959382 HTTP/1.1" 200 28 "http://renault.activities.at/result?searchterm=true&search=reh5338" "Mozilla/5.0 (Windows NT 6.1; WOW64; Trident/7.0; rv:11.0) like Gecko"
212.152.246.135 - - [09/Jul/2018:13:50:04 +0200] "GET /reload?ser=1531137004710 HTTP/1.1" 200 28 "http://renault.activities.at/success" "Mozilla/5.0 (Windows NT 6.1; WOW64; Trident/7.0; rv:11.0) like Gecko"
90.152.128.107 - - [09/Jul/2018:13:50:11 +0200] "GET /reload?ser=1531137011487 HTTP/1.1" 200 28 "http://renault.2web.at/" "Mozilla/5.0 (Windows NT 10.0; WOW64) AppleWebKit/537.36 (KHTML, like Gecko) Chrome/67.0.3396.99 Safari/537.36"
88.116.10.164 - - [09/Jul/2018:13:50:20 +0200] "GET /reload?ser=1531137020416 HTTP/1.1" 200 28 "http://renault.activities.at/result?searchterm=true&search=reh5338" "Mozilla/5.0 (Windows NT 6.1; WOW64; Trident/7.0; rv:11.0) like Gecko"
212.152.246.135 - - [09/Jul/2018:13:51:05 +0200] "GET /reload?ser=1531137065668 HTTP/1.1" 200 28 "http://renault.activities.at/success" "Mozilla/5.0 (Windows NT 6.1; WOW64; Trident/7.0; rv:11.0) like Gecko"
90.152.128.107 - - [09/Jul/2018:13:51:12 +0200] "GET /reload?ser=1531137072167 HTTP/1.1" 200 28 "http://renault.2web.at/" "Mozilla/5.0 (Windows NT 10.0; WOW64) AppleWebKit/537.36 (KHTML, like Gecko) Chrome/67.0.3396.99 Safari/537.36"
88.116.10.164 - - [09/Jul/2018:13:51:21 +0200] "GET /reload?ser=1531137081456 HTTP/1.1" 200 28 "http://renault.activities.at/result?searchterm=true&search=reh5338" "Mozilla/5.0 (Windows NT 6.1; WOW64; Trident/7.0; rv:11.0) like Gecko"
212.152.246.135 - - [09/Jul/2018:13:52:06 +0200] "GET /reload?ser=1531137126644 HTTP/1.1" 200 28 "http://renault.activities.at/success" "Mozilla/5.0 (Windows NT 6.1; WOW64; Trident/7.0; rv:11.0) like Gecko"
90.152.128.107 - - [09/Jul/2018:13:52:12 +0200] "GET /reload?ser=1531137132855 HTTP/1.1" 200 28 "http://renault.2web.at/" "Mozilla/5.0 (Windows NT 10.0; WOW64) AppleWebKit/537.36 (KHTML, like Gecko) Chrome/67.0.3396.99 Safari/537.36"
88.116.10.164 - - [09/Jul/2018:13:52:22 +0200] "GET /reload?ser=1531137142508 HTTP/1.1" 200 28 "http://renault.activities.at/result?searchterm=true&search=reh5338" "Mozilla/5.0 (Windows NT 6.1; WOW64; Trident/7.0; rv:11.0) like Gecko"
212.152.246.135 - - [09/Jul/2018:13:53:07 +0200] "GET /reload?ser=1531137187657 HTTP/1.1" 200 28 "http://renault.activities.at/success" "Mozilla/5.0 (Windows NT 6.1; WOW64; Trident/7.0; rv:11.0) like Gecko"
90.152.128.107 - - [09/Jul/2018:13:53:13 +0200] "GET /reload?ser=1531137193531 HTTP/1.1" 200 28 "http://renault.2web.at/" "Mozilla/5.0 (Windows NT 10.0; WOW64) AppleWebKit/537.36 (KHTML, like Gecko) Chrome/67.0.3396.99 Safari/537.36"
88.116.10.164 - - [09/Jul/2018:13:53:23 +0200] "GET /reload?ser=1531137203534 HTTP/1.1" 200 28 "http://renault.activities.at/result?searchterm=true&search=reh5338" "Mozilla/5.0 (Windows NT 6.1; WOW64; Trident/7.0; rv:11.0) like Gecko"
212.152.246.135 - - [09/Jul/2018:13:54:08 +0200] "GET /reload?ser=1531137248635 HTTP/1.1" 200 28 "http://renault.activities.at/success" "Mozilla/5.0 (Windows NT 6.1; WOW64; Trident/7.0; rv:11.0) like Gecko"
90.152.128.107 - - [09/Jul/2018:13:54:14 +0200] "GET /reload?ser=1531137254196 HTTP/1.1" 200 28 "http://renault.2web.at/" "Mozilla/5.0 (Windows NT 10.0; WOW64) AppleWebKit/537.36 (KHTML, like Gecko) Chrome/67.0.3396.99 Safari/537.36"
88.116.10.164 - - [09/Jul/2018:13:54:24 +0200] "GET /reload?ser=1531137264554 HTTP/1.1" 200 28 "http://renault.activities.at/result?searchterm=true&search=reh5338" "Mozilla/5.0 (Windows NT 6.1; WOW64; Trident/7.0; rv:11.0) like Gecko"
212.152.246.135 - - [09/Jul/2018:13:55:09 +0200] "GET /reload?ser=1531137309651 HTTP/1.1" 200 28 "http://renault.activities.at/success" "Mozilla/5.0 (Windows NT 6.1; WOW64; Trident/7.0; rv:11.0) like Gecko"
90.152.128.107 - - [09/Jul/2018:13:55:14 +0200] "GET /reload?ser=1531137314881 HTTP/1.1" 200 28 "http://renault.2web.at/" "Mozilla/5.0 (Windows NT 10.0; WOW64) AppleWebKit/537.36 (KHTML, like Gecko) Chrome/67.0.3396.99 Safari/537.36"
88.116.10.164 - - [09/Jul/2018:13:55:25 +0200] "GET /reload?ser=1531137325609 HTTP/1.1" 200 28 "http://renault.activities.at/result?searchterm=true&search=reh5338" "Mozilla/5.0 (Windows NT 6.1; WOW64; Trident/7.0; rv:11.0) like Gecko"
212.152.246.135 - - [09/Jul/2018:13:56:10 +0200] "GET /reload?ser=1531137370639 HTTP/1.1" 200 28 "http://renault.activities.at/success" "Mozilla/5.0 (Windows NT 6.1; WOW64; Trident/7.0; rv:11.0) like Gecko"
90.152.128.107 - - [09/Jul/2018:13:56:15 +0200] "GET /reload?ser=1531137375545 HTTP/1.1" 200 28 "http://renault.2web.at/" "Mozilla/5.0 (Windows NT 10.0; WOW64) AppleWebKit/537.36 (KHTML, like Gecko) Chrome/67.0.3396.99 Safari/537.36"
88.116.10.164 - - [09/Jul/2018:13:56:26 +0200] "GET /reload?ser=1531137386641 HTTP/1.1" 200 28 "http://renault.activities.at/result?searchterm=true&search=reh5338" "Mozilla/5.0 (Windows NT 6.1; WOW64; Trident/7.0; rv:11.0) like Gecko"
212.152.246.135 - - [09/Jul/2018:13:57:11 +0200] "GET /reload?ser=1531137431614 HTTP/1.1" 200 28 "http://renault.activities.at/success" "Mozilla/5.0 (Windows NT 6.1; WOW64; Trident/7.0; rv:11.0) like Gecko"
90.152.128.107 - - [09/Jul/2018:13:57:16 +0200] "GET /reload?ser=1531137436210 HTTP/1.1" 200 28 "http://renault.2web.at/" "Mozilla/5.0 (Windows NT 10.0; WOW64) AppleWebKit/537.36 (KHTML, like Gecko) Chrome/67.0.3396.99 Safari/537.36"
88.116.10.164 - - [09/Jul/2018:13:57:27 +0200] "GET /reload?ser=1531137447617 HTTP/1.1" 200 28 "http://renault.activities.at/result?searchterm=true&search=reh5338" "Mozilla/5.0 (Windows NT 6.1; WOW64; Trident/7.0; rv:11.0) like Gecko"
212.152.246.135 - - [09/Jul/2018:13:58:12 +0200] "GET /reload?ser=1531137492622 HTTP/1.1" 200 28 "http://renault.activities.at/success" "Mozilla/5.0 (Windows NT 6.1; WOW64; Trident/7.0; rv:11.0) like Gecko"
90.152.128.107 - - [09/Jul/2018:13:58:16 +0200] "GET /reload?ser=1531137496859 HTTP/1.1" 200 28 "http://renault.2web.at/" "Mozilla/5.0 (Windows NT 10.0; WOW64) AppleWebKit/537.36 (KHTML, like Gecko) Chrome/67.0.3396.99 Safari/537.36"
88.116.10.164 - - [09/Jul/2018:13:58:28 +0200] "GET /reload?ser=1531137508628 HTTP/1.1" 200 28 "http://renault.activities.at/result?searchterm=true&search=reh5338" "Mozilla/5.0 (Windows NT 6.1; WOW64; Trident/7.0; rv:11.0) like Gecko"
80.120.5.131 - - [09/Jul/2018:13:59:07 +0200] "GET /10201637 HTTP/1.1" 302 150 "-" "Mozilla/5.0 (Macintosh; Intel Mac OS X 10_13_5) AppleWebKit/605.1.15 (KHTML, like Gecko)"
80.120.5.131 - - [09/Jul/2018:13:59:09 +0200] "GET /login?required=true HTTP/1.1" 200 2086 "-" "Mozilla/5.0 (Macintosh; Intel Mac OS X 10_13_5) AppleWebKit/605.1.15 (KHTML, like Gecko)"
80.120.5.131 - - [09/Jul/2018:13:59:10 +0200] "GET /apple-touch-icon-precomposed.png HTTP/1.1" 200 1559 "-" "Safari/13605.2.8 CFNetwork/901.1 Darwin/17.6.0 (x86_64)"
80.120.5.131 - - [09/Jul/2018:13:59:11 +0200] "GET /apple-touch-icon.png HTTP/1.1" 200 1559 "-" "Safari/13605.2.8 CFNetwork/901.1 Darwin/17.6.0 (x86_64)"
80.120.5.131 - - [09/Jul/2018:13:59:12 +0200] "GET /images/favicon.ico HTTP/1.1" 404 305 "-" "Safari/13605.2.8 CFNetwork/901.1 Darwin/17.6.0 (x86_64)"
80.120.5.131 - - [09/Jul/2018:13:59:12 +0200] "GET /images/favicon.ico HTTP/1.1" 404 305 "-" "Safari/13605.2.8 CFNetwork/901.1 Darwin/17.6.0 (x86_64)"
80.120.5.131 - - [09/Jul/2018:13:59:12 +0200] "GET /favicon.ico HTTP/1.1" 200 3250 "-" "Safari/13605.2.8 CFNetwork/901.1 Darwin/17.6.0 (x86_64)"
80.120.5.131 - - [09/Jul/2018:13:59:13 +0200] "GET /apple-touch-icon-precomposed.png HTTP/1.1" 200 1559 "-" "Safari/13605.2.8 CFNetwork/901.1 Darwin/17.6.0 (x86_64)"
212.152.246.135 - - [09/Jul/2018:13:59:13 +0200] "GET /reload?ser=1531137553605 HTTP/1.1" 200 28 "http://renault.activities.at/success" "Mozilla/5.0 (Windows NT 6.1; WOW64; Trident/7.0; rv:11.0) like Gecko"
80.120.5.131 - - [09/Jul/2018:13:59:14 +0200] "GET /apple-touch-icon.png HTTP/1.1" 200 1559 "-" "Safari/13605.2.8 CFNetwork/901.1 Darwin/17.6.0 (x86_64)"
80.120.5.131 - - [09/Jul/2018:13:59:15 +0200] "GET /images/favicon.ico HTTP/1.1" 404 305 "-" "Safari/13605.2.8 CFNetwork/901.1 Darwin/17.6.0 (x86_64)"
80.120.5.131 - - [09/Jul/2018:13:59:15 +0200] "GET /images/favicon.ico HTTP/1.1" 404 305 "-" "Safari/13605.2.8 CFNetwork/901.1 Darwin/17.6.0 (x86_64)"
80.120.5.131 - - [09/Jul/2018:13:59:15 +0200] "GET /favicon.ico HTTP/1.1" 200 3250 "-" "Safari/13605.2.8 CFNetwork/901.1 Darwin/17.6.0 (x86_64)"
80.120.5.131 - - [09/Jul/2018:13:59:15 +0200] "GET /10201637 HTTP/1.1" 302 150 "-" "\"Mozilla/5.0 (iPhone; CPU iPhone OS 11_0 like Mac OS X) AppleWebKit/604.1.38 (KHTML, like Gecko) Version/11.0 Mobile/15A372 Safari/604.1\""
80.120.5.131 - - [09/Jul/2018:13:59:16 +0200] "GET /login?required=true HTTP/1.1" 200 2086 "-" "\"Mozilla/5.0 (iPhone; CPU iPhone OS 11_0 like Mac OS X) AppleWebKit/604.1.38 (KHTML, like Gecko) Version/11.0 Mobile/15A372 Safari/604.1\""
80.120.5.131 - - [09/Jul/2018:13:59:16 +0200] "GET /apple-touch-icon-precomposed.png HTTP/1.1" 200 1559 "-" "Safari/13605.2.8 CFNetwork/901.1 Darwin/17.6.0 (x86_64)"
90.152.128.107 - - [09/Jul/2018:13:59:17 +0200] "GET /reload?ser=1531137557525 HTTP/1.1" 200 28 "http://renault.2web.at/" "Mozilla/5.0 (Windows NT 10.0; WOW64) AppleWebKit/537.36 (KHTML, like Gecko) Chrome/67.0.3396.99 Safari/537.36"
80.120.5.131 - - [09/Jul/2018:13:59:17 +0200] "GET /apple-touch-icon.png HTTP/1.1" 200 1559 "-" "Safari/13605.2.8 CFNetwork/901.1 Darwin/17.6.0 (x86_64)"
80.120.5.131 - - [09/Jul/2018:13:59:18 +0200] "GET /images/favicon.ico HTTP/1.1" 404 305 "-" "Safari/13605.2.8 CFNetwork/901.1 Darwin/17.6.0 (x86_64)"
80.120.5.131 - - [09/Jul/2018:13:59:18 +0200] "GET /images/favicon.ico HTTP/1.1" 404 305 "-" "Safari/13605.2.8 CFNetwork/901.1 Darwin/17.6.0 (x86_64)"
80.120.5.131 - - [09/Jul/2018:13:59:19 +0200] "GET /favicon.ico HTTP/1.1" 200 3250 "-" "Safari/13605.2.8 CFNetwork/901.1 Darwin/17.6.0 (x86_64)"
80.120.5.131 - - [09/Jul/2018:13:59:19 +0200] "GET /apple-touch-icon-precomposed.png HTTP/1.1" 200 1559 "-" "Safari/13605.2.8 CFNetwork/901.1 Darwin/17.6.0 (x86_64)"
80.120.5.131 - - [09/Jul/2018:13:59:20 +0200] "GET /apple-touch-icon.png HTTP/1.1" 200 1559 "-" "Safari/13605.2.8 CFNetwork/901.1 Darwin/17.6.0 (x86_64)"
80.120.5.131 - - [09/Jul/2018:13:59:20 +0200] "GET /images/favicon.ico HTTP/1.1" 404 305 "-" "Safari/13605.2.8 CFNetwork/901.1 Darwin/17.6.0 (x86_64)"
80.120.5.131 - - [09/Jul/2018:13:59:21 +0200] "GET /images/favicon.ico HTTP/1.1" 404 305 "-" "Safari/13605.2.8 CFNetwork/901.1 Darwin/17.6.0 (x86_64)"
80.120.5.131 - - [09/Jul/2018:13:59:21 +0200] "GET /favicon.ico HTTP/1.1" 200 3250 "-" "Safari/13605.2.8 CFNetwork/901.1 Darwin/17.6.0 (x86_64)"
88.116.10.164 - - [09/Jul/2018:13:59:29 +0200] "GET /reload?ser=1531137569667 HTTP/1.1" 200 28 "http://renault.activities.at/result?searchterm=true&search=reh5338" "Mozilla/5.0 (Windows NT 6.1; WOW64; Trident/7.0; rv:11.0) like Gecko"
212.152.246.135 - - [09/Jul/2018:14:00:14 +0200] "GET /reload?ser=1531137614603 HTTP/1.1" 200 28 "http://renault.activities.at/success" "Mozilla/5.0 (Windows NT 6.1; WOW64; Trident/7.0; rv:11.0) like Gecko"
90.152.128.107 - - [09/Jul/2018:14:00:18 +0200] "GET /reload?ser=1531137618190 HTTP/1.1" 200 28 "http://renault.2web.at/" "Mozilla/5.0 (Windows NT 10.0; WOW64) AppleWebKit/537.36 (KHTML, like Gecko) Chrome/67.0.3396.99 Safari/537.36"
88.116.10.164 - - [09/Jul/2018:14:00:30 +0200] "GET /reload?ser=1531137630670 HTTP/1.1" 200 28 "http://renault.activities.at/result?searchterm=true&search=reh5338" "Mozilla/5.0 (Windows NT 6.1; WOW64; Trident/7.0; rv:11.0) like Gecko"
212.152.246.135 - - [09/Jul/2018:14:01:15 +0200] "GET /reload?ser=1531137675581 HTTP/1.1" 200 28 "http://renault.activities.at/success" "Mozilla/5.0 (Windows NT 6.1; WOW64; Trident/7.0; rv:11.0) like Gecko"
90.152.128.107 - - [09/Jul/2018:14:01:18 +0200] "GET /reload?ser=1531137678855 HTTP/1.1" 200 28 "http://renault.2web.at/" "Mozilla/5.0 (Windows NT 10.0; WOW64) AppleWebKit/537.36 (KHTML, like Gecko) Chrome/67.0.3396.99 Safari/537.36"
88.116.10.164 - - [09/Jul/2018:14:01:31 +0200] "GET /reload?ser=1531137691701 HTTP/1.1" 200 28 "http://renault.activities.at/result?searchterm=true&search=reh5338" "Mozilla/5.0 (Windows NT 6.1; WOW64; Trident/7.0; rv:11.0) like Gecko"
