212.152.246.131 - - [11/Jul/2018:11:25:52 +0200] "GET /images/main_block_corner_left_top.gif HTTP/1.1" 200 159 "http://renault.activities.at/" "Mozilla/5.0 (Windows NT 6.1; WOW64; Trident/7.0; rv:11.0) like Gecko"
212.152.246.131 - - [11/Jul/2018:11:25:52 +0200] "GET /images/main_block_corner_right_top.gif HTTP/1.1" 200 159 "http://renault.activities.at/" "Mozilla/5.0 (Windows NT 6.1; WOW64; Trident/7.0; rv:11.0) like Gecko"
212.152.246.131 - - [11/Jul/2018:11:25:52 +0200] "GET /images/title_border.jpg HTTP/1.1" 200 304 "http://renault.activities.at/" "Mozilla/5.0 (Windows NT 6.1; WOW64; Trident/7.0; rv:11.0) like Gecko"
212.152.246.131 - - [11/Jul/2018:11:25:52 +0200] "GET /images/title_border_top.jpg HTTP/1.1" 200 336 "http://renault.activities.at/" "Mozilla/5.0 (Windows NT 6.1; WOW64; Trident/7.0; rv:11.0) like Gecko"
212.152.246.131 - - [11/Jul/2018:11:25:52 +0200] "GET /images/title_corner_left_top.jpg HTTP/1.1" 200 372 "http://renault.activities.at/" "Mozilla/5.0 (Windows NT 6.1; WOW64; Trident/7.0; rv:11.0) like Gecko"
212.152.246.131 - - [11/Jul/2018:11:25:52 +0200] "GET /images/title_corner_right_top.jpg HTTP/1.1" 200 389 "http://renault.activities.at/" "Mozilla/5.0 (Windows NT 6.1; WOW64; Trident/7.0; rv:11.0) like Gecko"
212.152.246.131 - - [11/Jul/2018:11:25:52 +0200] "GET /loadthumbnail.php?id=11127982 HTTP/1.1" 200 399614 "http://renault.activities.at/" "Mozilla/5.0 (Windows NT 6.1; WOW64; Trident/7.0; rv:11.0) like Gecko"
212.89.176.40 - - [11/Jul/2018:11:25:56 +0200] "GET / HTTP/1.1" 200 3710 "http://renault.activities.at/logout" "Mozilla/5.0 (Windows NT 10.0; WOW64; Trident/7.0; rv:11.0) like Gecko"
212.89.176.40 - - [11/Jul/2018:11:25:57 +0200] "GET /js/flashdetection.js HTTP/1.1" 200 1059 "http://renault.activities.at/" "Mozilla/5.0 (Windows NT 10.0; WOW64; Trident/7.0; rv:11.0) like Gecko"
212.152.246.131 - - [11/Jul/2018:11:25:58 +0200] "GET /login HTTP/1.1" 200 2086 "http://renault.activities.at/" "Mozilla/5.0 (Windows NT 6.1; WOW64; Trident/7.0; rv:11.0) like Gecko"
212.152.246.131 - - [11/Jul/2018:11:25:59 +0200] "GET /images/button_left_bg.gif HTTP/1.1" 200 564 "http://renault.activities.at/login" "Mozilla/5.0 (Windows NT 6.1; WOW64; Trident/7.0; rv:11.0) like Gecko"
212.152.246.131 - - [11/Jul/2018:11:25:59 +0200] "GET /images/button_right_bg.gif HTTP/1.1" 200 561 "http://renault.activities.at/login" "Mozilla/5.0 (Windows NT 6.1; WOW64; Trident/7.0; rv:11.0) like Gecko"
212.152.246.131 - - [11/Jul/2018:11:25:59 +0200] "GET /images/button_bg.gif HTTP/1.1" 200 151 "http://renault.activities.at/login" "Mozilla/5.0 (Windows NT 6.1; WOW64; Trident/7.0; rv:11.0) like Gecko"
212.89.176.40 - - [11/Jul/2018:11:26:22 +0200] "GET /reload?ser=1531301156543 HTTP/1.1" 200 28 "http://renault.activities.at/login" "Mozilla/5.0 (Windows NT 6.1; WOW64; Trident/7.0; rv:11.0) like Gecko"
193.194.132.28 - - [11/Jul/2018:11:26:33 +0200] "GET /reload?ser=1531301193404 HTTP/1.1" 200 28 "http://renault.2web.at/account?loadrequest=true" "Mozilla/5.0 (Windows NT 6.1; WOW64; Trident/7.0; rv:11.0) like Gecko"
212.152.246.131 - - [11/Jul/2018:11:26:43 +0200] "POST /login HTTP/1.1" 302 140 "http://renault.activities.at/login" "Mozilla/5.0 (Windows NT 6.1; WOW64; Trident/7.0; rv:11.0) like Gecko"
80.120.5.131 - - [11/Jul/2018:11:26:46 +0200] "GET /reload?ser=1531301206264 HTTP/1.1" 200 2 "http://renault.activities.at/success" "Mozilla/5.0 (Windows NT 10.0; WOW64; Trident/7.0; rv:11.0) like Gecko"
212.152.246.131 - - [11/Jul/2018:11:26:45 +0200] "GET /account HTTP/1.1" 200 6641 "http://renault.activities.at/login" "Mozilla/5.0 (Windows NT 6.1; WOW64; Trident/7.0; rv:11.0) like Gecko"
212.152.246.131 - - [11/Jul/2018:11:26:48 +0200] "GET /images/ajax_loading.gif HTTP/1.1" 200 1542 "http://renault.activities.at/account" "Mozilla/5.0 (Windows NT 6.1; WOW64; Trident/7.0; rv:11.0) like Gecko"
212.152.246.131 - - [11/Jul/2018:11:26:48 +0200] "GET /loadthumbnail.php?id=10986339&width=50&height=50 HTTP/1.1" 200 1295 "http://renault.activities.at/account" "Mozilla/5.0 (Windows NT 6.1; WOW64; Trident/7.0; rv:11.0) like Gecko"
212.152.246.131 - - [11/Jul/2018:11:26:48 +0200] "GET /images/search_bg.gif HTTP/1.1" 200 1726 "http://renault.activities.at/account" "Mozilla/5.0 (Windows NT 6.1; WOW64; Trident/7.0; rv:11.0) like Gecko"
212.152.246.131 - - [11/Jul/2018:11:26:48 +0200] "GET /images/top_links_divider.gif HTTP/1.1" 200 44 "http://renault.activities.at/account" "Mozilla/5.0 (Windows NT 6.1; WOW64; Trident/7.0; rv:11.0) like Gecko"
212.152.246.131 - - [11/Jul/2018:11:26:48 +0200] "GET /images/menu_divider.gif HTTP/1.1" 200 176 "http://renault.activities.at/account" "Mozilla/5.0 (Windows NT 6.1; WOW64; Trident/7.0; rv:11.0) like Gecko"
212.152.246.131 - - [11/Jul/2018:11:26:48 +0200] "GET /images/menu_button_bg.jpg HTTP/1.1" 200 322 "http://renault.activities.at/account" "Mozilla/5.0 (Windows NT 6.1; WOW64; Trident/7.0; rv:11.0) like Gecko"
212.152.246.131 - - [11/Jul/2018:11:26:48 +0200] "GET /images/sidebar_title_border.gif HTTP/1.1" 200 43 "http://renault.activities.at/account" "Mozilla/5.0 (Windows NT 6.1; WOW64; Trident/7.0; rv:11.0) like Gecko"
212.152.246.131 - - [11/Jul/2018:11:26:48 +0200] "GET /images/nav_divider.gif HTTP/1.1" 200 43 "http://renault.activities.at/account" "Mozilla/5.0 (Windows NT 6.1; WOW64; Trident/7.0; rv:11.0) like Gecko"
212.152.246.131 - - [11/Jul/2018:11:26:48 +0200] "GET /images/sidebar_title_border_top.gif HTTP/1.1" 200 155 "http://renault.activities.at/account" "Mozilla/5.0 (Windows NT 6.1; WOW64; Trident/7.0; rv:11.0) like Gecko"
212.152.246.131 - - [11/Jul/2018:11:26:48 +0200] "GET /images/sidebar_title_corner_left_top.gif HTTP/1.1" 200 1124 "http://renault.activities.at/account" "Mozilla/5.0 (Windows NT 6.1; WOW64; Trident/7.0; rv:11.0) like Gecko"
212.152.246.131 - - [11/Jul/2018:11:26:48 +0200] "GET /images/validation_advice_bg.gif HTTP/1.1" 200 134 "http://renault.activities.at/account" "Mozilla/5.0 (Windows NT 6.1; WOW64; Trident/7.0; rv:11.0) like Gecko"
212.152.246.131 - - [11/Jul/2018:11:26:48 +0200] "GET /images/footer_divider.gif HTTP/1.1" 200 44 "http://renault.activities.at/account" "Mozilla/5.0 (Windows NT 6.1; WOW64; Trident/7.0; rv:11.0) like Gecko"
212.152.246.131 - - [11/Jul/2018:11:26:48 +0200] "GET /images/sidebar_title_corner_right_top.gif HTTP/1.1" 200 383 "http://renault.activities.at/account" "Mozilla/5.0 (Windows NT 6.1; WOW64; Trident/7.0; rv:11.0) like Gecko"
212.152.246.131 - - [11/Jul/2018:11:26:48 +0200] "GET /images/reset_bg.gif HTTP/1.1" 200 785 "http://renault.activities.at/account" "Mozilla/5.0 (Windows NT 6.1; WOW64; Trident/7.0; rv:11.0) like Gecko"
212.89.176.40 - - [11/Jul/2018:11:27:22 +0200] "GET /reload?ser=1531301217205 HTTP/1.1" 200 28 "http://renault.activities.at/login" "Mozilla/5.0 (Windows NT 6.1; WOW64; Trident/7.0; rv:11.0) like Gecko"
193.194.132.28 - - [11/Jul/2018:11:27:34 +0200] "GET /reload?ser=1531301254661 HTTP/1.1" 200 28 "http://renault.2web.at/account?loadrequest=true" "Mozilla/5.0 (Windows NT 6.1; WOW64; Trident/7.0; rv:11.0) like Gecko"
212.152.246.131 - - [11/Jul/2018:11:27:44 +0200] "POST /axjaxrequest?mode=suggest HTTP/1.1" 200 184 "http://renault.activities.at/account" "Mozilla/5.0 (Windows NT 6.1; WOW64; Trident/7.0; rv:11.0) like Gecko"
80.120.5.131 - - [11/Jul/2018:11:27:47 +0200] "GET /reload?ser=1531301267268 HTTP/1.1" 200 2 "http://renault.activities.at/success" "Mozilla/5.0 (Windows NT 10.0; WOW64; Trident/7.0; rv:11.0) like Gecko"
212.152.246.131 - - [11/Jul/2018:11:27:44 +0200] "GET /result?searchterm=true&search=Service+ HTTP/1.1" 200 8206 "http://renault.activities.at/account" "Mozilla/5.0 (Windows NT 6.1; WOW64; Trident/7.0; rv:11.0) like Gecko"
212.152.246.131 - - [11/Jul/2018:11:27:48 +0200] "GET /images/loading.gif HTTP/1.1" 200 3208 "http://renault.activities.at/result?searchterm=true&search=Service+" "Mozilla/5.0 (Windows NT 6.1; WOW64; Trident/7.0; rv:11.0) like Gecko"
212.152.246.131 - - [11/Jul/2018:11:27:48 +0200] "GET /loadthumbnail.php?id=10203650&width=113 HTTP/1.1" 200 2741 "http://renault.activities.at/result?searchterm=true&search=Service+" "Mozilla/5.0 (Windows NT 6.1; WOW64; Trident/7.0; rv:11.0) like Gecko"
212.152.246.131 - - [11/Jul/2018:11:27:48 +0200] "GET /loadthumbnail.php?id=11461719&width=113 HTTP/1.1" 200 32753 "http://renault.activities.at/result?searchterm=true&search=Service+" "Mozilla/5.0 (Windows NT 6.1; WOW64; Trident/7.0; rv:11.0) like Gecko"
212.152.246.131 - - [11/Jul/2018:11:27:48 +0200] "GET /loadthumbnail.php?id=10203255 HTTP/1.1" 200 137 "http://renault.activities.at/result?searchterm=true&search=Service+" "Mozilla/5.0 (Windows NT 6.1; WOW64; Trident/7.0; rv:11.0) like Gecko"
212.152.246.131 - - [11/Jul/2018:11:27:48 +0200] "GET /loadthumbnail.php?id=11461707&width=113 HTTP/1.1" 200 27994 "http://renault.activities.at/result?searchterm=true&search=Service+" "Mozilla/5.0 (Windows NT 6.1; WOW64; Trident/7.0; rv:11.0) like Gecko"
212.152.246.131 - - [11/Jul/2018:11:27:48 +0200] "GET /loadthumbnail.php?id=11121996&width=113 HTTP/1.1" 200 2215 "http://renault.activities.at/result?searchterm=true&search=Service+" "Mozilla/5.0 (Windows NT 6.1; WOW64; Trident/7.0; rv:11.0) like Gecko"
212.152.246.131 - - [11/Jul/2018:11:27:49 +0200] "GET /images/pager_bg.gif HTTP/1.1" 200 150 "http://renault.activities.at/result?searchterm=true&search=Service+" "Mozilla/5.0 (Windows NT 6.1; WOW64; Trident/7.0; rv:11.0) like Gecko"
212.152.246.131 - - [11/Jul/2018:11:27:49 +0200] "GET /images/vista-up.gif HTTP/1.1" 200 131 "http://renault.activities.at/result?searchterm=true&search=Service+" "Mozilla/5.0 (Windows NT 6.1; WOW64; Trident/7.0; rv:11.0) like Gecko"
212.152.246.131 - - [11/Jul/2018:11:27:48 +0200] "GET /loadthumbnail.php?id=11461714&width=113 HTTP/1.1" 200 9391 "http://renault.activities.at/result?searchterm=true&search=Service+" "Mozilla/5.0 (Windows NT 6.1; WOW64; Trident/7.0; rv:11.0) like Gecko"
212.152.246.131 - - [11/Jul/2018:11:27:49 +0200] "GET /images/vista-dn.gif HTTP/1.1" 200 128 "http://renault.activities.at/result?searchterm=true&search=Service+" "Mozilla/5.0 (Windows NT 6.1; WOW64; Trident/7.0; rv:11.0) like Gecko"
212.152.246.131 - - [11/Jul/2018:11:27:49 +0200] "GET /loadthumbnail.php?id=11075492&width=113 HTTP/1.1" 200 2349 "http://renault.activities.at/result?searchterm=true&search=Service+" "Mozilla/5.0 (Windows NT 6.1; WOW64; Trident/7.0; rv:11.0) like Gecko"
212.152.246.131 - - [11/Jul/2018:11:27:49 +0200] "GET /loadthumbnail.php?id=11075482&width=113 HTTP/1.1" 200 2349 "http://renault.activities.at/result?searchterm=true&search=Service+" "Mozilla/5.0 (Windows NT 6.1; WOW64; Trident/7.0; rv:11.0) like Gecko"
212.152.246.131 - - [11/Jul/2018:11:27:49 +0200] "GET /loadthumbnail.php?id=11730248&width=113 HTTP/1.1" 200 4910 "http://renault.activities.at/result?searchterm=true&search=Service+" "Mozilla/5.0 (Windows NT 6.1; WOW64; Trident/7.0; rv:11.0) like Gecko"
212.152.246.131 - - [11/Jul/2018:11:27:49 +0200] "GET /loadthumbnail.php?id=10269567&width=113 HTTP/1.1" 200 1590 "http://renault.activities.at/result?searchterm=true&search=Service+" "Mozilla/5.0 (Windows NT 6.1; WOW64; Trident/7.0; rv:11.0) like Gecko"
212.152.246.131 - - [11/Jul/2018:11:27:49 +0200] "GET /loadthumbnail.php?id=10269569&width=113 HTTP/1.1" 200 1309 "http://renault.activities.at/result?searchterm=true&search=Service+" "Mozilla/5.0 (Windows NT 6.1; WOW64; Trident/7.0; rv:11.0) like Gecko"
212.152.246.131 - - [11/Jul/2018:11:27:49 +0200] "GET /loadthumbnail.php?id=10633817&width=113 HTTP/1.1" 200 2614 "http://renault.activities.at/result?searchterm=true&search=Service+" "Mozilla/5.0 (Windows NT 6.1; WOW64; Trident/7.0; rv:11.0) like Gecko"
212.152.246.131 - - [11/Jul/2018:11:28:12 +0200] "POST /axjaxrequest?mode=suggest HTTP/1.1" 200 236 "http://renault.activities.at/result?searchterm=true&search=Service+" "Mozilla/5.0 (Windows NT 6.1; WOW64; Trident/7.0; rv:11.0) like Gecko"
212.152.246.131 - - [11/Jul/2018:11:28:14 +0200] "POST /axjaxrequest?mode=suggest HTTP/1.1" 200 184 "http://renault.activities.at/result?searchterm=true&search=Service+" "Mozilla/5.0 (Windows NT 6.1; WOW64; Trident/7.0; rv:11.0) like Gecko"
212.152.246.131 - - [11/Jul/2018:11:28:16 +0200] "GET /result?searchterm=true&search=Serviceaufkleber HTTP/1.1" 200 4707 "http://renault.activities.at/result?searchterm=true&search=Service+" "Mozilla/5.0 (Windows NT 6.1; WOW64; Trident/7.0; rv:11.0) like Gecko"
212.152.246.131 - - [11/Jul/2018:11:28:17 +0200] "GET /images/note_msg_icon.gif HTTP/1.1" 200 1022 "http://renault.activities.at/result?searchterm=true&search=Serviceaufkleber" "Mozilla/5.0 (Windows NT 6.1; WOW64; Trident/7.0; rv:11.0) like Gecko"
212.152.246.131 - - [11/Jul/2018:11:28:16 +0200] "POST /axjaxrequest?mode=suggest HTTP/1.1" 200 21 "http://renault.activities.at/result?searchterm=true&search=Service+" "Mozilla/5.0 (Windows NT 6.1; WOW64; Trident/7.0; rv:11.0) like Gecko"
212.152.246.131 - - [11/Jul/2018:11:28:21 +0200] "POST /axjaxrequest?mode=suggest HTTP/1.1" 200 317 "http://renault.activities.at/result?searchterm=true&search=Serviceaufkleber" "Mozilla/5.0 (Windows NT 6.1; WOW64; Trident/7.0; rv:11.0) like Gecko"
212.89.176.40 - - [11/Jul/2018:11:28:23 +0200] "GET /reload?ser=1531301277857 HTTP/1.1" 200 28 "http://renault.activities.at/login" "Mozilla/5.0 (Windows NT 6.1; WOW64; Trident/7.0; rv:11.0) like Gecko"
212.152.246.131 - - [11/Jul/2018:11:28:23 +0200] "GET /result?searchterm=true&search=Aufkleber HTTP/1.1" 200 6963 "http://renault.activities.at/result?searchterm=true&search=Serviceaufkleber" "Mozilla/5.0 (Windows NT 6.1; WOW64; Trident/7.0; rv:11.0) like Gecko"
212.152.246.131 - - [11/Jul/2018:11:28:25 +0200] "GET /loadthumbnail.php?id=11351226&width=113 HTTP/1.1" 200 16210 "http://renault.activities.at/result?searchterm=true&search=Aufkleber" "Mozilla/5.0 (Windows NT 6.1; WOW64; Trident/7.0; rv:11.0) like Gecko"
212.152.246.131 - - [11/Jul/2018:11:28:25 +0200] "GET /loadthumbnail.php?id=11431080&width=113 HTTP/1.1" 200 3991 "http://renault.activities.at/result?searchterm=true&search=Aufkleber" "Mozilla/5.0 (Windows NT 6.1; WOW64; Trident/7.0; rv:11.0) like Gecko"
212.152.246.131 - - [11/Jul/2018:11:28:25 +0200] "GET /loadthumbnail.php?id=11351222&width=113 HTTP/1.1" 200 17851 "http://renault.activities.at/result?searchterm=true&search=Aufkleber" "Mozilla/5.0 (Windows NT 6.1; WOW64; Trident/7.0; rv:11.0) like Gecko"
212.152.246.131 - - [11/Jul/2018:11:28:25 +0200] "GET /loadthumbnail.php?id=10729892&width=113 HTTP/1.1" 200 4176 "http://renault.activities.at/result?searchterm=true&search=Aufkleber" "Mozilla/5.0 (Windows NT 6.1; WOW64; Trident/7.0; rv:11.0) like Gecko"
212.152.246.131 - - [11/Jul/2018:11:28:25 +0200] "GET /loadthumbnail.php?id=11304858&width=113 HTTP/1.1" 200 1289 "http://renault.activities.at/result?searchterm=true&search=Aufkleber" "Mozilla/5.0 (Windows NT 6.1; WOW64; Trident/7.0; rv:11.0) like Gecko"
212.152.246.131 - - [11/Jul/2018:11:28:25 +0200] "GET /loadthumbnail.php?id=10460287&width=113 HTTP/1.1" 200 2135 "http://renault.activities.at/result?searchterm=true&search=Aufkleber" "Mozilla/5.0 (Windows NT 6.1; WOW64; Trident/7.0; rv:11.0) like Gecko"
212.152.246.131 - - [11/Jul/2018:11:28:26 +0200] "GET /loadthumbnail.php?id=11089820&width=113 HTTP/1.1" 200 2212 "http://renault.activities.at/result?searchterm=true&search=Aufkleber" "Mozilla/5.0 (Windows NT 6.1; WOW64; Trident/7.0; rv:11.0) like Gecko"
212.152.246.131 - - [11/Jul/2018:11:28:23 +0200] "POST /axjaxrequest?mode=suggest HTTP/1.1" 200 134 "http://renault.activities.at/result?searchterm=true&search=Serviceaufkleber" "Mozilla/5.0 (Windows NT 6.1; WOW64; Trident/7.0; rv:11.0) like Gecko"
193.194.132.28 - - [11/Jul/2018:11:28:36 +0200] "GET /reload?ser=1531301315860 HTTP/1.1" 200 28 "http://renault.2web.at/account?loadrequest=true" "Mozilla/5.0 (Windows NT 6.1; WOW64; Trident/7.0; rv:11.0) like Gecko"
212.152.246.131 - - [11/Jul/2018:11:28:39 +0200] "GET /result?searchterm=true&search=Renault HTTP/1.1" 200 8600 "http://renault.activities.at/result?searchterm=true&search=Aufkleber" "Mozilla/5.0 (Windows NT 6.1; WOW64; Trident/7.0; rv:11.0) like Gecko"
212.152.246.131 - - [11/Jul/2018:11:28:42 +0200] "GET /loadthumbnail.php?id=11615284&width=113 HTTP/1.1" 200 18014 "http://renault.activities.at/result?searchterm=true&search=Renault" "Mozilla/5.0 (Windows NT 6.1; WOW64; Trident/7.0; rv:11.0) like Gecko"
212.152.246.131 - - [11/Jul/2018:11:28:42 +0200] "GET /loadthumbnail.php?id=11186498&width=113 HTTP/1.1" 200 2016 "http://renault.activities.at/result?searchterm=true&search=Renault" "Mozilla/5.0 (Windows NT 6.1; WOW64; Trident/7.0; rv:11.0) like Gecko"
212.152.246.131 - - [11/Jul/2018:11:28:42 +0200] "GET /loadthumbnail.php?id=11186502&width=113 HTTP/1.1" 200 2016 "http://renault.activities.at/result?searchterm=true&search=Renault" "Mozilla/5.0 (Windows NT 6.1; WOW64; Trident/7.0; rv:11.0) like Gecko"
212.152.246.131 - - [11/Jul/2018:11:28:42 +0200] "GET /loadthumbnail.php?id=10203276 HTTP/1.1" 200 75 "http://renault.activities.at/result?searchterm=true&search=Renault" "Mozilla/5.0 (Windows NT 6.1; WOW64; Trident/7.0; rv:11.0) like Gecko"
212.152.246.131 - - [11/Jul/2018:11:28:42 +0200] "GET /loadthumbnail.php?id=11195848&width=113 HTTP/1.1" 200 2016 "http://renault.activities.at/result?searchterm=true&search=Renault" "Mozilla/5.0 (Windows NT 6.1; WOW64; Trident/7.0; rv:11.0) like Gecko"
212.152.246.131 - - [11/Jul/2018:11:28:42 +0200] "GET /loadthumbnail.php?id=11423691&width=113 HTTP/1.1" 200 6071 "http://renault.activities.at/result?searchterm=true&search=Renault" "Mozilla/5.0 (Windows NT 6.1; WOW64; Trident/7.0; rv:11.0) like Gecko"
212.152.246.131 - - [11/Jul/2018:11:28:42 +0200] "GET /loadthumbnail.php?id=11186518&width=113 HTTP/1.1" 200 1516 "http://renault.activities.at/result?searchterm=true&search=Renault" "Mozilla/5.0 (Windows NT 6.1; WOW64; Trident/7.0; rv:11.0) like Gecko"
212.152.246.131 - - [11/Jul/2018:11:28:42 +0200] "GET /loadthumbnail.php?id=11186505&width=113 HTTP/1.1" 200 1516 "http://renault.activities.at/result?searchterm=true&search=Renault" "Mozilla/5.0 (Windows NT 6.1; WOW64; Trident/7.0; rv:11.0) like Gecko"
212.152.246.131 - - [11/Jul/2018:11:28:42 +0200] "GET /loadthumbnail.php?id=11137061&width=113 HTTP/1.1" 200 2095 "http://renault.activities.at/result?searchterm=true&search=Renault" "Mozilla/5.0 (Windows NT 6.1; WOW64; Trident/7.0; rv:11.0) like Gecko"
212.152.246.131 - - [11/Jul/2018:11:28:42 +0200] "GET /loadthumbnail.php?id=11183285&width=113 HTTP/1.1" 200 1898 "http://renault.activities.at/result?searchterm=true&search=Renault" "Mozilla/5.0 (Windows NT 6.1; WOW64; Trident/7.0; rv:11.0) like Gecko"
212.152.246.131 - - [11/Jul/2018:11:28:42 +0200] "GET /loadthumbnail.php?id=11339768&width=113 HTTP/1.1" 200 2128 "http://renault.activities.at/result?searchterm=true&search=Renault" "Mozilla/5.0 (Windows NT 6.1; WOW64; Trident/7.0; rv:11.0) like Gecko"
212.152.246.131 - - [11/Jul/2018:11:28:42 +0200] "GET /loadthumbnail.php?id=11339764&width=113 HTTP/1.1" 200 2128 "http://renault.activities.at/result?searchterm=true&search=Renault" "Mozilla/5.0 (Windows NT 6.1; WOW64; Trident/7.0; rv:11.0) like Gecko"
212.152.246.131 - - [11/Jul/2018:11:28:42 +0200] "GET /loadthumbnail.php?id=11181207&width=113 HTTP/1.1" 200 1279 "http://renault.activities.at/result?searchterm=true&search=Renault" "Mozilla/5.0 (Windows NT 6.1; WOW64; Trident/7.0; rv:11.0) like Gecko"
212.152.246.131 - - [11/Jul/2018:11:28:39 +0200] "POST /axjaxrequest?mode=suggest HTTP/1.1" 200 113 "http://renault.activities.at/result?searchterm=true&search=Aufkleber" "Mozilla/5.0 (Windows NT 6.1; WOW64; Trident/7.0; rv:11.0) like Gecko"
212.152.246.131 - - [11/Jul/2018:11:28:47 +0200] "GET /images/vista-dn-hover.gif HTTP/1.1" 200 127 "http://renault.activities.at/result?searchterm=true&search=Renault" "Mozilla/5.0 (Windows NT 6.1; WOW64; Trident/7.0; rv:11.0) like Gecko"
212.152.246.131 - - [11/Jul/2018:11:28:47 +0200] "GET /images/vista-up-hover.gif HTTP/1.1" 200 130 "http://renault.activities.at/result?searchterm=true&search=Renault" "Mozilla/5.0 (Windows NT 6.1; WOW64; Trident/7.0; rv:11.0) like Gecko"
80.120.5.131 - - [11/Jul/2018:11:28:48 +0200] "GET /reload?ser=1531301328209 HTTP/1.1" 200 2 "http://renault.activities.at/success" "Mozilla/5.0 (Windows NT 10.0; WOW64; Trident/7.0; rv:11.0) like Gecko"
212.152.246.131 - - [11/Jul/2018:11:28:49 +0200] "POST /result?searchterm=true&search=Renault HTTP/1.1" 200 8787 "http://renault.activities.at/result?searchterm=true&search=Renault" "Mozilla/5.0 (Windows NT 6.1; WOW64; Trident/7.0; rv:11.0) like Gecko"
212.152.246.131 - - [11/Jul/2018:11:28:53 +0200] "GET /images/success_msg_icon.gif HTTP/1.1" 200 1024 "http://renault.activities.at/result?searchterm=true&search=Renault" "Mozilla/5.0 (Windows NT 6.1; WOW64; Trident/7.0; rv:11.0) like Gecko"
212.152.246.131 - - [11/Jul/2018:11:29:02 +0200] "POST /axjaxrequest?mode=suggest HTTP/1.1" 200 133 "http://renault.activities.at/result?searchterm=true&search=Renault" "Mozilla/5.0 (Windows NT 6.1; WOW64; Trident/7.0; rv:11.0) like Gecko"
212.152.246.131 - - [11/Jul/2018:11:29:02 +0200] "GET /result?searchterm=true&search=Dacia HTTP/1.1" 200 8756 "http://renault.activities.at/result?searchterm=true&search=Renault" "Mozilla/5.0 (Windows NT 6.1; WOW64; Trident/7.0; rv:11.0) like Gecko"
212.152.246.131 - - [11/Jul/2018:11:29:06 +0200] "GET /loadthumbnail.php?id=11825624&width=113 HTTP/1.1" 200 1820 "http://renault.activities.at/result?searchterm=true&search=Dacia" "Mozilla/5.0 (Windows NT 6.1; WOW64; Trident/7.0; rv:11.0) like Gecko"
212.152.246.131 - - [11/Jul/2018:11:29:06 +0200] "GET /loadthumbnail.php?id=10272696&width=113 HTTP/1.1" 200 6494 "http://renault.activities.at/result?searchterm=true&search=Dacia" "Mozilla/5.0 (Windows NT 6.1; WOW64; Trident/7.0; rv:11.0) like Gecko"
212.152.246.131 - - [11/Jul/2018:11:29:06 +0200] "GET /loadthumbnail.php?id=11679165&width=113 HTTP/1.1" 200 19398 "http://renault.activities.at/result?searchterm=true&search=Dacia" "Mozilla/5.0 (Windows NT 6.1; WOW64; Trident/7.0; rv:11.0) like Gecko"
212.152.246.131 - - [11/Jul/2018:11:29:06 +0200] "GET /loadthumbnail.php?id=11615285&width=113 HTTP/1.1" 200 15651 "http://renault.activities.at/result?searchterm=true&search=Dacia" "Mozilla/5.0 (Windows NT 6.1; WOW64; Trident/7.0; rv:11.0) like Gecko"
212.152.246.131 - - [11/Jul/2018:11:29:06 +0200] "GET /loadthumbnail.php?id=11825623&width=113 HTTP/1.1" 200 1820 "http://renault.activities.at/result?searchterm=true&search=Dacia" "Mozilla/5.0 (Windows NT 6.1; WOW64; Trident/7.0; rv:11.0) like Gecko"
212.152.246.131 - - [11/Jul/2018:11:29:06 +0200] "GET /loadthumbnail.php?id=11825622&width=113 HTTP/1.1" 200 1953 "http://renault.activities.at/result?searchterm=true&search=Dacia" "Mozilla/5.0 (Windows NT 6.1; WOW64; Trident/7.0; rv:11.0) like Gecko"
212.152.246.131 - - [11/Jul/2018:11:29:07 +0200] "GET /loadthumbnail.php?id=11825621&width=113 HTTP/1.1" 200 1953 "http://renault.activities.at/result?searchterm=true&search=Dacia" "Mozilla/5.0 (Windows NT 6.1; WOW64; Trident/7.0; rv:11.0) like Gecko"
212.152.246.131 - - [11/Jul/2018:11:29:07 +0200] "GET /loadthumbnail.php?id=11722649&width=113 HTTP/1.1" 200 1687 "http://renault.activities.at/result?searchterm=true&search=Dacia" "Mozilla/5.0 (Windows NT 6.1; WOW64; Trident/7.0; rv:11.0) like Gecko"
212.152.246.131 - - [11/Jul/2018:11:29:07 +0200] "GET /loadthumbnail.php?id=11825620&width=113 HTTP/1.1" 200 2089 "http://renault.activities.at/result?searchterm=true&search=Dacia" "Mozilla/5.0 (Windows NT 6.1; WOW64; Trident/7.0; rv:11.0) like Gecko"
212.152.246.131 - - [11/Jul/2018:11:29:07 +0200] "GET /loadthumbnail.php?id=11825619&width=113 HTTP/1.1" 200 2089 "http://renault.activities.at/result?searchterm=true&search=Dacia" "Mozilla/5.0 (Windows NT 6.1; WOW64; Trident/7.0; rv:11.0) like Gecko"
212.152.246.131 - - [11/Jul/2018:11:29:07 +0200] "GET /loadthumbnail.php?id=11722648&width=113 HTTP/1.1" 200 1687 "http://renault.activities.at/result?searchterm=true&search=Dacia" "Mozilla/5.0 (Windows NT 6.1; WOW64; Trident/7.0; rv:11.0) like Gecko"
212.152.246.131 - - [11/Jul/2018:11:29:07 +0200] "GET /loadthumbnail.php?id=11825618&width=113 HTTP/1.1" 200 2042 "http://renault.activities.at/result?searchterm=true&search=Dacia" "Mozilla/5.0 (Windows NT 6.1; WOW64; Trident/7.0; rv:11.0) like Gecko"
212.152.246.131 - - [11/Jul/2018:11:29:07 +0200] "GET /loadthumbnail.php?id=11825617&width=113 HTTP/1.1" 200 2042 "http://renault.activities.at/result?searchterm=true&search=Dacia" "Mozilla/5.0 (Windows NT 6.1; WOW64; Trident/7.0; rv:11.0) like Gecko"
212.152.246.131 - - [11/Jul/2018:11:29:10 +0200] "POST /result?searchterm=true&search=Dacia HTTP/1.1" 200 8856 "http://renault.activities.at/result?searchterm=true&search=Dacia" "Mozilla/5.0 (Windows NT 6.1; WOW64; Trident/7.0; rv:11.0) like Gecko"
212.152.246.131 - - [11/Jul/2018:11:29:19 +0200] "POST /axjaxrequest?mode=suggest HTTP/1.1" 200 152 "http://renault.activities.at/result?searchterm=true&search=Dacia" "Mozilla/5.0 (Windows NT 6.1; WOW64; Trident/7.0; rv:11.0) like Gecko"
212.152.246.131 - - [11/Jul/2018:11:29:19 +0200] "POST /axjaxrequest?mode=suggest HTTP/1.1" 200 116 "http://renault.activities.at/result?searchterm=true&search=Dacia" "Mozilla/5.0 (Windows NT 6.1; WOW64; Trident/7.0; rv:11.0) like Gecko"
212.152.246.131 - - [11/Jul/2018:11:29:21 +0200] "POST /axjaxrequest?mode=suggest HTTP/1.1" 200 21 "http://renault.activities.at/result?searchterm=true&search=Dacia" "Mozilla/5.0 (Windows NT 6.1; WOW64; Trident/7.0; rv:11.0) like Gecko"
212.152.246.131 - - [11/Jul/2018:11:29:21 +0200] "GET /result?searchterm=true&search=Rechnungsmappen HTTP/1.1" 200 4809 "http://renault.activities.at/result?searchterm=true&search=Dacia" "Mozilla/5.0 (Windows NT 6.1; WOW64; Trident/7.0; rv:11.0) like Gecko"
212.89.176.40 - - [11/Jul/2018:11:29:24 +0200] "GET /reload?ser=1531301338546 HTTP/1.1" 200 28 "http://renault.activities.at/login" "Mozilla/5.0 (Windows NT 6.1; WOW64; Trident/7.0; rv:11.0) like Gecko"
212.152.246.131 - - [11/Jul/2018:11:29:29 +0200] "GET /result?searchterm=true&search=Rechnung HTTP/1.1" 200 6914 "http://renault.activities.at/result?searchterm=true&search=Rechnungsmappen" "Mozilla/5.0 (Windows NT 6.1; WOW64; Trident/7.0; rv:11.0) like Gecko"
212.152.246.131 - - [11/Jul/2018:11:29:32 +0200] "GET /loadthumbnail.php?id=11831525&width=113 HTTP/1.1" 200 4126 "http://renault.activities.at/result?searchterm=true&search=Rechnung" "Mozilla/5.0 (Windows NT 6.1; WOW64; Trident/7.0; rv:11.0) like Gecko"
212.152.246.131 - - [11/Jul/2018:11:29:32 +0200] "GET /loadthumbnail.php?id=11423690&width=113 HTTP/1.1" 200 1470 "http://renault.activities.at/result?searchterm=true&search=Rechnung" "Mozilla/5.0 (Windows NT 6.1; WOW64; Trident/7.0; rv:11.0) like Gecko"
212.152.246.131 - - [11/Jul/2018:11:29:32 +0200] "GET /loadthumbnail.php?id=11423689&width=113 HTTP/1.1" 200 1359 "http://renault.activities.at/result?searchterm=true&search=Rechnung" "Mozilla/5.0 (Windows NT 6.1; WOW64; Trident/7.0; rv:11.0) like Gecko"
212.152.246.131 - - [11/Jul/2018:11:29:32 +0200] "GET /loadthumbnail.php?id=11831534&width=113 HTTP/1.1" 200 4126 "http://renault.activities.at/result?searchterm=true&search=Rechnung" "Mozilla/5.0 (Windows NT 6.1; WOW64; Trident/7.0; rv:11.0) like Gecko"
212.152.246.131 - - [11/Jul/2018:11:29:32 +0200] "GET /loadthumbnail.php?id=11100138&width=113 HTTP/1.1" 200 4475 "http://renault.activities.at/result?searchterm=true&search=Rechnung" "Mozilla/5.0 (Windows NT 6.1; WOW64; Trident/7.0; rv:11.0) like Gecko"
212.152.246.131 - - [11/Jul/2018:11:29:32 +0200] "GET /loadthumbnail.php?id=11532883&width=113 HTTP/1.1" 200 35124 "http://renault.activities.at/result?searchterm=true&search=Rechnung" "Mozilla/5.0 (Windows NT 6.1; WOW64; Trident/7.0; rv:11.0) like Gecko"
212.152.246.131 - - [11/Jul/2018:11:29:30 +0200] "POST /axjaxrequest?mode=suggest HTTP/1.1" 200 174 "http://renault.activities.at/result?searchterm=true&search=Rechnungsmappen" "Mozilla/5.0 (Windows NT 6.1; WOW64; Trident/7.0; rv:11.0) like Gecko"
193.194.132.28 - - [11/Jul/2018:11:29:37 +0200] "GET /reload?ser=1531301377168 HTTP/1.1" 200 28 "http://renault.2web.at/account?loadrequest=true" "Mozilla/5.0 (Windows NT 6.1; WOW64; Trident/7.0; rv:11.0) like Gecko"
212.152.246.131 - - [11/Jul/2018:11:29:43 +0200] "POST /result?searchterm=true&search=Rechnung HTTP/1.1" 200 7016 "http://renault.activities.at/result?searchterm=true&search=Rechnung" "Mozilla/5.0 (Windows NT 6.1; WOW64; Trident/7.0; rv:11.0) like Gecko"
80.120.5.131 - - [11/Jul/2018:11:29:49 +0200] "GET /reload?ser=1531301389166 HTTP/1.1" 200 2 "http://renault.activities.at/success" "Mozilla/5.0 (Windows NT 10.0; WOW64; Trident/7.0; rv:11.0) like Gecko"
212.152.246.131 - - [11/Jul/2018:11:29:49 +0200] "POST /result?searchterm=true&search=Rechnung HTTP/1.1" 200 7021 "http://renault.activities.at/result?searchterm=true&search=Rechnung" "Mozilla/5.0 (Windows NT 6.1; WOW64; Trident/7.0; rv:11.0) like Gecko"
212.152.246.131 - - [11/Jul/2018:11:30:03 +0200] "GET /result?searchterm=true&search=Steinschlag HTTP/1.1" 200 5989 "http://renault.activities.at/result?searchterm=true&search=Rechnung" "Mozilla/5.0 (Windows NT 6.1; WOW64; Trident/7.0; rv:11.0) like Gecko"
212.152.246.131 - - [11/Jul/2018:11:30:05 +0200] "GET /loadthumbnail.php?id=11308855&width=113 HTTP/1.1" 200 4521 "http://renault.activities.at/result?searchterm=true&search=Steinschlag" "Mozilla/5.0 (Windows NT 6.1; WOW64; Trident/7.0; rv:11.0) like Gecko"
212.152.246.131 - - [11/Jul/2018:11:30:04 +0200] "POST /axjaxrequest?mode=suggest HTTP/1.1" 200 112 "http://renault.activities.at/result?searchterm=true&search=Rechnung" "Mozilla/5.0 (Windows NT 6.1; WOW64; Trident/7.0; rv:11.0) like Gecko"
212.152.246.131 - - [11/Jul/2018:11:30:19 +0200] "POST /result?searchterm=true&search=Steinschlag HTTP/1.1" 200 6090 "http://renault.activities.at/result?searchterm=true&search=Steinschlag" "Mozilla/5.0 (Windows NT 6.1; WOW64; Trident/7.0; rv:11.0) like Gecko"
212.89.176.40 - - [11/Jul/2018:11:30:24 +0200] "GET /reload?ser=1531301399199 HTTP/1.1" 200 28 "http://renault.activities.at/login" "Mozilla/5.0 (Windows NT 6.1; WOW64; Trident/7.0; rv:11.0) like Gecko"
212.152.246.131 - - [11/Jul/2018:11:30:25 +0200] "POST /axjaxrequest?mode=suggest HTTP/1.1" 200 354 "http://renault.activities.at/result?searchterm=true&search=Steinschlag" "Mozilla/5.0 (Windows NT 6.1; WOW64; Trident/7.0; rv:11.0) like Gecko"
212.152.246.131 - - [11/Jul/2018:11:30:25 +0200] "GET /result?searchterm=true&search=ze HTTP/1.1" 200 8702 "http://renault.activities.at/result?searchterm=true&search=Steinschlag" "Mozilla/5.0 (Windows NT 6.1; WOW64; Trident/7.0; rv:11.0) like Gecko"
212.152.246.131 - - [11/Jul/2018:11:30:29 +0200] "GET /loadthumbnail.php?id=11760052&width=113 HTTP/1.1" 200 1991 "http://renault.activities.at/result?searchterm=true&search=ze" "Mozilla/5.0 (Windows NT 6.1; WOW64; Trident/7.0; rv:11.0) like Gecko"
212.152.246.131 - - [11/Jul/2018:11:30:29 +0200] "GET /loadthumbnail.php?id=10259978&width=113 HTTP/1.1" 200 1347 "http://renault.activities.at/result?searchterm=true&search=ze" "Mozilla/5.0 (Windows NT 6.1; WOW64; Trident/7.0; rv:11.0) like Gecko"
212.152.246.131 - - [11/Jul/2018:11:30:29 +0200] "GET /loadthumbnail.php?id=11760048&width=113 HTTP/1.1" 200 1991 "http://renault.activities.at/result?searchterm=true&search=ze" "Mozilla/5.0 (Windows NT 6.1; WOW64; Trident/7.0; rv:11.0) like Gecko"
212.152.246.131 - - [11/Jul/2018:11:30:29 +0200] "GET /loadthumbnail.php?id=11308371&width=113 HTTP/1.1" 200 1939 "http://renault.activities.at/result?searchterm=true&search=ze" "Mozilla/5.0 (Windows NT 6.1; WOW64; Trident/7.0; rv:11.0) like Gecko"
212.152.246.131 - - [11/Jul/2018:11:30:29 +0200] "GET /loadthumbnail.php?id=11308367&width=113 HTTP/1.1" 200 1939 "http://renault.activities.at/result?searchterm=true&search=ze" "Mozilla/5.0 (Windows NT 6.1; WOW64; Trident/7.0; rv:11.0) like Gecko"
212.152.246.131 - - [11/Jul/2018:11:30:29 +0200] "GET /loadthumbnail.php?id=11361071&width=113 HTTP/1.1" 200 17044 "http://renault.activities.at/result?searchterm=true&search=ze" "Mozilla/5.0 (Windows NT 6.1; WOW64; Trident/7.0; rv:11.0) like Gecko"
193.194.132.28 - - [11/Jul/2018:11:30:38 +0200] "GET /reload?ser=1531301438451 HTTP/1.1" 200 28 "http://renault.2web.at/account?loadrequest=true" "Mozilla/5.0 (Windows NT 6.1; WOW64; Trident/7.0; rv:11.0) like Gecko"
212.152.246.131 - - [11/Jul/2018:11:30:42 +0200] "GET /result?dir=DESC&mode=grid&order=name&limit=15&page=2&search=ze HTTP/1.1" 200 8522 "http://renault.activities.at/result?searchterm=true&search=ze" "Mozilla/5.0 (Windows NT 6.1; WOW64; Trident/7.0; rv:11.0) like Gecko"
212.152.246.131 - - [11/Jul/2018:11:30:45 +0200] "GET /loadthumbnail.php?id=10203275 HTTP/1.1" 200 85 "http://renault.activities.at/result?dir=DESC&mode=grid&order=name&limit=15&page=2&search=ze" "Mozilla/5.0 (Windows NT 6.1; WOW64; Trident/7.0; rv:11.0) like Gecko"
212.152.246.131 - - [11/Jul/2018:11:30:45 +0200] "GET /loadthumbnail.php?id=11209585&width=113 HTTP/1.1" 200 1909 "http://renault.activities.at/result?dir=DESC&mode=grid&order=name&limit=15&page=2&search=ze" "Mozilla/5.0 (Windows NT 6.1; WOW64; Trident/7.0; rv:11.0) like Gecko"
80.120.5.131 - - [11/Jul/2018:11:30:50 +0200] "GET /reload?ser=1531301450076 HTTP/1.1" 200 2 "http://renault.activities.at/success" "Mozilla/5.0 (Windows NT 10.0; WOW64; Trident/7.0; rv:11.0) like Gecko"
212.152.246.131 - - [11/Jul/2018:11:30:51 +0200] "GET /result?dir=DESC&mode=grid&order=name&limit=15&page=3&search=ze HTTP/1.1" 200 8733 "http://renault.activities.at/result?dir=DESC&mode=grid&order=name&limit=15&page=2&search=ze" "Mozilla/5.0 (Windows NT 6.1; WOW64; Trident/7.0; rv:11.0) like Gecko"
212.152.246.131 - - [11/Jul/2018:11:30:54 +0200] "GET /loadthumbnail.php?id=10930520&width=113 HTTP/1.1" 200 2026 "http://renault.activities.at/result?dir=DESC&mode=grid&order=name&limit=15&page=3&search=ze" "Mozilla/5.0 (Windows NT 6.1; WOW64; Trident/7.0; rv:11.0) like Gecko"
212.152.246.131 - - [11/Jul/2018:11:30:54 +0200] "GET /loadthumbnail.php?id=10309491&width=113 HTTP/1.1" 200 2476 "http://renault.activities.at/result?dir=DESC&mode=grid&order=name&limit=15&page=3&search=ze" "Mozilla/5.0 (Windows NT 6.1; WOW64; Trident/7.0; rv:11.0) like Gecko"
212.152.246.131 - - [11/Jul/2018:11:30:54 +0200] "GET /loadthumbnail.php?id=10958231&width=113 HTTP/1.1" 200 26171 "http://renault.activities.at/result?dir=DESC&mode=grid&order=name&limit=15&page=3&search=ze" "Mozilla/5.0 (Windows NT 6.1; WOW64; Trident/7.0; rv:11.0) like Gecko"
212.152.246.131 - - [11/Jul/2018:11:30:54 +0200] "GET /loadthumbnail.php?id=10309492&width=113 HTTP/1.1" 200 2666 "http://renault.activities.at/result?dir=DESC&mode=grid&order=name&limit=15&page=3&search=ze" "Mozilla/5.0 (Windows NT 6.1; WOW64; Trident/7.0; rv:11.0) like Gecko"
212.152.246.131 - - [11/Jul/2018:11:30:54 +0200] "GET /loadthumbnail.php?id=11760044&width=113 HTTP/1.1" 200 2760 "http://renault.activities.at/result?dir=DESC&mode=grid&order=name&limit=15&page=3&search=ze" "Mozilla/5.0 (Windows NT 6.1; WOW64; Trident/7.0; rv:11.0) like Gecko"
212.152.246.131 - - [11/Jul/2018:11:30:54 +0200] "GET /loadthumbnail.php?id=10930552&width=113 HTTP/1.1" 200 2035 "http://renault.activities.at/result?dir=DESC&mode=grid&order=name&limit=15&page=3&search=ze" "Mozilla/5.0 (Windows NT 6.1; WOW64; Trident/7.0; rv:11.0) like Gecko"
212.152.246.131 - - [11/Jul/2018:11:30:54 +0200] "GET /loadthumbnail.php?id=11760038&width=113 HTTP/1.1" 200 4403 "http://renault.activities.at/result?dir=DESC&mode=grid&order=name&limit=15&page=3&search=ze" "Mozilla/5.0 (Windows NT 6.1; WOW64; Trident/7.0; rv:11.0) like Gecko"
212.152.246.131 - - [11/Jul/2018:11:30:54 +0200] "GET /loadthumbnail.php?id=11461308&width=113 HTTP/1.1" 200 2471 "http://renault.activities.at/result?dir=DESC&mode=grid&order=name&limit=15&page=3&search=ze" "Mozilla/5.0 (Windows NT 6.1; WOW64; Trident/7.0; rv:11.0) like Gecko"
212.152.246.131 - - [11/Jul/2018:11:31:06 +0200] "GET /result?dir=DESC&mode=grid&order=name&limit=15&page=4&search=ze HTTP/1.1" 200 8716 "http://renault.activities.at/result?dir=DESC&mode=grid&order=name&limit=15&page=3&search=ze" "Mozilla/5.0 (Windows NT 6.1; WOW64; Trident/7.0; rv:11.0) like Gecko"
212.152.246.131 - - [11/Jul/2018:11:31:09 +0200] "GET /loadthumbnail.php?id=11461312&width=113 HTTP/1.1" 200 3416 "http://renault.activities.at/result?dir=DESC&mode=grid&order=name&limit=15&page=4&search=ze" "Mozilla/5.0 (Windows NT 6.1; WOW64; Trident/7.0; rv:11.0) like Gecko"
212.152.246.131 - - [11/Jul/2018:11:31:09 +0200] "GET /loadthumbnail.php?id=11461324&width=113 HTTP/1.1" 200 3624 "http://renault.activities.at/result?dir=DESC&mode=grid&order=name&limit=15&page=4&search=ze" "Mozilla/5.0 (Windows NT 6.1; WOW64; Trident/7.0; rv:11.0) like Gecko"
212.152.246.131 - - [11/Jul/2018:11:31:09 +0200] "GET /loadthumbnail.php?id=11461316&width=113 HTTP/1.1" 200 2946 "http://renault.activities.at/result?dir=DESC&mode=grid&order=name&limit=15&page=4&search=ze" "Mozilla/5.0 (Windows NT 6.1; WOW64; Trident/7.0; rv:11.0) like Gecko"
212.152.246.131 - - [11/Jul/2018:11:31:09 +0200] "GET /loadthumbnail.php?id=10260190&width=113 HTTP/1.1" 200 4509 "http://renault.activities.at/result?dir=DESC&mode=grid&order=name&limit=15&page=4&search=ze" "Mozilla/5.0 (Windows NT 6.1; WOW64; Trident/7.0; rv:11.0) like Gecko"
212.152.246.131 - - [11/Jul/2018:11:31:09 +0200] "GET /loadthumbnail.php?id=11461320&width=113 HTTP/1.1" 200 3915 "http://renault.activities.at/result?dir=DESC&mode=grid&order=name&limit=15&page=4&search=ze" "Mozilla/5.0 (Windows NT 6.1; WOW64; Trident/7.0; rv:11.0) like Gecko"
212.152.246.131 - - [11/Jul/2018:11:31:09 +0200] "GET /loadthumbnail.php?id=10260174&width=113 HTTP/1.1" 200 3715 "http://renault.activities.at/result?dir=DESC&mode=grid&order=name&limit=15&page=4&search=ze" "Mozilla/5.0 (Windows NT 6.1; WOW64; Trident/7.0; rv:11.0) like Gecko"
212.152.246.131 - - [11/Jul/2018:11:31:09 +0200] "GET /loadthumbnail.php?id=11730239&width=113 HTTP/1.1" 200 4665 "http://renault.activities.at/result?dir=DESC&mode=grid&order=name&limit=15&page=4&search=ze" "Mozilla/5.0 (Windows NT 6.1; WOW64; Trident/7.0; rv:11.0) like Gecko"
212.152.246.131 - - [11/Jul/2018:11:31:09 +0200] "GET /loadthumbnail.php?id=11213910&width=113 HTTP/1.1" 200 2091 "http://renault.activities.at/result?dir=DESC&mode=grid&order=name&limit=15&page=4&search=ze" "Mozilla/5.0 (Windows NT 6.1; WOW64; Trident/7.0; rv:11.0) like Gecko"
212.152.246.131 - - [11/Jul/2018:11:31:09 +0200] "GET /loadthumbnail.php?id=10986339&width=113 HTTP/1.1" 200 3068 "http://renault.activities.at/result?dir=DESC&mode=grid&order=name&limit=15&page=4&search=ze" "Mozilla/5.0 (Windows NT 6.1; WOW64; Trident/7.0; rv:11.0) like Gecko"
212.152.246.131 - - [11/Jul/2018:11:31:09 +0200] "GET /loadthumbnail.php?id=11036127&width=113 HTTP/1.1" 200 1099 "http://renault.activities.at/result?dir=DESC&mode=grid&order=name&limit=15&page=4&search=ze" "Mozilla/5.0 (Windows NT 6.1; WOW64; Trident/7.0; rv:11.0) like Gecko"
212.152.246.131 - - [11/Jul/2018:11:31:09 +0200] "GET /loadthumbnail.php?id=11213903&width=113 HTTP/1.1" 200 2398 "http://renault.activities.at/result?dir=DESC&mode=grid&order=name&limit=15&page=4&search=ze" "Mozilla/5.0 (Windows NT 6.1; WOW64; Trident/7.0; rv:11.0) like Gecko"
212.152.246.131 - - [11/Jul/2018:11:31:09 +0200] "GET /loadthumbnail.php?id=10261230&width=113 HTTP/1.1" 200 1170 "http://renault.activities.at/result?dir=DESC&mode=grid&order=name&limit=15&page=4&search=ze" "Mozilla/5.0 (Windows NT 6.1; WOW64; Trident/7.0; rv:11.0) like Gecko"
212.152.246.131 - - [11/Jul/2018:11:31:09 +0200] "GET /loadthumbnail.php?id=10260910&width=113 HTTP/1.1" 200 3135 "http://renault.activities.at/result?dir=DESC&mode=grid&order=name&limit=15&page=4&search=ze" "Mozilla/5.0 (Windows NT 6.1; WOW64; Trident/7.0; rv:11.0) like Gecko"
212.152.246.131 - - [11/Jul/2018:11:31:09 +0200] "GET /loadthumbnail.php?id=10260857&width=113 HTTP/1.1" 200 1170 "http://renault.activities.at/result?dir=DESC&mode=grid&order=name&limit=15&page=4&search=ze" "Mozilla/5.0 (Windows NT 6.1; WOW64; Trident/7.0; rv:11.0) like Gecko"
212.89.176.40 - - [11/Jul/2018:11:31:25 +0200] "GET /reload?ser=1531301459863 HTTP/1.1" 200 28 "http://renault.activities.at/login" "Mozilla/5.0 (Windows NT 6.1; WOW64; Trident/7.0; rv:11.0) like Gecko"
193.194.132.28 - - [11/Jul/2018:11:31:39 +0200] "GET /reload?ser=1531301499679 HTTP/1.1" 200 28 "http://renault.2web.at/account?loadrequest=true" "Mozilla/5.0 (Windows NT 6.1; WOW64; Trident/7.0; rv:11.0) like Gecko"
80.120.5.131 - - [11/Jul/2018:11:31:51 +0200] "GET /reload?ser=1531301511002 HTTP/1.1" 200 2 "http://renault.activities.at/success" "Mozilla/5.0 (Windows NT 10.0; WOW64; Trident/7.0; rv:11.0) like Gecko"
212.152.246.131 - - [11/Jul/2018:11:32:08 +0200] "POST /result?dir=DESC&mode=grid&order=name&limit=15&page=4&search=ze HTTP/1.1" 200 8815 "http://renault.activities.at/result?dir=DESC&mode=grid&order=name&limit=15&page=4&search=ze" "Mozilla/5.0 (Windows NT 6.1; WOW64; Trident/7.0; rv:11.0) like Gecko"
212.152.246.131 - - [11/Jul/2018:11:32:10 +0200] "GET /reload?ser=1531301529598 HTTP/1.1" 200 28 "http://renault.activities.at/result?dir=DESC&mode=grid&order=name&limit=15&page=4&search=ze" "Mozilla/5.0 (Windows NT 6.1; WOW64; Trident/7.0; rv:11.0) like Gecko"
212.152.246.131 - - [11/Jul/2018:11:32:20 +0200] "POST /result?dir=DESC&mode=grid&order=name&limit=15&page=4&search=ze HTTP/1.1" 200 8819 "http://renault.activities.at/result?dir=DESC&mode=grid&order=name&limit=15&page=4&search=ze" "Mozilla/5.0 (Windows NT 6.1; WOW64; Trident/7.0; rv:11.0) like Gecko"
212.89.176.40 - - [11/Jul/2018:11:32:26 +0200] "GET /reload?ser=1531301520500 HTTP/1.1" 200 28 "http://renault.activities.at/login" "Mozilla/5.0 (Windows NT 6.1; WOW64; Trident/7.0; rv:11.0) like Gecko"
212.152.246.131 - - [11/Jul/2018:11:32:31 +0200] "POST /result?dir=DESC&mode=grid&order=name&limit=15&page=4&search=ze HTTP/1.1" 200 8812 "http://renault.activities.at/result?dir=DESC&mode=grid&order=name&limit=15&page=4&search=ze" "Mozilla/5.0 (Windows NT 6.1; WOW64; Trident/7.0; rv:11.0) like Gecko"
212.152.246.131 - - [11/Jul/2018:11:32:38 +0200] "GET /result?dir=DESC&mode=grid&order=name&limit=15&page=5&search=ze HTTP/1.1" 200 8727 "http://renault.activities.at/result?dir=DESC&mode=grid&order=name&limit=15&page=4&search=ze" "Mozilla/5.0 (Windows NT 6.1; WOW64; Trident/7.0; rv:11.0) like Gecko"
212.152.246.131 - - [11/Jul/2018:11:32:41 +0200] "GET /loadthumbnail.php?id=10260877&width=113 HTTP/1.1" 200 1170 "http://renault.activities.at/result?dir=DESC&mode=grid&order=name&limit=15&page=5&search=ze" "Mozilla/5.0 (Windows NT 6.1; WOW64; Trident/7.0; rv:11.0) like Gecko"
212.152.246.131 - - [11/Jul/2018:11:32:41 +0200] "GET /loadthumbnail.php?id=10260863&width=113 HTTP/1.1" 200 1170 "http://renault.activities.at/result?dir=DESC&mode=grid&order=name&limit=15&page=5&search=ze" "Mozilla/5.0 (Windows NT 6.1; WOW64; Trident/7.0; rv:11.0) like Gecko"
212.152.246.131 - - [11/Jul/2018:11:32:41 +0200] "GET /loadthumbnail.php?id=11255648&width=113 HTTP/1.1" 200 1285 "http://renault.activities.at/result?dir=DESC&mode=grid&order=name&limit=15&page=5&search=ze" "Mozilla/5.0 (Windows NT 6.1; WOW64; Trident/7.0; rv:11.0) like Gecko"
212.152.246.131 - - [11/Jul/2018:11:32:41 +0200] "GET /loadthumbnail.php?id=11036339&width=113 HTTP/1.1" 200 1330 "http://renault.activities.at/result?dir=DESC&mode=grid&order=name&limit=15&page=5&search=ze" "Mozilla/5.0 (Windows NT 6.1; WOW64; Trident/7.0; rv:11.0) like Gecko"
212.152.246.131 - - [11/Jul/2018:11:32:41 +0200] "GET /loadthumbnail.php?id=11036124&width=113 HTTP/1.1" 200 1328 "http://renault.activities.at/result?dir=DESC&mode=grid&order=name&limit=15&page=5&search=ze" "Mozilla/5.0 (Windows NT 6.1; WOW64; Trident/7.0; rv:11.0) like Gecko"
212.152.246.131 - - [11/Jul/2018:11:32:41 +0200] "GET /loadthumbnail.php?id=10260861&width=113 HTTP/1.1" 200 1170 "http://renault.activities.at/result?dir=DESC&mode=grid&order=name&limit=15&page=5&search=ze" "Mozilla/5.0 (Windows NT 6.1; WOW64; Trident/7.0; rv:11.0) like Gecko"
193.194.132.28 - - [11/Jul/2018:11:32:41 +0200] "GET /reload?ser=1531301560896 HTTP/1.1" 200 28 "http://renault.2web.at/account?loadrequest=true" "Mozilla/5.0 (Windows NT 6.1; WOW64; Trident/7.0; rv:11.0) like Gecko"
212.152.246.131 - - [11/Jul/2018:11:32:42 +0200] "GET /loadthumbnail.php?id=10260875&width=113 HTTP/1.1" 200 1170 "http://renault.activities.at/result?dir=DESC&mode=grid&order=name&limit=15&page=5&search=ze" "Mozilla/5.0 (Windows NT 6.1; WOW64; Trident/7.0; rv:11.0) like Gecko"
212.152.246.131 - - [11/Jul/2018:11:32:42 +0200] "GET /loadthumbnail.php?id=10431937&width=113 HTTP/1.1" 200 1170 "http://renault.activities.at/result?dir=DESC&mode=grid&order=name&limit=15&page=5&search=ze" "Mozilla/5.0 (Windows NT 6.1; WOW64; Trident/7.0; rv:11.0) like Gecko"
212.152.246.131 - - [11/Jul/2018:11:32:42 +0200] "GET /loadthumbnail.php?id=10260879&width=113 HTTP/1.1" 200 1170 "http://renault.activities.at/result?dir=DESC&mode=grid&order=name&limit=15&page=5&search=ze" "Mozilla/5.0 (Windows NT 6.1; WOW64; Trident/7.0; rv:11.0) like Gecko"
212.152.246.131 - - [11/Jul/2018:11:32:42 +0200] "GET /loadthumbnail.php?id=11036126&width=113 HTTP/1.1" 200 1377 "http://renault.activities.at/result?dir=DESC&mode=grid&order=name&limit=15&page=5&search=ze" "Mozilla/5.0 (Windows NT 6.1; WOW64; Trident/7.0; rv:11.0) like Gecko"
212.152.246.131 - - [11/Jul/2018:11:32:42 +0200] "GET /loadthumbnail.php?id=10915652&width=113 HTTP/1.1" 200 1387 "http://renault.activities.at/result?dir=DESC&mode=grid&order=name&limit=15&page=5&search=ze" "Mozilla/5.0 (Windows NT 6.1; WOW64; Trident/7.0; rv:11.0) like Gecko"
212.152.246.131 - - [11/Jul/2018:11:32:42 +0200] "GET /loadthumbnail.php?id=10919466&width=113 HTTP/1.1" 200 1477 "http://renault.activities.at/result?dir=DESC&mode=grid&order=name&limit=15&page=5&search=ze" "Mozilla/5.0 (Windows NT 6.1; WOW64; Trident/7.0; rv:11.0) like Gecko"
212.152.246.131 - - [11/Jul/2018:11:32:42 +0200] "GET /loadthumbnail.php?id=10915886&width=113 HTTP/1.1" 200 1376 "http://renault.activities.at/result?dir=DESC&mode=grid&order=name&limit=15&page=5&search=ze" "Mozilla/5.0 (Windows NT 6.1; WOW64; Trident/7.0; rv:11.0) like Gecko"
212.152.246.131 - - [11/Jul/2018:11:32:48 +0200] "GET /result?dir=DESC&mode=grid&order=name&limit=15&page=6&search=ze HTTP/1.1" 200 8858 "http://renault.activities.at/result?dir=DESC&mode=grid&order=name&limit=15&page=5&search=ze" "Mozilla/5.0 (Windows NT 6.1; WOW64; Trident/7.0; rv:11.0) like Gecko"
212.152.246.131 - - [11/Jul/2018:11:32:52 +0200] "GET /loadthumbnail.php?id=10260890&width=113 HTTP/1.1" 200 1170 "http://renault.activities.at/result?dir=DESC&mode=grid&order=name&limit=15&page=6&search=ze" "Mozilla/5.0 (Windows NT 6.1; WOW64; Trident/7.0; rv:11.0) like Gecko"
212.152.246.131 - - [11/Jul/2018:11:32:52 +0200] "GET /loadthumbnail.php?id=11243081&width=113 HTTP/1.1" 200 1218 "http://renault.activities.at/result?dir=DESC&mode=grid&order=name&limit=15&page=6&search=ze" "Mozilla/5.0 (Windows NT 6.1; WOW64; Trident/7.0; rv:11.0) like Gecko"
212.152.246.131 - - [11/Jul/2018:11:32:52 +0200] "GET /loadthumbnail.php?id=10995605&width=113 HTTP/1.1" 200 1252 "http://renault.activities.at/result?dir=DESC&mode=grid&order=name&limit=15&page=6&search=ze" "Mozilla/5.0 (Windows NT 6.1; WOW64; Trident/7.0; rv:11.0) like Gecko"
212.152.246.131 - - [11/Jul/2018:11:32:52 +0200] "GET /loadthumbnail.php?id=11361004&width=113 HTTP/1.1" 200 3059 "http://renault.activities.at/result?dir=DESC&mode=grid&order=name&limit=15&page=6&search=ze" "Mozilla/5.0 (Windows NT 6.1; WOW64; Trident/7.0; rv:11.0) like Gecko"
212.152.246.131 - - [11/Jul/2018:11:32:52 +0200] "GET /loadthumbnail.php?id=11141133&width=113 HTTP/1.1" 200 1050 "http://renault.activities.at/result?dir=DESC&mode=grid&order=name&limit=15&page=6&search=ze" "Mozilla/5.0 (Windows NT 6.1; WOW64; Trident/7.0; rv:11.0) like Gecko"
212.152.246.131 - - [11/Jul/2018:11:32:52 +0200] "GET /loadthumbnail.php?id=11538169&width=113 HTTP/1.1" 200 20088 "http://renault.activities.at/result?dir=DESC&mode=grid&order=name&limit=15&page=6&search=ze" "Mozilla/5.0 (Windows NT 6.1; WOW64; Trident/7.0; rv:11.0) like Gecko"
212.152.246.131 - - [11/Jul/2018:11:32:52 +0200] "GET /loadthumbnail.php?id=11165054&width=113 HTTP/1.1" 200 34777 "http://renault.activities.at/result?dir=DESC&mode=grid&order=name&limit=15&page=6&search=ze" "Mozilla/5.0 (Windows NT 6.1; WOW64; Trident/7.0; rv:11.0) like Gecko"
212.152.246.131 - - [11/Jul/2018:11:32:52 +0200] "GET /loadthumbnail.php?id=11658180&width=113 HTTP/1.1" 200 29422 "http://renault.activities.at/result?dir=DESC&mode=grid&order=name&limit=15&page=6&search=ze" "Mozilla/5.0 (Windows NT 6.1; WOW64; Trident/7.0; rv:11.0) like Gecko"
212.152.246.131 - - [11/Jul/2018:11:32:52 +0200] "GET /loadthumbnail.php?id=11319988&width=113 HTTP/1.1" 200 44228 "http://renault.activities.at/result?dir=DESC&mode=grid&order=name&limit=15&page=6&search=ze" "Mozilla/5.0 (Windows NT 6.1; WOW64; Trident/7.0; rv:11.0) like Gecko"
212.152.246.131 - - [11/Jul/2018:11:32:52 +0200] "GET /loadthumbnail.php?id=11031880&width=113 HTTP/1.1" 200 39263 "http://renault.activities.at/result?dir=DESC&mode=grid&order=name&limit=15&page=6&search=ze" "Mozilla/5.0 (Windows NT 6.1; WOW64; Trident/7.0; rv:11.0) like Gecko"
80.120.5.131 - - [11/Jul/2018:11:32:51 +0200] "GET /reload?ser=1531301571935 HTTP/1.1" 200 2 "http://renault.activities.at/success" "Mozilla/5.0 (Windows NT 10.0; WOW64; Trident/7.0; rv:11.0) like Gecko"
212.152.246.131 - - [11/Jul/2018:11:33:02 +0200] "GET /result?dir=DESC&mode=grid&order=name&limit=15&page=7&search=ze HTTP/1.1" 200 8769 "http://renault.activities.at/result?dir=DESC&mode=grid&order=name&limit=15&page=6&search=ze" "Mozilla/5.0 (Windows NT 6.1; WOW64; Trident/7.0; rv:11.0) like Gecko"
