212.152.246.131 - - [11/Jul/2018:11:33:05 +0200] "GET /loadthumbnail.php?id=10970933&width=113 HTTP/1.1" 200 5132 "http://renault.activities.at/result?dir=DESC&mode=grid&order=name&limit=15&page=7&search=ze" "Mozilla/5.0 (Windows NT 6.1; WOW64; Trident/7.0; rv:11.0) like Gecko"
212.152.246.131 - - [11/Jul/2018:11:33:05 +0200] "GET /loadthumbnail.php?id=11715013&width=113 HTTP/1.1" 200 33856 "http://renault.activities.at/result?dir=DESC&mode=grid&order=name&limit=15&page=7&search=ze" "Mozilla/5.0 (Windows NT 6.1; WOW64; Trident/7.0; rv:11.0) like Gecko"
212.152.246.131 - - [11/Jul/2018:11:33:05 +0200] "GET /loadthumbnail.php?id=11715017&width=113 HTTP/1.1" 200 37395 "http://renault.activities.at/result?dir=DESC&mode=grid&order=name&limit=15&page=7&search=ze" "Mozilla/5.0 (Windows NT 6.1; WOW64; Trident/7.0; rv:11.0) like Gecko"
212.152.246.131 - - [11/Jul/2018:11:33:05 +0200] "GET /loadthumbnail.php?id=11342067&width=113 HTTP/1.1" 200 21913 "http://renault.activities.at/result?dir=DESC&mode=grid&order=name&limit=15&page=7&search=ze" "Mozilla/5.0 (Windows NT 6.1; WOW64; Trident/7.0; rv:11.0) like Gecko"
212.152.246.131 - - [11/Jul/2018:11:33:05 +0200] "GET /loadthumbnail.php?id=11314432&width=113 HTTP/1.1" 200 36566 "http://renault.activities.at/result?dir=DESC&mode=grid&order=name&limit=15&page=7&search=ze" "Mozilla/5.0 (Windows NT 6.1; WOW64; Trident/7.0; rv:11.0) like Gecko"
212.152.246.131 - - [11/Jul/2018:11:33:05 +0200] "GET /loadthumbnail.php?id=11319983&width=113 HTTP/1.1" 200 38992 "http://renault.activities.at/result?dir=DESC&mode=grid&order=name&limit=15&page=7&search=ze" "Mozilla/5.0 (Windows NT 6.1; WOW64; Trident/7.0; rv:11.0) like Gecko"
212.152.246.131 - - [11/Jul/2018:11:33:06 +0200] "GET /loadthumbnail.php?id=11342066&width=113 HTTP/1.1" 200 28015 "http://renault.activities.at/result?dir=DESC&mode=grid&order=name&limit=15&page=7&search=ze" "Mozilla/5.0 (Windows NT 6.1; WOW64; Trident/7.0; rv:11.0) like Gecko"
212.152.246.131 - - [11/Jul/2018:11:33:06 +0200] "GET /loadthumbnail.php?id=11164747&width=113 HTTP/1.1" 200 26121 "http://renault.activities.at/result?dir=DESC&mode=grid&order=name&limit=15&page=7&search=ze" "Mozilla/5.0 (Windows NT 6.1; WOW64; Trident/7.0; rv:11.0) like Gecko"
212.152.246.131 - - [11/Jul/2018:11:33:06 +0200] "GET /loadthumbnail.php?id=11319984&width=113 HTTP/1.1" 200 28924 "http://renault.activities.at/result?dir=DESC&mode=grid&order=name&limit=15&page=7&search=ze" "Mozilla/5.0 (Windows NT 6.1; WOW64; Trident/7.0; rv:11.0) like Gecko"
212.152.246.131 - - [11/Jul/2018:11:33:06 +0200] "GET /loadthumbnail.php?id=11577924&width=113 HTTP/1.1" 200 28282 "http://renault.activities.at/result?dir=DESC&mode=grid&order=name&limit=15&page=7&search=ze" "Mozilla/5.0 (Windows NT 6.1; WOW64; Trident/7.0; rv:11.0) like Gecko"
212.152.246.131 - - [11/Jul/2018:11:33:06 +0200] "GET /loadthumbnail.php?id=11319961&width=113 HTTP/1.1" 200 27077 "http://renault.activities.at/result?dir=DESC&mode=grid&order=name&limit=15&page=7&search=ze" "Mozilla/5.0 (Windows NT 6.1; WOW64; Trident/7.0; rv:11.0) like Gecko"
212.152.246.131 - - [11/Jul/2018:11:33:06 +0200] "GET /loadthumbnail.php?id=11334756&width=113 HTTP/1.1" 200 24626 "http://renault.activities.at/result?dir=DESC&mode=grid&order=name&limit=15&page=7&search=ze" "Mozilla/5.0 (Windows NT 6.1; WOW64; Trident/7.0; rv:11.0) like Gecko"
212.152.246.131 - - [11/Jul/2018:11:33:06 +0200] "GET /loadthumbnail.php?id=11031873&width=113 HTTP/1.1" 200 24451 "http://renault.activities.at/result?dir=DESC&mode=grid&order=name&limit=15&page=7&search=ze" "Mozilla/5.0 (Windows NT 6.1; WOW64; Trident/7.0; rv:11.0) like Gecko"
212.152.246.131 - - [11/Jul/2018:11:33:06 +0200] "GET /loadthumbnail.php?id=10970931&width=113 HTTP/1.1" 200 6246 "http://renault.activities.at/result?dir=DESC&mode=grid&order=name&limit=15&page=7&search=ze" "Mozilla/5.0 (Windows NT 6.1; WOW64; Trident/7.0; rv:11.0) like Gecko"
212.152.246.131 - - [11/Jul/2018:11:33:06 +0200] "GET /loadthumbnail.php?id=11319974&width=113 HTTP/1.1" 200 31785 "http://renault.activities.at/result?dir=DESC&mode=grid&order=name&limit=15&page=7&search=ze" "Mozilla/5.0 (Windows NT 6.1; WOW64; Trident/7.0; rv:11.0) like Gecko"
212.152.246.131 - - [11/Jul/2018:11:33:18 +0200] "GET /result?dir=DESC&mode=grid&order=name&limit=15&page=8&search=ze HTTP/1.1" 200 6843 "http://renault.activities.at/result?dir=DESC&mode=grid&order=name&limit=15&page=7&search=ze" "Mozilla/5.0 (Windows NT 6.1; WOW64; Trident/7.0; rv:11.0) like Gecko"
212.152.246.131 - - [11/Jul/2018:11:33:20 +0200] "GET /loadthumbnail.php?id=11715005&width=113 HTTP/1.1" 200 30128 "http://renault.activities.at/result?dir=DESC&mode=grid&order=name&limit=15&page=8&search=ze" "Mozilla/5.0 (Windows NT 6.1; WOW64; Trident/7.0; rv:11.0) like Gecko"
212.152.246.131 - - [11/Jul/2018:11:33:20 +0200] "GET /loadthumbnail.php?id=11715009&width=113 HTTP/1.1" 200 22295 "http://renault.activities.at/result?dir=DESC&mode=grid&order=name&limit=15&page=8&search=ze" "Mozilla/5.0 (Windows NT 6.1; WOW64; Trident/7.0; rv:11.0) like Gecko"
212.152.246.131 - - [11/Jul/2018:11:33:20 +0200] "GET /loadthumbnail.php?id=11658108&width=113 HTTP/1.1" 200 27184 "http://renault.activities.at/result?dir=DESC&mode=grid&order=name&limit=15&page=8&search=ze" "Mozilla/5.0 (Windows NT 6.1; WOW64; Trident/7.0; rv:11.0) like Gecko"
212.152.246.131 - - [11/Jul/2018:11:33:20 +0200] "GET /loadthumbnail.php?id=11334755&width=113 HTTP/1.1" 200 23865 "http://renault.activities.at/result?dir=DESC&mode=grid&order=name&limit=15&page=8&search=ze" "Mozilla/5.0 (Windows NT 6.1; WOW64; Trident/7.0; rv:11.0) like Gecko"
212.89.176.40 - - [11/Jul/2018:11:33:26 +0200] "GET /reload?ser=1531301581148 HTTP/1.1" 200 28 "http://renault.activities.at/login" "Mozilla/5.0 (Windows NT 6.1; WOW64; Trident/7.0; rv:11.0) like Gecko"
212.152.246.131 - - [11/Jul/2018:11:33:29 +0200] "POST /axjaxrequest?mode=suggest HTTP/1.1" 200 184 "http://renault.activities.at/result?dir=DESC&mode=grid&order=name&limit=15&page=8&search=ze" "Mozilla/5.0 (Windows NT 6.1; WOW64; Trident/7.0; rv:11.0) like Gecko"
212.152.246.131 - - [11/Jul/2018:11:33:29 +0200] "GET /result?searchterm=true&search=Service HTTP/1.1" 200 8298 "http://renault.activities.at/result?dir=DESC&mode=grid&order=name&limit=15&page=8&search=ze" "Mozilla/5.0 (Windows NT 6.1; WOW64; Trident/7.0; rv:11.0) like Gecko"
193.194.132.28 - - [11/Jul/2018:11:33:42 +0200] "GET /reload?ser=1531301622418 HTTP/1.1" 200 28 "http://renault.2web.at/account?loadrequest=true" "Mozilla/5.0 (Windows NT 6.1; WOW64; Trident/7.0; rv:11.0) like Gecko"
199.19.249.196 - - [11/Jul/2018:11:33:50 +0200] "GET / HTTP/1.1" 200 17560 "-" "Mozilla/5.0 (Windows NT 6.1; WOW64; Trident/7.0; rv:11.0) like Gecko"
80.120.5.131 - - [11/Jul/2018:11:33:52 +0200] "GET /reload?ser=1531301632941 HTTP/1.1" 200 2 "http://renault.activities.at/success" "Mozilla/5.0 (Windows NT 10.0; WOW64; Trident/7.0; rv:11.0) like Gecko"
193.194.132.29 - - [11/Jul/2018:11:33:54 +0200] "GET / HTTP/1.1" 200 3722 "-" "Mozilla/5.0 (Windows NT 6.1; WOW64; Trident/7.0; rv:11.0) like Gecko"
193.194.132.29 - - [11/Jul/2018:11:33:56 +0200] "GET /css/styles.css HTTP/1.1" 304 - "http://renault.2web.at/" "Mozilla/5.0 (Windows NT 6.1; WOW64; Trident/7.0; rv:11.0) like Gecko"
199.19.249.196 - - [11/Jul/2018:11:33:56 +0200] "GET /js/index.php?c=auto&f=,prototype/prototype.js,prototype/validation.js,scriptaculous/builder.js,scriptaculous/effects.js,scriptaculous/dragdrop.js,scriptaculous/controls.js,scriptaculous/slider.js,varien/js.js,varien/form.js,varien/menu.js,mage/translate.js,mage/cookies.js,varien/product.js,spinner/SpinnerControl.jsmin.js,prototype/window.js,prototype/window_ext.js HTTP/1.1" 200 398646 "-" "Mozilla/5.0 (Windows NT 6.1; WOW64; Trident/7.0; rv:11.0) like Gecko"
193.194.132.29 - - [11/Jul/2018:11:33:57 +0200] "GET /js/index.php?c=auto&f=,prototype/prototype.js,prototype/validation.js,scriptaculous/builder.js,scriptaculous/effects.js,scriptaculous/dragdrop.js,scriptaculous/controls.js,scriptaculous/slider.js,varien/js.js,varien/form.js,varien/menu.js,mage/translate.js,mage/cookies.js,varien/product.js,spinner/SpinnerControl.jsmin.js,prototype/window.js,prototype/window_ext.js HTTP/1.1" 304 - "http://renault.2web.at/" "Mozilla/5.0 (Windows NT 6.1; WOW64; Trident/7.0; rv:11.0) like Gecko"
193.194.132.26 - - [11/Jul/2018:11:33:57 +0200] "GET /loadthumbnail.php?id=11127982 HTTP/1.1" 200 586642 "-" "Mozilla/4.0 (compatible;)"
199.19.249.196 - - [11/Jul/2018:11:33:57 +0200] "GET /images/ HTTP/1.1" 200 5573 "-" "Mozilla/5.0 (Windows NT 6.1; Win64; x64; Trident/7.0; rv:11.0) like Gecko"
212.152.246.131 - - [11/Jul/2018:11:33:56 +0200] "POST /result?searchterm=true&search=Service HTTP/1.1" 200 8397 "http://renault.activities.at/result?searchterm=true&search=Service" "Mozilla/5.0 (Windows NT 6.1; WOW64; Trident/7.0; rv:11.0) like Gecko"
193.194.132.29 - - [11/Jul/2018:11:33:59 +0200] "GET /login HTTP/1.1" 200 2095 "http://renault.2web.at/" "Mozilla/5.0 (Windows NT 6.1; WOW64; Trident/7.0; rv:11.0) like Gecko"
212.152.246.131 - - [11/Jul/2018:11:34:06 +0200] "POST /result?searchterm=true&search=Service HTTP/1.1" 200 8401 "http://renault.activities.at/result?searchterm=true&search=Service" "Mozilla/5.0 (Windows NT 6.1; WOW64; Trident/7.0; rv:11.0) like Gecko"
193.194.132.29 - - [11/Jul/2018:11:34:11 +0200] "POST /login HTTP/1.1" 302 137 "http://renault.2web.at/login" "Mozilla/5.0 (Windows NT 6.1; WOW64; Trident/7.0; rv:11.0) like Gecko"
193.194.132.29 - - [11/Jul/2018:11:34:13 +0200] "GET /account HTTP/1.1" 200 8730 "http://renault.2web.at/login" "Mozilla/5.0 (Windows NT 6.1; WOW64; Trident/7.0; rv:11.0) like Gecko"
193.194.132.29 - - [11/Jul/2018:11:34:17 +0200] "GET /loadthumbnail.php?id=11431080&width=50&height=50 HTTP/1.1" 200 866 "http://renault.2web.at/account" "Mozilla/5.0 (Windows NT 6.1; WOW64; Trident/7.0; rv:11.0) like Gecko"
193.194.132.29 - - [11/Jul/2018:11:34:17 +0200] "GET /loadthumbnail.php?id=10460287&width=50&height=50 HTTP/1.1" 200 936 "http://renault.2web.at/account" "Mozilla/5.0 (Windows NT 6.1; WOW64; Trident/7.0; rv:11.0) like Gecko"
212.152.246.131 - - [11/Jul/2018:11:34:12 +0200] "GET /checkout HTTP/1.1" 200 20118 "http://renault.activities.at/result?searchterm=true&search=Service" "Mozilla/5.0 (Windows NT 6.1; WOW64; Trident/7.0; rv:11.0) like Gecko"
212.152.246.131 - - [11/Jul/2018:11:34:19 +0200] "GET /loadthumbnail.php?id=10201939 HTTP/1.1" 200 201 "http://renault.activities.at/checkout" "Mozilla/5.0 (Windows NT 6.1; WOW64; Trident/7.0; rv:11.0) like Gecko"
212.152.246.131 - - [11/Jul/2018:11:34:19 +0200] "GET /images/step_marker.gif HTTP/1.1" 200 650 "http://renault.activities.at/checkout" "Mozilla/5.0 (Windows NT 6.1; WOW64; Trident/7.0; rv:11.0) like Gecko"
212.152.246.131 - - [11/Jul/2018:11:34:19 +0200] "GET /images/checkout_border_top.gif HTTP/1.1" 200 156 "http://renault.activities.at/checkout" "Mozilla/5.0 (Windows NT 6.1; WOW64; Trident/7.0; rv:11.0) like Gecko"
212.152.246.131 - - [11/Jul/2018:11:34:19 +0200] "GET /images/checkout_border.gif HTTP/1.1" 200 43 "http://renault.activities.at/checkout" "Mozilla/5.0 (Windows NT 6.1; WOW64; Trident/7.0; rv:11.0) like Gecko"
212.152.246.131 - - [11/Jul/2018:11:34:19 +0200] "GET /images/step_bg.jpg HTTP/1.1" 200 319 "http://renault.activities.at/checkout" "Mozilla/5.0 (Windows NT 6.1; WOW64; Trident/7.0; rv:11.0) like Gecko"
212.152.246.131 - - [11/Jul/2018:11:34:19 +0200] "GET /loadthumbnail.php?id=10202698 HTTP/1.1" 200 16686 "http://renault.activities.at/checkout" "Mozilla/5.0 (Windows NT 6.1; WOW64; Trident/7.0; rv:11.0) like Gecko"
212.152.246.131 - - [11/Jul/2018:11:34:22 +0200] "POST /docheckout HTTP/1.1" 200 454 "http://renault.activities.at/checkout" "Mozilla/5.0 (Windows NT 6.1; WOW64; Trident/7.0; rv:11.0) like Gecko"
212.89.176.40 - - [11/Jul/2018:11:34:27 +0200] "GET /reload?ser=1531301641797 HTTP/1.1" 200 28 "http://renault.activities.at/login" "Mozilla/5.0 (Windows NT 6.1; WOW64; Trident/7.0; rv:11.0) like Gecko"
199.19.249.196 - - [11/Jul/2018:11:34:28 +0200] "GET /axjaxrequest?mode=suggest HTTP/1.1" 200 10176 "-" "Mozilla/5.0 (Windows NT 6.1; WOW64; Trident/7.0; rv:11.0) like Gecko"
212.152.246.131 - - [11/Jul/2018:11:34:26 +0200] "POST /docheckout HTTP/1.1" 200 952 "http://renault.activities.at/checkout" "Mozilla/5.0 (Windows NT 6.1; WOW64; Trident/7.0; rv:11.0) like Gecko"
212.152.246.131 - - [11/Jul/2018:11:34:28 +0200] "GET /images/error_msg_icon.gif HTTP/1.1" 200 1013 "http://renault.activities.at/checkout" "Mozilla/5.0 (Windows NT 6.1; WOW64; Trident/7.0; rv:11.0) like Gecko"
193.194.132.29 - - [11/Jul/2018:11:34:28 +0200] "POST /axjaxrequest?mode=suggest HTTP/1.1" 200 168 "http://renault.2web.at/account" "Mozilla/5.0 (Windows NT 6.1; WOW64; Trident/7.0; rv:11.0) like Gecko"
193.194.132.29 - - [11/Jul/2018:11:34:29 +0200] "POST /axjaxrequest?mode=suggest HTTP/1.1" 200 129 "http://renault.2web.at/account" "Mozilla/5.0 (Windows NT 6.1; WOW64; Trident/7.0; rv:11.0) like Gecko"
199.19.249.196 - - [11/Jul/2018:11:34:30 +0200] "GET /result?searchterm=true&search=Rga HTTP/1.1" 302 157 "-" "Mozilla/5.0 (Windows NT 6.1; WOW64; Trident/7.0; rv:11.0) like Gecko"
199.19.249.196 - - [11/Jul/2018:11:34:32 +0200] "GET /login?required=true HTTP/1.1" 200 7182 "-" "Mozilla/5.0 (Windows NT 6.1; WOW64; Trident/7.0; rv:11.0) like Gecko"
193.194.132.29 - - [11/Jul/2018:11:34:33 +0200] "GET /result?searchterm=true&search=Rga HTTP/1.1" 200 8706 "http://renault.2web.at/account" "Mozilla/5.0 (Windows NT 6.1; WOW64; Trident/7.0; rv:11.0) like Gecko"
193.194.132.29 - - [11/Jul/2018:11:34:36 +0200] "GET /loadthumbnail.php?id=11431080&width=113 HTTP/1.1" 200 3991 "http://renault.2web.at/result?searchterm=true&search=Rga" "Mozilla/5.0 (Windows NT 6.1; WOW64; Trident/7.0; rv:11.0) like Gecko"
193.194.132.29 - - [11/Jul/2018:11:34:36 +0200] "GET /loadthumbnail.php?id=10460287&width=113 HTTP/1.1" 200 2135 "http://renault.2web.at/result?searchterm=true&search=Rga" "Mozilla/5.0 (Windows NT 6.1; WOW64; Trident/7.0; rv:11.0) like Gecko"
193.194.132.29 - - [11/Jul/2018:11:34:36 +0200] "GET /loadthumbnail.php?id=10203255 HTTP/1.1" 200 137 "http://renault.2web.at/result?searchterm=true&search=Rga" "Mozilla/5.0 (Windows NT 6.1; WOW64; Trident/7.0; rv:11.0) like Gecko"
193.194.132.29 - - [11/Jul/2018:11:34:36 +0200] "GET /loadthumbnail.php?id=11108158&width=113 HTTP/1.1" 200 1545 "http://renault.2web.at/result?searchterm=true&search=Rga" "Mozilla/5.0 (Windows NT 6.1; WOW64; Trident/7.0; rv:11.0) like Gecko"
193.194.132.29 - - [11/Jul/2018:11:34:36 +0200] "GET /loadthumbnail.php?id=10269569&width=113 HTTP/1.1" 200 1309 "http://renault.2web.at/result?searchterm=true&search=Rga" "Mozilla/5.0 (Windows NT 6.1; WOW64; Trident/7.0; rv:11.0) like Gecko"
193.194.132.29 - - [11/Jul/2018:11:34:36 +0200] "GET /loadthumbnail.php?id=10269567&width=113 HTTP/1.1" 200 1590 "http://renault.2web.at/result?searchterm=true&search=Rga" "Mozilla/5.0 (Windows NT 6.1; WOW64; Trident/7.0; rv:11.0) like Gecko"
193.194.132.29 - - [11/Jul/2018:11:34:36 +0200] "GET /loadthumbnail.php?id=11721290&width=113 HTTP/1.1" 200 1179 "http://renault.2web.at/result?searchterm=true&search=Rga" "Mozilla/5.0 (Windows NT 6.1; WOW64; Trident/7.0; rv:11.0) like Gecko"
80.120.5.131 - - [11/Jul/2018:11:34:53 +0200] "GET /reload?ser=1531301693884 HTTP/1.1" 200 2 "http://renault.activities.at/success" "Mozilla/5.0 (Windows NT 10.0; WOW64; Trident/7.0; rv:11.0) like Gecko"
193.194.132.28 - - [11/Jul/2018:11:34:55 +0200] "GET /reload?ser=1531301683639 HTTP/1.1" 200 28 "http://renault.2web.at/account?loadrequest=true" "Mozilla/5.0 (Windows NT 6.1; WOW64; Trident/7.0; rv:11.0) like Gecko"
80.122.35.214 - - [11/Jul/2018:11:35:18 +0200] "GET /login HTTP/1.1" 200 2095 "-" "Mozilla/5.0 (compatible; MSIE 10.0; Windows NT 6.1; WOW64; Trident/6.0)"
80.122.35.214 - - [11/Jul/2018:11:35:19 +0200] "GET /js/default.js HTTP/1.1" 304 - "http://renault.2web.at/login" "Mozilla/5.0 (compatible; MSIE 10.0; Windows NT 6.1; WOW64; Trident/6.0)"
80.122.35.214 - - [11/Jul/2018:11:35:19 +0200] "GET /js/index.php?c=auto&f=,prototype/prototype.js,prototype/validation.js,scriptaculous/builder.js,scriptaculous/effects.js,scriptaculous/dragdrop.js,scriptaculous/controls.js,scriptaculous/slider.js,varien/js.js,varien/form.js,varien/menu.js,mage/translate.js,mage/cookies.js,varien/product.js,spinner/SpinnerControl.jsmin.js,prototype/window.js,prototype/window_ext.js HTTP/1.1" 304 - "http://renault.2web.at/login" "Mozilla/5.0 (compatible; MSIE 10.0; Windows NT 6.1; WOW64; Trident/6.0)"
80.122.35.214 - - [11/Jul/2018:11:35:19 +0200] "GET /css/styles.css HTTP/1.1" 304 - "http://renault.2web.at/login" "Mozilla/5.0 (compatible; MSIE 10.0; Windows NT 6.1; WOW64; Trident/6.0)"
80.122.35.214 - - [11/Jul/2018:11:35:19 +0200] "GET /css/clears.css HTTP/1.1" 304 - "http://renault.2web.at/login" "Mozilla/5.0 (compatible; MSIE 10.0; Windows NT 6.1; WOW64; Trident/6.0)"
80.122.35.214 - - [11/Jul/2018:11:35:19 +0200] "GET /css/print.css HTTP/1.1" 304 - "http://renault.2web.at/login" "Mozilla/5.0 (compatible; MSIE 10.0; Windows NT 6.1; WOW64; Trident/6.0)"
80.122.35.214 - - [11/Jul/2018:11:35:19 +0200] "GET /images/header_block_corner_left_top.gif HTTP/1.1" 200 160 "http://renault.2web.at/login" "Mozilla/5.0 (compatible; MSIE 10.0; Windows NT 6.1; WOW64; Trident/6.0)"
80.122.35.214 - - [11/Jul/2018:11:35:19 +0200] "GET /images/header_block_border.gif HTTP/1.1" 200 43 "http://renault.2web.at/login" "Mozilla/5.0 (compatible; MSIE 10.0; Windows NT 6.1; WOW64; Trident/6.0)"
80.122.35.214 - - [11/Jul/2018:11:35:19 +0200] "GET /images/header_block_corner_right_top.gif HTTP/1.1" 200 160 "http://renault.2web.at/login" "Mozilla/5.0 (compatible; MSIE 10.0; Windows NT 6.1; WOW64; Trident/6.0)"
80.122.35.214 - - [11/Jul/2018:11:35:19 +0200] "GET /images/main_block_corner_left_top.gif HTTP/1.1" 200 159 "http://renault.2web.at/login" "Mozilla/5.0 (compatible; MSIE 10.0; Windows NT 6.1; WOW64; Trident/6.0)"
80.122.35.214 - - [11/Jul/2018:11:35:19 +0200] "GET /images/main_block_border.gif HTTP/1.1" 200 43 "http://renault.2web.at/login" "Mozilla/5.0 (compatible; MSIE 10.0; Windows NT 6.1; WOW64; Trident/6.0)"
80.122.35.214 - - [11/Jul/2018:11:35:19 +0200] "GET /images/main_block_corner_right_top.gif HTTP/1.1" 200 159 "http://renault.2web.at/login" "Mozilla/5.0 (compatible; MSIE 10.0; Windows NT 6.1; WOW64; Trident/6.0)"
80.122.35.214 - - [11/Jul/2018:11:35:19 +0200] "GET /images/main_block_corner_left_bot.gif HTTP/1.1" 200 159 "http://renault.2web.at/login" "Mozilla/5.0 (compatible; MSIE 10.0; Windows NT 6.1; WOW64; Trident/6.0)"
80.122.35.214 - - [11/Jul/2018:11:35:19 +0200] "GET /images/main_block_corner_right_bot.gif HTTP/1.1" 200 158 "http://renault.2web.at/login" "Mozilla/5.0 (compatible; MSIE 10.0; Windows NT 6.1; WOW64; Trident/6.0)"
80.122.35.214 - - [11/Jul/2018:11:35:19 +0200] "GET /images/title_border.jpg HTTP/1.1" 200 304 "http://renault.2web.at/login" "Mozilla/5.0 (compatible; MSIE 10.0; Windows NT 6.1; WOW64; Trident/6.0)"
80.122.35.214 - - [11/Jul/2018:11:35:19 +0200] "GET /images/title_border_top.jpg HTTP/1.1" 200 336 "http://renault.2web.at/login" "Mozilla/5.0 (compatible; MSIE 10.0; Windows NT 6.1; WOW64; Trident/6.0)"
80.122.35.214 - - [11/Jul/2018:11:35:19 +0200] "GET /images/title_corner_left_top.jpg HTTP/1.1" 200 372 "http://renault.2web.at/login" "Mozilla/5.0 (compatible; MSIE 10.0; Windows NT 6.1; WOW64; Trident/6.0)"
80.122.35.214 - - [11/Jul/2018:11:35:19 +0200] "GET /images/title_corner_right_top.jpg HTTP/1.1" 200 389 "http://renault.2web.at/login" "Mozilla/5.0 (compatible; MSIE 10.0; Windows NT 6.1; WOW64; Trident/6.0)"
80.122.35.214 - - [11/Jul/2018:11:35:19 +0200] "GET /images/button_left_bg.gif HTTP/1.1" 200 564 "http://renault.2web.at/login" "Mozilla/5.0 (compatible; MSIE 10.0; Windows NT 6.1; WOW64; Trident/6.0)"
80.122.35.214 - - [11/Jul/2018:11:35:19 +0200] "GET /images/button_right_bg.gif HTTP/1.1" 200 561 "http://renault.2web.at/login" "Mozilla/5.0 (compatible; MSIE 10.0; Windows NT 6.1; WOW64; Trident/6.0)"
80.122.35.214 - - [11/Jul/2018:11:35:19 +0200] "GET /images/button_bg.gif HTTP/1.1" 200 151 "http://renault.2web.at/login" "Mozilla/5.0 (compatible; MSIE 10.0; Windows NT 6.1; WOW64; Trident/6.0)"
80.122.35.214 - - [11/Jul/2018:11:35:19 +0200] "GET /loadthumbnail.php?id=11127982 HTTP/1.1" 200 399614 "http://renault.2web.at/login" "Mozilla/5.0 (compatible; MSIE 10.0; Windows NT 6.1; WOW64; Trident/6.0)"
80.122.35.214 - - [11/Jul/2018:11:35:19 +0200] "GET /images/favicon.ico HTTP/1.1" 404 300 "-" "Mozilla/5.0 (compatible; MSIE 10.0; Windows NT 6.1; WOW64; Trident/6.0)"
212.152.246.131 - - [11/Jul/2018:11:35:18 +0200] "POST /docheckout HTTP/1.1" 200 68 "http://renault.activities.at/checkout" "Mozilla/5.0 (Windows NT 6.1; WOW64; Trident/7.0; rv:11.0) like Gecko"
212.152.246.131 - - [11/Jul/2018:11:35:19 +0200] "GET /reload?ser=1531301719539 HTTP/1.1" 200 28 "http://renault.activities.at/checkout" "Mozilla/5.0 (Windows NT 6.1; WOW64; Trident/7.0; rv:11.0) like Gecko"
212.152.246.131 - - [11/Jul/2018:11:35:22 +0200] "GET /success HTTP/1.1" 200 3931 "http://renault.activities.at/checkout" "Mozilla/5.0 (Windows NT 6.1; WOW64; Trident/7.0; rv:11.0) like Gecko"
212.152.246.131 - - [11/Jul/2018:11:35:29 +0200] "GET /11840703?print=true HTTP/1.1" 200 2340 "-" "Mozilla/5.0 (Windows NT 6.1; WOW64; Trident/7.0; rv:11.0) like Gecko"
193.194.132.29 - - [11/Jul/2018:11:35:36 +0200] "GET /reload?ser=1531301736671 HTTP/1.1" 200 28 "http://renault.2web.at/result?searchterm=true&search=Rga" "Mozilla/5.0 (Windows NT 6.1; WOW64; Trident/7.0; rv:11.0) like Gecko"
212.152.246.131 - - [11/Jul/2018:11:35:47 +0200] "GET /logout HTTP/1.1" 302 140 "http://renault.activities.at/success" "Mozilla/5.0 (Windows NT 6.1; WOW64; Trident/7.0; rv:11.0) like Gecko"
212.152.246.131 - - [11/Jul/2018:11:35:48 +0200] "GET /logout HTTP/1.1" 200 1583 "http://renault.activities.at/success" "Mozilla/5.0 (Windows NT 6.1; WOW64; Trident/7.0; rv:11.0) like Gecko"
212.152.246.131 - - [11/Jul/2018:11:35:54 +0200] "GET / HTTP/1.1" 200 3710 "http://renault.activities.at/logout" "Mozilla/5.0 (Windows NT 6.1; WOW64; Trident/7.0; rv:11.0) like Gecko"
80.120.5.131 - - [11/Jul/2018:11:35:54 +0200] "GET /reload?ser=1531301754854 HTTP/1.1" 200 2 "http://renault.activities.at/success" "Mozilla/5.0 (Windows NT 10.0; WOW64; Trident/7.0; rv:11.0) like Gecko"
193.194.132.28 - - [11/Jul/2018:11:35:57 +0200] "GET /reload?ser=1531301756949 HTTP/1.1" 200 28 "http://renault.2web.at/account?loadrequest=true" "Mozilla/5.0 (Windows NT 6.1; WOW64; Trident/7.0; rv:11.0) like Gecko"
80.122.35.214 - - [11/Jul/2018:11:36:13 +0200] "POST /login HTTP/1.1" 302 137 "http://renault.2web.at/login" "Mozilla/5.0 (compatible; MSIE 10.0; Windows NT 6.1; WOW64; Trident/6.0)"
80.122.35.214 - - [11/Jul/2018:11:36:15 +0200] "GET /account HTTP/1.1" 200 5993 "http://renault.2web.at/login" "Mozilla/5.0 (compatible; MSIE 10.0; Windows NT 6.1; WOW64; Trident/6.0)"
80.122.35.214 - - [11/Jul/2018:11:36:18 +0200] "GET /js/index.php?c=auto&f=,prototype/prototype.js,prototype/validation.js,scriptaculous/builder.js,scriptaculous/effects.js,scriptaculous/dragdrop.js,scriptaculous/controls.js,scriptaculous/slider.js,varien/js.js,varien/form.js,varien/menu.js,mage/translate.js,mage/cookies.js,varien/product.js,spinner/SpinnerControl.jsmin.js,prototype/window.js,prototype/window_ext.js HTTP/1.1" 304 - "http://renault.2web.at/account" "Mozilla/5.0 (compatible; MSIE 10.0; Windows NT 6.1; WOW64; Trident/6.0)"
80.122.35.214 - - [11/Jul/2018:11:36:18 +0200] "GET /images/nav_divider.gif HTTP/1.1" 200 43 "http://renault.2web.at/account" "Mozilla/5.0 (compatible; MSIE 10.0; Windows NT 6.1; WOW64; Trident/6.0)"
80.122.35.214 - - [11/Jul/2018:11:36:18 +0200] "GET /images/search_bg.gif HTTP/1.1" 200 1726 "http://renault.2web.at/account" "Mozilla/5.0 (compatible; MSIE 10.0; Windows NT 6.1; WOW64; Trident/6.0)"
80.122.35.214 - - [11/Jul/2018:11:36:18 +0200] "GET /images/menu_button_bg.jpg HTTP/1.1" 200 322 "http://renault.2web.at/account" "Mozilla/5.0 (compatible; MSIE 10.0; Windows NT 6.1; WOW64; Trident/6.0)"
80.122.35.214 - - [11/Jul/2018:11:36:18 +0200] "GET /images/sidebar_title_corner_left_top.gif HTTP/1.1" 200 1124 "http://renault.2web.at/account" "Mozilla/5.0 (compatible; MSIE 10.0; Windows NT 6.1; WOW64; Trident/6.0)"
80.122.35.214 - - [11/Jul/2018:11:36:18 +0200] "GET /images/sidebar_title_border_top.gif HTTP/1.1" 200 155 "http://renault.2web.at/account" "Mozilla/5.0 (compatible; MSIE 10.0; Windows NT 6.1; WOW64; Trident/6.0)"
80.122.35.214 - - [11/Jul/2018:11:36:18 +0200] "GET /images/sidebar_title_border.gif HTTP/1.1" 200 43 "http://renault.2web.at/account" "Mozilla/5.0 (compatible; MSIE 10.0; Windows NT 6.1; WOW64; Trident/6.0)"
80.122.35.214 - - [11/Jul/2018:11:36:18 +0200] "GET /images/menu_divider.gif HTTP/1.1" 200 176 "http://renault.2web.at/account" "Mozilla/5.0 (compatible; MSIE 10.0; Windows NT 6.1; WOW64; Trident/6.0)"
80.122.35.214 - - [11/Jul/2018:11:36:18 +0200] "GET /images/top_links_divider.gif HTTP/1.1" 200 44 "http://renault.2web.at/account" "Mozilla/5.0 (compatible; MSIE 10.0; Windows NT 6.1; WOW64; Trident/6.0)"
80.122.35.214 - - [11/Jul/2018:11:36:18 +0200] "GET /images/sidebar_title_corner_right_top.gif HTTP/1.1" 200 383 "http://renault.2web.at/account" "Mozilla/5.0 (compatible; MSIE 10.0; Windows NT 6.1; WOW64; Trident/6.0)"
80.122.35.214 - - [11/Jul/2018:11:36:18 +0200] "GET /images/footer_divider.gif HTTP/1.1" 200 44 "http://renault.2web.at/account" "Mozilla/5.0 (compatible; MSIE 10.0; Windows NT 6.1; WOW64; Trident/6.0)"
80.122.35.214 - - [11/Jul/2018:11:36:18 +0200] "GET /loadthumbnail.php?id=11524355&width=50&height=50 HTTP/1.1" 200 1188 "http://renault.2web.at/account" "Mozilla/5.0 (compatible; MSIE 10.0; Windows NT 6.1; WOW64; Trident/6.0)"
80.122.35.214 - - [11/Jul/2018:11:36:18 +0200] "GET /loadthumbnail.php?id=11711045&width=50&height=50 HTTP/1.1" 200 1132 "http://renault.2web.at/account" "Mozilla/5.0 (compatible; MSIE 10.0; Windows NT 6.1; WOW64; Trident/6.0)"
80.122.35.214 - - [11/Jul/2018:11:36:18 +0200] "GET /images/favicon.ico HTTP/1.1" 404 300 "-" "Mozilla/5.0 (compatible; MSIE 10.0; Windows NT 6.1; WOW64; Trident/6.0)"
193.194.132.29 - - [11/Jul/2018:11:36:38 +0200] "GET /reload?ser=1531301797938 HTTP/1.1" 200 28 "http://renault.2web.at/result?searchterm=true&search=Rga" "Mozilla/5.0 (Windows NT 6.1; WOW64; Trident/7.0; rv:11.0) like Gecko"
193.194.132.29 - - [11/Jul/2018:11:36:41 +0200] "GET /images/vista-dn-hover.gif HTTP/1.1" 200 127 "http://renault.2web.at/result?searchterm=true&search=Rga" "Mozilla/5.0 (Windows NT 6.1; WOW64; Trident/7.0; rv:11.0) like Gecko"
80.122.35.214 - - [11/Jul/2018:11:36:43 +0200] "POST /axjaxrequest?mode=suggest HTTP/1.1" 200 211 "http://renault.2web.at/account" "Mozilla/5.0 (compatible; MSIE 10.0; Windows NT 6.1; WOW64; Trident/6.0)"
193.194.132.29 - - [11/Jul/2018:11:36:42 +0200] "POST /result?searchterm=true&search=Rga HTTP/1.1" 200 8892 "http://renault.2web.at/result?searchterm=true&search=Rga" "Mozilla/5.0 (Windows NT 6.1; WOW64; Trident/7.0; rv:11.0) like Gecko"
80.122.35.214 - - [11/Jul/2018:11:36:44 +0200] "POST /axjaxrequest?mode=suggest HTTP/1.1" 200 193 "http://renault.2web.at/account" "Mozilla/5.0 (compatible; MSIE 10.0; Windows NT 6.1; WOW64; Trident/6.0)"
193.194.132.29 - - [11/Jul/2018:11:36:46 +0200] "GET /images/success_msg_icon.gif HTTP/1.1" 200 1024 "http://renault.2web.at/result?searchterm=true&search=Rga" "Mozilla/5.0 (Windows NT 6.1; WOW64; Trident/7.0; rv:11.0) like Gecko"
80.122.35.214 - - [11/Jul/2018:11:36:45 +0200] "POST /axjaxrequest?mode=suggest HTTP/1.1" 200 193 "http://renault.2web.at/account" "Mozilla/5.0 (compatible; MSIE 10.0; Windows NT 6.1; WOW64; Trident/6.0)"
80.122.35.214 - - [11/Jul/2018:11:36:45 +0200] "POST /axjaxrequest?mode=suggest HTTP/1.1" 200 21 "http://renault.2web.at/account" "Mozilla/5.0 (compatible; MSIE 10.0; Windows NT 6.1; WOW64; Trident/6.0)"
80.122.35.214 - - [11/Jul/2018:11:36:47 +0200] "GET /result?searchterm=true&search=brosch%FCre+sandero HTTP/1.1" 200 6087 "http://renault.2web.at/account" "Mozilla/5.0 (compatible; MSIE 10.0; Windows NT 6.1; WOW64; Trident/6.0)"
80.122.35.214 - - [11/Jul/2018:11:36:50 +0200] "GET /js/index.php?c=auto&f=,prototype/prototype.js,prototype/validation.js,scriptaculous/builder.js,scriptaculous/effects.js,scriptaculous/dragdrop.js,scriptaculous/controls.js,scriptaculous/slider.js,varien/js.js,varien/form.js,varien/menu.js,mage/translate.js,mage/cookies.js,varien/product.js,spinner/SpinnerControl.jsmin.js,prototype/window.js,prototype/window_ext.js HTTP/1.1" 304 - "http://renault.2web.at/result?searchterm=true&search=brosch%FCre+sandero" "Mozilla/5.0 (compatible; MSIE 10.0; Windows NT 6.1; WOW64; Trident/6.0)"
80.122.35.214 - - [11/Jul/2018:11:36:50 +0200] "GET /js/prototip.js HTTP/1.1" 304 - "http://renault.2web.at/result?searchterm=true&search=brosch%FCre+sandero" "Mozilla/5.0 (compatible; MSIE 10.0; Windows NT 6.1; WOW64; Trident/6.0)"
80.122.35.214 - - [11/Jul/2018:11:36:50 +0200] "GET /js/ProduktGrp.js HTTP/1.1" 304 - "http://renault.2web.at/result?searchterm=true&search=brosch%FCre+sandero" "Mozilla/5.0 (compatible; MSIE 10.0; Windows NT 6.1; WOW64; Trident/6.0)"
80.122.35.214 - - [11/Jul/2018:11:36:50 +0200] "GET /images/loading.gif HTTP/1.1" 200 3208 "http://renault.2web.at/result?searchterm=true&search=brosch%FCre+sandero" "Mozilla/5.0 (compatible; MSIE 10.0; Windows NT 6.1; WOW64; Trident/6.0)"
80.122.35.214 - - [11/Jul/2018:11:36:50 +0200] "GET /images/pager_bg.gif HTTP/1.1" 200 150 "http://renault.2web.at/result?searchterm=true&search=brosch%FCre+sandero" "Mozilla/5.0 (compatible; MSIE 10.0; Windows NT 6.1; WOW64; Trident/6.0)"
80.122.35.214 - - [11/Jul/2018:11:36:50 +0200] "GET /images/vista-up.gif HTTP/1.1" 200 131 "http://renault.2web.at/result?searchterm=true&search=brosch%FCre+sandero" "Mozilla/5.0 (compatible; MSIE 10.0; Windows NT 6.1; WOW64; Trident/6.0)"
80.122.35.214 - - [11/Jul/2018:11:36:50 +0200] "GET /images/vista-dn.gif HTTP/1.1" 200 128 "http://renault.2web.at/result?searchterm=true&search=brosch%FCre+sandero" "Mozilla/5.0 (compatible; MSIE 10.0; Windows NT 6.1; WOW64; Trident/6.0)"
80.122.35.214 - - [11/Jul/2018:11:36:50 +0200] "GET /js/PIE/PIE.htc HTTP/1.1" 200 41041 "-" "Mozilla/5.0 (compatible; MSIE 10.0; Windows NT 6.1; WOW64; Trident/6.0)"
80.122.35.214 - - [11/Jul/2018:11:36:50 +0200] "GET /images/validation_advice_bg.gif HTTP/1.1" 200 134 "http://renault.2web.at/result?searchterm=true&search=brosch%FCre+sandero" "Mozilla/5.0 (compatible; MSIE 10.0; Windows NT 6.1; WOW64; Trident/6.0)"
80.122.35.214 - - [11/Jul/2018:11:36:50 +0200] "GET /loadthumbnail.php?id=11361093&width=113 HTTP/1.1" 200 21857 "http://renault.2web.at/result?searchterm=true&search=brosch%FCre+sandero" "Mozilla/5.0 (compatible; MSIE 10.0; Windows NT 6.1; WOW64; Trident/6.0)"
80.122.35.214 - - [11/Jul/2018:11:36:50 +0200] "GET /loadthumbnail.php?id=10203255 HTTP/1.1" 200 137 "http://renault.2web.at/result?searchterm=true&search=brosch%FCre+sandero" "Mozilla/5.0 (compatible; MSIE 10.0; Windows NT 6.1; WOW64; Trident/6.0)"
80.122.35.214 - - [11/Jul/2018:11:36:50 +0200] "GET /loadthumbnail.php?id=11798476&width=113 HTTP/1.1" 200 2525 "http://renault.2web.at/result?searchterm=true&search=brosch%FCre+sandero" "Mozilla/5.0 (compatible; MSIE 10.0; Windows NT 6.1; WOW64; Trident/6.0)"
193.194.132.29 - - [11/Jul/2018:11:36:47 +0200] "POST /result?searchterm=true&search=Rga HTTP/1.1" 200 8892 "http://renault.2web.at/result?searchterm=true&search=Rga" "Mozilla/5.0 (Windows NT 6.1; WOW64; Trident/7.0; rv:11.0) like Gecko"
80.122.35.214 - - [11/Jul/2018:11:36:47 +0200] "POST /axjaxrequest?mode=suggest HTTP/1.1" 200 21 "http://renault.2web.at/account" "Mozilla/5.0 (compatible; MSIE 10.0; Windows NT 6.1; WOW64; Trident/6.0)"
80.122.35.214 - - [11/Jul/2018:11:36:52 +0200] "GET /images/vista-up-hover.gif HTTP/1.1" 200 130 "http://renault.2web.at/result?searchterm=true&search=brosch%FCre+sandero" "Mozilla/5.0 (compatible; MSIE 10.0; Windows NT 6.1; WOW64; Trident/6.0)"
212.152.246.131 - - [11/Jul/2018:11:36:55 +0200] "GET /reload?ser=1531301815438 HTTP/1.1" 200 28 "http://renault.activities.at/" "Mozilla/5.0 (Windows NT 6.1; WOW64; Trident/7.0; rv:11.0) like Gecko"
80.120.5.131 - - [11/Jul/2018:11:36:55 +0200] "GET /reload?ser=1531301815767 HTTP/1.1" 200 2 "http://renault.activities.at/success" "Mozilla/5.0 (Windows NT 10.0; WOW64; Trident/7.0; rv:11.0) like Gecko"
193.194.132.28 - - [11/Jul/2018:11:36:58 +0200] "GET /reload?ser=1531301818144 HTTP/1.1" 200 28 "http://renault.2web.at/account?loadrequest=true" "Mozilla/5.0 (Windows NT 6.1; WOW64; Trident/7.0; rv:11.0) like Gecko"
80.122.35.214 - - [11/Jul/2018:11:37:01 +0200] "POST /result?searchterm=true&search=brosch%FCre+sandero HTTP/1.1" 200 6276 "http://renault.2web.at/result?searchterm=true&search=brosch%FCre+sandero" "Mozilla/5.0 (compatible; MSIE 10.0; Windows NT 6.1; WOW64; Trident/6.0)"
80.122.35.214 - - [11/Jul/2018:11:37:04 +0200] "GET /js/index.php?c=auto&f=,prototype/prototype.js,prototype/validation.js,scriptaculous/builder.js,scriptaculous/effects.js,scriptaculous/dragdrop.js,scriptaculous/controls.js,scriptaculous/slider.js,varien/js.js,varien/form.js,varien/menu.js,mage/translate.js,mage/cookies.js,varien/product.js,spinner/SpinnerControl.jsmin.js,prototype/window.js,prototype/window_ext.js HTTP/1.1" 304 - "http://renault.2web.at/result?searchterm=true&search=brosch%FCre+sandero" "Mozilla/5.0 (compatible; MSIE 10.0; Windows NT 6.1; WOW64; Trident/6.0)"
80.122.35.214 - - [11/Jul/2018:11:37:04 +0200] "GET /images/success_msg_icon.gif HTTP/1.1" 200 1024 "http://renault.2web.at/result?searchterm=true&search=brosch%FCre+sandero" "Mozilla/5.0 (compatible; MSIE 10.0; Windows NT 6.1; WOW64; Trident/6.0)"
80.122.35.214 - - [11/Jul/2018:11:37:04 +0200] "GET /js/PIE/PIE.htc HTTP/1.1" 206 32849 "-" "Mozilla/5.0 (compatible; MSIE 10.0; Windows NT 6.1; WOW64; Trident/6.0)"
80.122.35.214 - - [11/Jul/2018:11:37:16 +0200] "POST /axjaxrequest?mode=suggest HTTP/1.1" 200 21 "http://renault.2web.at/result?searchterm=true&search=brosch%FCre+sandero" "Mozilla/5.0 (compatible; MSIE 10.0; Windows NT 6.1; WOW64; Trident/6.0)"
199.19.249.196 - - [11/Jul/2018:11:37:17 +0200] "GET /cart HTTP/1.1" 200 6146 "-" "Mozilla/5.0 (Windows NT 6.1; WOW64; Trident/7.0; rv:11.0) like Gecko"
80.122.35.214 - - [11/Jul/2018:11:37:17 +0200] "POST /axjaxrequest?mode=suggest HTTP/1.1" 200 21 "http://renault.2web.at/result?searchterm=true&search=brosch%FCre+sandero" "Mozilla/5.0 (compatible; MSIE 10.0; Windows NT 6.1; WOW64; Trident/6.0)"
80.122.35.214 - - [11/Jul/2018:11:37:17 +0200] "POST /axjaxrequest?mode=suggest HTTP/1.1" 200 21 "http://renault.2web.at/result?searchterm=true&search=brosch%FCre+sandero" "Mozilla/5.0 (compatible; MSIE 10.0; Windows NT 6.1; WOW64; Trident/6.0)"
193.194.132.29 - - [11/Jul/2018:11:37:18 +0200] "GET /cart HTTP/1.1" 200 7265 "http://renault.2web.at/result?searchterm=true&search=Rga" "Mozilla/5.0 (Windows NT 6.1; WOW64; Trident/7.0; rv:11.0) like Gecko"
80.122.35.214 - - [11/Jul/2018:11:37:17 +0200] "GET /result?searchterm=true&search=brosch%FCre+lodgy HTTP/1.1" 200 6174 "http://renault.2web.at/result?searchterm=true&search=brosch%FCre+sandero" "Mozilla/5.0 (compatible; MSIE 10.0; Windows NT 6.1; WOW64; Trident/6.0)"
80.122.35.214 - - [11/Jul/2018:11:37:21 +0200] "GET /js/index.php?c=auto&f=,prototype/prototype.js,prototype/validation.js,scriptaculous/builder.js,scriptaculous/effects.js,scriptaculous/dragdrop.js,scriptaculous/controls.js,scriptaculous/slider.js,varien/js.js,varien/form.js,varien/menu.js,mage/translate.js,mage/cookies.js,varien/product.js,spinner/SpinnerControl.jsmin.js,prototype/window.js,prototype/window_ext.js HTTP/1.1" 304 - "http://renault.2web.at/result?searchterm=true&search=brosch%FCre+lodgy" "Mozilla/5.0 (compatible; MSIE 10.0; Windows NT 6.1; WOW64; Trident/6.0)"
80.122.35.214 - - [11/Jul/2018:11:37:21 +0200] "GET /js/PIE/PIE.htc HTTP/1.1" 206 32849 "-" "Mozilla/5.0 (compatible; MSIE 10.0; Windows NT 6.1; WOW64; Trident/6.0)"
80.122.35.214 - - [11/Jul/2018:11:37:21 +0200] "GET /loadthumbnail.php?id=11819635&width=113 HTTP/1.1" 200 3087 "http://renault.2web.at/result?searchterm=true&search=brosch%FCre+lodgy" "Mozilla/5.0 (compatible; MSIE 10.0; Windows NT 6.1; WOW64; Trident/6.0)"
80.122.35.214 - - [11/Jul/2018:11:37:21 +0200] "GET /loadthumbnail.php?id=11645083&width=113 HTTP/1.1" 200 20489 "http://renault.2web.at/result?searchterm=true&search=brosch%FCre+lodgy" "Mozilla/5.0 (compatible; MSIE 10.0; Windows NT 6.1; WOW64; Trident/6.0)"
193.194.132.29 - - [11/Jul/2018:11:37:21 +0200] "GET /loadthumbnail.php?id=10232009&width=16&height=16 HTTP/1.1" 200 700 "http://renault.2web.at/cart" "Mozilla/5.0 (Windows NT 6.1; WOW64; Trident/7.0; rv:11.0) like Gecko"
193.194.132.29 - - [11/Jul/2018:11:37:21 +0200] "GET /loadthumbnail.php?id=10460287&width=100 HTTP/1.1" 200 1912 "http://renault.2web.at/cart" "Mozilla/5.0 (Windows NT 6.1; WOW64; Trident/7.0; rv:11.0) like Gecko"
193.194.132.29 - - [11/Jul/2018:11:37:21 +0200] "GET /loadthumbnail.php?id=11431080&width=100 HTTP/1.1" 200 3366 "http://renault.2web.at/cart" "Mozilla/5.0 (Windows NT 6.1; WOW64; Trident/7.0; rv:11.0) like Gecko"
80.122.35.214 - - [11/Jul/2018:11:37:23 +0200] "GET /images/vista-dn-hover.gif HTTP/1.1" 200 127 "http://renault.2web.at/result?searchterm=true&search=brosch%FCre+lodgy" "Mozilla/5.0 (compatible; MSIE 10.0; Windows NT 6.1; WOW64; Trident/6.0)"
199.19.249.196 - - [11/Jul/2018:11:37:28 +0200] "GET /checkout HTTP/1.1" 302 157 "-" "Mozilla/5.0 (Windows NT 6.1; WOW64; Trident/7.0; rv:11.0) like Gecko"
199.19.249.196 - - [11/Jul/2018:11:37:29 +0200] "GET /login?required=true HTTP/1.1" 200 7182 "-" "Mozilla/5.0 (Windows NT 6.1; WOW64; Trident/7.0; rv:11.0) like Gecko"
80.122.35.214 - - [11/Jul/2018:11:37:28 +0200] "POST /result?searchterm=true&search=brosch%FCre+lodgy HTTP/1.1" 200 6273 "http://renault.2web.at/result?searchterm=true&search=brosch%FCre+lodgy" "Mozilla/5.0 (compatible; MSIE 10.0; Windows NT 6.1; WOW64; Trident/6.0)"
80.122.35.214 - - [11/Jul/2018:11:37:30 +0200] "GET /js/index.php?c=auto&f=,prototype/prototype.js,prototype/validation.js,scriptaculous/builder.js,scriptaculous/effects.js,scriptaculous/dragdrop.js,scriptaculous/controls.js,scriptaculous/slider.js,varien/js.js,varien/form.js,varien/menu.js,mage/translate.js,mage/cookies.js,varien/product.js,spinner/SpinnerControl.jsmin.js,prototype/window.js,prototype/window_ext.js HTTP/1.1" 304 - "http://renault.2web.at/result?searchterm=true&search=brosch%FCre+lodgy" "Mozilla/5.0 (compatible; MSIE 10.0; Windows NT 6.1; WOW64; Trident/6.0)"
80.122.35.214 - - [11/Jul/2018:11:37:30 +0200] "GET /js/PIE/PIE.htc HTTP/1.1" 206 32849 "-" "Mozilla/5.0 (compatible; MSIE 10.0; Windows NT 6.1; WOW64; Trident/6.0)"
193.194.132.29 - - [11/Jul/2018:11:37:29 +0200] "GET /checkout HTTP/1.1" 200 22054 "http://renault.2web.at/cart" "Mozilla/5.0 (Windows NT 6.1; WOW64; Trident/7.0; rv:11.0) like Gecko"
193.194.132.29 - - [11/Jul/2018:11:37:35 +0200] "GET /images/step_marker.gif HTTP/1.1" 200 650 "http://renault.2web.at/checkout" "Mozilla/5.0 (Windows NT 6.1; WOW64; Trident/7.0; rv:11.0) like Gecko"
193.194.132.29 - - [11/Jul/2018:11:37:35 +0200] "GET /images/step_bg.jpg HTTP/1.1" 200 319 "http://renault.2web.at/checkout" "Mozilla/5.0 (Windows NT 6.1; WOW64; Trident/7.0; rv:11.0) like Gecko"
193.194.132.29 - - [11/Jul/2018:11:37:35 +0200] "GET /loadthumbnail.php?id=10201939 HTTP/1.1" 200 201 "http://renault.2web.at/checkout" "Mozilla/5.0 (Windows NT 6.1; WOW64; Trident/7.0; rv:11.0) like Gecko"
193.194.132.29 - - [11/Jul/2018:11:37:35 +0200] "GET /images/checkout_border.gif HTTP/1.1" 200 43 "http://renault.2web.at/checkout" "Mozilla/5.0 (Windows NT 6.1; WOW64; Trident/7.0; rv:11.0) like Gecko"
193.194.132.29 - - [11/Jul/2018:11:37:35 +0200] "GET /images/checkout_border_top.gif HTTP/1.1" 200 156 "http://renault.2web.at/checkout" "Mozilla/5.0 (Windows NT 6.1; WOW64; Trident/7.0; rv:11.0) like Gecko"
193.194.132.29 - - [11/Jul/2018:11:37:35 +0200] "GET /loadthumbnail.php?id=10202698 HTTP/1.1" 200 16686 "http://renault.2web.at/checkout" "Mozilla/5.0 (Windows NT 6.1; WOW64; Trident/7.0; rv:11.0) like Gecko"
80.122.35.214 - - [11/Jul/2018:11:37:37 +0200] "POST /axjaxrequest?mode=suggest HTTP/1.1" 200 21 "http://renault.2web.at/result?searchterm=true&search=brosch%FCre+lodgy" "Mozilla/5.0 (compatible; MSIE 10.0; Windows NT 6.1; WOW64; Trident/6.0)"
80.122.35.214 - - [11/Jul/2018:11:37:38 +0200] "POST /axjaxrequest?mode=suggest HTTP/1.1" 200 21 "http://renault.2web.at/result?searchterm=true&search=brosch%FCre+lodgy" "Mozilla/5.0 (compatible; MSIE 10.0; Windows NT 6.1; WOW64; Trident/6.0)"
80.122.35.214 - - [11/Jul/2018:11:37:39 +0200] "POST /axjaxrequest?mode=suggest HTTP/1.1" 200 21 "http://renault.2web.at/result?searchterm=true&search=brosch%FCre+lodgy" "Mozilla/5.0 (compatible; MSIE 10.0; Windows NT 6.1; WOW64; Trident/6.0)"
80.122.35.214 - - [11/Jul/2018:11:37:39 +0200] "GET /result?searchterm=true&search=brosch%FCre+dokker+van HTTP/1.1" 200 6007 "http://renault.2web.at/result?searchterm=true&search=brosch%FCre+lodgy" "Mozilla/5.0 (compatible; MSIE 10.0; Windows NT 6.1; WOW64; Trident/6.0)"
80.122.35.214 - - [11/Jul/2018:11:37:42 +0200] "GET /js/index.php?c=auto&f=,prototype/prototype.js,prototype/validation.js,scriptaculous/builder.js,scriptaculous/effects.js,scriptaculous/dragdrop.js,scriptaculous/controls.js,scriptaculous/slider.js,varien/js.js,varien/form.js,varien/menu.js,mage/translate.js,mage/cookies.js,varien/product.js,spinner/SpinnerControl.jsmin.js,prototype/window.js,prototype/window_ext.js HTTP/1.1" 304 - "http://renault.2web.at/result?searchterm=true&search=brosch%FCre+dokker+van" "Mozilla/5.0 (compatible; MSIE 10.0; Windows NT 6.1; WOW64; Trident/6.0)"
80.122.35.214 - - [11/Jul/2018:11:37:42 +0200] "GET /js/PIE/PIE.htc HTTP/1.1" 206 32849 "-" "Mozilla/5.0 (compatible; MSIE 10.0; Windows NT 6.1; WOW64; Trident/6.0)"
80.122.35.214 - - [11/Jul/2018:11:37:42 +0200] "GET /loadthumbnail.php?id=11581491&width=113 HTTP/1.1" 200 18478 "http://renault.2web.at/result?searchterm=true&search=brosch%FCre+dokker+van" "Mozilla/5.0 (compatible; MSIE 10.0; Windows NT 6.1; WOW64; Trident/6.0)"
80.122.35.214 - - [11/Jul/2018:11:37:49 +0200] "GET /result?searchterm=true&search=brosch%FCre+dokker HTTP/1.1" 200 6325 "http://renault.2web.at/result?searchterm=true&search=brosch%FCre+dokker+van" "Mozilla/5.0 (compatible; MSIE 10.0; Windows NT 6.1; WOW64; Trident/6.0)"
80.122.35.214 - - [11/Jul/2018:11:37:51 +0200] "GET /js/index.php?c=auto&f=,prototype/prototype.js,prototype/validation.js,scriptaculous/builder.js,scriptaculous/effects.js,scriptaculous/dragdrop.js,scriptaculous/controls.js,scriptaculous/slider.js,varien/js.js,varien/form.js,varien/menu.js,mage/translate.js,mage/cookies.js,varien/product.js,spinner/SpinnerControl.jsmin.js,prototype/window.js,prototype/window_ext.js HTTP/1.1" 304 - "http://renault.2web.at/result?searchterm=true&search=brosch%FCre+dokker" "Mozilla/5.0 (compatible; MSIE 10.0; Windows NT 6.1; WOW64; Trident/6.0)"
80.122.35.214 - - [11/Jul/2018:11:37:51 +0200] "GET /js/PIE/PIE.htc HTTP/1.1" 206 32849 "-" "Mozilla/5.0 (compatible; MSIE 10.0; Windows NT 6.1; WOW64; Trident/6.0)"
80.122.35.214 - - [11/Jul/2018:11:37:51 +0200] "GET /loadthumbnail.php?id=11524431&width=113 HTTP/1.1" 200 2743 "http://renault.2web.at/result?searchterm=true&search=brosch%FCre+dokker" "Mozilla/5.0 (compatible; MSIE 10.0; Windows NT 6.1; WOW64; Trident/6.0)"
80.122.35.214 - - [11/Jul/2018:11:37:51 +0200] "GET /loadthumbnail.php?id=11524355&width=113 HTTP/1.1" 200 2757 "http://renault.2web.at/result?searchterm=true&search=brosch%FCre+dokker" "Mozilla/5.0 (compatible; MSIE 10.0; Windows NT 6.1; WOW64; Trident/6.0)"
212.152.246.131 - - [11/Jul/2018:11:37:56 +0200] "GET /reload?ser=1531301876106 HTTP/1.1" 200 28 "http://renault.activities.at/" "Mozilla/5.0 (Windows NT 6.1; WOW64; Trident/7.0; rv:11.0) like Gecko"
193.194.132.28 - - [11/Jul/2018:11:37:59 +0200] "GET /reload?ser=1531301879418 HTTP/1.1" 200 28 "http://renault.2web.at/account?loadrequest=true" "Mozilla/5.0 (Windows NT 6.1; WOW64; Trident/7.0; rv:11.0) like Gecko"
80.122.35.214 - - [11/Jul/2018:11:37:59 +0200] "POST /result?searchterm=true&search=brosch%FCre+dokker HTTP/1.1" 200 6430 "http://renault.2web.at/result?searchterm=true&search=brosch%FCre+dokker" "Mozilla/5.0 (compatible; MSIE 10.0; Windows NT 6.1; WOW64; Trident/6.0)"
80.122.35.214 - - [11/Jul/2018:11:38:01 +0200] "GET /js/index.php?c=auto&f=,prototype/prototype.js,prototype/validation.js,scriptaculous/builder.js,scriptaculous/effects.js,scriptaculous/dragdrop.js,scriptaculous/controls.js,scriptaculous/slider.js,varien/js.js,varien/form.js,varien/menu.js,mage/translate.js,mage/cookies.js,varien/product.js,spinner/SpinnerControl.jsmin.js,prototype/window.js,prototype/window_ext.js HTTP/1.1" 304 - "http://renault.2web.at/result?searchterm=true&search=brosch%FCre+dokker" "Mozilla/5.0 (compatible; MSIE 10.0; Windows NT 6.1; WOW64; Trident/6.0)"
80.122.35.214 - - [11/Jul/2018:11:38:01 +0200] "GET /js/PIE/PIE.htc HTTP/1.1" 206 32849 "-" "Mozilla/5.0 (compatible; MSIE 10.0; Windows NT 6.1; WOW64; Trident/6.0)"
199.19.249.196 - - [11/Jul/2018:11:38:02 +0200] "GET /docheckout HTTP/1.1" 200 10176 "-" "Mozilla/5.0 (Windows NT 6.1; WOW64; Trident/7.0; rv:11.0) like Gecko"
193.194.132.29 - - [11/Jul/2018:11:38:02 +0200] "POST /docheckout HTTP/1.1" 200 449 "http://renault.2web.at/checkout" "Mozilla/5.0 (Windows NT 6.1; WOW64; Trident/7.0; rv:11.0) like Gecko"
193.194.132.29 - - [11/Jul/2018:11:38:06 +0200] "POST /docheckout HTTP/1.1" 200 604 "http://renault.2web.at/checkout" "Mozilla/5.0 (Windows NT 6.1; WOW64; Trident/7.0; rv:11.0) like Gecko"
80.122.35.214 - - [11/Jul/2018:11:38:08 +0200] "POST /axjaxrequest?mode=suggest HTTP/1.1" 200 21 "http://renault.2web.at/result?searchterm=true&search=brosch%FCre+dokker" "Mozilla/5.0 (compatible; MSIE 10.0; Windows NT 6.1; WOW64; Trident/6.0)"
193.194.132.29 - - [11/Jul/2018:11:38:09 +0200] "POST /docheckout HTTP/1.1" 200 68 "http://renault.2web.at/checkout" "Mozilla/5.0 (Windows NT 6.1; WOW64; Trident/7.0; rv:11.0) like Gecko"
199.19.249.196 - - [11/Jul/2018:11:38:12 +0200] "GET /success HTTP/1.1" 302 142 "-" "Mozilla/5.0 (Windows NT 6.1; WOW64; Trident/7.0; rv:11.0) like Gecko"
199.19.249.196 - - [11/Jul/2018:11:38:13 +0200] "GET /cart HTTP/1.1" 200 6146 "-" "Mozilla/5.0 (Windows NT 6.1; WOW64; Trident/7.0; rv:11.0) like Gecko"
193.194.132.29 - - [11/Jul/2018:11:38:14 +0200] "GET /success HTTP/1.1" 200 5891 "http://renault.2web.at/checkout" "Mozilla/5.0 (Windows NT 6.1; WOW64; Trident/7.0; rv:11.0) like Gecko"
80.122.35.214 - - [11/Jul/2018:11:38:17 +0200] "GET /result?searchterm=true&search=brosch%FCre+duster HTTP/1.1" 200 6157 "http://renault.2web.at/result?searchterm=true&search=brosch%FCre+dokker" "Mozilla/5.0 (compatible; MSIE 10.0; Windows NT 6.1; WOW64; Trident/6.0)"
80.122.35.214 - - [11/Jul/2018:11:38:19 +0200] "GET /js/index.php?c=auto&f=,prototype/prototype.js,prototype/validation.js,scriptaculous/builder.js,scriptaculous/effects.js,scriptaculous/dragdrop.js,scriptaculous/controls.js,scriptaculous/slider.js,varien/js.js,varien/form.js,varien/menu.js,mage/translate.js,mage/cookies.js,varien/product.js,spinner/SpinnerControl.jsmin.js,prototype/window.js,prototype/window_ext.js HTTP/1.1" 304 - "http://renault.2web.at/result?searchterm=true&search=brosch%FCre+duster" "Mozilla/5.0 (compatible; MSIE 10.0; Windows NT 6.1; WOW64; Trident/6.0)"
80.122.35.214 - - [11/Jul/2018:11:38:19 +0200] "GET /js/PIE/PIE.htc HTTP/1.1" 206 32849 "-" "Mozilla/5.0 (compatible; MSIE 10.0; Windows NT 6.1; WOW64; Trident/6.0)"
80.122.35.214 - - [11/Jul/2018:11:38:19 +0200] "GET /loadthumbnail.php?id=11679165&width=113 HTTP/1.1" 200 19398 "http://renault.2web.at/result?searchterm=true&search=brosch%FCre+duster" "Mozilla/5.0 (compatible; MSIE 10.0; Windows NT 6.1; WOW64; Trident/6.0)"
80.122.35.214 - - [11/Jul/2018:11:38:19 +0200] "GET /loadthumbnail.php?id=11711045&width=113 HTTP/1.1" 200 2986 "http://renault.2web.at/result?searchterm=true&search=brosch%FCre+duster" "Mozilla/5.0 (compatible; MSIE 10.0; Windows NT 6.1; WOW64; Trident/6.0)"
80.122.35.214 - - [11/Jul/2018:11:38:38 +0200] "POST /result?searchterm=true&search=brosch%FCre+duster HTTP/1.1" 200 6257 "http://renault.2web.at/result?searchterm=true&search=brosch%FCre+duster" "Mozilla/5.0 (compatible; MSIE 10.0; Windows NT 6.1; WOW64; Trident/6.0)"
80.122.35.214 - - [11/Jul/2018:11:38:40 +0200] "GET /js/index.php?c=auto&f=,prototype/prototype.js,prototype/validation.js,scriptaculous/builder.js,scriptaculous/effects.js,scriptaculous/dragdrop.js,scriptaculous/controls.js,scriptaculous/slider.js,varien/js.js,varien/form.js,varien/menu.js,mage/translate.js,mage/cookies.js,varien/product.js,spinner/SpinnerControl.jsmin.js,prototype/window.js,prototype/window_ext.js HTTP/1.1" 304 - "http://renault.2web.at/result?searchterm=true&search=brosch%FCre+duster" "Mozilla/5.0 (compatible; MSIE 10.0; Windows NT 6.1; WOW64; Trident/6.0)"
80.122.35.214 - - [11/Jul/2018:11:38:41 +0200] "GET /js/PIE/PIE.htc HTTP/1.1" 206 32849 "-" "Mozilla/5.0 (compatible; MSIE 10.0; Windows NT 6.1; WOW64; Trident/6.0)"
80.122.35.214 - - [11/Jul/2018:11:38:46 +0200] "POST /axjaxrequest?mode=suggest HTTP/1.1" 200 404 "http://renault.2web.at/result?searchterm=true&search=brosch%FCre+duster" "Mozilla/5.0 (compatible; MSIE 10.0; Windows NT 6.1; WOW64; Trident/6.0)"
80.122.35.214 - - [11/Jul/2018:11:38:47 +0200] "POST /axjaxrequest?mode=suggest HTTP/1.1" 200 239 "http://renault.2web.at/result?searchterm=true&search=brosch%FCre+duster" "Mozilla/5.0 (compatible; MSIE 10.0; Windows NT 6.1; WOW64; Trident/6.0)"
