80.123.225.34 - - [17/Jul/2018:10:24:05 +0200] "GET /reload?ser=1531815847319 HTTP/1.1" 200 28 "http://renault.activities.at/result?searchterm=true&search=reh5330" "Mozilla/5.0 (Windows NT 6.1; Win64; x64) AppleWebKit/537.36 (KHTML, like Gecko) Chrome/67.0.3396.99 Safari/537.36"
193.194.132.28 - - [17/Jul/2018:10:24:12 +0200] "GET /reload?ser=1531815852681 HTTP/1.1" 200 28 "http://renault.2web.at/account?loadrequest=true" "Mozilla/5.0 (Windows NT 6.1; WOW64; Trident/7.0; rv:11.0) like Gecko"
212.152.158.195 - - [17/Jul/2018:10:24:32 +0200] "GET /reload?ser=1531815953635 HTTP/1.1" 200 28 "http://renault.activities.at/11843800" "Mozilla/5.0 (Windows NT 6.1; WOW64; Trident/7.0; rv:11.0) like Gecko"
80.120.5.131 - - [17/Jul/2018:10:24:59 +0200] "GET /10201637 HTTP/1.1" 302 150 "-" "Mozilla/5.0 (Macintosh; Intel Mac OS X 10_13_5) AppleWebKit/605.1.15 (KHTML, like Gecko)"
80.120.5.131 - - [17/Jul/2018:10:25:02 +0200] "GET /login?required=true HTTP/1.1" 200 2086 "-" "Mozilla/5.0 (Macintosh; Intel Mac OS X 10_13_5) AppleWebKit/605.1.15 (KHTML, like Gecko)"
80.120.5.131 - - [17/Jul/2018:10:25:03 +0200] "GET /apple-touch-icon-precomposed.png HTTP/1.1" 200 1559 "-" "Safari/13605.2.8 CFNetwork/901.1 Darwin/17.6.0 (x86_64)"
80.120.5.131 - - [17/Jul/2018:10:25:04 +0200] "GET /apple-touch-icon.png HTTP/1.1" 200 1559 "-" "Safari/13605.2.8 CFNetwork/901.1 Darwin/17.6.0 (x86_64)"
212.186.86.74 - - [17/Jul/2018:10:25:04 +0200] "GET /reload?ser=1531815098870 HTTP/1.1" 200 28 "http://renault.activities.at/10201442" "Mozilla/5.0 (Windows NT 6.1; WOW64; Trident/7.0; rv:11.0) like Gecko"
80.120.5.131 - - [17/Jul/2018:10:25:05 +0200] "GET /images/favicon.ico HTTP/1.1" 404 305 "-" "Safari/13605.2.8 CFNetwork/901.1 Darwin/17.6.0 (x86_64)"
80.120.5.131 - - [17/Jul/2018:10:25:06 +0200] "GET /images/favicon.ico HTTP/1.1" 404 305 "-" "Safari/13605.2.8 CFNetwork/901.1 Darwin/17.6.0 (x86_64)"
80.120.5.131 - - [17/Jul/2018:10:25:06 +0200] "GET /favicon.ico HTTP/1.1" 200 3250 "-" "Safari/13605.2.8 CFNetwork/901.1 Darwin/17.6.0 (x86_64)"
80.123.225.34 - - [17/Jul/2018:10:25:06 +0200] "GET /reload?ser=1531815908318 HTTP/1.1" 200 28 "http://renault.activities.at/result?searchterm=true&search=reh5330" "Mozilla/5.0 (Windows NT 6.1; Win64; x64) AppleWebKit/537.36 (KHTML, like Gecko) Chrome/67.0.3396.99 Safari/537.36"
80.120.5.131 - - [17/Jul/2018:10:25:06 +0200] "GET /apple-touch-icon-precomposed.png HTTP/1.1" 200 1559 "-" "Safari/13605.2.8 CFNetwork/901.1 Darwin/17.6.0 (x86_64)"
80.120.5.131 - - [17/Jul/2018:10:25:07 +0200] "GET /apple-touch-icon.png HTTP/1.1" 200 1559 "-" "Safari/13605.2.8 CFNetwork/901.1 Darwin/17.6.0 (x86_64)"
80.120.5.131 - - [17/Jul/2018:10:25:08 +0200] "GET /images/favicon.ico HTTP/1.1" 404 305 "-" "Safari/13605.2.8 CFNetwork/901.1 Darwin/17.6.0 (x86_64)"
80.120.5.131 - - [17/Jul/2018:10:25:09 +0200] "GET /images/favicon.ico HTTP/1.1" 404 305 "-" "Safari/13605.2.8 CFNetwork/901.1 Darwin/17.6.0 (x86_64)"
80.120.5.131 - - [17/Jul/2018:10:25:09 +0200] "GET /favicon.ico HTTP/1.1" 200 3250 "-" "Safari/13605.2.8 CFNetwork/901.1 Darwin/17.6.0 (x86_64)"
80.120.5.131 - - [17/Jul/2018:10:25:09 +0200] "GET /10201637 HTTP/1.1" 302 150 "-" "\"Mozilla/5.0 (iPhone; CPU iPhone OS 11_0 like Mac OS X) AppleWebKit/604.1.38 (KHTML, like Gecko) Version/11.0 Mobile/15A372 Safari/604.1\""
80.120.5.131 - - [17/Jul/2018:10:25:10 +0200] "GET /login?required=true HTTP/1.1" 200 2086 "-" "\"Mozilla/5.0 (iPhone; CPU iPhone OS 11_0 like Mac OS X) AppleWebKit/604.1.38 (KHTML, like Gecko) Version/11.0 Mobile/15A372 Safari/604.1\""
80.120.5.131 - - [17/Jul/2018:10:25:11 +0200] "GET /apple-touch-icon-precomposed.png HTTP/1.1" 200 1559 "-" "Safari/13605.2.8 CFNetwork/901.1 Darwin/17.6.0 (x86_64)"
80.120.5.131 - - [17/Jul/2018:10:25:12 +0200] "GET /apple-touch-icon.png HTTP/1.1" 200 1559 "-" "Safari/13605.2.8 CFNetwork/901.1 Darwin/17.6.0 (x86_64)"
80.120.5.131 - - [17/Jul/2018:10:25:13 +0200] "GET /images/favicon.ico HTTP/1.1" 404 305 "-" "Safari/13605.2.8 CFNetwork/901.1 Darwin/17.6.0 (x86_64)"
80.120.5.131 - - [17/Jul/2018:10:25:14 +0200] "GET /images/favicon.ico HTTP/1.1" 404 305 "-" "Safari/13605.2.8 CFNetwork/901.1 Darwin/17.6.0 (x86_64)"
80.120.5.131 - - [17/Jul/2018:10:25:14 +0200] "GET /favicon.ico HTTP/1.1" 200 3250 "-" "Safari/13605.2.8 CFNetwork/901.1 Darwin/17.6.0 (x86_64)"
193.194.132.28 - - [17/Jul/2018:10:25:13 +0200] "GET /reload?ser=1531815913782 HTTP/1.1" 200 28 "http://renault.2web.at/account?loadrequest=true" "Mozilla/5.0 (Windows NT 6.1; WOW64; Trident/7.0; rv:11.0) like Gecko"
80.120.5.131 - - [17/Jul/2018:10:25:14 +0200] "GET /apple-touch-icon-precomposed.png HTTP/1.1" 200 1559 "-" "Safari/13605.2.8 CFNetwork/901.1 Darwin/17.6.0 (x86_64)"
80.120.5.131 - - [17/Jul/2018:10:25:15 +0200] "GET /apple-touch-icon.png HTTP/1.1" 200 1559 "-" "Safari/13605.2.8 CFNetwork/901.1 Darwin/17.6.0 (x86_64)"
80.120.5.131 - - [17/Jul/2018:10:25:16 +0200] "GET /images/favicon.ico HTTP/1.1" 404 305 "-" "Safari/13605.2.8 CFNetwork/901.1 Darwin/17.6.0 (x86_64)"
80.120.5.131 - - [17/Jul/2018:10:25:16 +0200] "GET /images/favicon.ico HTTP/1.1" 404 305 "-" "Safari/13605.2.8 CFNetwork/901.1 Darwin/17.6.0 (x86_64)"
80.120.5.131 - - [17/Jul/2018:10:25:17 +0200] "GET /favicon.ico HTTP/1.1" 200 3250 "-" "Safari/13605.2.8 CFNetwork/901.1 Darwin/17.6.0 (x86_64)"
212.152.158.195 - - [17/Jul/2018:10:25:33 +0200] "GET /reload?ser=1531816014624 HTTP/1.1" 200 28 "http://renault.activities.at/11843800" "Mozilla/5.0 (Windows NT 6.1; WOW64; Trident/7.0; rv:11.0) like Gecko"
212.186.86.74 - - [17/Jul/2018:10:26:05 +0200] "GET /reload?ser=1531815159942 HTTP/1.1" 200 28 "http://renault.activities.at/10201442" "Mozilla/5.0 (Windows NT 6.1; WOW64; Trident/7.0; rv:11.0) like Gecko"
80.123.225.34 - - [17/Jul/2018:10:26:07 +0200] "GET /reload?ser=1531815969319 HTTP/1.1" 200 28 "http://renault.activities.at/result?searchterm=true&search=reh5330" "Mozilla/5.0 (Windows NT 6.1; Win64; x64) AppleWebKit/537.36 (KHTML, like Gecko) Chrome/67.0.3396.99 Safari/537.36"
193.194.132.28 - - [17/Jul/2018:10:26:14 +0200] "GET /reload?ser=1531815974908 HTTP/1.1" 200 28 "http://renault.2web.at/account?loadrequest=true" "Mozilla/5.0 (Windows NT 6.1; WOW64; Trident/7.0; rv:11.0) like Gecko"
80.123.225.34 - - [17/Jul/2018:10:26:27 +0200] "GET /result?searchterm=true&search=reh5330 HTTP/1.1" 200 5809 "http://renault.activities.at/result?searchterm=true&search=reh5324" "Mozilla/5.0 (Windows NT 6.1; Win64; x64) AppleWebKit/537.36 (KHTML, like Gecko) Chrome/67.0.3396.99 Safari/537.36"
212.152.158.195 - - [17/Jul/2018:10:26:34 +0200] "GET /reload?ser=1531816075620 HTTP/1.1" 200 28 "http://renault.activities.at/11843800" "Mozilla/5.0 (Windows NT 6.1; WOW64; Trident/7.0; rv:11.0) like Gecko"
212.186.86.74 - - [17/Jul/2018:10:27:06 +0200] "GET /reload?ser=1531815221030 HTTP/1.1" 200 28 "http://renault.activities.at/10201442" "Mozilla/5.0 (Windows NT 6.1; WOW64; Trident/7.0; rv:11.0) like Gecko"
193.194.132.28 - - [17/Jul/2018:10:27:16 +0200] "GET /reload?ser=1531816036071 HTTP/1.1" 200 28 "http://renault.2web.at/account?loadrequest=true" "Mozilla/5.0 (Windows NT 6.1; WOW64; Trident/7.0; rv:11.0) like Gecko"
80.123.225.34 - - [17/Jul/2018:10:27:29 +0200] "GET /reload?ser=1531816051150 HTTP/1.1" 200 28 "http://renault.activities.at/result?searchterm=true&search=reh5330" "Mozilla/5.0 (Windows NT 6.1; Win64; x64) AppleWebKit/537.36 (KHTML, like Gecko) Chrome/67.0.3396.99 Safari/537.36"
212.152.158.195 - - [17/Jul/2018:10:27:35 +0200] "GET /reload?ser=1531816136570 HTTP/1.1" 200 28 "http://renault.activities.at/11843800" "Mozilla/5.0 (Windows NT 6.1; WOW64; Trident/7.0; rv:11.0) like Gecko"
212.186.86.74 - - [17/Jul/2018:10:28:07 +0200] "GET /reload?ser=1531815282076 HTTP/1.1" 200 28 "http://renault.activities.at/10201442" "Mozilla/5.0 (Windows NT 6.1; WOW64; Trident/7.0; rv:11.0) like Gecko"
193.194.132.28 - - [17/Jul/2018:10:28:17 +0200] "GET /reload?ser=1531816097206 HTTP/1.1" 200 28 "http://renault.2web.at/account?loadrequest=true" "Mozilla/5.0 (Windows NT 6.1; WOW64; Trident/7.0; rv:11.0) like Gecko"
80.123.225.34 - - [17/Jul/2018:10:28:30 +0200] "GET /reload?ser=1531816112133 HTTP/1.1" 200 28 "http://renault.activities.at/result?searchterm=true&search=reh5330" "Mozilla/5.0 (Windows NT 6.1; Win64; x64) AppleWebKit/537.36 (KHTML, like Gecko) Chrome/67.0.3396.99 Safari/537.36"
212.152.158.195 - - [17/Jul/2018:10:28:36 +0200] "GET /reload?ser=1531816197579 HTTP/1.1" 200 28 "http://renault.activities.at/11843800" "Mozilla/5.0 (Windows NT 6.1; WOW64; Trident/7.0; rv:11.0) like Gecko"
212.186.86.74 - - [17/Jul/2018:10:29:08 +0200] "GET /reload?ser=1531815343116 HTTP/1.1" 200 28 "http://renault.activities.at/10201442" "Mozilla/5.0 (Windows NT 6.1; WOW64; Trident/7.0; rv:11.0) like Gecko"
193.194.132.28 - - [17/Jul/2018:10:29:18 +0200] "GET /reload?ser=1531816158326 HTTP/1.1" 200 28 "http://renault.2web.at/account?loadrequest=true" "Mozilla/5.0 (Windows NT 6.1; WOW64; Trident/7.0; rv:11.0) like Gecko"
80.123.225.34 - - [17/Jul/2018:10:29:31 +0200] "GET /reload?ser=1531816173099 HTTP/1.1" 200 28 "http://renault.activities.at/result?searchterm=true&search=reh5330" "Mozilla/5.0 (Windows NT 6.1; Win64; x64) AppleWebKit/537.36 (KHTML, like Gecko) Chrome/67.0.3396.99 Safari/537.36"
212.152.158.195 - - [17/Jul/2018:10:29:37 +0200] "GET /reload?ser=1531816258599 HTTP/1.1" 200 28 "http://renault.activities.at/11843800" "Mozilla/5.0 (Windows NT 6.1; WOW64; Trident/7.0; rv:11.0) like Gecko"
212.186.86.74 - - [17/Jul/2018:10:30:09 +0200] "GET /reload?ser=1531815404212 HTTP/1.1" 200 28 "http://renault.activities.at/10201442" "Mozilla/5.0 (Windows NT 6.1; WOW64; Trident/7.0; rv:11.0) like Gecko"
193.194.132.28 - - [17/Jul/2018:10:30:19 +0200] "GET /reload?ser=1531816219461 HTTP/1.1" 200 28 "http://renault.2web.at/account?loadrequest=true" "Mozilla/5.0 (Windows NT 6.1; WOW64; Trident/7.0; rv:11.0) like Gecko"
80.123.225.34 - - [17/Jul/2018:10:30:32 +0200] "GET /reload?ser=1531816234038 HTTP/1.1" 200 28 "http://renault.activities.at/result?searchterm=true&search=reh5330" "Mozilla/5.0 (Windows NT 6.1; Win64; x64) AppleWebKit/537.36 (KHTML, like Gecko) Chrome/67.0.3396.99 Safari/537.36"
212.152.158.195 - - [17/Jul/2018:10:30:38 +0200] "GET /reload?ser=1531816319580 HTTP/1.1" 200 28 "http://renault.activities.at/11843800" "Mozilla/5.0 (Windows NT 6.1; WOW64; Trident/7.0; rv:11.0) like Gecko"
212.186.86.74 - - [17/Jul/2018:10:31:10 +0200] "GET /reload?ser=1531815465243 HTTP/1.1" 200 28 "http://renault.activities.at/10201442" "Mozilla/5.0 (Windows NT 6.1; WOW64; Trident/7.0; rv:11.0) like Gecko"
193.194.132.28 - - [17/Jul/2018:10:31:20 +0200] "GET /reload?ser=1531816280586 HTTP/1.1" 200 28 "http://renault.2web.at/account?loadrequest=true" "Mozilla/5.0 (Windows NT 6.1; WOW64; Trident/7.0; rv:11.0) like Gecko"
80.123.225.34 - - [17/Jul/2018:10:31:33 +0200] "GET /reload?ser=1531816294973 HTTP/1.1" 200 28 "http://renault.activities.at/result?searchterm=true&search=reh5330" "Mozilla/5.0 (Windows NT 6.1; Win64; x64) AppleWebKit/537.36 (KHTML, like Gecko) Chrome/67.0.3396.99 Safari/537.36"
212.152.158.195 - - [17/Jul/2018:10:31:39 +0200] "GET /reload?ser=1531816380541 HTTP/1.1" 200 28 "http://renault.activities.at/11843800" "Mozilla/5.0 (Windows NT 6.1; WOW64; Trident/7.0; rv:11.0) like Gecko"
212.186.86.74 - - [17/Jul/2018:10:32:11 +0200] "GET /reload?ser=1531815526307 HTTP/1.1" 200 28 "http://renault.activities.at/10201442" "Mozilla/5.0 (Windows NT 6.1; WOW64; Trident/7.0; rv:11.0) like Gecko"
193.194.132.28 - - [17/Jul/2018:10:32:21 +0200] "GET /reload?ser=1531816341776 HTTP/1.1" 200 28 "http://renault.2web.at/account?loadrequest=true" "Mozilla/5.0 (Windows NT 6.1; WOW64; Trident/7.0; rv:11.0) like Gecko"
80.123.225.34 - - [17/Jul/2018:10:32:34 +0200] "GET /reload?ser=1531816355932 HTTP/1.1" 200 28 "http://renault.activities.at/result?searchterm=true&search=reh5330" "Mozilla/5.0 (Windows NT 6.1; Win64; x64) AppleWebKit/537.36 (KHTML, like Gecko) Chrome/67.0.3396.99 Safari/537.36"
212.152.158.195 - - [17/Jul/2018:10:32:40 +0200] "GET /reload?ser=1531816441491 HTTP/1.1" 200 28 "http://renault.activities.at/11843800" "Mozilla/5.0 (Windows NT 6.1; WOW64; Trident/7.0; rv:11.0) like Gecko"
212.186.86.74 - - [17/Jul/2018:10:33:12 +0200] "GET /reload?ser=1531815587386 HTTP/1.1" 200 28 "http://renault.activities.at/10201442" "Mozilla/5.0 (Windows NT 6.1; WOW64; Trident/7.0; rv:11.0) like Gecko"
193.194.132.28 - - [17/Jul/2018:10:33:22 +0200] "GET /reload?ser=1531816402930 HTTP/1.1" 200 28 "http://renault.2web.at/account?loadrequest=true" "Mozilla/5.0 (Windows NT 6.1; WOW64; Trident/7.0; rv:11.0) like Gecko"
80.123.225.34 - - [17/Jul/2018:10:33:35 +0200] "GET /reload?ser=1531816416922 HTTP/1.1" 200 28 "http://renault.activities.at/result?searchterm=true&search=reh5330" "Mozilla/5.0 (Windows NT 6.1; Win64; x64) AppleWebKit/537.36 (KHTML, like Gecko) Chrome/67.0.3396.99 Safari/537.36"
212.152.158.195 - - [17/Jul/2018:10:33:41 +0200] "GET /reload?ser=1531816502468 HTTP/1.1" 200 28 "http://renault.activities.at/11843800" "Mozilla/5.0 (Windows NT 6.1; WOW64; Trident/7.0; rv:11.0) like Gecko"
212.186.86.74 - - [17/Jul/2018:10:34:14 +0200] "GET /reload?ser=1531815648489 HTTP/1.1" 200 28 "http://renault.activities.at/10201442" "Mozilla/5.0 (Windows NT 6.1; WOW64; Trident/7.0; rv:11.0) like Gecko"
193.194.132.28 - - [17/Jul/2018:10:34:24 +0200] "GET /reload?ser=1531816464043 HTTP/1.1" 200 28 "http://renault.2web.at/account?loadrequest=true" "Mozilla/5.0 (Windows NT 6.1; WOW64; Trident/7.0; rv:11.0) like Gecko"
80.123.225.34 - - [17/Jul/2018:10:34:36 +0200] "GET /reload?ser=1531816477923 HTTP/1.1" 200 28 "http://renault.activities.at/result?searchterm=true&search=reh5330" "Mozilla/5.0 (Windows NT 6.1; Win64; x64) AppleWebKit/537.36 (KHTML, like Gecko) Chrome/67.0.3396.99 Safari/537.36"
212.152.158.195 - - [17/Jul/2018:10:34:42 +0200] "GET /reload?ser=1531816563427 HTTP/1.1" 200 28 "http://renault.activities.at/11843800" "Mozilla/5.0 (Windows NT 6.1; WOW64; Trident/7.0; rv:11.0) like Gecko"
212.186.86.74 - - [17/Jul/2018:10:35:15 +0200] "GET /reload?ser=1531815709548 HTTP/1.1" 200 28 "http://renault.activities.at/10201442" "Mozilla/5.0 (Windows NT 6.1; WOW64; Trident/7.0; rv:11.0) like Gecko"
193.194.132.28 - - [17/Jul/2018:10:35:25 +0200] "GET /reload?ser=1531816525192 HTTP/1.1" 200 28 "http://renault.2web.at/account?loadrequest=true" "Mozilla/5.0 (Windows NT 6.1; WOW64; Trident/7.0; rv:11.0) like Gecko"
80.123.225.34 - - [17/Jul/2018:10:35:37 +0200] "GET /reload?ser=1531816538835 HTTP/1.1" 200 28 "http://renault.activities.at/result?searchterm=true&search=reh5330" "Mozilla/5.0 (Windows NT 6.1; Win64; x64) AppleWebKit/537.36 (KHTML, like Gecko) Chrome/67.0.3396.99 Safari/537.36"
212.152.158.195 - - [17/Jul/2018:10:35:43 +0200] "GET /reload?ser=1531816624357 HTTP/1.1" 200 28 "http://renault.activities.at/11843800" "Mozilla/5.0 (Windows NT 6.1; WOW64; Trident/7.0; rv:11.0) like Gecko"
212.186.86.74 - - [17/Jul/2018:10:36:16 +0200] "GET /reload?ser=1531815770603 HTTP/1.1" 200 28 "http://renault.activities.at/10201442" "Mozilla/5.0 (Windows NT 6.1; WOW64; Trident/7.0; rv:11.0) like Gecko"
193.194.132.28 - - [17/Jul/2018:10:36:26 +0200] "GET /reload?ser=1531816586346 HTTP/1.1" 200 28 "http://renault.2web.at/account?loadrequest=true" "Mozilla/5.0 (Windows NT 6.1; WOW64; Trident/7.0; rv:11.0) like Gecko"
80.123.225.34 - - [17/Jul/2018:10:36:37 +0200] "GET /reload?ser=1531816599754 HTTP/1.1" 200 28 "http://renault.activities.at/result?searchterm=true&search=reh5330" "Mozilla/5.0 (Windows NT 6.1; Win64; x64) AppleWebKit/537.36 (KHTML, like Gecko) Chrome/67.0.3396.99 Safari/537.36"
212.152.158.195 - - [17/Jul/2018:10:36:44 +0200] "GET /reload?ser=1531816685359 HTTP/1.1" 200 28 "http://renault.activities.at/11843800" "Mozilla/5.0 (Windows NT 6.1; WOW64; Trident/7.0; rv:11.0) like Gecko"
212.186.86.74 - - [17/Jul/2018:10:37:17 +0200] "GET /reload?ser=1531815831688 HTTP/1.1" 200 28 "http://renault.activities.at/10201442" "Mozilla/5.0 (Windows NT 6.1; WOW64; Trident/7.0; rv:11.0) like Gecko"
193.194.132.28 - - [17/Jul/2018:10:37:27 +0200] "GET /reload?ser=1531816647523 HTTP/1.1" 200 28 "http://renault.2web.at/account?loadrequest=true" "Mozilla/5.0 (Windows NT 6.1; WOW64; Trident/7.0; rv:11.0) like Gecko"
80.123.225.34 - - [17/Jul/2018:10:37:38 +0200] "GET /reload?ser=1531816660692 HTTP/1.1" 200 28 "http://renault.activities.at/result?searchterm=true&search=reh5330" "Mozilla/5.0 (Windows NT 6.1; Win64; x64) AppleWebKit/537.36 (KHTML, like Gecko) Chrome/67.0.3396.99 Safari/537.36"
212.152.158.195 - - [17/Jul/2018:10:37:45 +0200] "GET /reload?ser=1531816746367 HTTP/1.1" 200 28 "http://renault.activities.at/11843800" "Mozilla/5.0 (Windows NT 6.1; WOW64; Trident/7.0; rv:11.0) like Gecko"
212.186.86.74 - - [17/Jul/2018:10:38:18 +0200] "GET /reload?ser=1531815892713 HTTP/1.1" 200 28 "http://renault.activities.at/10201442" "Mozilla/5.0 (Windows NT 6.1; WOW64; Trident/7.0; rv:11.0) like Gecko"
193.194.132.28 - - [17/Jul/2018:10:38:28 +0200] "GET /reload?ser=1531816708633 HTTP/1.1" 200 28 "http://renault.2web.at/account?loadrequest=true" "Mozilla/5.0 (Windows NT 6.1; WOW64; Trident/7.0; rv:11.0) like Gecko"
80.123.225.34 - - [17/Jul/2018:10:38:39 +0200] "GET /reload?ser=1531816721603 HTTP/1.1" 200 28 "http://renault.activities.at/result?searchterm=true&search=reh5330" "Mozilla/5.0 (Windows NT 6.1; Win64; x64) AppleWebKit/537.36 (KHTML, like Gecko) Chrome/67.0.3396.99 Safari/537.36"
212.152.158.195 - - [17/Jul/2018:10:38:46 +0200] "GET /reload?ser=1531816807312 HTTP/1.1" 200 28 "http://renault.activities.at/11843800" "Mozilla/5.0 (Windows NT 6.1; WOW64; Trident/7.0; rv:11.0) like Gecko"
212.186.86.74 - - [17/Jul/2018:10:39:19 +0200] "GET /reload?ser=1531815953765 HTTP/1.1" 200 28 "http://renault.activities.at/10201442" "Mozilla/5.0 (Windows NT 6.1; WOW64; Trident/7.0; rv:11.0) like Gecko"
193.194.132.28 - - [17/Jul/2018:10:39:29 +0200] "GET /reload?ser=1531816769781 HTTP/1.1" 200 28 "http://renault.2web.at/account?loadrequest=true" "Mozilla/5.0 (Windows NT 6.1; WOW64; Trident/7.0; rv:11.0) like Gecko"
80.123.225.34 - - [17/Jul/2018:10:39:40 +0200] "GET /reload?ser=1531816782510 HTTP/1.1" 200 28 "http://renault.activities.at/result?searchterm=true&search=reh5330" "Mozilla/5.0 (Windows NT 6.1; Win64; x64) AppleWebKit/537.36 (KHTML, like Gecko) Chrome/67.0.3396.99 Safari/537.36"
212.152.158.195 - - [17/Jul/2018:10:39:47 +0200] "GET /reload?ser=1531816868252 HTTP/1.1" 200 28 "http://renault.activities.at/11843800" "Mozilla/5.0 (Windows NT 6.1; WOW64; Trident/7.0; rv:11.0) like Gecko"
212.186.86.74 - - [17/Jul/2018:10:40:20 +0200] "GET /reload?ser=1531816014792 HTTP/1.1" 200 28 "http://renault.activities.at/10201442" "Mozilla/5.0 (Windows NT 6.1; WOW64; Trident/7.0; rv:11.0) like Gecko"
193.194.132.28 - - [17/Jul/2018:10:40:30 +0200] "GET /reload?ser=1531816830889 HTTP/1.1" 200 28 "http://renault.2web.at/account?loadrequest=true" "Mozilla/5.0 (Windows NT 6.1; WOW64; Trident/7.0; rv:11.0) like Gecko"
80.123.225.34 - - [17/Jul/2018:10:40:41 +0200] "GET /reload?ser=1531816843451 HTTP/1.1" 200 28 "http://renault.activities.at/result?searchterm=true&search=reh5330" "Mozilla/5.0 (Windows NT 6.1; Win64; x64) AppleWebKit/537.36 (KHTML, like Gecko) Chrome/67.0.3396.99 Safari/537.36"
212.152.158.195 - - [17/Jul/2018:10:40:47 +0200] "GET /reload?ser=1531816929187 HTTP/1.1" 200 28 "http://renault.activities.at/11843800" "Mozilla/5.0 (Windows NT 6.1; WOW64; Trident/7.0; rv:11.0) like Gecko"
193.194.132.28 - - [17/Jul/2018:10:41:32 +0200] "GET /reload?ser=1531816892026 HTTP/1.1" 200 28 "http://renault.2web.at/account?loadrequest=true" "Mozilla/5.0 (Windows NT 6.1; WOW64; Trident/7.0; rv:11.0) like Gecko"
80.123.225.34 - - [17/Jul/2018:10:41:42 +0200] "GET /reload?ser=1531816904444 HTTP/1.1" 200 28 "http://renault.activities.at/result?searchterm=true&search=reh5330" "Mozilla/5.0 (Windows NT 6.1; Win64; x64) AppleWebKit/537.36 (KHTML, like Gecko) Chrome/67.0.3396.99 Safari/537.36"
212.152.158.195 - - [17/Jul/2018:10:41:48 +0200] "GET /reload?ser=1531816990183 HTTP/1.1" 200 28 "http://renault.activities.at/11843800" "Mozilla/5.0 (Windows NT 6.1; WOW64; Trident/7.0; rv:11.0) like Gecko"
193.194.132.28 - - [17/Jul/2018:10:42:33 +0200] "GET /reload?ser=1531816953219 HTTP/1.1" 200 28 "http://renault.2web.at/account?loadrequest=true" "Mozilla/5.0 (Windows NT 6.1; WOW64; Trident/7.0; rv:11.0) like Gecko"
80.123.225.34 - - [17/Jul/2018:10:42:43 +0200] "GET /reload?ser=1531816965426 HTTP/1.1" 200 28 "http://renault.activities.at/result?searchterm=true&search=reh5330" "Mozilla/5.0 (Windows NT 6.1; Win64; x64) AppleWebKit/537.36 (KHTML, like Gecko) Chrome/67.0.3396.99 Safari/537.36"
212.152.158.195 - - [17/Jul/2018:10:42:49 +0200] "GET /reload?ser=1531817051122 HTTP/1.1" 200 28 "http://renault.activities.at/11843800" "Mozilla/5.0 (Windows NT 6.1; WOW64; Trident/7.0; rv:11.0) like Gecko"
193.194.132.28 - - [17/Jul/2018:10:43:34 +0200] "GET /reload?ser=1531817014349 HTTP/1.1" 200 28 "http://renault.2web.at/account?loadrequest=true" "Mozilla/5.0 (Windows NT 6.1; WOW64; Trident/7.0; rv:11.0) like Gecko"
80.123.225.34 - - [17/Jul/2018:10:43:44 +0200] "GET /reload?ser=1531817026401 HTTP/1.1" 200 28 "http://renault.activities.at/result?searchterm=true&search=reh5330" "Mozilla/5.0 (Windows NT 6.1; Win64; x64) AppleWebKit/537.36 (KHTML, like Gecko) Chrome/67.0.3396.99 Safari/537.36"
212.152.158.195 - - [17/Jul/2018:10:43:50 +0200] "GET /reload?ser=1531817112158 HTTP/1.1" 200 28 "http://renault.activities.at/11843800" "Mozilla/5.0 (Windows NT 6.1; WOW64; Trident/7.0; rv:11.0) like Gecko"
193.194.132.28 - - [17/Jul/2018:10:44:35 +0200] "GET /reload?ser=1531817075524 HTTP/1.1" 200 28 "http://renault.2web.at/account?loadrequest=true" "Mozilla/5.0 (Windows NT 6.1; WOW64; Trident/7.0; rv:11.0) like Gecko"
80.123.225.34 - - [17/Jul/2018:10:44:45 +0200] "GET /reload?ser=1531817087376 HTTP/1.1" 200 28 "http://renault.activities.at/result?searchterm=true&search=reh5330" "Mozilla/5.0 (Windows NT 6.1; Win64; x64) AppleWebKit/537.36 (KHTML, like Gecko) Chrome/67.0.3396.99 Safari/537.36"
212.152.158.195 - - [17/Jul/2018:10:44:51 +0200] "GET /reload?ser=1531817173094 HTTP/1.1" 200 28 "http://renault.activities.at/11843800" "Mozilla/5.0 (Windows NT 6.1; WOW64; Trident/7.0; rv:11.0) like Gecko"
193.194.132.28 - - [17/Jul/2018:10:45:36 +0200] "GET /reload?ser=1531817136635 HTTP/1.1" 200 28 "http://renault.2web.at/account?loadrequest=true" "Mozilla/5.0 (Windows NT 6.1; WOW64; Trident/7.0; rv:11.0) like Gecko"
80.123.225.34 - - [17/Jul/2018:10:45:46 +0200] "GET /reload?ser=1531817148326 HTTP/1.1" 200 28 "http://renault.activities.at/result?searchterm=true&search=reh5330" "Mozilla/5.0 (Windows NT 6.1; Win64; x64) AppleWebKit/537.36 (KHTML, like Gecko) Chrome/67.0.3396.99 Safari/537.36"
212.152.158.195 - - [17/Jul/2018:10:45:52 +0200] "GET /reload?ser=1531817234031 HTTP/1.1" 200 28 "http://renault.activities.at/11843800" "Mozilla/5.0 (Windows NT 6.1; WOW64; Trident/7.0; rv:11.0) like Gecko"
193.194.132.28 - - [17/Jul/2018:10:46:37 +0200] "GET /reload?ser=1531817197762 HTTP/1.1" 200 28 "http://renault.2web.at/account?loadrequest=true" "Mozilla/5.0 (Windows NT 6.1; WOW64; Trident/7.0; rv:11.0) like Gecko"
80.123.225.34 - - [17/Jul/2018:10:46:47 +0200] "GET /reload?ser=1531817209272 HTTP/1.1" 200 28 "http://renault.activities.at/result?searchterm=true&search=reh5330" "Mozilla/5.0 (Windows NT 6.1; Win64; x64) AppleWebKit/537.36 (KHTML, like Gecko) Chrome/67.0.3396.99 Safari/537.36"
212.152.158.195 - - [17/Jul/2018:10:46:53 +0200] "GET /reload?ser=1531817294966 HTTP/1.1" 200 28 "http://renault.activities.at/11843800" "Mozilla/5.0 (Windows NT 6.1; WOW64; Trident/7.0; rv:11.0) like Gecko"
193.194.132.28 - - [17/Jul/2018:10:47:38 +0200] "GET /reload?ser=1531817258878 HTTP/1.1" 200 28 "http://renault.2web.at/account?loadrequest=true" "Mozilla/5.0 (Windows NT 6.1; WOW64; Trident/7.0; rv:11.0) like Gecko"
80.123.225.34 - - [17/Jul/2018:10:47:48 +0200] "GET /reload?ser=1531817270246 HTTP/1.1" 200 28 "http://renault.activities.at/result?searchterm=true&search=reh5330" "Mozilla/5.0 (Windows NT 6.1; Win64; x64) AppleWebKit/537.36 (KHTML, like Gecko) Chrome/67.0.3396.99 Safari/537.36"
212.152.158.195 - - [17/Jul/2018:10:47:54 +0200] "GET /reload?ser=1531817355909 HTTP/1.1" 200 28 "http://renault.activities.at/11843800" "Mozilla/5.0 (Windows NT 6.1; WOW64; Trident/7.0; rv:11.0) like Gecko"
193.194.132.28 - - [17/Jul/2018:10:48:40 +0200] "GET /reload?ser=1531817320049 HTTP/1.1" 200 28 "http://renault.2web.at/account?loadrequest=true" "Mozilla/5.0 (Windows NT 6.1; WOW64; Trident/7.0; rv:11.0) like Gecko"
80.123.225.34 - - [17/Jul/2018:10:48:49 +0200] "GET /reload?ser=1531817331199 HTTP/1.1" 200 28 "http://renault.activities.at/result?searchterm=true&search=reh5330" "Mozilla/5.0 (Windows NT 6.1; Win64; x64) AppleWebKit/537.36 (KHTML, like Gecko) Chrome/67.0.3396.99 Safari/537.36"
212.152.158.195 - - [17/Jul/2018:10:48:55 +0200] "GET /reload?ser=1531817416869 HTTP/1.1" 200 28 "http://renault.activities.at/11843800" "Mozilla/5.0 (Windows NT 6.1; WOW64; Trident/7.0; rv:11.0) like Gecko"
193.194.132.28 - - [17/Jul/2018:10:49:41 +0200] "GET /reload?ser=1531817381248 HTTP/1.1" 200 28 "http://renault.2web.at/account?loadrequest=true" "Mozilla/5.0 (Windows NT 6.1; WOW64; Trident/7.0; rv:11.0) like Gecko"
80.123.225.34 - - [17/Jul/2018:10:49:50 +0200] "GET /reload?ser=1531817392168 HTTP/1.1" 200 28 "http://renault.activities.at/result?searchterm=true&search=reh5330" "Mozilla/5.0 (Windows NT 6.1; Win64; x64) AppleWebKit/537.36 (KHTML, like Gecko) Chrome/67.0.3396.99 Safari/537.36"
212.152.158.195 - - [17/Jul/2018:10:49:56 +0200] "GET /reload?ser=1531817477842 HTTP/1.1" 200 28 "http://renault.activities.at/11843800" "Mozilla/5.0 (Windows NT 6.1; WOW64; Trident/7.0; rv:11.0) like Gecko"
193.194.132.28 - - [17/Jul/2018:10:50:42 +0200] "GET /reload?ser=1531817442415 HTTP/1.1" 200 28 "http://renault.2web.at/account?loadrequest=true" "Mozilla/5.0 (Windows NT 6.1; WOW64; Trident/7.0; rv:11.0) like Gecko"
80.123.225.34 - - [17/Jul/2018:10:50:51 +0200] "GET /reload?ser=1531817453121 HTTP/1.1" 200 28 "http://renault.activities.at/result?searchterm=true&search=reh5330" "Mozilla/5.0 (Windows NT 6.1; Win64; x64) AppleWebKit/537.36 (KHTML, like Gecko) Chrome/67.0.3396.99 Safari/537.36"
212.152.158.195 - - [17/Jul/2018:10:50:57 +0200] "GET /reload?ser=1531817538784 HTTP/1.1" 200 28 "http://renault.activities.at/11843800" "Mozilla/5.0 (Windows NT 6.1; WOW64; Trident/7.0; rv:11.0) like Gecko"
193.194.132.28 - - [17/Jul/2018:10:51:43 +0200] "GET /reload?ser=1531817503630 HTTP/1.1" 200 28 "http://renault.2web.at/account?loadrequest=true" "Mozilla/5.0 (Windows NT 6.1; WOW64; Trident/7.0; rv:11.0) like Gecko"
80.123.225.34 - - [17/Jul/2018:10:51:52 +0200] "GET /reload?ser=1531817514052 HTTP/1.1" 200 28 "http://renault.activities.at/result?searchterm=true&search=reh5330" "Mozilla/5.0 (Windows NT 6.1; Win64; x64) AppleWebKit/537.36 (KHTML, like Gecko) Chrome/67.0.3396.99 Safari/537.36"
212.152.158.195 - - [17/Jul/2018:10:51:58 +0200] "GET /reload?ser=1531817599770 HTTP/1.1" 200 28 "http://renault.activities.at/11843800" "Mozilla/5.0 (Windows NT 6.1; WOW64; Trident/7.0; rv:11.0) like Gecko"
193.194.132.28 - - [17/Jul/2018:10:52:44 +0200] "GET /reload?ser=1531817564800 HTTP/1.1" 200 28 "http://renault.2web.at/account?loadrequest=true" "Mozilla/5.0 (Windows NT 6.1; WOW64; Trident/7.0; rv:11.0) like Gecko"
80.123.225.34 - - [17/Jul/2018:10:52:53 +0200] "GET /reload?ser=1531817574968 HTTP/1.1" 200 28 "http://renault.activities.at/result?searchterm=true&search=reh5330" "Mozilla/5.0 (Windows NT 6.1; Win64; x64) AppleWebKit/537.36 (KHTML, like Gecko) Chrome/67.0.3396.99 Safari/537.36"
212.152.158.195 - - [17/Jul/2018:10:52:59 +0200] "GET /reload?ser=1531817660698 HTTP/1.1" 200 28 "http://renault.activities.at/11843800" "Mozilla/5.0 (Windows NT 6.1; WOW64; Trident/7.0; rv:11.0) like Gecko"
193.194.132.28 - - [17/Jul/2018:10:53:46 +0200] "GET /reload?ser=1531817625966 HTTP/1.1" 200 28 "http://renault.2web.at/account?loadrequest=true" "Mozilla/5.0 (Windows NT 6.1; WOW64; Trident/7.0; rv:11.0) like Gecko"
80.123.225.34 - - [17/Jul/2018:10:53:54 +0200] "GET /reload?ser=1531817635916 HTTP/1.1" 200 28 "http://renault.activities.at/result?searchterm=true&search=reh5330" "Mozilla/5.0 (Windows NT 6.1; Win64; x64) AppleWebKit/537.36 (KHTML, like Gecko) Chrome/67.0.3396.99 Safari/537.36"
212.152.158.195 - - [17/Jul/2018:10:54:00 +0200] "GET /reload?ser=1531817721696 HTTP/1.1" 200 28 "http://renault.activities.at/11843800" "Mozilla/5.0 (Windows NT 6.1; WOW64; Trident/7.0; rv:11.0) like Gecko"
193.194.132.28 - - [17/Jul/2018:10:54:47 +0200] "GET /reload?ser=1531817687122 HTTP/1.1" 200 28 "http://renault.2web.at/account?loadrequest=true" "Mozilla/5.0 (Windows NT 6.1; WOW64; Trident/7.0; rv:11.0) like Gecko"
80.123.225.34 - - [17/Jul/2018:10:54:55 +0200] "GET /reload?ser=1531817696892 HTTP/1.1" 200 28 "http://renault.activities.at/result?searchterm=true&search=reh5330" "Mozilla/5.0 (Windows NT 6.1; Win64; x64) AppleWebKit/537.36 (KHTML, like Gecko) Chrome/67.0.3396.99 Safari/537.36"
212.152.158.195 - - [17/Jul/2018:10:55:01 +0200] "GET /reload?ser=1531817782693 HTTP/1.1" 200 28 "http://renault.activities.at/11843800" "Mozilla/5.0 (Windows NT 6.1; WOW64; Trident/7.0; rv:11.0) like Gecko"
193.194.132.28 - - [17/Jul/2018:10:55:48 +0200] "GET /reload?ser=1531817748253 HTTP/1.1" 200 28 "http://renault.2web.at/account?loadrequest=true" "Mozilla/5.0 (Windows NT 6.1; WOW64; Trident/7.0; rv:11.0) like Gecko"
80.123.225.34 - - [17/Jul/2018:10:55:56 +0200] "GET /reload?ser=1531817757803 HTTP/1.1" 200 28 "http://renault.activities.at/result?searchterm=true&search=reh5330" "Mozilla/5.0 (Windows NT 6.1; Win64; x64) AppleWebKit/537.36 (KHTML, like Gecko) Chrome/67.0.3396.99 Safari/537.36"
212.152.158.195 - - [17/Jul/2018:10:56:02 +0200] "GET /reload?ser=1531817843688 HTTP/1.1" 200 28 "http://renault.activities.at/11843800" "Mozilla/5.0 (Windows NT 6.1; WOW64; Trident/7.0; rv:11.0) like Gecko"
80.120.5.131 - - [17/Jul/2018:10:56:11 +0200] "GET / HTTP/1.1" 200 17487 "-" "Mozilla/5.0 (Windows NT 10.0; WOW64; Trident/7.0; rv:11.0) like Gecko"
193.194.132.28 - - [17/Jul/2018:10:56:49 +0200] "GET /reload?ser=1531817809349 HTTP/1.1" 200 28 "http://renault.2web.at/account?loadrequest=true" "Mozilla/5.0 (Windows NT 6.1; WOW64; Trident/7.0; rv:11.0) like Gecko"
80.123.225.34 - - [17/Jul/2018:10:56:56 +0200] "GET /reload?ser=1531817818771 HTTP/1.1" 200 28 "http://renault.activities.at/result?searchterm=true&search=reh5330" "Mozilla/5.0 (Windows NT 6.1; Win64; x64) AppleWebKit/537.36 (KHTML, like Gecko) Chrome/67.0.3396.99 Safari/537.36"
212.152.158.195 - - [17/Jul/2018:10:57:03 +0200] "GET /reload?ser=1531817904702 HTTP/1.1" 200 28 "http://renault.activities.at/11843800" "Mozilla/5.0 (Windows NT 6.1; WOW64; Trident/7.0; rv:11.0) like Gecko"
193.194.132.28 - - [17/Jul/2018:10:57:50 +0200] "GET /reload?ser=1531817870515 HTTP/1.1" 200 28 "http://renault.2web.at/account?loadrequest=true" "Mozilla/5.0 (Windows NT 6.1; WOW64; Trident/7.0; rv:11.0) like Gecko"
80.123.225.34 - - [17/Jul/2018:10:57:57 +0200] "GET /reload?ser=1531817879682 HTTP/1.1" 200 28 "http://renault.activities.at/result?searchterm=true&search=reh5330" "Mozilla/5.0 (Windows NT 6.1; Win64; x64) AppleWebKit/537.36 (KHTML, like Gecko) Chrome/67.0.3396.99 Safari/537.36"
212.152.158.195 - - [17/Jul/2018:10:58:04 +0200] "GET /reload?ser=1531817965660 HTTP/1.1" 200 28 "http://renault.activities.at/11843800" "Mozilla/5.0 (Windows NT 6.1; WOW64; Trident/7.0; rv:11.0) like Gecko"
193.194.132.28 - - [17/Jul/2018:10:58:51 +0200] "GET /reload?ser=1531817931622 HTTP/1.1" 200 28 "http://renault.2web.at/account?loadrequest=true" "Mozilla/5.0 (Windows NT 6.1; WOW64; Trident/7.0; rv:11.0) like Gecko"
80.123.225.34 - - [17/Jul/2018:10:58:58 +0200] "GET /reload?ser=1531817940650 HTTP/1.1" 200 28 "http://renault.activities.at/result?searchterm=true&search=reh5330" "Mozilla/5.0 (Windows NT 6.1; Win64; x64) AppleWebKit/537.36 (KHTML, like Gecko) Chrome/67.0.3396.99 Safari/537.36"
212.152.158.195 - - [17/Jul/2018:10:59:05 +0200] "GET /reload?ser=1531818026661 HTTP/1.1" 200 28 "http://renault.activities.at/11843800" "Mozilla/5.0 (Windows NT 6.1; WOW64; Trident/7.0; rv:11.0) like Gecko"
193.194.132.28 - - [17/Jul/2018:10:59:52 +0200] "GET /reload?ser=1531817992755 HTTP/1.1" 200 28 "http://renault.2web.at/account?loadrequest=true" "Mozilla/5.0 (Windows NT 6.1; WOW64; Trident/7.0; rv:11.0) like Gecko"
80.123.225.34 - - [17/Jul/2018:10:59:59 +0200] "GET /reload?ser=1531818001604 HTTP/1.1" 200 28 "http://renault.activities.at/result?searchterm=true&search=reh5330" "Mozilla/5.0 (Windows NT 6.1; Win64; x64) AppleWebKit/537.36 (KHTML, like Gecko) Chrome/67.0.3396.99 Safari/537.36"
212.152.158.195 - - [17/Jul/2018:11:00:06 +0200] "GET /reload?ser=1531818087638 HTTP/1.1" 200 28 "http://renault.activities.at/11843800" "Mozilla/5.0 (Windows NT 6.1; WOW64; Trident/7.0; rv:11.0) like Gecko"
193.194.132.28 - - [17/Jul/2018:11:00:54 +0200] "GET /reload?ser=1531818053858 HTTP/1.1" 200 28 "http://renault.2web.at/account?loadrequest=true" "Mozilla/5.0 (Windows NT 6.1; WOW64; Trident/7.0; rv:11.0) like Gecko"
80.123.225.34 - - [17/Jul/2018:11:01:00 +0200] "GET /reload?ser=1531818062519 HTTP/1.1" 200 28 "http://renault.activities.at/result?searchterm=true&search=reh5330" "Mozilla/5.0 (Windows NT 6.1; Win64; x64) AppleWebKit/537.36 (KHTML, like Gecko) Chrome/67.0.3396.99 Safari/537.36"
212.152.158.195 - - [17/Jul/2018:11:01:07 +0200] "GET /reload?ser=1531818148656 HTTP/1.1" 200 28 "http://renault.activities.at/11843800" "Mozilla/5.0 (Windows NT 6.1; WOW64; Trident/7.0; rv:11.0) like Gecko"
193.194.132.28 - - [17/Jul/2018:11:01:55 +0200] "GET /reload?ser=1531818114992 HTTP/1.1" 200 28 "http://renault.2web.at/account?loadrequest=true" "Mozilla/5.0 (Windows NT 6.1; WOW64; Trident/7.0; rv:11.0) like Gecko"
80.123.225.34 - - [17/Jul/2018:11:02:01 +0200] "GET /reload?ser=1531818123483 HTTP/1.1" 200 28 "http://renault.activities.at/result?searchterm=true&search=reh5330" "Mozilla/5.0 (Windows NT 6.1; Win64; x64) AppleWebKit/537.36 (KHTML, like Gecko) Chrome/67.0.3396.99 Safari/537.36"
212.152.158.195 - - [17/Jul/2018:11:02:08 +0200] "GET /reload?ser=1531818209617 HTTP/1.1" 200 28 "http://renault.activities.at/11843800" "Mozilla/5.0 (Windows NT 6.1; WOW64; Trident/7.0; rv:11.0) like Gecko"
193.194.132.28 - - [17/Jul/2018:11:02:56 +0200] "GET /reload?ser=1531818176163 HTTP/1.1" 200 28 "http://renault.2web.at/account?loadrequest=true" "Mozilla/5.0 (Windows NT 6.1; WOW64; Trident/7.0; rv:11.0) like Gecko"
80.123.225.34 - - [17/Jul/2018:11:03:02 +0200] "GET /reload?ser=1531818184401 HTTP/1.1" 200 28 "http://renault.activities.at/result?searchterm=true&search=reh5330" "Mozilla/5.0 (Windows NT 6.1; Win64; x64) AppleWebKit/537.36 (KHTML, like Gecko) Chrome/67.0.3396.99 Safari/537.36"
212.152.158.195 - - [17/Jul/2018:11:03:09 +0200] "GET /reload?ser=1531818270583 HTTP/1.1" 200 28 "http://renault.activities.at/11843800" "Mozilla/5.0 (Windows NT 6.1; WOW64; Trident/7.0; rv:11.0) like Gecko"
193.194.132.28 - - [17/Jul/2018:11:03:57 +0200] "GET /reload?ser=1531818237341 HTTP/1.1" 200 28 "http://renault.2web.at/account?loadrequest=true" "Mozilla/5.0 (Windows NT 6.1; WOW64; Trident/7.0; rv:11.0) like Gecko"
80.123.225.34 - - [17/Jul/2018:11:04:03 +0200] "GET /reload?ser=1531818245386 HTTP/1.1" 200 28 "http://renault.activities.at/result?searchterm=true&search=reh5330" "Mozilla/5.0 (Windows NT 6.1; Win64; x64) AppleWebKit/537.36 (KHTML, like Gecko) Chrome/67.0.3396.99 Safari/537.36"
212.152.158.195 - - [17/Jul/2018:11:04:10 +0200] "GET /reload?ser=1531818331594 HTTP/1.1" 200 28 "http://renault.activities.at/11843800" "Mozilla/5.0 (Windows NT 6.1; WOW64; Trident/7.0; rv:11.0) like Gecko"
193.194.132.28 - - [17/Jul/2018:11:04:58 +0200] "GET /reload?ser=1531818298484 HTTP/1.1" 200 28 "http://renault.2web.at/account?loadrequest=true" "Mozilla/5.0 (Windows NT 6.1; WOW64; Trident/7.0; rv:11.0) like Gecko"
80.123.225.34 - - [17/Jul/2018:11:05:05 +0200] "GET /reload?ser=1531818307318 HTTP/1.1" 200 28 "http://renault.activities.at/result?searchterm=true&search=reh5330" "Mozilla/5.0 (Windows NT 6.1; Win64; x64) AppleWebKit/537.36 (KHTML, like Gecko) Chrome/67.0.3396.99 Safari/537.36"
212.152.158.195 - - [17/Jul/2018:11:05:11 +0200] "GET /reload?ser=1531818392574 HTTP/1.1" 200 28 "http://renault.activities.at/11843800" "Mozilla/5.0 (Windows NT 6.1; WOW64; Trident/7.0; rv:11.0) like Gecko"
193.194.132.28 - - [17/Jul/2018:11:05:59 +0200] "GET /reload?ser=1531818359570 HTTP/1.1" 200 28 "http://renault.2web.at/account?loadrequest=true" "Mozilla/5.0 (Windows NT 6.1; WOW64; Trident/7.0; rv:11.0) like Gecko"
80.123.225.34 - - [17/Jul/2018:11:06:06 +0200] "GET /reload?ser=1531818368320 HTTP/1.1" 200 28 "http://renault.activities.at/result?searchterm=true&search=reh5330" "Mozilla/5.0 (Windows NT 6.1; Win64; x64) AppleWebKit/537.36 (KHTML, like Gecko) Chrome/67.0.3396.99 Safari/537.36"
212.152.158.195 - - [17/Jul/2018:11:06:12 +0200] "GET /reload?ser=1531818453562 HTTP/1.1" 200 28 "http://renault.activities.at/11843800" "Mozilla/5.0 (Windows NT 6.1; WOW64; Trident/7.0; rv:11.0) like Gecko"
193.194.132.28 - - [17/Jul/2018:11:07:00 +0200] "GET /reload?ser=1531818420663 HTTP/1.1" 200 28 "http://renault.2web.at/account?loadrequest=true" "Mozilla/5.0 (Windows NT 6.1; WOW64; Trident/7.0; rv:11.0) like Gecko"
80.123.225.34 - - [17/Jul/2018:11:07:07 +0200] "GET /reload?ser=1531818429318 HTTP/1.1" 200 28 "http://renault.activities.at/result?searchterm=true&search=reh5330" "Mozilla/5.0 (Windows NT 6.1; Win64; x64) AppleWebKit/537.36 (KHTML, like Gecko) Chrome/67.0.3396.99 Safari/537.36"
212.152.158.195 - - [17/Jul/2018:11:07:13 +0200] "GET /reload?ser=1531818514542 HTTP/1.1" 200 28 "http://renault.activities.at/11843800" "Mozilla/5.0 (Windows NT 6.1; WOW64; Trident/7.0; rv:11.0) like Gecko"
193.194.132.28 - - [17/Jul/2018:11:08:01 +0200] "GET /reload?ser=1531818481811 HTTP/1.1" 200 28 "http://renault.2web.at/account?loadrequest=true" "Mozilla/5.0 (Windows NT 6.1; WOW64; Trident/7.0; rv:11.0) like Gecko"
80.123.225.34 - - [17/Jul/2018:11:08:08 +0200] "GET /reload?ser=1531818490319 HTTP/1.1" 200 28 "http://renault.activities.at/result?searchterm=true&search=reh5330" "Mozilla/5.0 (Windows NT 6.1; Win64; x64) AppleWebKit/537.36 (KHTML, like Gecko) Chrome/67.0.3396.99 Safari/537.36"
212.152.158.195 - - [17/Jul/2018:11:08:14 +0200] "GET /reload?ser=1531818575482 HTTP/1.1" 200 28 "http://renault.activities.at/11843800" "Mozilla/5.0 (Windows NT 6.1; WOW64; Trident/7.0; rv:11.0) like Gecko"
193.194.132.28 - - [17/Jul/2018:11:09:03 +0200] "GET /reload?ser=1531818542928 HTTP/1.1" 200 28 "http://renault.2web.at/account?loadrequest=true" "Mozilla/5.0 (Windows NT 6.1; WOW64; Trident/7.0; rv:11.0) like Gecko"
80.123.225.34 - - [17/Jul/2018:11:09:09 +0200] "GET /reload?ser=1531818551318 HTTP/1.1" 200 28 "http://renault.activities.at/result?searchterm=true&search=reh5330" "Mozilla/5.0 (Windows NT 6.1; Win64; x64) AppleWebKit/537.36 (KHTML, like Gecko) Chrome/67.0.3396.99 Safari/537.36"
212.152.158.195 - - [17/Jul/2018:11:09:15 +0200] "GET /reload?ser=1531818636483 HTTP/1.1" 200 28 "http://renault.activities.at/11843800" "Mozilla/5.0 (Windows NT 6.1; WOW64; Trident/7.0; rv:11.0) like Gecko"
193.194.132.28 - - [17/Jul/2018:11:10:04 +0200] "GET /reload?ser=1531818604108 HTTP/1.1" 200 28 "http://renault.2web.at/account?loadrequest=true" "Mozilla/5.0 (Windows NT 6.1; WOW64; Trident/7.0; rv:11.0) like Gecko"
80.123.225.34 - - [17/Jul/2018:11:10:10 +0200] "GET /reload?ser=1531818612319 HTTP/1.1" 200 28 "http://renault.activities.at/result?searchterm=true&search=reh5330" "Mozilla/5.0 (Windows NT 6.1; Win64; x64) AppleWebKit/537.36 (KHTML, like Gecko) Chrome/67.0.3396.99 Safari/537.36"
212.152.158.195 - - [17/Jul/2018:11:10:16 +0200] "GET /reload?ser=1531818697491 HTTP/1.1" 200 28 "http://renault.activities.at/11843800" "Mozilla/5.0 (Windows NT 6.1; WOW64; Trident/7.0; rv:11.0) like Gecko"
193.194.132.28 - - [17/Jul/2018:11:11:05 +0200] "GET /reload?ser=1531818665257 HTTP/1.1" 200 28 "http://renault.2web.at/account?loadrequest=true" "Mozilla/5.0 (Windows NT 6.1; WOW64; Trident/7.0; rv:11.0) like Gecko"
80.123.225.34 - - [17/Jul/2018:11:11:11 +0200] "GET /reload?ser=1531818673319 HTTP/1.1" 200 28 "http://renault.activities.at/result?searchterm=true&search=reh5330" "Mozilla/5.0 (Windows NT 6.1; Win64; x64) AppleWebKit/537.36 (KHTML, like Gecko) Chrome/67.0.3396.99 Safari/537.36"
212.152.158.195 - - [17/Jul/2018:11:11:17 +0200] "GET /reload?ser=1531818758439 HTTP/1.1" 200 28 "http://renault.activities.at/11843800" "Mozilla/5.0 (Windows NT 6.1; WOW64; Trident/7.0; rv:11.0) like Gecko"
193.194.132.28 - - [17/Jul/2018:11:12:06 +0200] "GET /reload?ser=1531818726414 HTTP/1.1" 200 28 "http://renault.2web.at/account?loadrequest=true" "Mozilla/5.0 (Windows NT 6.1; WOW64; Trident/7.0; rv:11.0) like Gecko"
80.123.225.34 - - [17/Jul/2018:11:12:12 +0200] "GET /reload?ser=1531818734320 HTTP/1.1" 200 28 "http://renault.activities.at/result?searchterm=true&search=reh5330" "Mozilla/5.0 (Windows NT 6.1; Win64; x64) AppleWebKit/537.36 (KHTML, like Gecko) Chrome/67.0.3396.99 Safari/537.36"
212.152.158.195 - - [17/Jul/2018:11:12:18 +0200] "GET /reload?ser=1531818819441 HTTP/1.1" 200 28 "http://renault.activities.at/11843800" "Mozilla/5.0 (Windows NT 6.1; WOW64; Trident/7.0; rv:11.0) like Gecko"
193.194.132.28 - - [17/Jul/2018:11:13:07 +0200] "GET /reload?ser=1531818787542 HTTP/1.1" 200 28 "http://renault.2web.at/account?loadrequest=true" "Mozilla/5.0 (Windows NT 6.1; WOW64; Trident/7.0; rv:11.0) like Gecko"
80.123.225.34 - - [17/Jul/2018:11:13:13 +0200] "GET /reload?ser=1531818795319 HTTP/1.1" 200 28 "http://renault.activities.at/result?searchterm=true&search=reh5330" "Mozilla/5.0 (Windows NT 6.1; Win64; x64) AppleWebKit/537.36 (KHTML, like Gecko) Chrome/67.0.3396.99 Safari/537.36"
212.152.158.195 - - [17/Jul/2018:11:13:19 +0200] "GET /reload?ser=1531818880369 HTTP/1.1" 200 28 "http://renault.activities.at/11843800" "Mozilla/5.0 (Windows NT 6.1; WOW64; Trident/7.0; rv:11.0) like Gecko"
193.194.132.28 - - [17/Jul/2018:11:14:08 +0200] "GET /reload?ser=1531818848667 HTTP/1.1" 200 28 "http://renault.2web.at/account?loadrequest=true" "Mozilla/5.0 (Windows NT 6.1; WOW64; Trident/7.0; rv:11.0) like Gecko"
80.123.225.34 - - [17/Jul/2018:11:14:14 +0200] "GET /reload?ser=1531818856319 HTTP/1.1" 200 28 "http://renault.activities.at/result?searchterm=true&search=reh5330" "Mozilla/5.0 (Windows NT 6.1; Win64; x64) AppleWebKit/537.36 (KHTML, like Gecko) Chrome/67.0.3396.99 Safari/537.36"
212.152.158.195 - - [17/Jul/2018:11:14:20 +0200] "GET /reload?ser=1531818941369 HTTP/1.1" 200 28 "http://renault.activities.at/11843800" "Mozilla/5.0 (Windows NT 6.1; WOW64; Trident/7.0; rv:11.0) like Gecko"
193.194.132.28 - - [17/Jul/2018:11:15:09 +0200] "GET /reload?ser=1531818909799 HTTP/1.1" 200 28 "http://renault.2web.at/account?loadrequest=true" "Mozilla/5.0 (Windows NT 6.1; WOW64; Trident/7.0; rv:11.0) like Gecko"
80.123.225.34 - - [17/Jul/2018:11:15:15 +0200] "GET /reload?ser=1531818917319 HTTP/1.1" 200 28 "http://renault.activities.at/result?searchterm=true&search=reh5330" "Mozilla/5.0 (Windows NT 6.1; Win64; x64) AppleWebKit/537.36 (KHTML, like Gecko) Chrome/67.0.3396.99 Safari/537.36"
212.152.158.195 - - [17/Jul/2018:11:15:21 +0200] "GET /reload?ser=1531819002354 HTTP/1.1" 200 28 "http://renault.activities.at/11843800" "Mozilla/5.0 (Windows NT 6.1; WOW64; Trident/7.0; rv:11.0) like Gecko"
193.194.132.28 - - [17/Jul/2018:11:16:11 +0200] "GET /reload?ser=1531818970941 HTTP/1.1" 200 28 "http://renault.2web.at/account?loadrequest=true" "Mozilla/5.0 (Windows NT 6.1; WOW64; Trident/7.0; rv:11.0) like Gecko"
80.123.225.34 - - [17/Jul/2018:11:16:16 +0200] "GET /reload?ser=1531818978319 HTTP/1.1" 200 28 "http://renault.activities.at/result?searchterm=true&search=reh5330" "Mozilla/5.0 (Windows NT 6.1; Win64; x64) AppleWebKit/537.36 (KHTML, like Gecko) Chrome/67.0.3396.99 Safari/537.36"
212.152.158.195 - - [17/Jul/2018:11:16:22 +0200] "GET /reload?ser=1531819063326 HTTP/1.1" 200 28 "http://renault.activities.at/11843800" "Mozilla/5.0 (Windows NT 6.1; WOW64; Trident/7.0; rv:11.0) like Gecko"
193.194.132.28 - - [17/Jul/2018:11:17:12 +0200] "GET /reload?ser=1531819032092 HTTP/1.1" 200 28 "http://renault.2web.at/account?loadrequest=true" "Mozilla/5.0 (Windows NT 6.1; WOW64; Trident/7.0; rv:11.0) like Gecko"
80.123.225.34 - - [17/Jul/2018:11:17:17 +0200] "GET /reload?ser=1531819039319 HTTP/1.1" 200 28 "http://renault.activities.at/result?searchterm=true&search=reh5330" "Mozilla/5.0 (Windows NT 6.1; Win64; x64) AppleWebKit/537.36 (KHTML, like Gecko) Chrome/67.0.3396.99 Safari/537.36"
212.152.158.195 - - [17/Jul/2018:11:17:23 +0200] "GET /reload?ser=1531819124312 HTTP/1.1" 200 28 "http://renault.activities.at/11843800" "Mozilla/5.0 (Windows NT 6.1; WOW64; Trident/7.0; rv:11.0) like Gecko"
193.194.132.28 - - [17/Jul/2018:11:18:13 +0200] "GET /reload?ser=1531819093162 HTTP/1.1" 200 28 "http://renault.2web.at/account?loadrequest=true" "Mozilla/5.0 (Windows NT 6.1; WOW64; Trident/7.0; rv:11.0) like Gecko"
80.123.225.34 - - [17/Jul/2018:11:18:18 +0200] "GET /reload?ser=1531819100319 HTTP/1.1" 200 28 "http://renault.activities.at/result?searchterm=true&search=reh5330" "Mozilla/5.0 (Windows NT 6.1; Win64; x64) AppleWebKit/537.36 (KHTML, like Gecko) Chrome/67.0.3396.99 Safari/537.36"
212.152.158.195 - - [17/Jul/2018:11:18:24 +0200] "GET /reload?ser=1531819185296 HTTP/1.1" 200 28 "http://renault.activities.at/11843800" "Mozilla/5.0 (Windows NT 6.1; WOW64; Trident/7.0; rv:11.0) like Gecko"
193.194.132.28 - - [17/Jul/2018:11:19:14 +0200] "GET /reload?ser=1531819154317 HTTP/1.1" 200 28 "http://renault.2web.at/account?loadrequest=true" "Mozilla/5.0 (Windows NT 6.1; WOW64; Trident/7.0; rv:11.0) like Gecko"
80.123.225.34 - - [17/Jul/2018:11:19:19 +0200] "GET /reload?ser=1531819161319 HTTP/1.1" 200 28 "http://renault.activities.at/result?searchterm=true&search=reh5330" "Mozilla/5.0 (Windows NT 6.1; Win64; x64) AppleWebKit/537.36 (KHTML, like Gecko) Chrome/67.0.3396.99 Safari/537.36"
212.152.158.195 - - [17/Jul/2018:11:19:25 +0200] "GET /reload?ser=1531819246230 HTTP/1.1" 200 28 "http://renault.activities.at/11843800" "Mozilla/5.0 (Windows NT 6.1; WOW64; Trident/7.0; rv:11.0) like Gecko"
193.194.132.28 - - [17/Jul/2018:11:20:15 +0200] "GET /reload?ser=1531819215415 HTTP/1.1" 200 28 "http://renault.2web.at/account?loadrequest=true" "Mozilla/5.0 (Windows NT 6.1; WOW64; Trident/7.0; rv:11.0) like Gecko"
80.123.225.34 - - [17/Jul/2018:11:20:21 +0200] "GET /reload?ser=1531819223319 HTTP/1.1" 200 28 "http://renault.activities.at/result?searchterm=true&search=reh5330" "Mozilla/5.0 (Windows NT 6.1; Win64; x64) AppleWebKit/537.36 (KHTML, like Gecko) Chrome/67.0.3396.99 Safari/537.36"
212.152.158.195 - - [17/Jul/2018:11:20:25 +0200] "GET /reload?ser=1531819307190 HTTP/1.1" 200 28 "http://renault.activities.at/11843800" "Mozilla/5.0 (Windows NT 6.1; WOW64; Trident/7.0; rv:11.0) like Gecko"
193.194.132.28 - - [17/Jul/2018:11:21:16 +0200] "GET /reload?ser=1531819276569 HTTP/1.1" 200 28 "http://renault.2web.at/account?loadrequest=true" "Mozilla/5.0 (Windows NT 6.1; WOW64; Trident/7.0; rv:11.0) like Gecko"
80.123.225.34 - - [17/Jul/2018:11:21:22 +0200] "GET /reload?ser=1531819284319 HTTP/1.1" 200 28 "http://renault.activities.at/result?searchterm=true&search=reh5330" "Mozilla/5.0 (Windows NT 6.1; Win64; x64) AppleWebKit/537.36 (KHTML, like Gecko) Chrome/67.0.3396.99 Safari/537.36"
212.152.158.195 - - [17/Jul/2018:11:21:27 +0200] "GET /reload?ser=1531819368312 HTTP/1.1" 200 28 "http://renault.activities.at/11843800" "Mozilla/5.0 (Windows NT 6.1; WOW64; Trident/7.0; rv:11.0) like Gecko"
193.194.132.28 - - [17/Jul/2018:11:22:17 +0200] "GET /reload?ser=1531819337756 HTTP/1.1" 200 28 "http://renault.2web.at/account?loadrequest=true" "Mozilla/5.0 (Windows NT 6.1; WOW64; Trident/7.0; rv:11.0) like Gecko"
80.123.225.34 - - [17/Jul/2018:11:22:23 +0200] "GET /reload?ser=1531819345319 HTTP/1.1" 200 28 "http://renault.activities.at/result?searchterm=true&search=reh5330" "Mozilla/5.0 (Windows NT 6.1; Win64; x64) AppleWebKit/537.36 (KHTML, like Gecko) Chrome/67.0.3396.99 Safari/537.36"
212.152.158.195 - - [17/Jul/2018:11:22:28 +0200] "GET /reload?ser=1531819429394 HTTP/1.1" 200 28 "http://renault.activities.at/11843800" "Mozilla/5.0 (Windows NT 6.1; WOW64; Trident/7.0; rv:11.0) like Gecko"
193.194.132.28 - - [17/Jul/2018:11:23:19 +0200] "GET /reload?ser=1531819398890 HTTP/1.1" 200 28 "http://renault.2web.at/account?loadrequest=true" "Mozilla/5.0 (Windows NT 6.1; WOW64; Trident/7.0; rv:11.0) like Gecko"
80.123.225.34 - - [17/Jul/2018:11:23:24 +0200] "GET /reload?ser=1531819406319 HTTP/1.1" 200 28 "http://renault.activities.at/result?searchterm=true&search=reh5330" "Mozilla/5.0 (Windows NT 6.1; Win64; x64) AppleWebKit/537.36 (KHTML, like Gecko) Chrome/67.0.3396.99 Safari/537.36"
212.152.158.195 - - [17/Jul/2018:11:23:29 +0200] "GET /reload?ser=1531819490419 HTTP/1.1" 200 28 "http://renault.activities.at/11843800" "Mozilla/5.0 (Windows NT 6.1; WOW64; Trident/7.0; rv:11.0) like Gecko"
193.194.132.28 - - [17/Jul/2018:11:24:20 +0200] "GET /reload?ser=1531819460016 HTTP/1.1" 200 28 "http://renault.2web.at/account?loadrequest=true" "Mozilla/5.0 (Windows NT 6.1; WOW64; Trident/7.0; rv:11.0) like Gecko"
80.123.225.34 - - [17/Jul/2018:11:24:25 +0200] "GET /reload?ser=1531819467319 HTTP/1.1" 200 28 "http://renault.activities.at/result?searchterm=true&search=reh5330" "Mozilla/5.0 (Windows NT 6.1; Win64; x64) AppleWebKit/537.36 (KHTML, like Gecko) Chrome/67.0.3396.99 Safari/537.36"
212.152.158.195 - - [17/Jul/2018:11:24:30 +0200] "GET /reload?ser=1531819551449 HTTP/1.1" 200 28 "http://renault.activities.at/11843800" "Mozilla/5.0 (Windows NT 6.1; WOW64; Trident/7.0; rv:11.0) like Gecko"
