91.114.44.210 - - [17/Jul/2018:13:34:23 +0200] "GET /images/checkout_border.gif HTTP/1.1" 200 43 "http://renault.activities.at/checkout" "Mozilla/5.0 (Windows NT 6.1; WOW64; Trident/7.0; rv:11.0) like Gecko"
91.114.44.210 - - [17/Jul/2018:13:34:23 +0200] "GET /images/checkout_border_top.gif HTTP/1.1" 200 156 "http://renault.activities.at/checkout" "Mozilla/5.0 (Windows NT 6.1; WOW64; Trident/7.0; rv:11.0) like Gecko"
91.114.44.210 - - [17/Jul/2018:13:34:25 +0200] "POST /docheckout HTTP/1.1" 200 470 "http://renault.activities.at/checkout" "Mozilla/5.0 (Windows NT 6.1; WOW64; Trident/7.0; rv:11.0) like Gecko"
91.114.44.210 - - [17/Jul/2018:13:34:28 +0200] "POST /docheckout HTTP/1.1" 200 608 "http://renault.activities.at/checkout" "Mozilla/5.0 (Windows NT 6.1; WOW64; Trident/7.0; rv:11.0) like Gecko"
91.114.44.210 - - [17/Jul/2018:13:34:30 +0200] "GET /images/error_msg_icon.gif HTTP/1.1" 200 1013 "http://renault.activities.at/checkout" "Mozilla/5.0 (Windows NT 6.1; WOW64; Trident/7.0; rv:11.0) like Gecko"
91.114.44.210 - - [17/Jul/2018:13:34:32 +0200] "POST /docheckout HTTP/1.1" 200 68 "http://renault.activities.at/checkout" "Mozilla/5.0 (Windows NT 6.1; WOW64; Trident/7.0; rv:11.0) like Gecko"
91.114.44.210 - - [17/Jul/2018:13:34:35 +0200] "GET /success HTTP/1.1" 200 3781 "http://renault.activities.at/checkout" "Mozilla/5.0 (Windows NT 6.1; WOW64; Trident/7.0; rv:11.0) like Gecko"
212.152.158.195 - - [17/Jul/2018:13:34:38 +0200] "GET /reload?ser=1531827359403 HTTP/1.1" 200 28 "http://renault.activities.at/11843800" "Mozilla/5.0 (Windows NT 6.1; WOW64; Trident/7.0; rv:11.0) like Gecko"
212.152.158.195 - - [17/Jul/2018:13:35:39 +0200] "GET /reload?ser=1531827420354 HTTP/1.1" 200 28 "http://renault.activities.at/11843800" "Mozilla/5.0 (Windows NT 6.1; WOW64; Trident/7.0; rv:11.0) like Gecko"
212.152.158.195 - - [17/Jul/2018:13:36:40 +0200] "GET /reload?ser=1531827481374 HTTP/1.1" 200 28 "http://renault.activities.at/11843800" "Mozilla/5.0 (Windows NT 6.1; WOW64; Trident/7.0; rv:11.0) like Gecko"
212.152.158.195 - - [17/Jul/2018:13:37:41 +0200] "GET /reload?ser=1531827542353 HTTP/1.1" 200 28 "http://renault.activities.at/11843800" "Mozilla/5.0 (Windows NT 6.1; WOW64; Trident/7.0; rv:11.0) like Gecko"
212.152.158.195 - - [17/Jul/2018:13:38:42 +0200] "GET /reload?ser=1531827603306 HTTP/1.1" 200 28 "http://renault.activities.at/11843800" "Mozilla/5.0 (Windows NT 6.1; WOW64; Trident/7.0; rv:11.0) like Gecko"
212.152.158.195 - - [17/Jul/2018:13:39:43 +0200] "GET /reload?ser=1531827664384 HTTP/1.1" 200 28 "http://renault.activities.at/11843800" "Mozilla/5.0 (Windows NT 6.1; WOW64; Trident/7.0; rv:11.0) like Gecko"
212.152.158.195 - - [17/Jul/2018:13:40:44 +0200] "GET /reload?ser=1531827725353 HTTP/1.1" 200 28 "http://renault.activities.at/11843800" "Mozilla/5.0 (Windows NT 6.1; WOW64; Trident/7.0; rv:11.0) like Gecko"
212.152.158.195 - - [17/Jul/2018:13:41:45 +0200] "GET /reload?ser=1531827786322 HTTP/1.1" 200 28 "http://renault.activities.at/11843800" "Mozilla/5.0 (Windows NT 6.1; WOW64; Trident/7.0; rv:11.0) like Gecko"
212.152.158.195 - - [17/Jul/2018:13:42:46 +0200] "GET /reload?ser=1531827847806 HTTP/1.1" 200 28 "http://renault.activities.at/11843800" "Mozilla/5.0 (Windows NT 6.1; WOW64; Trident/7.0; rv:11.0) like Gecko"
212.152.158.195 - - [17/Jul/2018:13:43:47 +0200] "GET /reload?ser=1531827908939 HTTP/1.1" 200 28 "http://renault.activities.at/11843800" "Mozilla/5.0 (Windows NT 6.1; WOW64; Trident/7.0; rv:11.0) like Gecko"
212.152.158.195 - - [17/Jul/2018:13:44:48 +0200] "GET /reload?ser=1531827969962 HTTP/1.1" 200 28 "http://renault.activities.at/11843800" "Mozilla/5.0 (Windows NT 6.1; WOW64; Trident/7.0; rv:11.0) like Gecko"
212.152.158.195 - - [17/Jul/2018:13:45:49 +0200] "GET /reload?ser=1531828030947 HTTP/1.1" 200 28 "http://renault.activities.at/11843800" "Mozilla/5.0 (Windows NT 6.1; WOW64; Trident/7.0; rv:11.0) like Gecko"
212.152.158.195 - - [17/Jul/2018:13:46:50 +0200] "GET /reload?ser=1531828092269 HTTP/1.1" 200 28 "http://renault.activities.at/11843800" "Mozilla/5.0 (Windows NT 6.1; WOW64; Trident/7.0; rv:11.0) like Gecko"
212.152.158.195 - - [17/Jul/2018:13:47:51 +0200] "GET /reload?ser=1531828153310 HTTP/1.1" 200 28 "http://renault.activities.at/11843800" "Mozilla/5.0 (Windows NT 6.1; WOW64; Trident/7.0; rv:11.0) like Gecko"
212.152.158.195 - - [17/Jul/2018:13:48:53 +0200] "GET /reload?ser=1531828214326 HTTP/1.1" 200 28 "http://renault.activities.at/11843800" "Mozilla/5.0 (Windows NT 6.1; WOW64; Trident/7.0; rv:11.0) like Gecko"
212.152.158.195 - - [17/Jul/2018:13:49:54 +0200] "GET /reload?ser=1531828275381 HTTP/1.1" 200 28 "http://renault.activities.at/11843800" "Mozilla/5.0 (Windows NT 6.1; WOW64; Trident/7.0; rv:11.0) like Gecko"
212.152.158.195 - - [17/Jul/2018:13:50:55 +0200] "GET /reload?ser=1531828336422 HTTP/1.1" 200 28 "http://renault.activities.at/11843800" "Mozilla/5.0 (Windows NT 6.1; WOW64; Trident/7.0; rv:11.0) like Gecko"
212.152.158.195 - - [17/Jul/2018:13:51:56 +0200] "GET /reload?ser=1531828397456 HTTP/1.1" 200 28 "http://renault.activities.at/11843800" "Mozilla/5.0 (Windows NT 6.1; WOW64; Trident/7.0; rv:11.0) like Gecko"
212.152.158.195 - - [17/Jul/2018:13:52:57 +0200] "GET /reload?ser=1531828458439 HTTP/1.1" 200 28 "http://renault.activities.at/11843800" "Mozilla/5.0 (Windows NT 6.1; WOW64; Trident/7.0; rv:11.0) like Gecko"
212.152.158.195 - - [17/Jul/2018:13:53:58 +0200] "GET /reload?ser=1531828519480 HTTP/1.1" 200 28 "http://renault.activities.at/11843800" "Mozilla/5.0 (Windows NT 6.1; WOW64; Trident/7.0; rv:11.0) like Gecko"
212.152.158.195 - - [17/Jul/2018:13:54:59 +0200] "GET /reload?ser=1531828580466 HTTP/1.1" 200 28 "http://renault.activities.at/11843800" "Mozilla/5.0 (Windows NT 6.1; WOW64; Trident/7.0; rv:11.0) like Gecko"
212.152.158.195 - - [17/Jul/2018:13:56:00 +0200] "GET /reload?ser=1531828641476 HTTP/1.1" 200 28 "http://renault.activities.at/11843800" "Mozilla/5.0 (Windows NT 6.1; WOW64; Trident/7.0; rv:11.0) like Gecko"
212.152.158.195 - - [17/Jul/2018:13:57:01 +0200] "GET /reload?ser=1531828702490 HTTP/1.1" 200 28 "http://renault.activities.at/11843800" "Mozilla/5.0 (Windows NT 6.1; WOW64; Trident/7.0; rv:11.0) like Gecko"
212.152.158.195 - - [17/Jul/2018:13:58:02 +0200] "GET /reload?ser=1531828763493 HTTP/1.1" 200 28 "http://renault.activities.at/11843800" "Mozilla/5.0 (Windows NT 6.1; WOW64; Trident/7.0; rv:11.0) like Gecko"
212.152.158.195 - - [17/Jul/2018:13:59:03 +0200] "GET /reload?ser=1531828824497 HTTP/1.1" 200 28 "http://renault.activities.at/11843800" "Mozilla/5.0 (Windows NT 6.1; WOW64; Trident/7.0; rv:11.0) like Gecko"
212.152.158.195 - - [17/Jul/2018:14:00:04 +0200] "GET /reload?ser=1531828885596 HTTP/1.1" 200 28 "http://renault.activities.at/11843800" "Mozilla/5.0 (Windows NT 6.1; WOW64; Trident/7.0; rv:11.0) like Gecko"
212.152.158.195 - - [17/Jul/2018:14:01:05 +0200] "GET /reload?ser=1531828946603 HTTP/1.1" 200 28 "http://renault.activities.at/11843800" "Mozilla/5.0 (Windows NT 6.1; WOW64; Trident/7.0; rv:11.0) like Gecko"
212.152.158.195 - - [17/Jul/2018:14:02:06 +0200] "GET /reload?ser=1531829007608 HTTP/1.1" 200 28 "http://renault.activities.at/11843800" "Mozilla/5.0 (Windows NT 6.1; WOW64; Trident/7.0; rv:11.0) like Gecko"
212.152.158.195 - - [17/Jul/2018:14:03:07 +0200] "GET /reload?ser=1531829068565 HTTP/1.1" 200 28 "http://renault.activities.at/11843800" "Mozilla/5.0 (Windows NT 6.1; WOW64; Trident/7.0; rv:11.0) like Gecko"
212.152.158.195 - - [17/Jul/2018:14:04:08 +0200] "GET /reload?ser=1531829129536 HTTP/1.1" 200 28 "http://renault.activities.at/11843800" "Mozilla/5.0 (Windows NT 6.1; WOW64; Trident/7.0; rv:11.0) like Gecko"
212.152.158.195 - - [17/Jul/2018:14:05:09 +0200] "GET /reload?ser=1531829190544 HTTP/1.1" 200 28 "http://renault.activities.at/11843800" "Mozilla/5.0 (Windows NT 6.1; WOW64; Trident/7.0; rv:11.0) like Gecko"
212.152.158.195 - - [17/Jul/2018:14:06:10 +0200] "GET /reload?ser=1531829251525 HTTP/1.1" 200 28 "http://renault.activities.at/11843800" "Mozilla/5.0 (Windows NT 6.1; WOW64; Trident/7.0; rv:11.0) like Gecko"
212.152.158.195 - - [17/Jul/2018:14:07:11 +0200] "GET /reload?ser=1531829312516 HTTP/1.1" 200 28 "http://renault.activities.at/11843800" "Mozilla/5.0 (Windows NT 6.1; WOW64; Trident/7.0; rv:11.0) like Gecko"
212.152.158.195 - - [17/Jul/2018:14:08:12 +0200] "GET /reload?ser=1531829373497 HTTP/1.1" 200 28 "http://renault.activities.at/11843800" "Mozilla/5.0 (Windows NT 6.1; WOW64; Trident/7.0; rv:11.0) like Gecko"
212.152.158.195 - - [17/Jul/2018:14:09:13 +0200] "GET /reload?ser=1531829434498 HTTP/1.1" 200 28 "http://renault.activities.at/11843800" "Mozilla/5.0 (Windows NT 6.1; WOW64; Trident/7.0; rv:11.0) like Gecko"
212.152.158.195 - - [17/Jul/2018:14:10:14 +0200] "GET /reload?ser=1531829495466 HTTP/1.1" 200 28 "http://renault.activities.at/11843800" "Mozilla/5.0 (Windows NT 6.1; WOW64; Trident/7.0; rv:11.0) like Gecko"
212.152.158.195 - - [17/Jul/2018:14:11:15 +0200] "GET /reload?ser=1531829556479 HTTP/1.1" 200 28 "http://renault.activities.at/11843800" "Mozilla/5.0 (Windows NT 6.1; WOW64; Trident/7.0; rv:11.0) like Gecko"
212.152.158.195 - - [17/Jul/2018:14:12:16 +0200] "GET /reload?ser=1531829617503 HTTP/1.1" 200 28 "http://renault.activities.at/11843800" "Mozilla/5.0 (Windows NT 6.1; WOW64; Trident/7.0; rv:11.0) like Gecko"
80.120.5.131 - - [17/Jul/2018:14:12:48 +0200] "GET /10201637 HTTP/1.1" 302 150 "-" "Mozilla/5.0 (Macintosh; Intel Mac OS X 10_13_5) AppleWebKit/605.1.15 (KHTML, like Gecko)"
80.120.5.131 - - [17/Jul/2018:14:12:50 +0200] "GET /login?required=true HTTP/1.1" 200 2086 "-" "Mozilla/5.0 (Macintosh; Intel Mac OS X 10_13_5) AppleWebKit/605.1.15 (KHTML, like Gecko)"
80.120.5.131 - - [17/Jul/2018:14:12:51 +0200] "GET /apple-touch-icon-precomposed.png HTTP/1.1" 200 1559 "-" "Safari/13605.2.8 CFNetwork/901.1 Darwin/17.6.0 (x86_64)"
80.120.5.131 - - [17/Jul/2018:14:12:52 +0200] "GET /apple-touch-icon.png HTTP/1.1" 200 1559 "-" "Safari/13605.2.8 CFNetwork/901.1 Darwin/17.6.0 (x86_64)"
80.120.5.131 - - [17/Jul/2018:14:12:53 +0200] "GET /images/favicon.ico HTTP/1.1" 404 305 "-" "Safari/13605.2.8 CFNetwork/901.1 Darwin/17.6.0 (x86_64)"
80.120.5.131 - - [17/Jul/2018:14:12:53 +0200] "GET /images/favicon.ico HTTP/1.1" 404 305 "-" "Safari/13605.2.8 CFNetwork/901.1 Darwin/17.6.0 (x86_64)"
80.120.5.131 - - [17/Jul/2018:14:12:53 +0200] "GET /favicon.ico HTTP/1.1" 200 3250 "-" "Safari/13605.2.8 CFNetwork/901.1 Darwin/17.6.0 (x86_64)"
80.120.5.131 - - [17/Jul/2018:14:12:53 +0200] "GET /apple-touch-icon-precomposed.png HTTP/1.1" 200 1559 "-" "Safari/13605.2.8 CFNetwork/901.1 Darwin/17.6.0 (x86_64)"
80.120.5.131 - - [17/Jul/2018:14:12:54 +0200] "GET /apple-touch-icon.png HTTP/1.1" 200 1559 "-" "Safari/13605.2.8 CFNetwork/901.1 Darwin/17.6.0 (x86_64)"
80.120.5.131 - - [17/Jul/2018:14:12:55 +0200] "GET /images/favicon.ico HTTP/1.1" 404 305 "-" "Safari/13605.2.8 CFNetwork/901.1 Darwin/17.6.0 (x86_64)"
80.120.5.131 - - [17/Jul/2018:14:12:55 +0200] "GET /images/favicon.ico HTTP/1.1" 404 305 "-" "Safari/13605.2.8 CFNetwork/901.1 Darwin/17.6.0 (x86_64)"
80.120.5.131 - - [17/Jul/2018:14:12:55 +0200] "GET /favicon.ico HTTP/1.1" 200 3250 "-" "Safari/13605.2.8 CFNetwork/901.1 Darwin/17.6.0 (x86_64)"
80.120.5.131 - - [17/Jul/2018:14:12:55 +0200] "GET /10201637 HTTP/1.1" 302 150 "-" "\"Mozilla/5.0 (iPhone; CPU iPhone OS 11_0 like Mac OS X) AppleWebKit/604.1.38 (KHTML, like Gecko) Version/11.0 Mobile/15A372 Safari/604.1\""
80.120.5.131 - - [17/Jul/2018:14:12:56 +0200] "GET /login?required=true HTTP/1.1" 200 2086 "-" "\"Mozilla/5.0 (iPhone; CPU iPhone OS 11_0 like Mac OS X) AppleWebKit/604.1.38 (KHTML, like Gecko) Version/11.0 Mobile/15A372 Safari/604.1\""
80.120.5.131 - - [17/Jul/2018:14:12:57 +0200] "GET /apple-touch-icon-precomposed.png HTTP/1.1" 200 1559 "-" "Safari/13605.2.8 CFNetwork/901.1 Darwin/17.6.0 (x86_64)"
80.120.5.131 - - [17/Jul/2018:14:12:58 +0200] "GET /apple-touch-icon.png HTTP/1.1" 200 1559 "-" "Safari/13605.2.8 CFNetwork/901.1 Darwin/17.6.0 (x86_64)"
80.120.5.131 - - [17/Jul/2018:14:12:59 +0200] "GET /images/favicon.ico HTTP/1.1" 404 305 "-" "Safari/13605.2.8 CFNetwork/901.1 Darwin/17.6.0 (x86_64)"
80.120.5.131 - - [17/Jul/2018:14:12:59 +0200] "GET /images/favicon.ico HTTP/1.1" 404 305 "-" "Safari/13605.2.8 CFNetwork/901.1 Darwin/17.6.0 (x86_64)"
80.120.5.131 - - [17/Jul/2018:14:12:59 +0200] "GET /favicon.ico HTTP/1.1" 200 3250 "-" "Safari/13605.2.8 CFNetwork/901.1 Darwin/17.6.0 (x86_64)"
80.120.5.131 - - [17/Jul/2018:14:12:59 +0200] "GET /apple-touch-icon-precomposed.png HTTP/1.1" 200 1559 "-" "Safari/13605.2.8 CFNetwork/901.1 Darwin/17.6.0 (x86_64)"
80.120.5.131 - - [17/Jul/2018:14:13:00 +0200] "GET /apple-touch-icon.png HTTP/1.1" 200 1559 "-" "Safari/13605.2.8 CFNetwork/901.1 Darwin/17.6.0 (x86_64)"
80.120.5.131 - - [17/Jul/2018:14:13:01 +0200] "GET /images/favicon.ico HTTP/1.1" 404 305 "-" "Safari/13605.2.8 CFNetwork/901.1 Darwin/17.6.0 (x86_64)"
80.120.5.131 - - [17/Jul/2018:14:13:01 +0200] "GET /images/favicon.ico HTTP/1.1" 404 305 "-" "Safari/13605.2.8 CFNetwork/901.1 Darwin/17.6.0 (x86_64)"
80.120.5.131 - - [17/Jul/2018:14:13:02 +0200] "GET /favicon.ico HTTP/1.1" 200 3250 "-" "Safari/13605.2.8 CFNetwork/901.1 Darwin/17.6.0 (x86_64)"
212.152.158.195 - - [17/Jul/2018:14:13:17 +0200] "GET /reload?ser=1531829678473 HTTP/1.1" 200 28 "http://renault.activities.at/11843800" "Mozilla/5.0 (Windows NT 6.1; WOW64; Trident/7.0; rv:11.0) like Gecko"
212.152.158.195 - - [17/Jul/2018:14:14:18 +0200] "GET /reload?ser=1531829739482 HTTP/1.1" 200 28 "http://renault.activities.at/11843800" "Mozilla/5.0 (Windows NT 6.1; WOW64; Trident/7.0; rv:11.0) like Gecko"
212.152.158.195 - - [17/Jul/2018:14:15:19 +0200] "GET /reload?ser=1531829800474 HTTP/1.1" 200 28 "http://renault.activities.at/11843800" "Mozilla/5.0 (Windows NT 6.1; WOW64; Trident/7.0; rv:11.0) like Gecko"
212.152.158.195 - - [17/Jul/2018:14:16:20 +0200] "GET /reload?ser=1531829861419 HTTP/1.1" 200 28 "http://renault.activities.at/11843800" "Mozilla/5.0 (Windows NT 6.1; WOW64; Trident/7.0; rv:11.0) like Gecko"
212.152.158.195 - - [17/Jul/2018:14:17:21 +0200] "GET /reload?ser=1531829922423 HTTP/1.1" 200 28 "http://renault.activities.at/11843800" "Mozilla/5.0 (Windows NT 6.1; WOW64; Trident/7.0; rv:11.0) like Gecko"
212.152.158.195 - - [17/Jul/2018:14:18:22 +0200] "GET /reload?ser=1531829983385 HTTP/1.1" 200 28 "http://renault.activities.at/11843800" "Mozilla/5.0 (Windows NT 6.1; WOW64; Trident/7.0; rv:11.0) like Gecko"
212.152.158.195 - - [17/Jul/2018:14:19:22 +0200] "GET /reload?ser=1531830044347 HTTP/1.1" 200 28 "http://renault.activities.at/11843800" "Mozilla/5.0 (Windows NT 6.1; WOW64; Trident/7.0; rv:11.0) like Gecko"
212.152.158.195 - - [17/Jul/2018:14:20:23 +0200] "GET /reload?ser=1531830105342 HTTP/1.1" 200 28 "http://renault.activities.at/11843800" "Mozilla/5.0 (Windows NT 6.1; WOW64; Trident/7.0; rv:11.0) like Gecko"
80.123.225.34 - - [17/Jul/2018:14:20:37 +0200] "GET / HTTP/1.1" 200 3680 "-" "Mozilla/5.0 (compatible; MSIE 10.0; Windows NT 6.1; WOW64; Trident/6.0)"
80.123.225.34 - - [17/Jul/2018:14:20:39 +0200] "GET /images/favicon.ico HTTP/1.1" 404 305 "-" "Mozilla/5.0 (compatible; MSIE 10.0; Windows NT 6.1; Win64; x64; Trident/6.0)"
80.123.225.34 - - [17/Jul/2018:14:20:39 +0200] "GET /loadthumbnail.php?id=11127982 HTTP/1.1" 200 399614 "http://renault.activities.at/" "Mozilla/5.0 (compatible; MSIE 10.0; Windows NT 6.1; WOW64; Trident/6.0)"
80.123.225.34 - - [17/Jul/2018:14:20:40 +0200] "GET /login HTTP/1.1" 200 2086 "http://renault.activities.at/" "Mozilla/5.0 (compatible; MSIE 10.0; Windows NT 6.1; WOW64; Trident/6.0)"
80.123.225.34 - - [17/Jul/2018:14:20:41 +0200] "GET /images/favicon.ico HTTP/1.1" 404 305 "-" "Mozilla/5.0 (compatible; MSIE 10.0; Windows NT 6.1; Win64; x64; Trident/6.0)"
80.123.225.34 - - [17/Jul/2018:14:20:50 +0200] "POST /login HTTP/1.1" 302 140 "http://renault.activities.at/login" "Mozilla/5.0 (compatible; MSIE 10.0; Windows NT 6.1; WOW64; Trident/6.0)"
80.123.225.34 - - [17/Jul/2018:14:20:51 +0200] "GET /account HTTP/1.1" 200 5942 "http://renault.activities.at/login" "Mozilla/5.0 (compatible; MSIE 10.0; Windows NT 6.1; WOW64; Trident/6.0)"
80.123.225.34 - - [17/Jul/2018:14:20:54 +0200] "GET /loadthumbnail.php?id=11734866&width=50&height=50 HTTP/1.1" 200 4426 "http://renault.activities.at/account" "Mozilla/5.0 (compatible; MSIE 10.0; Windows NT 6.1; WOW64; Trident/6.0)"
80.123.225.34 - - [17/Jul/2018:14:21:14 +0200] "POST /axjaxrequest?mode=suggest HTTP/1.1" 200 133 "http://renault.activities.at/account" "Mozilla/5.0 (compatible; MSIE 10.0; Windows NT 6.1; WOW64; Trident/6.0)"
80.123.225.34 - - [17/Jul/2018:14:21:16 +0200] "POST /axjaxrequest?mode=suggest HTTP/1.1" 200 1145 "http://renault.activities.at/account" "Mozilla/5.0 (compatible; MSIE 10.0; Windows NT 6.1; WOW64; Trident/6.0)"
80.123.225.34 - - [17/Jul/2018:14:21:19 +0200] "GET /result?searchterm=true&search=reh5327 HTTP/1.1" 200 5846 "http://renault.activities.at/account" "Mozilla/5.0 (compatible; MSIE 10.0; Windows NT 6.1; WOW64; Trident/6.0)"
80.123.225.34 - - [17/Jul/2018:14:21:21 +0200] "GET /js/PIE/PIE.htc HTTP/1.1" 200 41041 "-" "Mozilla/5.0 (compatible; MSIE 10.0; Windows NT 6.1; WOW64; Trident/6.0)"
80.123.225.34 - - [17/Jul/2018:14:21:21 +0200] "GET /loadthumbnail.php?id=10203255 HTTP/1.1" 200 137 "http://renault.activities.at/result?searchterm=true&search=reh5327" "Mozilla/5.0 (compatible; MSIE 10.0; Windows NT 6.1; WOW64; Trident/6.0)"
80.123.225.34 - - [17/Jul/2018:14:21:21 +0200] "GET /loadthumbnail.php?id=10203650&width=113 HTTP/1.1" 200 2741 "http://renault.activities.at/result?searchterm=true&search=reh5327" "Mozilla/5.0 (compatible; MSIE 10.0; Windows NT 6.1; WOW64; Trident/6.0)"
80.123.225.34 - - [17/Jul/2018:14:21:19 +0200] "POST /axjaxrequest?mode=suggest HTTP/1.1" 200 112 "http://renault.activities.at/account" "Mozilla/5.0 (compatible; MSIE 10.0; Windows NT 6.1; WOW64; Trident/6.0)"
212.152.158.195 - - [17/Jul/2018:14:21:24 +0200] "GET /reload?ser=1531830166341 HTTP/1.1" 200 28 "http://renault.activities.at/11843800" "Mozilla/5.0 (Windows NT 6.1; WOW64; Trident/7.0; rv:11.0) like Gecko"
80.123.225.34 - - [17/Jul/2018:14:21:52 +0200] "GET /result?searchterm=true&search=reh5327 HTTP/1.1" 200 5846 "http://renault.activities.at/account" "Mozilla/5.0 (compatible; MSIE 10.0; Windows NT 6.1; WOW64; Trident/6.0)"
80.123.225.34 - - [17/Jul/2018:14:21:54 +0200] "GET /js/default.js HTTP/1.1" 304 - "http://renault.activities.at/result?searchterm=true&search=reh5327" "Mozilla/5.0 (compatible; MSIE 10.0; Windows NT 6.1; WOW64; Trident/6.0)"
80.123.225.34 - - [17/Jul/2018:14:21:54 +0200] "GET /js/index.php?c=auto&f=,prototype/prototype.js,prototype/validation.js,scriptaculous/builder.js,scriptaculous/effects.js,scriptaculous/dragdrop.js,scriptaculous/controls.js,scriptaculous/slider.js,varien/js.js,varien/form.js,varien/menu.js,mage/translate.js,mage/cookies.js,varien/product.js,spinner/SpinnerControl.jsmin.js,prototype/window.js,prototype/window_ext.js HTTP/1.1" 304 - "http://renault.activities.at/result?searchterm=true&search=reh5327" "Mozilla/5.0 (compatible; MSIE 10.0; Windows NT 6.1; WOW64; Trident/6.0)"
80.123.225.34 - - [17/Jul/2018:14:21:54 +0200] "GET /js/prototip.js HTTP/1.1" 304 - "http://renault.activities.at/result?searchterm=true&search=reh5327" "Mozilla/5.0 (compatible; MSIE 10.0; Windows NT 6.1; WOW64; Trident/6.0)"
80.123.225.34 - - [17/Jul/2018:14:21:54 +0200] "GET /css/reset.css HTTP/1.1" 304 - "http://renault.activities.at/result?searchterm=true&search=reh5327" "Mozilla/5.0 (compatible; MSIE 10.0; Windows NT 6.1; WOW64; Trident/6.0)"
80.123.225.34 - - [17/Jul/2018:14:21:54 +0200] "GET /css/styles.css HTTP/1.1" 304 - "http://renault.activities.at/result?searchterm=true&search=reh5327" "Mozilla/5.0 (compatible; MSIE 10.0; Windows NT 6.1; WOW64; Trident/6.0)"
80.123.225.34 - - [17/Jul/2018:14:21:54 +0200] "GET /css/clears.css HTTP/1.1" 304 - "http://renault.activities.at/result?searchterm=true&search=reh5327" "Mozilla/5.0 (compatible; MSIE 10.0; Windows NT 6.1; WOW64; Trident/6.0)"
80.123.225.34 - - [17/Jul/2018:14:21:54 +0200] "GET /css/print.css HTTP/1.1" 304 - "http://renault.activities.at/result?searchterm=true&search=reh5327" "Mozilla/5.0 (compatible; MSIE 10.0; Windows NT 6.1; WOW64; Trident/6.0)"
80.123.225.34 - - [17/Jul/2018:14:21:54 +0200] "GET /js/checkout.css HTTP/1.1" 304 - "http://renault.activities.at/result?searchterm=true&search=reh5327" "Mozilla/5.0 (compatible; MSIE 10.0; Windows NT 6.1; WOW64; Trident/6.0)"
80.123.225.34 - - [17/Jul/2018:14:21:54 +0200] "GET /css/prototip.css HTTP/1.1" 304 - "http://renault.activities.at/result?searchterm=true&search=reh5327" "Mozilla/5.0 (compatible; MSIE 10.0; Windows NT 6.1; WOW64; Trident/6.0)"
80.123.225.34 - - [17/Jul/2018:14:21:54 +0200] "GET /css/themes/default.css HTTP/1.1" 304 - "http://renault.activities.at/result?searchterm=true&search=reh5327" "Mozilla/5.0 (compatible; MSIE 10.0; Windows NT 6.1; WOW64; Trident/6.0)"
80.123.225.34 - - [17/Jul/2018:14:21:54 +0200] "GET /css/themes/alphacube.css HTTP/1.1" 304 - "http://renault.activities.at/result?searchterm=true&search=reh5327" "Mozilla/5.0 (compatible; MSIE 10.0; Windows NT 6.1; WOW64; Trident/6.0)"
80.123.225.34 - - [17/Jul/2018:14:21:54 +0200] "GET /js/ProduktGrp.js HTTP/1.1" 304 - "http://renault.activities.at/result?searchterm=true&search=reh5327" "Mozilla/5.0 (compatible; MSIE 10.0; Windows NT 6.1; WOW64; Trident/6.0)"
80.123.225.34 - - [17/Jul/2018:14:21:54 +0200] "GET /images/main_block_corner_right_bot.gif HTTP/1.1" 304 - "http://renault.activities.at/result?searchterm=true&search=reh5327" "Mozilla/5.0 (compatible; MSIE 10.0; Windows NT 6.1; WOW64; Trident/6.0)"
80.123.225.34 - - [17/Jul/2018:14:21:54 +0200] "GET /images/main_block_corner_right_top.gif HTTP/1.1" 304 - "http://renault.activities.at/result?searchterm=true&search=reh5327" "Mozilla/5.0 (compatible; MSIE 10.0; Windows NT 6.1; WOW64; Trident/6.0)"
80.123.225.34 - - [17/Jul/2018:14:21:54 +0200] "GET /images/main_block_corner_left_bot.gif HTTP/1.1" 304 - "http://renault.activities.at/result?searchterm=true&search=reh5327" "Mozilla/5.0 (compatible; MSIE 10.0; Windows NT 6.1; WOW64; Trident/6.0)"
80.123.225.34 - - [17/Jul/2018:14:21:54 +0200] "GET /images/main_block_corner_left_top.gif HTTP/1.1" 304 - "http://renault.activities.at/result?searchterm=true&search=reh5327" "Mozilla/5.0 (compatible; MSIE 10.0; Windows NT 6.1; WOW64; Trident/6.0)"
80.123.225.34 - - [17/Jul/2018:14:21:54 +0200] "GET /images/main_block_border.gif HTTP/1.1" 304 - "http://renault.activities.at/result?searchterm=true&search=reh5327" "Mozilla/5.0 (compatible; MSIE 10.0; Windows NT 6.1; WOW64; Trident/6.0)"
80.123.225.34 - - [17/Jul/2018:14:21:54 +0200] "GET /images/search_bg.gif HTTP/1.1" 304 - "http://renault.activities.at/result?searchterm=true&search=reh5327" "Mozilla/5.0 (compatible; MSIE 10.0; Windows NT 6.1; WOW64; Trident/6.0)"
80.123.225.34 - - [17/Jul/2018:14:21:54 +0200] "GET /images/menu_button_bg.jpg HTTP/1.1" 304 - "http://renault.activities.at/result?searchterm=true&search=reh5327" "Mozilla/5.0 (compatible; MSIE 10.0; Windows NT 6.1; WOW64; Trident/6.0)"
80.123.225.34 - - [17/Jul/2018:14:21:54 +0200] "GET /images/header_block_corner_right_top.gif HTTP/1.1" 304 - "http://renault.activities.at/result?searchterm=true&search=reh5327" "Mozilla/5.0 (compatible; MSIE 10.0; Windows NT 6.1; WOW64; Trident/6.0)"
80.123.225.34 - - [17/Jul/2018:14:21:54 +0200] "GET /images/nav_divider.gif HTTP/1.1" 304 - "http://renault.activities.at/result?searchterm=true&search=reh5327" "Mozilla/5.0 (compatible; MSIE 10.0; Windows NT 6.1; WOW64; Trident/6.0)"
80.123.225.34 - - [17/Jul/2018:14:21:54 +0200] "GET /images/header_block_corner_left_top.gif HTTP/1.1" 304 - "http://renault.activities.at/result?searchterm=true&search=reh5327" "Mozilla/5.0 (compatible; MSIE 10.0; Windows NT 6.1; WOW64; Trident/6.0)"
80.123.225.34 - - [17/Jul/2018:14:21:54 +0200] "GET /images/header_block_border.gif HTTP/1.1" 304 - "http://renault.activities.at/result?searchterm=true&search=reh5327" "Mozilla/5.0 (compatible; MSIE 10.0; Windows NT 6.1; WOW64; Trident/6.0)"
80.123.225.34 - - [17/Jul/2018:14:21:54 +0200] "GET /images/button_right_bg.gif HTTP/1.1" 304 - "http://renault.activities.at/result?searchterm=true&search=reh5327" "Mozilla/5.0 (compatible; MSIE 10.0; Windows NT 6.1; WOW64; Trident/6.0)"
80.123.225.34 - - [17/Jul/2018:14:21:54 +0200] "GET /images/sidebar_title_corner_right_top.gif HTTP/1.1" 304 - "http://renault.activities.at/result?searchterm=true&search=reh5327" "Mozilla/5.0 (compatible; MSIE 10.0; Windows NT 6.1; WOW64; Trident/6.0)"
80.123.225.34 - - [17/Jul/2018:14:21:54 +0200] "GET /images/button_bg.gif HTTP/1.1" 304 - "http://renault.activities.at/result?searchterm=true&search=reh5327" "Mozilla/5.0 (compatible; MSIE 10.0; Windows NT 6.1; WOW64; Trident/6.0)"
80.123.225.34 - - [17/Jul/2018:14:21:54 +0200] "GET /images/sidebar_title_border.gif HTTP/1.1" 304 - "http://renault.activities.at/result?searchterm=true&search=reh5327" "Mozilla/5.0 (compatible; MSIE 10.0; Windows NT 6.1; WOW64; Trident/6.0)"
80.123.225.34 - - [17/Jul/2018:14:21:54 +0200] "GET /images/button_left_bg.gif HTTP/1.1" 304 - "http://renault.activities.at/result?searchterm=true&search=reh5327" "Mozilla/5.0 (compatible; MSIE 10.0; Windows NT 6.1; WOW64; Trident/6.0)"
80.123.225.34 - - [17/Jul/2018:14:21:54 +0200] "GET /images/sidebar_title_border_top.gif HTTP/1.1" 304 - "http://renault.activities.at/result?searchterm=true&search=reh5327" "Mozilla/5.0 (compatible; MSIE 10.0; Windows NT 6.1; WOW64; Trident/6.0)"
80.123.225.34 - - [17/Jul/2018:14:21:54 +0200] "GET /images/sidebar_title_corner_left_top.gif HTTP/1.1" 304 - "http://renault.activities.at/result?searchterm=true&search=reh5327" "Mozilla/5.0 (compatible; MSIE 10.0; Windows NT 6.1; WOW64; Trident/6.0)"
80.123.225.34 - - [17/Jul/2018:14:21:54 +0200] "GET /js/PIE/PIE.htc HTTP/1.1" 206 36994 "-" "Mozilla/5.0 (compatible; MSIE 10.0; Windows NT 6.1; WOW64; Trident/6.0)"
80.123.225.34 - - [17/Jul/2018:14:21:54 +0200] "GET /images/loading.gif HTTP/1.1" 304 - "http://renault.activities.at/result?searchterm=true&search=reh5327" "Mozilla/5.0 (compatible; MSIE 10.0; Windows NT 6.1; WOW64; Trident/6.0)"
80.123.225.34 - - [17/Jul/2018:14:21:54 +0200] "GET /images/menu_divider.gif HTTP/1.1" 304 - "http://renault.activities.at/result?searchterm=true&search=reh5327" "Mozilla/5.0 (compatible; MSIE 10.0; Windows NT 6.1; WOW64; Trident/6.0)"
80.123.225.34 - - [17/Jul/2018:14:21:54 +0200] "GET /images/top_links_divider.gif HTTP/1.1" 304 - "http://renault.activities.at/result?searchterm=true&search=reh5327" "Mozilla/5.0 (compatible; MSIE 10.0; Windows NT 6.1; WOW64; Trident/6.0)"
80.123.225.34 - - [17/Jul/2018:14:21:54 +0200] "GET /images/footer_divider.gif HTTP/1.1" 304 - "http://renault.activities.at/result?searchterm=true&search=reh5327" "Mozilla/5.0 (compatible; MSIE 10.0; Windows NT 6.1; WOW64; Trident/6.0)"
80.123.225.34 - - [17/Jul/2018:14:21:54 +0200] "GET /images/validation_advice_bg.gif HTTP/1.1" 304 - "http://renault.activities.at/result?searchterm=true&search=reh5327" "Mozilla/5.0 (compatible; MSIE 10.0; Windows NT 6.1; WOW64; Trident/6.0)"
80.123.225.34 - - [17/Jul/2018:14:21:54 +0200] "GET /images/vista-dn.gif HTTP/1.1" 304 - "http://renault.activities.at/result?searchterm=true&search=reh5327" "Mozilla/5.0 (compatible; MSIE 10.0; Windows NT 6.1; WOW64; Trident/6.0)"
80.123.225.34 - - [17/Jul/2018:14:21:54 +0200] "GET /images/vista-up.gif HTTP/1.1" 304 - "http://renault.activities.at/result?searchterm=true&search=reh5327" "Mozilla/5.0 (compatible; MSIE 10.0; Windows NT 6.1; WOW64; Trident/6.0)"
80.123.225.34 - - [17/Jul/2018:14:21:54 +0200] "GET /images/pager_bg.gif HTTP/1.1" 304 - "http://renault.activities.at/result?searchterm=true&search=reh5327" "Mozilla/5.0 (compatible; MSIE 10.0; Windows NT 6.1; WOW64; Trident/6.0)"
80.123.225.34 - - [17/Jul/2018:14:21:54 +0200] "GET /images/title_corner_right_top.jpg HTTP/1.1" 304 - "http://renault.activities.at/result?searchterm=true&search=reh5327" "Mozilla/5.0 (compatible; MSIE 10.0; Windows NT 6.1; WOW64; Trident/6.0)"
80.123.225.34 - - [17/Jul/2018:14:21:54 +0200] "GET /images/title_border_top.jpg HTTP/1.1" 304 - "http://renault.activities.at/result?searchterm=true&search=reh5327" "Mozilla/5.0 (compatible; MSIE 10.0; Windows NT 6.1; WOW64; Trident/6.0)"
80.123.225.34 - - [17/Jul/2018:14:21:54 +0200] "GET /images/title_corner_left_top.jpg HTTP/1.1" 304 - "http://renault.activities.at/result?searchterm=true&search=reh5327" "Mozilla/5.0 (compatible; MSIE 10.0; Windows NT 6.1; WOW64; Trident/6.0)"
80.123.225.34 - - [17/Jul/2018:14:21:54 +0200] "GET /loadthumbnail.php?id=11734866&width=50&height=50 HTTP/1.1" 200 4426 "http://renault.activities.at/result?searchterm=true&search=reh5327" "Mozilla/5.0 (compatible; MSIE 10.0; Windows NT 6.1; WOW64; Trident/6.0)"
80.123.225.34 - - [17/Jul/2018:14:21:55 +0200] "GET /images/title_border.jpg HTTP/1.1" 304 - "http://renault.activities.at/result?searchterm=true&search=reh5327" "Mozilla/5.0 (compatible; MSIE 10.0; Windows NT 6.1; WOW64; Trident/6.0)"
80.123.225.34 - - [17/Jul/2018:14:21:54 +0200] "GET /loadthumbnail.php?id=10203255 HTTP/1.1" 200 137 "http://renault.activities.at/result?searchterm=true&search=reh5327" "Mozilla/5.0 (compatible; MSIE 10.0; Windows NT 6.1; WOW64; Trident/6.0)"
80.123.225.34 - - [17/Jul/2018:14:21:54 +0200] "GET /loadthumbnail.php?id=10203650&width=113 HTTP/1.1" 200 2741 "http://renault.activities.at/result?searchterm=true&search=reh5327" "Mozilla/5.0 (compatible; MSIE 10.0; Windows NT 6.1; WOW64; Trident/6.0)"
80.123.225.34 - - [17/Jul/2018:14:21:54 +0200] "GET /loadthumbnail.php?id=11127982 HTTP/1.1" 200 399614 "http://renault.activities.at/result?searchterm=true&search=reh5327" "Mozilla/5.0 (compatible; MSIE 10.0; Windows NT 6.1; WOW64; Trident/6.0)"
80.123.225.34 - - [17/Jul/2018:14:22:17 +0200] "GET /10260294 HTTP/1.1" 200 4794 "http://renault.activities.at/result?searchterm=true&search=reh5327" "Mozilla/5.0 (compatible; MSIE 10.0; Windows NT 6.1; WOW64; Trident/6.0)"
80.123.225.34 - - [17/Jul/2018:14:22:19 +0200] "GET /images/note_msg_icon.gif HTTP/1.1" 200 1022 "http://renault.activities.at/10260294" "Mozilla/5.0 (compatible; MSIE 10.0; Windows NT 6.1; WOW64; Trident/6.0)"
212.152.158.195 - - [17/Jul/2018:14:22:25 +0200] "GET /reload?ser=1531830227328 HTTP/1.1" 200 28 "http://renault.activities.at/11843800" "Mozilla/5.0 (Windows NT 6.1; WOW64; Trident/7.0; rv:11.0) like Gecko"
80.123.225.34 - - [17/Jul/2018:14:23:19 +0200] "GET /reload?ser=1531830201048 HTTP/1.1" 200 28 "http://renault.activities.at/10260294" "Mozilla/5.0 (compatible; MSIE 10.0; Windows NT 6.1; WOW64; Trident/6.0)"
212.152.158.195 - - [17/Jul/2018:14:23:26 +0200] "GET /reload?ser=1531830288309 HTTP/1.1" 200 28 "http://renault.activities.at/11843800" "Mozilla/5.0 (Windows NT 6.1; WOW64; Trident/7.0; rv:11.0) like Gecko"
80.123.225.34 - - [17/Jul/2018:14:24:20 +0200] "GET /reload?ser=1531830262045 HTTP/1.1" 200 28 "http://renault.activities.at/10260294" "Mozilla/5.0 (compatible; MSIE 10.0; Windows NT 6.1; WOW64; Trident/6.0)"
212.152.158.195 - - [17/Jul/2018:14:24:27 +0200] "GET /reload?ser=1531830349364 HTTP/1.1" 200 28 "http://renault.activities.at/11843800" "Mozilla/5.0 (Windows NT 6.1; WOW64; Trident/7.0; rv:11.0) like Gecko"
80.123.225.34 - - [17/Jul/2018:14:25:01 +0200] "GET /action HTTP/1.1" 200 3926 "http://renault.activities.at/10260294" "Mozilla/5.0 (compatible; MSIE 10.0; Windows NT 6.1; WOW64; Trident/6.0)"
80.123.225.34 - - [17/Jul/2018:14:25:04 +0200] "GET /action?mode=1 HTTP/1.1" 200 3926 "http://renault.activities.at/action" "Mozilla/5.0 (compatible; MSIE 10.0; Windows NT 6.1; WOW64; Trident/6.0)"
80.123.225.34 - - [17/Jul/2018:14:25:22 +0200] "GET /11820559 HTTP/1.1" 200 8026 "http://renault.activities.at/action?mode=1" "Mozilla/5.0 (compatible; MSIE 10.0; Windows NT 6.1; WOW64; Trident/6.0)"
80.123.225.34 - - [17/Jul/2018:14:25:24 +0200] "GET /js/actionorder.js HTTP/1.1" 200 4403 "http://renault.activities.at/11820559" "Mozilla/5.0 (compatible; MSIE 10.0; Windows NT 6.1; WOW64; Trident/6.0)"
80.123.225.34 - - [17/Jul/2018:14:25:24 +0200] "GET /images/ajax_loading.gif HTTP/1.1" 200 1542 "http://renault.activities.at/11820559" "Mozilla/5.0 (compatible; MSIE 10.0; Windows NT 6.1; WOW64; Trident/6.0)"
80.123.225.34 - - [17/Jul/2018:14:25:24 +0200] "GET /js/actiontabs.js HTTP/1.1" 200 519 "http://renault.activities.at/11820559" "Mozilla/5.0 (compatible; MSIE 10.0; Windows NT 6.1; WOW64; Trident/6.0)"
80.123.225.34 - - [17/Jul/2018:14:25:24 +0200] "GET /images/icons/disabled_page_lupe.gif HTTP/1.1" 200 663 "http://renault.activities.at/11820559" "Mozilla/5.0 (compatible; MSIE 10.0; Windows NT 6.1; WOW64; Trident/6.0)"
80.123.225.34 - - [17/Jul/2018:14:25:24 +0200] "GET /images/tabs_corner_right_top.gif HTTP/1.1" 200 98 "http://renault.activities.at/11820559" "Mozilla/5.0 (compatible; MSIE 10.0; Windows NT 6.1; WOW64; Trident/6.0)"
80.123.225.34 - - [17/Jul/2018:14:25:24 +0200] "GET /images/tabs_corner_right_bot.gif HTTP/1.1" 200 99 "http://renault.activities.at/11820559" "Mozilla/5.0 (compatible; MSIE 10.0; Windows NT 6.1; WOW64; Trident/6.0)"
80.123.225.34 - - [17/Jul/2018:14:25:24 +0200] "GET /images/tabs_corner_left_bot.gif HTTP/1.1" 200 98 "http://renault.activities.at/11820559" "Mozilla/5.0 (compatible; MSIE 10.0; Windows NT 6.1; WOW64; Trident/6.0)"
80.123.225.34 - - [17/Jul/2018:14:25:24 +0200] "GET /images/tabs_corner_left_top.gif HTTP/1.1" 200 99 "http://renault.activities.at/11820559" "Mozilla/5.0 (compatible; MSIE 10.0; Windows NT 6.1; WOW64; Trident/6.0)"
80.123.225.34 - - [17/Jul/2018:14:25:24 +0200] "GET /images/tabs_button_corner_right_top_active.gif HTTP/1.1" 200 136 "http://renault.activities.at/11820559" "Mozilla/5.0 (compatible; MSIE 10.0; Windows NT 6.1; WOW64; Trident/6.0)"
80.123.225.34 - - [17/Jul/2018:14:25:24 +0200] "GET /images/tabs_button_corner_left_top_active.gif HTTP/1.1" 200 138 "http://renault.activities.at/11820559" "Mozilla/5.0 (compatible; MSIE 10.0; Windows NT 6.1; WOW64; Trident/6.0)"
80.123.225.34 - - [17/Jul/2018:14:25:24 +0200] "GET /images/tabs_border.gif HTTP/1.1" 200 43 "http://renault.activities.at/11820559" "Mozilla/5.0 (compatible; MSIE 10.0; Windows NT 6.1; WOW64; Trident/6.0)"
80.123.225.34 - - [17/Jul/2018:14:25:24 +0200] "GET /loadthumbnail.php?id=10203651&width=200 HTTP/1.1" 200 4671 "http://renault.activities.at/11820559" "Mozilla/5.0 (compatible; MSIE 10.0; Windows NT 6.1; WOW64; Trident/6.0)"
212.152.158.195 - - [17/Jul/2018:14:25:32 +0200] "GET /reload?ser=1531830410355 HTTP/1.1" 200 28 "http://renault.activities.at/11843800" "Mozilla/5.0 (Windows NT 6.1; WOW64; Trident/7.0; rv:11.0) like Gecko"
80.123.225.34 - - [17/Jul/2018:14:26:24 +0200] "GET /reload?ser=1531830386494 HTTP/1.1" 200 28 "http://renault.activities.at/11820559" "Mozilla/5.0 (compatible; MSIE 10.0; Windows NT 6.1; WOW64; Trident/6.0)"
80.123.225.34 - - [17/Jul/2018:14:26:31 +0200] "GET /insertactionorder?print=true&Document=&Event=11820559&action=insert&article=11819921&amount=1 HTTP/1.1" 200 2346 "http://renault.activities.at/11820559" "Mozilla/5.0 (compatible; MSIE 10.0; Windows NT 6.1; WOW64; Trident/6.0)"
80.123.225.34 - - [17/Jul/2018:14:26:34 +0200] "GET /images/icons/basket_remove.gif HTTP/1.1" 200 1015 "http://renault.activities.at/insertactionorder?print=true&Document=&Event=11820559&action=insert&article=11819921&amount=1" "Mozilla/5.0 (compatible; MSIE 10.0; Windows NT 6.1; WOW64; Trident/6.0)"
80.123.225.34 - - [17/Jul/2018:14:26:34 +0200] "GET /images/success_msg_icon.gif HTTP/1.1" 200 1024 "http://renault.activities.at/11820559" "Mozilla/5.0 (compatible; MSIE 10.0; Windows NT 6.1; WOW64; Trident/6.0)"
212.152.158.195 - - [17/Jul/2018:14:26:33 +0200] "GET /reload?ser=1531830475074 HTTP/1.1" 200 28 "http://renault.activities.at/11843800" "Mozilla/5.0 (Windows NT 6.1; WOW64; Trident/7.0; rv:11.0) like Gecko"
80.123.225.34 - - [17/Jul/2018:14:27:25 +0200] "GET /reload?ser=1531830447450 HTTP/1.1" 200 28 "http://renault.activities.at/11820559" "Mozilla/5.0 (compatible; MSIE 10.0; Windows NT 6.1; WOW64; Trident/6.0)"
212.152.158.195 - - [17/Jul/2018:14:27:34 +0200] "GET /reload?ser=1531830536182 HTTP/1.1" 200 28 "http://renault.activities.at/11843800" "Mozilla/5.0 (Windows NT 6.1; WOW64; Trident/7.0; rv:11.0) like Gecko"
80.123.225.34 - - [17/Jul/2018:14:27:55 +0200] "GET /insertactionorder?print=true&Document=11845570&Event=11820559&action=insert&article=11819895&amount=3 HTTP/1.1" 200 2503 "http://renault.activities.at/11820559" "Mozilla/5.0 (compatible; MSIE 10.0; Windows NT 6.1; WOW64; Trident/6.0)"
80.123.225.34 - - [17/Jul/2018:14:28:26 +0200] "GET /reload?ser=1531830508408 HTTP/1.1" 200 28 "http://renault.activities.at/11820559" "Mozilla/5.0 (compatible; MSIE 10.0; Windows NT 6.1; WOW64; Trident/6.0)"
212.152.158.195 - - [17/Jul/2018:14:28:35 +0200] "GET /reload?ser=1531830597259 HTTP/1.1" 200 28 "http://renault.activities.at/11843800" "Mozilla/5.0 (Windows NT 6.1; WOW64; Trident/7.0; rv:11.0) like Gecko"
80.123.225.34 - - [17/Jul/2018:14:28:42 +0200] "GET /11845570?print=true HTTP/1.1" 200 2099 "-" "Mozilla/5.0 (compatible; MSIE 10.0; Windows NT 6.1; WOW64; Trident/6.0)"
80.123.225.34 - - [17/Jul/2018:14:29:02 +0200] "POST /axjaxrequest?mode=suggest HTTP/1.1" 200 1145 "http://renault.activities.at/11820559" "Mozilla/5.0 (compatible; MSIE 10.0; Windows NT 6.1; WOW64; Trident/6.0)"
80.123.225.34 - - [17/Jul/2018:14:29:04 +0200] "GET /result?searchterm=true&search=reh5330 HTTP/1.1" 200 5809 "http://renault.activities.at/11820559" "Mozilla/5.0 (compatible; MSIE 10.0; Windows NT 6.1; WOW64; Trident/6.0)"
80.123.225.34 - - [17/Jul/2018:14:29:06 +0200] "GET /js/PIE/PIE.htc HTTP/1.1" 206 32999 "-" "Mozilla/5.0 (compatible; MSIE 10.0; Windows NT 6.1; WOW64; Trident/6.0)"
80.123.225.34 - - [17/Jul/2018:14:29:05 +0200] "POST /axjaxrequest?mode=suggest HTTP/1.1" 200 112 "http://renault.activities.at/11820559" "Mozilla/5.0 (compatible; MSIE 10.0; Windows NT 6.1; WOW64; Trident/6.0)"
80.123.225.34 - - [17/Jul/2018:14:29:14 +0200] "GET /action HTTP/1.1" 200 3934 "http://renault.activities.at/result?searchterm=true&search=reh5330" "Mozilla/5.0 (compatible; MSIE 10.0; Windows NT 6.1; WOW64; Trident/6.0)"
80.123.225.34 - - [17/Jul/2018:14:29:20 +0200] "GET /11820559 HTTP/1.1" 200 8745 "http://renault.activities.at/action" "Mozilla/5.0 (compatible; MSIE 10.0; Windows NT 6.1; WOW64; Trident/6.0)"
212.152.158.195 - - [17/Jul/2018:14:29:36 +0200] "GET /reload?ser=1531830658213 HTTP/1.1" 200 28 "http://renault.activities.at/11843800" "Mozilla/5.0 (Windows NT 6.1; WOW64; Trident/7.0; rv:11.0) like Gecko"
80.123.225.34 - - [17/Jul/2018:14:30:22 +0200] "GET /reload?ser=1531830623682 HTTP/1.1" 200 28 "http://renault.activities.at/11820559" "Mozilla/5.0 (compatible; MSIE 10.0; Windows NT 6.1; WOW64; Trident/6.0)"
212.152.158.195 - - [17/Jul/2018:14:30:37 +0200] "GET /reload?ser=1531830719232 HTTP/1.1" 200 28 "http://renault.activities.at/11843800" "Mozilla/5.0 (Windows NT 6.1; WOW64; Trident/7.0; rv:11.0) like Gecko"
80.123.225.34 - - [17/Jul/2018:14:31:23 +0200] "GET /reload?ser=1531830684591 HTTP/1.1" 200 28 "http://renault.activities.at/11820559" "Mozilla/5.0 (compatible; MSIE 10.0; Windows NT 6.1; WOW64; Trident/6.0)"
212.152.158.195 - - [17/Jul/2018:14:31:38 +0200] "GET /reload?ser=1531830780207 HTTP/1.1" 200 28 "http://renault.activities.at/11843800" "Mozilla/5.0 (Windows NT 6.1; WOW64; Trident/7.0; rv:11.0) like Gecko"
80.123.225.34 - - [17/Jul/2018:14:32:23 +0200] "GET /reload?ser=1531830745534 HTTP/1.1" 200 28 "http://renault.activities.at/11820559" "Mozilla/5.0 (compatible; MSIE 10.0; Windows NT 6.1; WOW64; Trident/6.0)"
212.152.158.195 - - [17/Jul/2018:14:32:39 +0200] "GET /reload?ser=1531830841134 HTTP/1.1" 200 28 "http://renault.activities.at/11843800" "Mozilla/5.0 (Windows NT 6.1; WOW64; Trident/7.0; rv:11.0) like Gecko"
80.123.225.34 - - [17/Jul/2018:14:33:24 +0200] "GET /reload?ser=1531830806481 HTTP/1.1" 200 28 "http://renault.activities.at/11820559" "Mozilla/5.0 (compatible; MSIE 10.0; Windows NT 6.1; WOW64; Trident/6.0)"
212.152.158.195 - - [17/Jul/2018:14:33:40 +0200] "GET /reload?ser=1531830902110 HTTP/1.1" 200 28 "http://renault.activities.at/11843800" "Mozilla/5.0 (Windows NT 6.1; WOW64; Trident/7.0; rv:11.0) like Gecko"
80.123.225.34 - - [17/Jul/2018:14:34:25 +0200] "GET /reload?ser=1531830867407 HTTP/1.1" 200 28 "http://renault.activities.at/11820559" "Mozilla/5.0 (compatible; MSIE 10.0; Windows NT 6.1; WOW64; Trident/6.0)"
212.152.158.195 - - [17/Jul/2018:14:34:41 +0200] "GET /reload?ser=1531830963109 HTTP/1.1" 200 28 "http://renault.activities.at/11843800" "Mozilla/5.0 (Windows NT 6.1; WOW64; Trident/7.0; rv:11.0) like Gecko"
80.123.225.34 - - [17/Jul/2018:14:35:26 +0200] "GET /reload?ser=1531830928393 HTTP/1.1" 200 28 "http://renault.activities.at/11820559" "Mozilla/5.0 (compatible; MSIE 10.0; Windows NT 6.1; WOW64; Trident/6.0)"
212.152.158.195 - - [17/Jul/2018:14:35:42 +0200] "GET /reload?ser=1531831024086 HTTP/1.1" 200 28 "http://renault.activities.at/11843800" "Mozilla/5.0 (Windows NT 6.1; WOW64; Trident/7.0; rv:11.0) like Gecko"
80.123.225.34 - - [17/Jul/2018:14:36:27 +0200] "GET /reload?ser=1531830989414 HTTP/1.1" 200 28 "http://renault.activities.at/11820559" "Mozilla/5.0 (compatible; MSIE 10.0; Windows NT 6.1; WOW64; Trident/6.0)"
212.152.158.195 - - [17/Jul/2018:14:36:43 +0200] "GET /reload?ser=1531831085035 HTTP/1.1" 200 28 "http://renault.activities.at/11843800" "Mozilla/5.0 (Windows NT 6.1; WOW64; Trident/7.0; rv:11.0) like Gecko"
80.123.225.34 - - [17/Jul/2018:14:37:28 +0200] "GET /reload?ser=1531831050384 HTTP/1.1" 200 28 "http://renault.activities.at/11820559" "Mozilla/5.0 (compatible; MSIE 10.0; Windows NT 6.1; WOW64; Trident/6.0)"
212.152.158.195 - - [17/Jul/2018:14:37:44 +0200] "GET /reload?ser=1531831146021 HTTP/1.1" 200 28 "http://renault.activities.at/11843800" "Mozilla/5.0 (Windows NT 6.1; WOW64; Trident/7.0; rv:11.0) like Gecko"
80.123.225.34 - - [17/Jul/2018:14:38:29 +0200] "GET /reload?ser=1531831111362 HTTP/1.1" 200 28 "http://renault.activities.at/11820559" "Mozilla/5.0 (compatible; MSIE 10.0; Windows NT 6.1; WOW64; Trident/6.0)"
212.152.158.195 - - [17/Jul/2018:14:38:45 +0200] "GET /reload?ser=1531831207019 HTTP/1.1" 200 28 "http://renault.activities.at/11843800" "Mozilla/5.0 (Windows NT 6.1; WOW64; Trident/7.0; rv:11.0) like Gecko"
80.123.225.34 - - [17/Jul/2018:14:39:30 +0200] "GET /reload?ser=1531831172360 HTTP/1.1" 200 28 "http://renault.activities.at/11820559" "Mozilla/5.0 (compatible; MSIE 10.0; Windows NT 6.1; WOW64; Trident/6.0)"
212.152.158.195 - - [17/Jul/2018:14:39:46 +0200] "GET /reload?ser=1531831267985 HTTP/1.1" 200 28 "http://renault.activities.at/11843800" "Mozilla/5.0 (Windows NT 6.1; WOW64; Trident/7.0; rv:11.0) like Gecko"
80.123.225.34 - - [17/Jul/2018:14:40:31 +0200] "GET /reload?ser=1531831233320 HTTP/1.1" 200 28 "http://renault.activities.at/11820559" "Mozilla/5.0 (compatible; MSIE 10.0; Windows NT 6.1; WOW64; Trident/6.0)"
212.152.158.195 - - [17/Jul/2018:14:40:48 +0200] "GET /reload?ser=1531831329200 HTTP/1.1" 200 28 "http://renault.activities.at/11843800" "Mozilla/5.0 (Windows NT 6.1; WOW64; Trident/7.0; rv:11.0) like Gecko"
80.123.225.34 - - [17/Jul/2018:14:41:32 +0200] "GET /reload?ser=1531831294275 HTTP/1.1" 200 28 "http://renault.activities.at/11820559" "Mozilla/5.0 (compatible; MSIE 10.0; Windows NT 6.1; WOW64; Trident/6.0)"
212.152.158.195 - - [17/Jul/2018:14:41:49 +0200] "GET /reload?ser=1531831391203 HTTP/1.1" 200 28 "http://renault.activities.at/11843800" "Mozilla/5.0 (Windows NT 6.1; WOW64; Trident/7.0; rv:11.0) like Gecko"
80.123.225.34 - - [17/Jul/2018:14:42:33 +0200] "GET /reload?ser=1531831355251 HTTP/1.1" 200 28 "http://renault.activities.at/11820559" "Mozilla/5.0 (compatible; MSIE 10.0; Windows NT 6.1; WOW64; Trident/6.0)"
212.152.158.195 - - [17/Jul/2018:14:42:50 +0200] "GET /reload?ser=1531831452210 HTTP/1.1" 200 28 "http://renault.activities.at/11843800" "Mozilla/5.0 (Windows NT 6.1; WOW64; Trident/7.0; rv:11.0) like Gecko"
80.123.225.34 - - [17/Jul/2018:14:43:34 +0200] "GET /reload?ser=1531831416242 HTTP/1.1" 200 28 "http://renault.activities.at/11820559" "Mozilla/5.0 (compatible; MSIE 10.0; Windows NT 6.1; WOW64; Trident/6.0)"
212.152.158.195 - - [17/Jul/2018:14:43:51 +0200] "GET /reload?ser=1531831513254 HTTP/1.1" 200 28 "http://renault.activities.at/11843800" "Mozilla/5.0 (Windows NT 6.1; WOW64; Trident/7.0; rv:11.0) like Gecko"
80.123.225.34 - - [17/Jul/2018:14:44:35 +0200] "GET /reload?ser=1531831477187 HTTP/1.1" 200 28 "http://renault.activities.at/11820559" "Mozilla/5.0 (compatible; MSIE 10.0; Windows NT 6.1; WOW64; Trident/6.0)"
212.152.158.195 - - [17/Jul/2018:14:44:56 +0200] "GET /reload?ser=1531831577633 HTTP/1.1" 200 28 "http://renault.activities.at/11843800" "Mozilla/5.0 (Windows NT 6.1; WOW64; Trident/7.0; rv:11.0) like Gecko"
212.152.158.195 - - [17/Jul/2018:14:45:15 +0200] "GET /logout HTTP/1.1" 302 140 "http://renault.activities.at/11843800" "Mozilla/5.0 (Windows NT 6.1; WOW64; Trident/7.0; rv:11.0) like Gecko"
212.152.158.195 - - [17/Jul/2018:14:45:16 +0200] "GET /logout HTTP/1.1" 200 1583 "http://renault.activities.at/11843800" "Mozilla/5.0 (Windows NT 6.1; WOW64; Trident/7.0; rv:11.0) like Gecko"
80.123.225.34 - - [17/Jul/2018:14:45:36 +0200] "GET /reload?ser=1531831538182 HTTP/1.1" 200 28 "http://renault.activities.at/11820559" "Mozilla/5.0 (compatible; MSIE 10.0; Windows NT 6.1; WOW64; Trident/6.0)"
212.152.158.195 - - [17/Jul/2018:14:46:02 +0200] "GET / HTTP/1.1" 200 3680 "http://renault.activities.at/logout" "Mozilla/5.0 (Windows NT 6.1; WOW64; Trident/7.0; rv:11.0) like Gecko"
80.123.225.34 - - [17/Jul/2018:14:46:37 +0200] "GET /reload?ser=1531831599155 HTTP/1.1" 200 28 "http://renault.activities.at/11820559" "Mozilla/5.0 (compatible; MSIE 10.0; Windows NT 6.1; WOW64; Trident/6.0)"
80.123.225.34 - - [17/Jul/2018:14:47:38 +0200] "GET /reload?ser=1531831660140 HTTP/1.1" 200 28 "http://renault.activities.at/11820559" "Mozilla/5.0 (compatible; MSIE 10.0; Windows NT 6.1; WOW64; Trident/6.0)"
80.123.225.34 - - [17/Jul/2018:14:48:39 +0200] "GET /reload?ser=1531831721091 HTTP/1.1" 200 28 "http://renault.activities.at/11820559" "Mozilla/5.0 (compatible; MSIE 10.0; Windows NT 6.1; WOW64; Trident/6.0)"
80.123.225.34 - - [17/Jul/2018:14:49:40 +0200] "GET /reload?ser=1531831782044 HTTP/1.1" 200 28 "http://renault.activities.at/11820559" "Mozilla/5.0 (compatible; MSIE 10.0; Windows NT 6.1; WOW64; Trident/6.0)"
80.123.225.34 - - [17/Jul/2018:14:50:41 +0200] "GET /reload?ser=1531831842990 HTTP/1.1" 200 28 "http://renault.activities.at/11820559" "Mozilla/5.0 (compatible; MSIE 10.0; Windows NT 6.1; WOW64; Trident/6.0)"
80.123.225.34 - - [17/Jul/2018:14:51:42 +0200] "GET /reload?ser=1531831903946 HTTP/1.1" 200 28 "http://renault.activities.at/11820559" "Mozilla/5.0 (compatible; MSIE 10.0; Windows NT 6.1; WOW64; Trident/6.0)"
80.123.225.34 - - [17/Jul/2018:14:52:43 +0200] "GET /reload?ser=1531831964926 HTTP/1.1" 200 28 "http://renault.activities.at/11820559" "Mozilla/5.0 (compatible; MSIE 10.0; Windows NT 6.1; WOW64; Trident/6.0)"
80.123.225.34 - - [17/Jul/2018:14:53:44 +0200] "GET /reload?ser=1531832025915 HTTP/1.1" 200 28 "http://renault.activities.at/11820559" "Mozilla/5.0 (compatible; MSIE 10.0; Windows NT 6.1; WOW64; Trident/6.0)"
80.123.225.34 - - [17/Jul/2018:14:54:45 +0200] "GET /reload?ser=1531832086851 HTTP/1.1" 200 28 "http://renault.activities.at/11820559" "Mozilla/5.0 (compatible; MSIE 10.0; Windows NT 6.1; WOW64; Trident/6.0)"
80.123.225.34 - - [17/Jul/2018:14:55:46 +0200] "GET /reload?ser=1531832147797 HTTP/1.1" 200 28 "http://renault.activities.at/11820559" "Mozilla/5.0 (compatible; MSIE 10.0; Windows NT 6.1; WOW64; Trident/6.0)"
80.123.225.34 - - [17/Jul/2018:14:56:47 +0200] "GET /reload?ser=1531832208764 HTTP/1.1" 200 28 "http://renault.activities.at/11820559" "Mozilla/5.0 (compatible; MSIE 10.0; Windows NT 6.1; WOW64; Trident/6.0)"
80.123.225.34 - - [17/Jul/2018:14:57:48 +0200] "GET /reload?ser=1531832269763 HTTP/1.1" 200 28 "http://renault.activities.at/11820559" "Mozilla/5.0 (compatible; MSIE 10.0; Windows NT 6.1; WOW64; Trident/6.0)"
80.123.225.34 - - [17/Jul/2018:14:58:49 +0200] "GET /reload?ser=1531832330759 HTTP/1.1" 200 28 "http://renault.activities.at/11820559" "Mozilla/5.0 (compatible; MSIE 10.0; Windows NT 6.1; WOW64; Trident/6.0)"
80.123.225.34 - - [17/Jul/2018:14:59:50 +0200] "GET /reload?ser=1531832391740 HTTP/1.1" 200 28 "http://renault.activities.at/11820559" "Mozilla/5.0 (compatible; MSIE 10.0; Windows NT 6.1; WOW64; Trident/6.0)"
80.123.225.34 - - [17/Jul/2018:15:00:51 +0200] "GET /reload?ser=1531832452715 HTTP/1.1" 200 28 "http://renault.activities.at/11820559" "Mozilla/5.0 (compatible; MSIE 10.0; Windows NT 6.1; WOW64; Trident/6.0)"
80.123.225.34 - - [17/Jul/2018:15:01:52 +0200] "GET /reload?ser=1531832513713 HTTP/1.1" 200 28 "http://renault.activities.at/11820559" "Mozilla/5.0 (compatible; MSIE 10.0; Windows NT 6.1; WOW64; Trident/6.0)"
80.123.225.34 - - [17/Jul/2018:15:02:53 +0200] "GET /reload?ser=1531832574663 HTTP/1.1" 200 28 "http://renault.activities.at/11820559" "Mozilla/5.0 (compatible; MSIE 10.0; Windows NT 6.1; WOW64; Trident/6.0)"
80.123.225.34 - - [17/Jul/2018:15:03:54 +0200] "GET /reload?ser=1531832635667 HTTP/1.1" 200 28 "http://renault.activities.at/11820559" "Mozilla/5.0 (compatible; MSIE 10.0; Windows NT 6.1; WOW64; Trident/6.0)"
138.21.12.24 - - [17/Jul/2018:15:04:47 +0200] "GET / HTTP/1.1" 200 3689 "-" "Mozilla/5.0 (Windows NT 10.0; WOW64; Trident/7.0; Touch; rv:11.0) like Gecko"
