193.194.132.28 - - [17/Jul/2018:11:25:21 +0200] "GET /reload?ser=1531819521158 HTTP/1.1" 200 28 "http://renault.2web.at/account?loadrequest=true" "Mozilla/5.0 (Windows NT 6.1; WOW64; Trident/7.0; rv:11.0) like Gecko"
80.123.225.34 - - [17/Jul/2018:11:25:26 +0200] "GET /reload?ser=1531819528320 HTTP/1.1" 200 28 "http://renault.activities.at/result?searchterm=true&search=reh5330" "Mozilla/5.0 (Windows NT 6.1; Win64; x64) AppleWebKit/537.36 (KHTML, like Gecko) Chrome/67.0.3396.99 Safari/537.36"
212.152.158.195 - - [17/Jul/2018:11:25:31 +0200] "GET /reload?ser=1531819612416 HTTP/1.1" 200 28 "http://renault.activities.at/11843800" "Mozilla/5.0 (Windows NT 6.1; WOW64; Trident/7.0; rv:11.0) like Gecko"
80.120.5.131 - - [17/Jul/2018:11:25:39 +0200] "GET /10201637 HTTP/1.1" 302 150 "-" "Mozilla/5.0 (Macintosh; Intel Mac OS X 10_13_5) AppleWebKit/605.1.15 (KHTML, like Gecko)"
80.120.5.131 - - [17/Jul/2018:11:25:40 +0200] "GET /login?required=true HTTP/1.1" 200 2086 "-" "Mozilla/5.0 (Macintosh; Intel Mac OS X 10_13_5) AppleWebKit/605.1.15 (KHTML, like Gecko)"
80.120.5.131 - - [17/Jul/2018:11:25:40 +0200] "GET /apple-touch-icon-precomposed.png HTTP/1.1" 200 1559 "-" "Safari/13605.2.8 CFNetwork/901.1 Darwin/17.6.0 (x86_64)"
80.120.5.131 - - [17/Jul/2018:11:25:42 +0200] "GET /apple-touch-icon.png HTTP/1.1" 200 1559 "-" "Safari/13605.2.8 CFNetwork/901.1 Darwin/17.6.0 (x86_64)"
80.120.5.131 - - [17/Jul/2018:11:25:43 +0200] "GET /images/favicon.ico HTTP/1.1" 404 305 "-" "Safari/13605.2.8 CFNetwork/901.1 Darwin/17.6.0 (x86_64)"
80.120.5.131 - - [17/Jul/2018:11:25:43 +0200] "GET /images/favicon.ico HTTP/1.1" 404 305 "-" "Safari/13605.2.8 CFNetwork/901.1 Darwin/17.6.0 (x86_64)"
80.120.5.131 - - [17/Jul/2018:11:25:43 +0200] "GET /favicon.ico HTTP/1.1" 200 3250 "-" "Safari/13605.2.8 CFNetwork/901.1 Darwin/17.6.0 (x86_64)"
80.120.5.131 - - [17/Jul/2018:11:25:43 +0200] "GET /apple-touch-icon-precomposed.png HTTP/1.1" 200 1559 "-" "Safari/13605.2.8 CFNetwork/901.1 Darwin/17.6.0 (x86_64)"
80.120.5.131 - - [17/Jul/2018:11:25:44 +0200] "GET /apple-touch-icon.png HTTP/1.1" 200 1559 "-" "Safari/13605.2.8 CFNetwork/901.1 Darwin/17.6.0 (x86_64)"
80.120.5.131 - - [17/Jul/2018:11:25:45 +0200] "GET /images/favicon.ico HTTP/1.1" 404 305 "-" "Safari/13605.2.8 CFNetwork/901.1 Darwin/17.6.0 (x86_64)"
80.120.5.131 - - [17/Jul/2018:11:25:45 +0200] "GET /images/favicon.ico HTTP/1.1" 404 305 "-" "Safari/13605.2.8 CFNetwork/901.1 Darwin/17.6.0 (x86_64)"
80.120.5.131 - - [17/Jul/2018:11:25:45 +0200] "GET /favicon.ico HTTP/1.1" 200 3250 "-" "Safari/13605.2.8 CFNetwork/901.1 Darwin/17.6.0 (x86_64)"
80.120.5.131 - - [17/Jul/2018:11:25:45 +0200] "GET /10201637 HTTP/1.1" 302 150 "-" "\"Mozilla/5.0 (iPhone; CPU iPhone OS 11_0 like Mac OS X) AppleWebKit/604.1.38 (KHTML, like Gecko) Version/11.0 Mobile/15A372 Safari/604.1\""
80.120.5.131 - - [17/Jul/2018:11:25:46 +0200] "GET /login?required=true HTTP/1.1" 200 2086 "-" "\"Mozilla/5.0 (iPhone; CPU iPhone OS 11_0 like Mac OS X) AppleWebKit/604.1.38 (KHTML, like Gecko) Version/11.0 Mobile/15A372 Safari/604.1\""
80.120.5.131 - - [17/Jul/2018:11:25:46 +0200] "GET /apple-touch-icon-precomposed.png HTTP/1.1" 200 1559 "-" "Safari/13605.2.8 CFNetwork/901.1 Darwin/17.6.0 (x86_64)"
80.120.5.131 - - [17/Jul/2018:11:25:47 +0200] "GET /apple-touch-icon.png HTTP/1.1" 200 1559 "-" "Safari/13605.2.8 CFNetwork/901.1 Darwin/17.6.0 (x86_64)"
80.120.5.131 - - [17/Jul/2018:11:25:48 +0200] "GET /images/favicon.ico HTTP/1.1" 404 305 "-" "Safari/13605.2.8 CFNetwork/901.1 Darwin/17.6.0 (x86_64)"
80.120.5.131 - - [17/Jul/2018:11:25:48 +0200] "GET /images/favicon.ico HTTP/1.1" 404 305 "-" "Safari/13605.2.8 CFNetwork/901.1 Darwin/17.6.0 (x86_64)"
80.120.5.131 - - [17/Jul/2018:11:25:48 +0200] "GET /favicon.ico HTTP/1.1" 200 3250 "-" "Safari/13605.2.8 CFNetwork/901.1 Darwin/17.6.0 (x86_64)"
80.120.5.131 - - [17/Jul/2018:11:25:48 +0200] "GET /apple-touch-icon-precomposed.png HTTP/1.1" 200 1559 "-" "Safari/13605.2.8 CFNetwork/901.1 Darwin/17.6.0 (x86_64)"
80.120.5.131 - - [17/Jul/2018:11:25:49 +0200] "GET /apple-touch-icon.png HTTP/1.1" 200 1559 "-" "Safari/13605.2.8 CFNetwork/901.1 Darwin/17.6.0 (x86_64)"
80.120.5.131 - - [17/Jul/2018:11:25:50 +0200] "GET /images/favicon.ico HTTP/1.1" 404 305 "-" "Safari/13605.2.8 CFNetwork/901.1 Darwin/17.6.0 (x86_64)"
80.120.5.131 - - [17/Jul/2018:11:25:50 +0200] "GET /images/favicon.ico HTTP/1.1" 404 305 "-" "Safari/13605.2.8 CFNetwork/901.1 Darwin/17.6.0 (x86_64)"
80.120.5.131 - - [17/Jul/2018:11:25:50 +0200] "GET /favicon.ico HTTP/1.1" 200 3250 "-" "Safari/13605.2.8 CFNetwork/901.1 Darwin/17.6.0 (x86_64)"
193.194.132.28 - - [17/Jul/2018:11:26:22 +0200] "GET /reload?ser=1531819582317 HTTP/1.1" 200 28 "http://renault.2web.at/account?loadrequest=true" "Mozilla/5.0 (Windows NT 6.1; WOW64; Trident/7.0; rv:11.0) like Gecko"
80.123.225.34 - - [17/Jul/2018:11:26:27 +0200] "GET /reload?ser=1531819589319 HTTP/1.1" 200 28 "http://renault.activities.at/result?searchterm=true&search=reh5330" "Mozilla/5.0 (Windows NT 6.1; Win64; x64) AppleWebKit/537.36 (KHTML, like Gecko) Chrome/67.0.3396.99 Safari/537.36"
212.152.158.195 - - [17/Jul/2018:11:26:32 +0200] "GET /reload?ser=1531819673428 HTTP/1.1" 200 28 "http://renault.activities.at/11843800" "Mozilla/5.0 (Windows NT 6.1; WOW64; Trident/7.0; rv:11.0) like Gecko"
193.194.132.28 - - [17/Jul/2018:11:27:23 +0200] "GET /reload?ser=1531819643403 HTTP/1.1" 200 28 "http://renault.2web.at/account?loadrequest=true" "Mozilla/5.0 (Windows NT 6.1; WOW64; Trident/7.0; rv:11.0) like Gecko"
80.123.225.34 - - [17/Jul/2018:11:27:28 +0200] "GET /reload?ser=1531819650319 HTTP/1.1" 200 28 "http://renault.activities.at/result?searchterm=true&search=reh5330" "Mozilla/5.0 (Windows NT 6.1; Win64; x64) AppleWebKit/537.36 (KHTML, like Gecko) Chrome/67.0.3396.99 Safari/537.36"
212.152.158.195 - - [17/Jul/2018:11:27:33 +0200] "GET /reload?ser=1531819734389 HTTP/1.1" 200 28 "http://renault.activities.at/11843800" "Mozilla/5.0 (Windows NT 6.1; WOW64; Trident/7.0; rv:11.0) like Gecko"
193.194.132.28 - - [17/Jul/2018:11:28:24 +0200] "GET /reload?ser=1531819704522 HTTP/1.1" 200 28 "http://renault.2web.at/account?loadrequest=true" "Mozilla/5.0 (Windows NT 6.1; WOW64; Trident/7.0; rv:11.0) like Gecko"
80.123.225.34 - - [17/Jul/2018:11:28:29 +0200] "GET /reload?ser=1531819711319 HTTP/1.1" 200 28 "http://renault.activities.at/result?searchterm=true&search=reh5330" "Mozilla/5.0 (Windows NT 6.1; Win64; x64) AppleWebKit/537.36 (KHTML, like Gecko) Chrome/67.0.3396.99 Safari/537.36"
212.152.158.195 - - [17/Jul/2018:11:28:34 +0200] "GET /reload?ser=1531819795326 HTTP/1.1" 200 28 "http://renault.activities.at/11843800" "Mozilla/5.0 (Windows NT 6.1; WOW64; Trident/7.0; rv:11.0) like Gecko"
193.194.132.28 - - [17/Jul/2018:11:29:25 +0200] "GET /reload?ser=1531819765658 HTTP/1.1" 200 28 "http://renault.2web.at/account?loadrequest=true" "Mozilla/5.0 (Windows NT 6.1; WOW64; Trident/7.0; rv:11.0) like Gecko"
80.123.225.34 - - [17/Jul/2018:11:29:30 +0200] "GET /reload?ser=1531819772318 HTTP/1.1" 200 28 "http://renault.activities.at/result?searchterm=true&search=reh5330" "Mozilla/5.0 (Windows NT 6.1; Win64; x64) AppleWebKit/537.36 (KHTML, like Gecko) Chrome/67.0.3396.99 Safari/537.36"
212.152.158.195 - - [17/Jul/2018:11:29:35 +0200] "GET /reload?ser=1531819856299 HTTP/1.1" 200 28 "http://renault.activities.at/11843800" "Mozilla/5.0 (Windows NT 6.1; WOW64; Trident/7.0; rv:11.0) like Gecko"
193.194.132.28 - - [17/Jul/2018:11:30:26 +0200] "GET /reload?ser=1531819826816 HTTP/1.1" 200 28 "http://renault.2web.at/account?loadrequest=true" "Mozilla/5.0 (Windows NT 6.1; WOW64; Trident/7.0; rv:11.0) like Gecko"
80.123.225.34 - - [17/Jul/2018:11:30:31 +0200] "GET /reload?ser=1531819833319 HTTP/1.1" 200 28 "http://renault.activities.at/result?searchterm=true&search=reh5330" "Mozilla/5.0 (Windows NT 6.1; Win64; x64) AppleWebKit/537.36 (KHTML, like Gecko) Chrome/67.0.3396.99 Safari/537.36"
212.152.158.195 - - [17/Jul/2018:11:30:36 +0200] "GET /reload?ser=1531819917260 HTTP/1.1" 200 28 "http://renault.activities.at/11843800" "Mozilla/5.0 (Windows NT 6.1; WOW64; Trident/7.0; rv:11.0) like Gecko"
193.194.132.28 - - [17/Jul/2018:11:31:28 +0200] "GET /reload?ser=1531819887969 HTTP/1.1" 200 28 "http://renault.2web.at/account?loadrequest=true" "Mozilla/5.0 (Windows NT 6.1; WOW64; Trident/7.0; rv:11.0) like Gecko"
80.123.225.34 - - [17/Jul/2018:11:31:32 +0200] "GET /reload?ser=1531819894318 HTTP/1.1" 200 28 "http://renault.activities.at/result?searchterm=true&search=reh5330" "Mozilla/5.0 (Windows NT 6.1; Win64; x64) AppleWebKit/537.36 (KHTML, like Gecko) Chrome/67.0.3396.99 Safari/537.36"
212.152.158.195 - - [17/Jul/2018:11:31:37 +0200] "GET /reload?ser=1531819978253 HTTP/1.1" 200 28 "http://renault.activities.at/11843800" "Mozilla/5.0 (Windows NT 6.1; WOW64; Trident/7.0; rv:11.0) like Gecko"
193.194.132.28 - - [17/Jul/2018:11:32:29 +0200] "GET /reload?ser=1531819949104 HTTP/1.1" 200 28 "http://renault.2web.at/account?loadrequest=true" "Mozilla/5.0 (Windows NT 6.1; WOW64; Trident/7.0; rv:11.0) like Gecko"
80.123.225.34 - - [17/Jul/2018:11:32:33 +0200] "GET /reload?ser=1531819955319 HTTP/1.1" 200 28 "http://renault.activities.at/result?searchterm=true&search=reh5330" "Mozilla/5.0 (Windows NT 6.1; Win64; x64) AppleWebKit/537.36 (KHTML, like Gecko) Chrome/67.0.3396.99 Safari/537.36"
212.152.158.195 - - [17/Jul/2018:11:32:38 +0200] "GET /reload?ser=1531820039258 HTTP/1.1" 200 28 "http://renault.activities.at/11843800" "Mozilla/5.0 (Windows NT 6.1; WOW64; Trident/7.0; rv:11.0) like Gecko"
193.194.132.28 - - [17/Jul/2018:11:33:30 +0200] "GET /reload?ser=1531820010189 HTTP/1.1" 200 28 "http://renault.2web.at/account?loadrequest=true" "Mozilla/5.0 (Windows NT 6.1; WOW64; Trident/7.0; rv:11.0) like Gecko"
80.123.225.34 - - [17/Jul/2018:11:33:34 +0200] "GET /reload?ser=1531820016319 HTTP/1.1" 200 28 "http://renault.activities.at/result?searchterm=true&search=reh5330" "Mozilla/5.0 (Windows NT 6.1; Win64; x64) AppleWebKit/537.36 (KHTML, like Gecko) Chrome/67.0.3396.99 Safari/537.36"
212.152.158.195 - - [17/Jul/2018:11:33:38 +0200] "GET /reload?ser=1531820100217 HTTP/1.1" 200 28 "http://renault.activities.at/11843800" "Mozilla/5.0 (Windows NT 6.1; WOW64; Trident/7.0; rv:11.0) like Gecko"
193.194.132.28 - - [17/Jul/2018:11:34:31 +0200] "GET /reload?ser=1531820071330 HTTP/1.1" 200 28 "http://renault.2web.at/account?loadrequest=true" "Mozilla/5.0 (Windows NT 6.1; WOW64; Trident/7.0; rv:11.0) like Gecko"
80.123.225.34 - - [17/Jul/2018:11:34:35 +0200] "GET /reload?ser=1531820077319 HTTP/1.1" 200 28 "http://renault.activities.at/result?searchterm=true&search=reh5330" "Mozilla/5.0 (Windows NT 6.1; Win64; x64) AppleWebKit/537.36 (KHTML, like Gecko) Chrome/67.0.3396.99 Safari/537.36"
212.152.158.195 - - [17/Jul/2018:11:34:39 +0200] "GET /reload?ser=1531820161157 HTTP/1.1" 200 28 "http://renault.activities.at/11843800" "Mozilla/5.0 (Windows NT 6.1; WOW64; Trident/7.0; rv:11.0) like Gecko"
193.194.132.28 - - [17/Jul/2018:11:35:32 +0200] "GET /reload?ser=1531820132550 HTTP/1.1" 200 28 "http://renault.2web.at/account?loadrequest=true" "Mozilla/5.0 (Windows NT 6.1; WOW64; Trident/7.0; rv:11.0) like Gecko"
80.123.225.34 - - [17/Jul/2018:11:35:36 +0200] "GET /reload?ser=1531820138319 HTTP/1.1" 200 28 "http://renault.activities.at/result?searchterm=true&search=reh5330" "Mozilla/5.0 (Windows NT 6.1; Win64; x64) AppleWebKit/537.36 (KHTML, like Gecko) Chrome/67.0.3396.99 Safari/537.36"
212.152.158.195 - - [17/Jul/2018:11:35:40 +0200] "GET /reload?ser=1531820222139 HTTP/1.1" 200 28 "http://renault.activities.at/11843800" "Mozilla/5.0 (Windows NT 6.1; WOW64; Trident/7.0; rv:11.0) like Gecko"
193.194.132.28 - - [17/Jul/2018:11:36:33 +0200] "GET /reload?ser=1531820193764 HTTP/1.1" 200 28 "http://renault.2web.at/account?loadrequest=true" "Mozilla/5.0 (Windows NT 6.1; WOW64; Trident/7.0; rv:11.0) like Gecko"
80.123.225.34 - - [17/Jul/2018:11:36:37 +0200] "GET /reload?ser=1531820199319 HTTP/1.1" 200 28 "http://renault.activities.at/result?searchterm=true&search=reh5330" "Mozilla/5.0 (Windows NT 6.1; Win64; x64) AppleWebKit/537.36 (KHTML, like Gecko) Chrome/67.0.3396.99 Safari/537.36"
212.152.158.195 - - [17/Jul/2018:11:36:41 +0200] "GET /reload?ser=1531820283109 HTTP/1.1" 200 28 "http://renault.activities.at/11843800" "Mozilla/5.0 (Windows NT 6.1; WOW64; Trident/7.0; rv:11.0) like Gecko"
193.194.132.28 - - [17/Jul/2018:11:37:35 +0200] "GET /reload?ser=1531820254981 HTTP/1.1" 200 28 "http://renault.2web.at/account?loadrequest=true" "Mozilla/5.0 (Windows NT 6.1; WOW64; Trident/7.0; rv:11.0) like Gecko"
80.123.225.34 - - [17/Jul/2018:11:37:38 +0200] "GET /reload?ser=1531820260319 HTTP/1.1" 200 28 "http://renault.activities.at/result?searchterm=true&search=reh5330" "Mozilla/5.0 (Windows NT 6.1; Win64; x64) AppleWebKit/537.36 (KHTML, like Gecko) Chrome/67.0.3396.99 Safari/537.36"
212.152.158.195 - - [17/Jul/2018:11:37:42 +0200] "GET /reload?ser=1531820344054 HTTP/1.1" 200 28 "http://renault.activities.at/11843800" "Mozilla/5.0 (Windows NT 6.1; WOW64; Trident/7.0; rv:11.0) like Gecko"
193.194.132.28 - - [17/Jul/2018:11:38:36 +0200] "GET /reload?ser=1531820316197 HTTP/1.1" 200 28 "http://renault.2web.at/account?loadrequest=true" "Mozilla/5.0 (Windows NT 6.1; WOW64; Trident/7.0; rv:11.0) like Gecko"
80.123.225.34 - - [17/Jul/2018:11:38:39 +0200] "GET /reload?ser=1531820321319 HTTP/1.1" 200 28 "http://renault.activities.at/result?searchterm=true&search=reh5330" "Mozilla/5.0 (Windows NT 6.1; Win64; x64) AppleWebKit/537.36 (KHTML, like Gecko) Chrome/67.0.3396.99 Safari/537.36"
212.152.158.195 - - [17/Jul/2018:11:38:43 +0200] "GET /reload?ser=1531820405005 HTTP/1.1" 200 28 "http://renault.activities.at/11843800" "Mozilla/5.0 (Windows NT 6.1; WOW64; Trident/7.0; rv:11.0) like Gecko"
193.194.132.28 - - [17/Jul/2018:11:39:37 +0200] "GET /reload?ser=1531820377314 HTTP/1.1" 200 28 "http://renault.2web.at/account?loadrequest=true" "Mozilla/5.0 (Windows NT 6.1; WOW64; Trident/7.0; rv:11.0) like Gecko"
80.123.225.34 - - [17/Jul/2018:11:39:40 +0200] "GET /reload?ser=1531820382319 HTTP/1.1" 200 28 "http://renault.activities.at/result?searchterm=true&search=reh5330" "Mozilla/5.0 (Windows NT 6.1; Win64; x64) AppleWebKit/537.36 (KHTML, like Gecko) Chrome/67.0.3396.99 Safari/537.36"
212.152.158.195 - - [17/Jul/2018:11:39:44 +0200] "GET /reload?ser=1531820465968 HTTP/1.1" 200 28 "http://renault.activities.at/11843800" "Mozilla/5.0 (Windows NT 6.1; WOW64; Trident/7.0; rv:11.0) like Gecko"
193.194.132.28 - - [17/Jul/2018:11:40:38 +0200] "GET /reload?ser=1531820438526 HTTP/1.1" 200 28 "http://renault.2web.at/account?loadrequest=true" "Mozilla/5.0 (Windows NT 6.1; WOW64; Trident/7.0; rv:11.0) like Gecko"
80.123.225.34 - - [17/Jul/2018:11:40:41 +0200] "GET /reload?ser=1531820443319 HTTP/1.1" 200 28 "http://renault.activities.at/result?searchterm=true&search=reh5330" "Mozilla/5.0 (Windows NT 6.1; Win64; x64) AppleWebKit/537.36 (KHTML, like Gecko) Chrome/67.0.3396.99 Safari/537.36"
212.152.158.195 - - [17/Jul/2018:11:40:45 +0200] "GET /reload?ser=1531820526904 HTTP/1.1" 200 28 "http://renault.activities.at/11843800" "Mozilla/5.0 (Windows NT 6.1; WOW64; Trident/7.0; rv:11.0) like Gecko"
193.194.132.28 - - [17/Jul/2018:11:41:39 +0200] "GET /reload?ser=1531820499663 HTTP/1.1" 200 28 "http://renault.2web.at/account?loadrequest=true" "Mozilla/5.0 (Windows NT 6.1; WOW64; Trident/7.0; rv:11.0) like Gecko"
80.123.225.34 - - [17/Jul/2018:11:41:43 +0200] "GET /reload?ser=1531820505319 HTTP/1.1" 200 28 "http://renault.activities.at/result?searchterm=true&search=reh5330" "Mozilla/5.0 (Windows NT 6.1; Win64; x64) AppleWebKit/537.36 (KHTML, like Gecko) Chrome/67.0.3396.99 Safari/537.36"
212.152.158.195 - - [17/Jul/2018:11:41:46 +0200] "GET /reload?ser=1531820587893 HTTP/1.1" 200 28 "http://renault.activities.at/11843800" "Mozilla/5.0 (Windows NT 6.1; WOW64; Trident/7.0; rv:11.0) like Gecko"
193.194.132.28 - - [17/Jul/2018:11:42:40 +0200] "GET /reload?ser=1531820560829 HTTP/1.1" 200 28 "http://renault.2web.at/account?loadrequest=true" "Mozilla/5.0 (Windows NT 6.1; WOW64; Trident/7.0; rv:11.0) like Gecko"
80.123.225.34 - - [17/Jul/2018:11:42:44 +0200] "GET /reload?ser=1531820566319 HTTP/1.1" 200 28 "http://renault.activities.at/result?searchterm=true&search=reh5330" "Mozilla/5.0 (Windows NT 6.1; Win64; x64) AppleWebKit/537.36 (KHTML, like Gecko) Chrome/67.0.3396.99 Safari/537.36"
212.152.158.195 - - [17/Jul/2018:11:42:47 +0200] "GET /reload?ser=1531820648874 HTTP/1.1" 200 28 "http://renault.activities.at/11843800" "Mozilla/5.0 (Windows NT 6.1; WOW64; Trident/7.0; rv:11.0) like Gecko"
193.194.132.28 - - [17/Jul/2018:11:43:41 +0200] "GET /reload?ser=1531820621893 HTTP/1.1" 200 28 "http://renault.2web.at/account?loadrequest=true" "Mozilla/5.0 (Windows NT 6.1; WOW64; Trident/7.0; rv:11.0) like Gecko"
80.123.225.34 - - [17/Jul/2018:11:43:45 +0200] "GET /reload?ser=1531820627319 HTTP/1.1" 200 28 "http://renault.activities.at/result?searchterm=true&search=reh5330" "Mozilla/5.0 (Windows NT 6.1; Win64; x64) AppleWebKit/537.36 (KHTML, like Gecko) Chrome/67.0.3396.99 Safari/537.36"
212.152.158.195 - - [17/Jul/2018:11:43:48 +0200] "GET /reload?ser=1531820709841 HTTP/1.1" 200 28 "http://renault.activities.at/11843800" "Mozilla/5.0 (Windows NT 6.1; WOW64; Trident/7.0; rv:11.0) like Gecko"
193.194.132.28 - - [17/Jul/2018:11:44:43 +0200] "GET /reload?ser=1531820682978 HTTP/1.1" 200 28 "http://renault.2web.at/account?loadrequest=true" "Mozilla/5.0 (Windows NT 6.1; WOW64; Trident/7.0; rv:11.0) like Gecko"
80.123.225.34 - - [17/Jul/2018:11:44:46 +0200] "GET /reload?ser=1531820688319 HTTP/1.1" 200 28 "http://renault.activities.at/result?searchterm=true&search=reh5330" "Mozilla/5.0 (Windows NT 6.1; Win64; x64) AppleWebKit/537.36 (KHTML, like Gecko) Chrome/67.0.3396.99 Safari/537.36"
212.152.158.195 - - [17/Jul/2018:11:44:49 +0200] "GET /reload?ser=1531820770810 HTTP/1.1" 200 28 "http://renault.activities.at/11843800" "Mozilla/5.0 (Windows NT 6.1; WOW64; Trident/7.0; rv:11.0) like Gecko"
193.194.132.28 - - [17/Jul/2018:11:45:44 +0200] "GET /reload?ser=1531820744067 HTTP/1.1" 200 28 "http://renault.2web.at/account?loadrequest=true" "Mozilla/5.0 (Windows NT 6.1; WOW64; Trident/7.0; rv:11.0) like Gecko"
80.123.225.34 - - [17/Jul/2018:11:45:47 +0200] "GET /reload?ser=1531820749319 HTTP/1.1" 200 28 "http://renault.activities.at/result?searchterm=true&search=reh5330" "Mozilla/5.0 (Windows NT 6.1; Win64; x64) AppleWebKit/537.36 (KHTML, like Gecko) Chrome/67.0.3396.99 Safari/537.36"
212.152.158.195 - - [17/Jul/2018:11:45:50 +0200] "GET /reload?ser=1531820831751 HTTP/1.1" 200 28 "http://renault.activities.at/11843800" "Mozilla/5.0 (Windows NT 6.1; WOW64; Trident/7.0; rv:11.0) like Gecko"
193.194.132.28 - - [17/Jul/2018:11:46:45 +0200] "GET /reload?ser=1531820805219 HTTP/1.1" 200 28 "http://renault.2web.at/account?loadrequest=true" "Mozilla/5.0 (Windows NT 6.1; WOW64; Trident/7.0; rv:11.0) like Gecko"
80.123.225.34 - - [17/Jul/2018:11:46:48 +0200] "GET /reload?ser=1531820810319 HTTP/1.1" 200 28 "http://renault.activities.at/result?searchterm=true&search=reh5330" "Mozilla/5.0 (Windows NT 6.1; Win64; x64) AppleWebKit/537.36 (KHTML, like Gecko) Chrome/67.0.3396.99 Safari/537.36"
212.152.158.195 - - [17/Jul/2018:11:46:51 +0200] "GET /reload?ser=1531820892716 HTTP/1.1" 200 28 "http://renault.activities.at/11843800" "Mozilla/5.0 (Windows NT 6.1; WOW64; Trident/7.0; rv:11.0) like Gecko"
193.194.132.28 - - [17/Jul/2018:11:47:46 +0200] "GET /reload?ser=1531820866347 HTTP/1.1" 200 28 "http://renault.2web.at/account?loadrequest=true" "Mozilla/5.0 (Windows NT 6.1; WOW64; Trident/7.0; rv:11.0) like Gecko"
80.123.225.34 - - [17/Jul/2018:11:47:49 +0200] "GET /reload?ser=1531820871318 HTTP/1.1" 200 28 "http://renault.activities.at/result?searchterm=true&search=reh5330" "Mozilla/5.0 (Windows NT 6.1; Win64; x64) AppleWebKit/537.36 (KHTML, like Gecko) Chrome/67.0.3396.99 Safari/537.36"
212.152.158.195 - - [17/Jul/2018:11:47:52 +0200] "GET /reload?ser=1531820953707 HTTP/1.1" 200 28 "http://renault.activities.at/11843800" "Mozilla/5.0 (Windows NT 6.1; WOW64; Trident/7.0; rv:11.0) like Gecko"
193.194.132.28 - - [17/Jul/2018:11:48:47 +0200] "GET /reload?ser=1531820927510 HTTP/1.1" 200 28 "http://renault.2web.at/account?loadrequest=true" "Mozilla/5.0 (Windows NT 6.1; WOW64; Trident/7.0; rv:11.0) like Gecko"
80.123.225.34 - - [17/Jul/2018:11:48:50 +0200] "GET /reload?ser=1531820932319 HTTP/1.1" 200 28 "http://renault.activities.at/result?searchterm=true&search=reh5330" "Mozilla/5.0 (Windows NT 6.1; Win64; x64) AppleWebKit/537.36 (KHTML, like Gecko) Chrome/67.0.3396.99 Safari/537.36"
212.152.158.195 - - [17/Jul/2018:11:48:53 +0200] "GET /reload?ser=1531821014683 HTTP/1.1" 200 28 "http://renault.activities.at/11843800" "Mozilla/5.0 (Windows NT 6.1; WOW64; Trident/7.0; rv:11.0) like Gecko"
193.194.132.28 - - [17/Jul/2018:11:49:48 +0200] "GET /reload?ser=1531820988585 HTTP/1.1" 200 28 "http://renault.2web.at/account?loadrequest=true" "Mozilla/5.0 (Windows NT 6.1; WOW64; Trident/7.0; rv:11.0) like Gecko"
80.123.225.34 - - [17/Jul/2018:11:49:51 +0200] "GET /reload?ser=1531820993318 HTTP/1.1" 200 28 "http://renault.activities.at/result?searchterm=true&search=reh5330" "Mozilla/5.0 (Windows NT 6.1; Win64; x64) AppleWebKit/537.36 (KHTML, like Gecko) Chrome/67.0.3396.99 Safari/537.36"
212.152.158.195 - - [17/Jul/2018:11:49:54 +0200] "GET /reload?ser=1531821075642 HTTP/1.1" 200 28 "http://renault.activities.at/11843800" "Mozilla/5.0 (Windows NT 6.1; WOW64; Trident/7.0; rv:11.0) like Gecko"
193.194.132.28 - - [17/Jul/2018:11:50:49 +0200] "GET /reload?ser=1531821049700 HTTP/1.1" 200 28 "http://renault.2web.at/account?loadrequest=true" "Mozilla/5.0 (Windows NT 6.1; WOW64; Trident/7.0; rv:11.0) like Gecko"
80.123.225.34 - - [17/Jul/2018:11:50:52 +0200] "GET /reload?ser=1531821054319 HTTP/1.1" 200 28 "http://renault.activities.at/result?searchterm=true&search=reh5330" "Mozilla/5.0 (Windows NT 6.1; Win64; x64) AppleWebKit/537.36 (KHTML, like Gecko) Chrome/67.0.3396.99 Safari/537.36"
212.152.158.195 - - [17/Jul/2018:11:50:55 +0200] "GET /reload?ser=1531821136643 HTTP/1.1" 200 28 "http://renault.activities.at/11843800" "Mozilla/5.0 (Windows NT 6.1; WOW64; Trident/7.0; rv:11.0) like Gecko"
193.194.132.28 - - [17/Jul/2018:11:51:50 +0200] "GET /reload?ser=1531821110838 HTTP/1.1" 200 28 "http://renault.2web.at/account?loadrequest=true" "Mozilla/5.0 (Windows NT 6.1; WOW64; Trident/7.0; rv:11.0) like Gecko"
80.123.225.34 - - [17/Jul/2018:11:51:53 +0200] "GET /reload?ser=1531821115318 HTTP/1.1" 200 28 "http://renault.activities.at/result?searchterm=true&search=reh5330" "Mozilla/5.0 (Windows NT 6.1; Win64; x64) AppleWebKit/537.36 (KHTML, like Gecko) Chrome/67.0.3396.99 Safari/537.36"
212.152.158.195 - - [17/Jul/2018:11:51:56 +0200] "GET /reload?ser=1531821197645 HTTP/1.1" 200 28 "http://renault.activities.at/11843800" "Mozilla/5.0 (Windows NT 6.1; WOW64; Trident/7.0; rv:11.0) like Gecko"
193.194.132.28 - - [17/Jul/2018:11:52:52 +0200] "GET /reload?ser=1531821171967 HTTP/1.1" 200 28 "http://renault.2web.at/account?loadrequest=true" "Mozilla/5.0 (Windows NT 6.1; WOW64; Trident/7.0; rv:11.0) like Gecko"
80.123.225.34 - - [17/Jul/2018:11:52:54 +0200] "GET /reload?ser=1531821176319 HTTP/1.1" 200 28 "http://renault.activities.at/result?searchterm=true&search=reh5330" "Mozilla/5.0 (Windows NT 6.1; Win64; x64) AppleWebKit/537.36 (KHTML, like Gecko) Chrome/67.0.3396.99 Safari/537.36"
212.152.158.195 - - [17/Jul/2018:11:52:57 +0200] "GET /reload?ser=1531821258637 HTTP/1.1" 200 28 "http://renault.activities.at/11843800" "Mozilla/5.0 (Windows NT 6.1; WOW64; Trident/7.0; rv:11.0) like Gecko"
193.194.132.28 - - [17/Jul/2018:11:53:53 +0200] "GET /reload?ser=1531821233089 HTTP/1.1" 200 28 "http://renault.2web.at/account?loadrequest=true" "Mozilla/5.0 (Windows NT 6.1; WOW64; Trident/7.0; rv:11.0) like Gecko"
80.123.225.34 - - [17/Jul/2018:11:53:55 +0200] "GET /reload?ser=1531821237318 HTTP/1.1" 200 28 "http://renault.activities.at/result?searchterm=true&search=reh5330" "Mozilla/5.0 (Windows NT 6.1; Win64; x64) AppleWebKit/537.36 (KHTML, like Gecko) Chrome/67.0.3396.99 Safari/537.36"
212.152.158.195 - - [17/Jul/2018:11:53:58 +0200] "GET /reload?ser=1531821319607 HTTP/1.1" 200 28 "http://renault.activities.at/11843800" "Mozilla/5.0 (Windows NT 6.1; WOW64; Trident/7.0; rv:11.0) like Gecko"
193.194.132.28 - - [17/Jul/2018:11:54:54 +0200] "GET /reload?ser=1531821294203 HTTP/1.1" 200 28 "http://renault.2web.at/account?loadrequest=true" "Mozilla/5.0 (Windows NT 6.1; WOW64; Trident/7.0; rv:11.0) like Gecko"
80.123.225.34 - - [17/Jul/2018:11:54:56 +0200] "GET /reload?ser=1531821298319 HTTP/1.1" 200 28 "http://renault.activities.at/result?searchterm=true&search=reh5330" "Mozilla/5.0 (Windows NT 6.1; Win64; x64) AppleWebKit/537.36 (KHTML, like Gecko) Chrome/67.0.3396.99 Safari/537.36"
212.152.158.195 - - [17/Jul/2018:11:54:59 +0200] "GET /reload?ser=1531821380568 HTTP/1.1" 200 28 "http://renault.activities.at/11843800" "Mozilla/5.0 (Windows NT 6.1; WOW64; Trident/7.0; rv:11.0) like Gecko"
193.194.132.28 - - [17/Jul/2018:11:55:55 +0200] "GET /reload?ser=1531821355224 HTTP/1.1" 200 28 "http://renault.2web.at/account?loadrequest=true" "Mozilla/5.0 (Windows NT 6.1; WOW64; Trident/7.0; rv:11.0) like Gecko"
80.123.225.34 - - [17/Jul/2018:11:55:57 +0200] "GET /reload?ser=1531821359320 HTTP/1.1" 200 28 "http://renault.activities.at/result?searchterm=true&search=reh5330" "Mozilla/5.0 (Windows NT 6.1; Win64; x64) AppleWebKit/537.36 (KHTML, like Gecko) Chrome/67.0.3396.99 Safari/537.36"
212.152.158.195 - - [17/Jul/2018:11:56:00 +0200] "GET /reload?ser=1531821441596 HTTP/1.1" 200 28 "http://renault.activities.at/11843800" "Mozilla/5.0 (Windows NT 6.1; WOW64; Trident/7.0; rv:11.0) like Gecko"
193.194.132.28 - - [17/Jul/2018:11:56:56 +0200] "GET /reload?ser=1531821416300 HTTP/1.1" 200 28 "http://renault.2web.at/account?loadrequest=true" "Mozilla/5.0 (Windows NT 6.1; WOW64; Trident/7.0; rv:11.0) like Gecko"
80.123.225.34 - - [17/Jul/2018:11:56:58 +0200] "GET /reload?ser=1531821420319 HTTP/1.1" 200 28 "http://renault.activities.at/result?searchterm=true&search=reh5330" "Mozilla/5.0 (Windows NT 6.1; Win64; x64) AppleWebKit/537.36 (KHTML, like Gecko) Chrome/67.0.3396.99 Safari/537.36"
212.152.158.195 - - [17/Jul/2018:11:57:01 +0200] "GET /reload?ser=1531821502637 HTTP/1.1" 200 28 "http://renault.activities.at/11843800" "Mozilla/5.0 (Windows NT 6.1; WOW64; Trident/7.0; rv:11.0) like Gecko"
193.194.132.28 - - [17/Jul/2018:11:57:57 +0200] "GET /reload?ser=1531821477423 HTTP/1.1" 200 28 "http://renault.2web.at/account?loadrequest=true" "Mozilla/5.0 (Windows NT 6.1; WOW64; Trident/7.0; rv:11.0) like Gecko"
80.123.225.34 - - [17/Jul/2018:11:57:59 +0200] "GET /reload?ser=1531821481320 HTTP/1.1" 200 28 "http://renault.activities.at/result?searchterm=true&search=reh5330" "Mozilla/5.0 (Windows NT 6.1; Win64; x64) AppleWebKit/537.36 (KHTML, like Gecko) Chrome/67.0.3396.99 Safari/537.36"
212.152.158.195 - - [17/Jul/2018:11:58:02 +0200] "GET /reload?ser=1531821563639 HTTP/1.1" 200 28 "http://renault.activities.at/11843800" "Mozilla/5.0 (Windows NT 6.1; WOW64; Trident/7.0; rv:11.0) like Gecko"
193.194.132.28 - - [17/Jul/2018:11:58:58 +0200] "GET /reload?ser=1531821538538 HTTP/1.1" 200 28 "http://renault.2web.at/account?loadrequest=true" "Mozilla/5.0 (Windows NT 6.1; WOW64; Trident/7.0; rv:11.0) like Gecko"
80.123.225.34 - - [17/Jul/2018:11:59:00 +0200] "GET /reload?ser=1531821542319 HTTP/1.1" 200 28 "http://renault.activities.at/result?searchterm=true&search=reh5330" "Mozilla/5.0 (Windows NT 6.1; Win64; x64) AppleWebKit/537.36 (KHTML, like Gecko) Chrome/67.0.3396.99 Safari/537.36"
212.152.158.195 - - [17/Jul/2018:11:59:03 +0200] "GET /reload?ser=1531821624623 HTTP/1.1" 200 28 "http://renault.activities.at/11843800" "Mozilla/5.0 (Windows NT 6.1; WOW64; Trident/7.0; rv:11.0) like Gecko"
193.194.132.28 - - [17/Jul/2018:11:59:59 +0200] "GET /reload?ser=1531821599592 HTTP/1.1" 200 28 "http://renault.2web.at/account?loadrequest=true" "Mozilla/5.0 (Windows NT 6.1; WOW64; Trident/7.0; rv:11.0) like Gecko"
80.123.225.34 - - [17/Jul/2018:12:00:01 +0200] "GET /reload?ser=1531821603320 HTTP/1.1" 200 28 "http://renault.activities.at/result?searchterm=true&search=reh5330" "Mozilla/5.0 (Windows NT 6.1; Win64; x64) AppleWebKit/537.36 (KHTML, like Gecko) Chrome/67.0.3396.99 Safari/537.36"
212.152.158.195 - - [17/Jul/2018:12:00:04 +0200] "GET /reload?ser=1531821685622 HTTP/1.1" 200 28 "http://renault.activities.at/11843800" "Mozilla/5.0 (Windows NT 6.1; WOW64; Trident/7.0; rv:11.0) like Gecko"
193.194.132.28 - - [17/Jul/2018:12:01:00 +0200] "GET /reload?ser=1531821660713 HTTP/1.1" 200 28 "http://renault.2web.at/account?loadrequest=true" "Mozilla/5.0 (Windows NT 6.1; WOW64; Trident/7.0; rv:11.0) like Gecko"
80.123.225.34 - - [17/Jul/2018:12:01:02 +0200] "GET /reload?ser=1531821664319 HTTP/1.1" 200 28 "http://renault.activities.at/result?searchterm=true&search=reh5330" "Mozilla/5.0 (Windows NT 6.1; Win64; x64) AppleWebKit/537.36 (KHTML, like Gecko) Chrome/67.0.3396.99 Safari/537.36"
212.152.158.195 - - [17/Jul/2018:12:01:05 +0200] "GET /reload?ser=1531821746609 HTTP/1.1" 200 28 "http://renault.activities.at/11843800" "Mozilla/5.0 (Windows NT 6.1; WOW64; Trident/7.0; rv:11.0) like Gecko"
193.194.132.28 - - [17/Jul/2018:12:02:01 +0200] "GET /reload?ser=1531821721801 HTTP/1.1" 200 28 "http://renault.2web.at/account?loadrequest=true" "Mozilla/5.0 (Windows NT 6.1; WOW64; Trident/7.0; rv:11.0) like Gecko"
80.123.225.34 - - [17/Jul/2018:12:02:03 +0200] "GET /reload?ser=1531821725319 HTTP/1.1" 200 28 "http://renault.activities.at/result?searchterm=true&search=reh5330" "Mozilla/5.0 (Windows NT 6.1; Win64; x64) AppleWebKit/537.36 (KHTML, like Gecko) Chrome/67.0.3396.99 Safari/537.36"
212.152.158.195 - - [17/Jul/2018:12:02:06 +0200] "GET /reload?ser=1531821807596 HTTP/1.1" 200 28 "http://renault.activities.at/11843800" "Mozilla/5.0 (Windows NT 6.1; WOW64; Trident/7.0; rv:11.0) like Gecko"
80.123.225.34 - - [17/Jul/2018:12:03:04 +0200] "GET /reload?ser=1531821786319 HTTP/1.1" 200 28 "http://renault.activities.at/result?searchterm=true&search=reh5330" "Mozilla/5.0 (Windows NT 6.1; Win64; x64) AppleWebKit/537.36 (KHTML, like Gecko) Chrome/67.0.3396.99 Safari/537.36"
212.152.158.195 - - [17/Jul/2018:12:03:07 +0200] "GET /reload?ser=1531821868628 HTTP/1.1" 200 28 "http://renault.activities.at/11843800" "Mozilla/5.0 (Windows NT 6.1; WOW64; Trident/7.0; rv:11.0) like Gecko"
80.123.225.34 - - [17/Jul/2018:12:04:05 +0200] "GET /reload?ser=1531821847320 HTTP/1.1" 200 28 "http://renault.activities.at/result?searchterm=true&search=reh5330" "Mozilla/5.0 (Windows NT 6.1; Win64; x64) AppleWebKit/537.36 (KHTML, like Gecko) Chrome/67.0.3396.99 Safari/537.36"
212.152.158.195 - - [17/Jul/2018:12:04:08 +0200] "GET /reload?ser=1531821929632 HTTP/1.1" 200 28 "http://renault.activities.at/11843800" "Mozilla/5.0 (Windows NT 6.1; WOW64; Trident/7.0; rv:11.0) like Gecko"
80.123.225.34 - - [17/Jul/2018:12:05:06 +0200] "GET /reload?ser=1531821908319 HTTP/1.1" 200 28 "http://renault.activities.at/result?searchterm=true&search=reh5330" "Mozilla/5.0 (Windows NT 6.1; Win64; x64) AppleWebKit/537.36 (KHTML, like Gecko) Chrome/67.0.3396.99 Safari/537.36"
212.152.158.195 - - [17/Jul/2018:12:05:09 +0200] "GET /reload?ser=1531821990659 HTTP/1.1" 200 28 "http://renault.activities.at/11843800" "Mozilla/5.0 (Windows NT 6.1; WOW64; Trident/7.0; rv:11.0) like Gecko"
80.123.225.34 - - [17/Jul/2018:12:06:07 +0200] "GET /reload?ser=1531821969320 HTTP/1.1" 200 28 "http://renault.activities.at/result?searchterm=true&search=reh5330" "Mozilla/5.0 (Windows NT 6.1; Win64; x64) AppleWebKit/537.36 (KHTML, like Gecko) Chrome/67.0.3396.99 Safari/537.36"
212.152.158.195 - - [17/Jul/2018:12:06:10 +0200] "GET /reload?ser=1531822051662 HTTP/1.1" 200 28 "http://renault.activities.at/11843800" "Mozilla/5.0 (Windows NT 6.1; WOW64; Trident/7.0; rv:11.0) like Gecko"
80.123.225.34 - - [17/Jul/2018:12:07:08 +0200] "GET /reload?ser=1531822030318 HTTP/1.1" 200 28 "http://renault.activities.at/result?searchterm=true&search=reh5330" "Mozilla/5.0 (Windows NT 6.1; Win64; x64) AppleWebKit/537.36 (KHTML, like Gecko) Chrome/67.0.3396.99 Safari/537.36"
212.152.158.195 - - [17/Jul/2018:12:07:11 +0200] "GET /reload?ser=1531822112684 HTTP/1.1" 200 28 "http://renault.activities.at/11843800" "Mozilla/5.0 (Windows NT 6.1; WOW64; Trident/7.0; rv:11.0) like Gecko"
80.123.225.34 - - [17/Jul/2018:12:08:09 +0200] "GET /reload?ser=1531822091319 HTTP/1.1" 200 28 "http://renault.activities.at/result?searchterm=true&search=reh5330" "Mozilla/5.0 (Windows NT 6.1; Win64; x64) AppleWebKit/537.36 (KHTML, like Gecko) Chrome/67.0.3396.99 Safari/537.36"
212.152.158.195 - - [17/Jul/2018:12:08:12 +0200] "GET /reload?ser=1531822173688 HTTP/1.1" 200 28 "http://renault.activities.at/11843800" "Mozilla/5.0 (Windows NT 6.1; WOW64; Trident/7.0; rv:11.0) like Gecko"
80.123.225.34 - - [17/Jul/2018:12:09:10 +0200] "GET /reload?ser=1531822152318 HTTP/1.1" 200 28 "http://renault.activities.at/result?searchterm=true&search=reh5330" "Mozilla/5.0 (Windows NT 6.1; Win64; x64) AppleWebKit/537.36 (KHTML, like Gecko) Chrome/67.0.3396.99 Safari/537.36"
212.152.158.195 - - [17/Jul/2018:12:09:13 +0200] "GET /reload?ser=1531822234715 HTTP/1.1" 200 28 "http://renault.activities.at/11843800" "Mozilla/5.0 (Windows NT 6.1; WOW64; Trident/7.0; rv:11.0) like Gecko"
80.123.225.34 - - [17/Jul/2018:12:10:11 +0200] "GET /reload?ser=1531822213319 HTTP/1.1" 200 28 "http://renault.activities.at/result?searchterm=true&search=reh5330" "Mozilla/5.0 (Windows NT 6.1; Win64; x64) AppleWebKit/537.36 (KHTML, like Gecko) Chrome/67.0.3396.99 Safari/537.36"
212.152.158.195 - - [17/Jul/2018:12:10:14 +0200] "GET /reload?ser=1531822295663 HTTP/1.1" 200 28 "http://renault.activities.at/11843800" "Mozilla/5.0 (Windows NT 6.1; WOW64; Trident/7.0; rv:11.0) like Gecko"
80.123.225.34 - - [17/Jul/2018:12:11:12 +0200] "GET /reload?ser=1531822274318 HTTP/1.1" 200 28 "http://renault.activities.at/result?searchterm=true&search=reh5330" "Mozilla/5.0 (Windows NT 6.1; Win64; x64) AppleWebKit/537.36 (KHTML, like Gecko) Chrome/67.0.3396.99 Safari/537.36"
212.152.158.195 - - [17/Jul/2018:12:11:15 +0200] "GET /reload?ser=1531822356665 HTTP/1.1" 200 28 "http://renault.activities.at/11843800" "Mozilla/5.0 (Windows NT 6.1; WOW64; Trident/7.0; rv:11.0) like Gecko"
80.123.225.34 - - [17/Jul/2018:12:12:13 +0200] "GET /reload?ser=1531822335319 HTTP/1.1" 200 28 "http://renault.activities.at/result?searchterm=true&search=reh5330" "Mozilla/5.0 (Windows NT 6.1; Win64; x64) AppleWebKit/537.36 (KHTML, like Gecko) Chrome/67.0.3396.99 Safari/537.36"
212.152.158.195 - - [17/Jul/2018:12:12:16 +0200] "GET /reload?ser=1531822417620 HTTP/1.1" 200 28 "http://renault.activities.at/11843800" "Mozilla/5.0 (Windows NT 6.1; WOW64; Trident/7.0; rv:11.0) like Gecko"
80.123.225.34 - - [17/Jul/2018:12:13:14 +0200] "GET /reload?ser=1531822396319 HTTP/1.1" 200 28 "http://renault.activities.at/result?searchterm=true&search=reh5330" "Mozilla/5.0 (Windows NT 6.1; Win64; x64) AppleWebKit/537.36 (KHTML, like Gecko) Chrome/67.0.3396.99 Safari/537.36"
212.152.158.195 - - [17/Jul/2018:12:13:17 +0200] "GET /reload?ser=1531822478620 HTTP/1.1" 200 28 "http://renault.activities.at/11843800" "Mozilla/5.0 (Windows NT 6.1; WOW64; Trident/7.0; rv:11.0) like Gecko"
80.123.225.34 - - [17/Jul/2018:12:14:15 +0200] "GET /reload?ser=1531822457319 HTTP/1.1" 200 28 "http://renault.activities.at/result?searchterm=true&search=reh5330" "Mozilla/5.0 (Windows NT 6.1; Win64; x64) AppleWebKit/537.36 (KHTML, like Gecko) Chrome/67.0.3396.99 Safari/537.36"
212.152.158.195 - - [17/Jul/2018:12:14:18 +0200] "GET /reload?ser=1531822539605 HTTP/1.1" 200 28 "http://renault.activities.at/11843800" "Mozilla/5.0 (Windows NT 6.1; WOW64; Trident/7.0; rv:11.0) like Gecko"
80.123.225.34 - - [17/Jul/2018:12:15:16 +0200] "GET /reload?ser=1531822518318 HTTP/1.1" 200 28 "http://renault.activities.at/result?searchterm=true&search=reh5330" "Mozilla/5.0 (Windows NT 6.1; Win64; x64) AppleWebKit/537.36 (KHTML, like Gecko) Chrome/67.0.3396.99 Safari/537.36"
212.152.158.195 - - [17/Jul/2018:12:15:19 +0200] "GET /reload?ser=1531822600611 HTTP/1.1" 200 28 "http://renault.activities.at/11843800" "Mozilla/5.0 (Windows NT 6.1; WOW64; Trident/7.0; rv:11.0) like Gecko"
80.123.225.34 - - [17/Jul/2018:12:16:17 +0200] "GET /reload?ser=1531822579319 HTTP/1.1" 200 28 "http://renault.activities.at/result?searchterm=true&search=reh5330" "Mozilla/5.0 (Windows NT 6.1; Win64; x64) AppleWebKit/537.36 (KHTML, like Gecko) Chrome/67.0.3396.99 Safari/537.36"
212.152.158.195 - - [17/Jul/2018:12:16:20 +0200] "GET /reload?ser=1531822661598 HTTP/1.1" 200 28 "http://renault.activities.at/11843800" "Mozilla/5.0 (Windows NT 6.1; WOW64; Trident/7.0; rv:11.0) like Gecko"
80.123.225.34 - - [17/Jul/2018:12:17:18 +0200] "GET /reload?ser=1531822640319 HTTP/1.1" 200 28 "http://renault.activities.at/result?searchterm=true&search=reh5330" "Mozilla/5.0 (Windows NT 6.1; Win64; x64) AppleWebKit/537.36 (KHTML, like Gecko) Chrome/67.0.3396.99 Safari/537.36"
212.152.158.195 - - [17/Jul/2018:12:17:21 +0200] "GET /reload?ser=1531822722615 HTTP/1.1" 200 28 "http://renault.activities.at/11843800" "Mozilla/5.0 (Windows NT 6.1; WOW64; Trident/7.0; rv:11.0) like Gecko"
80.123.225.34 - - [17/Jul/2018:12:18:19 +0200] "GET /reload?ser=1531822701320 HTTP/1.1" 200 28 "http://renault.activities.at/result?searchterm=true&search=reh5330" "Mozilla/5.0 (Windows NT 6.1; Win64; x64) AppleWebKit/537.36 (KHTML, like Gecko) Chrome/67.0.3396.99 Safari/537.36"
212.152.158.195 - - [17/Jul/2018:12:18:22 +0200] "GET /reload?ser=1531822783660 HTTP/1.1" 200 28 "http://renault.activities.at/11843800" "Mozilla/5.0 (Windows NT 6.1; WOW64; Trident/7.0; rv:11.0) like Gecko"
80.123.225.34 - - [17/Jul/2018:12:19:20 +0200] "GET /reload?ser=1531822762319 HTTP/1.1" 200 28 "http://renault.activities.at/result?searchterm=true&search=reh5330" "Mozilla/5.0 (Windows NT 6.1; Win64; x64) AppleWebKit/537.36 (KHTML, like Gecko) Chrome/67.0.3396.99 Safari/537.36"
212.152.158.195 - - [17/Jul/2018:12:19:23 +0200] "GET /reload?ser=1531822844631 HTTP/1.1" 200 28 "http://renault.activities.at/11843800" "Mozilla/5.0 (Windows NT 6.1; WOW64; Trident/7.0; rv:11.0) like Gecko"
80.123.225.34 - - [17/Jul/2018:12:20:21 +0200] "GET /reload?ser=1531822823319 HTTP/1.1" 200 28 "http://renault.activities.at/result?searchterm=true&search=reh5330" "Mozilla/5.0 (Windows NT 6.1; Win64; x64) AppleWebKit/537.36 (KHTML, like Gecko) Chrome/67.0.3396.99 Safari/537.36"
212.152.158.195 - - [17/Jul/2018:12:20:24 +0200] "GET /reload?ser=1531822905606 HTTP/1.1" 200 28 "http://renault.activities.at/11843800" "Mozilla/5.0 (Windows NT 6.1; WOW64; Trident/7.0; rv:11.0) like Gecko"
80.123.225.34 - - [17/Jul/2018:12:21:22 +0200] "GET /reload?ser=1531822884318 HTTP/1.1" 200 28 "http://renault.activities.at/result?searchterm=true&search=reh5330" "Mozilla/5.0 (Windows NT 6.1; Win64; x64) AppleWebKit/537.36 (KHTML, like Gecko) Chrome/67.0.3396.99 Safari/537.36"
212.152.158.195 - - [17/Jul/2018:12:21:25 +0200] "GET /reload?ser=1531822966627 HTTP/1.1" 200 28 "http://renault.activities.at/11843800" "Mozilla/5.0 (Windows NT 6.1; WOW64; Trident/7.0; rv:11.0) like Gecko"
80.123.225.34 - - [17/Jul/2018:12:22:23 +0200] "GET /reload?ser=1531822945319 HTTP/1.1" 200 28 "http://renault.activities.at/result?searchterm=true&search=reh5330" "Mozilla/5.0 (Windows NT 6.1; Win64; x64) AppleWebKit/537.36 (KHTML, like Gecko) Chrome/67.0.3396.99 Safari/537.36"
212.152.158.195 - - [17/Jul/2018:12:22:26 +0200] "GET /reload?ser=1531823027723 HTTP/1.1" 200 28 "http://renault.activities.at/11843800" "Mozilla/5.0 (Windows NT 6.1; WOW64; Trident/7.0; rv:11.0) like Gecko"
80.123.225.34 - - [17/Jul/2018:12:23:24 +0200] "GET /reload?ser=1531823006319 HTTP/1.1" 200 28 "http://renault.activities.at/result?searchterm=true&search=reh5330" "Mozilla/5.0 (Windows NT 6.1; Win64; x64) AppleWebKit/537.36 (KHTML, like Gecko) Chrome/67.0.3396.99 Safari/537.36"
212.152.158.195 - - [17/Jul/2018:12:23:27 +0200] "GET /reload?ser=1531823088707 HTTP/1.1" 200 28 "http://renault.activities.at/11843800" "Mozilla/5.0 (Windows NT 6.1; WOW64; Trident/7.0; rv:11.0) like Gecko"
80.123.225.34 - - [17/Jul/2018:12:24:25 +0200] "GET /reload?ser=1531823067319 HTTP/1.1" 200 28 "http://renault.activities.at/result?searchterm=true&search=reh5330" "Mozilla/5.0 (Windows NT 6.1; Win64; x64) AppleWebKit/537.36 (KHTML, like Gecko) Chrome/67.0.3396.99 Safari/537.36"
212.152.158.195 - - [17/Jul/2018:12:24:28 +0200] "GET /reload?ser=1531823149690 HTTP/1.1" 200 28 "http://renault.activities.at/11843800" "Mozilla/5.0 (Windows NT 6.1; WOW64; Trident/7.0; rv:11.0) like Gecko"
80.123.225.34 - - [17/Jul/2018:12:25:26 +0200] "GET /reload?ser=1531823128319 HTTP/1.1" 200 28 "http://renault.activities.at/result?searchterm=true&search=reh5330" "Mozilla/5.0 (Windows NT 6.1; Win64; x64) AppleWebKit/537.36 (KHTML, like Gecko) Chrome/67.0.3396.99 Safari/537.36"
212.152.158.195 - - [17/Jul/2018:12:25:29 +0200] "GET /reload?ser=1531823210704 HTTP/1.1" 200 28 "http://renault.activities.at/11843800" "Mozilla/5.0 (Windows NT 6.1; WOW64; Trident/7.0; rv:11.0) like Gecko"
80.123.225.34 - - [17/Jul/2018:12:26:27 +0200] "GET /reload?ser=1531823189319 HTTP/1.1" 200 28 "http://renault.activities.at/result?searchterm=true&search=reh5330" "Mozilla/5.0 (Windows NT 6.1; Win64; x64) AppleWebKit/537.36 (KHTML, like Gecko) Chrome/67.0.3396.99 Safari/537.36"
212.152.158.195 - - [17/Jul/2018:12:26:30 +0200] "GET /reload?ser=1531823271697 HTTP/1.1" 200 28 "http://renault.activities.at/11843800" "Mozilla/5.0 (Windows NT 6.1; WOW64; Trident/7.0; rv:11.0) like Gecko"
80.123.225.34 - - [17/Jul/2018:12:27:28 +0200] "GET /reload?ser=1531823250318 HTTP/1.1" 200 28 "http://renault.activities.at/result?searchterm=true&search=reh5330" "Mozilla/5.0 (Windows NT 6.1; Win64; x64) AppleWebKit/537.36 (KHTML, like Gecko) Chrome/67.0.3396.99 Safari/537.36"
212.152.158.195 - - [17/Jul/2018:12:27:31 +0200] "GET /reload?ser=1531823332812 HTTP/1.1" 200 28 "http://renault.activities.at/11843800" "Mozilla/5.0 (Windows NT 6.1; WOW64; Trident/7.0; rv:11.0) like Gecko"
80.123.225.34 - - [17/Jul/2018:12:28:29 +0200] "GET /reload?ser=1531823311319 HTTP/1.1" 200 28 "http://renault.activities.at/result?searchterm=true&search=reh5330" "Mozilla/5.0 (Windows NT 6.1; Win64; x64) AppleWebKit/537.36 (KHTML, like Gecko) Chrome/67.0.3396.99 Safari/537.36"
212.152.158.195 - - [17/Jul/2018:12:28:32 +0200] "GET /reload?ser=1531823393852 HTTP/1.1" 200 28 "http://renault.activities.at/11843800" "Mozilla/5.0 (Windows NT 6.1; WOW64; Trident/7.0; rv:11.0) like Gecko"
80.123.225.34 - - [17/Jul/2018:12:29:30 +0200] "GET /reload?ser=1531823372318 HTTP/1.1" 200 28 "http://renault.activities.at/result?searchterm=true&search=reh5330" "Mozilla/5.0 (Windows NT 6.1; Win64; x64) AppleWebKit/537.36 (KHTML, like Gecko) Chrome/67.0.3396.99 Safari/537.36"
212.152.158.195 - - [17/Jul/2018:12:29:33 +0200] "GET /reload?ser=1531823454860 HTTP/1.1" 200 28 "http://renault.activities.at/11843800" "Mozilla/5.0 (Windows NT 6.1; WOW64; Trident/7.0; rv:11.0) like Gecko"
80.123.225.34 - - [17/Jul/2018:12:30:31 +0200] "GET /reload?ser=1531823433319 HTTP/1.1" 200 28 "http://renault.activities.at/result?searchterm=true&search=reh5330" "Mozilla/5.0 (Windows NT 6.1; Win64; x64) AppleWebKit/537.36 (KHTML, like Gecko) Chrome/67.0.3396.99 Safari/537.36"
212.152.158.195 - - [17/Jul/2018:12:30:34 +0200] "GET /reload?ser=1531823515889 HTTP/1.1" 200 28 "http://renault.activities.at/11843800" "Mozilla/5.0 (Windows NT 6.1; WOW64; Trident/7.0; rv:11.0) like Gecko"
80.123.225.34 - - [17/Jul/2018:12:31:32 +0200] "GET /reload?ser=1531823494318 HTTP/1.1" 200 28 "http://renault.activities.at/result?searchterm=true&search=reh5330" "Mozilla/5.0 (Windows NT 6.1; Win64; x64) AppleWebKit/537.36 (KHTML, like Gecko) Chrome/67.0.3396.99 Safari/537.36"
212.152.158.195 - - [17/Jul/2018:12:31:35 +0200] "GET /reload?ser=1531823576841 HTTP/1.1" 200 28 "http://renault.activities.at/11843800" "Mozilla/5.0 (Windows NT 6.1; WOW64; Trident/7.0; rv:11.0) like Gecko"
80.123.225.34 - - [17/Jul/2018:12:32:33 +0200] "GET /reload?ser=1531823555319 HTTP/1.1" 200 28 "http://renault.activities.at/result?searchterm=true&search=reh5330" "Mozilla/5.0 (Windows NT 6.1; Win64; x64) AppleWebKit/537.36 (KHTML, like Gecko) Chrome/67.0.3396.99 Safari/537.36"
212.152.158.195 - - [17/Jul/2018:12:32:36 +0200] "GET /reload?ser=1531823637826 HTTP/1.1" 200 28 "http://renault.activities.at/11843800" "Mozilla/5.0 (Windows NT 6.1; WOW64; Trident/7.0; rv:11.0) like Gecko"
80.123.225.34 - - [17/Jul/2018:12:33:35 +0200] "GET /reload?ser=1531823617318 HTTP/1.1" 200 28 "http://renault.activities.at/result?searchterm=true&search=reh5330" "Mozilla/5.0 (Windows NT 6.1; Win64; x64) AppleWebKit/537.36 (KHTML, like Gecko) Chrome/67.0.3396.99 Safari/537.36"
212.152.158.195 - - [17/Jul/2018:12:33:37 +0200] "GET /reload?ser=1531823698842 HTTP/1.1" 200 28 "http://renault.activities.at/11843800" "Mozilla/5.0 (Windows NT 6.1; WOW64; Trident/7.0; rv:11.0) like Gecko"
80.123.225.34 - - [17/Jul/2018:12:34:36 +0200] "GET /reload?ser=1531823678319 HTTP/1.1" 200 28 "http://renault.activities.at/result?searchterm=true&search=reh5330" "Mozilla/5.0 (Windows NT 6.1; Win64; x64) AppleWebKit/537.36 (KHTML, like Gecko) Chrome/67.0.3396.99 Safari/537.36"
212.152.158.195 - - [17/Jul/2018:12:34:38 +0200] "GET /reload?ser=1531823759796 HTTP/1.1" 200 28 "http://renault.activities.at/11843800" "Mozilla/5.0 (Windows NT 6.1; WOW64; Trident/7.0; rv:11.0) like Gecko"
80.123.225.34 - - [17/Jul/2018:12:35:37 +0200] "GET /reload?ser=1531823739319 HTTP/1.1" 200 28 "http://renault.activities.at/result?searchterm=true&search=reh5330" "Mozilla/5.0 (Windows NT 6.1; Win64; x64) AppleWebKit/537.36 (KHTML, like Gecko) Chrome/67.0.3396.99 Safari/537.36"
212.152.158.195 - - [17/Jul/2018:12:35:39 +0200] "GET /reload?ser=1531823821103 HTTP/1.1" 200 28 "http://renault.activities.at/11843800" "Mozilla/5.0 (Windows NT 6.1; WOW64; Trident/7.0; rv:11.0) like Gecko"
80.123.225.34 - - [17/Jul/2018:12:36:38 +0200] "GET /reload?ser=1531823800319 HTTP/1.1" 200 28 "http://renault.activities.at/result?searchterm=true&search=reh5330" "Mozilla/5.0 (Windows NT 6.1; Win64; x64) AppleWebKit/537.36 (KHTML, like Gecko) Chrome/67.0.3396.99 Safari/537.36"
212.152.158.195 - - [17/Jul/2018:12:36:40 +0200] "GET /reload?ser=1531823882121 HTTP/1.1" 200 28 "http://renault.activities.at/11843800" "Mozilla/5.0 (Windows NT 6.1; WOW64; Trident/7.0; rv:11.0) like Gecko"
80.123.225.34 - - [17/Jul/2018:12:37:39 +0200] "GET /reload?ser=1531823861318 HTTP/1.1" 200 28 "http://renault.activities.at/result?searchterm=true&search=reh5330" "Mozilla/5.0 (Windows NT 6.1; Win64; x64) AppleWebKit/537.36 (KHTML, like Gecko) Chrome/67.0.3396.99 Safari/537.36"
212.152.158.195 - - [17/Jul/2018:12:37:41 +0200] "GET /reload?ser=1531823943117 HTTP/1.1" 200 28 "http://renault.activities.at/11843800" "Mozilla/5.0 (Windows NT 6.1; WOW64; Trident/7.0; rv:11.0) like Gecko"
87.250.224.32 - - [17/Jul/2018:12:37:56 +0200] "GET /robots.txt HTTP/1.1" 404 372 "-" "Mozilla/5.0 (compatible; YandexBot/3.0; +http://yandex.com/bots)"
87.250.224.32 - - [17/Jul/2018:12:37:59 +0200] "GET / HTTP/1.1" 200 3680 "-" "Mozilla/5.0 (compatible; YandexBot/3.0; +http://yandex.com/bots)"
80.123.225.34 - - [17/Jul/2018:12:38:40 +0200] "GET /reload?ser=1531823922319 HTTP/1.1" 200 28 "http://renault.activities.at/result?searchterm=true&search=reh5330" "Mozilla/5.0 (Windows NT 6.1; Win64; x64) AppleWebKit/537.36 (KHTML, like Gecko) Chrome/67.0.3396.99 Safari/537.36"
212.152.158.195 - - [17/Jul/2018:12:38:43 +0200] "GET /reload?ser=1531824004300 HTTP/1.1" 200 28 "http://renault.activities.at/11843800" "Mozilla/5.0 (Windows NT 6.1; WOW64; Trident/7.0; rv:11.0) like Gecko"
80.123.225.34 - - [17/Jul/2018:12:39:41 +0200] "GET /reload?ser=1531823983523 HTTP/1.1" 200 28 "http://renault.activities.at/result?searchterm=true&search=reh5330" "Mozilla/5.0 (Windows NT 6.1; Win64; x64) AppleWebKit/537.36 (KHTML, like Gecko) Chrome/67.0.3396.99 Safari/537.36"
212.152.158.195 - - [17/Jul/2018:12:39:43 +0200] "GET /reload?ser=1531824065249 HTTP/1.1" 200 28 "http://renault.activities.at/11843800" "Mozilla/5.0 (Windows NT 6.1; WOW64; Trident/7.0; rv:11.0) like Gecko"
80.123.225.34 - - [17/Jul/2018:12:40:43 +0200] "GET /reload?ser=1531824045319 HTTP/1.1" 200 28 "http://renault.activities.at/result?searchterm=true&search=reh5330" "Mozilla/5.0 (Windows NT 6.1; Win64; x64) AppleWebKit/537.36 (KHTML, like Gecko) Chrome/67.0.3396.99 Safari/537.36"
212.152.158.195 - - [17/Jul/2018:12:40:44 +0200] "GET /reload?ser=1531824126219 HTTP/1.1" 200 28 "http://renault.activities.at/11843800" "Mozilla/5.0 (Windows NT 6.1; WOW64; Trident/7.0; rv:11.0) like Gecko"
80.123.225.34 - - [17/Jul/2018:12:41:44 +0200] "GET /reload?ser=1531824106319 HTTP/1.1" 200 28 "http://renault.activities.at/result?searchterm=true&search=reh5330" "Mozilla/5.0 (Windows NT 6.1; Win64; x64) AppleWebKit/537.36 (KHTML, like Gecko) Chrome/67.0.3396.99 Safari/537.36"
212.152.158.195 - - [17/Jul/2018:12:41:45 +0200] "GET /reload?ser=1531824187186 HTTP/1.1" 200 28 "http://renault.activities.at/11843800" "Mozilla/5.0 (Windows NT 6.1; WOW64; Trident/7.0; rv:11.0) like Gecko"
80.123.225.34 - - [17/Jul/2018:12:42:45 +0200] "GET /reload?ser=1531824167319 HTTP/1.1" 200 28 "http://renault.activities.at/result?searchterm=true&search=reh5330" "Mozilla/5.0 (Windows NT 6.1; Win64; x64) AppleWebKit/537.36 (KHTML, like Gecko) Chrome/67.0.3396.99 Safari/537.36"
212.152.158.195 - - [17/Jul/2018:12:42:46 +0200] "GET /reload?ser=1531824248198 HTTP/1.1" 200 28 "http://renault.activities.at/11843800" "Mozilla/5.0 (Windows NT 6.1; WOW64; Trident/7.0; rv:11.0) like Gecko"
