212.186.86.74 - - [17/Jul/2018:09:39:16 +0200] "GET /reload?ser=1531812350677 HTTP/1.1" 200 28 "http://renault.activities.at/10201442" "Mozilla/5.0 (Windows NT 6.1; WOW64; Trident/7.0; rv:11.0) like Gecko"
193.194.132.28 - - [17/Jul/2018:09:39:25 +0200] "GET /reload?ser=1531813165219 HTTP/1.1" 200 28 "http://renault.2web.at/account?loadrequest=true" "Mozilla/5.0 (Windows NT 6.1; WOW64; Trident/7.0; rv:11.0) like Gecko"
80.120.5.131 - - [17/Jul/2018:09:39:29 +0200] "GET /reload?ser=1531813169083 HTTP/1.1" 200 2 "http://renault.activities.at/success" "Mozilla/5.0 (Windows NT 6.1; WOW64; Trident/7.0; rv:11.0) like Gecko"
212.152.158.195 - - [17/Jul/2018:09:39:46 +0200] "GET /reload?ser=1531813267622 HTTP/1.1" 200 28 "http://renault.activities.at/11843800" "Mozilla/5.0 (Windows NT 6.1; WOW64; Trident/7.0; rv:11.0) like Gecko"
80.123.225.34 - - [17/Jul/2018:09:40:07 +0200] "GET /reload?ser=1531813209319 HTTP/1.1" 200 28 "http://renault.activities.at/result?searchterm=true&search=reh5330" "Mozilla/5.0 (Windows NT 6.1; Win64; x64) AppleWebKit/537.36 (KHTML, like Gecko) Chrome/67.0.3396.99 Safari/537.36"
212.186.86.74 - - [17/Jul/2018:09:40:17 +0200] "GET /reload?ser=1531812411730 HTTP/1.1" 200 28 "http://renault.activities.at/10201442" "Mozilla/5.0 (Windows NT 6.1; WOW64; Trident/7.0; rv:11.0) like Gecko"
193.194.132.28 - - [17/Jul/2018:09:40:26 +0200] "GET /reload?ser=1531813226352 HTTP/1.1" 200 28 "http://renault.2web.at/account?loadrequest=true" "Mozilla/5.0 (Windows NT 6.1; WOW64; Trident/7.0; rv:11.0) like Gecko"
80.120.5.131 - - [17/Jul/2018:09:40:30 +0200] "GET /reload?ser=1531813230132 HTTP/1.1" 200 2 "http://renault.activities.at/success" "Mozilla/5.0 (Windows NT 6.1; WOW64; Trident/7.0; rv:11.0) like Gecko"
212.152.158.195 - - [17/Jul/2018:09:40:47 +0200] "GET /reload?ser=1531813328544 HTTP/1.1" 200 28 "http://renault.activities.at/11843800" "Mozilla/5.0 (Windows NT 6.1; WOW64; Trident/7.0; rv:11.0) like Gecko"
80.123.225.34 - - [17/Jul/2018:09:41:08 +0200] "GET /reload?ser=1531813270318 HTTP/1.1" 200 28 "http://renault.activities.at/result?searchterm=true&search=reh5330" "Mozilla/5.0 (Windows NT 6.1; Win64; x64) AppleWebKit/537.36 (KHTML, like Gecko) Chrome/67.0.3396.99 Safari/537.36"
212.186.86.74 - - [17/Jul/2018:09:41:18 +0200] "GET /reload?ser=1531812472800 HTTP/1.1" 200 28 "http://renault.activities.at/10201442" "Mozilla/5.0 (Windows NT 6.1; WOW64; Trident/7.0; rv:11.0) like Gecko"
193.194.132.28 - - [17/Jul/2018:09:41:27 +0200] "GET /reload?ser=1531813287434 HTTP/1.1" 200 28 "http://renault.2web.at/account?loadrequest=true" "Mozilla/5.0 (Windows NT 6.1; WOW64; Trident/7.0; rv:11.0) like Gecko"
80.120.5.131 - - [17/Jul/2018:09:41:31 +0200] "GET /reload?ser=1531813291170 HTTP/1.1" 200 2 "http://renault.activities.at/success" "Mozilla/5.0 (Windows NT 6.1; WOW64; Trident/7.0; rv:11.0) like Gecko"
212.152.158.195 - - [17/Jul/2018:09:41:48 +0200] "GET /reload?ser=1531813389483 HTTP/1.1" 200 28 "http://renault.activities.at/11843800" "Mozilla/5.0 (Windows NT 6.1; WOW64; Trident/7.0; rv:11.0) like Gecko"
80.123.225.34 - - [17/Jul/2018:09:42:09 +0200] "GET /reload?ser=1531813331319 HTTP/1.1" 200 28 "http://renault.activities.at/result?searchterm=true&search=reh5330" "Mozilla/5.0 (Windows NT 6.1; Win64; x64) AppleWebKit/537.36 (KHTML, like Gecko) Chrome/67.0.3396.99 Safari/537.36"
212.186.86.74 - - [17/Jul/2018:09:42:19 +0200] "GET /reload?ser=1531812533871 HTTP/1.1" 200 28 "http://renault.activities.at/10201442" "Mozilla/5.0 (Windows NT 6.1; WOW64; Trident/7.0; rv:11.0) like Gecko"
193.194.132.28 - - [17/Jul/2018:09:42:28 +0200] "GET /reload?ser=1531813348500 HTTP/1.1" 200 28 "http://renault.2web.at/account?loadrequest=true" "Mozilla/5.0 (Windows NT 6.1; WOW64; Trident/7.0; rv:11.0) like Gecko"
80.120.5.131 - - [17/Jul/2018:09:42:32 +0200] "GET /reload?ser=1531813352166 HTTP/1.1" 200 2 "http://renault.activities.at/success" "Mozilla/5.0 (Windows NT 6.1; WOW64; Trident/7.0; rv:11.0) like Gecko"
212.152.158.195 - - [17/Jul/2018:09:42:49 +0200] "GET /reload?ser=1531813450437 HTTP/1.1" 200 28 "http://renault.activities.at/11843800" "Mozilla/5.0 (Windows NT 6.1; WOW64; Trident/7.0; rv:11.0) like Gecko"
80.123.225.34 - - [17/Jul/2018:09:43:10 +0200] "GET /reload?ser=1531813392318 HTTP/1.1" 200 28 "http://renault.activities.at/result?searchterm=true&search=reh5330" "Mozilla/5.0 (Windows NT 6.1; Win64; x64) AppleWebKit/537.36 (KHTML, like Gecko) Chrome/67.0.3396.99 Safari/537.36"
212.186.86.74 - - [17/Jul/2018:09:43:20 +0200] "GET /reload?ser=1531812594954 HTTP/1.1" 200 28 "http://renault.activities.at/10201442" "Mozilla/5.0 (Windows NT 6.1; WOW64; Trident/7.0; rv:11.0) like Gecko"
193.194.132.28 - - [17/Jul/2018:09:43:29 +0200] "GET /reload?ser=1531813409598 HTTP/1.1" 200 28 "http://renault.2web.at/account?loadrequest=true" "Mozilla/5.0 (Windows NT 6.1; WOW64; Trident/7.0; rv:11.0) like Gecko"
80.120.5.131 - - [17/Jul/2018:09:43:33 +0200] "GET /reload?ser=1531813413131 HTTP/1.1" 200 2 "http://renault.activities.at/success" "Mozilla/5.0 (Windows NT 6.1; WOW64; Trident/7.0; rv:11.0) like Gecko"
212.152.158.195 - - [17/Jul/2018:09:43:50 +0200] "GET /reload?ser=1531813511427 HTTP/1.1" 200 28 "http://renault.activities.at/11843800" "Mozilla/5.0 (Windows NT 6.1; WOW64; Trident/7.0; rv:11.0) like Gecko"
80.123.225.34 - - [17/Jul/2018:09:44:11 +0200] "GET /reload?ser=1531813453319 HTTP/1.1" 200 28 "http://renault.activities.at/result?searchterm=true&search=reh5330" "Mozilla/5.0 (Windows NT 6.1; Win64; x64) AppleWebKit/537.36 (KHTML, like Gecko) Chrome/67.0.3396.99 Safari/537.36"
212.186.86.74 - - [17/Jul/2018:09:44:21 +0200] "GET /reload?ser=1531812655996 HTTP/1.1" 200 28 "http://renault.activities.at/10201442" "Mozilla/5.0 (Windows NT 6.1; WOW64; Trident/7.0; rv:11.0) like Gecko"
193.194.132.28 - - [17/Jul/2018:09:44:30 +0200] "GET /reload?ser=1531813470724 HTTP/1.1" 200 28 "http://renault.2web.at/account?loadrequest=true" "Mozilla/5.0 (Windows NT 6.1; WOW64; Trident/7.0; rv:11.0) like Gecko"
80.120.5.131 - - [17/Jul/2018:09:44:34 +0200] "GET /reload?ser=1531813474128 HTTP/1.1" 200 2 "http://renault.activities.at/success" "Mozilla/5.0 (Windows NT 6.1; WOW64; Trident/7.0; rv:11.0) like Gecko"
212.152.158.195 - - [17/Jul/2018:09:44:51 +0200] "GET /reload?ser=1531813572374 HTTP/1.1" 200 28 "http://renault.activities.at/11843800" "Mozilla/5.0 (Windows NT 6.1; WOW64; Trident/7.0; rv:11.0) like Gecko"
80.123.225.34 - - [17/Jul/2018:09:45:12 +0200] "GET /reload?ser=1531813514319 HTTP/1.1" 200 28 "http://renault.activities.at/result?searchterm=true&search=reh5330" "Mozilla/5.0 (Windows NT 6.1; Win64; x64) AppleWebKit/537.36 (KHTML, like Gecko) Chrome/67.0.3396.99 Safari/537.36"
212.186.86.74 - - [17/Jul/2018:09:45:22 +0200] "GET /reload?ser=1531812717081 HTTP/1.1" 200 28 "http://renault.activities.at/10201442" "Mozilla/5.0 (Windows NT 6.1; WOW64; Trident/7.0; rv:11.0) like Gecko"
193.194.132.28 - - [17/Jul/2018:09:45:31 +0200] "GET /reload?ser=1531813531745 HTTP/1.1" 200 28 "http://renault.2web.at/account?loadrequest=true" "Mozilla/5.0 (Windows NT 6.1; WOW64; Trident/7.0; rv:11.0) like Gecko"
80.120.5.131 - - [17/Jul/2018:09:45:35 +0200] "GET /reload?ser=1531813535092 HTTP/1.1" 200 2 "http://renault.activities.at/success" "Mozilla/5.0 (Windows NT 6.1; WOW64; Trident/7.0; rv:11.0) like Gecko"
212.152.158.195 - - [17/Jul/2018:09:45:52 +0200] "GET /reload?ser=1531813633328 HTTP/1.1" 200 28 "http://renault.activities.at/11843800" "Mozilla/5.0 (Windows NT 6.1; WOW64; Trident/7.0; rv:11.0) like Gecko"
80.123.225.34 - - [17/Jul/2018:09:46:13 +0200] "GET /reload?ser=1531813575320 HTTP/1.1" 200 28 "http://renault.activities.at/result?searchterm=true&search=reh5330" "Mozilla/5.0 (Windows NT 6.1; Win64; x64) AppleWebKit/537.36 (KHTML, like Gecko) Chrome/67.0.3396.99 Safari/537.36"
212.186.86.74 - - [17/Jul/2018:09:46:23 +0200] "GET /reload?ser=1531812778186 HTTP/1.1" 200 28 "http://renault.activities.at/10201442" "Mozilla/5.0 (Windows NT 6.1; WOW64; Trident/7.0; rv:11.0) like Gecko"
193.194.132.28 - - [17/Jul/2018:09:46:32 +0200] "GET /reload?ser=1531813592770 HTTP/1.1" 200 28 "http://renault.2web.at/account?loadrequest=true" "Mozilla/5.0 (Windows NT 6.1; WOW64; Trident/7.0; rv:11.0) like Gecko"
80.120.5.131 - - [17/Jul/2018:09:46:36 +0200] "GET /reload?ser=1531813596104 HTTP/1.1" 200 2 "http://renault.activities.at/success" "Mozilla/5.0 (Windows NT 6.1; WOW64; Trident/7.0; rv:11.0) like Gecko"
212.152.158.195 - - [17/Jul/2018:09:46:53 +0200] "GET /reload?ser=1531813694342 HTTP/1.1" 200 28 "http://renault.activities.at/11843800" "Mozilla/5.0 (Windows NT 6.1; WOW64; Trident/7.0; rv:11.0) like Gecko"
80.123.225.34 - - [17/Jul/2018:09:47:14 +0200] "GET /reload?ser=1531813636318 HTTP/1.1" 200 28 "http://renault.activities.at/result?searchterm=true&search=reh5330" "Mozilla/5.0 (Windows NT 6.1; Win64; x64) AppleWebKit/537.36 (KHTML, like Gecko) Chrome/67.0.3396.99 Safari/537.36"
212.186.86.74 - - [17/Jul/2018:09:47:24 +0200] "GET /reload?ser=1531812839289 HTTP/1.1" 200 28 "http://renault.activities.at/10201442" "Mozilla/5.0 (Windows NT 6.1; WOW64; Trident/7.0; rv:11.0) like Gecko"
193.194.132.28 - - [17/Jul/2018:09:47:33 +0200] "GET /reload?ser=1531813653842 HTTP/1.1" 200 28 "http://renault.2web.at/account?loadrequest=true" "Mozilla/5.0 (Windows NT 6.1; WOW64; Trident/7.0; rv:11.0) like Gecko"
80.120.5.131 - - [17/Jul/2018:09:47:37 +0200] "GET /reload?ser=1531813657116 HTTP/1.1" 200 2 "http://renault.activities.at/success" "Mozilla/5.0 (Windows NT 6.1; WOW64; Trident/7.0; rv:11.0) like Gecko"
212.152.158.195 - - [17/Jul/2018:09:47:54 +0200] "GET /reload?ser=1531813755275 HTTP/1.1" 200 28 "http://renault.activities.at/11843800" "Mozilla/5.0 (Windows NT 6.1; WOW64; Trident/7.0; rv:11.0) like Gecko"
80.123.225.34 - - [17/Jul/2018:09:48:15 +0200] "GET /reload?ser=1531813697319 HTTP/1.1" 200 28 "http://renault.activities.at/result?searchterm=true&search=reh5330" "Mozilla/5.0 (Windows NT 6.1; Win64; x64) AppleWebKit/537.36 (KHTML, like Gecko) Chrome/67.0.3396.99 Safari/537.36"
212.186.86.74 - - [17/Jul/2018:09:48:25 +0200] "GET /reload?ser=1531812900377 HTTP/1.1" 200 28 "http://renault.activities.at/10201442" "Mozilla/5.0 (Windows NT 6.1; WOW64; Trident/7.0; rv:11.0) like Gecko"
193.194.132.28 - - [17/Jul/2018:09:48:34 +0200] "GET /reload?ser=1531813714906 HTTP/1.1" 200 28 "http://renault.2web.at/account?loadrequest=true" "Mozilla/5.0 (Windows NT 6.1; WOW64; Trident/7.0; rv:11.0) like Gecko"
80.120.5.131 - - [17/Jul/2018:09:48:38 +0200] "GET /reload?ser=1531813718112 HTTP/1.1" 200 2 "http://renault.activities.at/success" "Mozilla/5.0 (Windows NT 6.1; WOW64; Trident/7.0; rv:11.0) like Gecko"
212.152.158.195 - - [17/Jul/2018:09:48:55 +0200] "GET /reload?ser=1531813816227 HTTP/1.1" 200 28 "http://renault.activities.at/11843800" "Mozilla/5.0 (Windows NT 6.1; WOW64; Trident/7.0; rv:11.0) like Gecko"
80.123.225.34 - - [17/Jul/2018:09:49:16 +0200] "GET /reload?ser=1531813758318 HTTP/1.1" 200 28 "http://renault.activities.at/result?searchterm=true&search=reh5330" "Mozilla/5.0 (Windows NT 6.1; Win64; x64) AppleWebKit/537.36 (KHTML, like Gecko) Chrome/67.0.3396.99 Safari/537.36"
212.186.86.74 - - [17/Jul/2018:09:49:26 +0200] "GET /reload?ser=1531812961485 HTTP/1.1" 200 28 "http://renault.activities.at/10201442" "Mozilla/5.0 (Windows NT 6.1; WOW64; Trident/7.0; rv:11.0) like Gecko"
193.194.132.28 - - [17/Jul/2018:09:49:35 +0200] "GET /reload?ser=1531813775981 HTTP/1.1" 200 28 "http://renault.2web.at/account?loadrequest=true" "Mozilla/5.0 (Windows NT 6.1; WOW64; Trident/7.0; rv:11.0) like Gecko"
80.120.5.131 - - [17/Jul/2018:09:49:39 +0200] "GET /reload?ser=1531813779139 HTTP/1.1" 200 2 "http://renault.activities.at/success" "Mozilla/5.0 (Windows NT 6.1; WOW64; Trident/7.0; rv:11.0) like Gecko"
212.152.158.195 - - [17/Jul/2018:09:49:56 +0200] "GET /reload?ser=1531813877206 HTTP/1.1" 200 28 "http://renault.activities.at/11843800" "Mozilla/5.0 (Windows NT 6.1; WOW64; Trident/7.0; rv:11.0) like Gecko"
80.123.225.34 - - [17/Jul/2018:09:50:17 +0200] "GET /reload?ser=1531813819319 HTTP/1.1" 200 28 "http://renault.activities.at/result?searchterm=true&search=reh5330" "Mozilla/5.0 (Windows NT 6.1; Win64; x64) AppleWebKit/537.36 (KHTML, like Gecko) Chrome/67.0.3396.99 Safari/537.36"
212.186.86.74 - - [17/Jul/2018:09:50:27 +0200] "GET /reload?ser=1531813022529 HTTP/1.1" 200 28 "http://renault.activities.at/10201442" "Mozilla/5.0 (Windows NT 6.1; WOW64; Trident/7.0; rv:11.0) like Gecko"
193.194.132.28 - - [17/Jul/2018:09:50:37 +0200] "GET /reload?ser=1531813837034 HTTP/1.1" 200 28 "http://renault.2web.at/account?loadrequest=true" "Mozilla/5.0 (Windows NT 6.1; WOW64; Trident/7.0; rv:11.0) like Gecko"
80.120.5.131 - - [17/Jul/2018:09:50:40 +0200] "GET /reload?ser=1531813840121 HTTP/1.1" 200 2 "http://renault.activities.at/success" "Mozilla/5.0 (Windows NT 6.1; WOW64; Trident/7.0; rv:11.0) like Gecko"
212.152.158.195 - - [17/Jul/2018:09:50:57 +0200] "GET /reload?ser=1531813938202 HTTP/1.1" 200 28 "http://renault.activities.at/11843800" "Mozilla/5.0 (Windows NT 6.1; WOW64; Trident/7.0; rv:11.0) like Gecko"
80.123.225.34 - - [17/Jul/2018:09:51:18 +0200] "GET /reload?ser=1531813880319 HTTP/1.1" 200 28 "http://renault.activities.at/result?searchterm=true&search=reh5330" "Mozilla/5.0 (Windows NT 6.1; Win64; x64) AppleWebKit/537.36 (KHTML, like Gecko) Chrome/67.0.3396.99 Safari/537.36"
212.186.86.74 - - [17/Jul/2018:09:51:29 +0200] "GET /reload?ser=1531813083626 HTTP/1.1" 200 28 "http://renault.activities.at/10201442" "Mozilla/5.0 (Windows NT 6.1; WOW64; Trident/7.0; rv:11.0) like Gecko"
193.194.132.28 - - [17/Jul/2018:09:51:38 +0200] "GET /reload?ser=1531813898142 HTTP/1.1" 200 28 "http://renault.2web.at/account?loadrequest=true" "Mozilla/5.0 (Windows NT 6.1; WOW64; Trident/7.0; rv:11.0) like Gecko"
80.120.5.131 - - [17/Jul/2018:09:51:41 +0200] "GET /reload?ser=1531813901163 HTTP/1.1" 200 2 "http://renault.activities.at/success" "Mozilla/5.0 (Windows NT 6.1; WOW64; Trident/7.0; rv:11.0) like Gecko"
212.152.158.195 - - [17/Jul/2018:09:51:57 +0200] "GET /reload?ser=1531813999139 HTTP/1.1" 200 28 "http://renault.activities.at/11843800" "Mozilla/5.0 (Windows NT 6.1; WOW64; Trident/7.0; rv:11.0) like Gecko"
80.123.225.34 - - [17/Jul/2018:09:52:19 +0200] "GET /reload?ser=1531813941320 HTTP/1.1" 200 28 "http://renault.activities.at/result?searchterm=true&search=reh5330" "Mozilla/5.0 (Windows NT 6.1; Win64; x64) AppleWebKit/537.36 (KHTML, like Gecko) Chrome/67.0.3396.99 Safari/537.36"
212.186.86.74 - - [17/Jul/2018:09:52:30 +0200] "GET /reload?ser=1531813144670 HTTP/1.1" 200 28 "http://renault.activities.at/10201442" "Mozilla/5.0 (Windows NT 6.1; WOW64; Trident/7.0; rv:11.0) like Gecko"
193.194.132.28 - - [17/Jul/2018:09:52:39 +0200] "GET /reload?ser=1531813959189 HTTP/1.1" 200 28 "http://renault.2web.at/account?loadrequest=true" "Mozilla/5.0 (Windows NT 6.1; WOW64; Trident/7.0; rv:11.0) like Gecko"
80.120.5.131 - - [17/Jul/2018:09:52:42 +0200] "GET /reload?ser=1531813962179 HTTP/1.1" 200 2 "http://renault.activities.at/success" "Mozilla/5.0 (Windows NT 6.1; WOW64; Trident/7.0; rv:11.0) like Gecko"
212.152.158.195 - - [17/Jul/2018:09:53:01 +0200] "GET /reload?ser=1531814063111 HTTP/1.1" 200 28 "http://renault.activities.at/11843800" "Mozilla/5.0 (Windows NT 6.1; WOW64; Trident/7.0; rv:11.0) like Gecko"
80.123.225.34 - - [17/Jul/2018:09:53:20 +0200] "GET /reload?ser=1531814002319 HTTP/1.1" 200 28 "http://renault.activities.at/result?searchterm=true&search=reh5330" "Mozilla/5.0 (Windows NT 6.1; Win64; x64) AppleWebKit/537.36 (KHTML, like Gecko) Chrome/67.0.3396.99 Safari/537.36"
212.186.86.74 - - [17/Jul/2018:09:53:31 +0200] "GET /reload?ser=1531813205727 HTTP/1.1" 200 28 "http://renault.activities.at/10201442" "Mozilla/5.0 (Windows NT 6.1; WOW64; Trident/7.0; rv:11.0) like Gecko"
193.194.132.28 - - [17/Jul/2018:09:53:40 +0200] "GET /reload?ser=1531814020216 HTTP/1.1" 200 28 "http://renault.2web.at/account?loadrequest=true" "Mozilla/5.0 (Windows NT 6.1; WOW64; Trident/7.0; rv:11.0) like Gecko"
80.120.5.131 - - [17/Jul/2018:09:53:43 +0200] "GET /reload?ser=1531814023140 HTTP/1.1" 200 2 "http://renault.activities.at/success" "Mozilla/5.0 (Windows NT 6.1; WOW64; Trident/7.0; rv:11.0) like Gecko"
212.152.158.195 - - [17/Jul/2018:09:54:02 +0200] "GET /reload?ser=1531814124074 HTTP/1.1" 200 28 "http://renault.activities.at/11843800" "Mozilla/5.0 (Windows NT 6.1; WOW64; Trident/7.0; rv:11.0) like Gecko"
80.123.225.34 - - [17/Jul/2018:09:54:21 +0200] "GET /reload?ser=1531814063319 HTTP/1.1" 200 28 "http://renault.activities.at/result?searchterm=true&search=reh5330" "Mozilla/5.0 (Windows NT 6.1; Win64; x64) AppleWebKit/537.36 (KHTML, like Gecko) Chrome/67.0.3396.99 Safari/537.36"
212.186.86.74 - - [17/Jul/2018:09:54:32 +0200] "GET /reload?ser=1531813266768 HTTP/1.1" 200 28 "http://renault.activities.at/10201442" "Mozilla/5.0 (Windows NT 6.1; WOW64; Trident/7.0; rv:11.0) like Gecko"
193.194.132.28 - - [17/Jul/2018:09:54:41 +0200] "GET /reload?ser=1531814081296 HTTP/1.1" 200 28 "http://renault.2web.at/account?loadrequest=true" "Mozilla/5.0 (Windows NT 6.1; WOW64; Trident/7.0; rv:11.0) like Gecko"
80.120.5.131 - - [17/Jul/2018:09:54:44 +0200] "GET /reload?ser=1531814084129 HTTP/1.1" 200 2 "http://renault.activities.at/success" "Mozilla/5.0 (Windows NT 6.1; WOW64; Trident/7.0; rv:11.0) like Gecko"
80.120.5.131 - - [17/Jul/2018:09:54:57 +0200] "GET /images/button_right_bg.gif HTTP/1.1" 304 - "http://renault.activities.at/success" "Mozilla/5.0 (Windows NT 6.1; WOW64; Trident/7.0; rv:11.0) like Gecko"
80.120.5.131 - - [17/Jul/2018:09:54:57 +0200] "GET /images/button_bg.gif HTTP/1.1" 304 - "http://renault.activities.at/success" "Mozilla/5.0 (Windows NT 6.1; WOW64; Trident/7.0; rv:11.0) like Gecko"
212.152.158.195 - - [17/Jul/2018:09:55:03 +0200] "GET /reload?ser=1531814185048 HTTP/1.1" 200 28 "http://renault.activities.at/11843800" "Mozilla/5.0 (Windows NT 6.1; WOW64; Trident/7.0; rv:11.0) like Gecko"
80.123.225.34 - - [17/Jul/2018:09:55:23 +0200] "GET /reload?ser=1531814125319 HTTP/1.1" 200 28 "http://renault.activities.at/result?searchterm=true&search=reh5330" "Mozilla/5.0 (Windows NT 6.1; Win64; x64) AppleWebKit/537.36 (KHTML, like Gecko) Chrome/67.0.3396.99 Safari/537.36"
212.186.86.74 - - [17/Jul/2018:09:55:33 +0200] "GET /reload?ser=1531813327861 HTTP/1.1" 200 28 "http://renault.activities.at/10201442" "Mozilla/5.0 (Windows NT 6.1; WOW64; Trident/7.0; rv:11.0) like Gecko"
193.194.132.28 - - [17/Jul/2018:09:55:42 +0200] "GET /reload?ser=1531814142394 HTTP/1.1" 200 28 "http://renault.2web.at/account?loadrequest=true" "Mozilla/5.0 (Windows NT 6.1; WOW64; Trident/7.0; rv:11.0) like Gecko"
80.120.5.131 - - [17/Jul/2018:09:55:45 +0200] "GET /reload?ser=1531814145095 HTTP/1.1" 200 2 "http://renault.activities.at/success" "Mozilla/5.0 (Windows NT 6.1; WOW64; Trident/7.0; rv:11.0) like Gecko"
212.152.158.195 - - [17/Jul/2018:09:56:04 +0200] "GET /reload?ser=1531814246064 HTTP/1.1" 200 28 "http://renault.activities.at/11843800" "Mozilla/5.0 (Windows NT 6.1; WOW64; Trident/7.0; rv:11.0) like Gecko"
80.123.225.34 - - [17/Jul/2018:09:56:24 +0200] "GET /reload?ser=1531814186319 HTTP/1.1" 200 28 "http://renault.activities.at/result?searchterm=true&search=reh5330" "Mozilla/5.0 (Windows NT 6.1; Win64; x64) AppleWebKit/537.36 (KHTML, like Gecko) Chrome/67.0.3396.99 Safari/537.36"
212.186.86.74 - - [17/Jul/2018:09:56:34 +0200] "GET /reload?ser=1531813388929 HTTP/1.1" 200 28 "http://renault.activities.at/10201442" "Mozilla/5.0 (Windows NT 6.1; WOW64; Trident/7.0; rv:11.0) like Gecko"
193.194.132.28 - - [17/Jul/2018:09:56:43 +0200] "GET /reload?ser=1531814203425 HTTP/1.1" 200 28 "http://renault.2web.at/account?loadrequest=true" "Mozilla/5.0 (Windows NT 6.1; WOW64; Trident/7.0; rv:11.0) like Gecko"
80.120.5.131 - - [17/Jul/2018:09:56:46 +0200] "GET /reload?ser=1531814206060 HTTP/1.1" 200 2 "http://renault.activities.at/success" "Mozilla/5.0 (Windows NT 6.1; WOW64; Trident/7.0; rv:11.0) like Gecko"
212.152.158.195 - - [17/Jul/2018:09:57:05 +0200] "GET /reload?ser=1531814307009 HTTP/1.1" 200 28 "http://renault.activities.at/11843800" "Mozilla/5.0 (Windows NT 6.1; WOW64; Trident/7.0; rv:11.0) like Gecko"
80.123.225.34 - - [17/Jul/2018:09:57:25 +0200] "GET /reload?ser=1531814247319 HTTP/1.1" 200 28 "http://renault.activities.at/result?searchterm=true&search=reh5330" "Mozilla/5.0 (Windows NT 6.1; Win64; x64) AppleWebKit/537.36 (KHTML, like Gecko) Chrome/67.0.3396.99 Safari/537.36"
212.186.86.74 - - [17/Jul/2018:09:57:35 +0200] "GET /reload?ser=1531813450007 HTTP/1.1" 200 28 "http://renault.activities.at/10201442" "Mozilla/5.0 (Windows NT 6.1; WOW64; Trident/7.0; rv:11.0) like Gecko"
193.194.132.28 - - [17/Jul/2018:09:57:44 +0200] "GET /reload?ser=1531814264476 HTTP/1.1" 200 28 "http://renault.2web.at/account?loadrequest=true" "Mozilla/5.0 (Windows NT 6.1; WOW64; Trident/7.0; rv:11.0) like Gecko"
212.152.158.195 - - [17/Jul/2018:09:58:06 +0200] "GET /reload?ser=1531814367959 HTTP/1.1" 200 28 "http://renault.activities.at/11843800" "Mozilla/5.0 (Windows NT 6.1; WOW64; Trident/7.0; rv:11.0) like Gecko"
80.123.225.34 - - [17/Jul/2018:09:58:26 +0200] "GET /reload?ser=1531814308320 HTTP/1.1" 200 28 "http://renault.activities.at/result?searchterm=true&search=reh5330" "Mozilla/5.0 (Windows NT 6.1; Win64; x64) AppleWebKit/537.36 (KHTML, like Gecko) Chrome/67.0.3396.99 Safari/537.36"
212.186.86.74 - - [17/Jul/2018:09:58:36 +0200] "GET /reload?ser=1531813511112 HTTP/1.1" 200 28 "http://renault.activities.at/10201442" "Mozilla/5.0 (Windows NT 6.1; WOW64; Trident/7.0; rv:11.0) like Gecko"
193.194.132.28 - - [17/Jul/2018:09:58:45 +0200] "GET /reload?ser=1531814325511 HTTP/1.1" 200 28 "http://renault.2web.at/account?loadrequest=true" "Mozilla/5.0 (Windows NT 6.1; WOW64; Trident/7.0; rv:11.0) like Gecko"
212.152.158.195 - - [17/Jul/2018:09:59:07 +0200] "GET /reload?ser=1531814429007 HTTP/1.1" 200 28 "http://renault.activities.at/11843800" "Mozilla/5.0 (Windows NT 6.1; WOW64; Trident/7.0; rv:11.0) like Gecko"
80.123.225.34 - - [17/Jul/2018:09:59:27 +0200] "GET /reload?ser=1531814369318 HTTP/1.1" 200 28 "http://renault.activities.at/result?searchterm=true&search=reh5330" "Mozilla/5.0 (Windows NT 6.1; Win64; x64) AppleWebKit/537.36 (KHTML, like Gecko) Chrome/67.0.3396.99 Safari/537.36"
212.186.86.74 - - [17/Jul/2018:09:59:37 +0200] "GET /reload?ser=1531813572196 HTTP/1.1" 200 28 "http://renault.activities.at/10201442" "Mozilla/5.0 (Windows NT 6.1; WOW64; Trident/7.0; rv:11.0) like Gecko"
193.194.132.28 - - [17/Jul/2018:09:59:46 +0200] "GET /reload?ser=1531814386555 HTTP/1.1" 200 28 "http://renault.2web.at/account?loadrequest=true" "Mozilla/5.0 (Windows NT 6.1; WOW64; Trident/7.0; rv:11.0) like Gecko"
212.152.158.195 - - [17/Jul/2018:10:00:08 +0200] "GET /reload?ser=1531814489998 HTTP/1.1" 200 28 "http://renault.activities.at/11843800" "Mozilla/5.0 (Windows NT 6.1; WOW64; Trident/7.0; rv:11.0) like Gecko"
80.123.225.34 - - [17/Jul/2018:10:00:28 +0200] "GET /reload?ser=1531814430319 HTTP/1.1" 200 28 "http://renault.activities.at/result?searchterm=true&search=reh5330" "Mozilla/5.0 (Windows NT 6.1; Win64; x64) AppleWebKit/537.36 (KHTML, like Gecko) Chrome/67.0.3396.99 Safari/537.36"
212.186.86.74 - - [17/Jul/2018:10:00:38 +0200] "GET /reload?ser=1531813633321 HTTP/1.1" 200 28 "http://renault.activities.at/10201442" "Mozilla/5.0 (Windows NT 6.1; WOW64; Trident/7.0; rv:11.0) like Gecko"
193.194.132.28 - - [17/Jul/2018:10:00:47 +0200] "GET /reload?ser=1531814447653 HTTP/1.1" 200 28 "http://renault.2web.at/account?loadrequest=true" "Mozilla/5.0 (Windows NT 6.1; WOW64; Trident/7.0; rv:11.0) like Gecko"
212.152.158.195 - - [17/Jul/2018:10:01:09 +0200] "GET /reload?ser=1531814550951 HTTP/1.1" 200 28 "http://renault.activities.at/11843800" "Mozilla/5.0 (Windows NT 6.1; WOW64; Trident/7.0; rv:11.0) like Gecko"
80.123.225.34 - - [17/Jul/2018:10:01:29 +0200] "GET /reload?ser=1531814491318 HTTP/1.1" 200 28 "http://renault.activities.at/result?searchterm=true&search=reh5330" "Mozilla/5.0 (Windows NT 6.1; Win64; x64) AppleWebKit/537.36 (KHTML, like Gecko) Chrome/67.0.3396.99 Safari/537.36"
212.186.86.74 - - [17/Jul/2018:10:01:39 +0200] "GET /reload?ser=1531813694448 HTTP/1.1" 200 28 "http://renault.activities.at/10201442" "Mozilla/5.0 (Windows NT 6.1; WOW64; Trident/7.0; rv:11.0) like Gecko"
193.194.132.28 - - [17/Jul/2018:10:01:48 +0200] "GET /reload?ser=1531814508735 HTTP/1.1" 200 28 "http://renault.2web.at/account?loadrequest=true" "Mozilla/5.0 (Windows NT 6.1; WOW64; Trident/7.0; rv:11.0) like Gecko"
212.152.158.195 - - [17/Jul/2018:10:02:10 +0200] "GET /reload?ser=1531814611886 HTTP/1.1" 200 28 "http://renault.activities.at/11843800" "Mozilla/5.0 (Windows NT 6.1; WOW64; Trident/7.0; rv:11.0) like Gecko"
80.123.225.34 - - [17/Jul/2018:10:02:30 +0200] "GET /reload?ser=1531814552319 HTTP/1.1" 200 28 "http://renault.activities.at/result?searchterm=true&search=reh5330" "Mozilla/5.0 (Windows NT 6.1; Win64; x64) AppleWebKit/537.36 (KHTML, like Gecko) Chrome/67.0.3396.99 Safari/537.36"
212.186.86.74 - - [17/Jul/2018:10:02:41 +0200] "GET /reload?ser=1531813755552 HTTP/1.1" 200 28 "http://renault.activities.at/10201442" "Mozilla/5.0 (Windows NT 6.1; WOW64; Trident/7.0; rv:11.0) like Gecko"
193.194.132.28 - - [17/Jul/2018:10:02:49 +0200] "GET /reload?ser=1531814569795 HTTP/1.1" 200 28 "http://renault.2web.at/account?loadrequest=true" "Mozilla/5.0 (Windows NT 6.1; WOW64; Trident/7.0; rv:11.0) like Gecko"
212.152.158.195 - - [17/Jul/2018:10:03:11 +0200] "GET /reload?ser=1531814672850 HTTP/1.1" 200 28 "http://renault.activities.at/11843800" "Mozilla/5.0 (Windows NT 6.1; WOW64; Trident/7.0; rv:11.0) like Gecko"
80.123.225.34 - - [17/Jul/2018:10:03:31 +0200] "GET /reload?ser=1531814613318 HTTP/1.1" 200 28 "http://renault.activities.at/result?searchterm=true&search=reh5330" "Mozilla/5.0 (Windows NT 6.1; Win64; x64) AppleWebKit/537.36 (KHTML, like Gecko) Chrome/67.0.3396.99 Safari/537.36"
212.186.86.74 - - [17/Jul/2018:10:03:42 +0200] "GET /reload?ser=1531813816593 HTTP/1.1" 200 28 "http://renault.activities.at/10201442" "Mozilla/5.0 (Windows NT 6.1; WOW64; Trident/7.0; rv:11.0) like Gecko"
80.123.225.34 - - [17/Jul/2018:10:03:44 +0200] "GET /result?searchterm=true&search=reh5330 HTTP/1.1" 200 5809 "http://renault.activities.at/result?searchterm=true&search=reh5324" "Mozilla/5.0 (Windows NT 6.1; Win64; x64) AppleWebKit/537.36 (KHTML, like Gecko) Chrome/67.0.3396.99 Safari/537.36"
193.194.132.28 - - [17/Jul/2018:10:03:50 +0200] "GET /reload?ser=1531814630832 HTTP/1.1" 200 28 "http://renault.2web.at/account?loadrequest=true" "Mozilla/5.0 (Windows NT 6.1; WOW64; Trident/7.0; rv:11.0) like Gecko"
212.152.158.195 - - [17/Jul/2018:10:04:12 +0200] "GET /reload?ser=1531814733834 HTTP/1.1" 200 28 "http://renault.activities.at/11843800" "Mozilla/5.0 (Windows NT 6.1; WOW64; Trident/7.0; rv:11.0) like Gecko"
212.186.86.74 - - [17/Jul/2018:10:04:43 +0200] "GET /reload?ser=1531813877647 HTTP/1.1" 200 28 "http://renault.activities.at/10201442" "Mozilla/5.0 (Windows NT 6.1; WOW64; Trident/7.0; rv:11.0) like Gecko"
80.123.225.34 - - [17/Jul/2018:10:04:46 +0200] "GET /reload?ser=1531814688139 HTTP/1.1" 200 28 "http://renault.activities.at/result?searchterm=true&search=reh5330" "Mozilla/5.0 (Windows NT 6.1; Win64; x64) AppleWebKit/537.36 (KHTML, like Gecko) Chrome/67.0.3396.99 Safari/537.36"
193.194.132.28 - - [17/Jul/2018:10:04:51 +0200] "GET /reload?ser=1531814691950 HTTP/1.1" 200 28 "http://renault.2web.at/account?loadrequest=true" "Mozilla/5.0 (Windows NT 6.1; WOW64; Trident/7.0; rv:11.0) like Gecko"
212.152.158.195 - - [17/Jul/2018:10:05:13 +0200] "GET /reload?ser=1531814794811 HTTP/1.1" 200 28 "http://renault.activities.at/11843800" "Mozilla/5.0 (Windows NT 6.1; WOW64; Trident/7.0; rv:11.0) like Gecko"
212.186.86.74 - - [17/Jul/2018:10:05:44 +0200] "GET /reload?ser=1531813938740 HTTP/1.1" 200 28 "http://renault.activities.at/10201442" "Mozilla/5.0 (Windows NT 6.1; WOW64; Trident/7.0; rv:11.0) like Gecko"
80.123.225.34 - - [17/Jul/2018:10:05:47 +0200] "GET /reload?ser=1531814749093 HTTP/1.1" 200 28 "http://renault.activities.at/result?searchterm=true&search=reh5330" "Mozilla/5.0 (Windows NT 6.1; Win64; x64) AppleWebKit/537.36 (KHTML, like Gecko) Chrome/67.0.3396.99 Safari/537.36"
193.194.132.28 - - [17/Jul/2018:10:05:52 +0200] "GET /reload?ser=1531814752991 HTTP/1.1" 200 28 "http://renault.2web.at/account?loadrequest=true" "Mozilla/5.0 (Windows NT 6.1; WOW64; Trident/7.0; rv:11.0) like Gecko"
212.152.158.195 - - [17/Jul/2018:10:06:14 +0200] "GET /reload?ser=1531814855858 HTTP/1.1" 200 28 "http://renault.activities.at/11843800" "Mozilla/5.0 (Windows NT 6.1; WOW64; Trident/7.0; rv:11.0) like Gecko"
212.186.86.74 - - [17/Jul/2018:10:06:45 +0200] "GET /reload?ser=1531813999780 HTTP/1.1" 200 28 "http://renault.activities.at/10201442" "Mozilla/5.0 (Windows NT 6.1; WOW64; Trident/7.0; rv:11.0) like Gecko"
80.123.225.34 - - [17/Jul/2018:10:06:48 +0200] "GET /reload?ser=1531814810001 HTTP/1.1" 200 28 "http://renault.activities.at/result?searchterm=true&search=reh5330" "Mozilla/5.0 (Windows NT 6.1; Win64; x64) AppleWebKit/537.36 (KHTML, like Gecko) Chrome/67.0.3396.99 Safari/537.36"
193.194.132.28 - - [17/Jul/2018:10:06:54 +0200] "GET /reload?ser=1531814814058 HTTP/1.1" 200 28 "http://renault.2web.at/account?loadrequest=true" "Mozilla/5.0 (Windows NT 6.1; WOW64; Trident/7.0; rv:11.0) like Gecko"
212.152.158.195 - - [17/Jul/2018:10:07:15 +0200] "GET /reload?ser=1531814916856 HTTP/1.1" 200 28 "http://renault.activities.at/11843800" "Mozilla/5.0 (Windows NT 6.1; WOW64; Trident/7.0; rv:11.0) like Gecko"
212.186.86.74 - - [17/Jul/2018:10:07:46 +0200] "GET /reload?ser=1531814060822 HTTP/1.1" 200 28 "http://renault.activities.at/10201442" "Mozilla/5.0 (Windows NT 6.1; WOW64; Trident/7.0; rv:11.0) like Gecko"
80.123.225.34 - - [17/Jul/2018:10:07:49 +0200] "GET /reload?ser=1531814870939 HTTP/1.1" 200 28 "http://renault.activities.at/result?searchterm=true&search=reh5330" "Mozilla/5.0 (Windows NT 6.1; Win64; x64) AppleWebKit/537.36 (KHTML, like Gecko) Chrome/67.0.3396.99 Safari/537.36"
193.194.132.28 - - [17/Jul/2018:10:07:55 +0200] "GET /reload?ser=1531814875108 HTTP/1.1" 200 28 "http://renault.2web.at/account?loadrequest=true" "Mozilla/5.0 (Windows NT 6.1; WOW64; Trident/7.0; rv:11.0) like Gecko"
212.152.158.195 - - [17/Jul/2018:10:08:16 +0200] "GET /reload?ser=1531814977818 HTTP/1.1" 200 28 "http://renault.activities.at/11843800" "Mozilla/5.0 (Windows NT 6.1; WOW64; Trident/7.0; rv:11.0) like Gecko"
212.186.86.74 - - [17/Jul/2018:10:08:47 +0200] "GET /reload?ser=1531814121893 HTTP/1.1" 200 28 "http://renault.activities.at/10201442" "Mozilla/5.0 (Windows NT 6.1; WOW64; Trident/7.0; rv:11.0) like Gecko"
80.123.225.34 - - [17/Jul/2018:10:08:50 +0200] "GET /reload?ser=1531814931873 HTTP/1.1" 200 28 "http://renault.activities.at/result?searchterm=true&search=reh5330" "Mozilla/5.0 (Windows NT 6.1; Win64; x64) AppleWebKit/537.36 (KHTML, like Gecko) Chrome/67.0.3396.99 Safari/537.36"
193.194.132.28 - - [17/Jul/2018:10:08:56 +0200] "GET /reload?ser=1531814936146 HTTP/1.1" 200 28 "http://renault.2web.at/account?loadrequest=true" "Mozilla/5.0 (Windows NT 6.1; WOW64; Trident/7.0; rv:11.0) like Gecko"
212.152.158.195 - - [17/Jul/2018:10:09:17 +0200] "GET /reload?ser=1531815038778 HTTP/1.1" 200 28 "http://renault.activities.at/11843800" "Mozilla/5.0 (Windows NT 6.1; WOW64; Trident/7.0; rv:11.0) like Gecko"
212.186.86.74 - - [17/Jul/2018:10:09:48 +0200] "GET /reload?ser=1531814182925 HTTP/1.1" 200 28 "http://renault.activities.at/10201442" "Mozilla/5.0 (Windows NT 6.1; WOW64; Trident/7.0; rv:11.0) like Gecko"
80.123.225.34 - - [17/Jul/2018:10:09:51 +0200] "GET /reload?ser=1531814992856 HTTP/1.1" 200 28 "http://renault.activities.at/result?searchterm=true&search=reh5330" "Mozilla/5.0 (Windows NT 6.1; Win64; x64) AppleWebKit/537.36 (KHTML, like Gecko) Chrome/67.0.3396.99 Safari/537.36"
193.194.132.28 - - [17/Jul/2018:10:09:57 +0200] "GET /reload?ser=1531814997254 HTTP/1.1" 200 28 "http://renault.2web.at/account?loadrequest=true" "Mozilla/5.0 (Windows NT 6.1; WOW64; Trident/7.0; rv:11.0) like Gecko"
212.152.158.195 - - [17/Jul/2018:10:10:18 +0200] "GET /reload?ser=1531815099820 HTTP/1.1" 200 28 "http://renault.activities.at/11843800" "Mozilla/5.0 (Windows NT 6.1; WOW64; Trident/7.0; rv:11.0) like Gecko"
212.186.86.74 - - [17/Jul/2018:10:10:49 +0200] "GET /reload?ser=1531814243978 HTTP/1.1" 200 28 "http://renault.activities.at/10201442" "Mozilla/5.0 (Windows NT 6.1; WOW64; Trident/7.0; rv:11.0) like Gecko"
80.123.225.34 - - [17/Jul/2018:10:10:52 +0200] "GET /reload?ser=1531815053837 HTTP/1.1" 200 28 "http://renault.activities.at/result?searchterm=true&search=reh5330" "Mozilla/5.0 (Windows NT 6.1; Win64; x64) AppleWebKit/537.36 (KHTML, like Gecko) Chrome/67.0.3396.99 Safari/537.36"
193.194.132.28 - - [17/Jul/2018:10:10:58 +0200] "GET /reload?ser=1531815058345 HTTP/1.1" 200 28 "http://renault.2web.at/account?loadrequest=true" "Mozilla/5.0 (Windows NT 6.1; WOW64; Trident/7.0; rv:11.0) like Gecko"
212.152.158.195 - - [17/Jul/2018:10:11:19 +0200] "GET /reload?ser=1531815160813 HTTP/1.1" 200 28 "http://renault.activities.at/11843800" "Mozilla/5.0 (Windows NT 6.1; WOW64; Trident/7.0; rv:11.0) like Gecko"
212.186.86.74 - - [17/Jul/2018:10:11:50 +0200] "GET /reload?ser=1531814305044 HTTP/1.1" 200 28 "http://renault.activities.at/10201442" "Mozilla/5.0 (Windows NT 6.1; WOW64; Trident/7.0; rv:11.0) like Gecko"
80.123.225.34 - - [17/Jul/2018:10:11:52 +0200] "GET /reload?ser=1531815114772 HTTP/1.1" 200 28 "http://renault.activities.at/result?searchterm=true&search=reh5330" "Mozilla/5.0 (Windows NT 6.1; Win64; x64) AppleWebKit/537.36 (KHTML, like Gecko) Chrome/67.0.3396.99 Safari/537.36"
193.194.132.28 - - [17/Jul/2018:10:11:59 +0200] "GET /reload?ser=1531815119411 HTTP/1.1" 200 28 "http://renault.2web.at/account?loadrequest=true" "Mozilla/5.0 (Windows NT 6.1; WOW64; Trident/7.0; rv:11.0) like Gecko"
212.152.158.195 - - [17/Jul/2018:10:12:20 +0200] "GET /reload?ser=1531815221831 HTTP/1.1" 200 28 "http://renault.activities.at/11843800" "Mozilla/5.0 (Windows NT 6.1; WOW64; Trident/7.0; rv:11.0) like Gecko"
212.186.86.74 - - [17/Jul/2018:10:12:51 +0200] "GET /reload?ser=1531814366101 HTTP/1.1" 200 28 "http://renault.activities.at/10201442" "Mozilla/5.0 (Windows NT 6.1; WOW64; Trident/7.0; rv:11.0) like Gecko"
80.123.225.34 - - [17/Jul/2018:10:12:53 +0200] "GET /reload?ser=1531815175683 HTTP/1.1" 200 28 "http://renault.activities.at/result?searchterm=true&search=reh5330" "Mozilla/5.0 (Windows NT 6.1; Win64; x64) AppleWebKit/537.36 (KHTML, like Gecko) Chrome/67.0.3396.99 Safari/537.36"
193.194.132.28 - - [17/Jul/2018:10:13:00 +0200] "GET /reload?ser=1531815180485 HTTP/1.1" 200 28 "http://renault.2web.at/account?loadrequest=true" "Mozilla/5.0 (Windows NT 6.1; WOW64; Trident/7.0; rv:11.0) like Gecko"
212.152.158.195 - - [17/Jul/2018:10:13:21 +0200] "GET /reload?ser=1531815282781 HTTP/1.1" 200 28 "http://renault.activities.at/11843800" "Mozilla/5.0 (Windows NT 6.1; WOW64; Trident/7.0; rv:11.0) like Gecko"
212.186.86.74 - - [17/Jul/2018:10:13:52 +0200] "GET /reload?ser=1531814427142 HTTP/1.1" 200 28 "http://renault.activities.at/10201442" "Mozilla/5.0 (Windows NT 6.1; WOW64; Trident/7.0; rv:11.0) like Gecko"
80.123.225.34 - - [17/Jul/2018:10:13:54 +0200] "GET /reload?ser=1531815236634 HTTP/1.1" 200 28 "http://renault.activities.at/result?searchterm=true&search=reh5330" "Mozilla/5.0 (Windows NT 6.1; Win64; x64) AppleWebKit/537.36 (KHTML, like Gecko) Chrome/67.0.3396.99 Safari/537.36"
193.194.132.28 - - [17/Jul/2018:10:14:01 +0200] "GET /reload?ser=1531815241541 HTTP/1.1" 200 28 "http://renault.2web.at/account?loadrequest=true" "Mozilla/5.0 (Windows NT 6.1; WOW64; Trident/7.0; rv:11.0) like Gecko"
212.152.158.195 - - [17/Jul/2018:10:14:22 +0200] "GET /reload?ser=1531815343782 HTTP/1.1" 200 28 "http://renault.activities.at/11843800" "Mozilla/5.0 (Windows NT 6.1; WOW64; Trident/7.0; rv:11.0) like Gecko"
80.123.225.34 - - [17/Jul/2018:10:14:29 +0200] "GET / HTTP/1.1" 200 3680 "-" "Mozilla/5.0 (Windows NT 10.0; WOW64; Trident/7.0; rv:11.0) like Gecko"
80.123.225.34 - - [17/Jul/2018:10:14:30 +0200] "GET /js/default.js HTTP/1.1" 200 14698 "http://renault.activities.at/" "Mozilla/5.0 (Windows NT 10.0; WOW64; Trident/7.0; rv:11.0) like Gecko"
80.123.225.34 - - [17/Jul/2018:10:14:30 +0200] "GET /js/flashdetection.js HTTP/1.1" 200 1059 "http://renault.activities.at/" "Mozilla/5.0 (Windows NT 10.0; WOW64; Trident/7.0; rv:11.0) like Gecko"
80.123.225.34 - - [17/Jul/2018:10:14:30 +0200] "GET /css/reset.css HTTP/1.1" 200 1356 "http://renault.activities.at/" "Mozilla/5.0 (Windows NT 10.0; WOW64; Trident/7.0; rv:11.0) like Gecko"
80.123.225.34 - - [17/Jul/2018:10:14:30 +0200] "GET /css/clears.css HTTP/1.1" 200 851 "http://renault.activities.at/" "Mozilla/5.0 (Windows NT 10.0; WOW64; Trident/7.0; rv:11.0) like Gecko"
80.123.225.34 - - [17/Jul/2018:10:14:30 +0200] "GET /css/styles.css HTTP/1.1" 200 14664 "http://renault.activities.at/" "Mozilla/5.0 (Windows NT 10.0; WOW64; Trident/7.0; rv:11.0) like Gecko"
80.123.225.34 - - [17/Jul/2018:10:14:30 +0200] "GET /css/print.css HTTP/1.1" 200 543 "http://renault.activities.at/" "Mozilla/5.0 (Windows NT 10.0; WOW64; Trident/7.0; rv:11.0) like Gecko"
80.123.225.34 - - [17/Jul/2018:10:14:30 +0200] "GET /js/checkout.css HTTP/1.1" 200 359 "http://renault.activities.at/" "Mozilla/5.0 (Windows NT 10.0; WOW64; Trident/7.0; rv:11.0) like Gecko"
80.123.225.34 - - [17/Jul/2018:10:14:30 +0200] "GET /css/prototip.css HTTP/1.1" 200 968 "http://renault.activities.at/" "Mozilla/5.0 (Windows NT 10.0; WOW64; Trident/7.0; rv:11.0) like Gecko"
80.123.225.34 - - [17/Jul/2018:10:14:30 +0200] "GET /css/themes/default.css HTTP/1.1" 200 769 "http://renault.activities.at/" "Mozilla/5.0 (Windows NT 10.0; WOW64; Trident/7.0; rv:11.0) like Gecko"
80.123.225.34 - - [17/Jul/2018:10:14:30 +0200] "GET /css/themes/alphacube.css HTTP/1.1" 200 743 "http://renault.activities.at/" "Mozilla/5.0 (Windows NT 10.0; WOW64; Trident/7.0; rv:11.0) like Gecko"
80.123.225.34 - - [17/Jul/2018:10:14:30 +0200] "GET /js/index.php?c=auto&f=,prototype/prototype.js,prototype/validation.js,scriptaculous/builder.js,scriptaculous/effects.js,scriptaculous/dragdrop.js,scriptaculous/controls.js,scriptaculous/slider.js,varien/js.js,varien/form.js,varien/menu.js,mage/translate.js,mage/cookies.js,varien/product.js,spinner/SpinnerControl.jsmin.js,prototype/window.js,prototype/window_ext.js HTTP/1.1" 200 94182 "http://renault.activities.at/" "Mozilla/5.0 (Windows NT 10.0; WOW64; Trident/7.0; rv:11.0) like Gecko"
80.123.225.34 - - [17/Jul/2018:10:14:31 +0200] "GET /images/main_block_border.gif HTTP/1.1" 200 43 "http://renault.activities.at/" "Mozilla/5.0 (Windows NT 10.0; WOW64; Trident/7.0; rv:11.0) like Gecko"
80.123.225.34 - - [17/Jul/2018:10:14:31 +0200] "GET /favicon.ico HTTP/1.1" 200 3250 "-" "Mozilla/5.0 (Windows NT 10.0; Win64; x64; Trident/7.0; rv:11.0) like Gecko"
80.123.225.34 - - [17/Jul/2018:10:14:31 +0200] "GET /images/main_block_corner_right_bot.gif HTTP/1.1" 200 158 "http://renault.activities.at/" "Mozilla/5.0 (Windows NT 10.0; WOW64; Trident/7.0; rv:11.0) like Gecko"
80.123.225.34 - - [17/Jul/2018:10:14:31 +0200] "GET /images/main_block_corner_left_bot.gif HTTP/1.1" 200 159 "http://renault.activities.at/" "Mozilla/5.0 (Windows NT 10.0; WOW64; Trident/7.0; rv:11.0) like Gecko"
80.123.225.34 - - [17/Jul/2018:10:14:31 +0200] "GET /images/header_block_border.gif HTTP/1.1" 200 43 "http://renault.activities.at/" "Mozilla/5.0 (Windows NT 10.0; WOW64; Trident/7.0; rv:11.0) like Gecko"
80.123.225.34 - - [17/Jul/2018:10:14:31 +0200] "GET /images/header_block_corner_left_top.gif HTTP/1.1" 200 160 "http://renault.activities.at/" "Mozilla/5.0 (Windows NT 10.0; WOW64; Trident/7.0; rv:11.0) like Gecko"
80.123.225.34 - - [17/Jul/2018:10:14:31 +0200] "GET /images/header_block_corner_right_top.gif HTTP/1.1" 200 160 "http://renault.activities.at/" "Mozilla/5.0 (Windows NT 10.0; WOW64; Trident/7.0; rv:11.0) like Gecko"
80.123.225.34 - - [17/Jul/2018:10:14:31 +0200] "GET /images/main_block_corner_left_top.gif HTTP/1.1" 200 159 "http://renault.activities.at/" "Mozilla/5.0 (Windows NT 10.0; WOW64; Trident/7.0; rv:11.0) like Gecko"
80.123.225.34 - - [17/Jul/2018:10:14:31 +0200] "GET /images/main_block_corner_right_top.gif HTTP/1.1" 200 159 "http://renault.activities.at/" "Mozilla/5.0 (Windows NT 10.0; WOW64; Trident/7.0; rv:11.0) like Gecko"
80.123.225.34 - - [17/Jul/2018:10:14:31 +0200] "GET /images/title_border.jpg HTTP/1.1" 200 304 "http://renault.activities.at/" "Mozilla/5.0 (Windows NT 10.0; WOW64; Trident/7.0; rv:11.0) like Gecko"
80.123.225.34 - - [17/Jul/2018:10:14:31 +0200] "GET /images/title_border_top.jpg HTTP/1.1" 200 336 "http://renault.activities.at/" "Mozilla/5.0 (Windows NT 10.0; WOW64; Trident/7.0; rv:11.0) like Gecko"
80.123.225.34 - - [17/Jul/2018:10:14:31 +0200] "GET /images/title_corner_left_top.jpg HTTP/1.1" 200 372 "http://renault.activities.at/" "Mozilla/5.0 (Windows NT 10.0; WOW64; Trident/7.0; rv:11.0) like Gecko"
80.123.225.34 - - [17/Jul/2018:10:14:31 +0200] "GET /images/title_corner_right_top.jpg HTTP/1.1" 200 389 "http://renault.activities.at/" "Mozilla/5.0 (Windows NT 10.0; WOW64; Trident/7.0; rv:11.0) like Gecko"
80.123.225.34 - - [17/Jul/2018:10:14:31 +0200] "GET /loadthumbnail.php?id=11127982 HTTP/1.1" 200 399614 "http://renault.activities.at/" "Mozilla/5.0 (Windows NT 10.0; WOW64; Trident/7.0; rv:11.0) like Gecko"
212.186.86.74 - - [17/Jul/2018:10:14:53 +0200] "GET /reload?ser=1531814488182 HTTP/1.1" 200 28 "http://renault.activities.at/10201442" "Mozilla/5.0 (Windows NT 6.1; WOW64; Trident/7.0; rv:11.0) like Gecko"
80.123.225.34 - - [17/Jul/2018:10:14:55 +0200] "GET /reload?ser=1531815297643 HTTP/1.1" 200 28 "http://renault.activities.at/result?searchterm=true&search=reh5330" "Mozilla/5.0 (Windows NT 6.1; Win64; x64) AppleWebKit/537.36 (KHTML, like Gecko) Chrome/67.0.3396.99 Safari/537.36"
193.194.132.28 - - [17/Jul/2018:10:15:02 +0200] "GET /reload?ser=1531815302670 HTTP/1.1" 200 28 "http://renault.2web.at/account?loadrequest=true" "Mozilla/5.0 (Windows NT 6.1; WOW64; Trident/7.0; rv:11.0) like Gecko"
212.152.158.195 - - [17/Jul/2018:10:15:23 +0200] "GET /reload?ser=1531815404772 HTTP/1.1" 200 28 "http://renault.activities.at/11843800" "Mozilla/5.0 (Windows NT 6.1; WOW64; Trident/7.0; rv:11.0) like Gecko"
212.186.86.74 - - [17/Jul/2018:10:15:54 +0200] "GET /reload?ser=1531814549264 HTTP/1.1" 200 28 "http://renault.activities.at/10201442" "Mozilla/5.0 (Windows NT 6.1; WOW64; Trident/7.0; rv:11.0) like Gecko"
80.123.225.34 - - [17/Jul/2018:10:15:56 +0200] "GET /reload?ser=1531815358576 HTTP/1.1" 200 28 "http://renault.activities.at/result?searchterm=true&search=reh5330" "Mozilla/5.0 (Windows NT 6.1; Win64; x64) AppleWebKit/537.36 (KHTML, like Gecko) Chrome/67.0.3396.99 Safari/537.36"
193.194.132.28 - - [17/Jul/2018:10:16:03 +0200] "GET /reload?ser=1531815363784 HTTP/1.1" 200 28 "http://renault.2web.at/account?loadrequest=true" "Mozilla/5.0 (Windows NT 6.1; WOW64; Trident/7.0; rv:11.0) like Gecko"
212.152.158.195 - - [17/Jul/2018:10:16:24 +0200] "GET /reload?ser=1531815465752 HTTP/1.1" 200 28 "http://renault.activities.at/11843800" "Mozilla/5.0 (Windows NT 6.1; WOW64; Trident/7.0; rv:11.0) like Gecko"
212.186.86.74 - - [17/Jul/2018:10:16:55 +0200] "GET /reload?ser=1531814610299 HTTP/1.1" 200 28 "http://renault.activities.at/10201442" "Mozilla/5.0 (Windows NT 6.1; WOW64; Trident/7.0; rv:11.0) like Gecko"
80.123.225.34 - - [17/Jul/2018:10:16:57 +0200] "GET /reload?ser=1531815419515 HTTP/1.1" 200 28 "http://renault.activities.at/result?searchterm=true&search=reh5330" "Mozilla/5.0 (Windows NT 6.1; Win64; x64) AppleWebKit/537.36 (KHTML, like Gecko) Chrome/67.0.3396.99 Safari/537.36"
193.194.132.28 - - [17/Jul/2018:10:17:04 +0200] "GET /reload?ser=1531815424878 HTTP/1.1" 200 28 "http://renault.2web.at/account?loadrequest=true" "Mozilla/5.0 (Windows NT 6.1; WOW64; Trident/7.0; rv:11.0) like Gecko"
212.152.158.195 - - [17/Jul/2018:10:17:25 +0200] "GET /reload?ser=1531815526704 HTTP/1.1" 200 28 "http://renault.activities.at/11843800" "Mozilla/5.0 (Windows NT 6.1; WOW64; Trident/7.0; rv:11.0) like Gecko"
212.186.86.74 - - [17/Jul/2018:10:17:56 +0200] "GET /reload?ser=1531814671328 HTTP/1.1" 200 28 "http://renault.activities.at/10201442" "Mozilla/5.0 (Windows NT 6.1; WOW64; Trident/7.0; rv:11.0) like Gecko"
80.123.225.34 - - [17/Jul/2018:10:17:58 +0200] "GET /reload?ser=1531815480454 HTTP/1.1" 200 28 "http://renault.activities.at/result?searchterm=true&search=reh5330" "Mozilla/5.0 (Windows NT 6.1; Win64; x64) AppleWebKit/537.36 (KHTML, like Gecko) Chrome/67.0.3396.99 Safari/537.36"
193.194.132.28 - - [17/Jul/2018:10:18:06 +0200] "GET /reload?ser=1531815486006 HTTP/1.1" 200 28 "http://renault.2web.at/account?loadrequest=true" "Mozilla/5.0 (Windows NT 6.1; WOW64; Trident/7.0; rv:11.0) like Gecko"
212.152.158.195 - - [17/Jul/2018:10:18:26 +0200] "GET /reload?ser=1531815587683 HTTP/1.1" 200 28 "http://renault.activities.at/11843800" "Mozilla/5.0 (Windows NT 6.1; WOW64; Trident/7.0; rv:11.0) like Gecko"
212.186.86.74 - - [17/Jul/2018:10:18:57 +0200] "GET /reload?ser=1531814732411 HTTP/1.1" 200 28 "http://renault.activities.at/10201442" "Mozilla/5.0 (Windows NT 6.1; WOW64; Trident/7.0; rv:11.0) like Gecko"
80.123.225.34 - - [17/Jul/2018:10:19:00 +0200] "GET /reload?ser=1531815542319 HTTP/1.1" 200 28 "http://renault.activities.at/result?searchterm=true&search=reh5330" "Mozilla/5.0 (Windows NT 6.1; Win64; x64) AppleWebKit/537.36 (KHTML, like Gecko) Chrome/67.0.3396.99 Safari/537.36"
193.194.132.28 - - [17/Jul/2018:10:19:07 +0200] "GET /reload?ser=1531815547151 HTTP/1.1" 200 28 "http://renault.2web.at/account?loadrequest=true" "Mozilla/5.0 (Windows NT 6.1; WOW64; Trident/7.0; rv:11.0) like Gecko"
212.152.158.195 - - [17/Jul/2018:10:19:27 +0200] "GET /reload?ser=1531815648702 HTTP/1.1" 200 28 "http://renault.activities.at/11843800" "Mozilla/5.0 (Windows NT 6.1; WOW64; Trident/7.0; rv:11.0) like Gecko"
212.186.86.74 - - [17/Jul/2018:10:19:58 +0200] "GET /reload?ser=1531814793461 HTTP/1.1" 200 28 "http://renault.activities.at/10201442" "Mozilla/5.0 (Windows NT 6.1; WOW64; Trident/7.0; rv:11.0) like Gecko"
80.123.225.34 - - [17/Jul/2018:10:20:01 +0200] "GET /reload?ser=1531815603319 HTTP/1.1" 200 28 "http://renault.activities.at/result?searchterm=true&search=reh5330" "Mozilla/5.0 (Windows NT 6.1; Win64; x64) AppleWebKit/537.36 (KHTML, like Gecko) Chrome/67.0.3396.99 Safari/537.36"
193.194.132.28 - - [17/Jul/2018:10:20:08 +0200] "GET /reload?ser=1531815608254 HTTP/1.1" 200 28 "http://renault.2web.at/account?loadrequest=true" "Mozilla/5.0 (Windows NT 6.1; WOW64; Trident/7.0; rv:11.0) like Gecko"
212.152.158.195 - - [17/Jul/2018:10:20:28 +0200] "GET /reload?ser=1531815709743 HTTP/1.1" 200 28 "http://renault.activities.at/11843800" "Mozilla/5.0 (Windows NT 6.1; WOW64; Trident/7.0; rv:11.0) like Gecko"
212.186.86.74 - - [17/Jul/2018:10:21:00 +0200] "GET /reload?ser=1531814854541 HTTP/1.1" 200 28 "http://renault.activities.at/10201442" "Mozilla/5.0 (Windows NT 6.1; WOW64; Trident/7.0; rv:11.0) like Gecko"
80.123.225.34 - - [17/Jul/2018:10:21:02 +0200] "GET /reload?ser=1531815664319 HTTP/1.1" 200 28 "http://renault.activities.at/result?searchterm=true&search=reh5330" "Mozilla/5.0 (Windows NT 6.1; Win64; x64) AppleWebKit/537.36 (KHTML, like Gecko) Chrome/67.0.3396.99 Safari/537.36"
193.194.132.28 - - [17/Jul/2018:10:21:09 +0200] "GET /reload?ser=1531815669352 HTTP/1.1" 200 28 "http://renault.2web.at/account?loadrequest=true" "Mozilla/5.0 (Windows NT 6.1; WOW64; Trident/7.0; rv:11.0) like Gecko"
212.152.158.195 - - [17/Jul/2018:10:21:29 +0200] "GET /reload?ser=1531815770744 HTTP/1.1" 200 28 "http://renault.activities.at/11843800" "Mozilla/5.0 (Windows NT 6.1; WOW64; Trident/7.0; rv:11.0) like Gecko"
212.186.86.74 - - [17/Jul/2018:10:22:01 +0200] "GET /reload?ser=1531814915570 HTTP/1.1" 200 28 "http://renault.activities.at/10201442" "Mozilla/5.0 (Windows NT 6.1; WOW64; Trident/7.0; rv:11.0) like Gecko"
80.123.225.34 - - [17/Jul/2018:10:22:03 +0200] "GET /reload?ser=1531815725319 HTTP/1.1" 200 28 "http://renault.activities.at/result?searchterm=true&search=reh5330" "Mozilla/5.0 (Windows NT 6.1; Win64; x64) AppleWebKit/537.36 (KHTML, like Gecko) Chrome/67.0.3396.99 Safari/537.36"
193.194.132.28 - - [17/Jul/2018:10:22:10 +0200] "GET /reload?ser=1531815730415 HTTP/1.1" 200 28 "http://renault.2web.at/account?loadrequest=true" "Mozilla/5.0 (Windows NT 6.1; WOW64; Trident/7.0; rv:11.0) like Gecko"
212.152.158.195 - - [17/Jul/2018:10:22:30 +0200] "GET /reload?ser=1531815831683 HTTP/1.1" 200 28 "http://renault.activities.at/11843800" "Mozilla/5.0 (Windows NT 6.1; WOW64; Trident/7.0; rv:11.0) like Gecko"
212.186.86.74 - - [17/Jul/2018:10:23:02 +0200] "GET /reload?ser=1531814976815 HTTP/1.1" 200 28 "http://renault.activities.at/10201442" "Mozilla/5.0 (Windows NT 6.1; WOW64; Trident/7.0; rv:11.0) like Gecko"
80.123.225.34 - - [17/Jul/2018:10:23:04 +0200] "GET /reload?ser=1531815786319 HTTP/1.1" 200 28 "http://renault.activities.at/result?searchterm=true&search=reh5330" "Mozilla/5.0 (Windows NT 6.1; Win64; x64) AppleWebKit/537.36 (KHTML, like Gecko) Chrome/67.0.3396.99 Safari/537.36"
193.194.132.28 - - [17/Jul/2018:10:23:11 +0200] "GET /reload?ser=1531815791603 HTTP/1.1" 200 28 "http://renault.2web.at/account?loadrequest=true" "Mozilla/5.0 (Windows NT 6.1; WOW64; Trident/7.0; rv:11.0) like Gecko"
212.152.158.195 - - [17/Jul/2018:10:23:31 +0200] "GET /reload?ser=1531815892686 HTTP/1.1" 200 28 "http://renault.activities.at/11843800" "Mozilla/5.0 (Windows NT 6.1; WOW64; Trident/7.0; rv:11.0) like Gecko"
212.186.86.74 - - [17/Jul/2018:10:24:03 +0200] "GET /reload?ser=1531815037840 HTTP/1.1" 200 28 "http://renault.activities.at/10201442" "Mozilla/5.0 (Windows NT 6.1; WOW64; Trident/7.0; rv:11.0) like Gecko"
