80.122.221.194 - - [24/Jul/2018:08:43:13 +0200] "GET /success HTTP/1.1" 200 3776 "http://renault.activities.at/checkout" "Mozilla/5.0 (Windows NT 10.0; Win64; x64) AppleWebKit/537.36 (KHTML, like Gecko) Chrome/64.0.3282.140 Safari/537.36 Edge/17.17134"
193.194.132.28 - - [24/Jul/2018:08:43:49 +0200] "GET /reload?ser=1532414629404 HTTP/1.1" 200 28 "http://renault.2web.at/account?loadrequest=true" "Mozilla/5.0 (Windows NT 6.1; WOW64; Trident/7.0; rv:11.0) like Gecko"
80.122.221.194 - - [24/Jul/2018:08:44:15 +0200] "GET /reload?ser=1532414655413 HTTP/1.1" 200 28 "http://renault.activities.at/success" "Mozilla/5.0 (Windows NT 10.0; Win64; x64) AppleWebKit/537.36 (KHTML, like Gecko) Chrome/64.0.3282.140 Safari/537.36 Edge/17.17134"
193.194.132.28 - - [24/Jul/2018:08:44:50 +0200] "GET /reload?ser=1532414690451 HTTP/1.1" 200 28 "http://renault.2web.at/account?loadrequest=true" "Mozilla/5.0 (Windows NT 6.1; WOW64; Trident/7.0; rv:11.0) like Gecko"
80.122.221.194 - - [24/Jul/2018:08:45:16 +0200] "GET /reload?ser=1532414716407 HTTP/1.1" 200 28 "http://renault.activities.at/success" "Mozilla/5.0 (Windows NT 10.0; Win64; x64) AppleWebKit/537.36 (KHTML, like Gecko) Chrome/64.0.3282.140 Safari/537.36 Edge/17.17134"
193.194.132.28 - - [24/Jul/2018:08:45:51 +0200] "GET /reload?ser=1532414751524 HTTP/1.1" 200 28 "http://renault.2web.at/account?loadrequest=true" "Mozilla/5.0 (Windows NT 6.1; WOW64; Trident/7.0; rv:11.0) like Gecko"
193.194.132.28 - - [24/Jul/2018:08:46:52 +0200] "GET /reload?ser=1532414812632 HTTP/1.1" 200 28 "http://renault.2web.at/account?loadrequest=true" "Mozilla/5.0 (Windows NT 6.1; WOW64; Trident/7.0; rv:11.0) like Gecko"
193.194.132.28 - - [24/Jul/2018:08:47:53 +0200] "GET /reload?ser=1532414873704 HTTP/1.1" 200 28 "http://renault.2web.at/account?loadrequest=true" "Mozilla/5.0 (Windows NT 6.1; WOW64; Trident/7.0; rv:11.0) like Gecko"
193.194.132.28 - - [24/Jul/2018:08:48:55 +0200] "GET /reload?ser=1532414934849 HTTP/1.1" 200 28 "http://renault.2web.at/account?loadrequest=true" "Mozilla/5.0 (Windows NT 6.1; WOW64; Trident/7.0; rv:11.0) like Gecko"
193.194.132.28 - - [24/Jul/2018:08:49:56 +0200] "GET /reload?ser=1532414995932 HTTP/1.1" 200 28 "http://renault.2web.at/account?loadrequest=true" "Mozilla/5.0 (Windows NT 6.1; WOW64; Trident/7.0; rv:11.0) like Gecko"
193.194.132.28 - - [24/Jul/2018:08:50:57 +0200] "GET /reload?ser=1532415057063 HTTP/1.1" 200 28 "http://renault.2web.at/account?loadrequest=true" "Mozilla/5.0 (Windows NT 6.1; WOW64; Trident/7.0; rv:11.0) like Gecko"
193.194.132.28 - - [24/Jul/2018:08:51:58 +0200] "GET /reload?ser=1532415118191 HTTP/1.1" 200 28 "http://renault.2web.at/account?loadrequest=true" "Mozilla/5.0 (Windows NT 6.1; WOW64; Trident/7.0; rv:11.0) like Gecko"
193.194.132.28 - - [24/Jul/2018:08:52:59 +0200] "GET /reload?ser=1532415179362 HTTP/1.1" 200 28 "http://renault.2web.at/account?loadrequest=true" "Mozilla/5.0 (Windows NT 6.1; WOW64; Trident/7.0; rv:11.0) like Gecko"
193.194.132.28 - - [24/Jul/2018:08:54:00 +0200] "GET /reload?ser=1532415240509 HTTP/1.1" 200 28 "http://renault.2web.at/account?loadrequest=true" "Mozilla/5.0 (Windows NT 6.1; WOW64; Trident/7.0; rv:11.0) like Gecko"
193.194.132.28 - - [24/Jul/2018:08:55:01 +0200] "GET /reload?ser=1532415301628 HTTP/1.1" 200 28 "http://renault.2web.at/account?loadrequest=true" "Mozilla/5.0 (Windows NT 6.1; WOW64; Trident/7.0; rv:11.0) like Gecko"
193.194.132.28 - - [24/Jul/2018:08:56:02 +0200] "GET /reload?ser=1532415362815 HTTP/1.1" 200 28 "http://renault.2web.at/account?loadrequest=true" "Mozilla/5.0 (Windows NT 6.1; WOW64; Trident/7.0; rv:11.0) like Gecko"
193.194.132.28 - - [24/Jul/2018:08:57:04 +0200] "GET /reload?ser=1532415423964 HTTP/1.1" 200 28 "http://renault.2web.at/account?loadrequest=true" "Mozilla/5.0 (Windows NT 6.1; WOW64; Trident/7.0; rv:11.0) like Gecko"
193.194.132.28 - - [24/Jul/2018:08:58:05 +0200] "GET /reload?ser=1532415485138 HTTP/1.1" 200 28 "http://renault.2web.at/account?loadrequest=true" "Mozilla/5.0 (Windows NT 6.1; WOW64; Trident/7.0; rv:11.0) like Gecko"
193.194.132.28 - - [24/Jul/2018:08:59:06 +0200] "GET /reload?ser=1532415546294 HTTP/1.1" 200 28 "http://renault.2web.at/account?loadrequest=true" "Mozilla/5.0 (Windows NT 6.1; WOW64; Trident/7.0; rv:11.0) like Gecko"
193.194.132.28 - - [24/Jul/2018:09:00:07 +0200] "GET /reload?ser=1532415607415 HTTP/1.1" 200 28 "http://renault.2web.at/account?loadrequest=true" "Mozilla/5.0 (Windows NT 6.1; WOW64; Trident/7.0; rv:11.0) like Gecko"
193.194.132.28 - - [24/Jul/2018:09:01:08 +0200] "GET /reload?ser=1532415668491 HTTP/1.1" 200 28 "http://renault.2web.at/account?loadrequest=true" "Mozilla/5.0 (Windows NT 6.1; WOW64; Trident/7.0; rv:11.0) like Gecko"
193.194.132.28 - - [24/Jul/2018:09:02:09 +0200] "GET /reload?ser=1532415729662 HTTP/1.1" 200 28 "http://renault.2web.at/account?loadrequest=true" "Mozilla/5.0 (Windows NT 6.1; WOW64; Trident/7.0; rv:11.0) like Gecko"
193.194.132.28 - - [24/Jul/2018:09:03:10 +0200] "GET /reload?ser=1532415790794 HTTP/1.1" 200 28 "http://renault.2web.at/account?loadrequest=true" "Mozilla/5.0 (Windows NT 6.1; WOW64; Trident/7.0; rv:11.0) like Gecko"
193.194.132.28 - - [24/Jul/2018:09:04:11 +0200] "GET /reload?ser=1532415851909 HTTP/1.1" 200 28 "http://renault.2web.at/account?loadrequest=true" "Mozilla/5.0 (Windows NT 6.1; WOW64; Trident/7.0; rv:11.0) like Gecko"
193.194.132.28 - - [24/Jul/2018:09:05:13 +0200] "GET /reload?ser=1532415913040 HTTP/1.1" 200 28 "http://renault.2web.at/account?loadrequest=true" "Mozilla/5.0 (Windows NT 6.1; WOW64; Trident/7.0; rv:11.0) like Gecko"
193.194.132.28 - - [24/Jul/2018:09:06:14 +0200] "GET /reload?ser=1532415974168 HTTP/1.1" 200 28 "http://renault.2web.at/account?loadrequest=true" "Mozilla/5.0 (Windows NT 6.1; WOW64; Trident/7.0; rv:11.0) like Gecko"
193.194.132.28 - - [24/Jul/2018:09:07:15 +0200] "GET /reload?ser=1532416035298 HTTP/1.1" 200 28 "http://renault.2web.at/account?loadrequest=true" "Mozilla/5.0 (Windows NT 6.1; WOW64; Trident/7.0; rv:11.0) like Gecko"
193.194.132.28 - - [24/Jul/2018:09:08:16 +0200] "GET /reload?ser=1532416096423 HTTP/1.1" 200 28 "http://renault.2web.at/account?loadrequest=true" "Mozilla/5.0 (Windows NT 6.1; WOW64; Trident/7.0; rv:11.0) like Gecko"
193.194.132.28 - - [24/Jul/2018:09:09:17 +0200] "GET /reload?ser=1532416157529 HTTP/1.1" 200 28 "http://renault.2web.at/account?loadrequest=true" "Mozilla/5.0 (Windows NT 6.1; WOW64; Trident/7.0; rv:11.0) like Gecko"
193.194.132.28 - - [24/Jul/2018:09:10:18 +0200] "GET /reload?ser=1532416218662 HTTP/1.1" 200 28 "http://renault.2web.at/account?loadrequest=true" "Mozilla/5.0 (Windows NT 6.1; WOW64; Trident/7.0; rv:11.0) like Gecko"
193.194.132.28 - - [24/Jul/2018:09:11:31 +0200] "GET /reload?ser=1532416279768 HTTP/1.1" 200 28 "http://renault.2web.at/account?loadrequest=true" "Mozilla/5.0 (Windows NT 6.1; WOW64; Trident/7.0; rv:11.0) like Gecko"
193.194.132.28 - - [24/Jul/2018:09:12:32 +0200] "GET /reload?ser=1532416352266 HTTP/1.1" 200 28 "http://renault.2web.at/account?loadrequest=true" "Mozilla/5.0 (Windows NT 6.1; WOW64; Trident/7.0; rv:11.0) like Gecko"
193.194.132.28 - - [24/Jul/2018:09:13:33 +0200] "GET /reload?ser=1532416413425 HTTP/1.1" 200 28 "http://renault.2web.at/account?loadrequest=true" "Mozilla/5.0 (Windows NT 6.1; WOW64; Trident/7.0; rv:11.0) like Gecko"
193.194.132.28 - - [24/Jul/2018:09:14:34 +0200] "GET /reload?ser=1532416474569 HTTP/1.1" 200 28 "http://renault.2web.at/account?loadrequest=true" "Mozilla/5.0 (Windows NT 6.1; WOW64; Trident/7.0; rv:11.0) like Gecko"
193.194.132.28 - - [24/Jul/2018:09:15:35 +0200] "GET /reload?ser=1532416535730 HTTP/1.1" 200 28 "http://renault.2web.at/account?loadrequest=true" "Mozilla/5.0 (Windows NT 6.1; WOW64; Trident/7.0; rv:11.0) like Gecko"
193.194.132.28 - - [24/Jul/2018:09:16:36 +0200] "GET /reload?ser=1532416596840 HTTP/1.1" 200 28 "http://renault.2web.at/account?loadrequest=true" "Mozilla/5.0 (Windows NT 6.1; WOW64; Trident/7.0; rv:11.0) like Gecko"
193.194.132.28 - - [24/Jul/2018:09:17:37 +0200] "GET /reload?ser=1532416657909 HTTP/1.1" 200 28 "http://renault.2web.at/account?loadrequest=true" "Mozilla/5.0 (Windows NT 6.1; WOW64; Trident/7.0; rv:11.0) like Gecko"
193.194.132.28 - - [24/Jul/2018:09:18:39 +0200] "GET /reload?ser=1532416719031 HTTP/1.1" 200 28 "http://renault.2web.at/account?loadrequest=true" "Mozilla/5.0 (Windows NT 6.1; WOW64; Trident/7.0; rv:11.0) like Gecko"
193.194.132.28 - - [24/Jul/2018:09:19:40 +0200] "GET /reload?ser=1532416780156 HTTP/1.1" 200 28 "http://renault.2web.at/account?loadrequest=true" "Mozilla/5.0 (Windows NT 6.1; WOW64; Trident/7.0; rv:11.0) like Gecko"
193.194.132.28 - - [24/Jul/2018:09:20:41 +0200] "GET /reload?ser=1532416841237 HTTP/1.1" 200 28 "http://renault.2web.at/account?loadrequest=true" "Mozilla/5.0 (Windows NT 6.1; WOW64; Trident/7.0; rv:11.0) like Gecko"
193.194.132.28 - - [24/Jul/2018:09:21:54 +0200] "GET /reload?ser=1532416902348 HTTP/1.1" 200 28 "http://renault.2web.at/account?loadrequest=true" "Mozilla/5.0 (Windows NT 6.1; WOW64; Trident/7.0; rv:11.0) like Gecko"
193.194.132.28 - - [24/Jul/2018:09:22:55 +0200] "GET /reload?ser=1532416975440 HTTP/1.1" 200 28 "http://renault.2web.at/account?loadrequest=true" "Mozilla/5.0 (Windows NT 6.1; WOW64; Trident/7.0; rv:11.0) like Gecko"
193.194.132.28 - - [24/Jul/2018:09:23:56 +0200] "GET /reload?ser=1532417036591 HTTP/1.1" 200 28 "http://renault.2web.at/account?loadrequest=true" "Mozilla/5.0 (Windows NT 6.1; WOW64; Trident/7.0; rv:11.0) like Gecko"
193.194.132.28 - - [24/Jul/2018:09:24:57 +0200] "GET /reload?ser=1532417097704 HTTP/1.1" 200 28 "http://renault.2web.at/account?loadrequest=true" "Mozilla/5.0 (Windows NT 6.1; WOW64; Trident/7.0; rv:11.0) like Gecko"
193.194.132.28 - - [24/Jul/2018:09:25:58 +0200] "GET /reload?ser=1532417158788 HTTP/1.1" 200 28 "http://renault.2web.at/account?loadrequest=true" "Mozilla/5.0 (Windows NT 6.1; WOW64; Trident/7.0; rv:11.0) like Gecko"
80.120.5.131 - - [24/Jul/2018:09:26:08 +0200] "GET /10201637 HTTP/1.1" 302 150 "-" "Mozilla/5.0 (Macintosh; Intel Mac OS X 10_13_6) AppleWebKit/605.1.15 (KHTML, like Gecko)"
80.120.5.131 - - [24/Jul/2018:09:26:10 +0200] "GET /login?required=true HTTP/1.1" 200 2086 "-" "Mozilla/5.0 (Macintosh; Intel Mac OS X 10_13_6) AppleWebKit/605.1.15 (KHTML, like Gecko)"
80.120.5.131 - - [24/Jul/2018:09:26:11 +0200] "GET /apple-touch-icon-precomposed.png HTTP/1.1" 200 1559 "-" "Safari/13605.3.8 CFNetwork/902.1 Darwin/17.7.0 (x86_64)"
80.120.5.131 - - [24/Jul/2018:09:26:12 +0200] "GET /apple-touch-icon.png HTTP/1.1" 200 1559 "-" "Safari/13605.3.8 CFNetwork/902.1 Darwin/17.7.0 (x86_64)"
80.120.5.131 - - [24/Jul/2018:09:26:13 +0200] "GET /images/favicon.ico HTTP/1.1" 404 305 "-" "Safari/13605.3.8 CFNetwork/902.1 Darwin/17.7.0 (x86_64)"
80.120.5.131 - - [24/Jul/2018:09:26:13 +0200] "GET /images/favicon.ico HTTP/1.1" 404 305 "-" "Safari/13605.3.8 CFNetwork/902.1 Darwin/17.7.0 (x86_64)"
80.120.5.131 - - [24/Jul/2018:09:26:13 +0200] "GET /favicon.ico HTTP/1.1" 200 3250 "-" "Safari/13605.3.8 CFNetwork/902.1 Darwin/17.7.0 (x86_64)"
80.120.5.131 - - [24/Jul/2018:09:26:13 +0200] "GET /apple-touch-icon-precomposed.png HTTP/1.1" 200 1559 "-" "Safari/13605.3.8 CFNetwork/902.1 Darwin/17.7.0 (x86_64)"
80.120.5.131 - - [24/Jul/2018:09:26:14 +0200] "GET /apple-touch-icon.png HTTP/1.1" 200 1559 "-" "Safari/13605.3.8 CFNetwork/902.1 Darwin/17.7.0 (x86_64)"
80.120.5.131 - - [24/Jul/2018:09:26:15 +0200] "GET /images/favicon.ico HTTP/1.1" 404 305 "-" "Safari/13605.3.8 CFNetwork/902.1 Darwin/17.7.0 (x86_64)"
80.120.5.131 - - [24/Jul/2018:09:26:15 +0200] "GET /images/favicon.ico HTTP/1.1" 404 305 "-" "Safari/13605.3.8 CFNetwork/902.1 Darwin/17.7.0 (x86_64)"
80.120.5.131 - - [24/Jul/2018:09:26:15 +0200] "GET /favicon.ico HTTP/1.1" 200 3250 "-" "Safari/13605.3.8 CFNetwork/902.1 Darwin/17.7.0 (x86_64)"
80.120.5.131 - - [24/Jul/2018:09:26:16 +0200] "GET /10201637 HTTP/1.1" 302 150 "-" "\"Mozilla/5.0 (iPhone; CPU iPhone OS 11_0 like Mac OS X) AppleWebKit/604.1.38 (KHTML, like Gecko) Version/11.0 Mobile/15A372 Safari/604.1\""
80.120.5.131 - - [24/Jul/2018:09:26:16 +0200] "GET /login?required=true HTTP/1.1" 200 2086 "-" "\"Mozilla/5.0 (iPhone; CPU iPhone OS 11_0 like Mac OS X) AppleWebKit/604.1.38 (KHTML, like Gecko) Version/11.0 Mobile/15A372 Safari/604.1\""
80.120.5.131 - - [24/Jul/2018:09:26:17 +0200] "GET /apple-touch-icon-precomposed.png HTTP/1.1" 200 1559 "-" "Safari/13605.3.8 CFNetwork/902.1 Darwin/17.7.0 (x86_64)"
80.120.5.131 - - [24/Jul/2018:09:26:18 +0200] "GET /apple-touch-icon.png HTTP/1.1" 200 1559 "-" "Safari/13605.3.8 CFNetwork/902.1 Darwin/17.7.0 (x86_64)"
80.120.5.131 - - [24/Jul/2018:09:26:19 +0200] "GET /images/favicon.ico HTTP/1.1" 404 305 "-" "Safari/13605.3.8 CFNetwork/902.1 Darwin/17.7.0 (x86_64)"
80.120.5.131 - - [24/Jul/2018:09:26:19 +0200] "GET /images/favicon.ico HTTP/1.1" 404 305 "-" "Safari/13605.3.8 CFNetwork/902.1 Darwin/17.7.0 (x86_64)"
80.120.5.131 - - [24/Jul/2018:09:26:19 +0200] "GET /favicon.ico HTTP/1.1" 200 3250 "-" "Safari/13605.3.8 CFNetwork/902.1 Darwin/17.7.0 (x86_64)"
80.120.5.131 - - [24/Jul/2018:09:26:19 +0200] "GET /apple-touch-icon-precomposed.png HTTP/1.1" 200 1559 "-" "Safari/13605.3.8 CFNetwork/902.1 Darwin/17.7.0 (x86_64)"
80.120.5.131 - - [24/Jul/2018:09:26:20 +0200] "GET /apple-touch-icon.png HTTP/1.1" 200 1559 "-" "Safari/13605.3.8 CFNetwork/902.1 Darwin/17.7.0 (x86_64)"
80.120.5.131 - - [24/Jul/2018:09:26:21 +0200] "GET /images/favicon.ico HTTP/1.1" 404 305 "-" "Safari/13605.3.8 CFNetwork/902.1 Darwin/17.7.0 (x86_64)"
80.120.5.131 - - [24/Jul/2018:09:26:21 +0200] "GET /images/favicon.ico HTTP/1.1" 404 305 "-" "Safari/13605.3.8 CFNetwork/902.1 Darwin/17.7.0 (x86_64)"
80.120.5.131 - - [24/Jul/2018:09:26:21 +0200] "GET /favicon.ico HTTP/1.1" 200 3250 "-" "Safari/13605.3.8 CFNetwork/902.1 Darwin/17.7.0 (x86_64)"
193.194.132.28 - - [24/Jul/2018:09:26:59 +0200] "GET /reload?ser=1532417219877 HTTP/1.1" 200 28 "http://renault.2web.at/account?loadrequest=true" "Mozilla/5.0 (Windows NT 6.1; WOW64; Trident/7.0; rv:11.0) like Gecko"
193.194.132.28 - - [24/Jul/2018:09:28:01 +0200] "GET /reload?ser=1532417280941 HTTP/1.1" 200 28 "http://renault.2web.at/account?loadrequest=true" "Mozilla/5.0 (Windows NT 6.1; WOW64; Trident/7.0; rv:11.0) like Gecko"
193.194.132.28 - - [24/Jul/2018:09:29:02 +0200] "GET /reload?ser=1532417341976 HTTP/1.1" 200 28 "http://renault.2web.at/account?loadrequest=true" "Mozilla/5.0 (Windows NT 6.1; WOW64; Trident/7.0; rv:11.0) like Gecko"
193.194.132.28 - - [24/Jul/2018:09:30:03 +0200] "GET /reload?ser=1532417403030 HTTP/1.1" 200 28 "http://renault.2web.at/account?loadrequest=true" "Mozilla/5.0 (Windows NT 6.1; WOW64; Trident/7.0; rv:11.0) like Gecko"
193.194.132.28 - - [24/Jul/2018:09:31:04 +0200] "GET /reload?ser=1532417464167 HTTP/1.1" 200 28 "http://renault.2web.at/account?loadrequest=true" "Mozilla/5.0 (Windows NT 6.1; WOW64; Trident/7.0; rv:11.0) like Gecko"
213.153.47.173 - - [24/Jul/2018:09:31:58 +0200] "GET /layout.php HTTP/1.1" 200 1559 "-" "Mozilla/5.0 (Windows NT 10.0; Win64; x64) AppleWebKit/537.36 (KHTML, like Gecko) Chrome/67.0.3396.87 Safari/537.36 OPR/54.0.2952.54"
213.153.47.173 - - [24/Jul/2018:09:31:59 +0200] "GET /images/favicon.ico HTTP/1.1" 404 305 "-" "Mozilla/5.0 (Windows NT 10.0; Win64; x64) AppleWebKit/537.36 (KHTML, like Gecko) Chrome/67.0.3396.87 Safari/537.36 OPR/54.0.2952.54"
193.194.132.28 - - [24/Jul/2018:09:32:17 +0200] "GET /reload?ser=1532417525250 HTTP/1.1" 200 28 "http://renault.2web.at/account?loadrequest=true" "Mozilla/5.0 (Windows NT 6.1; WOW64; Trident/7.0; rv:11.0) like Gecko"
193.194.132.28 - - [24/Jul/2018:09:33:18 +0200] "GET /reload?ser=1532417598362 HTTP/1.1" 200 28 "http://renault.2web.at/account?loadrequest=true" "Mozilla/5.0 (Windows NT 6.1; WOW64; Trident/7.0; rv:11.0) like Gecko"
193.194.132.28 - - [24/Jul/2018:09:34:19 +0200] "GET /reload?ser=1532417659480 HTTP/1.1" 200 28 "http://renault.2web.at/account?loadrequest=true" "Mozilla/5.0 (Windows NT 6.1; WOW64; Trident/7.0; rv:11.0) like Gecko"
86.59.113.102 - - [24/Jul/2018:09:34:56 +0200] "GET / HTTP/1.0" 200 17487 "-" "curl/7.21.0 (i486-pc-linux-gnu) libcurl/7.21.0 OpenSSL/0.9.8o zlib/1.2.3.4 libidn/1.15 libssh2/1.2.6"
193.194.132.28 - - [24/Jul/2018:09:35:20 +0200] "GET /reload?ser=1532417720554 HTTP/1.1" 200 28 "http://renault.2web.at/account?loadrequest=true" "Mozilla/5.0 (Windows NT 6.1; WOW64; Trident/7.0; rv:11.0) like Gecko"
193.194.132.28 - - [24/Jul/2018:09:36:21 +0200] "GET /reload?ser=1532417781724 HTTP/1.1" 200 28 "http://renault.2web.at/account?loadrequest=true" "Mozilla/5.0 (Windows NT 6.1; WOW64; Trident/7.0; rv:11.0) like Gecko"
86.59.113.102 - - [24/Jul/2018:09:37:02 +0200] "GET / HTTP/1.0" 200 17487 "-" "curl/7.21.0 (i486-pc-linux-gnu) libcurl/7.21.0 OpenSSL/0.9.8o zlib/1.2.3.4 libidn/1.15 libssh2/1.2.6"
193.194.132.28 - - [24/Jul/2018:09:37:23 +0200] "GET /reload?ser=1532417842856 HTTP/1.1" 200 28 "http://renault.2web.at/account?loadrequest=true" "Mozilla/5.0 (Windows NT 6.1; WOW64; Trident/7.0; rv:11.0) like Gecko"
193.194.132.28 - - [24/Jul/2018:09:38:24 +0200] "GET /reload?ser=1532417904002 HTTP/1.1" 200 28 "http://renault.2web.at/account?loadrequest=true" "Mozilla/5.0 (Windows NT 6.1; WOW64; Trident/7.0; rv:11.0) like Gecko"
86.59.113.102 - - [24/Jul/2018:09:38:56 +0200] "GET / HTTP/1.0" 200 17487 "-" "curl/7.21.0 (i486-pc-linux-gnu) libcurl/7.21.0 OpenSSL/0.9.8o zlib/1.2.3.4 libidn/1.15 libssh2/1.2.6"
193.194.132.28 - - [24/Jul/2018:09:39:25 +0200] "GET /reload?ser=1532417965196 HTTP/1.1" 200 28 "http://renault.2web.at/account?loadrequest=true" "Mozilla/5.0 (Windows NT 6.1; WOW64; Trident/7.0; rv:11.0) like Gecko"
193.194.132.28 - - [24/Jul/2018:09:40:26 +0200] "GET /reload?ser=1532418026436 HTTP/1.1" 200 28 "http://renault.2web.at/account?loadrequest=true" "Mozilla/5.0 (Windows NT 6.1; WOW64; Trident/7.0; rv:11.0) like Gecko"
193.194.132.28 - - [24/Jul/2018:09:41:27 +0200] "GET /reload?ser=1532418087550 HTTP/1.1" 200 28 "http://renault.2web.at/account?loadrequest=true" "Mozilla/5.0 (Windows NT 6.1; WOW64; Trident/7.0; rv:11.0) like Gecko"
193.194.132.28 - - [24/Jul/2018:09:42:28 +0200] "GET /reload?ser=1532418148645 HTTP/1.1" 200 28 "http://renault.2web.at/account?loadrequest=true" "Mozilla/5.0 (Windows NT 6.1; WOW64; Trident/7.0; rv:11.0) like Gecko"
193.194.132.28 - - [24/Jul/2018:09:43:30 +0200] "GET /reload?ser=1532418209816 HTTP/1.1" 200 28 "http://renault.2web.at/account?loadrequest=true" "Mozilla/5.0 (Windows NT 6.1; WOW64; Trident/7.0; rv:11.0) like Gecko"
193.194.132.28 - - [24/Jul/2018:09:44:31 +0200] "GET /reload?ser=1532418270954 HTTP/1.1" 200 28 "http://renault.2web.at/account?loadrequest=true" "Mozilla/5.0 (Windows NT 6.1; WOW64; Trident/7.0; rv:11.0) like Gecko"
157.55.39.118 - - [24/Jul/2018:09:44:53 +0200] "GET /robots.txt HTTP/1.1" 404 300 "-" "Mozilla/5.0 (compatible; bingbot/2.0; +http://www.bing.com/bingbot.htm)"
207.46.13.44 - - [24/Jul/2018:09:44:54 +0200] "GET / HTTP/1.1" 200 3680 "-" "Mozilla/5.0 (compatible; bingbot/2.0; +http://www.bing.com/bingbot.htm)"
40.77.189.109 - - [24/Jul/2018:09:44:58 +0200] "GET /js/default.js HTTP/1.1" 200 82829 "-" "Mozilla/5.0 (Windows NT 6.1; WOW64) AppleWebKit/534+ (KHTML, like Gecko) BingPreview/1.0b"
157.55.39.216 - - [24/Jul/2018:09:44:59 +0200] "GET /robots.txt HTTP/1.1" 404 300 "-" "Mozilla/5.0 (compatible; bingbot/2.0; +http://www.bing.com/bingbot.htm)"
40.77.189.109 - - [24/Jul/2018:09:44:59 +0200] "GET /js/index.php?c=auto&f=,prototype/prototype.js,prototype/validation.js,scriptaculous/builder.js,scriptaculous/effects.js,scriptaculous/dragdrop.js,scriptaculous/controls.js,scriptaculous/slider.js,varien/js.js,varien/form.js,varien/menu.js,mage/translate.js,mage/cookies.js,varien/product.js,spinner/SpinnerControl.jsmin.js,prototype/window.js,prototype/window_ext.js HTTP/1.1" 200 398646 "-" "Mozilla/5.0 (Windows NT 6.1; WOW64) AppleWebKit/534+ (KHTML, like Gecko) BingPreview/1.0b"
40.77.190.43 - - [24/Jul/2018:09:45:01 +0200] "GET /js/flashdetection.js HTTP/1.1" 200 2841 "-" "Mozilla/5.0 (Windows NT 6.1; WOW64) AppleWebKit/534+ (KHTML, like Gecko) BingPreview/1.0b"
40.77.188.26 - - [24/Jul/2018:09:45:02 +0200] "GET /css/reset.css HTTP/1.1" 200 3591 "-" "Mozilla/5.0 (Windows NT 6.1; WOW64) AppleWebKit/534+ (KHTML, like Gecko) BingPreview/1.0b"
40.77.189.136 - - [24/Jul/2018:09:45:02 +0200] "GET /css/styles.css HTTP/1.1" 200 78636 "-" "Mozilla/5.0 (Windows NT 6.1; WOW64) AppleWebKit/534+ (KHTML, like Gecko) BingPreview/1.0b"
40.77.188.158 - - [24/Jul/2018:09:45:03 +0200] "GET /css/clears.css HTTP/1.1" 200 1978 "-" "Mozilla/5.0 (Windows NT 6.1; WOW64) AppleWebKit/534+ (KHTML, like Gecko) BingPreview/1.0b"
40.77.189.136 - - [24/Jul/2018:09:45:04 +0200] "GET /js/checkout.css HTTP/1.1" 200 767 "-" "Mozilla/5.0 (Windows NT 6.1; WOW64) AppleWebKit/534+ (KHTML, like Gecko) BingPreview/1.0b"
40.77.190.44 - - [24/Jul/2018:09:45:04 +0200] "GET /css/prototip.css HTTP/1.1" 200 3299 "-" "Mozilla/5.0 (Windows NT 6.1; WOW64) AppleWebKit/534+ (KHTML, like Gecko) BingPreview/1.0b"
40.77.188.139 - - [24/Jul/2018:09:45:05 +0200] "GET /css/themes/default.css HTTP/1.1" 200 2674 "-" "Mozilla/5.0 (Windows NT 6.1; WOW64) AppleWebKit/534+ (KHTML, like Gecko) BingPreview/1.0b"
40.77.189.190 - - [24/Jul/2018:09:45:05 +0200] "GET /css/themes/alphacube.css HTTP/1.1" 200 2665 "-" "Mozilla/5.0 (Windows NT 6.1; WOW64) AppleWebKit/534+ (KHTML, like Gecko) BingPreview/1.0b"
40.77.190.44 - - [24/Jul/2018:09:45:06 +0200] "GET /images/main_block_border.gif HTTP/1.1" 200 43 "-" "Mozilla/5.0 (Windows NT 6.1; WOW64) AppleWebKit/534+ (KHTML, like Gecko) BingPreview/1.0b"
40.77.190.43 - - [24/Jul/2018:09:45:07 +0200] "GET /images/main_block_corner_left_bot.gif HTTP/1.1" 200 159 "-" "Mozilla/5.0 (Windows NT 6.1; WOW64) AppleWebKit/534+ (KHTML, like Gecko) BingPreview/1.0b"
40.77.189.190 - - [24/Jul/2018:09:45:07 +0200] "GET /images/main_block_corner_right_bot.gif HTTP/1.1" 200 158 "-" "Mozilla/5.0 (Windows NT 6.1; WOW64) AppleWebKit/534+ (KHTML, like Gecko) BingPreview/1.0b"
40.77.188.158 - - [24/Jul/2018:09:45:08 +0200] "GET /images/header_block_border.gif HTTP/1.1" 200 43 "-" "Mozilla/5.0 (Windows NT 6.1; WOW64) AppleWebKit/534+ (KHTML, like Gecko) BingPreview/1.0b"
40.77.188.182 - - [24/Jul/2018:09:45:08 +0200] "GET /images/header_block_corner_left_top.gif HTTP/1.1" 200 160 "-" "Mozilla/5.0 (Windows NT 6.1; WOW64) AppleWebKit/534+ (KHTML, like Gecko) BingPreview/1.0b"
40.77.188.182 - - [24/Jul/2018:09:45:09 +0200] "GET /images/header_block_corner_right_top.gif HTTP/1.1" 200 160 "-" "Mozilla/5.0 (Windows NT 6.1; WOW64) AppleWebKit/534+ (KHTML, like Gecko) BingPreview/1.0b"
69.12.90.242 - - [24/Jul/2018:09:45:09 +0200] "POST /wp-content/plugins/formcraft/file-upload/server/content/upload.php HTTP/1.1" 200 5660 "-" "Mozilla/5.0 (compatible; MSIE 9.0; Windows NT 6.1; Trident/5.0)"
40.77.189.185 - - [24/Jul/2018:09:45:09 +0200] "GET /loadthumbnail.php?id=11127982 HTTP/1.1" 200 586642 "-" "Mozilla/5.0 (Windows NT 6.1; WOW64) AppleWebKit/534+ (KHTML, like Gecko) BingPreview/1.0b"
40.77.190.43 - - [24/Jul/2018:09:45:11 +0200] "GET /images/main_block_corner_left_top.gif HTTP/1.1" 200 159 "-" "Mozilla/5.0 (Windows NT 6.1; WOW64) AppleWebKit/534+ (KHTML, like Gecko) BingPreview/1.0b"
40.77.188.26 - - [24/Jul/2018:09:45:11 +0200] "GET /images/main_block_corner_right_top.gif HTTP/1.1" 200 159 "-" "Mozilla/5.0 (Windows NT 6.1; WOW64) AppleWebKit/534+ (KHTML, like Gecko) BingPreview/1.0b"
40.77.189.136 - - [24/Jul/2018:09:45:12 +0200] "GET /images/title_border.jpg HTTP/1.1" 200 304 "-" "Mozilla/5.0 (Windows NT 6.1; WOW64) AppleWebKit/534+ (KHTML, like Gecko) BingPreview/1.0b"
40.77.189.30 - - [24/Jul/2018:09:45:12 +0200] "GET /images/title_border_top.jpg HTTP/1.1" 200 336 "-" "Mozilla/5.0 (Windows NT 6.1; WOW64) AppleWebKit/534+ (KHTML, like Gecko) BingPreview/1.0b"
40.77.189.254 - - [24/Jul/2018:09:45:12 +0200] "GET /images/title_corner_left_top.jpg HTTP/1.1" 200 372 "-" "Mozilla/5.0 (Windows NT 6.1; WOW64) AppleWebKit/534+ (KHTML, like Gecko) BingPreview/1.0b"
40.77.188.113 - - [24/Jul/2018:09:45:13 +0200] "GET /images/title_corner_right_top.jpg HTTP/1.1" 200 389 "-" "Mozilla/5.0 (Windows NT 6.1; WOW64) AppleWebKit/534+ (KHTML, like Gecko) BingPreview/1.0b"
40.77.188.207 - - [24/Jul/2018:09:45:13 +0200] "GET /css/print.css HTTP/1.1" 200 1042 "-" "Mozilla/5.0 (Windows NT 6.1; WOW64) AppleWebKit/534+ (KHTML, like Gecko) BingPreview/1.0b"
193.194.132.28 - - [24/Jul/2018:09:45:32 +0200] "GET /reload?ser=1532418332062 HTTP/1.1" 200 28 "http://renault.2web.at/account?loadrequest=true" "Mozilla/5.0 (Windows NT 6.1; WOW64; Trident/7.0; rv:11.0) like Gecko"
193.194.132.28 - - [24/Jul/2018:09:46:33 +0200] "GET /reload?ser=1532418393200 HTTP/1.1" 200 28 "http://renault.2web.at/account?loadrequest=true" "Mozilla/5.0 (Windows NT 6.1; WOW64; Trident/7.0; rv:11.0) like Gecko"
193.194.132.28 - - [24/Jul/2018:09:47:34 +0200] "GET /reload?ser=1532418454367 HTTP/1.1" 200 28 "http://renault.2web.at/account?loadrequest=true" "Mozilla/5.0 (Windows NT 6.1; WOW64; Trident/7.0; rv:11.0) like Gecko"
193.194.132.28 - - [24/Jul/2018:09:48:35 +0200] "GET /reload?ser=1532418515477 HTTP/1.1" 200 28 "http://renault.2web.at/account?loadrequest=true" "Mozilla/5.0 (Windows NT 6.1; WOW64; Trident/7.0; rv:11.0) like Gecko"
193.194.132.28 - - [24/Jul/2018:09:49:36 +0200] "GET /reload?ser=1532418576554 HTTP/1.1" 200 28 "http://renault.2web.at/account?loadrequest=true" "Mozilla/5.0 (Windows NT 6.1; WOW64; Trident/7.0; rv:11.0) like Gecko"
193.194.132.28 - - [24/Jul/2018:09:50:37 +0200] "GET /reload?ser=1532418637668 HTTP/1.1" 200 28 "http://renault.2web.at/account?loadrequest=true" "Mozilla/5.0 (Windows NT 6.1; WOW64; Trident/7.0; rv:11.0) like Gecko"
193.194.132.28 - - [24/Jul/2018:09:51:39 +0200] "GET /reload?ser=1532418698776 HTTP/1.1" 200 28 "http://renault.2web.at/account?loadrequest=true" "Mozilla/5.0 (Windows NT 6.1; WOW64; Trident/7.0; rv:11.0) like Gecko"
193.194.132.28 - - [24/Jul/2018:09:52:52 +0200] "GET /reload?ser=1532418759913 HTTP/1.1" 200 28 "http://renault.2web.at/account?loadrequest=true" "Mozilla/5.0 (Windows NT 6.1; WOW64; Trident/7.0; rv:11.0) like Gecko"
193.194.132.28 - - [24/Jul/2018:09:53:53 +0200] "GET /reload?ser=1532418833077 HTTP/1.1" 200 28 "http://renault.2web.at/account?loadrequest=true" "Mozilla/5.0 (Windows NT 6.1; WOW64; Trident/7.0; rv:11.0) like Gecko"
193.194.132.28 - - [24/Jul/2018:09:54:54 +0200] "GET /reload?ser=1532418894165 HTTP/1.1" 200 28 "http://renault.2web.at/account?loadrequest=true" "Mozilla/5.0 (Windows NT 6.1; WOW64; Trident/7.0; rv:11.0) like Gecko"
69.12.90.242 - - [24/Jul/2018:09:54:59 +0200] "POST /license.php HTTP/1.1" 200 5660 "http://renault.activities.at/wp-admin/" "Mozilla/5.0 (Windows; Windows NT 5.1; en-US) Firefox/3.5.0"
69.12.90.242 - - [24/Jul/2018:09:55:01 +0200] "GET /9b56d.php HTTP/1.1" 200 5660 "-" "Mozilla/5.0 (compatible; MSIE 9.0; Windows NT 6.1; Trident/5.0)"
69.12.90.242 - - [24/Jul/2018:09:55:13 +0200] "POST / HTTP/1.1" 200 17580 "http://renault.activities.at/wp-admin/" "Mozilla/5.0 (Windows; Windows NT 5.1; en-US) Firefox/3.5.0"
69.12.90.242 - - [24/Jul/2018:09:55:15 +0200] "GET /wp-content/uploads/5b5b3.php HTTP/1.1" 200 5660 "-" "Mozilla/5.0 (compatible; MSIE 9.0; Windows NT 6.1; Trident/5.0)"
193.194.132.28 - - [24/Jul/2018:09:55:55 +0200] "GET /reload?ser=1532418955285 HTTP/1.1" 200 28 "http://renault.2web.at/account?loadrequest=true" "Mozilla/5.0 (Windows NT 6.1; WOW64; Trident/7.0; rv:11.0) like Gecko"
193.194.132.28 - - [24/Jul/2018:09:56:56 +0200] "GET /reload?ser=1532419016340 HTTP/1.1" 200 28 "http://renault.2web.at/account?loadrequest=true" "Mozilla/5.0 (Windows NT 6.1; WOW64; Trident/7.0; rv:11.0) like Gecko"
193.194.132.28 - - [24/Jul/2018:09:57:57 +0200] "GET /reload?ser=1532419077475 HTTP/1.1" 200 28 "http://renault.2web.at/account?loadrequest=true" "Mozilla/5.0 (Windows NT 6.1; WOW64; Trident/7.0; rv:11.0) like Gecko"
193.194.132.28 - - [24/Jul/2018:09:58:58 +0200] "GET /reload?ser=1532419138578 HTTP/1.1" 200 28 "http://renault.2web.at/account?loadrequest=true" "Mozilla/5.0 (Windows NT 6.1; WOW64; Trident/7.0; rv:11.0) like Gecko"
193.194.132.28 - - [24/Jul/2018:09:59:59 +0200] "GET /reload?ser=1532419199686 HTTP/1.1" 200 28 "http://renault.2web.at/account?loadrequest=true" "Mozilla/5.0 (Windows NT 6.1; WOW64; Trident/7.0; rv:11.0) like Gecko"
193.194.132.28 - - [24/Jul/2018:10:01:01 +0200] "GET /reload?ser=1532419260838 HTTP/1.1" 200 28 "http://renault.2web.at/account?loadrequest=true" "Mozilla/5.0 (Windows NT 6.1; WOW64; Trident/7.0; rv:11.0) like Gecko"
193.194.132.28 - - [24/Jul/2018:10:02:02 +0200] "GET /reload?ser=1532419322002 HTTP/1.1" 200 28 "http://renault.2web.at/account?loadrequest=true" "Mozilla/5.0 (Windows NT 6.1; WOW64; Trident/7.0; rv:11.0) like Gecko"
193.194.132.28 - - [24/Jul/2018:10:03:03 +0200] "GET /reload?ser=1532419383095 HTTP/1.1" 200 28 "http://renault.2web.at/account?loadrequest=true" "Mozilla/5.0 (Windows NT 6.1; WOW64; Trident/7.0; rv:11.0) like Gecko"
193.194.132.28 - - [24/Jul/2018:10:04:04 +0200] "GET /reload?ser=1532419444213 HTTP/1.1" 200 28 "http://renault.2web.at/account?loadrequest=true" "Mozilla/5.0 (Windows NT 6.1; WOW64; Trident/7.0; rv:11.0) like Gecko"
193.194.132.28 - - [24/Jul/2018:10:05:05 +0200] "GET /reload?ser=1532419505361 HTTP/1.1" 200 28 "http://renault.2web.at/account?loadrequest=true" "Mozilla/5.0 (Windows NT 6.1; WOW64; Trident/7.0; rv:11.0) like Gecko"
193.194.132.28 - - [24/Jul/2018:10:06:06 +0200] "GET /reload?ser=1532419566517 HTTP/1.1" 200 28 "http://renault.2web.at/account?loadrequest=true" "Mozilla/5.0 (Windows NT 6.1; WOW64; Trident/7.0; rv:11.0) like Gecko"
193.194.132.28 - - [24/Jul/2018:10:07:07 +0200] "GET /reload?ser=1532419627699 HTTP/1.1" 200 28 "http://renault.2web.at/account?loadrequest=true" "Mozilla/5.0 (Windows NT 6.1; WOW64; Trident/7.0; rv:11.0) like Gecko"
69.12.90.242 - - [24/Jul/2018:10:07:21 +0200] "POST /uploadify/uploadify.php?folder=/ HTTP/1.1" 200 5660 "http://renault.activities.at/wp-admin/" "Mozilla/5.0 (Windows; Windows NT 5.1; en-US) Firefox/3.5.0"
69.12.90.242 - - [24/Jul/2018:10:07:23 +0200] "GET /066c5.php HTTP/1.1" 200 5660 "-" "Mozilla/5.0 (compatible; MSIE 9.0; Windows NT 6.1; Trident/5.0)"
193.194.132.28 - - [24/Jul/2018:10:08:09 +0200] "GET /reload?ser=1532419688885 HTTP/1.1" 200 28 "http://renault.2web.at/account?loadrequest=true" "Mozilla/5.0 (Windows NT 6.1; WOW64; Trident/7.0; rv:11.0) like Gecko"
69.12.90.242 - - [24/Jul/2018:10:08:22 +0200] "POST /wp-admin/admin-ajax.php HTTP/1.1" 200 5660 "-" "Mozilla/5.0 (compatible; MSIE 9.0; Windows NT 6.1; Trident/5.0)"
69.12.90.242 - - [24/Jul/2018:10:08:52 +0200] "GET /static/js/tiny_mce/plugins/tinybrowser/upload.php?type=file/wp-login.php HTTP/1.1" 200 5660 "-" "Mozilla/5.0 (compatible; MSIE 9.0; Windows NT 6.1; Trident/5.0)"
69.12.90.242 - - [24/Jul/2018:10:08:54 +0200] "GET /admin/lib/tiny_mce/plugins/tinybrowser/upload.php?type=file/wp-login.php HTTP/1.1" 200 5660 "-" "Mozilla/5.0 (compatible; MSIE 9.0; Windows NT 6.1; Trident/5.0)"
69.12.90.242 - - [24/Jul/2018:10:08:55 +0200] "GET /tiny_mce/plugins/tinybrowser/upload.php?type=file/wp-login.php HTTP/1.1" 200 5660 "-" "Mozilla/5.0 (compatible; MSIE 9.0; Windows NT 6.1; Trident/5.0)"
69.12.90.242 - - [24/Jul/2018:10:08:57 +0200] "GET /editors/tinymce/jscripts/tiny_mce/plugins/tinybrowser/upload.php?type=file/wp-login.php HTTP/1.1" 200 5660 "-" "Mozilla/5.0 (compatible; MSIE 9.0; Windows NT 6.1; Trident/5.0)"
193.194.132.28 - - [24/Jul/2018:10:09:10 +0200] "GET /reload?ser=1532419750031 HTTP/1.1" 200 28 "http://renault.2web.at/account?loadrequest=true" "Mozilla/5.0 (Windows NT 6.1; WOW64; Trident/7.0; rv:11.0) like Gecko"
193.194.132.28 - - [24/Jul/2018:10:10:11 +0200] "GET /reload?ser=1532419811308 HTTP/1.1" 200 28 "http://renault.2web.at/account?loadrequest=true" "Mozilla/5.0 (Windows NT 6.1; WOW64; Trident/7.0; rv:11.0) like Gecko"
193.194.132.28 - - [24/Jul/2018:10:11:12 +0200] "GET /reload?ser=1532419872537 HTTP/1.1" 200 28 "http://renault.2web.at/account?loadrequest=true" "Mozilla/5.0 (Windows NT 6.1; WOW64; Trident/7.0; rv:11.0) like Gecko"
193.194.132.28 - - [24/Jul/2018:10:12:14 +0200] "GET /reload?ser=1532419933814 HTTP/1.1" 200 28 "http://renault.2web.at/account?loadrequest=true" "Mozilla/5.0 (Windows NT 6.1; WOW64; Trident/7.0; rv:11.0) like Gecko"
69.12.90.242 - - [24/Jul/2018:10:12:16 +0200] "POST /wp-admin/admin-ajax.php HTTP/1.1" 200 5660 "http://renault.activities.at/wp-admin/" "Mozilla/5.0 (Windows; Windows NT 5.1; en-US) Firefox/3.5.0"
69.12.90.242 - - [24/Jul/2018:10:12:18 +0200] "GET /wp-content/plugins/revslider/temp/update_extract/a123e.php HTTP/1.1" 200 5660 "-" "Mozilla/5.0 (compatible; MSIE 9.0; Windows NT 6.1; Trident/5.0)"
193.194.132.28 - - [24/Jul/2018:10:13:15 +0200] "GET /reload?ser=1532419995106 HTTP/1.1" 200 28 "http://renault.2web.at/account?loadrequest=true" "Mozilla/5.0 (Windows NT 6.1; WOW64; Trident/7.0; rv:11.0) like Gecko"
69.12.90.242 - - [24/Jul/2018:10:14:13 +0200] "POST /wp-content/plugins/zen-mobile-app-native/server/images.php HTTP/1.1" 200 5660 "-" "Mozilla/5.0 (compatible; MSIE 9.0; Windows NT 6.1; Trident/5.0)"
193.194.132.28 - - [24/Jul/2018:10:14:16 +0200] "GET /reload?ser=1532420056323 HTTP/1.1" 200 28 "http://renault.2web.at/account?loadrequest=true" "Mozilla/5.0 (Windows NT 6.1; WOW64; Trident/7.0; rv:11.0) like Gecko"
193.194.132.28 - - [24/Jul/2018:10:15:17 +0200] "GET /reload?ser=1532420117407 HTTP/1.1" 200 28 "http://renault.2web.at/account?loadrequest=true" "Mozilla/5.0 (Windows NT 6.1; WOW64; Trident/7.0; rv:11.0) like Gecko"
193.194.132.28 - - [24/Jul/2018:10:16:18 +0200] "GET /reload?ser=1532420178639 HTTP/1.1" 200 28 "http://renault.2web.at/account?loadrequest=true" "Mozilla/5.0 (Windows NT 6.1; WOW64; Trident/7.0; rv:11.0) like Gecko"
69.12.90.242 - - [24/Jul/2018:10:17:12 +0200] "POST /wp-content/themes/RightNow/includes/uploadify/upload_settings_image.php HTTP/1.1" 200 5660 "-" "Mozilla/5.0 (compatible; MSIE 9.0; Windows NT 6.1; Trident/5.0)"
69.12.90.242 - - [24/Jul/2018:10:17:14 +0200] "GET /wp-content/uploads/settingsimages/aa275.php HTTP/1.1" 200 5660 "-" "Mozilla/5.0 (compatible; MSIE 9.0; Windows NT 6.1; Trident/5.0)"
193.194.132.28 - - [24/Jul/2018:10:17:20 +0200] "GET /reload?ser=1532420239811 HTTP/1.1" 200 28 "http://renault.2web.at/account?loadrequest=true" "Mozilla/5.0 (Windows NT 6.1; WOW64; Trident/7.0; rv:11.0) like Gecko"
193.194.132.28 - - [24/Jul/2018:10:18:21 +0200] "GET /reload?ser=1532420301036 HTTP/1.1" 200 28 "http://renault.2web.at/account?loadrequest=true" "Mozilla/5.0 (Windows NT 6.1; WOW64; Trident/7.0; rv:11.0) like Gecko"
193.194.132.28 - - [24/Jul/2018:10:19:22 +0200] "GET /reload?ser=1532420362181 HTTP/1.1" 200 28 "http://renault.2web.at/account?loadrequest=true" "Mozilla/5.0 (Windows NT 6.1; WOW64; Trident/7.0; rv:11.0) like Gecko"
193.194.132.28 - - [24/Jul/2018:10:20:23 +0200] "GET /reload?ser=1532420423347 HTTP/1.1" 200 28 "http://renault.2web.at/account?loadrequest=true" "Mozilla/5.0 (Windows NT 6.1; WOW64; Trident/7.0; rv:11.0) like Gecko"
193.194.132.28 - - [24/Jul/2018:10:21:24 +0200] "GET /reload?ser=1532420484483 HTTP/1.1" 200 28 "http://renault.2web.at/account?loadrequest=true" "Mozilla/5.0 (Windows NT 6.1; WOW64; Trident/7.0; rv:11.0) like Gecko"
193.194.132.28 - - [24/Jul/2018:10:22:25 +0200] "GET /reload?ser=1532420545644 HTTP/1.1" 200 28 "http://renault.2web.at/account?loadrequest=true" "Mozilla/5.0 (Windows NT 6.1; WOW64; Trident/7.0; rv:11.0) like Gecko"
193.194.132.28 - - [24/Jul/2018:10:23:27 +0200] "GET /reload?ser=1532420606826 HTTP/1.1" 200 28 "http://renault.2web.at/account?loadrequest=true" "Mozilla/5.0 (Windows NT 6.1; WOW64; Trident/7.0; rv:11.0) like Gecko"
69.12.90.242 - - [24/Jul/2018:10:23:47 +0200] "POST /wp-content/plugins/asset-manager/upload.php HTTP/1.1" 200 5660 "-" "Mozilla/5.0 (compatible; MSIE 9.0; Windows NT 6.1; Trident/5.0)"
69.12.90.242 - - [24/Jul/2018:10:23:48 +0200] "GET /wp-content/uploads/assets/temp/9b0d8.php HTTP/1.1" 200 5660 "-" "Mozilla/5.0 (compatible; MSIE 9.0; Windows NT 6.1; Trident/5.0)"
193.194.132.28 - - [24/Jul/2018:10:24:28 +0200] "GET /reload?ser=1532420668018 HTTP/1.1" 200 28 "http://renault.2web.at/account?loadrequest=true" "Mozilla/5.0 (Windows NT 6.1; WOW64; Trident/7.0; rv:11.0) like Gecko"
193.194.132.28 - - [24/Jul/2018:10:25:29 +0200] "GET /reload?ser=1532420729205 HTTP/1.1" 200 28 "http://renault.2web.at/account?loadrequest=true" "Mozilla/5.0 (Windows NT 6.1; WOW64; Trident/7.0; rv:11.0) like Gecko"
193.194.132.28 - - [24/Jul/2018:10:26:30 +0200] "GET /reload?ser=1532420790368 HTTP/1.1" 200 28 "http://renault.2web.at/account?loadrequest=true" "Mozilla/5.0 (Windows NT 6.1; WOW64; Trident/7.0; rv:11.0) like Gecko"
193.194.132.28 - - [24/Jul/2018:10:27:31 +0200] "GET /reload?ser=1532420851578 HTTP/1.1" 200 28 "http://renault.2web.at/account?loadrequest=true" "Mozilla/5.0 (Windows NT 6.1; WOW64; Trident/7.0; rv:11.0) like Gecko"
193.194.132.28 - - [24/Jul/2018:10:28:32 +0200] "GET /reload?ser=1532420912724 HTTP/1.1" 200 28 "http://renault.2web.at/account?loadrequest=true" "Mozilla/5.0 (Windows NT 6.1; WOW64; Trident/7.0; rv:11.0) like Gecko"
69.12.90.242 - - [24/Jul/2018:10:28:48 +0200] "POST /assets/modules/evogallery/js/uploadify/uploadify.php HTTP/1.1" 200 5660 "-" "Mozilla/5.0 (compatible; MSIE 9.0; Windows NT 6.1; Trident/5.0)"
69.12.90.242 - - [24/Jul/2018:10:28:50 +0200] "GET /b57ed.php HTTP/1.1" 200 5660 "-" "Mozilla/5.0 (compatible; MSIE 9.0; Windows NT 6.1; Trident/5.0)"
69.12.90.242 - - [24/Jul/2018:10:28:57 +0200] "POST /wp-content/plugins/wp-easycart/inc/amfphp/administration/banneruploaderscript.php HTTP/1.1" 200 5660 "-" "Mozilla/5.0 (compatible; MSIE 9.0; Windows NT 6.1; Trident/5.0)"
69.12.90.242 - - [24/Jul/2018:10:28:59 +0200] "GET /wp-content/plugins/wp-easycart/products/banners/2dd98_1.php HTTP/1.1" 200 5660 "-" "Mozilla/5.0 (compatible; MSIE 9.0; Windows NT 6.1; Trident/5.0)"
193.194.132.28 - - [24/Jul/2018:10:29:33 +0200] "GET /reload?ser=1532420973814 HTTP/1.1" 200 28 "http://renault.2web.at/account?loadrequest=true" "Mozilla/5.0 (Windows NT 6.1; WOW64; Trident/7.0; rv:11.0) like Gecko"
193.194.132.28 - - [24/Jul/2018:10:29:46 +0200] "GET /result?searchterm=true&search=rote HTTP/1.1" 200 8796 "http://renault.2web.at/account?loadrequest=true" "Mozilla/5.0 (Windows NT 6.1; WOW64; Trident/7.0; rv:11.0) like Gecko"
193.194.132.28 - - [24/Jul/2018:10:29:50 +0200] "GET /loadthumbnail.php?id=11590243&width=50&height=50 HTTP/1.1" 200 1311 "http://renault.2web.at/result?searchterm=true&search=rote" "Mozilla/5.0 (Windows NT 6.1; WOW64; Trident/7.0; rv:11.0) like Gecko"
193.194.132.28 - - [24/Jul/2018:10:29:50 +0200] "GET /loadthumbnail.php?id=11845304&width=50&height=50 HTTP/1.1" 200 1152 "http://renault.2web.at/result?searchterm=true&search=rote" "Mozilla/5.0 (Windows NT 6.1; WOW64; Trident/7.0; rv:11.0) like Gecko"
193.194.132.28 - - [24/Jul/2018:10:29:50 +0200] "GET /loadthumbnail.php?id=11470096&width=113 HTTP/1.1" 200 2845 "http://renault.2web.at/result?searchterm=true&search=rote" "Mozilla/5.0 (Windows NT 6.1; WOW64; Trident/7.0; rv:11.0) like Gecko"
193.194.132.28 - - [24/Jul/2018:10:29:50 +0200] "GET /loadthumbnail.php?id=11470095&width=113 HTTP/1.1" 200 5019 "http://renault.2web.at/result?searchterm=true&search=rote" "Mozilla/5.0 (Windows NT 6.1; WOW64; Trident/7.0; rv:11.0) like Gecko"
193.194.132.28 - - [24/Jul/2018:10:29:50 +0200] "GET /loadthumbnail.php?id=10203255 HTTP/1.1" 200 137 "http://renault.2web.at/result?searchterm=true&search=rote" "Mozilla/5.0 (Windows NT 6.1; WOW64; Trident/7.0; rv:11.0) like Gecko"
193.194.132.28 - - [24/Jul/2018:10:29:50 +0200] "GET /loadthumbnail.php?id=11127982 HTTP/1.1" 200 399614 "http://renault.2web.at/result?searchterm=true&search=rote" "Mozilla/5.0 (Windows NT 6.1; WOW64; Trident/7.0; rv:11.0) like Gecko"
193.194.132.28 - - [24/Jul/2018:10:29:46 +0200] "POST /axjaxrequest?mode=suggest HTTP/1.1" 200 108 "http://renault.2web.at/account?loadrequest=true" "Mozilla/5.0 (Windows NT 6.1; WOW64; Trident/7.0; rv:11.0) like Gecko"
193.194.132.28 - - [24/Jul/2018:10:29:57 +0200] "GET /css/themes/alphacube/top_right.gif HTTP/1.1" 200 972 "http://renault.2web.at/result?searchterm=true&search=rote" "Mozilla/5.0 (Windows NT 6.1; WOW64; Trident/7.0; rv:11.0) like Gecko"
193.194.132.28 - - [24/Jul/2018:10:29:57 +0200] "GET /css/themes/alphacube/bottom_left-c.gif HTTP/1.1" 200 62 "http://renault.2web.at/result?searchterm=true&search=rote" "Mozilla/5.0 (Windows NT 6.1; WOW64; Trident/7.0; rv:11.0) like Gecko"
193.194.132.28 - - [24/Jul/2018:10:29:57 +0200] "GET /11460721?print=true HTTP/1.1" 200 2644 "http://renault.2web.at/result?searchterm=true&search=rote" "Mozilla/5.0 (Windows NT 6.1; WOW64; Trident/7.0; rv:11.0) like Gecko"
193.194.132.28 - - [24/Jul/2018:10:30:01 +0200] "GET /js/magiczoom/magiczoom.css HTTP/1.1" 200 1210 "http://renault.2web.at/11460721?print=true" "Mozilla/5.0 (Windows NT 6.1; WOW64; Trident/7.0; rv:11.0) like Gecko"
193.194.132.28 - - [24/Jul/2018:10:30:01 +0200] "GET /js/Produkt.js HTTP/1.1" 200 852 "http://renault.2web.at/11460721?print=true" "Mozilla/5.0 (Windows NT 6.1; WOW64; Trident/7.0; rv:11.0) like Gecko"
193.194.132.28 - - [24/Jul/2018:10:30:01 +0200] "GET /js/magiczoom/magiczoom.js HTTP/1.1" 200 26397 "http://renault.2web.at/11460721?print=true" "Mozilla/5.0 (Windows NT 6.1; WOW64; Trident/7.0; rv:11.0) like Gecko"
193.194.132.28 - - [24/Jul/2018:10:30:01 +0200] "GET /loadthumbnail.php?id=11470095&width=250 HTTP/1.1" 200 19616 "http://renault.2web.at/11460721?print=true" "Mozilla/5.0 (Windows NT 6.1; WOW64; Trident/7.0; rv:11.0) like Gecko"
193.194.132.28 - - [24/Jul/2018:10:30:01 +0200] "GET /loadthumbnail.php?id=11470095&width=900&height=900 HTTP/1.1" 200 106309 "http://renault.2web.at/11460721?print=true" "Mozilla/5.0 (Windows NT 6.1; WOW64; Trident/7.0; rv:11.0) like Gecko"
193.194.132.28 - - [24/Jul/2018:10:30:02 +0200] "GET /js/magiczoom/graphics/hint.gif HTTP/1.1" 200 73 "http://renault.2web.at/11460721?print=true" "Mozilla/5.0 (Windows NT 6.1; WOW64; Trident/7.0; rv:11.0) like Gecko"
193.194.132.28 - - [24/Jul/2018:10:30:04 +0200] "GET /graphics/zoomin.cur HTTP/1.1" 200 6392 "http://renault.2web.at/11460721?print=true" "Mozilla/5.0 (Windows NT 6.1; WOW64; Trident/7.0; rv:11.0) like Gecko"
193.194.132.28 - - [24/Jul/2018:10:30:07 +0200] "GET /graphics/zoomin.cur HTTP/1.1" 200 6392 "http://renault.2web.at/11460721?print=true" "Mozilla/5.0 (Windows NT 6.1; WOW64; Trident/7.0; rv:11.0) like Gecko"
193.194.132.28 - - [24/Jul/2018:10:30:15 +0200] "GET /graphics/zoomin.cur HTTP/1.1" 200 6392 "http://renault.2web.at/11460721?print=true" "Mozilla/5.0 (Windows NT 6.1; WOW64; Trident/7.0; rv:11.0) like Gecko"
193.194.132.28 - - [24/Jul/2018:10:30:20 +0200] "GET /graphics/zoomin.cur HTTP/1.1" 200 6392 "http://renault.2web.at/11460721?print=true" "Mozilla/5.0 (Windows NT 6.1; WOW64; Trident/7.0; rv:11.0) like Gecko"
193.194.132.28 - - [24/Jul/2018:10:30:21 +0200] "GET /null HTTP/1.1" 200 6392 "http://renault.2web.at/result?searchterm=true&search=rote" "Mozilla/5.0 (Windows NT 6.1; WOW64; Trident/7.0; rv:11.0) like Gecko"
193.194.132.28 - - [24/Jul/2018:10:30:51 +0200] "GET /reload?ser=1532421050933 HTTP/1.1" 200 28 "http://renault.2web.at/result?searchterm=true&search=rote" "Mozilla/5.0 (Windows NT 6.1; WOW64; Trident/7.0; rv:11.0) like Gecko"
193.194.132.28 - - [24/Jul/2018:10:31:52 +0200] "GET /reload?ser=1532421111978 HTTP/1.1" 200 28 "http://renault.2web.at/result?searchterm=true&search=rote" "Mozilla/5.0 (Windows NT 6.1; WOW64; Trident/7.0; rv:11.0) like Gecko"
193.194.132.28 - - [24/Jul/2018:10:32:53 +0200] "GET /reload?ser=1532421173066 HTTP/1.1" 200 28 "http://renault.2web.at/result?searchterm=true&search=rote" "Mozilla/5.0 (Windows NT 6.1; WOW64; Trident/7.0; rv:11.0) like Gecko"
193.194.132.28 - - [24/Jul/2018:10:33:54 +0200] "GET /reload?ser=1532421234121 HTTP/1.1" 200 28 "http://renault.2web.at/result?searchterm=true&search=rote" "Mozilla/5.0 (Windows NT 6.1; WOW64; Trident/7.0; rv:11.0) like Gecko"
193.194.132.28 - - [24/Jul/2018:10:34:55 +0200] "GET /reload?ser=1532421295225 HTTP/1.1" 200 28 "http://renault.2web.at/result?searchterm=true&search=rote" "Mozilla/5.0 (Windows NT 6.1; WOW64; Trident/7.0; rv:11.0) like Gecko"
193.194.132.28 - - [24/Jul/2018:10:35:56 +0200] "GET /reload?ser=1532421356424 HTTP/1.1" 200 28 "http://renault.2web.at/result?searchterm=true&search=rote" "Mozilla/5.0 (Windows NT 6.1; WOW64; Trident/7.0; rv:11.0) like Gecko"
193.194.132.28 - - [24/Jul/2018:10:36:57 +0200] "GET /reload?ser=1532421417525 HTTP/1.1" 200 28 "http://renault.2web.at/result?searchterm=true&search=rote" "Mozilla/5.0 (Windows NT 6.1; WOW64; Trident/7.0; rv:11.0) like Gecko"
193.194.132.28 - - [24/Jul/2018:10:37:58 +0200] "GET /reload?ser=1532421478634 HTTP/1.1" 200 28 "http://renault.2web.at/result?searchterm=true&search=rote" "Mozilla/5.0 (Windows NT 6.1; WOW64; Trident/7.0; rv:11.0) like Gecko"
80.120.5.131 - - [24/Jul/2018:10:38:51 +0200] "GET / HTTP/1.1" 200 17580 "-" "Mozilla/5.0 (Windows NT 6.1; WOW64; Trident/7.0; rv:11.0) like Gecko"
80.120.5.131 - - [24/Jul/2018:10:38:52 +0200] "GET /js/flashdetection.js HTTP/1.1" 200 2841 "http://renault.activities.at/" "Mozilla/5.0 (Windows NT 6.1; WOW64; Trident/7.0; rv:11.0) like Gecko"
80.120.5.131 - - [24/Jul/2018:10:38:52 +0200] "GET /css/reset.css HTTP/1.1" 200 3591 "http://renault.activities.at/" "Mozilla/5.0 (Windows NT 6.1; WOW64; Trident/7.0; rv:11.0) like Gecko"
80.120.5.131 - - [24/Jul/2018:10:38:52 +0200] "GET /css/clears.css HTTP/1.1" 200 1978 "http://renault.activities.at/" "Mozilla/5.0 (Windows NT 6.1; WOW64; Trident/7.0; rv:11.0) like Gecko"
80.120.5.131 - - [24/Jul/2018:10:38:52 +0200] "GET /js/checkout.css HTTP/1.1" 200 767 "http://renault.activities.at/" "Mozilla/5.0 (Windows NT 6.1; WOW64; Trident/7.0; rv:11.0) like Gecko"
80.120.5.131 - - [24/Jul/2018:10:38:52 +0200] "GET /css/print.css HTTP/1.1" 200 1042 "http://renault.activities.at/" "Mozilla/5.0 (Windows NT 6.1; WOW64; Trident/7.0; rv:11.0) like Gecko"
80.120.5.131 - - [24/Jul/2018:10:38:52 +0200] "GET /css/prototip.css HTTP/1.1" 200 3299 "http://renault.activities.at/" "Mozilla/5.0 (Windows NT 6.1; WOW64; Trident/7.0; rv:11.0) like Gecko"
80.120.5.131 - - [24/Jul/2018:10:38:52 +0200] "GET /css/themes/default.css HTTP/1.1" 200 2674 "http://renault.activities.at/" "Mozilla/5.0 (Windows NT 6.1; WOW64; Trident/7.0; rv:11.0) like Gecko"
80.120.5.131 - - [24/Jul/2018:10:38:52 +0200] "GET /css/themes/alphacube.css HTTP/1.1" 200 2665 "http://renault.activities.at/" "Mozilla/5.0 (Windows NT 6.1; WOW64; Trident/7.0; rv:11.0) like Gecko"
80.120.5.131 - - [24/Jul/2018:10:38:52 +0200] "GET /css/styles.css HTTP/1.1" 200 78636 "http://renault.activities.at/" "Mozilla/5.0 (Windows NT 6.1; WOW64; Trident/7.0; rv:11.0) like Gecko"
80.120.5.131 - - [24/Jul/2018:10:38:52 +0200] "GET /js/default.js HTTP/1.1" 200 82829 "http://renault.activities.at/" "Mozilla/5.0 (Windows NT 6.1; WOW64; Trident/7.0; rv:11.0) like Gecko"
80.120.5.131 - - [24/Jul/2018:10:38:52 +0200] "GET /js/index.php?c=auto&f=,prototype/prototype.js,prototype/validation.js,scriptaculous/builder.js,scriptaculous/effects.js,scriptaculous/dragdrop.js,scriptaculous/controls.js,scriptaculous/slider.js,varien/js.js,varien/form.js,varien/menu.js,mage/translate.js,mage/cookies.js,varien/product.js,spinner/SpinnerControl.jsmin.js,prototype/window.js,prototype/window_ext.js HTTP/1.1" 200 398646 "http://renault.activities.at/" "Mozilla/5.0 (Windows NT 6.1; WOW64; Trident/7.0; rv:11.0) like Gecko"
80.120.5.131 - - [24/Jul/2018:10:38:52 +0200] "GET /images/main_block_corner_right_bot.gif HTTP/1.1" 200 158 "http://renault.activities.at/" "Mozilla/5.0 (Windows NT 6.1; WOW64; Trident/7.0; rv:11.0) like Gecko"
80.120.5.131 - - [24/Jul/2018:10:38:52 +0200] "GET /images/main_block_border.gif HTTP/1.1" 200 43 "http://renault.activities.at/" "Mozilla/5.0 (Windows NT 6.1; WOW64; Trident/7.0; rv:11.0) like Gecko"
80.120.5.131 - - [24/Jul/2018:10:38:52 +0200] "GET /images/header_block_corner_right_top.gif HTTP/1.1" 200 160 "http://renault.activities.at/" "Mozilla/5.0 (Windows NT 6.1; WOW64; Trident/7.0; rv:11.0) like Gecko"
80.120.5.131 - - [24/Jul/2018:10:38:52 +0200] "GET /images/main_block_corner_left_top.gif HTTP/1.1" 200 159 "http://renault.activities.at/" "Mozilla/5.0 (Windows NT 6.1; WOW64; Trident/7.0; rv:11.0) like Gecko"
80.120.5.131 - - [24/Jul/2018:10:38:52 +0200] "GET /images/main_block_corner_right_top.gif HTTP/1.1" 200 159 "http://renault.activities.at/" "Mozilla/5.0 (Windows NT 6.1; WOW64; Trident/7.0; rv:11.0) like Gecko"
80.120.5.131 - - [24/Jul/2018:10:38:52 +0200] "GET /images/title_border.jpg HTTP/1.1" 200 304 "http://renault.activities.at/" "Mozilla/5.0 (Windows NT 6.1; WOW64; Trident/7.0; rv:11.0) like Gecko"
80.120.5.131 - - [24/Jul/2018:10:38:52 +0200] "GET /images/header_block_border.gif HTTP/1.1" 200 43 "http://renault.activities.at/" "Mozilla/5.0 (Windows NT 6.1; WOW64; Trident/7.0; rv:11.0) like Gecko"
80.120.5.131 - - [24/Jul/2018:10:38:52 +0200] "GET /images/main_block_corner_left_bot.gif HTTP/1.1" 200 159 "http://renault.activities.at/" "Mozilla/5.0 (Windows NT 6.1; WOW64; Trident/7.0; rv:11.0) like Gecko"
80.120.5.131 - - [24/Jul/2018:10:38:52 +0200] "GET /images/title_corner_left_top.jpg HTTP/1.1" 200 372 "http://renault.activities.at/" "Mozilla/5.0 (Windows NT 6.1; WOW64; Trident/7.0; rv:11.0) like Gecko"
80.120.5.131 - - [24/Jul/2018:10:38:52 +0200] "GET /images/title_border_top.jpg HTTP/1.1" 200 336 "http://renault.activities.at/" "Mozilla/5.0 (Windows NT 6.1; WOW64; Trident/7.0; rv:11.0) like Gecko"
80.120.5.131 - - [24/Jul/2018:10:38:52 +0200] "GET /images/header_block_corner_left_top.gif HTTP/1.1" 200 160 "http://renault.activities.at/" "Mozilla/5.0 (Windows NT 6.1; WOW64; Trident/7.0; rv:11.0) like Gecko"
