80.123.225.34 - - [07/Aug/2018:15:04:49 +0200] "GET /reload?ser=1533647091642 HTTP/1.1" 200 28 "http://renault.activities.at/success" "Mozilla/5.0 (compatible; MSIE 10.0; Windows NT 6.1; WOW64; Trident/6.0)"
91.113.242.244 - - [07/Aug/2018:15:05:07 +0200] "GET /reload?ser=1533647107588 HTTP/1.1" 200 28 "http://renault.activities.at/" "Mozilla/5.0 (Windows NT 6.1; WOW64; Trident/7.0; rv:11.0) like Gecko"
85.193.135.14 - - [07/Aug/2018:15:05:16 +0200] "GET /reload?ser=1533647116044 HTTP/1.1" 200 28 "http://renault.activities.at/result?searchterm=true&search=Wartungskleber" "Mozilla/5.0 (Windows NT 6.1; Win64; x64; rv:61.0) Gecko/20100101 Firefox/61.0"
91.113.242.244 - - [07/Aug/2018:15:05:22 +0200] "GET /reload?ser=1533647122951 HTTP/1.1" 200 28 "http://renault.activities.at/" "Mozilla/5.0 (Windows NT 6.1; WOW64; Trident/7.0; rv:11.0) like Gecko"
213.153.47.173 - - [07/Aug/2018:15:05:28 +0200] "GET /reload?ser=1533647128321 HTTP/1.1" 200 28 "http://renault.activities.at/login?required=true" "Mozilla/5.0 (Windows NT 10.0; Win64; x64; rv:61.0) Gecko/20100101 Firefox/61.0"
80.123.225.34 - - [07/Aug/2018:15:05:50 +0200] "GET /reload?ser=1533647152643 HTTP/1.1" 200 28 "http://renault.activities.at/success" "Mozilla/5.0 (compatible; MSIE 10.0; Windows NT 6.1; WOW64; Trident/6.0)"
91.113.242.244 - - [07/Aug/2018:15:06:08 +0200] "GET /reload?ser=1533647168224 HTTP/1.1" 200 28 "http://renault.activities.at/" "Mozilla/5.0 (Windows NT 6.1; WOW64; Trident/7.0; rv:11.0) like Gecko"
85.193.135.14 - - [07/Aug/2018:15:06:17 +0200] "GET /reload?ser=1533647177047 HTTP/1.1" 200 28 "http://renault.activities.at/result?searchterm=true&search=Wartungskleber" "Mozilla/5.0 (Windows NT 6.1; Win64; x64; rv:61.0) Gecko/20100101 Firefox/61.0"
91.113.242.244 - - [07/Aug/2018:15:06:23 +0200] "GET /reload?ser=1533647183572 HTTP/1.1" 200 28 "http://renault.activities.at/" "Mozilla/5.0 (Windows NT 6.1; WOW64; Trident/7.0; rv:11.0) like Gecko"
213.153.47.173 - - [07/Aug/2018:15:06:29 +0200] "GET /reload?ser=1533647188993 HTTP/1.1" 200 28 "http://renault.activities.at/login?required=true" "Mozilla/5.0 (Windows NT 10.0; Win64; x64; rv:61.0) Gecko/20100101 Firefox/61.0"
80.123.225.34 - - [07/Aug/2018:15:06:51 +0200] "GET /reload?ser=1533647213645 HTTP/1.1" 200 28 "http://renault.activities.at/success" "Mozilla/5.0 (compatible; MSIE 10.0; Windows NT 6.1; WOW64; Trident/6.0)"
91.113.242.244 - - [07/Aug/2018:15:07:08 +0200] "GET /reload?ser=1533647228862 HTTP/1.1" 200 28 "http://renault.activities.at/" "Mozilla/5.0 (Windows NT 6.1; WOW64; Trident/7.0; rv:11.0) like Gecko"
85.193.135.14 - - [07/Aug/2018:15:07:18 +0200] "GET /reload?ser=1533647238123 HTTP/1.1" 200 28 "http://renault.activities.at/result?searchterm=true&search=Wartungskleber" "Mozilla/5.0 (Windows NT 6.1; Win64; x64; rv:61.0) Gecko/20100101 Firefox/61.0"
91.113.242.244 - - [07/Aug/2018:15:07:23 +0200] "GET /reload?ser=1533647244217 HTTP/1.1" 200 28 "http://renault.activities.at/" "Mozilla/5.0 (Windows NT 6.1; WOW64; Trident/7.0; rv:11.0) like Gecko"
213.153.47.173 - - [07/Aug/2018:15:07:29 +0200] "GET /reload?ser=1533647249650 HTTP/1.1" 200 28 "http://renault.activities.at/login?required=true" "Mozilla/5.0 (Windows NT 10.0; Win64; x64; rv:61.0) Gecko/20100101 Firefox/61.0"
80.123.225.34 - - [07/Aug/2018:15:07:52 +0200] "GET /reload?ser=1533647274585 HTTP/1.1" 200 28 "http://renault.activities.at/success" "Mozilla/5.0 (compatible; MSIE 10.0; Windows NT 6.1; WOW64; Trident/6.0)"
91.113.242.244 - - [07/Aug/2018:15:08:09 +0200] "GET /reload?ser=1533647289501 HTTP/1.1" 200 28 "http://renault.activities.at/" "Mozilla/5.0 (Windows NT 6.1; WOW64; Trident/7.0; rv:11.0) like Gecko"
85.193.135.14 - - [07/Aug/2018:15:08:19 +0200] "GET /reload?ser=1533647299136 HTTP/1.1" 200 28 "http://renault.activities.at/result?searchterm=true&search=Wartungskleber" "Mozilla/5.0 (Windows NT 6.1; Win64; x64; rv:61.0) Gecko/20100101 Firefox/61.0"
91.113.242.244 - - [07/Aug/2018:15:08:24 +0200] "GET /reload?ser=1533647304847 HTTP/1.1" 200 28 "http://renault.activities.at/" "Mozilla/5.0 (Windows NT 6.1; WOW64; Trident/7.0; rv:11.0) like Gecko"
213.153.47.173 - - [07/Aug/2018:15:08:30 +0200] "GET /reload?ser=1533647310312 HTTP/1.1" 200 28 "http://renault.activities.at/login?required=true" "Mozilla/5.0 (Windows NT 10.0; Win64; x64; rv:61.0) Gecko/20100101 Firefox/61.0"
80.123.225.34 - - [07/Aug/2018:15:08:53 +0200] "GET /reload?ser=1533647335557 HTTP/1.1" 200 28 "http://renault.activities.at/success" "Mozilla/5.0 (compatible; MSIE 10.0; Windows NT 6.1; WOW64; Trident/6.0)"
91.113.242.244 - - [07/Aug/2018:15:09:09 +0200] "GET /reload?ser=1533647350148 HTTP/1.1" 200 28 "http://renault.activities.at/" "Mozilla/5.0 (Windows NT 6.1; WOW64; Trident/7.0; rv:11.0) like Gecko"
85.193.135.14 - - [07/Aug/2018:15:09:20 +0200] "GET /reload?ser=1533647360120 HTTP/1.1" 200 28 "http://renault.activities.at/result?searchterm=true&search=Wartungskleber" "Mozilla/5.0 (Windows NT 6.1; Win64; x64; rv:61.0) Gecko/20100101 Firefox/61.0"
91.113.242.244 - - [07/Aug/2018:15:09:25 +0200] "GET /reload?ser=1533647365479 HTTP/1.1" 200 28 "http://renault.activities.at/" "Mozilla/5.0 (Windows NT 6.1; WOW64; Trident/7.0; rv:11.0) like Gecko"
213.153.47.173 - - [07/Aug/2018:15:09:31 +0200] "GET /reload?ser=1533647370970 HTTP/1.1" 200 28 "http://renault.activities.at/login?required=true" "Mozilla/5.0 (Windows NT 10.0; Win64; x64; rv:61.0) Gecko/20100101 Firefox/61.0"
80.123.225.34 - - [07/Aug/2018:15:09:54 +0200] "GET /reload?ser=1533647396478 HTTP/1.1" 200 28 "http://renault.activities.at/success" "Mozilla/5.0 (compatible; MSIE 10.0; Windows NT 6.1; WOW64; Trident/6.0)"
91.113.242.244 - - [07/Aug/2018:15:10:10 +0200] "GET /reload?ser=1533647410790 HTTP/1.1" 200 28 "http://renault.activities.at/" "Mozilla/5.0 (Windows NT 6.1; WOW64; Trident/7.0; rv:11.0) like Gecko"
85.193.135.14 - - [07/Aug/2018:15:10:22 +0200] "GET /reload?ser=1533647421458 HTTP/1.1" 200 28 "http://renault.activities.at/result?searchterm=true&search=Wartungskleber" "Mozilla/5.0 (Windows NT 6.1; Win64; x64; rv:61.0) Gecko/20100101 Firefox/61.0"
91.113.242.244 - - [07/Aug/2018:15:10:25 +0200] "GET /reload?ser=1533647426096 HTTP/1.1" 200 28 "http://renault.activities.at/" "Mozilla/5.0 (Windows NT 6.1; WOW64; Trident/7.0; rv:11.0) like Gecko"
213.153.47.173 - - [07/Aug/2018:15:10:31 +0200] "GET /reload?ser=1533647431621 HTTP/1.1" 200 28 "http://renault.activities.at/login?required=true" "Mozilla/5.0 (Windows NT 10.0; Win64; x64; rv:61.0) Gecko/20100101 Firefox/61.0"
80.123.225.34 - - [07/Aug/2018:15:10:55 +0200] "GET /reload?ser=1533647457461 HTTP/1.1" 200 28 "http://renault.activities.at/success" "Mozilla/5.0 (compatible; MSIE 10.0; Windows NT 6.1; WOW64; Trident/6.0)"
91.113.242.244 - - [07/Aug/2018:15:11:11 +0200] "GET /reload?ser=1533647471433 HTTP/1.1" 200 28 "http://renault.activities.at/" "Mozilla/5.0 (Windows NT 6.1; WOW64; Trident/7.0; rv:11.0) like Gecko"
85.193.135.14 - - [07/Aug/2018:15:11:23 +0200] "GET /reload?ser=1533647482410 HTTP/1.1" 200 28 "http://renault.activities.at/result?searchterm=true&search=Wartungskleber" "Mozilla/5.0 (Windows NT 6.1; Win64; x64; rv:61.0) Gecko/20100101 Firefox/61.0"
91.113.242.244 - - [07/Aug/2018:15:11:26 +0200] "GET /reload?ser=1533647486733 HTTP/1.1" 200 28 "http://renault.activities.at/" "Mozilla/5.0 (Windows NT 6.1; WOW64; Trident/7.0; rv:11.0) like Gecko"
213.153.47.173 - - [07/Aug/2018:15:11:32 +0200] "GET /reload?ser=1533647492351 HTTP/1.1" 200 28 "http://renault.activities.at/login?required=true" "Mozilla/5.0 (Windows NT 10.0; Win64; x64; rv:61.0) Gecko/20100101 Firefox/61.0"
80.123.225.34 - - [07/Aug/2018:15:11:56 +0200] "GET /reload?ser=1533647518432 HTTP/1.1" 200 28 "http://renault.activities.at/success" "Mozilla/5.0 (compatible; MSIE 10.0; Windows NT 6.1; WOW64; Trident/6.0)"
91.113.242.244 - - [07/Aug/2018:15:12:11 +0200] "GET /reload?ser=1533647532070 HTTP/1.1" 200 28 "http://renault.activities.at/" "Mozilla/5.0 (Windows NT 6.1; WOW64; Trident/7.0; rv:11.0) like Gecko"
85.193.135.14 - - [07/Aug/2018:15:12:24 +0200] "GET /reload?ser=1533647543424 HTTP/1.1" 200 28 "http://renault.activities.at/result?searchterm=true&search=Wartungskleber" "Mozilla/5.0 (Windows NT 6.1; Win64; x64; rv:61.0) Gecko/20100101 Firefox/61.0"
91.113.242.244 - - [07/Aug/2018:15:12:27 +0200] "GET /reload?ser=1533647547370 HTTP/1.1" 200 28 "http://renault.activities.at/" "Mozilla/5.0 (Windows NT 6.1; WOW64; Trident/7.0; rv:11.0) like Gecko"
213.153.47.173 - - [07/Aug/2018:15:12:33 +0200] "GET /reload?ser=1533647553020 HTTP/1.1" 200 28 "http://renault.activities.at/login?required=true" "Mozilla/5.0 (Windows NT 10.0; Win64; x64; rv:61.0) Gecko/20100101 Firefox/61.0"
80.123.225.34 - - [07/Aug/2018:15:12:57 +0200] "GET /reload?ser=1533647579379 HTTP/1.1" 200 28 "http://renault.activities.at/success" "Mozilla/5.0 (compatible; MSIE 10.0; Windows NT 6.1; WOW64; Trident/6.0)"
91.113.242.244 - - [07/Aug/2018:15:13:12 +0200] "GET /reload?ser=1533647592706 HTTP/1.1" 200 28 "http://renault.activities.at/" "Mozilla/5.0 (Windows NT 6.1; WOW64; Trident/7.0; rv:11.0) like Gecko"
85.193.135.14 - - [07/Aug/2018:15:13:25 +0200] "GET /reload?ser=1533647604485 HTTP/1.1" 200 28 "http://renault.activities.at/result?searchterm=true&search=Wartungskleber" "Mozilla/5.0 (Windows NT 6.1; Win64; x64; rv:61.0) Gecko/20100101 Firefox/61.0"
91.113.242.244 - - [07/Aug/2018:15:13:27 +0200] "GET /reload?ser=1533647607991 HTTP/1.1" 200 28 "http://renault.activities.at/" "Mozilla/5.0 (Windows NT 6.1; WOW64; Trident/7.0; rv:11.0) like Gecko"
213.153.47.173 - - [07/Aug/2018:15:13:33 +0200] "GET /reload?ser=1533647613681 HTTP/1.1" 200 28 "http://renault.activities.at/login?required=true" "Mozilla/5.0 (Windows NT 10.0; Win64; x64; rv:61.0) Gecko/20100101 Firefox/61.0"
80.123.225.34 - - [07/Aug/2018:15:13:58 +0200] "GET /reload?ser=1533647640364 HTTP/1.1" 200 28 "http://renault.activities.at/success" "Mozilla/5.0 (compatible; MSIE 10.0; Windows NT 6.1; WOW64; Trident/6.0)"
91.113.242.244 - - [07/Aug/2018:15:14:13 +0200] "GET /reload?ser=1533647653343 HTTP/1.1" 200 28 "http://renault.activities.at/" "Mozilla/5.0 (Windows NT 6.1; WOW64; Trident/7.0; rv:11.0) like Gecko"
85.193.135.14 - - [07/Aug/2018:15:14:26 +0200] "GET /reload?ser=1533647665485 HTTP/1.1" 200 28 "http://renault.activities.at/result?searchterm=true&search=Wartungskleber" "Mozilla/5.0 (Windows NT 6.1; Win64; x64; rv:61.0) Gecko/20100101 Firefox/61.0"
91.113.242.244 - - [07/Aug/2018:15:14:28 +0200] "GET /reload?ser=1533647668628 HTTP/1.1" 200 28 "http://renault.activities.at/" "Mozilla/5.0 (Windows NT 6.1; WOW64; Trident/7.0; rv:11.0) like Gecko"
213.153.47.173 - - [07/Aug/2018:15:14:34 +0200] "GET /reload?ser=1533647674341 HTTP/1.1" 200 28 "http://renault.activities.at/login?required=true" "Mozilla/5.0 (Windows NT 10.0; Win64; x64; rv:61.0) Gecko/20100101 Firefox/61.0"
80.123.225.34 - - [07/Aug/2018:15:14:58 +0200] "GET /reload?ser=1533647701367 HTTP/1.1" 200 28 "http://renault.activities.at/success" "Mozilla/5.0 (compatible; MSIE 10.0; Windows NT 6.1; WOW64; Trident/6.0)"
91.113.242.244 - - [07/Aug/2018:15:15:13 +0200] "GET /reload?ser=1533647713996 HTTP/1.1" 200 28 "http://renault.activities.at/" "Mozilla/5.0 (Windows NT 6.1; WOW64; Trident/7.0; rv:11.0) like Gecko"
85.193.135.14 - - [07/Aug/2018:15:15:27 +0200] "GET /reload?ser=1533647726473 HTTP/1.1" 200 28 "http://renault.activities.at/result?searchterm=true&search=Wartungskleber" "Mozilla/5.0 (Windows NT 6.1; Win64; x64; rv:61.0) Gecko/20100101 Firefox/61.0"
91.113.242.244 - - [07/Aug/2018:15:15:29 +0200] "GET /reload?ser=1533647729311 HTTP/1.1" 200 28 "http://renault.activities.at/" "Mozilla/5.0 (Windows NT 6.1; WOW64; Trident/7.0; rv:11.0) like Gecko"
213.153.47.173 - - [07/Aug/2018:15:15:35 +0200] "GET /reload?ser=1533647735000 HTTP/1.1" 200 28 "http://renault.activities.at/login?required=true" "Mozilla/5.0 (Windows NT 10.0; Win64; x64; rv:61.0) Gecko/20100101 Firefox/61.0"
80.123.225.34 - - [07/Aug/2018:15:15:59 +0200] "GET /reload?ser=1533647762344 HTTP/1.1" 200 28 "http://renault.activities.at/success" "Mozilla/5.0 (compatible; MSIE 10.0; Windows NT 6.1; WOW64; Trident/6.0)"
91.113.242.244 - - [07/Aug/2018:15:16:14 +0200] "GET /reload?ser=1533647774651 HTTP/1.1" 200 28 "http://renault.activities.at/" "Mozilla/5.0 (Windows NT 6.1; WOW64; Trident/7.0; rv:11.0) like Gecko"
85.193.135.14 - - [07/Aug/2018:15:16:28 +0200] "GET /reload?ser=1533647787492 HTTP/1.1" 200 28 "http://renault.activities.at/result?searchterm=true&search=Wartungskleber" "Mozilla/5.0 (Windows NT 6.1; Win64; x64; rv:61.0) Gecko/20100101 Firefox/61.0"
91.113.242.244 - - [07/Aug/2018:15:16:29 +0200] "GET /reload?ser=1533647789943 HTTP/1.1" 200 28 "http://renault.activities.at/" "Mozilla/5.0 (Windows NT 6.1; WOW64; Trident/7.0; rv:11.0) like Gecko"
213.153.47.173 - - [07/Aug/2018:15:16:35 +0200] "GET /reload?ser=1533647795670 HTTP/1.1" 200 28 "http://renault.activities.at/login?required=true" "Mozilla/5.0 (Windows NT 10.0; Win64; x64; rv:61.0) Gecko/20100101 Firefox/61.0"
80.123.225.34 - - [07/Aug/2018:15:17:00 +0200] "GET /reload?ser=1533647823322 HTTP/1.1" 200 28 "http://renault.activities.at/success" "Mozilla/5.0 (compatible; MSIE 10.0; Windows NT 6.1; WOW64; Trident/6.0)"
91.113.242.244 - - [07/Aug/2018:15:17:15 +0200] "GET /reload?ser=1533647835295 HTTP/1.1" 200 28 "http://renault.activities.at/" "Mozilla/5.0 (Windows NT 6.1; WOW64; Trident/7.0; rv:11.0) like Gecko"
85.193.135.14 - - [07/Aug/2018:15:17:29 +0200] "GET /reload?ser=1533647848462 HTTP/1.1" 200 28 "http://renault.activities.at/result?searchterm=true&search=Wartungskleber" "Mozilla/5.0 (Windows NT 6.1; Win64; x64; rv:61.0) Gecko/20100101 Firefox/61.0"
91.113.242.244 - - [07/Aug/2018:15:17:30 +0200] "GET /reload?ser=1533647850580 HTTP/1.1" 200 28 "http://renault.activities.at/" "Mozilla/5.0 (Windows NT 6.1; WOW64; Trident/7.0; rv:11.0) like Gecko"
213.153.47.173 - - [07/Aug/2018:15:17:36 +0200] "GET /reload?ser=1533647856310 HTTP/1.1" 200 28 "http://renault.activities.at/login?required=true" "Mozilla/5.0 (Windows NT 10.0; Win64; x64; rv:61.0) Gecko/20100101 Firefox/61.0"
80.123.225.34 - - [07/Aug/2018:15:18:01 +0200] "GET /reload?ser=1533647884306 HTTP/1.1" 200 28 "http://renault.activities.at/success" "Mozilla/5.0 (compatible; MSIE 10.0; Windows NT 6.1; WOW64; Trident/6.0)"
91.113.242.244 - - [07/Aug/2018:15:18:15 +0200] "GET /reload?ser=1533647895932 HTTP/1.1" 200 28 "http://renault.activities.at/" "Mozilla/5.0 (Windows NT 6.1; WOW64; Trident/7.0; rv:11.0) like Gecko"
85.193.135.14 - - [07/Aug/2018:15:18:30 +0200] "GET /reload?ser=1533647909465 HTTP/1.1" 200 28 "http://renault.activities.at/result?searchterm=true&search=Wartungskleber" "Mozilla/5.0 (Windows NT 6.1; Win64; x64; rv:61.0) Gecko/20100101 Firefox/61.0"
91.113.242.244 - - [07/Aug/2018:15:18:30 +0200] "GET /reload?ser=1533647911217 HTTP/1.1" 200 28 "http://renault.activities.at/" "Mozilla/5.0 (Windows NT 6.1; WOW64; Trident/7.0; rv:11.0) like Gecko"
213.153.47.173 - - [07/Aug/2018:15:18:37 +0200] "GET /reload?ser=1533647916951 HTTP/1.1" 200 28 "http://renault.activities.at/login?required=true" "Mozilla/5.0 (Windows NT 10.0; Win64; x64; rv:61.0) Gecko/20100101 Firefox/61.0"
80.123.225.34 - - [07/Aug/2018:15:19:02 +0200] "GET /reload?ser=1533647945281 HTTP/1.1" 200 28 "http://renault.activities.at/success" "Mozilla/5.0 (compatible; MSIE 10.0; Windows NT 6.1; WOW64; Trident/6.0)"
91.113.242.244 - - [07/Aug/2018:15:19:16 +0200] "GET /reload?ser=1533647956569 HTTP/1.1" 200 28 "http://renault.activities.at/" "Mozilla/5.0 (Windows NT 6.1; WOW64; Trident/7.0; rv:11.0) like Gecko"
85.193.135.14 - - [07/Aug/2018:15:19:31 +0200] "GET /reload?ser=1533647970467 HTTP/1.1" 200 28 "http://renault.activities.at/result?searchterm=true&search=Wartungskleber" "Mozilla/5.0 (Windows NT 6.1; Win64; x64; rv:61.0) Gecko/20100101 Firefox/61.0"
91.113.242.244 - - [07/Aug/2018:15:19:31 +0200] "GET /reload?ser=1533647971853 HTTP/1.1" 200 28 "http://renault.activities.at/" "Mozilla/5.0 (Windows NT 6.1; WOW64; Trident/7.0; rv:11.0) like Gecko"
213.153.47.173 - - [07/Aug/2018:15:19:37 +0200] "GET /reload?ser=1533647977611 HTTP/1.1" 200 28 "http://renault.activities.at/login?required=true" "Mozilla/5.0 (Windows NT 10.0; Win64; x64; rv:61.0) Gecko/20100101 Firefox/61.0"
80.123.225.34 - - [07/Aug/2018:15:20:03 +0200] "GET /reload?ser=1533648006225 HTTP/1.1" 200 28 "http://renault.activities.at/success" "Mozilla/5.0 (compatible; MSIE 10.0; Windows NT 6.1; WOW64; Trident/6.0)"
91.113.242.244 - - [07/Aug/2018:15:20:16 +0200] "GET /reload?ser=1533648017205 HTTP/1.1" 200 28 "http://renault.activities.at/" "Mozilla/5.0 (Windows NT 6.1; WOW64; Trident/7.0; rv:11.0) like Gecko"
91.113.242.244 - - [07/Aug/2018:15:20:32 +0200] "GET /reload?ser=1533648032476 HTTP/1.1" 200 28 "http://renault.activities.at/" "Mozilla/5.0 (Windows NT 6.1; WOW64; Trident/7.0; rv:11.0) like Gecko"
85.193.135.14 - - [07/Aug/2018:15:20:32 +0200] "GET /reload?ser=1533648031579 HTTP/1.1" 200 28 "http://renault.activities.at/result?searchterm=true&search=Wartungskleber" "Mozilla/5.0 (Windows NT 6.1; Win64; x64; rv:61.0) Gecko/20100101 Firefox/61.0"
213.153.47.173 - - [07/Aug/2018:15:20:38 +0200] "GET /reload?ser=1533648038271 HTTP/1.1" 200 28 "http://renault.activities.at/login?required=true" "Mozilla/5.0 (Windows NT 10.0; Win64; x64; rv:61.0) Gecko/20100101 Firefox/61.0"
80.123.225.34 - - [07/Aug/2018:15:21:04 +0200] "GET /reload?ser=1533648067174 HTTP/1.1" 200 28 "http://renault.activities.at/success" "Mozilla/5.0 (compatible; MSIE 10.0; Windows NT 6.1; WOW64; Trident/6.0)"
91.113.242.244 - - [07/Aug/2018:15:21:17 +0200] "GET /reload?ser=1533648077841 HTTP/1.1" 200 28 "http://renault.activities.at/" "Mozilla/5.0 (Windows NT 6.1; WOW64; Trident/7.0; rv:11.0) like Gecko"
91.113.242.244 - - [07/Aug/2018:15:21:32 +0200] "GET /reload?ser=1533648093096 HTTP/1.1" 200 28 "http://renault.activities.at/" "Mozilla/5.0 (Windows NT 6.1; WOW64; Trident/7.0; rv:11.0) like Gecko"
85.193.135.14 - - [07/Aug/2018:15:21:33 +0200] "GET /reload?ser=1533648092833 HTTP/1.1" 200 28 "http://renault.activities.at/result?searchterm=true&search=Wartungskleber" "Mozilla/5.0 (Windows NT 6.1; Win64; x64; rv:61.0) Gecko/20100101 Firefox/61.0"
213.153.47.173 - - [07/Aug/2018:15:21:38 +0200] "GET /reload?ser=1533648098910 HTTP/1.1" 200 28 "http://renault.activities.at/login?required=true" "Mozilla/5.0 (Windows NT 10.0; Win64; x64; rv:61.0) Gecko/20100101 Firefox/61.0"
80.123.225.34 - - [07/Aug/2018:15:22:05 +0200] "GET /reload?ser=1533648128187 HTTP/1.1" 200 28 "http://renault.activities.at/success" "Mozilla/5.0 (compatible; MSIE 10.0; Windows NT 6.1; WOW64; Trident/6.0)"
91.113.242.244 - - [07/Aug/2018:15:22:18 +0200] "GET /reload?ser=1533648138479 HTTP/1.1" 200 28 "http://renault.activities.at/" "Mozilla/5.0 (Windows NT 6.1; WOW64; Trident/7.0; rv:11.0) like Gecko"
91.113.242.244 - - [07/Aug/2018:15:22:33 +0200] "GET /reload?ser=1533648153733 HTTP/1.1" 200 28 "http://renault.activities.at/" "Mozilla/5.0 (Windows NT 6.1; WOW64; Trident/7.0; rv:11.0) like Gecko"
85.193.135.14 - - [07/Aug/2018:15:22:34 +0200] "GET /reload?ser=1533648154069 HTTP/1.1" 200 28 "http://renault.activities.at/result?searchterm=true&search=Wartungskleber" "Mozilla/5.0 (Windows NT 6.1; Win64; x64; rv:61.0) Gecko/20100101 Firefox/61.0"
213.153.47.173 - - [07/Aug/2018:15:22:39 +0200] "GET /reload?ser=1533648159570 HTTP/1.1" 200 28 "http://renault.activities.at/login?required=true" "Mozilla/5.0 (Windows NT 10.0; Win64; x64; rv:61.0) Gecko/20100101 Firefox/61.0"
80.123.225.34 - - [07/Aug/2018:15:23:06 +0200] "GET /reload?ser=1533648189115 HTTP/1.1" 200 28 "http://renault.activities.at/success" "Mozilla/5.0 (compatible; MSIE 10.0; Windows NT 6.1; WOW64; Trident/6.0)"
91.113.242.244 - - [07/Aug/2018:15:23:18 +0200] "GET /reload?ser=1533648199132 HTTP/1.1" 200 28 "http://renault.activities.at/" "Mozilla/5.0 (Windows NT 6.1; WOW64; Trident/7.0; rv:11.0) like Gecko"
91.113.242.244 - - [07/Aug/2018:15:23:34 +0200] "GET /reload?ser=1533648214370 HTTP/1.1" 200 28 "http://renault.activities.at/" "Mozilla/5.0 (Windows NT 6.1; WOW64; Trident/7.0; rv:11.0) like Gecko"
85.193.135.14 - - [07/Aug/2018:15:23:36 +0200] "GET /reload?ser=1533648215285 HTTP/1.1" 200 28 "http://renault.activities.at/result?searchterm=true&search=Wartungskleber" "Mozilla/5.0 (Windows NT 6.1; Win64; x64; rv:61.0) Gecko/20100101 Firefox/61.0"
213.153.47.173 - - [07/Aug/2018:15:23:40 +0200] "GET /reload?ser=1533648220230 HTTP/1.1" 200 28 "http://renault.activities.at/login?required=true" "Mozilla/5.0 (Windows NT 10.0; Win64; x64; rv:61.0) Gecko/20100101 Firefox/61.0"
80.123.225.34 - - [07/Aug/2018:15:24:07 +0200] "GET /reload?ser=1533648250108 HTTP/1.1" 200 28 "http://renault.activities.at/success" "Mozilla/5.0 (compatible; MSIE 10.0; Windows NT 6.1; WOW64; Trident/6.0)"
91.113.242.244 - - [07/Aug/2018:15:24:19 +0200] "GET /reload?ser=1533648259769 HTTP/1.1" 200 28 "http://renault.activities.at/" "Mozilla/5.0 (Windows NT 6.1; WOW64; Trident/7.0; rv:11.0) like Gecko"
91.113.242.244 - - [07/Aug/2018:15:24:34 +0200] "GET /reload?ser=1533648274991 HTTP/1.1" 200 28 "http://renault.activities.at/" "Mozilla/5.0 (Windows NT 6.1; WOW64; Trident/7.0; rv:11.0) like Gecko"
85.193.135.14 - - [07/Aug/2018:15:24:37 +0200] "GET /reload?ser=1533648276348 HTTP/1.1" 200 28 "http://renault.activities.at/result?searchterm=true&search=Wartungskleber" "Mozilla/5.0 (Windows NT 6.1; Win64; x64; rv:61.0) Gecko/20100101 Firefox/61.0"
213.153.47.173 - - [07/Aug/2018:15:24:40 +0200] "GET /reload?ser=1533648280901 HTTP/1.1" 200 28 "http://renault.activities.at/login?required=true" "Mozilla/5.0 (Windows NT 10.0; Win64; x64; rv:61.0) Gecko/20100101 Firefox/61.0"
80.123.225.34 - - [07/Aug/2018:15:25:08 +0200] "GET /reload?ser=1533648311052 HTTP/1.1" 200 28 "http://renault.activities.at/success" "Mozilla/5.0 (compatible; MSIE 10.0; Windows NT 6.1; WOW64; Trident/6.0)"
91.113.242.244 - - [07/Aug/2018:15:25:20 +0200] "GET /reload?ser=1533648320406 HTTP/1.1" 200 28 "http://renault.activities.at/" "Mozilla/5.0 (Windows NT 6.1; WOW64; Trident/7.0; rv:11.0) like Gecko"
91.113.242.244 - - [07/Aug/2018:15:25:35 +0200] "GET /reload?ser=1533648335628 HTTP/1.1" 200 28 "http://renault.activities.at/" "Mozilla/5.0 (Windows NT 6.1; WOW64; Trident/7.0; rv:11.0) like Gecko"
85.193.135.14 - - [07/Aug/2018:15:25:38 +0200] "GET /reload?ser=1533648337745 HTTP/1.1" 200 28 "http://renault.activities.at/result?searchterm=true&search=Wartungskleber" "Mozilla/5.0 (Windows NT 6.1; Win64; x64; rv:61.0) Gecko/20100101 Firefox/61.0"
213.153.47.173 - - [07/Aug/2018:15:25:41 +0200] "GET /reload?ser=1533648341580 HTTP/1.1" 200 28 "http://renault.activities.at/login?required=true" "Mozilla/5.0 (Windows NT 10.0; Win64; x64; rv:61.0) Gecko/20100101 Firefox/61.0"
80.123.225.34 - - [07/Aug/2018:15:26:09 +0200] "GET /reload?ser=1533648372047 HTTP/1.1" 200 28 "http://renault.activities.at/success" "Mozilla/5.0 (compatible; MSIE 10.0; Windows NT 6.1; WOW64; Trident/6.0)"
91.113.242.244 - - [07/Aug/2018:15:26:20 +0200] "GET /reload?ser=1533648381050 HTTP/1.1" 200 28 "http://renault.activities.at/" "Mozilla/5.0 (Windows NT 6.1; WOW64; Trident/7.0; rv:11.0) like Gecko"
91.113.242.244 - - [07/Aug/2018:15:26:36 +0200] "GET /reload?ser=1533648396250 HTTP/1.1" 200 28 "http://renault.activities.at/" "Mozilla/5.0 (Windows NT 6.1; WOW64; Trident/7.0; rv:11.0) like Gecko"
85.193.135.14 - - [07/Aug/2018:15:26:39 +0200] "GET /reload?ser=1533648398774 HTTP/1.1" 200 28 "http://renault.activities.at/result?searchterm=true&search=Wartungskleber" "Mozilla/5.0 (Windows NT 6.1; Win64; x64; rv:61.0) Gecko/20100101 Firefox/61.0"
213.153.47.173 - - [07/Aug/2018:15:26:42 +0200] "GET /reload?ser=1533648402231 HTTP/1.1" 200 28 "http://renault.activities.at/login?required=true" "Mozilla/5.0 (Windows NT 10.0; Win64; x64; rv:61.0) Gecko/20100101 Firefox/61.0"
80.123.225.34 - - [07/Aug/2018:15:27:10 +0200] "GET /reload?ser=1533648432986 HTTP/1.1" 200 28 "http://renault.activities.at/success" "Mozilla/5.0 (compatible; MSIE 10.0; Windows NT 6.1; WOW64; Trident/6.0)"
91.113.242.244 - - [07/Aug/2018:15:27:21 +0200] "GET /reload?ser=1533648441700 HTTP/1.1" 200 28 "http://renault.activities.at/" "Mozilla/5.0 (Windows NT 6.1; WOW64; Trident/7.0; rv:11.0) like Gecko"
91.113.242.244 - - [07/Aug/2018:15:27:36 +0200] "GET /reload?ser=1533648456898 HTTP/1.1" 200 28 "http://renault.activities.at/" "Mozilla/5.0 (Windows NT 6.1; WOW64; Trident/7.0; rv:11.0) like Gecko"
85.193.135.14 - - [07/Aug/2018:15:27:40 +0200] "GET /reload?ser=1533648460041 HTTP/1.1" 200 28 "http://renault.activities.at/result?searchterm=true&search=Wartungskleber" "Mozilla/5.0 (Windows NT 6.1; Win64; x64; rv:61.0) Gecko/20100101 Firefox/61.0"
213.153.47.173 - - [07/Aug/2018:15:27:42 +0200] "GET /reload?ser=1533648462901 HTTP/1.1" 200 28 "http://renault.activities.at/login?required=true" "Mozilla/5.0 (Windows NT 10.0; Win64; x64; rv:61.0) Gecko/20100101 Firefox/61.0"
80.123.225.34 - - [07/Aug/2018:15:28:11 +0200] "GET /reload?ser=1533648493959 HTTP/1.1" 200 28 "http://renault.activities.at/success" "Mozilla/5.0 (compatible; MSIE 10.0; Windows NT 6.1; WOW64; Trident/6.0)"
91.113.242.244 - - [07/Aug/2018:15:28:22 +0200] "GET /reload?ser=1533648502346 HTTP/1.1" 200 28 "http://renault.activities.at/" "Mozilla/5.0 (Windows NT 6.1; WOW64; Trident/7.0; rv:11.0) like Gecko"
91.113.242.244 - - [07/Aug/2018:15:28:37 +0200] "GET /reload?ser=1533648517521 HTTP/1.1" 200 28 "http://renault.activities.at/" "Mozilla/5.0 (Windows NT 6.1; WOW64; Trident/7.0; rv:11.0) like Gecko"
85.193.135.14 - - [07/Aug/2018:15:28:41 +0200] "GET /reload?ser=1533648521071 HTTP/1.1" 200 28 "http://renault.activities.at/result?searchterm=true&search=Wartungskleber" "Mozilla/5.0 (Windows NT 6.1; Win64; x64; rv:61.0) Gecko/20100101 Firefox/61.0"
213.153.47.173 - - [07/Aug/2018:15:28:43 +0200] "GET /reload?ser=1533648523541 HTTP/1.1" 200 28 "http://renault.activities.at/login?required=true" "Mozilla/5.0 (Windows NT 10.0; Win64; x64; rv:61.0) Gecko/20100101 Firefox/61.0"
80.123.225.34 - - [07/Aug/2018:15:29:12 +0200] "GET /reload?ser=1533648554934 HTTP/1.1" 200 28 "http://renault.activities.at/success" "Mozilla/5.0 (compatible; MSIE 10.0; Windows NT 6.1; WOW64; Trident/6.0)"
91.113.242.244 - - [07/Aug/2018:15:29:22 +0200] "GET /reload?ser=1533648562989 HTTP/1.1" 200 28 "http://renault.activities.at/" "Mozilla/5.0 (Windows NT 6.1; WOW64; Trident/7.0; rv:11.0) like Gecko"
91.113.242.244 - - [07/Aug/2018:15:29:37 +0200] "GET /reload?ser=1533648578149 HTTP/1.1" 200 28 "http://renault.activities.at/" "Mozilla/5.0 (Windows NT 6.1; WOW64; Trident/7.0; rv:11.0) like Gecko"
85.193.135.14 - - [07/Aug/2018:15:29:42 +0200] "GET /reload?ser=1533648582114 HTTP/1.1" 200 28 "http://renault.activities.at/result?searchterm=true&search=Wartungskleber" "Mozilla/5.0 (Windows NT 6.1; Win64; x64; rv:61.0) Gecko/20100101 Firefox/61.0"
213.153.47.173 - - [07/Aug/2018:15:29:44 +0200] "GET /reload?ser=1533648584190 HTTP/1.1" 200 28 "http://renault.activities.at/login?required=true" "Mozilla/5.0 (Windows NT 10.0; Win64; x64; rv:61.0) Gecko/20100101 Firefox/61.0"
80.123.225.34 - - [07/Aug/2018:15:30:13 +0200] "GET /reload?ser=1533648615904 HTTP/1.1" 200 28 "http://renault.activities.at/success" "Mozilla/5.0 (compatible; MSIE 10.0; Windows NT 6.1; WOW64; Trident/6.0)"
91.113.242.244 - - [07/Aug/2018:15:30:23 +0200] "GET /reload?ser=1533648623626 HTTP/1.1" 200 28 "http://renault.activities.at/" "Mozilla/5.0 (Windows NT 6.1; WOW64; Trident/7.0; rv:11.0) like Gecko"
91.113.242.244 - - [07/Aug/2018:15:30:38 +0200] "GET /reload?ser=1533648638787 HTTP/1.1" 200 28 "http://renault.activities.at/" "Mozilla/5.0 (Windows NT 6.1; WOW64; Trident/7.0; rv:11.0) like Gecko"
85.193.135.14 - - [07/Aug/2018:15:30:44 +0200] "GET /reload?ser=1533648643302 HTTP/1.1" 200 28 "http://renault.activities.at/result?searchterm=true&search=Wartungskleber" "Mozilla/5.0 (Windows NT 6.1; Win64; x64; rv:61.0) Gecko/20100101 Firefox/61.0"
213.153.47.173 - - [07/Aug/2018:15:30:44 +0200] "GET /reload?ser=1533648644850 HTTP/1.1" 200 28 "http://renault.activities.at/login?required=true" "Mozilla/5.0 (Windows NT 10.0; Win64; x64; rv:61.0) Gecko/20100101 Firefox/61.0"
80.123.225.34 - - [07/Aug/2018:15:31:14 +0200] "GET /reload?ser=1533648676851 HTTP/1.1" 200 28 "http://renault.activities.at/success" "Mozilla/5.0 (compatible; MSIE 10.0; Windows NT 6.1; WOW64; Trident/6.0)"
91.113.242.244 - - [07/Aug/2018:15:31:24 +0200] "GET /reload?ser=1533648684263 HTTP/1.1" 200 28 "http://renault.activities.at/" "Mozilla/5.0 (Windows NT 6.1; WOW64; Trident/7.0; rv:11.0) like Gecko"
91.113.242.244 - - [07/Aug/2018:15:31:39 +0200] "GET /reload?ser=1533648699433 HTTP/1.1" 200 28 "http://renault.activities.at/" "Mozilla/5.0 (Windows NT 6.1; WOW64; Trident/7.0; rv:11.0) like Gecko"
213.153.47.173 - - [07/Aug/2018:15:31:45 +0200] "GET /reload?ser=1533648705531 HTTP/1.1" 200 28 "http://renault.activities.at/login?required=true" "Mozilla/5.0 (Windows NT 10.0; Win64; x64; rv:61.0) Gecko/20100101 Firefox/61.0"
85.193.135.14 - - [07/Aug/2018:15:31:45 +0200] "GET /reload?ser=1533648704673 HTTP/1.1" 200 28 "http://renault.activities.at/result?searchterm=true&search=Wartungskleber" "Mozilla/5.0 (Windows NT 6.1; Win64; x64; rv:61.0) Gecko/20100101 Firefox/61.0"
80.123.225.34 - - [07/Aug/2018:15:32:15 +0200] "GET /reload?ser=1533648737792 HTTP/1.1" 200 28 "http://renault.activities.at/success" "Mozilla/5.0 (compatible; MSIE 10.0; Windows NT 6.1; WOW64; Trident/6.0)"
91.113.242.244 - - [07/Aug/2018:15:32:24 +0200] "GET /reload?ser=1533648744901 HTTP/1.1" 200 28 "http://renault.activities.at/" "Mozilla/5.0 (Windows NT 6.1; WOW64; Trident/7.0; rv:11.0) like Gecko"
91.113.242.244 - - [07/Aug/2018:15:32:39 +0200] "GET /reload?ser=1533648760077 HTTP/1.1" 200 28 "http://renault.activities.at/" "Mozilla/5.0 (Windows NT 6.1; WOW64; Trident/7.0; rv:11.0) like Gecko"
213.153.47.173 - - [07/Aug/2018:15:32:46 +0200] "GET /reload?ser=1533648766172 HTTP/1.1" 200 28 "http://renault.activities.at/login?required=true" "Mozilla/5.0 (Windows NT 10.0; Win64; x64; rv:61.0) Gecko/20100101 Firefox/61.0"
85.193.135.14 - - [07/Aug/2018:15:32:46 +0200] "GET /reload?ser=1533648765859 HTTP/1.1" 200 28 "http://renault.activities.at/result?searchterm=true&search=Wartungskleber" "Mozilla/5.0 (Windows NT 6.1; Win64; x64; rv:61.0) Gecko/20100101 Firefox/61.0"
80.123.225.34 - - [07/Aug/2018:15:33:16 +0200] "GET /reload?ser=1533648798776 HTTP/1.1" 200 28 "http://renault.activities.at/success" "Mozilla/5.0 (compatible; MSIE 10.0; Windows NT 6.1; WOW64; Trident/6.0)"
91.113.242.244 - - [07/Aug/2018:15:33:25 +0200] "GET /reload?ser=1533648805535 HTTP/1.1" 200 28 "http://renault.activities.at/" "Mozilla/5.0 (Windows NT 6.1; WOW64; Trident/7.0; rv:11.0) like Gecko"
91.113.242.244 - - [07/Aug/2018:15:33:40 +0200] "GET /reload?ser=1533648820711 HTTP/1.1" 200 28 "http://renault.activities.at/" "Mozilla/5.0 (Windows NT 6.1; WOW64; Trident/7.0; rv:11.0) like Gecko"
213.153.47.173 - - [07/Aug/2018:15:33:46 +0200] "GET /reload?ser=1533648826820 HTTP/1.1" 200 28 "http://renault.activities.at/login?required=true" "Mozilla/5.0 (Windows NT 10.0; Win64; x64; rv:61.0) Gecko/20100101 Firefox/61.0"
85.193.135.14 - - [07/Aug/2018:15:33:47 +0200] "GET /reload?ser=1533648826936 HTTP/1.1" 200 28 "http://renault.activities.at/result?searchterm=true&search=Wartungskleber" "Mozilla/5.0 (Windows NT 6.1; Win64; x64; rv:61.0) Gecko/20100101 Firefox/61.0"
80.123.225.34 - - [07/Aug/2018:15:34:17 +0200] "GET /reload?ser=1533648859747 HTTP/1.1" 200 28 "http://renault.activities.at/success" "Mozilla/5.0 (compatible; MSIE 10.0; Windows NT 6.1; WOW64; Trident/6.0)"
91.113.242.244 - - [07/Aug/2018:15:34:25 +0200] "GET /reload?ser=1533648866175 HTTP/1.1" 200 28 "http://renault.activities.at/" "Mozilla/5.0 (Windows NT 6.1; WOW64; Trident/7.0; rv:11.0) like Gecko"
91.113.242.244 - - [07/Aug/2018:15:34:41 +0200] "GET /reload?ser=1533648881335 HTTP/1.1" 200 28 "http://renault.activities.at/" "Mozilla/5.0 (Windows NT 6.1; WOW64; Trident/7.0; rv:11.0) like Gecko"
80.120.5.131 - - [07/Aug/2018:15:34:44 +0200] "GET /10201637 HTTP/1.1" 302 150 "-" "Mozilla/5.0 (Macintosh; Intel Mac OS X 10_13_6) AppleWebKit/605.1.15 (KHTML, like Gecko)"
80.120.5.131 - - [07/Aug/2018:15:34:45 +0200] "GET /login?required=true HTTP/1.1" 200 2086 "-" "Mozilla/5.0 (Macintosh; Intel Mac OS X 10_13_6) AppleWebKit/605.1.15 (KHTML, like Gecko)"
80.120.5.131 - - [07/Aug/2018:15:34:46 +0200] "GET /apple-touch-icon-precomposed.png HTTP/1.1" 200 1559 "-" "Safari/13605.3.8 CFNetwork/902.1 Darwin/17.7.0 (x86_64)"
213.153.47.173 - - [07/Aug/2018:15:34:47 +0200] "GET /reload?ser=1533648887470 HTTP/1.1" 200 28 "http://renault.activities.at/login?required=true" "Mozilla/5.0 (Windows NT 10.0; Win64; x64; rv:61.0) Gecko/20100101 Firefox/61.0"
80.120.5.131 - - [07/Aug/2018:15:34:47 +0200] "GET /apple-touch-icon.png HTTP/1.1" 200 1559 "-" "Safari/13605.3.8 CFNetwork/902.1 Darwin/17.7.0 (x86_64)"
80.120.5.131 - - [07/Aug/2018:15:34:48 +0200] "GET /images/favicon.ico HTTP/1.1" 404 305 "-" "Safari/13605.3.8 CFNetwork/902.1 Darwin/17.7.0 (x86_64)"
80.120.5.131 - - [07/Aug/2018:15:34:48 +0200] "GET /images/favicon.ico HTTP/1.1" 404 305 "-" "Safari/13605.3.8 CFNetwork/902.1 Darwin/17.7.0 (x86_64)"
80.120.5.131 - - [07/Aug/2018:15:34:48 +0200] "GET /favicon.ico HTTP/1.1" 200 3250 "-" "Safari/13605.3.8 CFNetwork/902.1 Darwin/17.7.0 (x86_64)"
80.120.5.131 - - [07/Aug/2018:15:34:48 +0200] "GET /apple-touch-icon-precomposed.png HTTP/1.1" 200 1559 "-" "Safari/13605.3.8 CFNetwork/902.1 Darwin/17.7.0 (x86_64)"
85.193.135.14 - - [07/Aug/2018:15:34:49 +0200] "GET /reload?ser=1533648888233 HTTP/1.1" 200 28 "http://renault.activities.at/result?searchterm=true&search=Wartungskleber" "Mozilla/5.0 (Windows NT 6.1; Win64; x64; rv:61.0) Gecko/20100101 Firefox/61.0"
80.120.5.131 - - [07/Aug/2018:15:34:49 +0200] "GET /apple-touch-icon.png HTTP/1.1" 200 1559 "-" "Safari/13605.3.8 CFNetwork/902.1 Darwin/17.7.0 (x86_64)"
80.120.5.131 - - [07/Aug/2018:15:34:50 +0200] "GET /images/favicon.ico HTTP/1.1" 404 305 "-" "Safari/13605.3.8 CFNetwork/902.1 Darwin/17.7.0 (x86_64)"
80.120.5.131 - - [07/Aug/2018:15:34:50 +0200] "GET /images/favicon.ico HTTP/1.1" 404 305 "-" "Safari/13605.3.8 CFNetwork/902.1 Darwin/17.7.0 (x86_64)"
80.120.5.131 - - [07/Aug/2018:15:34:50 +0200] "GET /favicon.ico HTTP/1.1" 200 3250 "-" "Safari/13605.3.8 CFNetwork/902.1 Darwin/17.7.0 (x86_64)"
80.120.5.131 - - [07/Aug/2018:15:34:50 +0200] "GET /10201637 HTTP/1.1" 302 150 "-" "\"Mozilla/5.0 (iPhone; CPU iPhone OS 11_0 like Mac OS X) AppleWebKit/604.1.38 (KHTML, like Gecko) Version/11.0 Mobile/15A372 Safari/604.1\""
80.120.5.131 - - [07/Aug/2018:15:34:51 +0200] "GET /login?required=true HTTP/1.1" 200 2086 "-" "\"Mozilla/5.0 (iPhone; CPU iPhone OS 11_0 like Mac OS X) AppleWebKit/604.1.38 (KHTML, like Gecko) Version/11.0 Mobile/15A372 Safari/604.1\""
80.120.5.131 - - [07/Aug/2018:15:34:52 +0200] "GET /apple-touch-icon-precomposed.png HTTP/1.1" 200 1559 "-" "Safari/13605.3.8 CFNetwork/902.1 Darwin/17.7.0 (x86_64)"
80.120.5.131 - - [07/Aug/2018:15:34:53 +0200] "GET /apple-touch-icon.png HTTP/1.1" 200 1559 "-" "Safari/13605.3.8 CFNetwork/902.1 Darwin/17.7.0 (x86_64)"
80.120.5.131 - - [07/Aug/2018:15:34:54 +0200] "GET /images/favicon.ico HTTP/1.1" 404 305 "-" "Safari/13605.3.8 CFNetwork/902.1 Darwin/17.7.0 (x86_64)"
80.120.5.131 - - [07/Aug/2018:15:34:54 +0200] "GET /images/favicon.ico HTTP/1.1" 404 305 "-" "Safari/13605.3.8 CFNetwork/902.1 Darwin/17.7.0 (x86_64)"
80.120.5.131 - - [07/Aug/2018:15:34:54 +0200] "GET /favicon.ico HTTP/1.1" 200 3250 "-" "Safari/13605.3.8 CFNetwork/902.1 Darwin/17.7.0 (x86_64)"
80.120.5.131 - - [07/Aug/2018:15:34:54 +0200] "GET /apple-touch-icon-precomposed.png HTTP/1.1" 200 1559 "-" "Safari/13605.3.8 CFNetwork/902.1 Darwin/17.7.0 (x86_64)"
80.120.5.131 - - [07/Aug/2018:15:34:55 +0200] "GET /apple-touch-icon.png HTTP/1.1" 200 1559 "-" "Safari/13605.3.8 CFNetwork/902.1 Darwin/17.7.0 (x86_64)"
80.120.5.131 - - [07/Aug/2018:15:34:56 +0200] "GET /images/favicon.ico HTTP/1.1" 404 305 "-" "Safari/13605.3.8 CFNetwork/902.1 Darwin/17.7.0 (x86_64)"
80.120.5.131 - - [07/Aug/2018:15:34:56 +0200] "GET /images/favicon.ico HTTP/1.1" 404 305 "-" "Safari/13605.3.8 CFNetwork/902.1 Darwin/17.7.0 (x86_64)"
80.120.5.131 - - [07/Aug/2018:15:34:56 +0200] "GET /favicon.ico HTTP/1.1" 200 3250 "-" "Safari/13605.3.8 CFNetwork/902.1 Darwin/17.7.0 (x86_64)"
80.123.225.34 - - [07/Aug/2018:15:35:18 +0200] "GET /reload?ser=1533648920688 HTTP/1.1" 200 28 "http://renault.activities.at/success" "Mozilla/5.0 (compatible; MSIE 10.0; Windows NT 6.1; WOW64; Trident/6.0)"
91.113.242.244 - - [07/Aug/2018:15:35:26 +0200] "GET /reload?ser=1533648926811 HTTP/1.1" 200 28 "http://renault.activities.at/" "Mozilla/5.0 (Windows NT 6.1; WOW64; Trident/7.0; rv:11.0) like Gecko"
91.113.242.244 - - [07/Aug/2018:15:35:41 +0200] "GET /reload?ser=1533648941955 HTTP/1.1" 200 28 "http://renault.activities.at/" "Mozilla/5.0 (Windows NT 6.1; WOW64; Trident/7.0; rv:11.0) like Gecko"
213.153.47.173 - - [07/Aug/2018:15:35:48 +0200] "GET /reload?ser=1533648948142 HTTP/1.1" 200 28 "http://renault.activities.at/login?required=true" "Mozilla/5.0 (Windows NT 10.0; Win64; x64; rv:61.0) Gecko/20100101 Firefox/61.0"
85.193.135.14 - - [07/Aug/2018:15:35:50 +0200] "GET /reload?ser=1533648949462 HTTP/1.1" 200 28 "http://renault.activities.at/result?searchterm=true&search=Wartungskleber" "Mozilla/5.0 (Windows NT 6.1; Win64; x64; rv:61.0) Gecko/20100101 Firefox/61.0"
80.123.225.34 - - [07/Aug/2018:15:36:19 +0200] "GET /reload?ser=1533648981610 HTTP/1.1" 200 28 "http://renault.activities.at/success" "Mozilla/5.0 (compatible; MSIE 10.0; Windows NT 6.1; WOW64; Trident/6.0)"
91.113.242.244 - - [07/Aug/2018:15:36:27 +0200] "GET /reload?ser=1533648987450 HTTP/1.1" 200 28 "http://renault.activities.at/" "Mozilla/5.0 (Windows NT 6.1; WOW64; Trident/7.0; rv:11.0) like Gecko"
91.113.242.244 - - [07/Aug/2018:15:36:42 +0200] "GET /reload?ser=1533649002596 HTTP/1.1" 200 28 "http://renault.activities.at/" "Mozilla/5.0 (Windows NT 6.1; WOW64; Trident/7.0; rv:11.0) like Gecko"
213.153.47.173 - - [07/Aug/2018:15:36:48 +0200] "GET /reload?ser=1533649008800 HTTP/1.1" 200 28 "http://renault.activities.at/login?required=true" "Mozilla/5.0 (Windows NT 10.0; Win64; x64; rv:61.0) Gecko/20100101 Firefox/61.0"
85.193.135.14 - - [07/Aug/2018:15:36:51 +0200] "GET /reload?ser=1533649010867 HTTP/1.1" 200 28 "http://renault.activities.at/result?searchterm=true&search=Wartungskleber" "Mozilla/5.0 (Windows NT 6.1; Win64; x64; rv:61.0) Gecko/20100101 Firefox/61.0"
80.123.225.34 - - [07/Aug/2018:15:37:20 +0200] "GET /reload?ser=1533649042598 HTTP/1.1" 200 28 "http://renault.activities.at/success" "Mozilla/5.0 (compatible; MSIE 10.0; Windows NT 6.1; WOW64; Trident/6.0)"
91.113.242.244 - - [07/Aug/2018:15:37:27 +0200] "GET /reload?ser=1533649048088 HTTP/1.1" 200 28 "http://renault.activities.at/" "Mozilla/5.0 (Windows NT 6.1; WOW64; Trident/7.0; rv:11.0) like Gecko"
91.113.242.244 - - [07/Aug/2018:15:37:43 +0200] "GET /reload?ser=1533649063232 HTTP/1.1" 200 28 "http://renault.activities.at/" "Mozilla/5.0 (Windows NT 6.1; WOW64; Trident/7.0; rv:11.0) like Gecko"
213.153.47.173 - - [07/Aug/2018:15:37:49 +0200] "GET /reload?ser=1533649069463 HTTP/1.1" 200 28 "http://renault.activities.at/login?required=true" "Mozilla/5.0 (Windows NT 10.0; Win64; x64; rv:61.0) Gecko/20100101 Firefox/61.0"
85.193.135.14 - - [07/Aug/2018:15:37:52 +0200] "GET /reload?ser=1533649072027 HTTP/1.1" 200 28 "http://renault.activities.at/result?searchterm=true&search=Wartungskleber" "Mozilla/5.0 (Windows NT 6.1; Win64; x64; rv:61.0) Gecko/20100101 Firefox/61.0"
46.229.170.197 - - [07/Aug/2018:15:38:13 +0200] "GET / HTTP/1.1" 200 17580 "-" "Mozilla/5.0 (Macintosh; Intel Mac OS X 10_11_6) AppleWebKit/537.36 (KHTML, like Gecko) Chrome/56.0.2924.87 Safari/537.36"
80.123.225.34 - - [07/Aug/2018:15:38:21 +0200] "GET /reload?ser=1533649103591 HTTP/1.1" 200 28 "http://renault.activities.at/success" "Mozilla/5.0 (compatible; MSIE 10.0; Windows NT 6.1; WOW64; Trident/6.0)"
91.113.242.244 - - [07/Aug/2018:15:38:28 +0200] "GET /reload?ser=1533649108727 HTTP/1.1" 200 28 "http://renault.activities.at/" "Mozilla/5.0 (Windows NT 6.1; WOW64; Trident/7.0; rv:11.0) like Gecko"
91.113.242.244 - - [07/Aug/2018:15:38:43 +0200] "GET /reload?ser=1533649123856 HTTP/1.1" 200 28 "http://renault.activities.at/" "Mozilla/5.0 (Windows NT 6.1; WOW64; Trident/7.0; rv:11.0) like Gecko"
213.153.47.173 - - [07/Aug/2018:15:38:50 +0200] "GET /reload?ser=1533649130141 HTTP/1.1" 200 28 "http://renault.activities.at/login?required=true" "Mozilla/5.0 (Windows NT 10.0; Win64; x64; rv:61.0) Gecko/20100101 Firefox/61.0"
85.193.135.14 - - [07/Aug/2018:15:38:53 +0200] "GET /reload?ser=1533649133005 HTTP/1.1" 200 28 "http://renault.activities.at/result?searchterm=true&search=Wartungskleber" "Mozilla/5.0 (Windows NT 6.1; Win64; x64; rv:61.0) Gecko/20100101 Firefox/61.0"
80.123.225.34 - - [07/Aug/2018:15:39:22 +0200] "GET /reload?ser=1533649164543 HTTP/1.1" 200 28 "http://renault.activities.at/success" "Mozilla/5.0 (compatible; MSIE 10.0; Windows NT 6.1; WOW64; Trident/6.0)"
91.113.242.244 - - [07/Aug/2018:15:39:29 +0200] "GET /reload?ser=1533649169364 HTTP/1.1" 200 28 "http://renault.activities.at/" "Mozilla/5.0 (Windows NT 6.1; WOW64; Trident/7.0; rv:11.0) like Gecko"
91.113.242.244 - - [07/Aug/2018:15:39:44 +0200] "GET /reload?ser=1533649184493 HTTP/1.1" 200 28 "http://renault.activities.at/" "Mozilla/5.0 (Windows NT 6.1; WOW64; Trident/7.0; rv:11.0) like Gecko"
213.153.47.173 - - [07/Aug/2018:15:39:50 +0200] "GET /reload?ser=1533649190791 HTTP/1.1" 200 28 "http://renault.activities.at/login?required=true" "Mozilla/5.0 (Windows NT 10.0; Win64; x64; rv:61.0) Gecko/20100101 Firefox/61.0"
85.193.135.14 - - [07/Aug/2018:15:39:54 +0200] "GET /reload?ser=1533649194128 HTTP/1.1" 200 28 "http://renault.activities.at/result?searchterm=true&search=Wartungskleber" "Mozilla/5.0 (Windows NT 6.1; Win64; x64; rv:61.0) Gecko/20100101 Firefox/61.0"
80.123.225.34 - - [07/Aug/2018:15:40:23 +0200] "GET /reload?ser=1533649225530 HTTP/1.1" 200 28 "http://renault.activities.at/success" "Mozilla/5.0 (compatible; MSIE 10.0; Windows NT 6.1; WOW64; Trident/6.0)"
91.113.242.244 - - [07/Aug/2018:15:40:29 +0200] "GET /reload?ser=1533649230001 HTTP/1.1" 200 28 "http://renault.activities.at/" "Mozilla/5.0 (Windows NT 6.1; WOW64; Trident/7.0; rv:11.0) like Gecko"
91.113.242.244 - - [07/Aug/2018:15:40:44 +0200] "GET /reload?ser=1533649245114 HTTP/1.1" 200 28 "http://renault.activities.at/" "Mozilla/5.0 (Windows NT 6.1; WOW64; Trident/7.0; rv:11.0) like Gecko"
213.153.47.173 - - [07/Aug/2018:15:40:51 +0200] "GET /reload?ser=1533649251441 HTTP/1.1" 200 28 "http://renault.activities.at/login?required=true" "Mozilla/5.0 (Windows NT 10.0; Win64; x64; rv:61.0) Gecko/20100101 Firefox/61.0"
85.193.135.14 - - [07/Aug/2018:15:40:56 +0200] "GET /reload?ser=1533649255255 HTTP/1.1" 200 28 "http://renault.activities.at/result?searchterm=true&search=Wartungskleber" "Mozilla/5.0 (Windows NT 6.1; Win64; x64; rv:61.0) Gecko/20100101 Firefox/61.0"
89.16.198.102 - - [07/Aug/2018:15:41:16 +0200] "GET / HTTP/1.1" 200 3680 "-" "Mozilla/5.0 (Windows NT 6.1; WOW64; rv:50.0) Gecko/20100101 Firefox/50.0"
89.16.198.102 - - [07/Aug/2018:15:41:18 +0200] "GET /js/flashdetection.js HTTP/1.1" 200 1059 "http://renault.activities.at/" "Mozilla/5.0 (Windows NT 6.1; WOW64; rv:50.0) Gecko/20100101 Firefox/50.0"
89.16.198.102 - - [07/Aug/2018:15:41:18 +0200] "GET /css/reset.css HTTP/1.1" 200 1356 "http://renault.activities.at/" "Mozilla/5.0 (Windows NT 6.1; WOW64; rv:50.0) Gecko/20100101 Firefox/50.0"
89.16.198.102 - - [07/Aug/2018:15:41:18 +0200] "GET /css/styles.css HTTP/1.1" 200 14664 "http://renault.activities.at/" "Mozilla/5.0 (Windows NT 6.1; WOW64; rv:50.0) Gecko/20100101 Firefox/50.0"
89.16.198.102 - - [07/Aug/2018:15:41:18 +0200] "GET /js/default.js HTTP/1.1" 200 14698 "http://renault.activities.at/" "Mozilla/5.0 (Windows NT 6.1; WOW64; rv:50.0) Gecko/20100101 Firefox/50.0"
89.16.198.102 - - [07/Aug/2018:15:41:17 +0200] "GET /images/favicon.ico HTTP/1.1" 404 305 "-" "Mozilla/5.0 (Windows NT 6.1; WOW64; rv:50.0) Gecko/20100101 Firefox/50.0"
89.16.198.102 - - [07/Aug/2018:15:41:18 +0200] "GET /css/clears.css HTTP/1.1" 200 851 "http://renault.activities.at/" "Mozilla/5.0 (Windows NT 6.1; WOW64; rv:50.0) Gecko/20100101 Firefox/50.0"
89.16.198.102 - - [07/Aug/2018:15:41:18 +0200] "GET /css/print.css HTTP/1.1" 200 543 "http://renault.activities.at/" "Mozilla/5.0 (Windows NT 6.1; WOW64; rv:50.0) Gecko/20100101 Firefox/50.0"
89.16.198.102 - - [07/Aug/2018:15:41:18 +0200] "GET /images/favicon.ico HTTP/1.1" 404 305 "-" "Mozilla/5.0 (Windows NT 6.1; WOW64; rv:50.0) Gecko/20100101 Firefox/50.0"
89.16.198.102 - - [07/Aug/2018:15:41:18 +0200] "GET /js/checkout.css HTTP/1.1" 200 359 "http://renault.activities.at/" "Mozilla/5.0 (Windows NT 6.1; WOW64; rv:50.0) Gecko/20100101 Firefox/50.0"
89.16.198.102 - - [07/Aug/2018:15:41:18 +0200] "GET /css/prototip.css HTTP/1.1" 200 968 "http://renault.activities.at/" "Mozilla/5.0 (Windows NT 6.1; WOW64; rv:50.0) Gecko/20100101 Firefox/50.0"
89.16.198.102 - - [07/Aug/2018:15:41:18 +0200] "GET /css/themes/default.css HTTP/1.1" 200 769 "http://renault.activities.at/" "Mozilla/5.0 (Windows NT 6.1; WOW64; rv:50.0) Gecko/20100101 Firefox/50.0"
89.16.198.102 - - [07/Aug/2018:15:41:18 +0200] "GET /css/themes/alphacube.css HTTP/1.1" 200 743 "http://renault.activities.at/" "Mozilla/5.0 (Windows NT 6.1; WOW64; rv:50.0) Gecko/20100101 Firefox/50.0"
89.16.198.102 - - [07/Aug/2018:15:41:18 +0200] "GET /js/index.php?c=auto&f=,prototype/prototype.js,prototype/validation.js,scriptaculous/builder.js,scriptaculous/effects.js,scriptaculous/dragdrop.js,scriptaculous/controls.js,scriptaculous/slider.js,varien/js.js,varien/form.js,varien/menu.js,mage/translate.js,mage/cookies.js,varien/product.js,spinner/SpinnerControl.jsmin.js,prototype/window.js,prototype/window_ext.js HTTP/1.1" 200 94182 "http://renault.activities.at/" "Mozilla/5.0 (Windows NT 6.1; WOW64; rv:50.0) Gecko/20100101 Firefox/50.0"
89.16.198.102 - - [07/Aug/2018:15:41:18 +0200] "GET /images/main_block_border.gif HTTP/1.1" 200 43 "http://renault.activities.at/css/styles.css" "Mozilla/5.0 (Windows NT 6.1; WOW64; rv:50.0) Gecko/20100101 Firefox/50.0"
89.16.198.102 - - [07/Aug/2018:15:41:18 +0200] "GET /images/main_block_corner_left_bot.gif HTTP/1.1" 200 159 "http://renault.activities.at/css/styles.css" "Mozilla/5.0 (Windows NT 6.1; WOW64; rv:50.0) Gecko/20100101 Firefox/50.0"
89.16.198.102 - - [07/Aug/2018:15:41:18 +0200] "GET /images/header_block_border.gif HTTP/1.1" 200 43 "http://renault.activities.at/css/styles.css" "Mozilla/5.0 (Windows NT 6.1; WOW64; rv:50.0) Gecko/20100101 Firefox/50.0"
89.16.198.102 - - [07/Aug/2018:15:41:18 +0200] "GET /images/main_block_corner_right_bot.gif HTTP/1.1" 200 158 "http://renault.activities.at/css/styles.css" "Mozilla/5.0 (Windows NT 6.1; WOW64; rv:50.0) Gecko/20100101 Firefox/50.0"
89.16.198.102 - - [07/Aug/2018:15:41:18 +0200] "GET /images/header_block_corner_right_top.gif HTTP/1.1" 200 160 "http://renault.activities.at/css/styles.css" "Mozilla/5.0 (Windows NT 6.1; WOW64; rv:50.0) Gecko/20100101 Firefox/50.0"
89.16.198.102 - - [07/Aug/2018:15:41:18 +0200] "GET /images/header_block_corner_left_top.gif HTTP/1.1" 200 160 "http://renault.activities.at/css/styles.css" "Mozilla/5.0 (Windows NT 6.1; WOW64; rv:50.0) Gecko/20100101 Firefox/50.0"
89.16.198.102 - - [07/Aug/2018:15:41:18 +0200] "GET /images/main_block_corner_left_top.gif HTTP/1.1" 200 159 "http://renault.activities.at/css/styles.css" "Mozilla/5.0 (Windows NT 6.1; WOW64; rv:50.0) Gecko/20100101 Firefox/50.0"
89.16.198.102 - - [07/Aug/2018:15:41:18 +0200] "GET /images/main_block_corner_right_top.gif HTTP/1.1" 200 159 "http://renault.activities.at/css/styles.css" "Mozilla/5.0 (Windows NT 6.1; WOW64; rv:50.0) Gecko/20100101 Firefox/50.0"
89.16.198.102 - - [07/Aug/2018:15:41:18 +0200] "GET /images/title_border_top.jpg HTTP/1.1" 200 336 "http://renault.activities.at/css/styles.css" "Mozilla/5.0 (Windows NT 6.1; WOW64; rv:50.0) Gecko/20100101 Firefox/50.0"
89.16.198.102 - - [07/Aug/2018:15:41:18 +0200] "GET /images/title_border.jpg HTTP/1.1" 200 304 "http://renault.activities.at/css/styles.css" "Mozilla/5.0 (Windows NT 6.1; WOW64; rv:50.0) Gecko/20100101 Firefox/50.0"
89.16.198.102 - - [07/Aug/2018:15:41:18 +0200] "GET /images/title_corner_left_top.jpg HTTP/1.1" 200 372 "http://renault.activities.at/css/styles.css" "Mozilla/5.0 (Windows NT 6.1; WOW64; rv:50.0) Gecko/20100101 Firefox/50.0"
89.16.198.102 - - [07/Aug/2018:15:41:18 +0200] "GET /images/title_corner_right_top.jpg HTTP/1.1" 200 389 "http://renault.activities.at/css/styles.css" "Mozilla/5.0 (Windows NT 6.1; WOW64; rv:50.0) Gecko/20100101 Firefox/50.0"
89.16.198.102 - - [07/Aug/2018:15:41:18 +0200] "GET /loadthumbnail.php?id=11127982 HTTP/1.1" 200 399614 "http://renault.activities.at/" "Mozilla/5.0 (Windows NT 6.1; WOW64; rv:50.0) Gecko/20100101 Firefox/50.0"
80.123.225.34 - - [07/Aug/2018:15:41:24 +0200] "GET /reload?ser=1533649286476 HTTP/1.1" 200 28 "http://renault.activities.at/success" "Mozilla/5.0 (compatible; MSIE 10.0; Windows NT 6.1; WOW64; Trident/6.0)"
91.113.242.244 - - [07/Aug/2018:15:41:30 +0200] "GET /reload?ser=1533649290648 HTTP/1.1" 200 28 "http://renault.activities.at/" "Mozilla/5.0 (Windows NT 6.1; WOW64; Trident/7.0; rv:11.0) like Gecko"
91.113.242.244 - - [07/Aug/2018:15:41:45 +0200] "GET /reload?ser=1533649305745 HTTP/1.1" 200 28 "http://renault.activities.at/" "Mozilla/5.0 (Windows NT 6.1; WOW64; Trident/7.0; rv:11.0) like Gecko"
89.16.198.102 - - [07/Aug/2018:15:41:47 +0200] "GET /login HTTP/1.1" 200 2086 "http://renault.activities.at/" "Mozilla/5.0 (Windows NT 6.1; WOW64; rv:50.0) Gecko/20100101 Firefox/50.0"
