138.21.12.25 - - [20/Aug/2018:09:36:06 +0200] "GET /reload?ser=1534750566026 HTTP/1.1" 200 28 "http://renault.2web.at/10201442" "Mozilla/5.0 (Windows NT 6.1; WOW64; Trident/7.0; rv:11.0) like Gecko"
213.153.47.173 - - [20/Aug/2018:09:36:14 +0200] "GET /reload?ser=1534750574041 HTTP/1.1" 200 28 "http://renault.activities.at/login?required=true" "Mozilla/5.0 (Windows NT 10.0; Win64; x64; rv:61.0) Gecko/20100101 Firefox/61.0"
193.194.132.28 - - [20/Aug/2018:09:36:31 +0200] "GET /reload?ser=1534750591195 HTTP/1.1" 200 28 "http://renault.2web.at/account?loadrequest=true" "Mozilla/5.0 (Windows NT 6.1; WOW64; Trident/7.0; rv:11.0) like Gecko"
138.21.12.25 - - [20/Aug/2018:09:37:07 +0200] "GET /reload?ser=1534750627111 HTTP/1.1" 200 28 "http://renault.2web.at/10201442" "Mozilla/5.0 (Windows NT 6.1; WOW64; Trident/7.0; rv:11.0) like Gecko"
213.153.47.173 - - [20/Aug/2018:09:37:14 +0200] "GET /reload?ser=1534750634691 HTTP/1.1" 200 28 "http://renault.activities.at/login?required=true" "Mozilla/5.0 (Windows NT 10.0; Win64; x64; rv:61.0) Gecko/20100101 Firefox/61.0"
193.194.132.28 - - [20/Aug/2018:09:37:32 +0200] "GET /reload?ser=1534750652284 HTTP/1.1" 200 28 "http://renault.2web.at/account?loadrequest=true" "Mozilla/5.0 (Windows NT 6.1; WOW64; Trident/7.0; rv:11.0) like Gecko"
138.21.12.25 - - [20/Aug/2018:09:38:08 +0200] "GET /reload?ser=1534750688196 HTTP/1.1" 200 28 "http://renault.2web.at/10201442" "Mozilla/5.0 (Windows NT 6.1; WOW64; Trident/7.0; rv:11.0) like Gecko"
213.153.47.173 - - [20/Aug/2018:09:38:15 +0200] "GET /reload?ser=1534750695342 HTTP/1.1" 200 28 "http://renault.activities.at/login?required=true" "Mozilla/5.0 (Windows NT 10.0; Win64; x64; rv:61.0) Gecko/20100101 Firefox/61.0"
193.194.132.28 - - [20/Aug/2018:09:38:33 +0200] "GET /reload?ser=1534750713349 HTTP/1.1" 200 28 "http://renault.2web.at/account?loadrequest=true" "Mozilla/5.0 (Windows NT 6.1; WOW64; Trident/7.0; rv:11.0) like Gecko"
88.116.96.250 - - [20/Aug/2018:09:38:47 +0200] "GET /login HTTP/1.1" 200 2086 "-" "Mozilla/5.0 (Windows NT 6.2; Win64; x64; rv:61.0) Gecko/20100101 Firefox/61.0"
88.116.96.250 - - [20/Aug/2018:09:38:48 +0200] "GET /css/reset.css HTTP/1.1" 200 1356 "http://renault.activities.at/login" "Mozilla/5.0 (Windows NT 6.2; Win64; x64; rv:61.0) Gecko/20100101 Firefox/61.0"
88.116.96.250 - - [20/Aug/2018:09:38:48 +0200] "GET /css/clears.css HTTP/1.1" 200 851 "http://renault.activities.at/login" "Mozilla/5.0 (Windows NT 6.2; Win64; x64; rv:61.0) Gecko/20100101 Firefox/61.0"
88.116.96.250 - - [20/Aug/2018:09:38:48 +0200] "GET /js/checkout.css HTTP/1.1" 200 359 "http://renault.activities.at/login" "Mozilla/5.0 (Windows NT 6.2; Win64; x64; rv:61.0) Gecko/20100101 Firefox/61.0"
88.116.96.250 - - [20/Aug/2018:09:38:48 +0200] "GET /css/print.css HTTP/1.1" 200 543 "http://renault.activities.at/login" "Mozilla/5.0 (Windows NT 6.2; Win64; x64; rv:61.0) Gecko/20100101 Firefox/61.0"
88.116.96.250 - - [20/Aug/2018:09:38:48 +0200] "GET /css/styles.css HTTP/1.1" 200 14664 "http://renault.activities.at/login" "Mozilla/5.0 (Windows NT 6.2; Win64; x64; rv:61.0) Gecko/20100101 Firefox/61.0"
88.116.96.250 - - [20/Aug/2018:09:38:48 +0200] "GET /css/prototip.css HTTP/1.1" 200 968 "http://renault.activities.at/login" "Mozilla/5.0 (Windows NT 6.2; Win64; x64; rv:61.0) Gecko/20100101 Firefox/61.0"
88.116.96.250 - - [20/Aug/2018:09:38:48 +0200] "GET /css/themes/default.css HTTP/1.1" 200 769 "http://renault.activities.at/login" "Mozilla/5.0 (Windows NT 6.2; Win64; x64; rv:61.0) Gecko/20100101 Firefox/61.0"
88.116.96.250 - - [20/Aug/2018:09:38:48 +0200] "GET /css/themes/alphacube.css HTTP/1.1" 200 743 "http://renault.activities.at/login" "Mozilla/5.0 (Windows NT 6.2; Win64; x64; rv:61.0) Gecko/20100101 Firefox/61.0"
88.116.96.250 - - [20/Aug/2018:09:38:48 +0200] "GET /js/default.js HTTP/1.1" 304 - "http://renault.activities.at/login" "Mozilla/5.0 (Windows NT 6.2; Win64; x64; rv:61.0) Gecko/20100101 Firefox/61.0"
88.116.96.250 - - [20/Aug/2018:09:38:49 +0200] "GET /images/main_block_border.gif HTTP/1.1" 200 43 "http://renault.activities.at/css/styles.css" "Mozilla/5.0 (Windows NT 6.2; Win64; x64; rv:61.0) Gecko/20100101 Firefox/61.0"
88.116.96.250 - - [20/Aug/2018:09:38:49 +0200] "GET /images/main_block_corner_left_bot.gif HTTP/1.1" 200 159 "http://renault.activities.at/css/styles.css" "Mozilla/5.0 (Windows NT 6.2; Win64; x64; rv:61.0) Gecko/20100101 Firefox/61.0"
88.116.96.250 - - [20/Aug/2018:09:38:49 +0200] "GET /images/main_block_corner_right_bot.gif HTTP/1.1" 200 158 "http://renault.activities.at/css/styles.css" "Mozilla/5.0 (Windows NT 6.2; Win64; x64; rv:61.0) Gecko/20100101 Firefox/61.0"
88.116.96.250 - - [20/Aug/2018:09:38:49 +0200] "GET /images/header_block_border.gif HTTP/1.1" 200 43 "http://renault.activities.at/css/styles.css" "Mozilla/5.0 (Windows NT 6.2; Win64; x64; rv:61.0) Gecko/20100101 Firefox/61.0"
88.116.96.250 - - [20/Aug/2018:09:38:49 +0200] "GET /images/header_block_corner_left_top.gif HTTP/1.1" 200 160 "http://renault.activities.at/css/styles.css" "Mozilla/5.0 (Windows NT 6.2; Win64; x64; rv:61.0) Gecko/20100101 Firefox/61.0"
88.116.96.250 - - [20/Aug/2018:09:38:49 +0200] "GET /images/header_block_corner_right_top.gif HTTP/1.1" 200 160 "http://renault.activities.at/css/styles.css" "Mozilla/5.0 (Windows NT 6.2; Win64; x64; rv:61.0) Gecko/20100101 Firefox/61.0"
88.116.96.250 - - [20/Aug/2018:09:38:49 +0200] "GET /images/main_block_corner_left_top.gif HTTP/1.1" 200 159 "http://renault.activities.at/css/styles.css" "Mozilla/5.0 (Windows NT 6.2; Win64; x64; rv:61.0) Gecko/20100101 Firefox/61.0"
88.116.96.250 - - [20/Aug/2018:09:38:49 +0200] "GET /images/main_block_corner_right_top.gif HTTP/1.1" 200 159 "http://renault.activities.at/css/styles.css" "Mozilla/5.0 (Windows NT 6.2; Win64; x64; rv:61.0) Gecko/20100101 Firefox/61.0"
88.116.96.250 - - [20/Aug/2018:09:38:49 +0200] "GET /images/title_border.jpg HTTP/1.1" 200 304 "http://renault.activities.at/css/styles.css" "Mozilla/5.0 (Windows NT 6.2; Win64; x64; rv:61.0) Gecko/20100101 Firefox/61.0"
88.116.96.250 - - [20/Aug/2018:09:38:49 +0200] "GET /images/title_border_top.jpg HTTP/1.1" 200 336 "http://renault.activities.at/css/styles.css" "Mozilla/5.0 (Windows NT 6.2; Win64; x64; rv:61.0) Gecko/20100101 Firefox/61.0"
88.116.96.250 - - [20/Aug/2018:09:38:49 +0200] "GET /images/title_corner_left_top.jpg HTTP/1.1" 200 372 "http://renault.activities.at/css/styles.css" "Mozilla/5.0 (Windows NT 6.2; Win64; x64; rv:61.0) Gecko/20100101 Firefox/61.0"
88.116.96.250 - - [20/Aug/2018:09:38:49 +0200] "GET /images/title_corner_right_top.jpg HTTP/1.1" 200 389 "http://renault.activities.at/css/styles.css" "Mozilla/5.0 (Windows NT 6.2; Win64; x64; rv:61.0) Gecko/20100101 Firefox/61.0"
88.116.96.250 - - [20/Aug/2018:09:38:49 +0200] "GET /images/button_left_bg.gif HTTP/1.1" 200 564 "http://renault.activities.at/css/styles.css" "Mozilla/5.0 (Windows NT 6.2; Win64; x64; rv:61.0) Gecko/20100101 Firefox/61.0"
88.116.96.250 - - [20/Aug/2018:09:38:49 +0200] "GET /images/button_right_bg.gif HTTP/1.1" 200 561 "http://renault.activities.at/css/styles.css" "Mozilla/5.0 (Windows NT 6.2; Win64; x64; rv:61.0) Gecko/20100101 Firefox/61.0"
88.116.96.250 - - [20/Aug/2018:09:38:49 +0200] "GET /images/button_bg.gif HTTP/1.1" 200 151 "http://renault.activities.at/css/styles.css" "Mozilla/5.0 (Windows NT 6.2; Win64; x64; rv:61.0) Gecko/20100101 Firefox/61.0"
88.116.96.250 - - [20/Aug/2018:09:38:49 +0200] "GET /images/favicon.ico HTTP/1.1" 404 305 "-" "Mozilla/5.0 (Windows NT 6.2; Win64; x64; rv:61.0) Gecko/20100101 Firefox/61.0"
88.116.96.250 - - [20/Aug/2018:09:38:49 +0200] "GET /loadthumbnail.php?id=11127982 HTTP/1.1" 200 399614 "http://renault.activities.at/login" "Mozilla/5.0 (Windows NT 6.2; Win64; x64; rv:61.0) Gecko/20100101 Firefox/61.0"
138.21.12.25 - - [20/Aug/2018:09:39:09 +0200] "GET /reload?ser=1534750749267 HTTP/1.1" 200 28 "http://renault.2web.at/10201442" "Mozilla/5.0 (Windows NT 6.1; WOW64; Trident/7.0; rv:11.0) like Gecko"
213.153.47.173 - - [20/Aug/2018:09:39:16 +0200] "GET /reload?ser=1534750756001 HTTP/1.1" 200 28 "http://renault.activities.at/login?required=true" "Mozilla/5.0 (Windows NT 10.0; Win64; x64; rv:61.0) Gecko/20100101 Firefox/61.0"
193.194.132.28 - - [20/Aug/2018:09:39:34 +0200] "GET /reload?ser=1534750774422 HTTP/1.1" 200 28 "http://renault.2web.at/account?loadrequest=true" "Mozilla/5.0 (Windows NT 6.1; WOW64; Trident/7.0; rv:11.0) like Gecko"
88.116.96.250 - - [20/Aug/2018:09:39:49 +0200] "GET /reload?ser=1534750569459 HTTP/1.1" 200 28 "http://renault.activities.at/login" "Mozilla/5.0 (Windows NT 6.2; Win64; x64; rv:61.0) Gecko/20100101 Firefox/61.0"
88.116.96.250 - - [20/Aug/2018:09:40:01 +0200] "POST /login HTTP/1.1" 200 2151 "http://renault.activities.at/login" "Mozilla/5.0 (Windows NT 6.2; Win64; x64; rv:61.0) Gecko/20100101 Firefox/61.0"
88.116.96.250 - - [20/Aug/2018:09:40:03 +0200] "GET /css/reset.css HTTP/1.1" 304 - "http://renault.activities.at/login" "Mozilla/5.0 (Windows NT 6.2; Win64; x64; rv:61.0) Gecko/20100101 Firefox/61.0"
88.116.96.250 - - [20/Aug/2018:09:40:03 +0200] "GET /css/styles.css HTTP/1.1" 304 - "http://renault.activities.at/login" "Mozilla/5.0 (Windows NT 6.2; Win64; x64; rv:61.0) Gecko/20100101 Firefox/61.0"
88.116.96.250 - - [20/Aug/2018:09:40:03 +0200] "GET /css/clears.css HTTP/1.1" 304 - "http://renault.activities.at/login" "Mozilla/5.0 (Windows NT 6.2; Win64; x64; rv:61.0) Gecko/20100101 Firefox/61.0"
88.116.96.250 - - [20/Aug/2018:09:40:03 +0200] "GET /css/print.css HTTP/1.1" 304 - "http://renault.activities.at/login" "Mozilla/5.0 (Windows NT 6.2; Win64; x64; rv:61.0) Gecko/20100101 Firefox/61.0"
88.116.96.250 - - [20/Aug/2018:09:40:03 +0200] "GET /js/checkout.css HTTP/1.1" 304 - "http://renault.activities.at/login" "Mozilla/5.0 (Windows NT 6.2; Win64; x64; rv:61.0) Gecko/20100101 Firefox/61.0"
88.116.96.250 - - [20/Aug/2018:09:40:03 +0200] "GET /css/prototip.css HTTP/1.1" 304 - "http://renault.activities.at/login" "Mozilla/5.0 (Windows NT 6.2; Win64; x64; rv:61.0) Gecko/20100101 Firefox/61.0"
88.116.96.250 - - [20/Aug/2018:09:40:03 +0200] "GET /css/themes/default.css HTTP/1.1" 304 - "http://renault.activities.at/login" "Mozilla/5.0 (Windows NT 6.2; Win64; x64; rv:61.0) Gecko/20100101 Firefox/61.0"
88.116.96.250 - - [20/Aug/2018:09:40:03 +0200] "GET /css/themes/alphacube.css HTTP/1.1" 304 - "http://renault.activities.at/login" "Mozilla/5.0 (Windows NT 6.2; Win64; x64; rv:61.0) Gecko/20100101 Firefox/61.0"
88.116.96.250 - - [20/Aug/2018:09:40:03 +0200] "GET /images/main_block_border.gif HTTP/1.1" 200 43 "http://renault.activities.at/css/styles.css" "Mozilla/5.0 (Windows NT 6.2; Win64; x64; rv:61.0) Gecko/20100101 Firefox/61.0"
88.116.96.250 - - [20/Aug/2018:09:40:03 +0200] "GET /images/main_block_corner_left_bot.gif HTTP/1.1" 200 159 "http://renault.activities.at/css/styles.css" "Mozilla/5.0 (Windows NT 6.2; Win64; x64; rv:61.0) Gecko/20100101 Firefox/61.0"
88.116.96.250 - - [20/Aug/2018:09:40:03 +0200] "GET /images/main_block_corner_right_bot.gif HTTP/1.1" 304 - "http://renault.activities.at/css/styles.css" "Mozilla/5.0 (Windows NT 6.2; Win64; x64; rv:61.0) Gecko/20100101 Firefox/61.0"
88.116.96.250 - - [20/Aug/2018:09:40:03 +0200] "GET /images/header_block_border.gif HTTP/1.1" 304 - "http://renault.activities.at/css/styles.css" "Mozilla/5.0 (Windows NT 6.2; Win64; x64; rv:61.0) Gecko/20100101 Firefox/61.0"
88.116.96.250 - - [20/Aug/2018:09:40:03 +0200] "GET /images/header_block_corner_left_top.gif HTTP/1.1" 304 - "http://renault.activities.at/css/styles.css" "Mozilla/5.0 (Windows NT 6.2; Win64; x64; rv:61.0) Gecko/20100101 Firefox/61.0"
88.116.96.250 - - [20/Aug/2018:09:40:03 +0200] "GET /images/header_block_corner_right_top.gif HTTP/1.1" 304 - "http://renault.activities.at/css/styles.css" "Mozilla/5.0 (Windows NT 6.2; Win64; x64; rv:61.0) Gecko/20100101 Firefox/61.0"
88.116.96.250 - - [20/Aug/2018:09:40:03 +0200] "GET /images/main_block_corner_left_top.gif HTTP/1.1" 304 - "http://renault.activities.at/css/styles.css" "Mozilla/5.0 (Windows NT 6.2; Win64; x64; rv:61.0) Gecko/20100101 Firefox/61.0"
88.116.96.250 - - [20/Aug/2018:09:40:03 +0200] "GET /images/title_border.jpg HTTP/1.1" 304 - "http://renault.activities.at/css/styles.css" "Mozilla/5.0 (Windows NT 6.2; Win64; x64; rv:61.0) Gecko/20100101 Firefox/61.0"
88.116.96.250 - - [20/Aug/2018:09:40:03 +0200] "GET /images/error_msg_icon.gif HTTP/1.1" 200 1013 "http://renault.activities.at/css/styles.css" "Mozilla/5.0 (Windows NT 6.2; Win64; x64; rv:61.0) Gecko/20100101 Firefox/61.0"
88.116.96.250 - - [20/Aug/2018:09:40:03 +0200] "GET /images/title_corner_left_top.jpg HTTP/1.1" 304 - "http://renault.activities.at/css/styles.css" "Mozilla/5.0 (Windows NT 6.2; Win64; x64; rv:61.0) Gecko/20100101 Firefox/61.0"
88.116.96.250 - - [20/Aug/2018:09:40:03 +0200] "GET /images/title_corner_right_top.jpg HTTP/1.1" 304 - "http://renault.activities.at/css/styles.css" "Mozilla/5.0 (Windows NT 6.2; Win64; x64; rv:61.0) Gecko/20100101 Firefox/61.0"
88.116.96.250 - - [20/Aug/2018:09:40:03 +0200] "GET /images/button_left_bg.gif HTTP/1.1" 304 - "http://renault.activities.at/css/styles.css" "Mozilla/5.0 (Windows NT 6.2; Win64; x64; rv:61.0) Gecko/20100101 Firefox/61.0"
88.116.96.250 - - [20/Aug/2018:09:40:03 +0200] "GET /images/button_right_bg.gif HTTP/1.1" 304 - "http://renault.activities.at/css/styles.css" "Mozilla/5.0 (Windows NT 6.2; Win64; x64; rv:61.0) Gecko/20100101 Firefox/61.0"
88.116.96.250 - - [20/Aug/2018:09:40:03 +0200] "GET /images/button_bg.gif HTTP/1.1" 304 - "http://renault.activities.at/css/styles.css" "Mozilla/5.0 (Windows NT 6.2; Win64; x64; rv:61.0) Gecko/20100101 Firefox/61.0"
88.116.96.250 - - [20/Aug/2018:09:40:03 +0200] "GET /images/main_block_corner_right_top.gif HTTP/1.1" 304 - "http://renault.activities.at/css/styles.css" "Mozilla/5.0 (Windows NT 6.2; Win64; x64; rv:61.0) Gecko/20100101 Firefox/61.0"
88.116.96.250 - - [20/Aug/2018:09:40:03 +0200] "GET /images/title_border_top.jpg HTTP/1.1" 304 - "http://renault.activities.at/css/styles.css" "Mozilla/5.0 (Windows NT 6.2; Win64; x64; rv:61.0) Gecko/20100101 Firefox/61.0"
88.116.96.250 - - [20/Aug/2018:09:40:03 +0200] "GET /favicon.ico HTTP/1.1" 200 3250 "-" "Mozilla/5.0 (Windows NT 6.2; Win64; x64; rv:61.0) Gecko/20100101 Firefox/61.0"
88.116.96.250 - - [20/Aug/2018:09:40:03 +0200] "GET /favicon.ico HTTP/1.1" 200 3250 "-" "Mozilla/5.0 (Windows NT 6.2; Win64; x64; rv:61.0) Gecko/20100101 Firefox/61.0"
35.171.84.122 - - [20/Aug/2018:09:40:06 +0200] "GET /login HTTP/1.1" 200 7269 "-" "Mozilla/4.0 (compatible; MSIE 8.0; Windows NT 5.1; Trident/4.0)"
138.21.12.25 - - [20/Aug/2018:09:40:10 +0200] "GET /reload?ser=1534750810354 HTTP/1.1" 200 28 "http://renault.2web.at/10201442" "Mozilla/5.0 (Windows NT 6.1; WOW64; Trident/7.0; rv:11.0) like Gecko"
213.153.47.173 - - [20/Aug/2018:09:40:16 +0200] "GET /reload?ser=1534750816663 HTTP/1.1" 200 28 "http://renault.activities.at/login?required=true" "Mozilla/5.0 (Windows NT 10.0; Win64; x64; rv:61.0) Gecko/20100101 Firefox/61.0"
193.194.132.28 - - [20/Aug/2018:09:40:35 +0200] "GET /reload?ser=1534750835507 HTTP/1.1" 200 28 "http://renault.2web.at/account?loadrequest=true" "Mozilla/5.0 (Windows NT 6.1; WOW64; Trident/7.0; rv:11.0) like Gecko"
88.116.96.250 - - [20/Aug/2018:09:40:49 +0200] "POST /login HTTP/1.1" 200 2157 "http://renault.activities.at/login" "Mozilla/5.0 (Windows NT 6.2; Win64; x64; rv:61.0) Gecko/20100101 Firefox/61.0"
88.116.96.250 - - [20/Aug/2018:09:40:50 +0200] "GET /css/styles.css HTTP/1.1" 200 14664 "http://renault.activities.at/login" "Mozilla/5.0 (Windows NT 6.2; Win64; x64; rv:61.0) Gecko/20100101 Firefox/61.0"
88.116.96.250 - - [20/Aug/2018:09:40:50 +0200] "GET /images/main_block_corner_left_bot.gif HTTP/1.1" 304 - "http://renault.activities.at/css/styles.css" "Mozilla/5.0 (Windows NT 6.2; Win64; x64; rv:61.0) Gecko/20100101 Firefox/61.0"
138.21.12.25 - - [20/Aug/2018:09:41:11 +0200] "GET /reload?ser=1534750871527 HTTP/1.1" 200 28 "http://renault.2web.at/10201442" "Mozilla/5.0 (Windows NT 6.1; WOW64; Trident/7.0; rv:11.0) like Gecko"
213.153.47.173 - - [20/Aug/2018:09:41:17 +0200] "GET /reload?ser=1534750877341 HTTP/1.1" 200 28 "http://renault.activities.at/login?required=true" "Mozilla/5.0 (Windows NT 10.0; Win64; x64; rv:61.0) Gecko/20100101 Firefox/61.0"
88.116.96.250 - - [20/Aug/2018:09:41:17 +0200] "POST /login HTTP/1.1" 302 140 "http://renault.activities.at/login" "Mozilla/5.0 (Windows NT 6.2; Win64; x64; rv:61.0) Gecko/20100101 Firefox/61.0"
88.116.96.250 - - [20/Aug/2018:09:41:18 +0200] "GET /account HTTP/1.1" 200 6007 "http://renault.activities.at/login" "Mozilla/5.0 (Windows NT 6.2; Win64; x64; rv:61.0) Gecko/20100101 Firefox/61.0"
88.116.96.250 - - [20/Aug/2018:09:41:21 +0200] "GET /js/account.js HTTP/1.1" 200 953 "http://renault.activities.at/account" "Mozilla/5.0 (Windows NT 6.2; Win64; x64; rv:61.0) Gecko/20100101 Firefox/61.0"
88.116.96.250 - - [20/Aug/2018:09:41:21 +0200] "GET /images/main_block_corner_right_bot.gif HTTP/1.1" 200 158 "http://renault.activities.at/css/styles.css" "Mozilla/5.0 (Windows NT 6.2; Win64; x64; rv:61.0) Gecko/20100101 Firefox/61.0"
88.116.96.250 - - [20/Aug/2018:09:41:21 +0200] "GET /images/menu_button_bg.jpg HTTP/1.1" 200 322 "http://renault.activities.at/css/styles.css" "Mozilla/5.0 (Windows NT 6.2; Win64; x64; rv:61.0) Gecko/20100101 Firefox/61.0"
88.116.96.250 - - [20/Aug/2018:09:41:21 +0200] "GET /images/top_links_divider.gif HTTP/1.1" 200 44 "http://renault.activities.at/css/styles.css" "Mozilla/5.0 (Windows NT 6.2; Win64; x64; rv:61.0) Gecko/20100101 Firefox/61.0"
88.116.96.250 - - [20/Aug/2018:09:41:21 +0200] "GET /images/nav_divider.gif HTTP/1.1" 200 43 "http://renault.activities.at/css/styles.css" "Mozilla/5.0 (Windows NT 6.2; Win64; x64; rv:61.0) Gecko/20100101 Firefox/61.0"
88.116.96.250 - - [20/Aug/2018:09:41:21 +0200] "GET /images/menu_divider.gif HTTP/1.1" 200 176 "http://renault.activities.at/css/styles.css" "Mozilla/5.0 (Windows NT 6.2; Win64; x64; rv:61.0) Gecko/20100101 Firefox/61.0"
88.116.96.250 - - [20/Aug/2018:09:41:21 +0200] "GET /images/search_bg.gif HTTP/1.1" 200 1726 "http://renault.activities.at/css/styles.css" "Mozilla/5.0 (Windows NT 6.2; Win64; x64; rv:61.0) Gecko/20100101 Firefox/61.0"
88.116.96.250 - - [20/Aug/2018:09:41:21 +0200] "GET /images/main_block_corner_right_top.gif HTTP/1.1" 200 159 "http://renault.activities.at/css/styles.css" "Mozilla/5.0 (Windows NT 6.2; Win64; x64; rv:61.0) Gecko/20100101 Firefox/61.0"
88.116.96.250 - - [20/Aug/2018:09:41:21 +0200] "GET /images/sidebar_title_border.gif HTTP/1.1" 200 43 "http://renault.activities.at/css/styles.css" "Mozilla/5.0 (Windows NT 6.2; Win64; x64; rv:61.0) Gecko/20100101 Firefox/61.0"
88.116.96.250 - - [20/Aug/2018:09:41:21 +0200] "GET /images/sidebar_title_border_top.gif HTTP/1.1" 200 155 "http://renault.activities.at/css/styles.css" "Mozilla/5.0 (Windows NT 6.2; Win64; x64; rv:61.0) Gecko/20100101 Firefox/61.0"
88.116.96.250 - - [20/Aug/2018:09:41:22 +0200] "GET /images/sidebar_title_corner_left_top.gif HTTP/1.1" 200 1124 "http://renault.activities.at/css/styles.css" "Mozilla/5.0 (Windows NT 6.2; Win64; x64; rv:61.0) Gecko/20100101 Firefox/61.0"
88.116.96.250 - - [20/Aug/2018:09:41:22 +0200] "GET /images/sidebar_title_corner_right_top.gif HTTP/1.1" 200 383 "http://renault.activities.at/css/styles.css" "Mozilla/5.0 (Windows NT 6.2; Win64; x64; rv:61.0) Gecko/20100101 Firefox/61.0"
88.116.96.250 - - [20/Aug/2018:09:41:21 +0200] "GET /loadthumbnail.php?id=11592489&width=50&height=50 HTTP/1.1" 200 1740 "http://renault.activities.at/account" "Mozilla/5.0 (Windows NT 6.2; Win64; x64; rv:61.0) Gecko/20100101 Firefox/61.0"
88.116.96.250 - - [20/Aug/2018:09:41:22 +0200] "GET /images/title_border.jpg HTTP/1.1" 200 304 "http://renault.activities.at/css/styles.css" "Mozilla/5.0 (Windows NT 6.2; Win64; x64; rv:61.0) Gecko/20100101 Firefox/61.0"
88.116.96.250 - - [20/Aug/2018:09:41:21 +0200] "GET /loadthumbnail.php?id=11592506&width=50&height=50 HTTP/1.1" 200 1999 "http://renault.activities.at/account" "Mozilla/5.0 (Windows NT 6.2; Win64; x64; rv:61.0) Gecko/20100101 Firefox/61.0"
88.116.96.250 - - [20/Aug/2018:09:41:22 +0200] "GET /images/footer_divider.gif HTTP/1.1" 200 44 "http://renault.activities.at/css/styles.css" "Mozilla/5.0 (Windows NT 6.2; Win64; x64; rv:61.0) Gecko/20100101 Firefox/61.0"
193.194.132.28 - - [20/Aug/2018:09:41:36 +0200] "GET /reload?ser=1534750896632 HTTP/1.1" 200 28 "http://renault.2web.at/account?loadrequest=true" "Mozilla/5.0 (Windows NT 6.1; WOW64; Trident/7.0; rv:11.0) like Gecko"
138.21.12.25 - - [20/Aug/2018:09:42:12 +0200] "GET /reload?ser=1534750932646 HTTP/1.1" 200 28 "http://renault.2web.at/10201442" "Mozilla/5.0 (Windows NT 6.1; WOW64; Trident/7.0; rv:11.0) like Gecko"
213.153.47.173 - - [20/Aug/2018:09:42:18 +0200] "GET /reload?ser=1534750938023 HTTP/1.1" 200 28 "http://renault.activities.at/login?required=true" "Mozilla/5.0 (Windows NT 10.0; Win64; x64; rv:61.0) Gecko/20100101 Firefox/61.0"
88.116.96.250 - - [20/Aug/2018:09:42:22 +0200] "GET /reload?ser=1534750711388 HTTP/1.1" 200 28 "http://renault.activities.at/account" "Mozilla/5.0 (Windows NT 6.2; Win64; x64; rv:61.0) Gecko/20100101 Firefox/61.0"
193.194.132.28 - - [20/Aug/2018:09:42:37 +0200] "GET /reload?ser=1534750957693 HTTP/1.1" 200 28 "http://renault.2web.at/account?loadrequest=true" "Mozilla/5.0 (Windows NT 6.1; WOW64; Trident/7.0; rv:11.0) like Gecko"
88.116.96.250 - - [20/Aug/2018:09:42:47 +0200] "POST /axjaxrequest?mode=suggest HTTP/1.1" 200 134 "http://renault.activities.at/account" "Mozilla/5.0 (Windows NT 6.2; Win64; x64; rv:61.0) Gecko/20100101 Firefox/61.0"
88.116.96.250 - - [20/Aug/2018:09:42:50 +0200] "GET /result?searchterm=true&search=Aufkleber HTTP/1.1" 200 6918 "http://renault.activities.at/account" "Mozilla/5.0 (Windows NT 6.2; Win64; x64; rv:61.0) Gecko/20100101 Firefox/61.0"
88.116.96.250 - - [20/Aug/2018:09:42:52 +0200] "GET /images/loading.gif HTTP/1.1" 200 3208 "http://renault.activities.at/result?searchterm=true&search=Aufkleber" "Mozilla/5.0 (Windows NT 6.2; Win64; x64; rv:61.0) Gecko/20100101 Firefox/61.0"
88.116.96.250 - - [20/Aug/2018:09:42:52 +0200] "GET /loadthumbnail.php?id=10203255 HTTP/1.1" 200 137 "http://renault.activities.at/result?searchterm=true&search=Aufkleber" "Mozilla/5.0 (Windows NT 6.2; Win64; x64; rv:61.0) Gecko/20100101 Firefox/61.0"
88.116.96.250 - - [20/Aug/2018:09:42:53 +0200] "GET /js/prototip.js HTTP/1.1" 304 - "http://renault.activities.at/result?searchterm=true&search=Aufkleber" "Mozilla/5.0 (Windows NT 6.2; Win64; x64; rv:61.0) Gecko/20100101 Firefox/61.0"
88.116.96.250 - - [20/Aug/2018:09:42:53 +0200] "GET /js/ProduktGrp.js HTTP/1.1" 304 - "http://renault.activities.at/result?searchterm=true&search=Aufkleber" "Mozilla/5.0 (Windows NT 6.2; Win64; x64; rv:61.0) Gecko/20100101 Firefox/61.0"
88.116.96.250 - - [20/Aug/2018:09:42:52 +0200] "GET /loadthumbnail.php?id=10729892&width=113 HTTP/1.1" 200 4176 "http://renault.activities.at/result?searchterm=true&search=Aufkleber" "Mozilla/5.0 (Windows NT 6.2; Win64; x64; rv:61.0) Gecko/20100101 Firefox/61.0"
88.116.96.250 - - [20/Aug/2018:09:42:52 +0200] "GET /loadthumbnail.php?id=11304858&width=113 HTTP/1.1" 200 1289 "http://renault.activities.at/result?searchterm=true&search=Aufkleber" "Mozilla/5.0 (Windows NT 6.2; Win64; x64; rv:61.0) Gecko/20100101 Firefox/61.0"
88.116.96.250 - - [20/Aug/2018:09:42:52 +0200] "GET /loadthumbnail.php?id=10460287&width=113 HTTP/1.1" 200 2135 "http://renault.activities.at/result?searchterm=true&search=Aufkleber" "Mozilla/5.0 (Windows NT 6.2; Win64; x64; rv:61.0) Gecko/20100101 Firefox/61.0"
88.116.96.250 - - [20/Aug/2018:09:42:53 +0200] "GET /images/pager_bg.gif HTTP/1.1" 200 150 "http://renault.activities.at/css/styles.css" "Mozilla/5.0 (Windows NT 6.2; Win64; x64; rv:61.0) Gecko/20100101 Firefox/61.0"
88.116.96.250 - - [20/Aug/2018:09:42:52 +0200] "GET /loadthumbnail.php?id=11431080&width=113 HTTP/1.1" 200 3991 "http://renault.activities.at/result?searchterm=true&search=Aufkleber" "Mozilla/5.0 (Windows NT 6.2; Win64; x64; rv:61.0) Gecko/20100101 Firefox/61.0"
88.116.96.250 - - [20/Aug/2018:09:42:53 +0200] "GET /images/top_links_divider.gif HTTP/1.1" 200 44 "http://renault.activities.at/css/styles.css" "Mozilla/5.0 (Windows NT 6.2; Win64; x64; rv:61.0) Gecko/20100101 Firefox/61.0"
88.116.96.250 - - [20/Aug/2018:09:42:53 +0200] "GET /images/menu_button_bg.jpg HTTP/1.1" 200 322 "http://renault.activities.at/css/styles.css" "Mozilla/5.0 (Windows NT 6.2; Win64; x64; rv:61.0) Gecko/20100101 Firefox/61.0"
88.116.96.250 - - [20/Aug/2018:09:42:53 +0200] "GET /images/nav_divider.gif HTTP/1.1" 200 43 "http://renault.activities.at/css/styles.css" "Mozilla/5.0 (Windows NT 6.2; Win64; x64; rv:61.0) Gecko/20100101 Firefox/61.0"
88.116.96.250 - - [20/Aug/2018:09:42:53 +0200] "GET /images/menu_divider.gif HTTP/1.1" 200 176 "http://renault.activities.at/css/styles.css" "Mozilla/5.0 (Windows NT 6.2; Win64; x64; rv:61.0) Gecko/20100101 Firefox/61.0"
88.116.96.250 - - [20/Aug/2018:09:42:52 +0200] "GET /loadthumbnail.php?id=11351226&width=113 HTTP/1.1" 200 16210 "http://renault.activities.at/result?searchterm=true&search=Aufkleber" "Mozilla/5.0 (Windows NT 6.2; Win64; x64; rv:61.0) Gecko/20100101 Firefox/61.0"
88.116.96.250 - - [20/Aug/2018:09:42:53 +0200] "GET /images/search_bg.gif HTTP/1.1" 200 1726 "http://renault.activities.at/css/styles.css" "Mozilla/5.0 (Windows NT 6.2; Win64; x64; rv:61.0) Gecko/20100101 Firefox/61.0"
88.116.96.250 - - [20/Aug/2018:09:42:53 +0200] "GET /images/sidebar_title_border.gif HTTP/1.1" 200 43 "http://renault.activities.at/css/styles.css" "Mozilla/5.0 (Windows NT 6.2; Win64; x64; rv:61.0) Gecko/20100101 Firefox/61.0"
88.116.96.250 - - [20/Aug/2018:09:42:53 +0200] "GET /images/sidebar_title_border_top.gif HTTP/1.1" 200 155 "http://renault.activities.at/css/styles.css" "Mozilla/5.0 (Windows NT 6.2; Win64; x64; rv:61.0) Gecko/20100101 Firefox/61.0"
88.116.96.250 - - [20/Aug/2018:09:42:53 +0200] "GET /images/sidebar_title_corner_left_top.gif HTTP/1.1" 200 1124 "http://renault.activities.at/css/styles.css" "Mozilla/5.0 (Windows NT 6.2; Win64; x64; rv:61.0) Gecko/20100101 Firefox/61.0"
88.116.96.250 - - [20/Aug/2018:09:42:53 +0200] "GET /images/sidebar_title_corner_right_top.gif HTTP/1.1" 200 383 "http://renault.activities.at/css/styles.css" "Mozilla/5.0 (Windows NT 6.2; Win64; x64; rv:61.0) Gecko/20100101 Firefox/61.0"
88.116.96.250 - - [20/Aug/2018:09:42:53 +0200] "GET /images/vista-up.gif HTTP/1.1" 200 131 "http://renault.activities.at/css/styles.css" "Mozilla/5.0 (Windows NT 6.2; Win64; x64; rv:61.0) Gecko/20100101 Firefox/61.0"
88.116.96.250 - - [20/Aug/2018:09:42:53 +0200] "GET /images/vista-dn.gif HTTP/1.1" 200 128 "http://renault.activities.at/css/styles.css" "Mozilla/5.0 (Windows NT 6.2; Win64; x64; rv:61.0) Gecko/20100101 Firefox/61.0"
88.116.96.250 - - [20/Aug/2018:09:42:53 +0200] "GET /loadthumbnail.php?id=11089820&width=113 HTTP/1.1" 200 2212 "http://renault.activities.at/result?searchterm=true&search=Aufkleber" "Mozilla/5.0 (Windows NT 6.2; Win64; x64; rv:61.0) Gecko/20100101 Firefox/61.0"
88.116.96.250 - - [20/Aug/2018:09:42:53 +0200] "GET /images/footer_divider.gif HTTP/1.1" 200 44 "http://renault.activities.at/css/styles.css" "Mozilla/5.0 (Windows NT 6.2; Win64; x64; rv:61.0) Gecko/20100101 Firefox/61.0"
88.116.96.250 - - [20/Aug/2018:09:42:53 +0200] "GET /loadthumbnail.php?id=11351222&width=113 HTTP/1.1" 200 17851 "http://renault.activities.at/result?searchterm=true&search=Aufkleber" "Mozilla/5.0 (Windows NT 6.2; Win64; x64; rv:61.0) Gecko/20100101 Firefox/61.0"
88.116.96.250 - - [20/Aug/2018:09:43:05 +0200] "GET /images/vista-dn-hover.gif HTTP/1.1" 200 127 "http://renault.activities.at/css/styles.css" "Mozilla/5.0 (Windows NT 6.2; Win64; x64; rv:61.0) Gecko/20100101 Firefox/61.0"
88.116.96.250 - - [20/Aug/2018:09:43:06 +0200] "GET /images/vista-up-hover.gif HTTP/1.1" 200 130 "http://renault.activities.at/css/styles.css" "Mozilla/5.0 (Windows NT 6.2; Win64; x64; rv:61.0) Gecko/20100101 Firefox/61.0"
138.21.12.25 - - [20/Aug/2018:09:43:13 +0200] "GET /reload?ser=1534750993739 HTTP/1.1" 200 28 "http://renault.2web.at/10201442" "Mozilla/5.0 (Windows NT 6.1; WOW64; Trident/7.0; rv:11.0) like Gecko"
213.153.47.173 - - [20/Aug/2018:09:43:18 +0200] "GET /reload?ser=1534750998673 HTTP/1.1" 200 28 "http://renault.activities.at/login?required=true" "Mozilla/5.0 (Windows NT 10.0; Win64; x64; rv:61.0) Gecko/20100101 Firefox/61.0"
193.194.132.28 - - [20/Aug/2018:09:43:38 +0200] "GET /reload?ser=1534751018826 HTTP/1.1" 200 28 "http://renault.2web.at/account?loadrequest=true" "Mozilla/5.0 (Windows NT 6.1; WOW64; Trident/7.0; rv:11.0) like Gecko"
88.116.96.250 - - [20/Aug/2018:09:43:53 +0200] "GET /reload?ser=1534750793604 HTTP/1.1" 200 28 "http://renault.activities.at/result?searchterm=true&search=Aufkleber" "Mozilla/5.0 (Windows NT 6.2; Win64; x64; rv:61.0) Gecko/20100101 Firefox/61.0"
138.21.12.25 - - [20/Aug/2018:09:44:14 +0200] "GET /reload?ser=1534751054857 HTTP/1.1" 200 28 "http://renault.2web.at/10201442" "Mozilla/5.0 (Windows NT 6.1; WOW64; Trident/7.0; rv:11.0) like Gecko"
213.153.47.173 - - [20/Aug/2018:09:44:19 +0200] "GET /reload?ser=1534751059323 HTTP/1.1" 200 28 "http://renault.activities.at/login?required=true" "Mozilla/5.0 (Windows NT 10.0; Win64; x64; rv:61.0) Gecko/20100101 Firefox/61.0"
193.194.132.28 - - [20/Aug/2018:09:44:40 +0200] "GET /reload?ser=1534751079914 HTTP/1.1" 200 28 "http://renault.2web.at/account?loadrequest=true" "Mozilla/5.0 (Windows NT 6.1; WOW64; Trident/7.0; rv:11.0) like Gecko"
88.116.96.250 - - [20/Aug/2018:09:44:54 +0200] "GET /reload?ser=1534750848481 HTTP/1.1" 200 28 "http://renault.activities.at/result?searchterm=true&search=Aufkleber" "Mozilla/5.0 (Windows NT 6.2; Win64; x64; rv:61.0) Gecko/20100101 Firefox/61.0"
138.21.12.25 - - [20/Aug/2018:09:45:16 +0200] "GET /reload?ser=1534751115918 HTTP/1.1" 200 28 "http://renault.2web.at/10201442" "Mozilla/5.0 (Windows NT 6.1; WOW64; Trident/7.0; rv:11.0) like Gecko"
213.153.47.173 - - [20/Aug/2018:09:45:20 +0200] "GET /reload?ser=1534751119973 HTTP/1.1" 200 28 "http://renault.activities.at/login?required=true" "Mozilla/5.0 (Windows NT 10.0; Win64; x64; rv:61.0) Gecko/20100101 Firefox/61.0"
193.194.132.28 - - [20/Aug/2018:09:45:41 +0200] "GET /reload?ser=1534751141002 HTTP/1.1" 200 28 "http://renault.2web.at/account?loadrequest=true" "Mozilla/5.0 (Windows NT 6.1; WOW64; Trident/7.0; rv:11.0) like Gecko"
88.116.96.250 - - [20/Aug/2018:09:45:55 +0200] "GET /reload?ser=1534750903309 HTTP/1.1" 200 28 "http://renault.activities.at/result?searchterm=true&search=Aufkleber" "Mozilla/5.0 (Windows NT 6.2; Win64; x64; rv:61.0) Gecko/20100101 Firefox/61.0"
138.21.12.25 - - [20/Aug/2018:09:46:17 +0200] "GET /reload?ser=1534751177081 HTTP/1.1" 200 28 "http://renault.2web.at/10201442" "Mozilla/5.0 (Windows NT 6.1; WOW64; Trident/7.0; rv:11.0) like Gecko"
213.153.47.173 - - [20/Aug/2018:09:46:20 +0200] "GET /reload?ser=1534751180634 HTTP/1.1" 200 28 "http://renault.activities.at/login?required=true" "Mozilla/5.0 (Windows NT 10.0; Win64; x64; rv:61.0) Gecko/20100101 Firefox/61.0"
88.116.96.250 - - [20/Aug/2018:09:46:25 +0200] "POST /result?searchterm=true&search=Aufkleber HTTP/1.1" 200 7097 "http://renault.activities.at/result?searchterm=true&search=Aufkleber" "Mozilla/5.0 (Windows NT 6.2; Win64; x64; rv:61.0) Gecko/20100101 Firefox/61.0"
88.116.96.250 - - [20/Aug/2018:09:46:28 +0200] "GET /images/loading.gif HTTP/1.1" 200 3208 "http://renault.activities.at/result?searchterm=true&search=Aufkleber" "Mozilla/5.0 (Windows NT 6.2; Win64; x64; rv:61.0) Gecko/20100101 Firefox/61.0"
88.116.96.250 - - [20/Aug/2018:09:46:28 +0200] "GET /images/main_block_corner_right_bot.gif HTTP/1.1" 200 158 "http://renault.activities.at/css/styles.css" "Mozilla/5.0 (Windows NT 6.2; Win64; x64; rv:61.0) Gecko/20100101 Firefox/61.0"
88.116.96.250 - - [20/Aug/2018:09:46:28 +0200] "GET /images/header_block_corner_left_top.gif HTTP/1.1" 200 160 "http://renault.activities.at/css/styles.css" "Mozilla/5.0 (Windows NT 6.2; Win64; x64; rv:61.0) Gecko/20100101 Firefox/61.0"
88.116.96.250 - - [20/Aug/2018:09:46:28 +0200] "GET /images/header_block_border.gif HTTP/1.1" 200 43 "http://renault.activities.at/css/styles.css" "Mozilla/5.0 (Windows NT 6.2; Win64; x64; rv:61.0) Gecko/20100101 Firefox/61.0"
88.116.96.250 - - [20/Aug/2018:09:46:28 +0200] "GET /images/header_block_corner_right_top.gif HTTP/1.1" 200 160 "http://renault.activities.at/css/styles.css" "Mozilla/5.0 (Windows NT 6.2; Win64; x64; rv:61.0) Gecko/20100101 Firefox/61.0"
88.116.96.250 - - [20/Aug/2018:09:46:28 +0200] "GET /images/main_block_corner_left_top.gif HTTP/1.1" 200 159 "http://renault.activities.at/css/styles.css" "Mozilla/5.0 (Windows NT 6.2; Win64; x64; rv:61.0) Gecko/20100101 Firefox/61.0"
88.116.96.250 - - [20/Aug/2018:09:46:28 +0200] "GET /images/main_block_corner_right_top.gif HTTP/1.1" 200 159 "http://renault.activities.at/css/styles.css" "Mozilla/5.0 (Windows NT 6.2; Win64; x64; rv:61.0) Gecko/20100101 Firefox/61.0"
88.116.96.250 - - [20/Aug/2018:09:46:28 +0200] "GET /images/success_msg_icon.gif HTTP/1.1" 200 1024 "http://renault.activities.at/css/styles.css" "Mozilla/5.0 (Windows NT 6.2; Win64; x64; rv:61.0) Gecko/20100101 Firefox/61.0"
88.116.96.250 - - [20/Aug/2018:09:46:28 +0200] "GET /images/pager_bg.gif HTTP/1.1" 200 150 "http://renault.activities.at/css/styles.css" "Mozilla/5.0 (Windows NT 6.2; Win64; x64; rv:61.0) Gecko/20100101 Firefox/61.0"
88.116.96.250 - - [20/Aug/2018:09:46:39 +0200] "GET /action HTTP/1.1" 200 3921 "http://renault.activities.at/result?searchterm=true&search=Aufkleber" "Mozilla/5.0 (Windows NT 6.2; Win64; x64; rv:61.0) Gecko/20100101 Firefox/61.0"
88.116.96.250 - - [20/Aug/2018:09:46:41 +0200] "GET /images/note_msg_icon.gif HTTP/1.1" 200 1022 "http://renault.activities.at/css/styles.css" "Mozilla/5.0 (Windows NT 6.2; Win64; x64; rv:61.0) Gecko/20100101 Firefox/61.0"
193.194.132.28 - - [20/Aug/2018:09:46:42 +0200] "GET /reload?ser=1534751202113 HTTP/1.1" 200 28 "http://renault.2web.at/account?loadrequest=true" "Mozilla/5.0 (Windows NT 6.1; WOW64; Trident/7.0; rv:11.0) like Gecko"
88.116.96.250 - - [20/Aug/2018:09:46:46 +0200] "GET /10201442 HTTP/1.1" 200 8730 "http://renault.activities.at/action" "Mozilla/5.0 (Windows NT 6.2; Win64; x64; rv:61.0) Gecko/20100101 Firefox/61.0"
88.116.96.250 - - [20/Aug/2018:09:46:49 +0200] "GET /loadthumbnail.php?id=10203276 HTTP/1.1" 200 75 "http://renault.activities.at/10201442" "Mozilla/5.0 (Windows NT 6.2; Win64; x64; rv:61.0) Gecko/20100101 Firefox/61.0"
88.116.96.250 - - [20/Aug/2018:09:46:49 +0200] "GET /loadthumbnail.php?id=11679096&width=113 HTTP/1.1" 200 34481 "http://renault.activities.at/10201442" "Mozilla/5.0 (Windows NT 6.2; Win64; x64; rv:61.0) Gecko/20100101 Firefox/61.0"
88.116.96.250 - - [20/Aug/2018:09:46:49 +0200] "GET /loadthumbnail.php?id=11679091&width=113 HTTP/1.1" 200 33845 "http://renault.activities.at/10201442" "Mozilla/5.0 (Windows NT 6.2; Win64; x64; rv:61.0) Gecko/20100101 Firefox/61.0"
88.116.96.250 - - [20/Aug/2018:09:46:49 +0200] "GET /loadthumbnail.php?id=11846766&width=113 HTTP/1.1" 200 6105 "http://renault.activities.at/10201442" "Mozilla/5.0 (Windows NT 6.2; Win64; x64; rv:61.0) Gecko/20100101 Firefox/61.0"
88.116.96.250 - - [20/Aug/2018:09:46:49 +0200] "GET /loadthumbnail.php?id=11679106&width=113 HTTP/1.1" 200 35719 "http://renault.activities.at/10201442" "Mozilla/5.0 (Windows NT 6.2; Win64; x64; rv:61.0) Gecko/20100101 Firefox/61.0"
88.116.96.250 - - [20/Aug/2018:09:46:49 +0200] "GET /loadthumbnail.php?id=11679101&width=113 HTTP/1.1" 200 36881 "http://renault.activities.at/10201442" "Mozilla/5.0 (Windows NT 6.2; Win64; x64; rv:61.0) Gecko/20100101 Firefox/61.0"
88.116.96.250 - - [20/Aug/2018:09:46:49 +0200] "GET /loadthumbnail.php?id=11833284&width=113 HTTP/1.1" 200 6881 "http://renault.activities.at/10201442" "Mozilla/5.0 (Windows NT 6.2; Win64; x64; rv:61.0) Gecko/20100101 Firefox/61.0"
88.116.96.250 - - [20/Aug/2018:09:46:50 +0200] "GET /loadthumbnail.php?id=11833288&width=113 HTTP/1.1" 200 6671 "http://renault.activities.at/10201442" "Mozilla/5.0 (Windows NT 6.2; Win64; x64; rv:61.0) Gecko/20100101 Firefox/61.0"
88.116.96.250 - - [20/Aug/2018:09:46:50 +0200] "GET /loadthumbnail.php?id=11833280&width=113 HTTP/1.1" 200 6258 "http://renault.activities.at/10201442" "Mozilla/5.0 (Windows NT 6.2; Win64; x64; rv:61.0) Gecko/20100101 Firefox/61.0"
88.116.96.250 - - [20/Aug/2018:09:46:50 +0200] "GET /loadthumbnail.php?id=11742691&width=113 HTTP/1.1" 200 5717 "http://renault.activities.at/10201442" "Mozilla/5.0 (Windows NT 6.2; Win64; x64; rv:61.0) Gecko/20100101 Firefox/61.0"
88.116.96.250 - - [20/Aug/2018:09:46:50 +0200] "GET /loadthumbnail.php?id=11679111&width=113 HTTP/1.1" 200 34281 "http://renault.activities.at/10201442" "Mozilla/5.0 (Windows NT 6.2; Win64; x64; rv:61.0) Gecko/20100101 Firefox/61.0"
88.116.96.250 - - [20/Aug/2018:09:46:50 +0200] "GET /loadthumbnail.php?id=11679064&width=113 HTTP/1.1" 200 33783 "http://renault.activities.at/10201442" "Mozilla/5.0 (Windows NT 6.2; Win64; x64; rv:61.0) Gecko/20100101 Firefox/61.0"
88.116.96.250 - - [20/Aug/2018:09:46:50 +0200] "GET /images/sub_title_bg.jpg HTTP/1.1" 200 314 "http://renault.activities.at/css/styles.css" "Mozilla/5.0 (Windows NT 6.2; Win64; x64; rv:61.0) Gecko/20100101 Firefox/61.0"
88.116.96.250 - - [20/Aug/2018:09:46:50 +0200] "GET /loadthumbnail.php?id=11679071&width=113 HTTP/1.1" 200 37134 "http://renault.activities.at/10201442" "Mozilla/5.0 (Windows NT 6.2; Win64; x64; rv:61.0) Gecko/20100101 Firefox/61.0"
88.116.96.250 - - [20/Aug/2018:09:46:50 +0200] "GET /loadthumbnail.php?id=11679076&width=113 HTTP/1.1" 200 34461 "http://renault.activities.at/10201442" "Mozilla/5.0 (Windows NT 6.2; Win64; x64; rv:61.0) Gecko/20100101 Firefox/61.0"
88.116.96.250 - - [20/Aug/2018:09:46:50 +0200] "GET /loadthumbnail.php?id=11679150&width=113 HTTP/1.1" 200 35622 "http://renault.activities.at/10201442" "Mozilla/5.0 (Windows NT 6.2; Win64; x64; rv:61.0) Gecko/20100101 Firefox/61.0"
88.116.96.250 - - [20/Aug/2018:09:46:50 +0200] "GET /loadthumbnail.php?id=11679155&width=113 HTTP/1.1" 200 34091 "http://renault.activities.at/10201442" "Mozilla/5.0 (Windows NT 6.2; Win64; x64; rv:61.0) Gecko/20100101 Firefox/61.0"
88.116.96.250 - - [20/Aug/2018:09:47:00 +0200] "GET /10201634 HTTP/1.1" 200 8775 "http://renault.activities.at/10201442" "Mozilla/5.0 (Windows NT 6.2; Win64; x64; rv:61.0) Gecko/20100101 Firefox/61.0"
88.116.96.250 - - [20/Aug/2018:09:47:03 +0200] "GET /loadthumbnail.php?id=10203276 HTTP/1.1" 200 75 "http://renault.activities.at/10201634" "Mozilla/5.0 (Windows NT 6.2; Win64; x64; rv:61.0) Gecko/20100101 Firefox/61.0"
88.116.96.250 - - [20/Aug/2018:09:47:03 +0200] "GET /loadthumbnail.php?id=11679096&width=113 HTTP/1.1" 200 34481 "http://renault.activities.at/10201634" "Mozilla/5.0 (Windows NT 6.2; Win64; x64; rv:61.0) Gecko/20100101 Firefox/61.0"
88.116.96.250 - - [20/Aug/2018:09:47:03 +0200] "GET /loadthumbnail.php?id=11846766&width=113 HTTP/1.1" 200 6105 "http://renault.activities.at/10201634" "Mozilla/5.0 (Windows NT 6.2; Win64; x64; rv:61.0) Gecko/20100101 Firefox/61.0"
88.116.96.250 - - [20/Aug/2018:09:47:03 +0200] "GET /loadthumbnail.php?id=11679106&width=113 HTTP/1.1" 200 35719 "http://renault.activities.at/10201634" "Mozilla/5.0 (Windows NT 6.2; Win64; x64; rv:61.0) Gecko/20100101 Firefox/61.0"
88.116.96.250 - - [20/Aug/2018:09:47:03 +0200] "GET /loadthumbnail.php?id=11679101&width=113 HTTP/1.1" 200 36881 "http://renault.activities.at/10201634" "Mozilla/5.0 (Windows NT 6.2; Win64; x64; rv:61.0) Gecko/20100101 Firefox/61.0"
77.119.246.241 - - [20/Aug/2018:09:47:10 +0200] "GET / HTTP/1.1" 200 3680 "-" "Mozilla/5.0 (Windows NT 6.1; WOW64; Trident/7.0; rv:11.0) like Gecko"
77.119.246.241 - - [20/Aug/2018:09:47:11 +0200] "GET /js/default.js HTTP/1.1" 200 14698 "http://renault.activities.at/" "Mozilla/5.0 (Windows NT 6.1; WOW64; Trident/7.0; rv:11.0) like Gecko"
77.119.246.241 - - [20/Aug/2018:09:47:11 +0200] "GET /css/clears.css HTTP/1.1" 200 851 "http://renault.activities.at/" "Mozilla/5.0 (Windows NT 6.1; WOW64; Trident/7.0; rv:11.0) like Gecko"
77.119.246.241 - - [20/Aug/2018:09:47:11 +0200] "GET /css/reset.css HTTP/1.1" 200 1356 "http://renault.activities.at/" "Mozilla/5.0 (Windows NT 6.1; WOW64; Trident/7.0; rv:11.0) like Gecko"
77.119.246.241 - - [20/Aug/2018:09:47:11 +0200] "GET /js/flashdetection.js HTTP/1.1" 200 1059 "http://renault.activities.at/" "Mozilla/5.0 (Windows NT 6.1; WOW64; Trident/7.0; rv:11.0) like Gecko"
77.119.246.241 - - [20/Aug/2018:09:47:11 +0200] "GET /css/styles.css HTTP/1.1" 200 14664 "http://renault.activities.at/" "Mozilla/5.0 (Windows NT 6.1; WOW64; Trident/7.0; rv:11.0) like Gecko"
77.119.246.241 - - [20/Aug/2018:09:47:11 +0200] "GET /js/checkout.css HTTP/1.1" 200 359 "http://renault.activities.at/" "Mozilla/5.0 (Windows NT 6.1; WOW64; Trident/7.0; rv:11.0) like Gecko"
77.119.246.241 - - [20/Aug/2018:09:47:11 +0200] "GET /css/print.css HTTP/1.1" 200 543 "http://renault.activities.at/" "Mozilla/5.0 (Windows NT 6.1; WOW64; Trident/7.0; rv:11.0) like Gecko"
77.119.246.241 - - [20/Aug/2018:09:47:11 +0200] "GET /css/prototip.css HTTP/1.1" 200 968 "http://renault.activities.at/" "Mozilla/5.0 (Windows NT 6.1; WOW64; Trident/7.0; rv:11.0) like Gecko"
77.119.246.241 - - [20/Aug/2018:09:47:11 +0200] "GET /css/themes/default.css HTTP/1.1" 200 769 "http://renault.activities.at/" "Mozilla/5.0 (Windows NT 6.1; WOW64; Trident/7.0; rv:11.0) like Gecko"
77.119.246.241 - - [20/Aug/2018:09:47:11 +0200] "GET /css/themes/alphacube.css HTTP/1.1" 200 743 "http://renault.activities.at/" "Mozilla/5.0 (Windows NT 6.1; WOW64; Trident/7.0; rv:11.0) like Gecko"
77.119.246.241 - - [20/Aug/2018:09:47:11 +0200] "GET /js/index.php?c=auto&f=,prototype/prototype.js,prototype/validation.js,scriptaculous/builder.js,scriptaculous/effects.js,scriptaculous/dragdrop.js,scriptaculous/controls.js,scriptaculous/slider.js,varien/js.js,varien/form.js,varien/menu.js,mage/translate.js,mage/cookies.js,varien/product.js,spinner/SpinnerControl.jsmin.js,prototype/window.js,prototype/window_ext.js HTTP/1.1" 200 94182 "http://renault.activities.at/" "Mozilla/5.0 (Windows NT 6.1; WOW64; Trident/7.0; rv:11.0) like Gecko"
77.119.246.241 - - [20/Aug/2018:09:47:12 +0200] "GET /images/main_block_border.gif HTTP/1.1" 200 43 "http://renault.activities.at/" "Mozilla/5.0 (Windows NT 6.1; WOW64; Trident/7.0; rv:11.0) like Gecko"
77.119.246.241 - - [20/Aug/2018:09:47:12 +0200] "GET /images/main_block_corner_right_bot.gif HTTP/1.1" 200 158 "http://renault.activities.at/" "Mozilla/5.0 (Windows NT 6.1; WOW64; Trident/7.0; rv:11.0) like Gecko"
77.119.246.241 - - [20/Aug/2018:09:47:12 +0200] "GET /images/main_block_corner_left_bot.gif HTTP/1.1" 200 159 "http://renault.activities.at/" "Mozilla/5.0 (Windows NT 6.1; WOW64; Trident/7.0; rv:11.0) like Gecko"
77.119.246.241 - - [20/Aug/2018:09:47:12 +0200] "GET /images/header_block_border.gif HTTP/1.1" 200 43 "http://renault.activities.at/" "Mozilla/5.0 (Windows NT 6.1; WOW64; Trident/7.0; rv:11.0) like Gecko"
77.119.246.241 - - [20/Aug/2018:09:47:12 +0200] "GET /images/header_block_corner_left_top.gif HTTP/1.1" 200 160 "http://renault.activities.at/" "Mozilla/5.0 (Windows NT 6.1; WOW64; Trident/7.0; rv:11.0) like Gecko"
77.119.246.241 - - [20/Aug/2018:09:47:12 +0200] "GET /images/header_block_corner_right_top.gif HTTP/1.1" 200 160 "http://renault.activities.at/" "Mozilla/5.0 (Windows NT 6.1; WOW64; Trident/7.0; rv:11.0) like Gecko"
77.119.246.241 - - [20/Aug/2018:09:47:12 +0200] "GET /images/favicon.ico HTTP/1.1" 404 305 "-" "Mozilla/5.0 (Windows NT 6.1; Win64; x64; Trident/7.0; rv:11.0) like Gecko"
77.119.246.241 - - [20/Aug/2018:09:47:12 +0200] "GET /images/title_border.jpg HTTP/1.1" 200 304 "http://renault.activities.at/" "Mozilla/5.0 (Windows NT 6.1; WOW64; Trident/7.0; rv:11.0) like Gecko"
77.119.246.241 - - [20/Aug/2018:09:47:12 +0200] "GET /images/main_block_corner_left_top.gif HTTP/1.1" 200 159 "http://renault.activities.at/" "Mozilla/5.0 (Windows NT 6.1; WOW64; Trident/7.0; rv:11.0) like Gecko"
77.119.246.241 - - [20/Aug/2018:09:47:12 +0200] "GET /images/main_block_corner_right_top.gif HTTP/1.1" 200 159 "http://renault.activities.at/" "Mozilla/5.0 (Windows NT 6.1; WOW64; Trident/7.0; rv:11.0) like Gecko"
77.119.246.241 - - [20/Aug/2018:09:47:12 +0200] "GET /images/title_border_top.jpg HTTP/1.1" 200 336 "http://renault.activities.at/" "Mozilla/5.0 (Windows NT 6.1; WOW64; Trident/7.0; rv:11.0) like Gecko"
77.119.246.241 - - [20/Aug/2018:09:47:12 +0200] "GET /images/title_corner_left_top.jpg HTTP/1.1" 200 372 "http://renault.activities.at/" "Mozilla/5.0 (Windows NT 6.1; WOW64; Trident/7.0; rv:11.0) like Gecko"
77.119.246.241 - - [20/Aug/2018:09:47:12 +0200] "GET /images/title_corner_right_top.jpg HTTP/1.1" 200 389 "http://renault.activities.at/" "Mozilla/5.0 (Windows NT 6.1; WOW64; Trident/7.0; rv:11.0) like Gecko"
88.116.96.250 - - [20/Aug/2018:09:47:09 +0200] "GET /10201634?cat=10260254 HTTP/1.1" 200 7301 "http://renault.activities.at/10201634" "Mozilla/5.0 (Windows NT 6.2; Win64; x64; rv:61.0) Gecko/20100101 Firefox/61.0"
88.116.96.250 - - [20/Aug/2018:09:47:12 +0200] "GET /loadthumbnail.php?id=10201939&width=15&height=15 HTTP/1.1" 200 201 "http://renault.activities.at/10201634?cat=10260254" "Mozilla/5.0 (Windows NT 6.2; Win64; x64; rv:61.0) Gecko/20100101 Firefox/61.0"
88.116.96.250 - - [20/Aug/2018:09:47:12 +0200] "GET /loadthumbnail.php?id=10203650&width=113 HTTP/1.1" 200 2741 "http://renault.activities.at/10201634?cat=10260254" "Mozilla/5.0 (Windows NT 6.2; Win64; x64; rv:61.0) Gecko/20100101 Firefox/61.0"
88.116.96.250 - - [20/Aug/2018:09:47:12 +0200] "GET /loadthumbnail.php?id=11124852&width=113 HTTP/1.1" 200 8535 "http://renault.activities.at/10201634?cat=10260254" "Mozilla/5.0 (Windows NT 6.2; Win64; x64; rv:61.0) Gecko/20100101 Firefox/61.0"
77.119.246.241 - - [20/Aug/2018:09:47:12 +0200] "GET /loadthumbnail.php?id=11127982 HTTP/1.1" 200 399614 "http://renault.activities.at/" "Mozilla/5.0 (Windows NT 6.1; WOW64; Trident/7.0; rv:11.0) like Gecko"
77.119.246.241 - - [20/Aug/2018:09:47:14 +0200] "GET /login HTTP/1.1" 200 2086 "http://renault.activities.at/" "Mozilla/5.0 (Windows NT 6.1; WOW64; Trident/7.0; rv:11.0) like Gecko"
77.119.246.241 - - [20/Aug/2018:09:47:15 +0200] "GET /js/default.js HTTP/1.1" 304 - "http://renault.activities.at/login" "Mozilla/5.0 (Windows NT 6.1; WOW64; Trident/7.0; rv:11.0) like Gecko"
77.119.246.241 - - [20/Aug/2018:09:47:15 +0200] "GET /css/reset.css HTTP/1.1" 304 - "http://renault.activities.at/login" "Mozilla/5.0 (Windows NT 6.1; WOW64; Trident/7.0; rv:11.0) like Gecko"
77.119.246.241 - - [20/Aug/2018:09:47:15 +0200] "GET /css/styles.css HTTP/1.1" 304 - "http://renault.activities.at/login" "Mozilla/5.0 (Windows NT 6.1; WOW64; Trident/7.0; rv:11.0) like Gecko"
77.119.246.241 - - [20/Aug/2018:09:47:15 +0200] "GET /js/checkout.css HTTP/1.1" 304 - "http://renault.activities.at/login" "Mozilla/5.0 (Windows NT 6.1; WOW64; Trident/7.0; rv:11.0) like Gecko"
77.119.246.241 - - [20/Aug/2018:09:47:15 +0200] "GET /css/clears.css HTTP/1.1" 304 - "http://renault.activities.at/login" "Mozilla/5.0 (Windows NT 6.1; WOW64; Trident/7.0; rv:11.0) like Gecko"
77.119.246.241 - - [20/Aug/2018:09:47:15 +0200] "GET /css/print.css HTTP/1.1" 304 - "http://renault.activities.at/login" "Mozilla/5.0 (Windows NT 6.1; WOW64; Trident/7.0; rv:11.0) like Gecko"
77.119.246.241 - - [20/Aug/2018:09:47:15 +0200] "GET /css/prototip.css HTTP/1.1" 304 - "http://renault.activities.at/login" "Mozilla/5.0 (Windows NT 6.1; WOW64; Trident/7.0; rv:11.0) like Gecko"
77.119.246.241 - - [20/Aug/2018:09:47:15 +0200] "GET /css/themes/default.css HTTP/1.1" 304 - "http://renault.activities.at/login" "Mozilla/5.0 (Windows NT 6.1; WOW64; Trident/7.0; rv:11.0) like Gecko"
77.119.246.241 - - [20/Aug/2018:09:47:15 +0200] "GET /css/themes/alphacube.css HTTP/1.1" 304 - "http://renault.activities.at/login" "Mozilla/5.0 (Windows NT 6.1; WOW64; Trident/7.0; rv:11.0) like Gecko"
77.119.246.241 - - [20/Aug/2018:09:47:15 +0200] "GET /images/main_block_corner_left_top.gif HTTP/1.1" 304 - "http://renault.activities.at/login" "Mozilla/5.0 (Windows NT 6.1; WOW64; Trident/7.0; rv:11.0) like Gecko"
77.119.246.241 - - [20/Aug/2018:09:47:15 +0200] "GET /images/header_block_border.gif HTTP/1.1" 304 - "http://renault.activities.at/login" "Mozilla/5.0 (Windows NT 6.1; WOW64; Trident/7.0; rv:11.0) like Gecko"
77.119.246.241 - - [20/Aug/2018:09:47:15 +0200] "GET /images/title_corner_left_top.jpg HTTP/1.1" 304 - "http://renault.activities.at/login" "Mozilla/5.0 (Windows NT 6.1; WOW64; Trident/7.0; rv:11.0) like Gecko"
77.119.246.241 - - [20/Aug/2018:09:47:15 +0200] "GET /images/main_block_corner_right_bot.gif HTTP/1.1" 304 - "http://renault.activities.at/login" "Mozilla/5.0 (Windows NT 6.1; WOW64; Trident/7.0; rv:11.0) like Gecko"
77.119.246.241 - - [20/Aug/2018:09:47:15 +0200] "GET /images/title_border_top.jpg HTTP/1.1" 304 - "http://renault.activities.at/login" "Mozilla/5.0 (Windows NT 6.1; WOW64; Trident/7.0; rv:11.0) like Gecko"
77.119.246.241 - - [20/Aug/2018:09:47:15 +0200] "GET /images/title_corner_right_top.jpg HTTP/1.1" 304 - "http://renault.activities.at/login" "Mozilla/5.0 (Windows NT 6.1; WOW64; Trident/7.0; rv:11.0) like Gecko"
77.119.246.241 - - [20/Aug/2018:09:47:15 +0200] "GET /images/main_block_corner_right_top.gif HTTP/1.1" 304 - "http://renault.activities.at/login" "Mozilla/5.0 (Windows NT 6.1; WOW64; Trident/7.0; rv:11.0) like Gecko"
77.119.246.241 - - [20/Aug/2018:09:47:15 +0200] "GET /images/main_block_border.gif HTTP/1.1" 304 - "http://renault.activities.at/login" "Mozilla/5.0 (Windows NT 6.1; WOW64; Trident/7.0; rv:11.0) like Gecko"
77.119.246.241 - - [20/Aug/2018:09:47:15 +0200] "GET /images/main_block_corner_left_bot.gif HTTP/1.1" 304 - "http://renault.activities.at/login" "Mozilla/5.0 (Windows NT 6.1; WOW64; Trident/7.0; rv:11.0) like Gecko"
