193.194.132.25 - - [23/Aug/2018:11:39:49 +0200] "GET /css/styles.css HTTP/1.1" 304 - "http://renault.2web.at/success" "Mozilla/5.0 (Windows NT 6.1; WOW64; Trident/7.0; rv:11.0) like Gecko"
193.194.132.25 - - [23/Aug/2018:11:39:49 +0200] "GET /css/themes/alphacube.css HTTP/1.1" 304 - "http://renault.2web.at/success" "Mozilla/5.0 (Windows NT 6.1; WOW64; Trident/7.0; rv:11.0) like Gecko"
193.194.132.25 - - [23/Aug/2018:11:39:49 +0200] "GET /css/print.css HTTP/1.1" 304 - "http://renault.2web.at/success" "Mozilla/5.0 (Windows NT 6.1; WOW64; Trident/7.0; rv:11.0) like Gecko"
193.194.132.25 - - [23/Aug/2018:11:39:49 +0200] "GET /js/checkout.css HTTP/1.1" 304 - "http://renault.2web.at/success" "Mozilla/5.0 (Windows NT 6.1; WOW64; Trident/7.0; rv:11.0) like Gecko"
193.194.132.25 - - [23/Aug/2018:11:39:49 +0200] "GET /css/themes/default.css HTTP/1.1" 304 - "http://renault.2web.at/success" "Mozilla/5.0 (Windows NT 6.1; WOW64; Trident/7.0; rv:11.0) like Gecko"
193.194.132.25 - - [23/Aug/2018:11:39:49 +0200] "GET /css/prototip.css HTTP/1.1" 304 - "http://renault.2web.at/success" "Mozilla/5.0 (Windows NT 6.1; WOW64; Trident/7.0; rv:11.0) like Gecko"
185.22.23.252 - - [23/Aug/2018:11:39:55 +0200] "GET /reload?ser=1535017195757 HTTP/1.1" 200 28 "http://renault.activities.at/account" "Mozilla/5.0 (Windows NT 6.3; WOW64; Trident/7.0; rv:11.0) like Gecko"
193.194.132.25 - - [23/Aug/2018:11:39:56 +0200] "GET /logout HTTP/1.1" 302 136 "http://renault.2web.at/success" "Mozilla/5.0 (Windows NT 6.1; WOW64; Trident/7.0; rv:11.0) like Gecko"
193.194.132.25 - - [23/Aug/2018:11:39:58 +0200] "GET /logout HTTP/1.1" 200 1592 "http://renault.2web.at/success" "Mozilla/5.0 (Windows NT 6.1; WOW64; Trident/7.0; rv:11.0) like Gecko"
80.122.221.194 - - [23/Aug/2018:11:40:09 +0200] "GET /reload?ser=1535017208956 HTTP/1.1" 200 28 "http://renault.activities.at/success" "Mozilla/5.0 (Windows NT 10.0; Win64; x64) AppleWebKit/537.36 (KHTML, like Gecko) Chrome/64.0.3282.140 Safari/537.36 Edge/17.17134"
193.194.132.28 - - [23/Aug/2018:11:40:27 +0200] "GET /reload?ser=1535017227099 HTTP/1.1" 200 28 "http://renault.2web.at/result?searchterm=true&search=husse" "Mozilla/5.0 (Windows NT 6.1; WOW64; Trident/7.0; rv:11.0) like Gecko"
213.153.47.173 - - [23/Aug/2018:11:40:39 +0200] "GET /reload?ser=1535017236387 HTTP/1.1" 200 28 "http://renault.activities.at/login?required=true" "Mozilla/5.0 (Windows NT 10.0; Win64; x64; rv:61.0) Gecko/20100101 Firefox/61.0"
185.22.23.252 - - [23/Aug/2018:11:40:56 +0200] "GET /reload?ser=1535017256709 HTTP/1.1" 200 28 "http://renault.activities.at/account" "Mozilla/5.0 (Windows NT 6.3; WOW64; Trident/7.0; rv:11.0) like Gecko"
80.122.221.194 - - [23/Aug/2018:11:41:10 +0200] "GET /reload?ser=1535017270964 HTTP/1.1" 200 28 "http://renault.activities.at/success" "Mozilla/5.0 (Windows NT 10.0; Win64; x64) AppleWebKit/537.36 (KHTML, like Gecko) Chrome/64.0.3282.140 Safari/537.36 Edge/17.17134"
193.194.132.28 - - [23/Aug/2018:11:41:28 +0200] "GET /reload?ser=1535017288235 HTTP/1.1" 200 28 "http://renault.2web.at/result?searchterm=true&search=husse" "Mozilla/5.0 (Windows NT 6.1; WOW64; Trident/7.0; rv:11.0) like Gecko"
213.153.47.173 - - [23/Aug/2018:11:41:39 +0200] "GET /reload?ser=1535017297066 HTTP/1.1" 200 28 "http://renault.activities.at/login?required=true" "Mozilla/5.0 (Windows NT 10.0; Win64; x64; rv:61.0) Gecko/20100101 Firefox/61.0"
213.153.47.173 - - [23/Aug/2018:11:41:52 +0200] "GET /layout.php HTTP/1.1" 200 1559 "-" "Mozilla/5.0 (Windows NT 10.0; Win64; x64) AppleWebKit/537.36 (KHTML, like Gecko) Chrome/67.0.3396.87 Safari/537.36 OPR/54.0.2952.71"
213.153.47.173 - - [23/Aug/2018:11:41:53 +0200] "GET /images/favicon.ico HTTP/1.1" 404 305 "-" "Mozilla/5.0 (Windows NT 10.0; Win64; x64) AppleWebKit/537.36 (KHTML, like Gecko) Chrome/67.0.3396.87 Safari/537.36 OPR/54.0.2952.71"
213.153.47.173 - - [23/Aug/2018:11:41:56 +0200] "GET /layout.php HTTP/1.1" 200 1559 "-" "Mozilla/5.0 (Windows NT 10.0; Win64; x64) AppleWebKit/537.36 (KHTML, like Gecko) Chrome/67.0.3396.87 Safari/537.36 OPR/54.0.2952.71"
185.22.23.252 - - [23/Aug/2018:11:41:57 +0200] "GET /reload?ser=1535017317624 HTTP/1.1" 200 28 "http://renault.activities.at/account" "Mozilla/5.0 (Windows NT 6.3; WOW64; Trident/7.0; rv:11.0) like Gecko"
213.153.47.173 - - [23/Aug/2018:11:42:00 +0200] "GET /layout.php HTTP/1.1" 200 1559 "-" "Mozilla/5.0 (Windows NT 10.0; Win64; x64) AppleWebKit/537.36 (KHTML, like Gecko) Chrome/67.0.3396.87 Safari/537.36 OPR/54.0.2952.71"
80.122.221.194 - - [23/Aug/2018:11:42:12 +0200] "GET /reload?ser=1535017332967 HTTP/1.1" 200 28 "http://renault.activities.at/success" "Mozilla/5.0 (Windows NT 10.0; Win64; x64) AppleWebKit/537.36 (KHTML, like Gecko) Chrome/64.0.3282.140 Safari/537.36 Edge/17.17134"
193.194.132.28 - - [23/Aug/2018:11:42:29 +0200] "GET /reload?ser=1535017349342 HTTP/1.1" 200 28 "http://renault.2web.at/result?searchterm=true&search=husse" "Mozilla/5.0 (Windows NT 6.1; WOW64; Trident/7.0; rv:11.0) like Gecko"
213.153.47.173 - - [23/Aug/2018:11:42:40 +0200] "GET /reload?ser=1535017357727 HTTP/1.1" 200 28 "http://renault.activities.at/login?required=true" "Mozilla/5.0 (Windows NT 10.0; Win64; x64; rv:61.0) Gecko/20100101 Firefox/61.0"
185.22.23.252 - - [23/Aug/2018:11:42:58 +0200] "GET /reload?ser=1535017378537 HTTP/1.1" 200 28 "http://renault.activities.at/account" "Mozilla/5.0 (Windows NT 6.3; WOW64; Trident/7.0; rv:11.0) like Gecko"
80.122.221.194 - - [23/Aug/2018:11:43:14 +0200] "GET /reload?ser=1535017394956 HTTP/1.1" 200 28 "http://renault.activities.at/success" "Mozilla/5.0 (Windows NT 10.0; Win64; x64) AppleWebKit/537.36 (KHTML, like Gecko) Chrome/64.0.3282.140 Safari/537.36 Edge/17.17134"
193.194.132.28 - - [23/Aug/2018:11:43:30 +0200] "GET /reload?ser=1535017410410 HTTP/1.1" 200 28 "http://renault.2web.at/result?searchterm=true&search=husse" "Mozilla/5.0 (Windows NT 6.1; WOW64; Trident/7.0; rv:11.0) like Gecko"
213.153.47.173 - - [23/Aug/2018:11:43:41 +0200] "GET /reload?ser=1535017418385 HTTP/1.1" 200 28 "http://renault.activities.at/login?required=true" "Mozilla/5.0 (Windows NT 10.0; Win64; x64; rv:61.0) Gecko/20100101 Firefox/61.0"
185.22.23.252 - - [23/Aug/2018:11:43:59 +0200] "GET /reload?ser=1535017439435 HTTP/1.1" 200 28 "http://renault.activities.at/account" "Mozilla/5.0 (Windows NT 6.3; WOW64; Trident/7.0; rv:11.0) like Gecko"
80.122.221.194 - - [23/Aug/2018:11:44:16 +0200] "GET /reload?ser=1535017455965 HTTP/1.1" 200 28 "http://renault.activities.at/success" "Mozilla/5.0 (Windows NT 10.0; Win64; x64) AppleWebKit/537.36 (KHTML, like Gecko) Chrome/64.0.3282.140 Safari/537.36 Edge/17.17134"
193.194.132.28 - - [23/Aug/2018:11:44:31 +0200] "GET /reload?ser=1535017471463 HTTP/1.1" 200 28 "http://renault.2web.at/result?searchterm=true&search=husse" "Mozilla/5.0 (Windows NT 6.1; WOW64; Trident/7.0; rv:11.0) like Gecko"
213.153.47.173 - - [23/Aug/2018:11:44:41 +0200] "GET /reload?ser=1535017479046 HTTP/1.1" 200 28 "http://renault.activities.at/login?required=true" "Mozilla/5.0 (Windows NT 10.0; Win64; x64; rv:61.0) Gecko/20100101 Firefox/61.0"
185.22.23.252 - - [23/Aug/2018:11:45:00 +0200] "GET /reload?ser=1535017500373 HTTP/1.1" 200 28 "http://renault.activities.at/account" "Mozilla/5.0 (Windows NT 6.3; WOW64; Trident/7.0; rv:11.0) like Gecko"
80.122.221.194 - - [23/Aug/2018:11:45:17 +0200] "GET /reload?ser=1535017517966 HTTP/1.1" 200 28 "http://renault.activities.at/success" "Mozilla/5.0 (Windows NT 10.0; Win64; x64) AppleWebKit/537.36 (KHTML, like Gecko) Chrome/64.0.3282.140 Safari/537.36 Edge/17.17134"
193.194.132.28 - - [23/Aug/2018:11:45:32 +0200] "GET /reload?ser=1535017532562 HTTP/1.1" 200 28 "http://renault.2web.at/result?searchterm=true&search=husse" "Mozilla/5.0 (Windows NT 6.1; WOW64; Trident/7.0; rv:11.0) like Gecko"
213.153.47.173 - - [23/Aug/2018:11:45:42 +0200] "GET /reload?ser=1535017539706 HTTP/1.1" 200 28 "http://renault.activities.at/login?required=true" "Mozilla/5.0 (Windows NT 10.0; Win64; x64; rv:61.0) Gecko/20100101 Firefox/61.0"
185.22.23.252 - - [23/Aug/2018:11:46:01 +0200] "GET /reload?ser=1535017561270 HTTP/1.1" 200 28 "http://renault.activities.at/account" "Mozilla/5.0 (Windows NT 6.3; WOW64; Trident/7.0; rv:11.0) like Gecko"
80.122.221.194 - - [23/Aug/2018:11:46:19 +0200] "GET /reload?ser=1535017579959 HTTP/1.1" 200 28 "http://renault.activities.at/success" "Mozilla/5.0 (Windows NT 10.0; Win64; x64) AppleWebKit/537.36 (KHTML, like Gecko) Chrome/64.0.3282.140 Safari/537.36 Edge/17.17134"
193.194.132.28 - - [23/Aug/2018:11:46:33 +0200] "GET /reload?ser=1535017593636 HTTP/1.1" 200 28 "http://renault.2web.at/result?searchterm=true&search=husse" "Mozilla/5.0 (Windows NT 6.1; WOW64; Trident/7.0; rv:11.0) like Gecko"
213.153.47.173 - - [23/Aug/2018:11:46:43 +0200] "GET /reload?ser=1535017600377 HTTP/1.1" 200 28 "http://renault.activities.at/login?required=true" "Mozilla/5.0 (Windows NT 10.0; Win64; x64; rv:61.0) Gecko/20100101 Firefox/61.0"
207.46.13.34 - - [23/Aug/2018:11:46:54 +0200] "GET /10260004?mode=list&order=name&limit=10&page=1 HTTP/1.1" 200 5175 "-" "Mozilla/5.0 (compatible; bingbot/2.0; +http://www.bing.com/bingbot.htm)"
185.22.23.252 - - [23/Aug/2018:11:47:02 +0200] "GET /reload?ser=1535017622194 HTTP/1.1" 200 28 "http://renault.activities.at/account" "Mozilla/5.0 (Windows NT 6.3; WOW64; Trident/7.0; rv:11.0) like Gecko"
80.122.221.194 - - [23/Aug/2018:11:47:20 +0200] "GET /reload?ser=1535017640953 HTTP/1.1" 200 28 "http://renault.activities.at/success" "Mozilla/5.0 (Windows NT 10.0; Win64; x64) AppleWebKit/537.36 (KHTML, like Gecko) Chrome/64.0.3282.140 Safari/537.36 Edge/17.17134"
193.194.132.28 - - [23/Aug/2018:11:47:34 +0200] "GET /reload?ser=1535017654714 HTTP/1.1" 200 28 "http://renault.2web.at/result?searchterm=true&search=husse" "Mozilla/5.0 (Windows NT 6.1; WOW64; Trident/7.0; rv:11.0) like Gecko"
213.153.47.173 - - [23/Aug/2018:11:47:43 +0200] "GET /reload?ser=1535017661036 HTTP/1.1" 200 28 "http://renault.activities.at/login?required=true" "Mozilla/5.0 (Windows NT 10.0; Win64; x64; rv:61.0) Gecko/20100101 Firefox/61.0"
185.22.23.252 - - [23/Aug/2018:11:48:03 +0200] "GET /reload?ser=1535017683144 HTTP/1.1" 200 28 "http://renault.activities.at/account" "Mozilla/5.0 (Windows NT 6.3; WOW64; Trident/7.0; rv:11.0) like Gecko"
80.122.221.194 - - [23/Aug/2018:11:48:21 +0200] "GET /reload?ser=1535017701955 HTTP/1.1" 200 28 "http://renault.activities.at/success" "Mozilla/5.0 (Windows NT 10.0; Win64; x64) AppleWebKit/537.36 (KHTML, like Gecko) Chrome/64.0.3282.140 Safari/537.36 Edge/17.17134"
193.194.132.28 - - [23/Aug/2018:11:48:35 +0200] "GET /reload?ser=1535017715824 HTTP/1.1" 200 28 "http://renault.2web.at/result?searchterm=true&search=husse" "Mozilla/5.0 (Windows NT 6.1; WOW64; Trident/7.0; rv:11.0) like Gecko"
213.153.47.173 - - [23/Aug/2018:11:48:44 +0200] "GET /reload?ser=1535017721696 HTTP/1.1" 200 28 "http://renault.activities.at/login?required=true" "Mozilla/5.0 (Windows NT 10.0; Win64; x64; rv:61.0) Gecko/20100101 Firefox/61.0"
185.22.23.252 - - [23/Aug/2018:11:49:04 +0200] "GET /reload?ser=1535017744084 HTTP/1.1" 200 28 "http://renault.activities.at/account" "Mozilla/5.0 (Windows NT 6.3; WOW64; Trident/7.0; rv:11.0) like Gecko"
80.122.221.194 - - [23/Aug/2018:11:49:22 +0200] "GET /reload?ser=1535017762960 HTTP/1.1" 200 28 "http://renault.activities.at/success" "Mozilla/5.0 (Windows NT 10.0; Win64; x64) AppleWebKit/537.36 (KHTML, like Gecko) Chrome/64.0.3282.140 Safari/537.36 Edge/17.17134"
193.194.132.28 - - [23/Aug/2018:11:49:36 +0200] "GET /reload?ser=1535017776939 HTTP/1.1" 200 28 "http://renault.2web.at/result?searchterm=true&search=husse" "Mozilla/5.0 (Windows NT 6.1; WOW64; Trident/7.0; rv:11.0) like Gecko"
213.153.47.173 - - [23/Aug/2018:11:49:45 +0200] "GET /reload?ser=1535017782356 HTTP/1.1" 200 28 "http://renault.activities.at/login?required=true" "Mozilla/5.0 (Windows NT 10.0; Win64; x64; rv:61.0) Gecko/20100101 Firefox/61.0"
185.22.23.252 - - [23/Aug/2018:11:50:05 +0200] "GET /reload?ser=1535017805024 HTTP/1.1" 200 28 "http://renault.activities.at/account" "Mozilla/5.0 (Windows NT 6.3; WOW64; Trident/7.0; rv:11.0) like Gecko"
80.122.221.194 - - [23/Aug/2018:11:50:24 +0200] "GET /reload?ser=1535017824960 HTTP/1.1" 200 28 "http://renault.activities.at/success" "Mozilla/5.0 (Windows NT 10.0; Win64; x64) AppleWebKit/537.36 (KHTML, like Gecko) Chrome/64.0.3282.140 Safari/537.36 Edge/17.17134"
193.194.132.28 - - [23/Aug/2018:11:50:38 +0200] "GET /reload?ser=1535017838030 HTTP/1.1" 200 28 "http://renault.2web.at/result?searchterm=true&search=husse" "Mozilla/5.0 (Windows NT 6.1; WOW64; Trident/7.0; rv:11.0) like Gecko"
213.153.47.173 - - [23/Aug/2018:11:50:45 +0200] "GET /reload?ser=1535017843019 HTTP/1.1" 200 28 "http://renault.activities.at/login?required=true" "Mozilla/5.0 (Windows NT 10.0; Win64; x64; rv:61.0) Gecko/20100101 Firefox/61.0"
185.22.23.252 - - [23/Aug/2018:11:51:05 +0200] "GET /reload?ser=1535017865923 HTTP/1.1" 200 28 "http://renault.activities.at/account" "Mozilla/5.0 (Windows NT 6.3; WOW64; Trident/7.0; rv:11.0) like Gecko"
80.122.221.194 - - [23/Aug/2018:11:51:25 +0200] "GET /reload?ser=1535017885958 HTTP/1.1" 200 28 "http://renault.activities.at/success" "Mozilla/5.0 (Windows NT 10.0; Win64; x64) AppleWebKit/537.36 (KHTML, like Gecko) Chrome/64.0.3282.140 Safari/537.36 Edge/17.17134"
193.194.132.28 - - [23/Aug/2018:11:51:39 +0200] "GET /reload?ser=1535017899130 HTTP/1.1" 200 28 "http://renault.2web.at/result?searchterm=true&search=husse" "Mozilla/5.0 (Windows NT 6.1; WOW64; Trident/7.0; rv:11.0) like Gecko"
213.153.47.173 - - [23/Aug/2018:11:51:46 +0200] "GET /reload?ser=1535017903687 HTTP/1.1" 200 28 "http://renault.activities.at/login?required=true" "Mozilla/5.0 (Windows NT 10.0; Win64; x64; rv:61.0) Gecko/20100101 Firefox/61.0"
185.22.23.252 - - [23/Aug/2018:11:52:06 +0200] "GET /reload?ser=1535017926851 HTTP/1.1" 200 28 "http://renault.activities.at/account" "Mozilla/5.0 (Windows NT 6.3; WOW64; Trident/7.0; rv:11.0) like Gecko"
80.122.221.194 - - [23/Aug/2018:11:52:26 +0200] "GET /reload?ser=1535017946963 HTTP/1.1" 200 28 "http://renault.activities.at/success" "Mozilla/5.0 (Windows NT 10.0; Win64; x64) AppleWebKit/537.36 (KHTML, like Gecko) Chrome/64.0.3282.140 Safari/537.36 Edge/17.17134"
193.194.132.28 - - [23/Aug/2018:11:52:40 +0200] "GET /reload?ser=1535017960231 HTTP/1.1" 200 28 "http://renault.2web.at/result?searchterm=true&search=husse" "Mozilla/5.0 (Windows NT 6.1; WOW64; Trident/7.0; rv:11.0) like Gecko"
213.153.47.173 - - [23/Aug/2018:11:52:47 +0200] "GET /reload?ser=1535017964357 HTTP/1.1" 200 28 "http://renault.activities.at/login?required=true" "Mozilla/5.0 (Windows NT 10.0; Win64; x64; rv:61.0) Gecko/20100101 Firefox/61.0"
185.22.23.252 - - [23/Aug/2018:11:53:07 +0200] "GET /reload?ser=1535017987753 HTTP/1.1" 200 28 "http://renault.activities.at/account" "Mozilla/5.0 (Windows NT 6.3; WOW64; Trident/7.0; rv:11.0) like Gecko"
80.122.221.194 - - [23/Aug/2018:11:53:28 +0200] "GET /reload?ser=1535018008954 HTTP/1.1" 200 28 "http://renault.activities.at/success" "Mozilla/5.0 (Windows NT 10.0; Win64; x64) AppleWebKit/537.36 (KHTML, like Gecko) Chrome/64.0.3282.140 Safari/537.36 Edge/17.17134"
193.194.132.28 - - [23/Aug/2018:11:53:41 +0200] "GET /reload?ser=1535018021344 HTTP/1.1" 200 28 "http://renault.2web.at/result?searchterm=true&search=husse" "Mozilla/5.0 (Windows NT 6.1; WOW64; Trident/7.0; rv:11.0) like Gecko"
213.153.47.173 - - [23/Aug/2018:11:53:47 +0200] "GET /reload?ser=1535018025056 HTTP/1.1" 200 28 "http://renault.activities.at/login?required=true" "Mozilla/5.0 (Windows NT 10.0; Win64; x64; rv:61.0) Gecko/20100101 Firefox/61.0"
185.22.23.252 - - [23/Aug/2018:11:54:08 +0200] "GET /reload?ser=1535018048681 HTTP/1.1" 200 28 "http://renault.activities.at/account" "Mozilla/5.0 (Windows NT 6.3; WOW64; Trident/7.0; rv:11.0) like Gecko"
80.122.221.194 - - [23/Aug/2018:11:54:29 +0200] "GET /reload?ser=1535018069951 HTTP/1.1" 200 28 "http://renault.activities.at/success" "Mozilla/5.0 (Windows NT 10.0; Win64; x64) AppleWebKit/537.36 (KHTML, like Gecko) Chrome/64.0.3282.140 Safari/537.36 Edge/17.17134"
193.194.132.28 - - [23/Aug/2018:11:54:42 +0200] "GET /reload?ser=1535018082415 HTTP/1.1" 200 28 "http://renault.2web.at/result?searchterm=true&search=husse" "Mozilla/5.0 (Windows NT 6.1; WOW64; Trident/7.0; rv:11.0) like Gecko"
213.153.47.173 - - [23/Aug/2018:11:54:48 +0200] "GET /reload?ser=1535018085706 HTTP/1.1" 200 28 "http://renault.activities.at/login?required=true" "Mozilla/5.0 (Windows NT 10.0; Win64; x64; rv:61.0) Gecko/20100101 Firefox/61.0"
185.22.23.252 - - [23/Aug/2018:11:55:09 +0200] "GET /reload?ser=1535018109600 HTTP/1.1" 200 28 "http://renault.activities.at/account" "Mozilla/5.0 (Windows NT 6.3; WOW64; Trident/7.0; rv:11.0) like Gecko"
80.122.221.194 - - [23/Aug/2018:11:55:30 +0200] "GET /reload?ser=1535018130950 HTTP/1.1" 200 28 "http://renault.activities.at/success" "Mozilla/5.0 (Windows NT 10.0; Win64; x64) AppleWebKit/537.36 (KHTML, like Gecko) Chrome/64.0.3282.140 Safari/537.36 Edge/17.17134"
193.194.132.28 - - [23/Aug/2018:11:55:43 +0200] "GET /reload?ser=1535018143457 HTTP/1.1" 200 28 "http://renault.2web.at/result?searchterm=true&search=husse" "Mozilla/5.0 (Windows NT 6.1; WOW64; Trident/7.0; rv:11.0) like Gecko"
213.153.47.173 - - [23/Aug/2018:11:55:49 +0200] "GET /reload?ser=1535018146376 HTTP/1.1" 200 28 "http://renault.activities.at/login?required=true" "Mozilla/5.0 (Windows NT 10.0; Win64; x64; rv:61.0) Gecko/20100101 Firefox/61.0"
185.22.23.252 - - [23/Aug/2018:11:56:10 +0200] "GET /reload?ser=1535018170525 HTTP/1.1" 200 28 "http://renault.activities.at/account" "Mozilla/5.0 (Windows NT 6.3; WOW64; Trident/7.0; rv:11.0) like Gecko"
80.122.221.194 - - [23/Aug/2018:11:56:31 +0200] "GET /reload?ser=1535018191956 HTTP/1.1" 200 28 "http://renault.activities.at/success" "Mozilla/5.0 (Windows NT 10.0; Win64; x64) AppleWebKit/537.36 (KHTML, like Gecko) Chrome/64.0.3282.140 Safari/537.36 Edge/17.17134"
193.194.132.28 - - [23/Aug/2018:11:56:44 +0200] "GET /reload?ser=1535018204492 HTTP/1.1" 200 28 "http://renault.2web.at/result?searchterm=true&search=husse" "Mozilla/5.0 (Windows NT 6.1; WOW64; Trident/7.0; rv:11.0) like Gecko"
213.153.47.173 - - [23/Aug/2018:11:56:49 +0200] "GET /reload?ser=1535018207026 HTTP/1.1" 200 28 "http://renault.activities.at/login?required=true" "Mozilla/5.0 (Windows NT 10.0; Win64; x64; rv:61.0) Gecko/20100101 Firefox/61.0"
185.22.23.252 - - [23/Aug/2018:11:57:11 +0200] "GET /reload?ser=1535018231481 HTTP/1.1" 200 28 "http://renault.activities.at/account" "Mozilla/5.0 (Windows NT 6.3; WOW64; Trident/7.0; rv:11.0) like Gecko"
80.122.221.194 - - [23/Aug/2018:11:57:32 +0200] "GET /reload?ser=1535018252957 HTTP/1.1" 200 28 "http://renault.activities.at/success" "Mozilla/5.0 (Windows NT 10.0; Win64; x64) AppleWebKit/537.36 (KHTML, like Gecko) Chrome/64.0.3282.140 Safari/537.36 Edge/17.17134"
157.55.39.131 - - [23/Aug/2018:11:57:40 +0200] "GET /10260004?dir=ASC&mode=list&order=name&limit=360&detail=10538070 HTTP/1.1" 200 3737 "-" "Mozilla/5.0 (compatible; bingbot/2.0; +http://www.bing.com/bingbot.htm)"
193.194.132.28 - - [23/Aug/2018:11:57:45 +0200] "GET /reload?ser=1535018265580 HTTP/1.1" 200 28 "http://renault.2web.at/result?searchterm=true&search=husse" "Mozilla/5.0 (Windows NT 6.1; WOW64; Trident/7.0; rv:11.0) like Gecko"
213.153.47.173 - - [23/Aug/2018:11:57:50 +0200] "GET /reload?ser=1535018267676 HTTP/1.1" 200 28 "http://renault.activities.at/login?required=true" "Mozilla/5.0 (Windows NT 10.0; Win64; x64; rv:61.0) Gecko/20100101 Firefox/61.0"
185.22.23.252 - - [23/Aug/2018:11:58:12 +0200] "GET /reload?ser=1535018292386 HTTP/1.1" 200 28 "http://renault.activities.at/account" "Mozilla/5.0 (Windows NT 6.3; WOW64; Trident/7.0; rv:11.0) like Gecko"
80.122.221.194 - - [23/Aug/2018:11:58:34 +0200] "GET /reload?ser=1535018314956 HTTP/1.1" 200 28 "http://renault.activities.at/success" "Mozilla/5.0 (Windows NT 10.0; Win64; x64) AppleWebKit/537.36 (KHTML, like Gecko) Chrome/64.0.3282.140 Safari/537.36 Edge/17.17134"
193.194.132.28 - - [23/Aug/2018:11:58:46 +0200] "GET /reload?ser=1535018326609 HTTP/1.1" 200 28 "http://renault.2web.at/result?searchterm=true&search=husse" "Mozilla/5.0 (Windows NT 6.1; WOW64; Trident/7.0; rv:11.0) like Gecko"
213.153.47.173 - - [23/Aug/2018:11:58:51 +0200] "GET /reload?ser=1535018328336 HTTP/1.1" 200 28 "http://renault.activities.at/login?required=true" "Mozilla/5.0 (Windows NT 10.0; Win64; x64; rv:61.0) Gecko/20100101 Firefox/61.0"
185.22.23.252 - - [23/Aug/2018:11:59:13 +0200] "GET /reload?ser=1535018353338 HTTP/1.1" 200 28 "http://renault.activities.at/account" "Mozilla/5.0 (Windows NT 6.3; WOW64; Trident/7.0; rv:11.0) like Gecko"
80.122.221.194 - - [23/Aug/2018:11:59:35 +0200] "GET /reload?ser=1535018375947 HTTP/1.1" 200 28 "http://renault.activities.at/success" "Mozilla/5.0 (Windows NT 10.0; Win64; x64) AppleWebKit/537.36 (KHTML, like Gecko) Chrome/64.0.3282.140 Safari/537.36 Edge/17.17134"
193.194.132.28 - - [23/Aug/2018:11:59:47 +0200] "GET /reload?ser=1535018387695 HTTP/1.1" 200 28 "http://renault.2web.at/result?searchterm=true&search=husse" "Mozilla/5.0 (Windows NT 6.1; WOW64; Trident/7.0; rv:11.0) like Gecko"
213.153.47.173 - - [23/Aug/2018:11:59:51 +0200] "GET /reload?ser=1535018389005 HTTP/1.1" 200 28 "http://renault.activities.at/login?required=true" "Mozilla/5.0 (Windows NT 10.0; Win64; x64; rv:61.0) Gecko/20100101 Firefox/61.0"
185.22.23.252 - - [23/Aug/2018:12:00:14 +0200] "GET /reload?ser=1535018414258 HTTP/1.1" 200 28 "http://renault.activities.at/account" "Mozilla/5.0 (Windows NT 6.3; WOW64; Trident/7.0; rv:11.0) like Gecko"
80.122.221.194 - - [23/Aug/2018:12:00:36 +0200] "GET /reload?ser=1535018436949 HTTP/1.1" 200 28 "http://renault.activities.at/success" "Mozilla/5.0 (Windows NT 10.0; Win64; x64) AppleWebKit/537.36 (KHTML, like Gecko) Chrome/64.0.3282.140 Safari/537.36 Edge/17.17134"
193.194.132.28 - - [23/Aug/2018:12:00:48 +0200] "GET /reload?ser=1535018448752 HTTP/1.1" 200 28 "http://renault.2web.at/result?searchterm=true&search=husse" "Mozilla/5.0 (Windows NT 6.1; WOW64; Trident/7.0; rv:11.0) like Gecko"
213.153.47.173 - - [23/Aug/2018:12:00:52 +0200] "GET /reload?ser=1535018449686 HTTP/1.1" 200 28 "http://renault.activities.at/login?required=true" "Mozilla/5.0 (Windows NT 10.0; Win64; x64; rv:61.0) Gecko/20100101 Firefox/61.0"
185.22.23.252 - - [23/Aug/2018:12:01:15 +0200] "GET /reload?ser=1535018475194 HTTP/1.1" 200 28 "http://renault.activities.at/account" "Mozilla/5.0 (Windows NT 6.3; WOW64; Trident/7.0; rv:11.0) like Gecko"
80.122.221.194 - - [23/Aug/2018:12:01:38 +0200] "GET /reload?ser=1535018498956 HTTP/1.1" 200 28 "http://renault.activities.at/success" "Mozilla/5.0 (Windows NT 10.0; Win64; x64) AppleWebKit/537.36 (KHTML, like Gecko) Chrome/64.0.3282.140 Safari/537.36 Edge/17.17134"
193.194.132.28 - - [23/Aug/2018:12:01:49 +0200] "GET /reload?ser=1535018509785 HTTP/1.1" 200 28 "http://renault.2web.at/result?searchterm=true&search=husse" "Mozilla/5.0 (Windows NT 6.1; WOW64; Trident/7.0; rv:11.0) like Gecko"
213.153.47.173 - - [23/Aug/2018:12:01:53 +0200] "GET /reload?ser=1535018510357 HTTP/1.1" 200 28 "http://renault.activities.at/login?required=true" "Mozilla/5.0 (Windows NT 10.0; Win64; x64; rv:61.0) Gecko/20100101 Firefox/61.0"
185.22.23.252 - - [23/Aug/2018:12:02:16 +0200] "GET /reload?ser=1535018536141 HTTP/1.1" 200 28 "http://renault.activities.at/account" "Mozilla/5.0 (Windows NT 6.3; WOW64; Trident/7.0; rv:11.0) like Gecko"
80.122.221.194 - - [23/Aug/2018:12:02:40 +0200] "GET /reload?ser=1535018560948 HTTP/1.1" 200 28 "http://renault.activities.at/success" "Mozilla/5.0 (Windows NT 10.0; Win64; x64) AppleWebKit/537.36 (KHTML, like Gecko) Chrome/64.0.3282.140 Safari/537.36 Edge/17.17134"
193.194.132.28 - - [23/Aug/2018:12:02:51 +0200] "GET /reload?ser=1535018570892 HTTP/1.1" 200 28 "http://renault.2web.at/result?searchterm=true&search=husse" "Mozilla/5.0 (Windows NT 6.1; WOW64; Trident/7.0; rv:11.0) like Gecko"
213.153.47.173 - - [23/Aug/2018:12:02:53 +0200] "GET /reload?ser=1535018571006 HTTP/1.1" 200 28 "http://renault.activities.at/login?required=true" "Mozilla/5.0 (Windows NT 10.0; Win64; x64; rv:61.0) Gecko/20100101 Firefox/61.0"
185.22.23.252 - - [23/Aug/2018:12:03:17 +0200] "GET /reload?ser=1535018597064 HTTP/1.1" 200 28 "http://renault.activities.at/account" "Mozilla/5.0 (Windows NT 6.3; WOW64; Trident/7.0; rv:11.0) like Gecko"
80.122.221.194 - - [23/Aug/2018:12:03:41 +0200] "GET /reload?ser=1535018621960 HTTP/1.1" 200 28 "http://renault.activities.at/success" "Mozilla/5.0 (Windows NT 10.0; Win64; x64) AppleWebKit/537.36 (KHTML, like Gecko) Chrome/64.0.3282.140 Safari/537.36 Edge/17.17134"
193.194.132.28 - - [23/Aug/2018:12:03:52 +0200] "GET /reload?ser=1535018632028 HTTP/1.1" 200 28 "http://renault.2web.at/result?searchterm=true&search=husse" "Mozilla/5.0 (Windows NT 6.1; WOW64; Trident/7.0; rv:11.0) like Gecko"
213.153.47.173 - - [23/Aug/2018:12:03:54 +0200] "GET /reload?ser=1535018631656 HTTP/1.1" 200 28 "http://renault.activities.at/login?required=true" "Mozilla/5.0 (Windows NT 10.0; Win64; x64; rv:61.0) Gecko/20100101 Firefox/61.0"
185.22.23.252 - - [23/Aug/2018:12:04:17 +0200] "GET /reload?ser=1535018657990 HTTP/1.1" 200 28 "http://renault.activities.at/account" "Mozilla/5.0 (Windows NT 6.3; WOW64; Trident/7.0; rv:11.0) like Gecko"
80.122.221.194 - - [23/Aug/2018:12:04:42 +0200] "GET /reload?ser=1535018682954 HTTP/1.1" 200 28 "http://renault.activities.at/success" "Mozilla/5.0 (Windows NT 10.0; Win64; x64) AppleWebKit/537.36 (KHTML, like Gecko) Chrome/64.0.3282.140 Safari/537.36 Edge/17.17134"
193.194.132.28 - - [23/Aug/2018:12:04:53 +0200] "GET /reload?ser=1535018693106 HTTP/1.1" 200 28 "http://renault.2web.at/result?searchterm=true&search=husse" "Mozilla/5.0 (Windows NT 6.1; WOW64; Trident/7.0; rv:11.0) like Gecko"
213.153.47.173 - - [23/Aug/2018:12:04:55 +0200] "GET /reload?ser=1535018692326 HTTP/1.1" 200 28 "http://renault.activities.at/login?required=true" "Mozilla/5.0 (Windows NT 10.0; Win64; x64; rv:61.0) Gecko/20100101 Firefox/61.0"
185.22.23.252 - - [23/Aug/2018:12:05:18 +0200] "GET /reload?ser=1535018718941 HTTP/1.1" 200 28 "http://renault.activities.at/account" "Mozilla/5.0 (Windows NT 6.3; WOW64; Trident/7.0; rv:11.0) like Gecko"
80.122.221.194 - - [23/Aug/2018:12:05:43 +0200] "GET /reload?ser=1535018743947 HTTP/1.1" 200 28 "http://renault.activities.at/success" "Mozilla/5.0 (Windows NT 10.0; Win64; x64) AppleWebKit/537.36 (KHTML, like Gecko) Chrome/64.0.3282.140 Safari/537.36 Edge/17.17134"
193.194.132.28 - - [23/Aug/2018:12:05:54 +0200] "GET /reload?ser=1535018754178 HTTP/1.1" 200 28 "http://renault.2web.at/result?searchterm=true&search=husse" "Mozilla/5.0 (Windows NT 6.1; WOW64; Trident/7.0; rv:11.0) like Gecko"
213.153.47.173 - - [23/Aug/2018:12:05:55 +0200] "GET /reload?ser=1535018752985 HTTP/1.1" 200 28 "http://renault.activities.at/login?required=true" "Mozilla/5.0 (Windows NT 10.0; Win64; x64; rv:61.0) Gecko/20100101 Firefox/61.0"
185.22.23.252 - - [23/Aug/2018:12:06:19 +0200] "GET /reload?ser=1535018779864 HTTP/1.1" 200 28 "http://renault.activities.at/account" "Mozilla/5.0 (Windows NT 6.3; WOW64; Trident/7.0; rv:11.0) like Gecko"
80.122.221.194 - - [23/Aug/2018:12:06:45 +0200] "GET /reload?ser=1535018804946 HTTP/1.1" 200 28 "http://renault.activities.at/success" "Mozilla/5.0 (Windows NT 10.0; Win64; x64) AppleWebKit/537.36 (KHTML, like Gecko) Chrome/64.0.3282.140 Safari/537.36 Edge/17.17134"
193.194.132.28 - - [23/Aug/2018:12:06:55 +0200] "GET /reload?ser=1535018815227 HTTP/1.1" 200 28 "http://renault.2web.at/result?searchterm=true&search=husse" "Mozilla/5.0 (Windows NT 6.1; WOW64; Trident/7.0; rv:11.0) like Gecko"
213.153.47.173 - - [23/Aug/2018:12:06:56 +0200] "GET /reload?ser=1535018813636 HTTP/1.1" 200 28 "http://renault.activities.at/login?required=true" "Mozilla/5.0 (Windows NT 10.0; Win64; x64; rv:61.0) Gecko/20100101 Firefox/61.0"
185.22.23.252 - - [23/Aug/2018:12:07:20 +0200] "GET /reload?ser=1535018840835 HTTP/1.1" 200 28 "http://renault.activities.at/account" "Mozilla/5.0 (Windows NT 6.3; WOW64; Trident/7.0; rv:11.0) like Gecko"
80.122.221.194 - - [23/Aug/2018:12:07:46 +0200] "GET /reload?ser=1535018866959 HTTP/1.1" 200 28 "http://renault.activities.at/success" "Mozilla/5.0 (Windows NT 10.0; Win64; x64) AppleWebKit/537.36 (KHTML, like Gecko) Chrome/64.0.3282.140 Safari/537.36 Edge/17.17134"
193.194.132.28 - - [23/Aug/2018:12:07:56 +0200] "GET /reload?ser=1535018876329 HTTP/1.1" 200 28 "http://renault.2web.at/result?searchterm=true&search=husse" "Mozilla/5.0 (Windows NT 6.1; WOW64; Trident/7.0; rv:11.0) like Gecko"
213.153.47.173 - - [23/Aug/2018:12:07:57 +0200] "GET /reload?ser=1535018874286 HTTP/1.1" 200 28 "http://renault.activities.at/login?required=true" "Mozilla/5.0 (Windows NT 10.0; Win64; x64; rv:61.0) Gecko/20100101 Firefox/61.0"
185.22.23.252 - - [23/Aug/2018:12:08:21 +0200] "GET /reload?ser=1535018901795 HTTP/1.1" 200 28 "http://renault.activities.at/account" "Mozilla/5.0 (Windows NT 6.3; WOW64; Trident/7.0; rv:11.0) like Gecko"
80.122.221.194 - - [23/Aug/2018:12:08:47 +0200] "GET /reload?ser=1535018927957 HTTP/1.1" 200 28 "http://renault.activities.at/success" "Mozilla/5.0 (Windows NT 10.0; Win64; x64) AppleWebKit/537.36 (KHTML, like Gecko) Chrome/64.0.3282.140 Safari/537.36 Edge/17.17134"
213.153.47.173 - - [23/Aug/2018:12:08:57 +0200] "GET /reload?ser=1535018934936 HTTP/1.1" 200 28 "http://renault.activities.at/login?required=true" "Mozilla/5.0 (Windows NT 10.0; Win64; x64; rv:61.0) Gecko/20100101 Firefox/61.0"
193.194.132.28 - - [23/Aug/2018:12:08:57 +0200] "GET /reload?ser=1535018937382 HTTP/1.1" 200 28 "http://renault.2web.at/result?searchterm=true&search=husse" "Mozilla/5.0 (Windows NT 6.1; WOW64; Trident/7.0; rv:11.0) like Gecko"
185.22.23.252 - - [23/Aug/2018:12:09:22 +0200] "GET /reload?ser=1535018962726 HTTP/1.1" 200 28 "http://renault.activities.at/account" "Mozilla/5.0 (Windows NT 6.3; WOW64; Trident/7.0; rv:11.0) like Gecko"
80.122.221.194 - - [23/Aug/2018:12:09:49 +0200] "GET /reload?ser=1535018989953 HTTP/1.1" 200 28 "http://renault.activities.at/success" "Mozilla/5.0 (Windows NT 10.0; Win64; x64) AppleWebKit/537.36 (KHTML, like Gecko) Chrome/64.0.3282.140 Safari/537.36 Edge/17.17134"
213.153.47.173 - - [23/Aug/2018:12:09:58 +0200] "GET /reload?ser=1535018995596 HTTP/1.1" 200 28 "http://renault.activities.at/login?required=true" "Mozilla/5.0 (Windows NT 10.0; Win64; x64; rv:61.0) Gecko/20100101 Firefox/61.0"
193.194.132.28 - - [23/Aug/2018:12:09:58 +0200] "GET /reload?ser=1535018998492 HTTP/1.1" 200 28 "http://renault.2web.at/result?searchterm=true&search=husse" "Mozilla/5.0 (Windows NT 6.1; WOW64; Trident/7.0; rv:11.0) like Gecko"
185.22.23.252 - - [23/Aug/2018:12:10:23 +0200] "GET /reload?ser=1535019023646 HTTP/1.1" 200 28 "http://renault.activities.at/account" "Mozilla/5.0 (Windows NT 6.3; WOW64; Trident/7.0; rv:11.0) like Gecko"
80.122.221.194 - - [23/Aug/2018:12:10:50 +0200] "GET /reload?ser=1535019050947 HTTP/1.1" 200 28 "http://renault.activities.at/success" "Mozilla/5.0 (Windows NT 10.0; Win64; x64) AppleWebKit/537.36 (KHTML, like Gecko) Chrome/64.0.3282.140 Safari/537.36 Edge/17.17134"
213.153.47.173 - - [23/Aug/2018:12:10:59 +0200] "GET /reload?ser=1535019056256 HTTP/1.1" 200 28 "http://renault.activities.at/login?required=true" "Mozilla/5.0 (Windows NT 10.0; Win64; x64; rv:61.0) Gecko/20100101 Firefox/61.0"
193.194.132.28 - - [23/Aug/2018:12:10:59 +0200] "GET /reload?ser=1535019059571 HTTP/1.1" 200 28 "http://renault.2web.at/result?searchterm=true&search=husse" "Mozilla/5.0 (Windows NT 6.1; WOW64; Trident/7.0; rv:11.0) like Gecko"
185.22.23.252 - - [23/Aug/2018:12:11:24 +0200] "GET /reload?ser=1535019084550 HTTP/1.1" 200 28 "http://renault.activities.at/account" "Mozilla/5.0 (Windows NT 6.3; WOW64; Trident/7.0; rv:11.0) like Gecko"
80.122.221.194 - - [23/Aug/2018:12:11:51 +0200] "GET /reload?ser=1535019111945 HTTP/1.1" 200 28 "http://renault.activities.at/success" "Mozilla/5.0 (Windows NT 10.0; Win64; x64) AppleWebKit/537.36 (KHTML, like Gecko) Chrome/64.0.3282.140 Safari/537.36 Edge/17.17134"
213.153.47.173 - - [23/Aug/2018:12:11:59 +0200] "GET /reload?ser=1535019116935 HTTP/1.1" 200 28 "http://renault.activities.at/login?required=true" "Mozilla/5.0 (Windows NT 10.0; Win64; x64; rv:61.0) Gecko/20100101 Firefox/61.0"
193.194.132.28 - - [23/Aug/2018:12:12:00 +0200] "GET /reload?ser=1535019120678 HTTP/1.1" 200 28 "http://renault.2web.at/result?searchterm=true&search=husse" "Mozilla/5.0 (Windows NT 6.1; WOW64; Trident/7.0; rv:11.0) like Gecko"
185.22.23.252 - - [23/Aug/2018:12:12:25 +0200] "GET /reload?ser=1535019145473 HTTP/1.1" 200 28 "http://renault.activities.at/account" "Mozilla/5.0 (Windows NT 6.3; WOW64; Trident/7.0; rv:11.0) like Gecko"
80.122.221.194 - - [23/Aug/2018:12:12:53 +0200] "GET /reload?ser=1535019173947 HTTP/1.1" 200 28 "http://renault.activities.at/success" "Mozilla/5.0 (Windows NT 10.0; Win64; x64) AppleWebKit/537.36 (KHTML, like Gecko) Chrome/64.0.3282.140 Safari/537.36 Edge/17.17134"
213.153.47.173 - - [23/Aug/2018:12:13:00 +0200] "GET /reload?ser=1535019177595 HTTP/1.1" 200 28 "http://renault.activities.at/login?required=true" "Mozilla/5.0 (Windows NT 10.0; Win64; x64; rv:61.0) Gecko/20100101 Firefox/61.0"
193.194.132.28 - - [23/Aug/2018:12:13:02 +0200] "GET /reload?ser=1535019181788 HTTP/1.1" 200 28 "http://renault.2web.at/result?searchterm=true&search=husse" "Mozilla/5.0 (Windows NT 6.1; WOW64; Trident/7.0; rv:11.0) like Gecko"
185.22.23.252 - - [23/Aug/2018:12:13:26 +0200] "GET /reload?ser=1535019206380 HTTP/1.1" 200 28 "http://renault.activities.at/account" "Mozilla/5.0 (Windows NT 6.3; WOW64; Trident/7.0; rv:11.0) like Gecko"
80.122.221.194 - - [23/Aug/2018:12:13:54 +0200] "GET /reload?ser=1535019234942 HTTP/1.1" 200 28 "http://renault.activities.at/success" "Mozilla/5.0 (Windows NT 10.0; Win64; x64) AppleWebKit/537.36 (KHTML, like Gecko) Chrome/64.0.3282.140 Safari/537.36 Edge/17.17134"
213.153.47.173 - - [23/Aug/2018:12:14:01 +0200] "GET /reload?ser=1535019238256 HTTP/1.1" 200 28 "http://renault.activities.at/login?required=true" "Mozilla/5.0 (Windows NT 10.0; Win64; x64; rv:61.0) Gecko/20100101 Firefox/61.0"
193.194.132.28 - - [23/Aug/2018:12:14:03 +0200] "GET /reload?ser=1535019242861 HTTP/1.1" 200 28 "http://renault.2web.at/result?searchterm=true&search=husse" "Mozilla/5.0 (Windows NT 6.1; WOW64; Trident/7.0; rv:11.0) like Gecko"
185.22.23.252 - - [23/Aug/2018:12:14:27 +0200] "GET /reload?ser=1535019267286 HTTP/1.1" 200 28 "http://renault.activities.at/account" "Mozilla/5.0 (Windows NT 6.3; WOW64; Trident/7.0; rv:11.0) like Gecko"
80.122.221.194 - - [23/Aug/2018:12:14:55 +0200] "GET /reload?ser=1535019295941 HTTP/1.1" 200 28 "http://renault.activities.at/success" "Mozilla/5.0 (Windows NT 10.0; Win64; x64) AppleWebKit/537.36 (KHTML, like Gecko) Chrome/64.0.3282.140 Safari/537.36 Edge/17.17134"
213.153.47.173 - - [23/Aug/2018:12:15:01 +0200] "GET /reload?ser=1535019298906 HTTP/1.1" 200 28 "http://renault.activities.at/login?required=true" "Mozilla/5.0 (Windows NT 10.0; Win64; x64; rv:61.0) Gecko/20100101 Firefox/61.0"
193.194.132.28 - - [23/Aug/2018:12:15:04 +0200] "GET /reload?ser=1535019303967 HTTP/1.1" 200 28 "http://renault.2web.at/result?searchterm=true&search=husse" "Mozilla/5.0 (Windows NT 6.1; WOW64; Trident/7.0; rv:11.0) like Gecko"
185.22.23.252 - - [23/Aug/2018:12:15:28 +0200] "GET /reload?ser=1535019328186 HTTP/1.1" 200 28 "http://renault.activities.at/account" "Mozilla/5.0 (Windows NT 6.3; WOW64; Trident/7.0; rv:11.0) like Gecko"
207.46.13.11 - - [23/Aug/2018:12:15:54 +0200] "GET /loadthumbnail.php?id=10995605&width=113 HTTP/1.1" 200 1252 "-" "Mozilla/5.0 (compatible; bingbot/2.0; +http://www.bing.com/bingbot.htm)"
80.122.221.194 - - [23/Aug/2018:12:15:56 +0200] "GET /reload?ser=1535019356944 HTTP/1.1" 200 28 "http://renault.activities.at/success" "Mozilla/5.0 (Windows NT 10.0; Win64; x64) AppleWebKit/537.36 (KHTML, like Gecko) Chrome/64.0.3282.140 Safari/537.36 Edge/17.17134"
213.153.47.173 - - [23/Aug/2018:12:16:02 +0200] "GET /reload?ser=1535019359566 HTTP/1.1" 200 28 "http://renault.activities.at/login?required=true" "Mozilla/5.0 (Windows NT 10.0; Win64; x64; rv:61.0) Gecko/20100101 Firefox/61.0"
193.194.132.28 - - [23/Aug/2018:12:16:05 +0200] "GET /reload?ser=1535019365044 HTTP/1.1" 200 28 "http://renault.2web.at/result?searchterm=true&search=husse" "Mozilla/5.0 (Windows NT 6.1; WOW64; Trident/7.0; rv:11.0) like Gecko"
185.22.23.252 - - [23/Aug/2018:12:16:29 +0200] "GET /reload?ser=1535019389113 HTTP/1.1" 200 28 "http://renault.activities.at/account" "Mozilla/5.0 (Windows NT 6.3; WOW64; Trident/7.0; rv:11.0) like Gecko"
80.122.221.194 - - [23/Aug/2018:12:16:57 +0200] "GET /reload?ser=1535019417940 HTTP/1.1" 200 28 "http://renault.activities.at/success" "Mozilla/5.0 (Windows NT 10.0; Win64; x64) AppleWebKit/537.36 (KHTML, like Gecko) Chrome/64.0.3282.140 Safari/537.36 Edge/17.17134"
213.153.47.173 - - [23/Aug/2018:12:17:03 +0200] "GET /reload?ser=1535019420225 HTTP/1.1" 200 28 "http://renault.activities.at/login?required=true" "Mozilla/5.0 (Windows NT 10.0; Win64; x64; rv:61.0) Gecko/20100101 Firefox/61.0"
193.194.132.28 - - [23/Aug/2018:12:17:06 +0200] "GET /reload?ser=1535019426143 HTTP/1.1" 200 28 "http://renault.2web.at/result?searchterm=true&search=husse" "Mozilla/5.0 (Windows NT 6.1; WOW64; Trident/7.0; rv:11.0) like Gecko"
185.22.23.252 - - [23/Aug/2018:12:17:30 +0200] "GET /reload?ser=1535019450062 HTTP/1.1" 200 28 "http://renault.activities.at/account" "Mozilla/5.0 (Windows NT 6.3; WOW64; Trident/7.0; rv:11.0) like Gecko"
80.122.221.194 - - [23/Aug/2018:12:17:58 +0200] "GET /reload?ser=1535019478950 HTTP/1.1" 200 28 "http://renault.activities.at/success" "Mozilla/5.0 (Windows NT 10.0; Win64; x64) AppleWebKit/537.36 (KHTML, like Gecko) Chrome/64.0.3282.140 Safari/537.36 Edge/17.17134"
213.153.47.173 - - [23/Aug/2018:12:18:03 +0200] "GET /reload?ser=1535019480876 HTTP/1.1" 200 28 "http://renault.activities.at/login?required=true" "Mozilla/5.0 (Windows NT 10.0; Win64; x64; rv:61.0) Gecko/20100101 Firefox/61.0"
193.194.132.28 - - [23/Aug/2018:12:18:07 +0200] "GET /reload?ser=1535019487229 HTTP/1.1" 200 28 "http://renault.2web.at/result?searchterm=true&search=husse" "Mozilla/5.0 (Windows NT 6.1; WOW64; Trident/7.0; rv:11.0) like Gecko"
185.22.23.252 - - [23/Aug/2018:12:18:30 +0200] "GET /reload?ser=1535019510981 HTTP/1.1" 200 28 "http://renault.activities.at/account" "Mozilla/5.0 (Windows NT 6.3; WOW64; Trident/7.0; rv:11.0) like Gecko"
80.122.221.194 - - [23/Aug/2018:12:18:59 +0200] "GET /reload?ser=1535019539945 HTTP/1.1" 200 28 "http://renault.activities.at/success" "Mozilla/5.0 (Windows NT 10.0; Win64; x64) AppleWebKit/537.36 (KHTML, like Gecko) Chrome/64.0.3282.140 Safari/537.36 Edge/17.17134"
213.153.47.173 - - [23/Aug/2018:12:19:04 +0200] "GET /reload?ser=1535019541556 HTTP/1.1" 200 28 "http://renault.activities.at/login?required=true" "Mozilla/5.0 (Windows NT 10.0; Win64; x64; rv:61.0) Gecko/20100101 Firefox/61.0"
193.194.132.28 - - [23/Aug/2018:12:19:08 +0200] "GET /reload?ser=1535019548334 HTTP/1.1" 200 28 "http://renault.2web.at/result?searchterm=true&search=husse" "Mozilla/5.0 (Windows NT 6.1; WOW64; Trident/7.0; rv:11.0) like Gecko"
185.22.23.252 - - [23/Aug/2018:12:19:31 +0200] "GET /reload?ser=1535019571902 HTTP/1.1" 200 28 "http://renault.activities.at/account" "Mozilla/5.0 (Windows NT 6.3; WOW64; Trident/7.0; rv:11.0) like Gecko"
80.122.221.194 - - [23/Aug/2018:12:20:00 +0200] "GET /reload?ser=1535019600948 HTTP/1.1" 200 28 "http://renault.activities.at/success" "Mozilla/5.0 (Windows NT 10.0; Win64; x64) AppleWebKit/537.36 (KHTML, like Gecko) Chrome/64.0.3282.140 Safari/537.36 Edge/17.17134"
213.153.47.173 - - [23/Aug/2018:12:20:05 +0200] "GET /reload?ser=1535019602205 HTTP/1.1" 200 28 "http://renault.activities.at/login?required=true" "Mozilla/5.0 (Windows NT 10.0; Win64; x64; rv:61.0) Gecko/20100101 Firefox/61.0"
193.194.132.28 - - [23/Aug/2018:12:20:09 +0200] "GET /reload?ser=1535019609439 HTTP/1.1" 200 28 "http://renault.2web.at/result?searchterm=true&search=husse" "Mozilla/5.0 (Windows NT 6.1; WOW64; Trident/7.0; rv:11.0) like Gecko"
185.22.23.252 - - [23/Aug/2018:12:20:32 +0200] "GET /reload?ser=1535019632819 HTTP/1.1" 200 28 "http://renault.activities.at/account" "Mozilla/5.0 (Windows NT 6.3; WOW64; Trident/7.0; rv:11.0) like Gecko"
80.122.221.194 - - [23/Aug/2018:12:21:01 +0200] "GET /reload?ser=1535019661940 HTTP/1.1" 200 28 "http://renault.activities.at/success" "Mozilla/5.0 (Windows NT 10.0; Win64; x64) AppleWebKit/537.36 (KHTML, like Gecko) Chrome/64.0.3282.140 Safari/537.36 Edge/17.17134"
213.153.47.173 - - [23/Aug/2018:12:21:05 +0200] "GET /reload?ser=1535019662875 HTTP/1.1" 200 28 "http://renault.activities.at/login?required=true" "Mozilla/5.0 (Windows NT 10.0; Win64; x64; rv:61.0) Gecko/20100101 Firefox/61.0"
193.194.132.28 - - [23/Aug/2018:12:21:10 +0200] "GET /reload?ser=1535019670512 HTTP/1.1" 200 28 "http://renault.2web.at/result?searchterm=true&search=husse" "Mozilla/5.0 (Windows NT 6.1; WOW64; Trident/7.0; rv:11.0) like Gecko"
185.22.23.252 - - [23/Aug/2018:12:21:33 +0200] "GET /reload?ser=1535019693746 HTTP/1.1" 200 28 "http://renault.activities.at/account" "Mozilla/5.0 (Windows NT 6.3; WOW64; Trident/7.0; rv:11.0) like Gecko"
80.122.221.194 - - [23/Aug/2018:12:22:02 +0200] "GET /reload?ser=1535019722940 HTTP/1.1" 200 28 "http://renault.activities.at/success" "Mozilla/5.0 (Windows NT 10.0; Win64; x64) AppleWebKit/537.36 (KHTML, like Gecko) Chrome/64.0.3282.140 Safari/537.36 Edge/17.17134"
213.153.47.173 - - [23/Aug/2018:12:22:06 +0200] "GET /reload?ser=1535019723535 HTTP/1.1" 200 28 "http://renault.activities.at/login?required=true" "Mozilla/5.0 (Windows NT 10.0; Win64; x64; rv:61.0) Gecko/20100101 Firefox/61.0"
193.194.132.28 - - [23/Aug/2018:12:22:11 +0200] "GET /reload?ser=1535019731563 HTTP/1.1" 200 28 "http://renault.2web.at/result?searchterm=true&search=husse" "Mozilla/5.0 (Windows NT 6.1; WOW64; Trident/7.0; rv:11.0) like Gecko"
185.22.23.252 - - [23/Aug/2018:12:22:34 +0200] "GET /reload?ser=1535019754675 HTTP/1.1" 200 28 "http://renault.activities.at/account" "Mozilla/5.0 (Windows NT 6.3; WOW64; Trident/7.0; rv:11.0) like Gecko"
80.122.221.194 - - [23/Aug/2018:12:23:03 +0200] "GET /reload?ser=1535019783947 HTTP/1.1" 200 28 "http://renault.activities.at/success" "Mozilla/5.0 (Windows NT 10.0; Win64; x64) AppleWebKit/537.36 (KHTML, like Gecko) Chrome/64.0.3282.140 Safari/537.36 Edge/17.17134"
213.153.47.173 - - [23/Aug/2018:12:23:07 +0200] "GET /reload?ser=1535019784205 HTTP/1.1" 200 28 "http://renault.activities.at/login?required=true" "Mozilla/5.0 (Windows NT 10.0; Win64; x64; rv:61.0) Gecko/20100101 Firefox/61.0"
193.194.132.28 - - [23/Aug/2018:12:23:12 +0200] "GET /reload?ser=1535019792678 HTTP/1.1" 200 28 "http://renault.2web.at/result?searchterm=true&search=husse" "Mozilla/5.0 (Windows NT 6.1; WOW64; Trident/7.0; rv:11.0) like Gecko"
185.22.23.252 - - [23/Aug/2018:12:23:35 +0200] "GET /reload?ser=1535019815594 HTTP/1.1" 200 28 "http://renault.activities.at/account" "Mozilla/5.0 (Windows NT 6.3; WOW64; Trident/7.0; rv:11.0) like Gecko"
80.122.221.194 - - [23/Aug/2018:12:24:04 +0200] "GET /reload?ser=1535019844952 HTTP/1.1" 200 28 "http://renault.activities.at/success" "Mozilla/5.0 (Windows NT 10.0; Win64; x64) AppleWebKit/537.36 (KHTML, like Gecko) Chrome/64.0.3282.140 Safari/537.36 Edge/17.17134"
213.153.47.173 - - [23/Aug/2018:12:24:07 +0200] "GET /reload?ser=1535019844865 HTTP/1.1" 200 28 "http://renault.activities.at/login?required=true" "Mozilla/5.0 (Windows NT 10.0; Win64; x64; rv:61.0) Gecko/20100101 Firefox/61.0"
193.194.132.28 - - [23/Aug/2018:12:24:14 +0200] "GET /reload?ser=1535019853791 HTTP/1.1" 200 28 "http://renault.2web.at/result?searchterm=true&search=husse" "Mozilla/5.0 (Windows NT 6.1; WOW64; Trident/7.0; rv:11.0) like Gecko"
185.22.23.252 - - [23/Aug/2018:12:24:36 +0200] "GET /reload?ser=1535019876542 HTTP/1.1" 200 28 "http://renault.activities.at/account" "Mozilla/5.0 (Windows NT 6.3; WOW64; Trident/7.0; rv:11.0) like Gecko"
80.122.221.194 - - [23/Aug/2018:12:25:05 +0200] "GET /reload?ser=1535019905936 HTTP/1.1" 200 28 "http://renault.activities.at/success" "Mozilla/5.0 (Windows NT 10.0; Win64; x64) AppleWebKit/537.36 (KHTML, like Gecko) Chrome/64.0.3282.140 Safari/537.36 Edge/17.17134"
213.153.47.173 - - [23/Aug/2018:12:25:08 +0200] "GET /reload?ser=1535019905515 HTTP/1.1" 200 28 "http://renault.activities.at/login?required=true" "Mozilla/5.0 (Windows NT 10.0; Win64; x64; rv:61.0) Gecko/20100101 Firefox/61.0"
193.194.132.28 - - [23/Aug/2018:12:25:15 +0200] "GET /reload?ser=1535019914884 HTTP/1.1" 200 28 "http://renault.2web.at/result?searchterm=true&search=husse" "Mozilla/5.0 (Windows NT 6.1; WOW64; Trident/7.0; rv:11.0) like Gecko"
185.22.23.252 - - [23/Aug/2018:12:25:37 +0200] "GET /reload?ser=1535019937436 HTTP/1.1" 200 28 "http://renault.activities.at/account" "Mozilla/5.0 (Windows NT 6.3; WOW64; Trident/7.0; rv:11.0) like Gecko"
80.122.221.194 - - [23/Aug/2018:12:26:06 +0200] "GET /reload?ser=1535019966939 HTTP/1.1" 200 28 "http://renault.activities.at/success" "Mozilla/5.0 (Windows NT 10.0; Win64; x64) AppleWebKit/537.36 (KHTML, like Gecko) Chrome/64.0.3282.140 Safari/537.36 Edge/17.17134"
213.153.47.173 - - [23/Aug/2018:12:26:09 +0200] "GET /reload?ser=1535019966174 HTTP/1.1" 200 28 "http://renault.activities.at/login?required=true" "Mozilla/5.0 (Windows NT 10.0; Win64; x64; rv:61.0) Gecko/20100101 Firefox/61.0"
193.194.132.28 - - [23/Aug/2018:12:26:16 +0200] "GET /reload?ser=1535019975985 HTTP/1.1" 200 28 "http://renault.2web.at/result?searchterm=true&search=husse" "Mozilla/5.0 (Windows NT 6.1; WOW64; Trident/7.0; rv:11.0) like Gecko"
185.22.23.252 - - [23/Aug/2018:12:26:38 +0200] "GET /reload?ser=1535019998392 HTTP/1.1" 200 28 "http://renault.activities.at/account" "Mozilla/5.0 (Windows NT 6.3; WOW64; Trident/7.0; rv:11.0) like Gecko"
80.122.221.194 - - [23/Aug/2018:12:27:07 +0200] "GET /reload?ser=1535020027942 HTTP/1.1" 200 28 "http://renault.activities.at/success" "Mozilla/5.0 (Windows NT 10.0; Win64; x64) AppleWebKit/537.36 (KHTML, like Gecko) Chrome/64.0.3282.140 Safari/537.36 Edge/17.17134"
213.153.47.173 - - [23/Aug/2018:12:27:09 +0200] "GET /reload?ser=1535020026824 HTTP/1.1" 200 28 "http://renault.activities.at/login?required=true" "Mozilla/5.0 (Windows NT 10.0; Win64; x64; rv:61.0) Gecko/20100101 Firefox/61.0"
193.194.132.28 - - [23/Aug/2018:12:27:17 +0200] "GET /reload?ser=1535020037051 HTTP/1.1" 200 28 "http://renault.2web.at/result?searchterm=true&search=husse" "Mozilla/5.0 (Windows NT 6.1; WOW64; Trident/7.0; rv:11.0) like Gecko"
185.22.23.252 - - [23/Aug/2018:12:27:39 +0200] "GET /reload?ser=1535020059342 HTTP/1.1" 200 28 "http://renault.activities.at/account" "Mozilla/5.0 (Windows NT 6.3; WOW64; Trident/7.0; rv:11.0) like Gecko"
80.122.221.194 - - [23/Aug/2018:12:28:08 +0200] "GET /reload?ser=1535020088942 HTTP/1.1" 200 28 "http://renault.activities.at/success" "Mozilla/5.0 (Windows NT 10.0; Win64; x64) AppleWebKit/537.36 (KHTML, like Gecko) Chrome/64.0.3282.140 Safari/537.36 Edge/17.17134"
213.153.47.173 - - [23/Aug/2018:12:28:10 +0200] "GET /reload?ser=1535020087485 HTTP/1.1" 200 28 "http://renault.activities.at/login?required=true" "Mozilla/5.0 (Windows NT 10.0; Win64; x64; rv:61.0) Gecko/20100101 Firefox/61.0"
193.194.132.28 - - [23/Aug/2018:12:28:18 +0200] "GET /reload?ser=1535020098151 HTTP/1.1" 200 28 "http://renault.2web.at/result?searchterm=true&search=husse" "Mozilla/5.0 (Windows NT 6.1; WOW64; Trident/7.0; rv:11.0) like Gecko"
185.22.23.252 - - [23/Aug/2018:12:28:40 +0200] "GET /reload?ser=1535020120268 HTTP/1.1" 200 28 "http://renault.activities.at/account" "Mozilla/5.0 (Windows NT 6.3; WOW64; Trident/7.0; rv:11.0) like Gecko"
80.122.221.194 - - [23/Aug/2018:12:29:09 +0200] "GET /reload?ser=1535020149946 HTTP/1.1" 200 28 "http://renault.activities.at/success" "Mozilla/5.0 (Windows NT 10.0; Win64; x64) AppleWebKit/537.36 (KHTML, like Gecko) Chrome/64.0.3282.140 Safari/537.36 Edge/17.17134"
213.153.47.173 - - [23/Aug/2018:12:29:11 +0200] "GET /reload?ser=1535020148146 HTTP/1.1" 200 28 "http://renault.activities.at/login?required=true" "Mozilla/5.0 (Windows NT 10.0; Win64; x64; rv:61.0) Gecko/20100101 Firefox/61.0"
193.194.132.28 - - [23/Aug/2018:12:29:19 +0200] "GET /reload?ser=1535020159189 HTTP/1.1" 200 28 "http://renault.2web.at/result?searchterm=true&search=husse" "Mozilla/5.0 (Windows NT 6.1; WOW64; Trident/7.0; rv:11.0) like Gecko"
185.22.23.252 - - [23/Aug/2018:12:29:41 +0200] "GET /reload?ser=1535020181179 HTTP/1.1" 200 28 "http://renault.activities.at/account" "Mozilla/5.0 (Windows NT 6.3; WOW64; Trident/7.0; rv:11.0) like Gecko"
213.153.47.173 - - [23/Aug/2018:12:30:11 +0200] "GET /reload?ser=1535020208823 HTTP/1.1" 200 28 "http://renault.activities.at/login?required=true" "Mozilla/5.0 (Windows NT 10.0; Win64; x64; rv:61.0) Gecko/20100101 Firefox/61.0"
80.122.221.194 - - [23/Aug/2018:12:30:11 +0200] "GET /reload?ser=1535020211944 HTTP/1.1" 200 28 "http://renault.activities.at/success" "Mozilla/5.0 (Windows NT 10.0; Win64; x64) AppleWebKit/537.36 (KHTML, like Gecko) Chrome/64.0.3282.140 Safari/537.36 Edge/17.17134"
193.194.132.28 - - [23/Aug/2018:12:30:20 +0200] "GET /reload?ser=1535020220293 HTTP/1.1" 200 28 "http://renault.2web.at/result?searchterm=true&search=husse" "Mozilla/5.0 (Windows NT 6.1; WOW64; Trident/7.0; rv:11.0) like Gecko"
185.22.23.252 - - [23/Aug/2018:12:30:42 +0200] "GET /reload?ser=1535020242094 HTTP/1.1" 200 28 "http://renault.activities.at/account" "Mozilla/5.0 (Windows NT 6.3; WOW64; Trident/7.0; rv:11.0) like Gecko"
213.153.47.173 - - [23/Aug/2018:12:31:12 +0200] "GET /reload?ser=1535020269495 HTTP/1.1" 200 28 "http://renault.activities.at/login?required=true" "Mozilla/5.0 (Windows NT 10.0; Win64; x64; rv:61.0) Gecko/20100101 Firefox/61.0"
