80.123.225.34 - - [24/Aug/2018:13:30:38 +0200] "GET /success HTTP/1.1" 200 3786 "http://renault.activities.at/checkout" "Mozilla/5.0 (Windows NT 6.1; WOW64; Trident/7.0; rv:11.0) like Gecko"
80.123.225.34 - - [24/Aug/2018:13:30:39 +0200] "GET /cart?datachange=true HTTP/1.1" 200 3766 "http://renault.activities.at/checkout" "Mozilla/5.0 (Windows NT 6.1; WOW64; Trident/7.0; rv:11.0) like Gecko"
80.123.225.34 - - [24/Aug/2018:13:30:42 +0200] "GET /js/index.php?c=auto&f=,prototype/prototype.js,prototype/validation.js,scriptaculous/builder.js,scriptaculous/effects.js,scriptaculous/dragdrop.js,scriptaculous/controls.js,scriptaculous/slider.js,varien/js.js,varien/form.js,varien/menu.js,mage/translate.js,mage/cookies.js,varien/product.js,spinner/SpinnerControl.jsmin.js,prototype/window.js,prototype/window_ext.js HTTP/1.1" 304 - "http://renault.activities.at/cart?datachange=true" "Mozilla/5.0 (Windows NT 6.1; WOW64; Trident/7.0; rv:11.0) like Gecko"
207.46.13.34 - - [24/Aug/2018:13:31:27 +0200] "GET /10260003?mode=grid&order=name&limit=15&page=1 HTTP/1.1" 200 6528 "-" "Mozilla/5.0 (compatible; bingbot/2.0; +http://www.bing.com/bingbot.htm)"
157.55.39.131 - - [24/Aug/2018:13:46:48 +0200] "GET /10260004?mode=list&order=name&limit=10&detail=715568 HTTP/1.1" 200 3269 "-" "Mozilla/5.0 (compatible; bingbot/2.0; +http://www.bing.com/bingbot.htm)"
157.55.39.196 - - [24/Aug/2018:13:53:00 +0200] "GET /10260004?dir=DESC&mode=list&order=name&limit=10&page=1 HTTP/1.1" 200 5166 "-" "Mozilla/5.0 (compatible; bingbot/2.0; +http://www.bing.com/bingbot.htm)"
157.55.39.196 - - [24/Aug/2018:14:08:43 +0200] "GET /10260004?dir=ASC&mode=list&order=name&limit=826&detail=715568 HTTP/1.1" 200 3269 "-" "Mozilla/5.0 (compatible; bingbot/2.0; +http://www.bing.com/bingbot.htm)"
157.55.39.196 - - [24/Aug/2018:14:15:28 +0200] "GET /10260004?dir=678&mode=list&order=name&limit=10&detail=715568 HTTP/1.1" 200 3269 "-" "Mozilla/5.0 (compatible; bingbot/2.0; +http://www.bing.com/bingbot.htm)"
213.153.47.173 - - [24/Aug/2018:14:16:03 +0200] "GET /layout.php HTTP/1.1" 200 1559 "-" "Mozilla/5.0 (Windows NT 10.0; Win64; x64) AppleWebKit/537.36 (KHTML, like Gecko) Chrome/67.0.3396.87 Safari/537.36 OPR/54.0.2952.71"
213.153.47.173 - - [24/Aug/2018:14:16:04 +0200] "GET /images/favicon.ico HTTP/1.1" 404 305 "-" "Mozilla/5.0 (Windows NT 10.0; Win64; x64) AppleWebKit/537.36 (KHTML, like Gecko) Chrome/67.0.3396.87 Safari/537.36 OPR/54.0.2952.71"
207.46.13.146 - - [24/Aug/2018:14:17:48 +0200] "GET /10260003?dir=DESC&mode=grid&order=name&limit=15&page=3 HTTP/1.1" 200 5897 "-" "Mozilla/5.0 (compatible; bingbot/2.0; +http://www.bing.com/bingbot.htm)"
207.46.13.146 - - [24/Aug/2018:14:19:50 +0200] "GET /10260004?dir=38&mode=list&order=name&limit=10&detail=10538070 HTTP/1.1" 200 3737 "-" "Mozilla/5.0 (compatible; bingbot/2.0; +http://www.bing.com/bingbot.htm)"
157.55.39.196 - - [24/Aug/2018:15:11:00 +0200] "GET /10260004?dir=860&mode=list&order=name&limit=10&detail=715554 HTTP/1.1" 200 3283 "-" "Mozilla/5.0 (compatible; bingbot/2.0; +http://www.bing.com/bingbot.htm)"
157.55.39.131 - - [24/Aug/2018:15:16:46 +0200] "GET /10260003?dir=DESC&mode=grid&order=name&limit=15&page=2 HTTP/1.1" 200 6387 "-" "Mozilla/5.0 (compatible; bingbot/2.0; +http://www.bing.com/bingbot.htm)"
66.249.64.141 - - [24/Aug/2018:15:25:38 +0200] "GET /robots.txt HTTP/1.1" 404 300 "-" "Mozilla/5.0 (compatible; Googlebot/2.1; +http://www.google.com/bot.html)"
66.249.64.137 - - [24/Aug/2018:15:25:38 +0200] "GET /login HTTP/1.1" 200 2086 "-" "Mozilla/5.0 (Linux; Android 6.0.1; Nexus 5X Build/MMB29P) AppleWebKit/537.36 (KHTML, like Gecko) Chrome/41.0.2272.96 Mobile Safari/537.36 (compatible; Googlebot/2.1; +http://www.google.com/bot.html)"
80.123.80.158 - - [24/Aug/2018:15:27:10 +0200] "GET / HTTP/1.1" 200 3720 "-" "Mozilla/5.0 (iPhone; CPU iPhone OS 11_4_1 like Mac OS X) AppleWebKit/605.1.15 (KHTML, like Gecko) Version/11.0 Mobile/15E148 Safari/604.1"
80.123.80.158 - - [24/Aug/2018:15:27:12 +0200] "GET /apple-touch-icon-120x120-precomposed.png HTTP/1.1" 200 1559 "-" "MobileSafari/604.1 CFNetwork/902.2 Darwin/17.7.0"
80.123.80.158 - - [24/Aug/2018:15:27:13 +0200] "GET /apple-touch-icon-120x120.png HTTP/1.1" 200 1559 "-" "MobileSafari/604.1 CFNetwork/902.2 Darwin/17.7.0"
80.123.80.158 - - [24/Aug/2018:15:27:14 +0200] "GET /apple-touch-icon-precomposed.png HTTP/1.1" 200 1559 "-" "MobileSafari/604.1 CFNetwork/902.2 Darwin/17.7.0"
80.123.80.158 - - [24/Aug/2018:15:27:15 +0200] "GET /apple-touch-icon.png HTTP/1.1" 200 1559 "-" "MobileSafari/604.1 CFNetwork/902.2 Darwin/17.7.0"
80.123.80.158 - - [24/Aug/2018:15:27:16 +0200] "GET /images/favicon.ico HTTP/1.1" 404 305 "-" "MobileSafari/604.1 CFNetwork/902.2 Darwin/17.7.0"
80.123.80.158 - - [24/Aug/2018:15:27:16 +0200] "GET /images/favicon.ico HTTP/1.1" 404 305 "-" "MobileSafari/604.1 CFNetwork/902.2 Darwin/17.7.0"
80.123.80.158 - - [24/Aug/2018:15:27:16 +0200] "GET /favicon.ico HTTP/1.1" 200 3250 "-" "MobileSafari/604.1 CFNetwork/902.2 Darwin/17.7.0"
80.123.80.158 - - [24/Aug/2018:15:27:16 +0200] "GET /apple-touch-icon-120x120-precomposed.png HTTP/1.1" 200 1559 "-" "MobileSafari/604.1 CFNetwork/902.2 Darwin/17.7.0"
80.123.80.158 - - [24/Aug/2018:15:27:17 +0200] "GET /apple-touch-icon-120x120.png HTTP/1.1" 200 1559 "-" "MobileSafari/604.1 CFNetwork/902.2 Darwin/17.7.0"
80.123.80.158 - - [24/Aug/2018:15:27:18 +0200] "GET /apple-touch-icon-precomposed.png HTTP/1.1" 200 1559 "-" "MobileSafari/604.1 CFNetwork/902.2 Darwin/17.7.0"
80.123.80.158 - - [24/Aug/2018:15:27:19 +0200] "GET /apple-touch-icon.png HTTP/1.1" 200 1559 "-" "MobileSafari/604.1 CFNetwork/902.2 Darwin/17.7.0"
80.123.80.158 - - [24/Aug/2018:15:27:20 +0200] "GET /images/favicon.ico HTTP/1.1" 404 305 "-" "MobileSafari/604.1 CFNetwork/902.2 Darwin/17.7.0"
80.123.80.158 - - [24/Aug/2018:15:27:20 +0200] "GET /images/favicon.ico HTTP/1.1" 404 305 "-" "MobileSafari/604.1 CFNetwork/902.2 Darwin/17.7.0"
80.123.80.158 - - [24/Aug/2018:15:27:20 +0200] "GET /favicon.ico HTTP/1.1" 200 3250 "-" "MobileSafari/604.1 CFNetwork/902.2 Darwin/17.7.0"
207.46.13.146 - - [24/Aug/2018:15:37:34 +0200] "GET /10260004?dir=ASC&mode=list&order=name&detail=715562 HTTP/1.1" 200 3266 "-" "Mozilla/5.0 (compatible; bingbot/2.0; +http://www.bing.com/bingbot.htm)"
157.55.39.196 - - [24/Aug/2018:15:56:55 +0200] "GET /10260004?dir=ASC&mode=list&order=name&limit=10&detail=10538070 HTTP/1.1" 200 3737 "-" "Mozilla/5.0 (compatible; bingbot/2.0; +http://www.bing.com/bingbot.htm)"
157.55.39.73 - - [24/Aug/2018:16:04:52 +0200] "GET /10260003?dir=80&mode=grid&order=name&limit=15&page=2 HTTP/1.1" 200 2432 "-" "Mozilla/5.0 (compatible; bingbot/2.0; +http://www.bing.com/bingbot.htm)"
157.55.39.73 - - [24/Aug/2018:16:10:07 +0200] "GET /10260004?mode=grid&order=name&limit=15&page=1 HTTP/1.1" 200 4837 "-" "Mozilla/5.0 (compatible; bingbot/2.0; +http://www.bing.com/bingbot.htm)"
157.55.39.73 - - [24/Aug/2018:16:23:27 +0200] "GET /loadthumbnail.php?id=11243081&width=113 HTTP/1.1" 200 1218 "-" "Mozilla/5.0 (compatible; bingbot/2.0; +http://www.bing.com/bingbot.htm)"
157.55.39.196 - - [24/Aug/2018:16:31:05 +0200] "GET /10260004?dir=408&mode=list&order=name&limit=10&detail=10538263 HTTP/1.1" 200 3723 "-" "Mozilla/5.0 (compatible; bingbot/2.0; +http://www.bing.com/bingbot.htm)"
157.55.39.131 - - [24/Aug/2018:16:33:10 +0200] "GET /10260004?dir=DESC&mode=list&order=name&page=1 HTTP/1.1" 200 5171 "-" "Mozilla/5.0 (compatible; bingbot/2.0; +http://www.bing.com/bingbot.htm)"
157.55.39.131 - - [24/Aug/2018:16:39:08 +0200] "GET /10260003?dir=DESC&mode=grid&order=name&page=3 HTTP/1.1" 200 5899 "-" "Mozilla/5.0 (compatible; bingbot/2.0; +http://www.bing.com/bingbot.htm)"
157.55.39.73 - - [24/Aug/2018:16:43:11 +0200] "GET /10260004?mode=list&order=name&limit=10&page=1 HTTP/1.1" 200 5175 "-" "Mozilla/5.0 (compatible; bingbot/2.0; +http://www.bing.com/bingbot.htm)"
66.249.64.137 - - [24/Aug/2018:16:56:43 +0200] "GET / HTTP/1.1" 200 3720 "-" "Mozilla/5.0 (Linux; Android 6.0.1; Nexus 5X Build/MMB29P) AppleWebKit/537.36 (KHTML, like Gecko) Chrome/41.0.2272.96 Mobile Safari/537.36 (compatible; Googlebot/2.1; +http://www.google.com/bot.html)"
157.55.39.196 - - [24/Aug/2018:17:07:57 +0200] "GET /10260003?dir=DESC&mode=grid&order=name&limit=15&page=1 HTTP/1.1" 200 6526 "-" "Mozilla/5.0 (compatible; bingbot/2.0; +http://www.bing.com/bingbot.htm)"
157.55.39.196 - - [24/Aug/2018:17:55:38 +0200] "GET /10260004?dir=ASC&mode=list&order=name&detail=715552 HTTP/1.1" 200 3312 "-" "Mozilla/5.0 (compatible; bingbot/2.0; +http://www.bing.com/bingbot.htm)"
157.55.39.73 - - [24/Aug/2018:18:15:10 +0200] "GET /loadthumbnail.php?id=11075492&width=900&height=900 HTTP/1.1" 200 45728 "-" "Mozilla/5.0 (compatible; bingbot/2.0; +http://www.bing.com/bingbot.htm)"
40.77.167.135 - - [24/Aug/2018:18:15:26 +0200] "GET /10260004?mode=list&order=name&limit=10&detail=10538263 HTTP/1.1" 200 3723 "-" "Mozilla/5.0 (compatible; bingbot/2.0; +http://www.bing.com/bingbot.htm)"
157.55.39.131 - - [24/Aug/2018:18:27:49 +0200] "GET /10260004?mode=list&order=name&limit=10&detail=10538070 HTTP/1.1" 200 3737 "-" "Mozilla/5.0 (compatible; bingbot/2.0; +http://www.bing.com/bingbot.htm)"
157.55.39.73 - - [24/Aug/2018:18:31:14 +0200] "GET /10260004?dir=ASC&mode=list&order=name&limit=10&detail=715564 HTTP/1.1" 200 3609 "-" "Mozilla/5.0 (compatible; bingbot/2.0; +http://www.bing.com/bingbot.htm)"
157.55.39.73 - - [24/Aug/2018:18:33:32 +0200] "GET /10260003?dir=210&mode=grid&order=name&limit=15&page=1 HTTP/1.1" 200 2433 "-" "Mozilla/5.0 (compatible; bingbot/2.0; +http://www.bing.com/bingbot.htm)"
157.55.39.131 - - [24/Aug/2018:18:39:24 +0200] "GET /10260004?dir=ASC&mode=list&order=name&detail=715568 HTTP/1.1" 200 3269 "-" "Mozilla/5.0 (compatible; bingbot/2.0; +http://www.bing.com/bingbot.htm)"
157.55.39.131 - - [24/Aug/2018:18:39:26 +0200] "GET /10260004?dir=ASC&mode=list&order=name&limit=10&detail=715544 HTTP/1.1" 200 3581 "-" "Mozilla/5.0 (compatible; bingbot/2.0; +http://www.bing.com/bingbot.htm)"
157.55.39.196 - - [24/Aug/2018:18:45:24 +0200] "GET /10260004?mode=list&order=name&limit=10&detail=715552 HTTP/1.1" 200 3312 "-" "Mozilla/5.0 (compatible; bingbot/2.0; +http://www.bing.com/bingbot.htm)"
157.55.39.196 - - [24/Aug/2018:18:47:24 +0200] "GET /10260004?dir=ASC&mode=grid&order=name&page=1 HTTP/1.1" 200 4826 "-" "Mozilla/5.0 (compatible; bingbot/2.0; +http://www.bing.com/bingbot.htm)"
157.55.39.73 - - [24/Aug/2018:18:59:25 +0200] "GET /10260003?dir=DESC&mode=grid&order=name&page=1 HTTP/1.1" 200 6527 "-" "Mozilla/5.0 (compatible; bingbot/2.0; +http://www.bing.com/bingbot.htm)"
157.55.39.73 - - [24/Aug/2018:19:01:26 +0200] "GET /10260004?dir=ASC&mode=list&order=name&detail=715544 HTTP/1.1" 200 3581 "-" "Mozilla/5.0 (compatible; bingbot/2.0; +http://www.bing.com/bingbot.htm)"
40.77.167.135 - - [24/Aug/2018:19:05:26 +0200] "GET /10260004?mode=list&order=name&limit=10&detail=715562 HTTP/1.1" 200 3266 "-" "Mozilla/5.0 (compatible; bingbot/2.0; +http://www.bing.com/bingbot.htm)"
157.55.39.131 - - [24/Aug/2018:19:07:25 +0200] "GET /10260004?dir=ASC&mode=list&order=name&limit=126&detail=715554 HTTP/1.1" 200 3283 "-" "Mozilla/5.0 (compatible; bingbot/2.0; +http://www.bing.com/bingbot.htm)"
157.55.39.73 - - [24/Aug/2018:19:19:14 +0200] "GET /10260004?dir=ASC&mode=list&order=name&detail=10538070 HTTP/1.1" 200 3737 "-" "Mozilla/5.0 (compatible; bingbot/2.0; +http://www.bing.com/bingbot.htm)"
157.55.39.131 - - [24/Aug/2018:19:19:19 +0200] "GET /10260004?dir=320&mode=list&order=name&limit=10&detail=715552 HTTP/1.1" 200 3312 "-" "Mozilla/5.0 (compatible; bingbot/2.0; +http://www.bing.com/bingbot.htm)"
40.77.167.135 - - [24/Aug/2018:19:19:24 +0200] "GET /10260003?mode=grid&order=name&limit=15&page=2 HTTP/1.1" 200 6389 "-" "Mozilla/5.0 (compatible; bingbot/2.0; +http://www.bing.com/bingbot.htm)"
157.55.39.131 - - [24/Aug/2018:19:28:43 +0200] "GET /10260004?dir=ASC&mode=list&order=name&limit=300&detail=10538263 HTTP/1.1" 200 3723 "-" "Mozilla/5.0 (compatible; bingbot/2.0; +http://www.bing.com/bingbot.htm)"
157.55.39.73 - - [24/Aug/2018:19:30:14 +0200] "GET /10260004?dir=ASC&mode=list&order=name&detail=715554 HTTP/1.1" 200 3283 "-" "Mozilla/5.0 (compatible; bingbot/2.0; +http://www.bing.com/bingbot.htm)"
157.55.39.73 - - [24/Aug/2018:19:44:02 +0200] "GET /10260003?cat=10260306 HTTP/1.1" 200 3809 "-" "Mozilla/5.0 (compatible; bingbot/2.0; +http://www.bing.com/bingbot.htm)"
40.77.167.135 - - [24/Aug/2018:19:50:09 +0200] "GET /10260004?dir=ASC&mode=list&order=name&limit=10&detail=715552 HTTP/1.1" 200 3312 "-" "Mozilla/5.0 (compatible; bingbot/2.0; +http://www.bing.com/bingbot.htm)"
40.77.167.135 - - [24/Aug/2018:20:01:37 +0200] "GET /10260003?dir=DESC&mode=grid&order=name&page=2 HTTP/1.1" 200 6388 "-" "Mozilla/5.0 (compatible; bingbot/2.0; +http://www.bing.com/bingbot.htm)"
157.55.39.196 - - [24/Aug/2018:20:08:48 +0200] "GET /10260004?dir=ASC&mode=list&order=name&limit=908&detail=715562 HTTP/1.1" 200 3266 "-" "Mozilla/5.0 (compatible; bingbot/2.0; +http://www.bing.com/bingbot.htm)"
157.55.39.131 - - [24/Aug/2018:20:10:00 +0200] "GET /10260004?dir=ASC&mode=list&order=name&detail=715564 HTTP/1.1" 200 3609 "-" "Mozilla/5.0 (compatible; bingbot/2.0; +http://www.bing.com/bingbot.htm)"
157.55.39.196 - - [24/Aug/2018:20:10:34 +0200] "GET /10260004?dir=ASC&mode=list&order=name&limit=10&detail=715562 HTTP/1.1" 200 3266 "-" "Mozilla/5.0 (compatible; bingbot/2.0; +http://www.bing.com/bingbot.htm)"
66.249.64.137 - - [24/Aug/2018:20:21:36 +0200] "GET /images/favicon.ico HTTP/1.1" 404 305 "-" "Googlebot-Image/1.0"
66.249.64.141 - - [24/Aug/2018:20:21:37 +0200] "GET /favicon.ico HTTP/1.1" 200 3250 "-" "Googlebot-Image/1.0"
66.249.64.137 - - [24/Aug/2018:21:33:46 +0200] "GET /images/favicon.ico HTTP/1.1" 404 305 "-" "Googlebot-Image/1.0"
188.22.218.242 - - [24/Aug/2018:22:46:43 +0200] "GET / HTTP/1.1" 200 3720 "-" "Mozilla/5.0 (iPhone; CPU iPhone OS 11_4_1 like Mac OS X) AppleWebKit/605.1.15 (KHTML, like Gecko) Version/11.0 Mobile/15E148 Safari/604.1"
188.22.218.242 - - [24/Aug/2018:22:46:45 +0200] "GET /apple-touch-icon-120x120-precomposed.png HTTP/1.1" 200 1559 "-" "MobileSafari/604.1 CFNetwork/902.2 Darwin/17.7.0"
188.22.218.242 - - [24/Aug/2018:22:46:46 +0200] "GET /apple-touch-icon-120x120.png HTTP/1.1" 200 1559 "-" "MobileSafari/604.1 CFNetwork/902.2 Darwin/17.7.0"
188.22.218.242 - - [24/Aug/2018:22:46:47 +0200] "GET /apple-touch-icon-precomposed.png HTTP/1.1" 200 1559 "-" "MobileSafari/604.1 CFNetwork/902.2 Darwin/17.7.0"
188.22.218.242 - - [24/Aug/2018:22:46:48 +0200] "GET /apple-touch-icon.png HTTP/1.1" 200 1559 "-" "MobileSafari/604.1 CFNetwork/902.2 Darwin/17.7.0"
188.22.218.242 - - [24/Aug/2018:22:46:49 +0200] "GET /images/favicon.ico HTTP/1.1" 404 305 "-" "MobileSafari/604.1 CFNetwork/902.2 Darwin/17.7.0"
188.22.218.242 - - [24/Aug/2018:22:46:49 +0200] "GET /images/favicon.ico HTTP/1.1" 404 305 "-" "MobileSafari/604.1 CFNetwork/902.2 Darwin/17.7.0"
188.22.218.242 - - [24/Aug/2018:22:46:49 +0200] "GET /favicon.ico HTTP/1.1" 200 3250 "-" "MobileSafari/604.1 CFNetwork/902.2 Darwin/17.7.0"
188.22.218.242 - - [24/Aug/2018:22:46:49 +0200] "GET /apple-touch-icon-120x120-precomposed.png HTTP/1.1" 200 1559 "-" "MobileSafari/604.1 CFNetwork/902.2 Darwin/17.7.0"
188.22.218.242 - - [24/Aug/2018:22:46:50 +0200] "GET /apple-touch-icon-120x120.png HTTP/1.1" 200 1559 "-" "MobileSafari/604.1 CFNetwork/902.2 Darwin/17.7.0"
188.22.218.242 - - [24/Aug/2018:22:46:51 +0200] "GET /apple-touch-icon-precomposed.png HTTP/1.1" 200 1559 "-" "MobileSafari/604.1 CFNetwork/902.2 Darwin/17.7.0"
188.22.218.242 - - [24/Aug/2018:22:46:52 +0200] "GET /apple-touch-icon.png HTTP/1.1" 200 1559 "-" "MobileSafari/604.1 CFNetwork/902.2 Darwin/17.7.0"
188.22.218.242 - - [24/Aug/2018:22:46:54 +0200] "GET /images/favicon.ico HTTP/1.1" 404 305 "-" "MobileSafari/604.1 CFNetwork/902.2 Darwin/17.7.0"
188.22.218.242 - - [24/Aug/2018:22:46:54 +0200] "GET /images/favicon.ico HTTP/1.1" 404 305 "-" "MobileSafari/604.1 CFNetwork/902.2 Darwin/17.7.0"
188.22.218.242 - - [24/Aug/2018:22:46:54 +0200] "GET /favicon.ico HTTP/1.1" 200 3250 "-" "MobileSafari/604.1 CFNetwork/902.2 Darwin/17.7.0"
157.55.39.254 - - [25/Aug/2018:00:06:54 +0200] "GET /binaries/10661192.pdf HTTP/1.1" 200 221428 "-" "Mozilla/5.0 (iPhone; CPU iPhone OS 7_0 like Mac OS X) AppleWebKit/537.51.1 (KHTML, like Gecko) Version/7.0 Mobile/11A465 Safari/9537.53 (compatible; bingbot/2.0; +http://www.bing.com/bingbot.htm)"
157.55.39.254 - - [25/Aug/2018:01:43:14 +0200] "GET /10201442 HTTP/1.1" 302 150 "-" "Mozilla/5.0 (compatible; bingbot/2.0; +http://www.bing.com/bingbot.htm)"