213.153.47.173 - - [30/Aug/2018:11:55:31 +0200] "GET /reload?ser=1535622925335 HTTP/1.1" 200 28 "http://renault.activities.at/" "Mozilla/5.0 (Windows NT 10.0; Win64; x64; rv:61.0) Gecko/20100101 Firefox/61.0"
193.194.132.28 - - [30/Aug/2018:11:55:42 +0200] "GET /reload?ser=1535622942431 HTTP/1.1" 200 28 "http://renault.2web.at/account?loadrequest=true" "Mozilla/5.0 (Windows NT 6.1; WOW64; Trident/7.0; rv:11.0) like Gecko"
138.21.12.25 - - [30/Aug/2018:11:55:49 +0200] "GET /reload?ser=1535622949191 HTTP/1.1" 200 28 "http://renault.2web.at/result?searchterm=true&search=reh5329" "Mozilla/5.0 (Windows NT 6.1; WOW64; Trident/7.0; rv:11.0) like Gecko"
46.125.249.73 - - [30/Aug/2018:11:55:56 +0200] "GET / HTTP/1.1" 200 3720 "-" "Mozilla/5.0 (iPhone; CPU iPhone OS 11_4_1 like Mac OS X) AppleWebKit/605.1.15 (KHTML, like Gecko) Version/11.0 Mobile/15E148 Safari/604.1"
46.125.249.73 - - [30/Aug/2018:11:55:57 +0200] "GET /apple-touch-icon-120x120-precomposed.png HTTP/1.1" 200 1559 "-" "MobileSafari/604.1 CFNetwork/902.2 Darwin/17.7.0"
46.125.249.73 - - [30/Aug/2018:11:55:58 +0200] "GET /apple-touch-icon-120x120.png HTTP/1.1" 200 1559 "-" "MobileSafari/604.1 CFNetwork/902.2 Darwin/17.7.0"
46.125.249.73 - - [30/Aug/2018:11:56:00 +0200] "GET /apple-touch-icon-precomposed.png HTTP/1.1" 200 1559 "-" "MobileSafari/604.1 CFNetwork/902.2 Darwin/17.7.0"
46.125.249.73 - - [30/Aug/2018:11:56:01 +0200] "GET /apple-touch-icon.png HTTP/1.1" 200 1559 "-" "MobileSafari/604.1 CFNetwork/902.2 Darwin/17.7.0"
46.125.249.73 - - [30/Aug/2018:11:56:02 +0200] "GET /images/favicon.ico HTTP/1.1" 404 305 "-" "MobileSafari/604.1 CFNetwork/902.2 Darwin/17.7.0"
46.125.249.73 - - [30/Aug/2018:11:56:02 +0200] "GET /images/favicon.ico HTTP/1.1" 404 305 "-" "MobileSafari/604.1 CFNetwork/902.2 Darwin/17.7.0"
46.125.249.73 - - [30/Aug/2018:11:56:02 +0200] "GET /favicon.ico HTTP/1.1" 200 3250 "-" "MobileSafari/604.1 CFNetwork/902.2 Darwin/17.7.0"
46.125.249.73 - - [30/Aug/2018:11:56:02 +0200] "GET /apple-touch-icon-120x120-precomposed.png HTTP/1.1" 200 1559 "-" "MobileSafari/604.1 CFNetwork/902.2 Darwin/17.7.0"
46.125.249.73 - - [30/Aug/2018:11:56:03 +0200] "GET /apple-touch-icon-120x120.png HTTP/1.1" 200 1559 "-" "MobileSafari/604.1 CFNetwork/902.2 Darwin/17.7.0"
46.125.249.73 - - [30/Aug/2018:11:56:04 +0200] "GET /apple-touch-icon-precomposed.png HTTP/1.1" 200 1559 "-" "MobileSafari/604.1 CFNetwork/902.2 Darwin/17.7.0"
46.125.249.73 - - [30/Aug/2018:11:56:05 +0200] "GET /apple-touch-icon.png HTTP/1.1" 200 1559 "-" "MobileSafari/604.1 CFNetwork/902.2 Darwin/17.7.0"
46.125.249.73 - - [30/Aug/2018:11:56:07 +0200] "GET /images/favicon.ico HTTP/1.1" 404 305 "-" "MobileSafari/604.1 CFNetwork/902.2 Darwin/17.7.0"
46.125.249.73 - - [30/Aug/2018:11:56:07 +0200] "GET /images/favicon.ico HTTP/1.1" 404 305 "-" "MobileSafari/604.1 CFNetwork/902.2 Darwin/17.7.0"
46.125.249.73 - - [30/Aug/2018:11:56:07 +0200] "GET /favicon.ico HTTP/1.1" 200 3250 "-" "MobileSafari/604.1 CFNetwork/902.2 Darwin/17.7.0"
213.153.47.173 - - [30/Aug/2018:11:56:12 +0200] "GET /reload?ser=1535622966357 HTTP/1.1" 200 28 "http://renault.activities.at/login?required=true" "Mozilla/5.0 (Windows NT 10.0; Win64; x64; rv:61.0) Gecko/20100101 Firefox/61.0"
80.123.225.34 - - [30/Aug/2018:11:56:27 +0200] "GET /reload?ser=1535622993247 HTTP/1.1" 200 28 "http://renault.activities.at/success" "Mozilla/5.0 (compatible; MSIE 10.0; Windows NT 6.1; WOW64; Trident/6.0)"
213.153.47.173 - - [30/Aug/2018:11:56:31 +0200] "GET /reload?ser=1535622985997 HTTP/1.1" 200 28 "http://renault.activities.at/" "Mozilla/5.0 (Windows NT 10.0; Win64; x64; rv:61.0) Gecko/20100101 Firefox/61.0"
193.194.132.28 - - [30/Aug/2018:11:56:43 +0200] "GET /reload?ser=1535623003520 HTTP/1.1" 200 28 "http://renault.2web.at/account?loadrequest=true" "Mozilla/5.0 (Windows NT 6.1; WOW64; Trident/7.0; rv:11.0) like Gecko"
138.21.12.25 - - [30/Aug/2018:11:56:50 +0200] "GET /reload?ser=1535623010240 HTTP/1.1" 200 28 "http://renault.2web.at/result?searchterm=true&search=reh5329" "Mozilla/5.0 (Windows NT 6.1; WOW64; Trident/7.0; rv:11.0) like Gecko"
213.153.47.173 - - [30/Aug/2018:11:57:12 +0200] "GET /reload?ser=1535623027016 HTTP/1.1" 200 28 "http://renault.activities.at/login?required=true" "Mozilla/5.0 (Windows NT 10.0; Win64; x64; rv:61.0) Gecko/20100101 Firefox/61.0"
80.123.225.34 - - [30/Aug/2018:11:57:28 +0200] "GET /reload?ser=1535623054167 HTTP/1.1" 200 28 "http://renault.activities.at/success" "Mozilla/5.0 (compatible; MSIE 10.0; Windows NT 6.1; WOW64; Trident/6.0)"
213.153.47.173 - - [30/Aug/2018:11:57:32 +0200] "GET /reload?ser=1535623046647 HTTP/1.1" 200 28 "http://renault.activities.at/" "Mozilla/5.0 (Windows NT 10.0; Win64; x64; rv:61.0) Gecko/20100101 Firefox/61.0"
193.194.132.28 - - [30/Aug/2018:11:57:44 +0200] "GET /reload?ser=1535623064576 HTTP/1.1" 200 28 "http://renault.2web.at/account?loadrequest=true" "Mozilla/5.0 (Windows NT 6.1; WOW64; Trident/7.0; rv:11.0) like Gecko"
138.21.12.25 - - [30/Aug/2018:11:57:51 +0200] "GET /reload?ser=1535623071282 HTTP/1.1" 200 28 "http://renault.2web.at/result?searchterm=true&search=reh5329" "Mozilla/5.0 (Windows NT 6.1; WOW64; Trident/7.0; rv:11.0) like Gecko"
213.153.47.173 - - [30/Aug/2018:11:58:13 +0200] "GET /reload?ser=1535623087687 HTTP/1.1" 200 28 "http://renault.activities.at/login?required=true" "Mozilla/5.0 (Windows NT 10.0; Win64; x64; rv:61.0) Gecko/20100101 Firefox/61.0"
80.123.225.34 - - [30/Aug/2018:11:58:29 +0200] "GET /reload?ser=1535623115148 HTTP/1.1" 200 28 "http://renault.activities.at/success" "Mozilla/5.0 (compatible; MSIE 10.0; Windows NT 6.1; WOW64; Trident/6.0)"
213.153.47.173 - - [30/Aug/2018:11:58:33 +0200] "GET /reload?ser=1535623107307 HTTP/1.1" 200 28 "http://renault.activities.at/" "Mozilla/5.0 (Windows NT 10.0; Win64; x64; rv:61.0) Gecko/20100101 Firefox/61.0"
193.194.132.28 - - [30/Aug/2018:11:58:45 +0200] "GET /reload?ser=1535623125661 HTTP/1.1" 200 28 "http://renault.2web.at/account?loadrequest=true" "Mozilla/5.0 (Windows NT 6.1; WOW64; Trident/7.0; rv:11.0) like Gecko"
138.21.12.25 - - [30/Aug/2018:11:58:52 +0200] "GET /reload?ser=1535623132368 HTTP/1.1" 200 28 "http://renault.2web.at/result?searchterm=true&search=reh5329" "Mozilla/5.0 (Windows NT 6.1; WOW64; Trident/7.0; rv:11.0) like Gecko"
213.153.47.173 - - [30/Aug/2018:11:59:14 +0200] "GET /reload?ser=1535623148367 HTTP/1.1" 200 28 "http://renault.activities.at/login?required=true" "Mozilla/5.0 (Windows NT 10.0; Win64; x64; rv:61.0) Gecko/20100101 Firefox/61.0"
80.123.225.34 - - [30/Aug/2018:11:59:30 +0200] "GET /reload?ser=1535623176105 HTTP/1.1" 200 28 "http://renault.activities.at/success" "Mozilla/5.0 (compatible; MSIE 10.0; Windows NT 6.1; WOW64; Trident/6.0)"
213.153.47.173 - - [30/Aug/2018:11:59:33 +0200] "GET /reload?ser=1535623167947 HTTP/1.1" 200 28 "http://renault.activities.at/" "Mozilla/5.0 (Windows NT 10.0; Win64; x64; rv:61.0) Gecko/20100101 Firefox/61.0"
193.194.132.28 - - [30/Aug/2018:11:59:46 +0200] "GET /reload?ser=1535623186740 HTTP/1.1" 200 28 "http://renault.2web.at/account?loadrequest=true" "Mozilla/5.0 (Windows NT 6.1; WOW64; Trident/7.0; rv:11.0) like Gecko"
138.21.12.25 - - [30/Aug/2018:11:59:53 +0200] "GET /reload?ser=1535623193457 HTTP/1.1" 200 28 "http://renault.2web.at/result?searchterm=true&search=reh5329" "Mozilla/5.0 (Windows NT 6.1; WOW64; Trident/7.0; rv:11.0) like Gecko"
213.153.47.173 - - [30/Aug/2018:12:00:14 +0200] "GET /reload?ser=1535623209027 HTTP/1.1" 200 28 "http://renault.activities.at/login?required=true" "Mozilla/5.0 (Windows NT 10.0; Win64; x64; rv:61.0) Gecko/20100101 Firefox/61.0"
80.123.225.34 - - [30/Aug/2018:12:00:31 +0200] "GET /reload?ser=1535623237071 HTTP/1.1" 200 28 "http://renault.activities.at/success" "Mozilla/5.0 (compatible; MSIE 10.0; Windows NT 6.1; WOW64; Trident/6.0)"
213.153.47.173 - - [30/Aug/2018:12:00:34 +0200] "GET /reload?ser=1535623228606 HTTP/1.1" 200 28 "http://renault.activities.at/" "Mozilla/5.0 (Windows NT 10.0; Win64; x64; rv:61.0) Gecko/20100101 Firefox/61.0"
193.194.132.28 - - [30/Aug/2018:12:00:47 +0200] "GET /reload?ser=1535623247816 HTTP/1.1" 200 28 "http://renault.2web.at/account?loadrequest=true" "Mozilla/5.0 (Windows NT 6.1; WOW64; Trident/7.0; rv:11.0) like Gecko"
138.21.12.25 - - [30/Aug/2018:12:00:54 +0200] "GET /reload?ser=1535623254569 HTTP/1.1" 200 28 "http://renault.2web.at/result?searchterm=true&search=reh5329" "Mozilla/5.0 (Windows NT 6.1; WOW64; Trident/7.0; rv:11.0) like Gecko"
213.153.47.173 - - [30/Aug/2018:12:01:15 +0200] "GET /reload?ser=1535623269687 HTTP/1.1" 200 28 "http://renault.activities.at/login?required=true" "Mozilla/5.0 (Windows NT 10.0; Win64; x64; rv:61.0) Gecko/20100101 Firefox/61.0"
80.123.225.34 - - [30/Aug/2018:12:01:32 +0200] "GET /reload?ser=1535623298038 HTTP/1.1" 200 28 "http://renault.activities.at/success" "Mozilla/5.0 (compatible; MSIE 10.0; Windows NT 6.1; WOW64; Trident/6.0)"
213.153.47.173 - - [30/Aug/2018:12:01:35 +0200] "GET /reload?ser=1535623289256 HTTP/1.1" 200 28 "http://renault.activities.at/" "Mozilla/5.0 (Windows NT 10.0; Win64; x64; rv:61.0) Gecko/20100101 Firefox/61.0"
193.194.132.28 - - [30/Aug/2018:12:01:49 +0200] "GET /reload?ser=1535623308897 HTTP/1.1" 200 28 "http://renault.2web.at/account?loadrequest=true" "Mozilla/5.0 (Windows NT 6.1; WOW64; Trident/7.0; rv:11.0) like Gecko"
138.21.12.25 - - [30/Aug/2018:12:01:55 +0200] "GET /reload?ser=1535623315654 HTTP/1.1" 200 28 "http://renault.2web.at/result?searchterm=true&search=reh5329" "Mozilla/5.0 (Windows NT 6.1; WOW64; Trident/7.0; rv:11.0) like Gecko"
213.153.47.173 - - [30/Aug/2018:12:02:16 +0200] "GET /reload?ser=1535623330357 HTTP/1.1" 200 28 "http://renault.activities.at/login?required=true" "Mozilla/5.0 (Windows NT 10.0; Win64; x64; rv:61.0) Gecko/20100101 Firefox/61.0"
80.120.5.131 - - [30/Aug/2018:12:02:15 +0200] "GET /10201637 HTTP/1.1" 302 150 "-" "Mozilla/5.0 (Macintosh; Intel Mac OS X 10_13_6) AppleWebKit/605.1.15 (KHTML, like Gecko)"
80.120.5.131 - - [30/Aug/2018:12:02:18 +0200] "GET /login?required=true HTTP/1.1" 200 2086 "-" "Mozilla/5.0 (Macintosh; Intel Mac OS X 10_13_6) AppleWebKit/605.1.15 (KHTML, like Gecko)"
80.120.5.131 - - [30/Aug/2018:12:02:18 +0200] "GET /apple-touch-icon-precomposed.png HTTP/1.1" 200 1559 "-" "Safari/13605.3.8 CFNetwork/902.1 Darwin/17.7.0 (x86_64)"
80.120.5.131 - - [30/Aug/2018:12:02:19 +0200] "GET /apple-touch-icon.png HTTP/1.1" 200 1559 "-" "Safari/13605.3.8 CFNetwork/902.1 Darwin/17.7.0 (x86_64)"
80.120.5.131 - - [30/Aug/2018:12:02:20 +0200] "GET /images/favicon.ico HTTP/1.1" 404 305 "-" "Safari/13605.3.8 CFNetwork/902.1 Darwin/17.7.0 (x86_64)"
80.120.5.131 - - [30/Aug/2018:12:02:20 +0200] "GET /images/favicon.ico HTTP/1.1" 404 305 "-" "Safari/13605.3.8 CFNetwork/902.1 Darwin/17.7.0 (x86_64)"
80.120.5.131 - - [30/Aug/2018:12:02:20 +0200] "GET /favicon.ico HTTP/1.1" 200 3250 "-" "Safari/13605.3.8 CFNetwork/902.1 Darwin/17.7.0 (x86_64)"
80.120.5.131 - - [30/Aug/2018:12:02:20 +0200] "GET /apple-touch-icon-precomposed.png HTTP/1.1" 200 1559 "-" "Safari/13605.3.8 CFNetwork/902.1 Darwin/17.7.0 (x86_64)"
80.120.5.131 - - [30/Aug/2018:12:02:21 +0200] "GET /apple-touch-icon.png HTTP/1.1" 200 1559 "-" "Safari/13605.3.8 CFNetwork/902.1 Darwin/17.7.0 (x86_64)"
80.120.5.131 - - [30/Aug/2018:12:02:22 +0200] "GET /images/favicon.ico HTTP/1.1" 404 305 "-" "Safari/13605.3.8 CFNetwork/902.1 Darwin/17.7.0 (x86_64)"
80.120.5.131 - - [30/Aug/2018:12:02:22 +0200] "GET /images/favicon.ico HTTP/1.1" 404 305 "-" "Safari/13605.3.8 CFNetwork/902.1 Darwin/17.7.0 (x86_64)"
80.120.5.131 - - [30/Aug/2018:12:02:23 +0200] "GET /favicon.ico HTTP/1.1" 200 3250 "-" "Safari/13605.3.8 CFNetwork/902.1 Darwin/17.7.0 (x86_64)"
80.120.5.131 - - [30/Aug/2018:12:02:23 +0200] "GET /10201637 HTTP/1.1" 302 150 "-" "\"Mozilla/5.0 (iPhone; CPU iPhone OS 11_0 like Mac OS X) AppleWebKit/604.1.38 (KHTML, like Gecko) Version/11.0 Mobile/15A372 Safari/604.1\""
80.120.5.131 - - [30/Aug/2018:12:02:23 +0200] "GET /login?required=true HTTP/1.1" 200 2086 "-" "\"Mozilla/5.0 (iPhone; CPU iPhone OS 11_0 like Mac OS X) AppleWebKit/604.1.38 (KHTML, like Gecko) Version/11.0 Mobile/15A372 Safari/604.1\""
80.120.5.131 - - [30/Aug/2018:12:02:24 +0200] "GET /apple-touch-icon-precomposed.png HTTP/1.1" 200 1559 "-" "Safari/13605.3.8 CFNetwork/902.1 Darwin/17.7.0 (x86_64)"
80.120.5.131 - - [30/Aug/2018:12:02:25 +0200] "GET /apple-touch-icon.png HTTP/1.1" 200 1559 "-" "Safari/13605.3.8 CFNetwork/902.1 Darwin/17.7.0 (x86_64)"
80.120.5.131 - - [30/Aug/2018:12:02:26 +0200] "GET /images/favicon.ico HTTP/1.1" 404 305 "-" "Safari/13605.3.8 CFNetwork/902.1 Darwin/17.7.0 (x86_64)"
80.120.5.131 - - [30/Aug/2018:12:02:26 +0200] "GET /images/favicon.ico HTTP/1.1" 404 305 "-" "Safari/13605.3.8 CFNetwork/902.1 Darwin/17.7.0 (x86_64)"
80.120.5.131 - - [30/Aug/2018:12:02:26 +0200] "GET /favicon.ico HTTP/1.1" 200 3250 "-" "Safari/13605.3.8 CFNetwork/902.1 Darwin/17.7.0 (x86_64)"
80.120.5.131 - - [30/Aug/2018:12:02:26 +0200] "GET /apple-touch-icon-precomposed.png HTTP/1.1" 200 1559 "-" "Safari/13605.3.8 CFNetwork/902.1 Darwin/17.7.0 (x86_64)"
80.120.5.131 - - [30/Aug/2018:12:02:27 +0200] "GET /apple-touch-icon.png HTTP/1.1" 200 1559 "-" "Safari/13605.3.8 CFNetwork/902.1 Darwin/17.7.0 (x86_64)"
80.120.5.131 - - [30/Aug/2018:12:02:28 +0200] "GET /images/favicon.ico HTTP/1.1" 404 305 "-" "Safari/13605.3.8 CFNetwork/902.1 Darwin/17.7.0 (x86_64)"
80.120.5.131 - - [30/Aug/2018:12:02:28 +0200] "GET /images/favicon.ico HTTP/1.1" 404 305 "-" "Safari/13605.3.8 CFNetwork/902.1 Darwin/17.7.0 (x86_64)"
80.120.5.131 - - [30/Aug/2018:12:02:28 +0200] "GET /favicon.ico HTTP/1.1" 200 3250 "-" "Safari/13605.3.8 CFNetwork/902.1 Darwin/17.7.0 (x86_64)"
80.123.225.34 - - [30/Aug/2018:12:02:33 +0200] "GET /reload?ser=1535623359005 HTTP/1.1" 200 28 "http://renault.activities.at/success" "Mozilla/5.0 (compatible; MSIE 10.0; Windows NT 6.1; WOW64; Trident/6.0)"
213.153.47.173 - - [30/Aug/2018:12:02:35 +0200] "GET /reload?ser=1535623349937 HTTP/1.1" 200 28 "http://renault.activities.at/" "Mozilla/5.0 (Windows NT 10.0; Win64; x64; rv:61.0) Gecko/20100101 Firefox/61.0"
193.194.132.28 - - [30/Aug/2018:12:02:50 +0200] "GET /reload?ser=1535623370008 HTTP/1.1" 200 28 "http://renault.2web.at/account?loadrequest=true" "Mozilla/5.0 (Windows NT 6.1; WOW64; Trident/7.0; rv:11.0) like Gecko"
138.21.12.25 - - [30/Aug/2018:12:02:56 +0200] "GET /reload?ser=1535623376755 HTTP/1.1" 200 28 "http://renault.2web.at/result?searchterm=true&search=reh5329" "Mozilla/5.0 (Windows NT 6.1; WOW64; Trident/7.0; rv:11.0) like Gecko"
213.153.47.173 - - [30/Aug/2018:12:03:16 +0200] "GET /reload?ser=1535623391047 HTTP/1.1" 200 28 "http://renault.activities.at/login?required=true" "Mozilla/5.0 (Windows NT 10.0; Win64; x64; rv:61.0) Gecko/20100101 Firefox/61.0"
80.123.225.34 - - [30/Aug/2018:12:03:34 +0200] "GET /reload?ser=1535623419959 HTTP/1.1" 200 28 "http://renault.activities.at/success" "Mozilla/5.0 (compatible; MSIE 10.0; Windows NT 6.1; WOW64; Trident/6.0)"
213.153.47.173 - - [30/Aug/2018:12:03:36 +0200] "GET /reload?ser=1535623410587 HTTP/1.1" 200 28 "http://renault.activities.at/" "Mozilla/5.0 (Windows NT 10.0; Win64; x64; rv:61.0) Gecko/20100101 Firefox/61.0"
193.194.132.28 - - [30/Aug/2018:12:03:51 +0200] "GET /reload?ser=1535623431108 HTTP/1.1" 200 28 "http://renault.2web.at/account?loadrequest=true" "Mozilla/5.0 (Windows NT 6.1; WOW64; Trident/7.0; rv:11.0) like Gecko"
138.21.12.25 - - [30/Aug/2018:12:03:58 +0200] "GET /reload?ser=1535623437841 HTTP/1.1" 200 28 "http://renault.2web.at/result?searchterm=true&search=reh5329" "Mozilla/5.0 (Windows NT 6.1; WOW64; Trident/7.0; rv:11.0) like Gecko"
213.153.47.173 - - [30/Aug/2018:12:04:17 +0200] "GET /reload?ser=1535623451706 HTTP/1.1" 200 28 "http://renault.activities.at/login?required=true" "Mozilla/5.0 (Windows NT 10.0; Win64; x64; rv:61.0) Gecko/20100101 Firefox/61.0"
80.123.225.34 - - [30/Aug/2018:12:04:35 +0200] "GET /reload?ser=1535623480883 HTTP/1.1" 200 28 "http://renault.activities.at/success" "Mozilla/5.0 (compatible; MSIE 10.0; Windows NT 6.1; WOW64; Trident/6.0)"
213.153.47.173 - - [30/Aug/2018:12:04:37 +0200] "GET /reload?ser=1535623471227 HTTP/1.1" 200 28 "http://renault.activities.at/" "Mozilla/5.0 (Windows NT 10.0; Win64; x64; rv:61.0) Gecko/20100101 Firefox/61.0"
193.194.132.28 - - [30/Aug/2018:12:04:52 +0200] "GET /reload?ser=1535623492226 HTTP/1.1" 200 28 "http://renault.2web.at/account?loadrequest=true" "Mozilla/5.0 (Windows NT 6.1; WOW64; Trident/7.0; rv:11.0) like Gecko"
138.21.12.25 - - [30/Aug/2018:12:04:59 +0200] "GET /reload?ser=1535623499053 HTTP/1.1" 200 28 "http://renault.2web.at/result?searchterm=true&search=reh5329" "Mozilla/5.0 (Windows NT 6.1; WOW64; Trident/7.0; rv:11.0) like Gecko"
213.153.47.173 - - [30/Aug/2018:12:05:18 +0200] "GET /reload?ser=1535623512366 HTTP/1.1" 200 28 "http://renault.activities.at/login?required=true" "Mozilla/5.0 (Windows NT 10.0; Win64; x64; rv:61.0) Gecko/20100101 Firefox/61.0"
80.123.225.34 - - [30/Aug/2018:12:05:36 +0200] "GET /reload?ser=1535623541865 HTTP/1.1" 200 28 "http://renault.activities.at/success" "Mozilla/5.0 (compatible; MSIE 10.0; Windows NT 6.1; WOW64; Trident/6.0)"
213.153.47.173 - - [30/Aug/2018:12:05:37 +0200] "GET /reload?ser=1535623531887 HTTP/1.1" 200 28 "http://renault.activities.at/" "Mozilla/5.0 (Windows NT 10.0; Win64; x64; rv:61.0) Gecko/20100101 Firefox/61.0"
193.194.132.28 - - [30/Aug/2018:12:05:53 +0200] "GET /reload?ser=1535623553300 HTTP/1.1" 200 28 "http://renault.2web.at/account?loadrequest=true" "Mozilla/5.0 (Windows NT 6.1; WOW64; Trident/7.0; rv:11.0) like Gecko"
138.21.12.25 - - [30/Aug/2018:12:06:00 +0200] "GET /reload?ser=1535623560187 HTTP/1.1" 200 28 "http://renault.2web.at/result?searchterm=true&search=reh5329" "Mozilla/5.0 (Windows NT 6.1; WOW64; Trident/7.0; rv:11.0) like Gecko"
213.153.47.173 - - [30/Aug/2018:12:06:18 +0200] "GET /reload?ser=1535623573026 HTTP/1.1" 200 28 "http://renault.activities.at/login?required=true" "Mozilla/5.0 (Windows NT 10.0; Win64; x64; rv:61.0) Gecko/20100101 Firefox/61.0"
80.123.225.34 - - [30/Aug/2018:12:06:36 +0200] "GET /reload?ser=1535623602837 HTTP/1.1" 200 28 "http://renault.activities.at/success" "Mozilla/5.0 (compatible; MSIE 10.0; Windows NT 6.1; WOW64; Trident/6.0)"
213.153.47.173 - - [30/Aug/2018:12:06:38 +0200] "GET /reload?ser=1535623592557 HTTP/1.1" 200 28 "http://renault.activities.at/" "Mozilla/5.0 (Windows NT 10.0; Win64; x64; rv:61.0) Gecko/20100101 Firefox/61.0"
193.194.132.28 - - [30/Aug/2018:12:06:54 +0200] "GET /reload?ser=1535623614419 HTTP/1.1" 200 28 "http://renault.2web.at/account?loadrequest=true" "Mozilla/5.0 (Windows NT 6.1; WOW64; Trident/7.0; rv:11.0) like Gecko"
138.21.12.25 - - [30/Aug/2018:12:07:13 +0200] "GET /reload?ser=1535623621307 HTTP/1.1" 200 28 "http://renault.2web.at/result?searchterm=true&search=reh5329" "Mozilla/5.0 (Windows NT 6.1; WOW64; Trident/7.0; rv:11.0) like Gecko"
213.153.47.173 - - [30/Aug/2018:12:07:19 +0200] "GET /reload?ser=1535623633675 HTTP/1.1" 200 28 "http://renault.activities.at/login?required=true" "Mozilla/5.0 (Windows NT 10.0; Win64; x64; rv:61.0) Gecko/20100101 Firefox/61.0"
80.123.225.34 - - [30/Aug/2018:12:07:37 +0200] "GET /reload?ser=1535623663802 HTTP/1.1" 200 28 "http://renault.activities.at/success" "Mozilla/5.0 (compatible; MSIE 10.0; Windows NT 6.1; WOW64; Trident/6.0)"
213.153.47.173 - - [30/Aug/2018:12:07:39 +0200] "GET /reload?ser=1535623653226 HTTP/1.1" 200 28 "http://renault.activities.at/" "Mozilla/5.0 (Windows NT 10.0; Win64; x64; rv:61.0) Gecko/20100101 Firefox/61.0"
193.194.132.28 - - [30/Aug/2018:12:07:55 +0200] "GET /reload?ser=1535623675465 HTTP/1.1" 200 28 "http://renault.2web.at/account?loadrequest=true" "Mozilla/5.0 (Windows NT 6.1; WOW64; Trident/7.0; rv:11.0) like Gecko"
138.21.12.25 - - [30/Aug/2018:12:08:14 +0200] "GET /reload?ser=1535623694404 HTTP/1.1" 200 28 "http://renault.2web.at/result?searchterm=true&search=reh5329" "Mozilla/5.0 (Windows NT 6.1; WOW64; Trident/7.0; rv:11.0) like Gecko"
213.153.47.173 - - [30/Aug/2018:12:08:20 +0200] "GET /reload?ser=1535623694327 HTTP/1.1" 200 28 "http://renault.activities.at/login?required=true" "Mozilla/5.0 (Windows NT 10.0; Win64; x64; rv:61.0) Gecko/20100101 Firefox/61.0"
80.123.225.34 - - [30/Aug/2018:12:08:38 +0200] "GET /reload?ser=1535623724795 HTTP/1.1" 200 28 "http://renault.activities.at/success" "Mozilla/5.0 (compatible; MSIE 10.0; Windows NT 6.1; WOW64; Trident/6.0)"
213.153.47.173 - - [30/Aug/2018:12:08:39 +0200] "GET /reload?ser=1535623713896 HTTP/1.1" 200 28 "http://renault.activities.at/" "Mozilla/5.0 (Windows NT 10.0; Win64; x64; rv:61.0) Gecko/20100101 Firefox/61.0"
193.194.132.28 - - [30/Aug/2018:12:08:56 +0200] "GET /reload?ser=1535623736501 HTTP/1.1" 200 28 "http://renault.2web.at/account?loadrequest=true" "Mozilla/5.0 (Windows NT 6.1; WOW64; Trident/7.0; rv:11.0) like Gecko"
138.21.12.25 - - [30/Aug/2018:12:09:15 +0200] "GET /reload?ser=1535623755515 HTTP/1.1" 200 28 "http://renault.2web.at/result?searchterm=true&search=reh5329" "Mozilla/5.0 (Windows NT 6.1; WOW64; Trident/7.0; rv:11.0) like Gecko"
213.153.47.173 - - [30/Aug/2018:12:09:20 +0200] "GET /reload?ser=1535623754996 HTTP/1.1" 200 28 "http://renault.activities.at/login?required=true" "Mozilla/5.0 (Windows NT 10.0; Win64; x64; rv:61.0) Gecko/20100101 Firefox/61.0"
80.123.225.34 - - [30/Aug/2018:12:09:39 +0200] "GET /reload?ser=1535623785731 HTTP/1.1" 200 28 "http://renault.activities.at/success" "Mozilla/5.0 (compatible; MSIE 10.0; Windows NT 6.1; WOW64; Trident/6.0)"
213.153.47.173 - - [30/Aug/2018:12:09:40 +0200] "GET /reload?ser=1535623774556 HTTP/1.1" 200 28 "http://renault.activities.at/" "Mozilla/5.0 (Windows NT 10.0; Win64; x64; rv:61.0) Gecko/20100101 Firefox/61.0"
193.194.132.28 - - [30/Aug/2018:12:09:57 +0200] "GET /reload?ser=1535623797550 HTTP/1.1" 200 28 "http://renault.2web.at/account?loadrequest=true" "Mozilla/5.0 (Windows NT 6.1; WOW64; Trident/7.0; rv:11.0) like Gecko"
138.21.12.25 - - [30/Aug/2018:12:10:16 +0200] "GET /reload?ser=1535623816591 HTTP/1.1" 200 28 "http://renault.2web.at/result?searchterm=true&search=reh5329" "Mozilla/5.0 (Windows NT 6.1; WOW64; Trident/7.0; rv:11.0) like Gecko"
213.153.47.173 - - [30/Aug/2018:12:10:21 +0200] "GET /reload?ser=1535623815676 HTTP/1.1" 200 28 "http://renault.activities.at/login?required=true" "Mozilla/5.0 (Windows NT 10.0; Win64; x64; rv:61.0) Gecko/20100101 Firefox/61.0"
213.153.47.173 - - [30/Aug/2018:12:10:41 +0200] "GET /reload?ser=1535623835217 HTTP/1.1" 200 28 "http://renault.activities.at/" "Mozilla/5.0 (Windows NT 10.0; Win64; x64; rv:61.0) Gecko/20100101 Firefox/61.0"
80.123.225.34 - - [30/Aug/2018:12:10:40 +0200] "GET /reload?ser=1535623846724 HTTP/1.1" 200 28 "http://renault.activities.at/success" "Mozilla/5.0 (compatible; MSIE 10.0; Windows NT 6.1; WOW64; Trident/6.0)"
193.194.132.28 - - [30/Aug/2018:12:10:58 +0200] "GET /reload?ser=1535623858638 HTTP/1.1" 200 28 "http://renault.2web.at/account?loadrequest=true" "Mozilla/5.0 (Windows NT 6.1; WOW64; Trident/7.0; rv:11.0) like Gecko"
138.21.12.25 - - [30/Aug/2018:12:11:17 +0200] "GET /reload?ser=1535623877666 HTTP/1.1" 200 28 "http://renault.2web.at/result?searchterm=true&search=reh5329" "Mozilla/5.0 (Windows NT 6.1; WOW64; Trident/7.0; rv:11.0) like Gecko"
213.153.47.173 - - [30/Aug/2018:12:11:22 +0200] "GET /reload?ser=1535623876336 HTTP/1.1" 200 28 "http://renault.activities.at/login?required=true" "Mozilla/5.0 (Windows NT 10.0; Win64; x64; rv:61.0) Gecko/20100101 Firefox/61.0"
213.153.47.173 - - [30/Aug/2018:12:11:41 +0200] "GET /reload?ser=1535623895896 HTTP/1.1" 200 28 "http://renault.activities.at/" "Mozilla/5.0 (Windows NT 10.0; Win64; x64; rv:61.0) Gecko/20100101 Firefox/61.0"
80.123.225.34 - - [30/Aug/2018:12:11:41 +0200] "GET /reload?ser=1535623907685 HTTP/1.1" 200 28 "http://renault.activities.at/success" "Mozilla/5.0 (compatible; MSIE 10.0; Windows NT 6.1; WOW64; Trident/6.0)"
193.194.132.28 - - [30/Aug/2018:12:11:59 +0200] "GET /reload?ser=1535623919713 HTTP/1.1" 200 28 "http://renault.2web.at/account?loadrequest=true" "Mozilla/5.0 (Windows NT 6.1; WOW64; Trident/7.0; rv:11.0) like Gecko"
138.21.12.25 - - [30/Aug/2018:12:12:18 +0200] "GET /reload?ser=1535623938781 HTTP/1.1" 200 28 "http://renault.2web.at/result?searchterm=true&search=reh5329" "Mozilla/5.0 (Windows NT 6.1; WOW64; Trident/7.0; rv:11.0) like Gecko"
213.153.47.173 - - [30/Aug/2018:12:12:22 +0200] "GET /reload?ser=1535623936986 HTTP/1.1" 200 28 "http://renault.activities.at/login?required=true" "Mozilla/5.0 (Windows NT 10.0; Win64; x64; rv:61.0) Gecko/20100101 Firefox/61.0"
213.153.47.173 - - [30/Aug/2018:12:12:42 +0200] "GET /reload?ser=1535623956566 HTTP/1.1" 200 28 "http://renault.activities.at/" "Mozilla/5.0 (Windows NT 10.0; Win64; x64; rv:61.0) Gecko/20100101 Firefox/61.0"
80.123.225.34 - - [30/Aug/2018:12:12:42 +0200] "GET /reload?ser=1535623968678 HTTP/1.1" 200 28 "http://renault.activities.at/success" "Mozilla/5.0 (compatible; MSIE 10.0; Windows NT 6.1; WOW64; Trident/6.0)"
193.194.132.28 - - [30/Aug/2018:12:13:00 +0200] "GET /reload?ser=1535623980760 HTTP/1.1" 200 28 "http://renault.2web.at/account?loadrequest=true" "Mozilla/5.0 (Windows NT 6.1; WOW64; Trident/7.0; rv:11.0) like Gecko"
138.21.12.25 - - [30/Aug/2018:12:13:19 +0200] "GET /reload?ser=1535623999855 HTTP/1.1" 200 28 "http://renault.2web.at/result?searchterm=true&search=reh5329" "Mozilla/5.0 (Windows NT 6.1; WOW64; Trident/7.0; rv:11.0) like Gecko"
213.153.47.173 - - [30/Aug/2018:12:13:23 +0200] "GET /reload?ser=1535623997656 HTTP/1.1" 200 28 "http://renault.activities.at/login?required=true" "Mozilla/5.0 (Windows NT 10.0; Win64; x64; rv:61.0) Gecko/20100101 Firefox/61.0"
213.153.47.173 - - [30/Aug/2018:12:13:43 +0200] "GET /reload?ser=1535624017216 HTTP/1.1" 200 28 "http://renault.activities.at/" "Mozilla/5.0 (Windows NT 10.0; Win64; x64; rv:61.0) Gecko/20100101 Firefox/61.0"
80.123.225.34 - - [30/Aug/2018:12:13:43 +0200] "GET /reload?ser=1535624029645 HTTP/1.1" 200 28 "http://renault.activities.at/success" "Mozilla/5.0 (compatible; MSIE 10.0; Windows NT 6.1; WOW64; Trident/6.0)"
193.194.132.28 - - [30/Aug/2018:12:14:01 +0200] "GET /reload?ser=1535624041811 HTTP/1.1" 200 28 "http://renault.2web.at/account?loadrequest=true" "Mozilla/5.0 (Windows NT 6.1; WOW64; Trident/7.0; rv:11.0) like Gecko"
138.21.12.25 - - [30/Aug/2018:12:14:21 +0200] "GET /reload?ser=1535624061005 HTTP/1.1" 200 28 "http://renault.2web.at/result?searchterm=true&search=reh5329" "Mozilla/5.0 (Windows NT 6.1; WOW64; Trident/7.0; rv:11.0) like Gecko"
213.153.47.173 - - [30/Aug/2018:12:14:24 +0200] "GET /reload?ser=1535624058337 HTTP/1.1" 200 28 "http://renault.activities.at/login?required=true" "Mozilla/5.0 (Windows NT 10.0; Win64; x64; rv:61.0) Gecko/20100101 Firefox/61.0"
213.153.47.173 - - [30/Aug/2018:12:14:43 +0200] "GET /reload?ser=1535624077897 HTTP/1.1" 200 28 "http://renault.activities.at/" "Mozilla/5.0 (Windows NT 10.0; Win64; x64; rv:61.0) Gecko/20100101 Firefox/61.0"
80.123.225.34 - - [30/Aug/2018:12:14:44 +0200] "GET /reload?ser=1535624090619 HTTP/1.1" 200 28 "http://renault.activities.at/success" "Mozilla/5.0 (compatible; MSIE 10.0; Windows NT 6.1; WOW64; Trident/6.0)"
193.194.132.28 - - [30/Aug/2018:12:15:03 +0200] "GET /reload?ser=1535624102908 HTTP/1.1" 200 28 "http://renault.2web.at/account?loadrequest=true" "Mozilla/5.0 (Windows NT 6.1; WOW64; Trident/7.0; rv:11.0) like Gecko"
138.21.12.25 - - [30/Aug/2018:12:15:22 +0200] "GET /reload?ser=1535624122083 HTTP/1.1" 200 28 "http://renault.2web.at/result?searchterm=true&search=reh5329" "Mozilla/5.0 (Windows NT 6.1; WOW64; Trident/7.0; rv:11.0) like Gecko"
213.153.47.173 - - [30/Aug/2018:12:15:24 +0200] "GET /reload?ser=1535624118996 HTTP/1.1" 200 28 "http://renault.activities.at/login?required=true" "Mozilla/5.0 (Windows NT 10.0; Win64; x64; rv:61.0) Gecko/20100101 Firefox/61.0"
213.153.47.173 - - [30/Aug/2018:12:15:44 +0200] "GET /reload?ser=1535624138555 HTTP/1.1" 200 28 "http://renault.activities.at/" "Mozilla/5.0 (Windows NT 10.0; Win64; x64; rv:61.0) Gecko/20100101 Firefox/61.0"
80.123.225.34 - - [30/Aug/2018:12:15:45 +0200] "GET /reload?ser=1535624151541 HTTP/1.1" 200 28 "http://renault.activities.at/success" "Mozilla/5.0 (compatible; MSIE 10.0; Windows NT 6.1; WOW64; Trident/6.0)"
193.194.132.28 - - [30/Aug/2018:12:16:04 +0200] "GET /reload?ser=1535624163982 HTTP/1.1" 200 28 "http://renault.2web.at/account?loadrequest=true" "Mozilla/5.0 (Windows NT 6.1; WOW64; Trident/7.0; rv:11.0) like Gecko"
138.21.12.25 - - [30/Aug/2018:12:16:23 +0200] "GET /reload?ser=1535624183136 HTTP/1.1" 200 28 "http://renault.2web.at/result?searchterm=true&search=reh5329" "Mozilla/5.0 (Windows NT 6.1; WOW64; Trident/7.0; rv:11.0) like Gecko"
213.153.47.173 - - [30/Aug/2018:12:16:25 +0200] "GET /reload?ser=1535624179675 HTTP/1.1" 200 28 "http://renault.activities.at/login?required=true" "Mozilla/5.0 (Windows NT 10.0; Win64; x64; rv:61.0) Gecko/20100101 Firefox/61.0"
213.153.47.173 - - [30/Aug/2018:12:16:45 +0200] "GET /reload?ser=1535624199215 HTTP/1.1" 200 28 "http://renault.activities.at/" "Mozilla/5.0 (Windows NT 10.0; Win64; x64; rv:61.0) Gecko/20100101 Firefox/61.0"
80.123.225.34 - - [30/Aug/2018:12:16:46 +0200] "GET /reload?ser=1535624212495 HTTP/1.1" 200 28 "http://renault.activities.at/success" "Mozilla/5.0 (compatible; MSIE 10.0; Windows NT 6.1; WOW64; Trident/6.0)"
193.194.132.28 - - [30/Aug/2018:12:17:05 +0200] "GET /reload?ser=1535624225109 HTTP/1.1" 200 28 "http://renault.2web.at/account?loadrequest=true" "Mozilla/5.0 (Windows NT 6.1; WOW64; Trident/7.0; rv:11.0) like Gecko"
138.21.12.25 - - [30/Aug/2018:12:17:24 +0200] "GET /reload?ser=1535624244246 HTTP/1.1" 200 28 "http://renault.2web.at/result?searchterm=true&search=reh5329" "Mozilla/5.0 (Windows NT 6.1; WOW64; Trident/7.0; rv:11.0) like Gecko"
213.153.47.173 - - [30/Aug/2018:12:17:26 +0200] "GET /reload?ser=1535624240326 HTTP/1.1" 200 28 "http://renault.activities.at/login?required=true" "Mozilla/5.0 (Windows NT 10.0; Win64; x64; rv:61.0) Gecko/20100101 Firefox/61.0"
213.153.47.173 - - [30/Aug/2018:12:17:45 +0200] "GET /reload?ser=1535624259876 HTTP/1.1" 200 28 "http://renault.activities.at/" "Mozilla/5.0 (Windows NT 10.0; Win64; x64; rv:61.0) Gecko/20100101 Firefox/61.0"
80.123.225.34 - - [30/Aug/2018:12:17:47 +0200] "GET /reload?ser=1535624273432 HTTP/1.1" 200 28 "http://renault.activities.at/success" "Mozilla/5.0 (compatible; MSIE 10.0; Windows NT 6.1; WOW64; Trident/6.0)"
193.194.132.28 - - [30/Aug/2018:12:18:06 +0200] "GET /reload?ser=1535624286224 HTTP/1.1" 200 28 "http://renault.2web.at/account?loadrequest=true" "Mozilla/5.0 (Windows NT 6.1; WOW64; Trident/7.0; rv:11.0) like Gecko"
138.21.12.25 - - [30/Aug/2018:12:18:25 +0200] "GET /reload?ser=1535624305348 HTTP/1.1" 200 28 "http://renault.2web.at/result?searchterm=true&search=reh5329" "Mozilla/5.0 (Windows NT 6.1; WOW64; Trident/7.0; rv:11.0) like Gecko"
213.153.47.173 - - [30/Aug/2018:12:18:26 +0200] "GET /reload?ser=1535624300996 HTTP/1.1" 200 28 "http://renault.activities.at/login?required=true" "Mozilla/5.0 (Windows NT 10.0; Win64; x64; rv:61.0) Gecko/20100101 Firefox/61.0"
213.153.47.173 - - [30/Aug/2018:12:18:46 +0200] "GET /reload?ser=1535624320537 HTTP/1.1" 200 28 "http://renault.activities.at/" "Mozilla/5.0 (Windows NT 10.0; Win64; x64; rv:61.0) Gecko/20100101 Firefox/61.0"
80.123.225.34 - - [30/Aug/2018:12:18:48 +0200] "GET /reload?ser=1535624334390 HTTP/1.1" 200 28 "http://renault.activities.at/success" "Mozilla/5.0 (compatible; MSIE 10.0; Windows NT 6.1; WOW64; Trident/6.0)"
193.194.132.28 - - [30/Aug/2018:12:19:07 +0200] "GET /reload?ser=1535624347347 HTTP/1.1" 200 28 "http://renault.2web.at/account?loadrequest=true" "Mozilla/5.0 (Windows NT 6.1; WOW64; Trident/7.0; rv:11.0) like Gecko"
138.21.12.25 - - [30/Aug/2018:12:19:26 +0200] "GET /reload?ser=1535624366423 HTTP/1.1" 200 28 "http://renault.2web.at/result?searchterm=true&search=reh5329" "Mozilla/5.0 (Windows NT 6.1; WOW64; Trident/7.0; rv:11.0) like Gecko"
213.153.47.173 - - [30/Aug/2018:12:19:27 +0200] "GET /reload?ser=1535624361656 HTTP/1.1" 200 28 "http://renault.activities.at/login?required=true" "Mozilla/5.0 (Windows NT 10.0; Win64; x64; rv:61.0) Gecko/20100101 Firefox/61.0"
213.153.47.173 - - [30/Aug/2018:12:19:47 +0200] "GET /reload?ser=1535624381195 HTTP/1.1" 200 28 "http://renault.activities.at/" "Mozilla/5.0 (Windows NT 10.0; Win64; x64; rv:61.0) Gecko/20100101 Firefox/61.0"
80.123.225.34 - - [30/Aug/2018:12:19:49 +0200] "GET /reload?ser=1535624395371 HTTP/1.1" 200 28 "http://renault.activities.at/success" "Mozilla/5.0 (compatible; MSIE 10.0; Windows NT 6.1; WOW64; Trident/6.0)"
193.194.132.28 - - [30/Aug/2018:12:20:08 +0200] "GET /reload?ser=1535624408481 HTTP/1.1" 200 28 "http://renault.2web.at/account?loadrequest=true" "Mozilla/5.0 (Windows NT 6.1; WOW64; Trident/7.0; rv:11.0) like Gecko"
138.21.12.25 - - [30/Aug/2018:12:20:27 +0200] "GET /reload?ser=1535624427646 HTTP/1.1" 200 28 "http://renault.2web.at/result?searchterm=true&search=reh5329" "Mozilla/5.0 (Windows NT 6.1; WOW64; Trident/7.0; rv:11.0) like Gecko"
213.153.47.173 - - [30/Aug/2018:12:20:28 +0200] "GET /reload?ser=1535624422306 HTTP/1.1" 200 28 "http://renault.activities.at/login?required=true" "Mozilla/5.0 (Windows NT 10.0; Win64; x64; rv:61.0) Gecko/20100101 Firefox/61.0"
213.153.47.173 - - [30/Aug/2018:12:20:47 +0200] "GET /reload?ser=1535624441866 HTTP/1.1" 200 28 "http://renault.activities.at/" "Mozilla/5.0 (Windows NT 10.0; Win64; x64; rv:61.0) Gecko/20100101 Firefox/61.0"
80.123.225.34 - - [30/Aug/2018:12:20:50 +0200] "GET /reload?ser=1535624456344 HTTP/1.1" 200 28 "http://renault.activities.at/success" "Mozilla/5.0 (compatible; MSIE 10.0; Windows NT 6.1; WOW64; Trident/6.0)"
193.194.132.28 - - [30/Aug/2018:12:21:09 +0200] "GET /reload?ser=1535624469560 HTTP/1.1" 200 28 "http://renault.2web.at/account?loadrequest=true" "Mozilla/5.0 (Windows NT 6.1; WOW64; Trident/7.0; rv:11.0) like Gecko"
213.153.47.173 - - [30/Aug/2018:12:21:28 +0200] "GET /reload?ser=1535624482956 HTTP/1.1" 200 28 "http://renault.activities.at/login?required=true" "Mozilla/5.0 (Windows NT 10.0; Win64; x64; rv:61.0) Gecko/20100101 Firefox/61.0"
138.21.12.25 - - [30/Aug/2018:12:21:28 +0200] "GET /reload?ser=1535624488696 HTTP/1.1" 200 28 "http://renault.2web.at/result?searchterm=true&search=reh5329" "Mozilla/5.0 (Windows NT 6.1; WOW64; Trident/7.0; rv:11.0) like Gecko"
213.153.47.173 - - [30/Aug/2018:12:21:48 +0200] "GET /reload?ser=1535624502525 HTTP/1.1" 200 28 "http://renault.activities.at/" "Mozilla/5.0 (Windows NT 10.0; Win64; x64; rv:61.0) Gecko/20100101 Firefox/61.0"
80.123.225.34 - - [30/Aug/2018:12:21:51 +0200] "GET /reload?ser=1535624517338 HTTP/1.1" 200 28 "http://renault.activities.at/success" "Mozilla/5.0 (compatible; MSIE 10.0; Windows NT 6.1; WOW64; Trident/6.0)"
193.194.132.28 - - [30/Aug/2018:12:22:10 +0200] "GET /reload?ser=1535624530632 HTTP/1.1" 200 28 "http://renault.2web.at/account?loadrequest=true" "Mozilla/5.0 (Windows NT 6.1; WOW64; Trident/7.0; rv:11.0) like Gecko"
213.153.47.173 - - [30/Aug/2018:12:22:29 +0200] "GET /reload?ser=1535624543616 HTTP/1.1" 200 28 "http://renault.activities.at/login?required=true" "Mozilla/5.0 (Windows NT 10.0; Win64; x64; rv:61.0) Gecko/20100101 Firefox/61.0"
138.21.12.25 - - [30/Aug/2018:12:22:29 +0200] "GET /reload?ser=1535624549809 HTTP/1.1" 200 28 "http://renault.2web.at/result?searchterm=true&search=reh5329" "Mozilla/5.0 (Windows NT 6.1; WOW64; Trident/7.0; rv:11.0) like Gecko"
213.153.47.173 - - [30/Aug/2018:12:22:49 +0200] "GET /reload?ser=1535624563195 HTTP/1.1" 200 28 "http://renault.activities.at/" "Mozilla/5.0 (Windows NT 10.0; Win64; x64; rv:61.0) Gecko/20100101 Firefox/61.0"
80.123.225.34 - - [30/Aug/2018:12:22:52 +0200] "GET /reload?ser=1535624578278 HTTP/1.1" 200 28 "http://renault.activities.at/success" "Mozilla/5.0 (compatible; MSIE 10.0; Windows NT 6.1; WOW64; Trident/6.0)"
193.194.132.28 - - [30/Aug/2018:12:23:11 +0200] "GET /reload?ser=1535624591741 HTTP/1.1" 200 28 "http://renault.2web.at/account?loadrequest=true" "Mozilla/5.0 (Windows NT 6.1; WOW64; Trident/7.0; rv:11.0) like Gecko"
213.153.47.173 - - [30/Aug/2018:12:23:30 +0200] "GET /reload?ser=1535624604276 HTTP/1.1" 200 28 "http://renault.activities.at/login?required=true" "Mozilla/5.0 (Windows NT 10.0; Win64; x64; rv:61.0) Gecko/20100101 Firefox/61.0"
138.21.12.25 - - [30/Aug/2018:12:23:30 +0200] "GET /reload?ser=1535624610879 HTTP/1.1" 200 28 "http://renault.2web.at/result?searchterm=true&search=reh5329" "Mozilla/5.0 (Windows NT 6.1; WOW64; Trident/7.0; rv:11.0) like Gecko"
213.153.47.173 - - [30/Aug/2018:12:23:49 +0200] "GET /reload?ser=1535624623856 HTTP/1.1" 200 28 "http://renault.activities.at/" "Mozilla/5.0 (Windows NT 10.0; Win64; x64; rv:61.0) Gecko/20100101 Firefox/61.0"
80.123.225.34 - - [30/Aug/2018:12:23:53 +0200] "GET /reload?ser=1535624639293 HTTP/1.1" 200 28 "http://renault.activities.at/success" "Mozilla/5.0 (compatible; MSIE 10.0; Windows NT 6.1; WOW64; Trident/6.0)"
193.194.132.28 - - [30/Aug/2018:12:24:12 +0200] "GET /reload?ser=1535624652822 HTTP/1.1" 200 28 "http://renault.2web.at/account?loadrequest=true" "Mozilla/5.0 (Windows NT 6.1; WOW64; Trident/7.0; rv:11.0) like Gecko"
213.153.47.173 - - [30/Aug/2018:12:24:30 +0200] "GET /reload?ser=1535624664935 HTTP/1.1" 200 28 "http://renault.activities.at/login?required=true" "Mozilla/5.0 (Windows NT 10.0; Win64; x64; rv:61.0) Gecko/20100101 Firefox/61.0"
138.21.12.25 - - [30/Aug/2018:12:24:32 +0200] "GET /reload?ser=1535624671968 HTTP/1.1" 200 28 "http://renault.2web.at/result?searchterm=true&search=reh5329" "Mozilla/5.0 (Windows NT 6.1; WOW64; Trident/7.0; rv:11.0) like Gecko"
213.153.47.173 - - [30/Aug/2018:12:24:50 +0200] "GET /reload?ser=1535624684526 HTTP/1.1" 200 28 "http://renault.activities.at/" "Mozilla/5.0 (Windows NT 10.0; Win64; x64; rv:61.0) Gecko/20100101 Firefox/61.0"
80.123.225.34 - - [30/Aug/2018:12:24:54 +0200] "GET /reload?ser=1535624700292 HTTP/1.1" 200 28 "http://renault.activities.at/success" "Mozilla/5.0 (compatible; MSIE 10.0; Windows NT 6.1; WOW64; Trident/6.0)"
193.194.132.28 - - [30/Aug/2018:12:25:14 +0200] "GET /reload?ser=1535624713937 HTTP/1.1" 200 28 "http://renault.2web.at/account?loadrequest=true" "Mozilla/5.0 (Windows NT 6.1; WOW64; Trident/7.0; rv:11.0) like Gecko"
213.153.47.173 - - [30/Aug/2018:12:25:31 +0200] "GET /reload?ser=1535624725606 HTTP/1.1" 200 28 "http://renault.activities.at/login?required=true" "Mozilla/5.0 (Windows NT 10.0; Win64; x64; rv:61.0) Gecko/20100101 Firefox/61.0"
138.21.12.25 - - [30/Aug/2018:12:25:33 +0200] "GET /reload?ser=1535624733058 HTTP/1.1" 200 28 "http://renault.2web.at/result?searchterm=true&search=reh5329" "Mozilla/5.0 (Windows NT 6.1; WOW64; Trident/7.0; rv:11.0) like Gecko"
213.153.47.173 - - [30/Aug/2018:12:25:51 +0200] "GET /reload?ser=1535624745185 HTTP/1.1" 200 28 "http://renault.activities.at/" "Mozilla/5.0 (Windows NT 10.0; Win64; x64; rv:61.0) Gecko/20100101 Firefox/61.0"
80.123.225.34 - - [30/Aug/2018:12:25:55 +0200] "GET /reload?ser=1535624761264 HTTP/1.1" 200 28 "http://renault.activities.at/success" "Mozilla/5.0 (compatible; MSIE 10.0; Windows NT 6.1; WOW64; Trident/6.0)"
193.194.132.28 - - [30/Aug/2018:12:26:15 +0200] "GET /reload?ser=1535624775043 HTTP/1.1" 200 28 "http://renault.2web.at/account?loadrequest=true" "Mozilla/5.0 (Windows NT 6.1; WOW64; Trident/7.0; rv:11.0) like Gecko"
213.153.47.173 - - [30/Aug/2018:12:26:32 +0200] "GET /reload?ser=1535624786275 HTTP/1.1" 200 28 "http://renault.activities.at/login?required=true" "Mozilla/5.0 (Windows NT 10.0; Win64; x64; rv:61.0) Gecko/20100101 Firefox/61.0"
213.153.47.173 - - [30/Aug/2018:12:26:51 +0200] "GET /reload?ser=1535624805845 HTTP/1.1" 200 28 "http://renault.activities.at/" "Mozilla/5.0 (Windows NT 10.0; Win64; x64; rv:61.0) Gecko/20100101 Firefox/61.0"
80.123.225.34 - - [30/Aug/2018:12:26:56 +0200] "GET /reload?ser=1535624822232 HTTP/1.1" 200 28 "http://renault.activities.at/success" "Mozilla/5.0 (compatible; MSIE 10.0; Windows NT 6.1; WOW64; Trident/6.0)"
193.194.132.28 - - [30/Aug/2018:12:27:16 +0200] "GET /reload?ser=1535624836121 HTTP/1.1" 200 28 "http://renault.2web.at/account?loadrequest=true" "Mozilla/5.0 (Windows NT 6.1; WOW64; Trident/7.0; rv:11.0) like Gecko"
213.153.47.173 - - [30/Aug/2018:12:27:32 +0200] "GET /reload?ser=1535624846936 HTTP/1.1" 200 28 "http://renault.activities.at/login?required=true" "Mozilla/5.0 (Windows NT 10.0; Win64; x64; rv:61.0) Gecko/20100101 Firefox/61.0"
213.153.47.173 - - [30/Aug/2018:12:27:52 +0200] "GET /reload?ser=1535624866506 HTTP/1.1" 200 28 "http://renault.activities.at/" "Mozilla/5.0 (Windows NT 10.0; Win64; x64; rv:61.0) Gecko/20100101 Firefox/61.0"
80.123.225.34 - - [30/Aug/2018:12:27:57 +0200] "GET /reload?ser=1535624883159 HTTP/1.1" 200 28 "http://renault.activities.at/success" "Mozilla/5.0 (compatible; MSIE 10.0; Windows NT 6.1; WOW64; Trident/6.0)"
193.194.132.28 - - [30/Aug/2018:12:28:17 +0200] "GET /reload?ser=1535624897238 HTTP/1.1" 200 28 "http://renault.2web.at/account?loadrequest=true" "Mozilla/5.0 (Windows NT 6.1; WOW64; Trident/7.0; rv:11.0) like Gecko"
213.153.47.173 - - [30/Aug/2018:12:28:33 +0200] "GET /reload?ser=1535624907595 HTTP/1.1" 200 28 "http://renault.activities.at/login?required=true" "Mozilla/5.0 (Windows NT 10.0; Win64; x64; rv:61.0) Gecko/20100101 Firefox/61.0"
213.153.47.173 - - [30/Aug/2018:12:28:53 +0200] "GET /reload?ser=1535624927156 HTTP/1.1" 200 28 "http://renault.activities.at/" "Mozilla/5.0 (Windows NT 10.0; Win64; x64; rv:61.0) Gecko/20100101 Firefox/61.0"
80.123.225.34 - - [30/Aug/2018:12:28:58 +0200] "GET /reload?ser=1535624944161 HTTP/1.1" 200 28 "http://renault.activities.at/success" "Mozilla/5.0 (compatible; MSIE 10.0; Windows NT 6.1; WOW64; Trident/6.0)"
193.194.132.28 - - [30/Aug/2018:12:29:18 +0200] "GET /reload?ser=1535624958344 HTTP/1.1" 200 28 "http://renault.2web.at/account?loadrequest=true" "Mozilla/5.0 (Windows NT 6.1; WOW64; Trident/7.0; rv:11.0) like Gecko"
213.153.47.173 - - [30/Aug/2018:12:29:34 +0200] "GET /reload?ser=1535624968256 HTTP/1.1" 200 28 "http://renault.activities.at/login?required=true" "Mozilla/5.0 (Windows NT 10.0; Win64; x64; rv:61.0) Gecko/20100101 Firefox/61.0"
213.153.47.173 - - [30/Aug/2018:12:29:53 +0200] "GET /reload?ser=1535624987836 HTTP/1.1" 200 28 "http://renault.activities.at/" "Mozilla/5.0 (Windows NT 10.0; Win64; x64; rv:61.0) Gecko/20100101 Firefox/61.0"
80.123.225.34 - - [30/Aug/2018:12:29:59 +0200] "GET /reload?ser=1535625005137 HTTP/1.1" 200 28 "http://renault.activities.at/success" "Mozilla/5.0 (compatible; MSIE 10.0; Windows NT 6.1; WOW64; Trident/6.0)"
193.194.132.28 - - [30/Aug/2018:12:30:19 +0200] "GET /reload?ser=1535625019473 HTTP/1.1" 200 28 "http://renault.2web.at/account?loadrequest=true" "Mozilla/5.0 (Windows NT 6.1; WOW64; Trident/7.0; rv:11.0) like Gecko"
213.153.47.173 - - [30/Aug/2018:12:30:34 +0200] "GET /reload?ser=1535625028905 HTTP/1.1" 200 28 "http://renault.activities.at/login?required=true" "Mozilla/5.0 (Windows NT 10.0; Win64; x64; rv:61.0) Gecko/20100101 Firefox/61.0"
213.153.47.173 - - [30/Aug/2018:12:30:54 +0200] "GET /reload?ser=1535625048515 HTTP/1.1" 200 28 "http://renault.activities.at/" "Mozilla/5.0 (Windows NT 10.0; Win64; x64; rv:61.0) Gecko/20100101 Firefox/61.0"
80.123.225.34 - - [30/Aug/2018:12:31:00 +0200] "GET /reload?ser=1535625066126 HTTP/1.1" 200 28 "http://renault.activities.at/success" "Mozilla/5.0 (compatible; MSIE 10.0; Windows NT 6.1; WOW64; Trident/6.0)"
193.194.132.28 - - [30/Aug/2018:12:31:20 +0200] "GET /reload?ser=1535625080601 HTTP/1.1" 200 28 "http://renault.2web.at/account?loadrequest=true" "Mozilla/5.0 (Windows NT 6.1; WOW64; Trident/7.0; rv:11.0) like Gecko"
213.153.47.173 - - [30/Aug/2018:12:31:35 +0200] "GET /reload?ser=1535625089566 HTTP/1.1" 200 28 "http://renault.activities.at/login?required=true" "Mozilla/5.0 (Windows NT 10.0; Win64; x64; rv:61.0) Gecko/20100101 Firefox/61.0"
213.153.47.173 - - [30/Aug/2018:12:31:55 +0200] "GET /reload?ser=1535625109176 HTTP/1.1" 200 28 "http://renault.activities.at/" "Mozilla/5.0 (Windows NT 10.0; Win64; x64; rv:61.0) Gecko/20100101 Firefox/61.0"
80.123.225.34 - - [30/Aug/2018:12:32:01 +0200] "GET /reload?ser=1535625127115 HTTP/1.1" 200 28 "http://renault.activities.at/success" "Mozilla/5.0 (compatible; MSIE 10.0; Windows NT 6.1; WOW64; Trident/6.0)"
193.194.132.28 - - [30/Aug/2018:12:32:21 +0200] "GET /reload?ser=1535625141770 HTTP/1.1" 200 28 "http://renault.2web.at/account?loadrequest=true" "Mozilla/5.0 (Windows NT 6.1; WOW64; Trident/7.0; rv:11.0) like Gecko"
213.153.47.173 - - [30/Aug/2018:12:32:36 +0200] "GET /reload?ser=1535625150225 HTTP/1.1" 200 28 "http://renault.activities.at/login?required=true" "Mozilla/5.0 (Windows NT 10.0; Win64; x64; rv:61.0) Gecko/20100101 Firefox/61.0"
213.153.47.173 - - [30/Aug/2018:12:32:55 +0200] "GET /reload?ser=1535625169835 HTTP/1.1" 200 28 "http://renault.activities.at/" "Mozilla/5.0 (Windows NT 10.0; Win64; x64; rv:61.0) Gecko/20100101 Firefox/61.0"
80.123.225.34 - - [30/Aug/2018:12:33:02 +0200] "GET /reload?ser=1535625188067 HTTP/1.1" 200 28 "http://renault.activities.at/success" "Mozilla/5.0 (compatible; MSIE 10.0; Windows NT 6.1; WOW64; Trident/6.0)"
193.194.132.28 - - [30/Aug/2018:12:33:22 +0200] "GET /reload?ser=1535625202846 HTTP/1.1" 200 28 "http://renault.2web.at/account?loadrequest=true" "Mozilla/5.0 (Windows NT 6.1; WOW64; Trident/7.0; rv:11.0) like Gecko"
213.153.47.173 - - [30/Aug/2018:12:33:36 +0200] "GET /reload?ser=1535625210885 HTTP/1.1" 200 28 "http://renault.activities.at/login?required=true" "Mozilla/5.0 (Windows NT 10.0; Win64; x64; rv:61.0) Gecko/20100101 Firefox/61.0"
213.153.47.173 - - [30/Aug/2018:12:33:56 +0200] "GET /reload?ser=1535625230485 HTTP/1.1" 200 28 "http://renault.activities.at/" "Mozilla/5.0 (Windows NT 10.0; Win64; x64; rv:61.0) Gecko/20100101 Firefox/61.0"
80.123.225.34 - - [30/Aug/2018:12:34:03 +0200] "GET /reload?ser=1535625249043 HTTP/1.1" 200 28 "http://renault.activities.at/success" "Mozilla/5.0 (compatible; MSIE 10.0; Windows NT 6.1; WOW64; Trident/6.0)"
193.194.132.28 - - [30/Aug/2018:12:34:24 +0200] "GET /reload?ser=1535625263954 HTTP/1.1" 200 28 "http://renault.2web.at/account?loadrequest=true" "Mozilla/5.0 (Windows NT 6.1; WOW64; Trident/7.0; rv:11.0) like Gecko"
213.153.47.173 - - [30/Aug/2018:12:34:37 +0200] "GET /reload?ser=1535625271546 HTTP/1.1" 200 28 "http://renault.activities.at/login?required=true" "Mozilla/5.0 (Windows NT 10.0; Win64; x64; rv:61.0) Gecko/20100101 Firefox/61.0"
213.153.47.173 - - [30/Aug/2018:12:34:57 +0200] "GET /reload?ser=1535625291146 HTTP/1.1" 200 28 "http://renault.activities.at/" "Mozilla/5.0 (Windows NT 10.0; Win64; x64; rv:61.0) Gecko/20100101 Firefox/61.0"
80.123.225.34 - - [30/Aug/2018:12:35:04 +0200] "GET /reload?ser=1535625310017 HTTP/1.1" 200 28 "http://renault.activities.at/success" "Mozilla/5.0 (compatible; MSIE 10.0; Windows NT 6.1; WOW64; Trident/6.0)"
193.194.132.28 - - [30/Aug/2018:12:35:25 +0200] "GET /reload?ser=1535625325020 HTTP/1.1" 200 28 "http://renault.2web.at/account?loadrequest=true" "Mozilla/5.0 (Windows NT 6.1; WOW64; Trident/7.0; rv:11.0) like Gecko"
213.153.47.173 - - [30/Aug/2018:12:35:38 +0200] "GET /reload?ser=1535625332196 HTTP/1.1" 200 28 "http://renault.activities.at/login?required=true" "Mozilla/5.0 (Windows NT 10.0; Win64; x64; rv:61.0) Gecko/20100101 Firefox/61.0"
213.153.47.173 - - [30/Aug/2018:12:35:57 +0200] "GET /reload?ser=1535625351796 HTTP/1.1" 200 28 "http://renault.activities.at/" "Mozilla/5.0 (Windows NT 10.0; Win64; x64; rv:61.0) Gecko/20100101 Firefox/61.0"
80.123.225.34 - - [30/Aug/2018:12:36:05 +0200] "GET /reload?ser=1535625371006 HTTP/1.1" 200 28 "http://renault.activities.at/success" "Mozilla/5.0 (compatible; MSIE 10.0; Windows NT 6.1; WOW64; Trident/6.0)"
193.194.132.28 - - [30/Aug/2018:12:36:26 +0200] "GET /reload?ser=1535625386111 HTTP/1.1" 200 28 "http://renault.2web.at/account?loadrequest=true" "Mozilla/5.0 (Windows NT 6.1; WOW64; Trident/7.0; rv:11.0) like Gecko"
213.153.47.173 - - [30/Aug/2018:12:36:38 +0200] "GET /reload?ser=1535625392876 HTTP/1.1" 200 28 "http://renault.activities.at/login?required=true" "Mozilla/5.0 (Windows NT 10.0; Win64; x64; rv:61.0) Gecko/20100101 Firefox/61.0"
213.153.47.173 - - [30/Aug/2018:12:36:58 +0200] "GET /reload?ser=1535625412476 HTTP/1.1" 200 28 "http://renault.activities.at/" "Mozilla/5.0 (Windows NT 10.0; Win64; x64; rv:61.0) Gecko/20100101 Firefox/61.0"
80.123.225.34 - - [30/Aug/2018:12:37:06 +0200] "GET /reload?ser=1535625432002 HTTP/1.1" 200 28 "http://renault.activities.at/success" "Mozilla/5.0 (compatible; MSIE 10.0; Windows NT 6.1; WOW64; Trident/6.0)"
193.194.132.28 - - [30/Aug/2018:12:37:27 +0200] "GET /reload?ser=1535625447216 HTTP/1.1" 200 28 "http://renault.2web.at/account?loadrequest=true" "Mozilla/5.0 (Windows NT 6.1; WOW64; Trident/7.0; rv:11.0) like Gecko"
213.153.47.173 - - [30/Aug/2018:12:37:39 +0200] "GET /reload?ser=1535625453536 HTTP/1.1" 200 28 "http://renault.activities.at/login?required=true" "Mozilla/5.0 (Windows NT 10.0; Win64; x64; rv:61.0) Gecko/20100101 Firefox/61.0"
213.153.47.173 - - [30/Aug/2018:12:37:59 +0200] "GET /reload?ser=1535625473134 HTTP/1.1" 200 28 "http://renault.activities.at/" "Mozilla/5.0 (Windows NT 10.0; Win64; x64; rv:61.0) Gecko/20100101 Firefox/61.0"
80.123.225.34 - - [30/Aug/2018:12:38:07 +0200] "GET /reload?ser=1535625492980 HTTP/1.1" 200 28 "http://renault.activities.at/success" "Mozilla/5.0 (compatible; MSIE 10.0; Windows NT 6.1; WOW64; Trident/6.0)"
193.194.132.28 - - [30/Aug/2018:12:38:28 +0200] "GET /reload?ser=1535625508327 HTTP/1.1" 200 28 "http://renault.2web.at/account?loadrequest=true" "Mozilla/5.0 (Windows NT 6.1; WOW64; Trident/7.0; rv:11.0) like Gecko"
213.153.47.173 - - [30/Aug/2018:12:38:40 +0200] "GET /reload?ser=1535625514195 HTTP/1.1" 200 28 "http://renault.activities.at/login?required=true" "Mozilla/5.0 (Windows NT 10.0; Win64; x64; rv:61.0) Gecko/20100101 Firefox/61.0"
