138.21.12.25 - - [30/Aug/2018:11:30:10 +0200] "GET /reload?ser=1535621410111 HTTP/1.1" 200 28 "http://renault.2web.at/result?searchterm=true&search=reh5329" "Mozilla/5.0 (Windows NT 6.1; WOW64; Trident/7.0; rv:11.0) like Gecko"
213.153.47.173 - - [30/Aug/2018:11:30:14 +0200] "GET /reload?ser=1535621408836 HTTP/1.1" 200 28 "http://renault.activities.at/" "Mozilla/5.0 (Windows NT 10.0; Win64; x64; rv:61.0) Gecko/20100101 Firefox/61.0"
193.194.132.28 - - [30/Aug/2018:11:30:15 +0200] "GET /reload?ser=1535621403587 HTTP/1.1" 200 28 "http://renault.2web.at/account?loadrequest=true" "Mozilla/5.0 (Windows NT 6.1; WOW64; Trident/7.0; rv:11.0) like Gecko"
213.153.47.173 - - [30/Aug/2018:11:30:55 +0200] "GET /reload?ser=1535621449768 HTTP/1.1" 200 28 "http://renault.activities.at/login?required=true" "Mozilla/5.0 (Windows NT 10.0; Win64; x64; rv:61.0) Gecko/20100101 Firefox/61.0"
80.123.225.34 - - [30/Aug/2018:11:31:03 +0200] "GET /reload?ser=1535621468977 HTTP/1.1" 200 28 "http://renault.activities.at/success" "Mozilla/5.0 (compatible; MSIE 10.0; Windows NT 6.1; WOW64; Trident/6.0)"
138.21.12.25 - - [30/Aug/2018:11:31:11 +0200] "GET /reload?ser=1535621471163 HTTP/1.1" 200 28 "http://renault.2web.at/result?searchterm=true&search=reh5329" "Mozilla/5.0 (Windows NT 6.1; WOW64; Trident/7.0; rv:11.0) like Gecko"
213.153.47.173 - - [30/Aug/2018:11:31:15 +0200] "GET /reload?ser=1535621469498 HTTP/1.1" 200 28 "http://renault.activities.at/" "Mozilla/5.0 (Windows NT 10.0; Win64; x64; rv:61.0) Gecko/20100101 Firefox/61.0"
193.194.132.28 - - [30/Aug/2018:11:31:16 +0200] "GET /reload?ser=1535621476663 HTTP/1.1" 200 28 "http://renault.2web.at/account?loadrequest=true" "Mozilla/5.0 (Windows NT 6.1; WOW64; Trident/7.0; rv:11.0) like Gecko"
213.153.47.173 - - [30/Aug/2018:11:31:56 +0200] "GET /reload?ser=1535621510438 HTTP/1.1" 200 28 "http://renault.activities.at/login?required=true" "Mozilla/5.0 (Windows NT 10.0; Win64; x64; rv:61.0) Gecko/20100101 Firefox/61.0"
80.123.225.34 - - [30/Aug/2018:11:32:04 +0200] "GET /reload?ser=1535621529944 HTTP/1.1" 200 28 "http://renault.activities.at/success" "Mozilla/5.0 (compatible; MSIE 10.0; Windows NT 6.1; WOW64; Trident/6.0)"
138.21.12.25 - - [30/Aug/2018:11:32:12 +0200] "GET /reload?ser=1535621532248 HTTP/1.1" 200 28 "http://renault.2web.at/result?searchterm=true&search=reh5329" "Mozilla/5.0 (Windows NT 6.1; WOW64; Trident/7.0; rv:11.0) like Gecko"
213.153.47.173 - - [30/Aug/2018:11:32:16 +0200] "GET /reload?ser=1535621530168 HTTP/1.1" 200 28 "http://renault.activities.at/" "Mozilla/5.0 (Windows NT 10.0; Win64; x64; rv:61.0) Gecko/20100101 Firefox/61.0"
193.194.132.28 - - [30/Aug/2018:11:32:17 +0200] "GET /reload?ser=1535621537749 HTTP/1.1" 200 28 "http://renault.2web.at/account?loadrequest=true" "Mozilla/5.0 (Windows NT 6.1; WOW64; Trident/7.0; rv:11.0) like Gecko"
213.153.47.173 - - [30/Aug/2018:11:32:56 +0200] "GET /reload?ser=1535621571098 HTTP/1.1" 200 28 "http://renault.activities.at/login?required=true" "Mozilla/5.0 (Windows NT 10.0; Win64; x64; rv:61.0) Gecko/20100101 Firefox/61.0"
80.123.225.34 - - [30/Aug/2018:11:33:05 +0200] "GET /reload?ser=1535621590930 HTTP/1.1" 200 28 "http://renault.activities.at/success" "Mozilla/5.0 (compatible; MSIE 10.0; Windows NT 6.1; WOW64; Trident/6.0)"
138.21.12.25 - - [30/Aug/2018:11:33:13 +0200] "GET /reload?ser=1535621593308 HTTP/1.1" 200 28 "http://renault.2web.at/result?searchterm=true&search=reh5329" "Mozilla/5.0 (Windows NT 6.1; WOW64; Trident/7.0; rv:11.0) like Gecko"
213.153.47.173 - - [30/Aug/2018:11:33:16 +0200] "GET /reload?ser=1535621590825 HTTP/1.1" 200 28 "http://renault.activities.at/" "Mozilla/5.0 (Windows NT 10.0; Win64; x64; rv:61.0) Gecko/20100101 Firefox/61.0"
193.194.132.28 - - [30/Aug/2018:11:33:18 +0200] "GET /reload?ser=1535621598840 HTTP/1.1" 200 28 "http://renault.2web.at/account?loadrequest=true" "Mozilla/5.0 (Windows NT 6.1; WOW64; Trident/7.0; rv:11.0) like Gecko"
213.153.47.173 - - [30/Aug/2018:11:33:57 +0200] "GET /reload?ser=1535621631758 HTTP/1.1" 200 28 "http://renault.activities.at/login?required=true" "Mozilla/5.0 (Windows NT 10.0; Win64; x64; rv:61.0) Gecko/20100101 Firefox/61.0"
80.123.225.34 - - [30/Aug/2018:11:34:06 +0200] "GET /reload?ser=1535621651899 HTTP/1.1" 200 28 "http://renault.activities.at/success" "Mozilla/5.0 (compatible; MSIE 10.0; Windows NT 6.1; WOW64; Trident/6.0)"
138.21.12.25 - - [30/Aug/2018:11:34:14 +0200] "GET /reload?ser=1535621654539 HTTP/1.1" 200 28 "http://renault.2web.at/result?searchterm=true&search=reh5329" "Mozilla/5.0 (Windows NT 6.1; WOW64; Trident/7.0; rv:11.0) like Gecko"
213.153.47.173 - - [30/Aug/2018:11:34:17 +0200] "GET /reload?ser=1535621651477 HTTP/1.1" 200 28 "http://renault.activities.at/" "Mozilla/5.0 (Windows NT 10.0; Win64; x64; rv:61.0) Gecko/20100101 Firefox/61.0"
193.194.132.28 - - [30/Aug/2018:11:34:19 +0200] "GET /reload?ser=1535621659953 HTTP/1.1" 200 28 "http://renault.2web.at/account?loadrequest=true" "Mozilla/5.0 (Windows NT 6.1; WOW64; Trident/7.0; rv:11.0) like Gecko"
213.153.47.173 - - [30/Aug/2018:11:34:58 +0200] "GET /reload?ser=1535621692439 HTTP/1.1" 200 28 "http://renault.activities.at/login?required=true" "Mozilla/5.0 (Windows NT 10.0; Win64; x64; rv:61.0) Gecko/20100101 Firefox/61.0"
62.218.65.51 - - [30/Aug/2018:11:35:03 +0200] "GET / HTTP/1.1" 200 3720 "-" "Mozilla/5.0 (Windows NT 6.1; Trident/7.0; rv:11.0) like Gecko"
62.218.65.51 - - [30/Aug/2018:11:35:04 +0200] "GET /js/flashdetection.js HTTP/1.1" 200 1059 "http://renault.activities.at/" "Mozilla/5.0 (Windows NT 6.1; Trident/7.0; rv:11.0) like Gecko"
62.218.65.51 - - [30/Aug/2018:11:35:04 +0200] "GET /css/reset.css HTTP/1.1" 200 1356 "http://renault.activities.at/" "Mozilla/5.0 (Windows NT 6.1; Trident/7.0; rv:11.0) like Gecko"
62.218.65.51 - - [30/Aug/2018:11:35:04 +0200] "GET /css/styles.css HTTP/1.1" 200 14664 "http://renault.activities.at/" "Mozilla/5.0 (Windows NT 6.1; Trident/7.0; rv:11.0) like Gecko"
62.218.65.51 - - [30/Aug/2018:11:35:04 +0200] "GET /css/clears.css HTTP/1.1" 200 851 "http://renault.activities.at/" "Mozilla/5.0 (Windows NT 6.1; Trident/7.0; rv:11.0) like Gecko"
62.218.65.51 - - [30/Aug/2018:11:35:04 +0200] "GET /js/default.js HTTP/1.1" 200 14698 "http://renault.activities.at/" "Mozilla/5.0 (Windows NT 6.1; Trident/7.0; rv:11.0) like Gecko"
62.218.65.51 - - [30/Aug/2018:11:35:04 +0200] "GET /css/print.css HTTP/1.1" 200 543 "http://renault.activities.at/" "Mozilla/5.0 (Windows NT 6.1; Trident/7.0; rv:11.0) like Gecko"
62.218.65.51 - - [30/Aug/2018:11:35:04 +0200] "GET /css/prototip.css HTTP/1.1" 200 968 "http://renault.activities.at/" "Mozilla/5.0 (Windows NT 6.1; Trident/7.0; rv:11.0) like Gecko"
62.218.65.51 - - [30/Aug/2018:11:35:04 +0200] "GET /js/checkout.css HTTP/1.1" 200 359 "http://renault.activities.at/" "Mozilla/5.0 (Windows NT 6.1; Trident/7.0; rv:11.0) like Gecko"
62.218.65.51 - - [30/Aug/2018:11:35:04 +0200] "GET /css/themes/default.css HTTP/1.1" 200 769 "http://renault.activities.at/" "Mozilla/5.0 (Windows NT 6.1; Trident/7.0; rv:11.0) like Gecko"
62.218.65.51 - - [30/Aug/2018:11:35:04 +0200] "GET /css/themes/alphacube.css HTTP/1.1" 200 743 "http://renault.activities.at/" "Mozilla/5.0 (Windows NT 6.1; Trident/7.0; rv:11.0) like Gecko"
62.218.65.51 - - [30/Aug/2018:11:35:04 +0200] "GET /js/index.php?c=auto&f=,prototype/prototype.js,prototype/validation.js,scriptaculous/builder.js,scriptaculous/effects.js,scriptaculous/dragdrop.js,scriptaculous/controls.js,scriptaculous/slider.js,varien/js.js,varien/form.js,varien/menu.js,mage/translate.js,mage/cookies.js,varien/product.js,spinner/SpinnerControl.jsmin.js,prototype/window.js,prototype/window_ext.js HTTP/1.1" 200 94182 "http://renault.activities.at/" "Mozilla/5.0 (Windows NT 6.1; Trident/7.0; rv:11.0) like Gecko"
62.218.65.51 - - [30/Aug/2018:11:35:04 +0200] "GET /images/main_block_border.gif HTTP/1.1" 200 43 "http://renault.activities.at/" "Mozilla/5.0 (Windows NT 6.1; Trident/7.0; rv:11.0) like Gecko"
62.218.65.51 - - [30/Aug/2018:11:35:04 +0200] "GET /images/main_block_corner_left_bot.gif HTTP/1.1" 200 159 "http://renault.activities.at/" "Mozilla/5.0 (Windows NT 6.1; Trident/7.0; rv:11.0) like Gecko"
62.218.65.51 - - [30/Aug/2018:11:35:04 +0200] "GET /images/main_block_corner_right_bot.gif HTTP/1.1" 200 158 "http://renault.activities.at/" "Mozilla/5.0 (Windows NT 6.1; Trident/7.0; rv:11.0) like Gecko"
62.218.65.51 - - [30/Aug/2018:11:35:04 +0200] "GET /images/header_block_border.gif HTTP/1.1" 200 43 "http://renault.activities.at/" "Mozilla/5.0 (Windows NT 6.1; Trident/7.0; rv:11.0) like Gecko"
62.218.65.51 - - [30/Aug/2018:11:35:04 +0200] "GET /images/header_block_corner_left_top.gif HTTP/1.1" 200 160 "http://renault.activities.at/" "Mozilla/5.0 (Windows NT 6.1; Trident/7.0; rv:11.0) like Gecko"
62.218.65.51 - - [30/Aug/2018:11:35:04 +0200] "GET /images/favicon.ico HTTP/1.1" 404 305 "-" "Mozilla/5.0 (Windows NT 6.1; Trident/7.0; rv:11.0) like Gecko"
62.218.65.51 - - [30/Aug/2018:11:35:04 +0200] "GET /images/header_block_corner_right_top.gif HTTP/1.1" 200 160 "http://renault.activities.at/" "Mozilla/5.0 (Windows NT 6.1; Trident/7.0; rv:11.0) like Gecko"
62.218.65.51 - - [30/Aug/2018:11:35:04 +0200] "GET /images/main_block_corner_left_top.gif HTTP/1.1" 200 159 "http://renault.activities.at/" "Mozilla/5.0 (Windows NT 6.1; Trident/7.0; rv:11.0) like Gecko"
62.218.65.51 - - [30/Aug/2018:11:35:04 +0200] "GET /images/main_block_corner_right_top.gif HTTP/1.1" 200 159 "http://renault.activities.at/" "Mozilla/5.0 (Windows NT 6.1; Trident/7.0; rv:11.0) like Gecko"
62.218.65.51 - - [30/Aug/2018:11:35:04 +0200] "GET /images/title_border.jpg HTTP/1.1" 200 304 "http://renault.activities.at/" "Mozilla/5.0 (Windows NT 6.1; Trident/7.0; rv:11.0) like Gecko"
62.218.65.51 - - [30/Aug/2018:11:35:04 +0200] "GET /images/title_border_top.jpg HTTP/1.1" 200 336 "http://renault.activities.at/" "Mozilla/5.0 (Windows NT 6.1; Trident/7.0; rv:11.0) like Gecko"
62.218.65.51 - - [30/Aug/2018:11:35:04 +0200] "GET /images/title_corner_left_top.jpg HTTP/1.1" 200 372 "http://renault.activities.at/" "Mozilla/5.0 (Windows NT 6.1; Trident/7.0; rv:11.0) like Gecko"
62.218.65.51 - - [30/Aug/2018:11:35:04 +0200] "GET /images/title_corner_right_top.jpg HTTP/1.1" 200 389 "http://renault.activities.at/" "Mozilla/5.0 (Windows NT 6.1; Trident/7.0; rv:11.0) like Gecko"
62.218.65.51 - - [30/Aug/2018:11:35:04 +0200] "GET /loadthumbnail.php?id=11127982 HTTP/1.1" 200 399614 "http://renault.activities.at/" "Mozilla/5.0 (Windows NT 6.1; Trident/7.0; rv:11.0) like Gecko"
62.218.65.51 - - [30/Aug/2018:11:35:06 +0200] "GET /login HTTP/1.1" 200 2086 "http://renault.activities.at/" "Mozilla/5.0 (Windows NT 6.1; Trident/7.0; rv:11.0) like Gecko"
62.218.65.51 - - [30/Aug/2018:11:35:07 +0200] "GET /images/button_left_bg.gif HTTP/1.1" 200 564 "http://renault.activities.at/login" "Mozilla/5.0 (Windows NT 6.1; Trident/7.0; rv:11.0) like Gecko"
62.218.65.51 - - [30/Aug/2018:11:35:07 +0200] "GET /images/button_right_bg.gif HTTP/1.1" 200 561 "http://renault.activities.at/login" "Mozilla/5.0 (Windows NT 6.1; Trident/7.0; rv:11.0) like Gecko"
62.218.65.51 - - [30/Aug/2018:11:35:07 +0200] "GET /images/button_bg.gif HTTP/1.1" 200 151 "http://renault.activities.at/login" "Mozilla/5.0 (Windows NT 6.1; Trident/7.0; rv:11.0) like Gecko"
62.218.65.51 - - [30/Aug/2018:11:35:07 +0200] "GET /images/favicon.ico HTTP/1.1" 404 305 "-" "Mozilla/5.0 (Windows NT 6.1; Trident/7.0; rv:11.0) like Gecko"
62.218.65.51 - - [30/Aug/2018:11:35:07 +0200] "GET /favicon.ico HTTP/1.1" 200 3250 "-" "Mozilla/5.0 (Windows NT 6.1; Trident/7.0; rv:11.0) like Gecko"
80.123.225.34 - - [30/Aug/2018:11:35:07 +0200] "GET /reload?ser=1535621712878 HTTP/1.1" 200 28 "http://renault.activities.at/success" "Mozilla/5.0 (compatible; MSIE 10.0; Windows NT 6.1; WOW64; Trident/6.0)"
62.218.65.51 - - [30/Aug/2018:11:35:14 +0200] "POST /login HTTP/1.1" 302 140 "http://renault.activities.at/login" "Mozilla/5.0 (Windows NT 6.1; Trident/7.0; rv:11.0) like Gecko"
138.21.12.25 - - [30/Aug/2018:11:35:15 +0200] "GET /reload?ser=1535621715625 HTTP/1.1" 200 28 "http://renault.2web.at/result?searchterm=true&search=reh5329" "Mozilla/5.0 (Windows NT 6.1; WOW64; Trident/7.0; rv:11.0) like Gecko"
213.153.47.173 - - [30/Aug/2018:11:35:18 +0200] "GET /reload?ser=1535621712147 HTTP/1.1" 200 28 "http://renault.activities.at/" "Mozilla/5.0 (Windows NT 10.0; Win64; x64; rv:61.0) Gecko/20100101 Firefox/61.0"
62.218.65.51 - - [30/Aug/2018:11:35:16 +0200] "GET /account HTTP/1.1" 200 5885 "http://renault.activities.at/login" "Mozilla/5.0 (Windows NT 6.1; Trident/7.0; rv:11.0) like Gecko"
62.218.65.51 - - [30/Aug/2018:11:35:19 +0200] "GET /js/account.js HTTP/1.1" 200 953 "http://renault.activities.at/account" "Mozilla/5.0 (Windows NT 6.1; Trident/7.0; rv:11.0) like Gecko"
62.218.65.51 - - [30/Aug/2018:11:35:19 +0200] "GET /images/search_bg.gif HTTP/1.1" 200 1726 "http://renault.activities.at/account" "Mozilla/5.0 (Windows NT 6.1; Trident/7.0; rv:11.0) like Gecko"
62.218.65.51 - - [30/Aug/2018:11:35:19 +0200] "GET /images/menu_button_bg.jpg HTTP/1.1" 200 322 "http://renault.activities.at/account" "Mozilla/5.0 (Windows NT 6.1; Trident/7.0; rv:11.0) like Gecko"
62.218.65.51 - - [30/Aug/2018:11:35:19 +0200] "GET /images/top_links_divider.gif HTTP/1.1" 200 44 "http://renault.activities.at/account" "Mozilla/5.0 (Windows NT 6.1; Trident/7.0; rv:11.0) like Gecko"
62.218.65.51 - - [30/Aug/2018:11:35:19 +0200] "GET /images/nav_divider.gif HTTP/1.1" 200 43 "http://renault.activities.at/account" "Mozilla/5.0 (Windows NT 6.1; Trident/7.0; rv:11.0) like Gecko"
62.218.65.51 - - [30/Aug/2018:11:35:19 +0200] "GET /images/menu_divider.gif HTTP/1.1" 200 176 "http://renault.activities.at/account" "Mozilla/5.0 (Windows NT 6.1; Trident/7.0; rv:11.0) like Gecko"
62.218.65.51 - - [30/Aug/2018:11:35:19 +0200] "GET /images/sidebar_title_border.gif HTTP/1.1" 200 43 "http://renault.activities.at/account" "Mozilla/5.0 (Windows NT 6.1; Trident/7.0; rv:11.0) like Gecko"
62.218.65.51 - - [30/Aug/2018:11:35:19 +0200] "GET /images/sidebar_title_border_top.gif HTTP/1.1" 200 155 "http://renault.activities.at/account" "Mozilla/5.0 (Windows NT 6.1; Trident/7.0; rv:11.0) like Gecko"
62.218.65.51 - - [30/Aug/2018:11:35:19 +0200] "GET /images/sidebar_title_corner_left_top.gif HTTP/1.1" 200 1124 "http://renault.activities.at/account" "Mozilla/5.0 (Windows NT 6.1; Trident/7.0; rv:11.0) like Gecko"
62.218.65.51 - - [30/Aug/2018:11:35:19 +0200] "GET /loadthumbnail.php?id=11592489&width=50&height=50 HTTP/1.1" 200 1740 "http://renault.activities.at/account" "Mozilla/5.0 (Windows NT 6.1; Trident/7.0; rv:11.0) like Gecko"
62.218.65.51 - - [30/Aug/2018:11:35:19 +0200] "GET /images/footer_divider.gif HTTP/1.1" 200 44 "http://renault.activities.at/account" "Mozilla/5.0 (Windows NT 6.1; Trident/7.0; rv:11.0) like Gecko"
62.218.65.51 - - [30/Aug/2018:11:35:19 +0200] "GET /images/sidebar_title_corner_right_top.gif HTTP/1.1" 200 383 "http://renault.activities.at/account" "Mozilla/5.0 (Windows NT 6.1; Trident/7.0; rv:11.0) like Gecko"
62.218.65.51 - - [30/Aug/2018:11:35:19 +0200] "GET /favicon.ico HTTP/1.1" 200 3250 "-" "Mozilla/5.0 (Windows NT 6.1; Trident/7.0; rv:11.0) like Gecko"
193.194.132.28 - - [30/Aug/2018:11:35:21 +0200] "GET /reload?ser=1535621721005 HTTP/1.1" 200 28 "http://renault.2web.at/account?loadrequest=true" "Mozilla/5.0 (Windows NT 6.1; WOW64; Trident/7.0; rv:11.0) like Gecko"
62.218.65.51 - - [30/Aug/2018:11:35:45 +0200] "POST /axjaxrequest?mode=suggest HTTP/1.1" 200 111 "http://renault.activities.at/account" "Mozilla/5.0 (Windows NT 6.1; Trident/7.0; rv:11.0) like Gecko"
62.218.65.51 - - [30/Aug/2018:11:35:48 +0200] "GET /result?searchterm=true&search=Prospekt HTTP/1.1" 200 8467 "http://renault.activities.at/account" "Mozilla/5.0 (Windows NT 6.1; Trident/7.0; rv:11.0) like Gecko"
62.218.65.51 - - [30/Aug/2018:11:35:51 +0200] "GET /js/ProduktGrp.js HTTP/1.1" 200 1569 "http://renault.activities.at/result?searchterm=true&search=Prospekt" "Mozilla/5.0 (Windows NT 6.1; Trident/7.0; rv:11.0) like Gecko"
62.218.65.51 - - [30/Aug/2018:11:35:51 +0200] "GET /js/prototip.js HTTP/1.1" 200 4588 "http://renault.activities.at/result?searchterm=true&search=Prospekt" "Mozilla/5.0 (Windows NT 6.1; Trident/7.0; rv:11.0) like Gecko"
62.218.65.51 - - [30/Aug/2018:11:35:51 +0200] "GET /images/loading.gif HTTP/1.1" 200 3208 "http://renault.activities.at/result?searchterm=true&search=Prospekt" "Mozilla/5.0 (Windows NT 6.1; Trident/7.0; rv:11.0) like Gecko"
62.218.65.51 - - [30/Aug/2018:11:35:51 +0200] "GET /loadthumbnail.php?id=10203276 HTTP/1.1" 200 75 "http://renault.activities.at/result?searchterm=true&search=Prospekt" "Mozilla/5.0 (Windows NT 6.1; Trident/7.0; rv:11.0) like Gecko"
62.218.65.51 - - [30/Aug/2018:11:35:51 +0200] "GET /loadthumbnail.php?id=10203255 HTTP/1.1" 200 137 "http://renault.activities.at/result?searchterm=true&search=Prospekt" "Mozilla/5.0 (Windows NT 6.1; Trident/7.0; rv:11.0) like Gecko"
62.218.65.51 - - [30/Aug/2018:11:35:52 +0200] "GET /images/pager_bg.gif HTTP/1.1" 200 150 "http://renault.activities.at/result?searchterm=true&search=Prospekt" "Mozilla/5.0 (Windows NT 6.1; Trident/7.0; rv:11.0) like Gecko"
62.218.65.51 - - [30/Aug/2018:11:35:51 +0200] "GET /loadthumbnail.php?id=11847428&width=113 HTTP/1.1" 200 3229 "http://renault.activities.at/result?searchterm=true&search=Prospekt" "Mozilla/5.0 (Windows NT 6.1; Trident/7.0; rv:11.0) like Gecko"
62.218.65.51 - - [30/Aug/2018:11:35:51 +0200] "GET /loadthumbnail.php?id=11623667&width=113 HTTP/1.1" 200 3762 "http://renault.activities.at/result?searchterm=true&search=Prospekt" "Mozilla/5.0 (Windows NT 6.1; Trident/7.0; rv:11.0) like Gecko"
62.218.65.51 - - [30/Aug/2018:11:35:52 +0200] "GET /images/vista-dn.gif HTTP/1.1" 200 128 "http://renault.activities.at/result?searchterm=true&search=Prospekt" "Mozilla/5.0 (Windows NT 6.1; Trident/7.0; rv:11.0) like Gecko"
62.218.65.51 - - [30/Aug/2018:11:35:51 +0200] "GET /loadthumbnail.php?id=11590241&width=113 HTTP/1.1" 200 3014 "http://renault.activities.at/result?searchterm=true&search=Prospekt" "Mozilla/5.0 (Windows NT 6.1; Trident/7.0; rv:11.0) like Gecko"
62.218.65.51 - - [30/Aug/2018:11:35:52 +0200] "GET /images/validation_advice_bg.gif HTTP/1.1" 200 134 "http://renault.activities.at/result?searchterm=true&search=Prospekt" "Mozilla/5.0 (Windows NT 6.1; Trident/7.0; rv:11.0) like Gecko"
62.218.65.51 - - [30/Aug/2018:11:35:51 +0200] "GET /loadthumbnail.php?id=11590267&width=113 HTTP/1.1" 200 3213 "http://renault.activities.at/result?searchterm=true&search=Prospekt" "Mozilla/5.0 (Windows NT 6.1; Trident/7.0; rv:11.0) like Gecko"
62.218.65.51 - - [30/Aug/2018:11:35:52 +0200] "GET /images/vista-up.gif HTTP/1.1" 200 131 "http://renault.activities.at/result?searchterm=true&search=Prospekt" "Mozilla/5.0 (Windows NT 6.1; Trident/7.0; rv:11.0) like Gecko"
62.218.65.51 - - [30/Aug/2018:11:35:52 +0200] "GET /loadthumbnail.php?id=11665846&width=113 HTTP/1.1" 200 3147 "http://renault.activities.at/result?searchterm=true&search=Prospekt" "Mozilla/5.0 (Windows NT 6.1; Trident/7.0; rv:11.0) like Gecko"
62.218.65.51 - - [30/Aug/2018:11:35:52 +0200] "GET /loadthumbnail.php?id=11845304&width=113 HTTP/1.1" 200 3022 "http://renault.activities.at/result?searchterm=true&search=Prospekt" "Mozilla/5.0 (Windows NT 6.1; Trident/7.0; rv:11.0) like Gecko"
62.218.65.51 - - [30/Aug/2018:11:35:52 +0200] "GET /loadthumbnail.php?id=11819633&width=113 HTTP/1.1" 200 3335 "http://renault.activities.at/result?searchterm=true&search=Prospekt" "Mozilla/5.0 (Windows NT 6.1; Trident/7.0; rv:11.0) like Gecko"
62.218.65.51 - - [30/Aug/2018:11:35:52 +0200] "GET /loadthumbnail.php?id=11590239&width=113 HTTP/1.1" 200 4106 "http://renault.activities.at/result?searchterm=true&search=Prospekt" "Mozilla/5.0 (Windows NT 6.1; Trident/7.0; rv:11.0) like Gecko"
62.218.65.51 - - [30/Aug/2018:11:35:52 +0200] "GET /loadthumbnail.php?id=11228566&width=113 HTTP/1.1" 200 4033 "http://renault.activities.at/result?searchterm=true&search=Prospekt" "Mozilla/5.0 (Windows NT 6.1; Trident/7.0; rv:11.0) like Gecko"
62.218.65.51 - - [30/Aug/2018:11:35:52 +0200] "GET /loadthumbnail.php?id=11590240&width=113 HTTP/1.1" 200 3363 "http://renault.activities.at/result?searchterm=true&search=Prospekt" "Mozilla/5.0 (Windows NT 6.1; Trident/7.0; rv:11.0) like Gecko"
62.218.65.51 - - [30/Aug/2018:11:35:52 +0200] "GET /loadthumbnail.php?id=11847426&width=113 HTTP/1.1" 200 2727 "http://renault.activities.at/result?searchterm=true&search=Prospekt" "Mozilla/5.0 (Windows NT 6.1; Trident/7.0; rv:11.0) like Gecko"
62.218.65.51 - - [30/Aug/2018:11:35:52 +0200] "GET /loadthumbnail.php?id=11819632&width=113 HTTP/1.1" 200 3552 "http://renault.activities.at/result?searchterm=true&search=Prospekt" "Mozilla/5.0 (Windows NT 6.1; Trident/7.0; rv:11.0) like Gecko"
62.218.65.51 - - [30/Aug/2018:11:35:52 +0200] "GET /loadthumbnail.php?id=11253834&width=113 HTTP/1.1" 200 2935 "http://renault.activities.at/result?searchterm=true&search=Prospekt" "Mozilla/5.0 (Windows NT 6.1; Trident/7.0; rv:11.0) like Gecko"
62.218.65.51 - - [30/Aug/2018:11:35:52 +0200] "GET /loadthumbnail.php?id=11711045&width=113 HTTP/1.1" 200 2986 "http://renault.activities.at/result?searchterm=true&search=Prospekt" "Mozilla/5.0 (Windows NT 6.1; Trident/7.0; rv:11.0) like Gecko"
62.218.65.51 - - [30/Aug/2018:11:35:52 +0200] "GET /loadthumbnail.php?id=11711048&width=113 HTTP/1.1" 200 3085 "http://renault.activities.at/result?searchterm=true&search=Prospekt" "Mozilla/5.0 (Windows NT 6.1; Trident/7.0; rv:11.0) like Gecko"
213.153.47.173 - - [30/Aug/2018:11:35:58 +0200] "GET /reload?ser=1535621753088 HTTP/1.1" 200 28 "http://renault.activities.at/login?required=true" "Mozilla/5.0 (Windows NT 10.0; Win64; x64; rv:61.0) Gecko/20100101 Firefox/61.0"
62.218.65.51 - - [30/Aug/2018:11:36:02 +0200] "GET /result?dir=DESC&mode=grid&order=name&limit=15&page=2&search=Prospekt HTTP/1.1" 200 8380 "http://renault.activities.at/result?searchterm=true&search=Prospekt" "Mozilla/5.0 (Windows NT 6.1; Trident/7.0; rv:11.0) like Gecko"
62.218.65.51 - - [30/Aug/2018:11:36:05 +0200] "GET /loadthumbnail.php?id=10203275 HTTP/1.1" 200 85 "http://renault.activities.at/result?dir=DESC&mode=grid&order=name&limit=15&page=2&search=Prospekt" "Mozilla/5.0 (Windows NT 6.1; Trident/7.0; rv:11.0) like Gecko"
62.218.65.51 - - [30/Aug/2018:11:36:05 +0200] "GET /loadthumbnail.php?id=11808715&width=113 HTTP/1.1" 200 3050 "http://renault.activities.at/result?dir=DESC&mode=grid&order=name&limit=15&page=2&search=Prospekt" "Mozilla/5.0 (Windows NT 6.1; Trident/7.0; rv:11.0) like Gecko"
62.218.65.51 - - [30/Aug/2018:11:36:05 +0200] "GET /loadthumbnail.php?id=11845305&width=113 HTTP/1.1" 200 3229 "http://renault.activities.at/result?dir=DESC&mode=grid&order=name&limit=15&page=2&search=Prospekt" "Mozilla/5.0 (Windows NT 6.1; Trident/7.0; rv:11.0) like Gecko"
62.218.65.51 - - [30/Aug/2018:11:36:05 +0200] "GET /loadthumbnail.php?id=11590243&width=113 HTTP/1.1" 200 3639 "http://renault.activities.at/result?dir=DESC&mode=grid&order=name&limit=15&page=2&search=Prospekt" "Mozilla/5.0 (Windows NT 6.1; Trident/7.0; rv:11.0) like Gecko"
62.218.65.51 - - [30/Aug/2018:11:36:05 +0200] "GET /loadthumbnail.php?id=11808714&width=113 HTTP/1.1" 200 3709 "http://renault.activities.at/result?dir=DESC&mode=grid&order=name&limit=15&page=2&search=Prospekt" "Mozilla/5.0 (Windows NT 6.1; Trident/7.0; rv:11.0) like Gecko"
62.218.65.51 - - [30/Aug/2018:11:36:05 +0200] "GET /loadthumbnail.php?id=11590242&width=113 HTTP/1.1" 200 3202 "http://renault.activities.at/result?dir=DESC&mode=grid&order=name&limit=15&page=2&search=Prospekt" "Mozilla/5.0 (Windows NT 6.1; Trident/7.0; rv:11.0) like Gecko"
62.218.65.51 - - [30/Aug/2018:11:36:06 +0200] "GET /loadthumbnail.php?id=11798475&width=113 HTTP/1.1" 200 3354 "http://renault.activities.at/result?dir=DESC&mode=grid&order=name&limit=15&page=2&search=Prospekt" "Mozilla/5.0 (Windows NT 6.1; Trident/7.0; rv:11.0) like Gecko"
62.218.65.51 - - [30/Aug/2018:11:36:06 +0200] "GET /loadthumbnail.php?id=11590244&width=113 HTTP/1.1" 200 2420 "http://renault.activities.at/result?dir=DESC&mode=grid&order=name&limit=15&page=2&search=Prospekt" "Mozilla/5.0 (Windows NT 6.1; Trident/7.0; rv:11.0) like Gecko"
62.218.65.51 - - [30/Aug/2018:11:36:06 +0200] "GET /loadthumbnail.php?id=11829073&width=113 HTTP/1.1" 200 2418 "http://renault.activities.at/result?dir=DESC&mode=grid&order=name&limit=15&page=2&search=Prospekt" "Mozilla/5.0 (Windows NT 6.1; Trident/7.0; rv:11.0) like Gecko"
62.218.65.51 - - [30/Aug/2018:11:36:06 +0200] "GET /loadthumbnail.php?id=11798476&width=113 HTTP/1.1" 200 2525 "http://renault.activities.at/result?dir=DESC&mode=grid&order=name&limit=15&page=2&search=Prospekt" "Mozilla/5.0 (Windows NT 6.1; Trident/7.0; rv:11.0) like Gecko"
62.218.65.51 - - [30/Aug/2018:11:36:06 +0200] "GET /loadthumbnail.php?id=11847427&width=113 HTTP/1.1" 200 2698 "http://renault.activities.at/result?dir=DESC&mode=grid&order=name&limit=15&page=2&search=Prospekt" "Mozilla/5.0 (Windows NT 6.1; Trident/7.0; rv:11.0) like Gecko"
62.218.65.51 - - [30/Aug/2018:11:36:06 +0200] "GET /loadthumbnail.php?id=11819635&width=113 HTTP/1.1" 200 3087 "http://renault.activities.at/result?dir=DESC&mode=grid&order=name&limit=15&page=2&search=Prospekt" "Mozilla/5.0 (Windows NT 6.1; Trident/7.0; rv:11.0) like Gecko"
62.218.65.51 - - [30/Aug/2018:11:36:06 +0200] "GET /loadthumbnail.php?id=11524431&width=113 HTTP/1.1" 200 2743 "http://renault.activities.at/result?dir=DESC&mode=grid&order=name&limit=15&page=2&search=Prospekt" "Mozilla/5.0 (Windows NT 6.1; Trident/7.0; rv:11.0) like Gecko"
62.218.65.51 - - [30/Aug/2018:11:36:06 +0200] "GET /loadthumbnail.php?id=11819630&width=113 HTTP/1.1" 200 2902 "http://renault.activities.at/result?dir=DESC&mode=grid&order=name&limit=15&page=2&search=Prospekt" "Mozilla/5.0 (Windows NT 6.1; Trident/7.0; rv:11.0) like Gecko"
62.218.65.51 - - [30/Aug/2018:11:36:06 +0200] "GET /loadthumbnail.php?id=11361002&width=113 HTTP/1.1" 200 2857 "http://renault.activities.at/result?dir=DESC&mode=grid&order=name&limit=15&page=2&search=Prospekt" "Mozilla/5.0 (Windows NT 6.1; Trident/7.0; rv:11.0) like Gecko"
62.218.65.51 - - [30/Aug/2018:11:36:06 +0200] "GET /loadthumbnail.php?id=11819634&width=113 HTTP/1.1" 200 3081 "http://renault.activities.at/result?dir=DESC&mode=grid&order=name&limit=15&page=2&search=Prospekt" "Mozilla/5.0 (Windows NT 6.1; Trident/7.0; rv:11.0) like Gecko"
80.123.225.34 - - [30/Aug/2018:11:36:08 +0200] "GET /reload?ser=1535621773866 HTTP/1.1" 200 28 "http://renault.activities.at/success" "Mozilla/5.0 (compatible; MSIE 10.0; Windows NT 6.1; WOW64; Trident/6.0)"
138.21.12.25 - - [30/Aug/2018:11:36:16 +0200] "GET /reload?ser=1535621776740 HTTP/1.1" 200 28 "http://renault.2web.at/result?searchterm=true&search=reh5329" "Mozilla/5.0 (Windows NT 6.1; WOW64; Trident/7.0; rv:11.0) like Gecko"
213.153.47.173 - - [30/Aug/2018:11:36:18 +0200] "GET /reload?ser=1535621772817 HTTP/1.1" 200 28 "http://renault.activities.at/" "Mozilla/5.0 (Windows NT 10.0; Win64; x64; rv:61.0) Gecko/20100101 Firefox/61.0"
62.218.65.51 - - [30/Aug/2018:11:36:18 +0200] "GET /result?dir=DESC&mode=grid&order=name&limit=15&page=3&search=Prospekt HTTP/1.1" 200 5860 "http://renault.activities.at/result?dir=DESC&mode=grid&order=name&limit=15&page=2&search=Prospekt" "Mozilla/5.0 (Windows NT 6.1; Trident/7.0; rv:11.0) like Gecko"
62.218.65.51 - - [30/Aug/2018:11:36:20 +0200] "GET /loadthumbnail.php?id=11643691&width=113 HTTP/1.1" 200 3164 "http://renault.activities.at/result?dir=DESC&mode=grid&order=name&limit=15&page=3&search=Prospekt" "Mozilla/5.0 (Windows NT 6.1; Trident/7.0; rv:11.0) like Gecko"
193.194.132.28 - - [30/Aug/2018:11:36:22 +0200] "GET /reload?ser=1535621782137 HTTP/1.1" 200 28 "http://renault.2web.at/account?loadrequest=true" "Mozilla/5.0 (Windows NT 6.1; WOW64; Trident/7.0; rv:11.0) like Gecko"
62.218.65.51 - - [30/Aug/2018:11:36:25 +0200] "GET /result?dir=DESC&mode=grid&order=name&limit=15&page=2&search=Prospekt HTTP/1.1" 200 8380 "http://renault.activities.at/result?dir=DESC&mode=grid&order=name&limit=15&page=3&search=Prospekt" "Mozilla/5.0 (Windows NT 6.1; Trident/7.0; rv:11.0) like Gecko"
62.218.65.51 - - [30/Aug/2018:11:36:35 +0200] "GET /images/vista-dn-hover.gif HTTP/1.1" 200 127 "http://renault.activities.at/result?dir=DESC&mode=grid&order=name&limit=15&page=2&search=Prospekt" "Mozilla/5.0 (Windows NT 6.1; Trident/7.0; rv:11.0) like Gecko"
62.218.65.51 - - [30/Aug/2018:11:36:35 +0200] "GET /images/vista-up-hover.gif HTTP/1.1" 200 130 "http://renault.activities.at/result?dir=DESC&mode=grid&order=name&limit=15&page=2&search=Prospekt" "Mozilla/5.0 (Windows NT 6.1; Trident/7.0; rv:11.0) like Gecko"
62.218.65.51 - - [30/Aug/2018:11:36:40 +0200] "POST /result?dir=DESC&mode=grid&order=name&limit=15&page=2&search=Prospekt HTTP/1.1" 200 8574 "http://renault.activities.at/result?dir=DESC&mode=grid&order=name&limit=15&page=2&search=Prospekt" "Mozilla/5.0 (Windows NT 6.1; Trident/7.0; rv:11.0) like Gecko"
62.218.65.51 - - [30/Aug/2018:11:36:43 +0200] "GET /images/success_msg_icon.gif HTTP/1.1" 200 1024 "http://renault.activities.at/result?dir=DESC&mode=grid&order=name&limit=15&page=2&search=Prospekt" "Mozilla/5.0 (Windows NT 6.1; Trident/7.0; rv:11.0) like Gecko"
62.218.65.51 - - [30/Aug/2018:11:36:55 +0200] "GET /result?dir=DESC&mode=grid&order=name&limit=15&page=1&search=Prospekt HTTP/1.1" 200 8559 "http://renault.activities.at/result?dir=DESC&mode=grid&order=name&limit=15&page=2&search=Prospekt" "Mozilla/5.0 (Windows NT 6.1; Trident/7.0; rv:11.0) like Gecko"
213.153.47.173 - - [30/Aug/2018:11:36:59 +0200] "GET /reload?ser=1535621813757 HTTP/1.1" 200 28 "http://renault.activities.at/login?required=true" "Mozilla/5.0 (Windows NT 10.0; Win64; x64; rv:61.0) Gecko/20100101 Firefox/61.0"
62.218.65.51 - - [30/Aug/2018:11:37:05 +0200] "GET /result?dir=DESC&mode=grid&order=name&limit=15&page=3&search=Prospekt HTTP/1.1" 200 5950 "http://renault.activities.at/result?dir=DESC&mode=grid&order=name&limit=15&page=1&search=Prospekt" "Mozilla/5.0 (Windows NT 6.1; Trident/7.0; rv:11.0) like Gecko"
80.123.225.34 - - [30/Aug/2018:11:37:09 +0200] "GET /reload?ser=1535621834853 HTTP/1.1" 200 28 "http://renault.activities.at/success" "Mozilla/5.0 (compatible; MSIE 10.0; Windows NT 6.1; WOW64; Trident/6.0)"
62.218.65.51 - - [30/Aug/2018:11:37:10 +0200] "POST /axjaxrequest?mode=suggest HTTP/1.1" 200 111 "http://renault.activities.at/result?dir=DESC&mode=grid&order=name&limit=15&page=3&search=Prospekt" "Mozilla/5.0 (Windows NT 6.1; Trident/7.0; rv:11.0) like Gecko"
62.218.65.51 - - [30/Aug/2018:11:37:11 +0200] "POST /axjaxrequest?mode=suggest HTTP/1.1" 200 21 "http://renault.activities.at/result?dir=DESC&mode=grid&order=name&limit=15&page=3&search=Prospekt" "Mozilla/5.0 (Windows NT 6.1; Trident/7.0; rv:11.0) like Gecko"
62.218.65.51 - - [30/Aug/2018:11:37:12 +0200] "GET /result?searchterm=true&search=Prospekt+Duste HTTP/1.1" 200 5879 "http://renault.activities.at/result?dir=DESC&mode=grid&order=name&limit=15&page=3&search=Prospekt" "Mozilla/5.0 (Windows NT 6.1; Trident/7.0; rv:11.0) like Gecko"
138.21.12.25 - - [30/Aug/2018:11:37:17 +0200] "GET /reload?ser=1535621837817 HTTP/1.1" 200 28 "http://renault.2web.at/result?searchterm=true&search=reh5329" "Mozilla/5.0 (Windows NT 6.1; WOW64; Trident/7.0; rv:11.0) like Gecko"
213.153.47.173 - - [30/Aug/2018:11:37:19 +0200] "GET /reload?ser=1535621833458 HTTP/1.1" 200 28 "http://renault.activities.at/" "Mozilla/5.0 (Windows NT 10.0; Win64; x64; rv:61.0) Gecko/20100101 Firefox/61.0"
62.218.65.51 - - [30/Aug/2018:11:37:20 +0200] "POST /result?searchterm=true&search=Prospekt+Duste HTTP/1.1" 200 5980 "http://renault.activities.at/result?searchterm=true&search=Prospekt+Duste" "Mozilla/5.0 (Windows NT 6.1; Trident/7.0; rv:11.0) like Gecko"
193.194.132.28 - - [30/Aug/2018:11:37:23 +0200] "GET /reload?ser=1535621843174 HTTP/1.1" 200 28 "http://renault.2web.at/account?loadrequest=true" "Mozilla/5.0 (Windows NT 6.1; WOW64; Trident/7.0; rv:11.0) like Gecko"
62.218.65.51 - - [30/Aug/2018:11:37:37 +0200] "POST /axjaxrequest?mode=suggest HTTP/1.1" 200 2057 "http://renault.activities.at/result?searchterm=true&search=Prospekt+Duste" "Mozilla/5.0 (Windows NT 6.1; Trident/7.0; rv:11.0) like Gecko"
62.218.65.51 - - [30/Aug/2018:11:37:38 +0200] "POST /axjaxrequest?mode=suggest HTTP/1.1" 200 1160 "http://renault.activities.at/result?searchterm=true&search=Prospekt+Duste" "Mozilla/5.0 (Windows NT 6.1; Trident/7.0; rv:11.0) like Gecko"
62.218.65.51 - - [30/Aug/2018:11:37:40 +0200] "GET /result?searchterm=true&search=REH5140 HTTP/1.1" 200 5874 "http://renault.activities.at/result?searchterm=true&search=Prospekt+Duste" "Mozilla/5.0 (Windows NT 6.1; Trident/7.0; rv:11.0) like Gecko"
62.218.65.51 - - [30/Aug/2018:11:37:43 +0200] "GET /loadthumbnail.php?id=11075482&width=113 HTTP/1.1" 200 2349 "http://renault.activities.at/result?searchterm=true&search=REH5140" "Mozilla/5.0 (Windows NT 6.1; Trident/7.0; rv:11.0) like Gecko"
62.218.65.51 - - [30/Aug/2018:11:37:40 +0200] "POST /axjaxrequest?mode=suggest HTTP/1.1" 200 112 "http://renault.activities.at/result?searchterm=true&search=Prospekt+Duste" "Mozilla/5.0 (Windows NT 6.1; Trident/7.0; rv:11.0) like Gecko"
213.153.47.173 - - [30/Aug/2018:11:38:00 +0200] "GET /reload?ser=1535621874397 HTTP/1.1" 200 28 "http://renault.activities.at/login?required=true" "Mozilla/5.0 (Windows NT 10.0; Win64; x64; rv:61.0) Gecko/20100101 Firefox/61.0"
80.123.225.34 - - [30/Aug/2018:11:38:09 +0200] "GET /reload?ser=1535621895830 HTTP/1.1" 200 28 "http://renault.activities.at/success" "Mozilla/5.0 (compatible; MSIE 10.0; Windows NT 6.1; WOW64; Trident/6.0)"
62.218.65.51 - - [30/Aug/2018:11:38:15 +0200] "POST /result?searchterm=true&search=REH5140 HTTP/1.1" 200 5976 "http://renault.activities.at/result?searchterm=true&search=REH5140" "Mozilla/5.0 (Windows NT 6.1; Trident/7.0; rv:11.0) like Gecko"
138.21.12.25 - - [30/Aug/2018:11:38:18 +0200] "GET /reload?ser=1535621898883 HTTP/1.1" 200 28 "http://renault.2web.at/result?searchterm=true&search=reh5329" "Mozilla/5.0 (Windows NT 6.1; WOW64; Trident/7.0; rv:11.0) like Gecko"
213.153.47.173 - - [30/Aug/2018:11:38:19 +0200] "GET /reload?ser=1535621894118 HTTP/1.1" 200 28 "http://renault.activities.at/" "Mozilla/5.0 (Windows NT 10.0; Win64; x64; rv:61.0) Gecko/20100101 Firefox/61.0"
62.218.65.51 - - [30/Aug/2018:11:38:20 +0200] "GET /result?searchterm=true&search=REH5140 HTTP/1.1" 200 5875 "http://renault.activities.at/result?searchterm=true&search=Prospekt+Duste" "Mozilla/5.0 (Windows NT 6.1; Trident/7.0; rv:11.0) like Gecko"
62.218.65.51 - - [30/Aug/2018:11:38:20 +0200] "GET /result?searchterm=true&search=Prospekt+Duste HTTP/1.1" 200 5880 "http://renault.activities.at/result?dir=DESC&mode=grid&order=name&limit=15&page=3&search=Prospekt" "Mozilla/5.0 (Windows NT 6.1; Trident/7.0; rv:11.0) like Gecko"
62.218.65.51 - - [30/Aug/2018:11:38:20 +0200] "GET /result?dir=DESC&mode=grid&order=name&limit=15&page=3&search=Prospekt HTTP/1.1" 200 4656 "http://renault.activities.at/result?dir=DESC&mode=grid&order=name&limit=15&page=1&search=Prospekt" "Mozilla/5.0 (Windows NT 6.1; Trident/7.0; rv:11.0) like Gecko"
193.194.132.28 - - [30/Aug/2018:11:38:24 +0200] "GET /reload?ser=1535621904218 HTTP/1.1" 200 28 "http://renault.2web.at/account?loadrequest=true" "Mozilla/5.0 (Windows NT 6.1; WOW64; Trident/7.0; rv:11.0) like Gecko"
62.218.65.51 - - [30/Aug/2018:11:38:25 +0200] "GET /images/note_msg_icon.gif HTTP/1.1" 200 1022 "http://renault.activities.at/result?dir=DESC&mode=grid&order=name&limit=15&page=3&search=Prospekt" "Mozilla/5.0 (Windows NT 6.1; Trident/7.0; rv:11.0) like Gecko"
62.218.65.51 - - [30/Aug/2018:11:38:31 +0200] "POST /axjaxrequest?mode=suggest HTTP/1.1" 200 184 "http://renault.activities.at/result?dir=DESC&mode=grid&order=name&limit=15&page=3&search=Prospekt" "Mozilla/5.0 (Windows NT 6.1; Trident/7.0; rv:11.0) like Gecko"
62.218.65.51 - - [30/Aug/2018:11:38:33 +0200] "POST /axjaxrequest?mode=suggest HTTP/1.1" 200 168 "http://renault.activities.at/result?dir=DESC&mode=grid&order=name&limit=15&page=3&search=Prospekt" "Mozilla/5.0 (Windows NT 6.1; Trident/7.0; rv:11.0) like Gecko"
62.218.65.51 - - [30/Aug/2018:11:38:34 +0200] "GET /result?searchterm=true&search=RGa003 HTTP/1.1" 200 4651 "http://renault.activities.at/result?dir=DESC&mode=grid&order=name&limit=15&page=3&search=Prospekt" "Mozilla/5.0 (Windows NT 6.1; Trident/7.0; rv:11.0) like Gecko"
62.218.65.51 - - [30/Aug/2018:11:38:34 +0200] "POST /axjaxrequest?mode=suggest HTTP/1.1" 200 21 "http://renault.activities.at/result?dir=DESC&mode=grid&order=name&limit=15&page=3&search=Prospekt" "Mozilla/5.0 (Windows NT 6.1; Trident/7.0; rv:11.0) like Gecko"
62.218.65.51 - - [30/Aug/2018:11:38:35 +0200] "GET /result?dir=DESC&mode=grid&order=name&limit=15&page=1&search=Prospekt HTTP/1.1" 200 4651 "http://renault.activities.at/result?dir=DESC&mode=grid&order=name&limit=15&page=2&search=Prospekt" "Mozilla/5.0 (Windows NT 6.1; Trident/7.0; rv:11.0) like Gecko"
62.218.65.51 - - [30/Aug/2018:11:38:49 +0200] "GET / HTTP/1.1" 200 6561 "-" "Mozilla/5.0 (Windows NT 6.1; Trident/7.0; rv:11.0) like Gecko"
62.218.65.51 - - [30/Aug/2018:11:38:55 +0200] "POST /axjaxrequest?mode=suggest HTTP/1.1" 200 184 "http://renault.activities.at/" "Mozilla/5.0 (Windows NT 6.1; Trident/7.0; rv:11.0) like Gecko"
62.218.65.51 - - [30/Aug/2018:11:38:56 +0200] "POST /axjaxrequest?mode=suggest HTTP/1.1" 200 168 "http://renault.activities.at/" "Mozilla/5.0 (Windows NT 6.1; Trident/7.0; rv:11.0) like Gecko"
62.218.65.51 - - [30/Aug/2018:11:38:57 +0200] "GET /result?searchterm=true&search=RGA013 HTTP/1.1" 200 6008 "http://renault.activities.at/" "Mozilla/5.0 (Windows NT 6.1; Trident/7.0; rv:11.0) like Gecko"
62.218.65.51 - - [30/Aug/2018:11:38:59 +0200] "GET /loadthumbnail.php?id=10269567&width=113 HTTP/1.1" 200 1590 "http://renault.activities.at/result?searchterm=true&search=RGA013" "Mozilla/5.0 (Windows NT 6.1; Trident/7.0; rv:11.0) like Gecko"
62.218.65.51 - - [30/Aug/2018:11:38:59 +0200] "GET /loadthumbnail.php?id=10269569&width=113 HTTP/1.1" 200 1309 "http://renault.activities.at/result?searchterm=true&search=RGA013" "Mozilla/5.0 (Windows NT 6.1; Trident/7.0; rv:11.0) like Gecko"
62.218.65.51 - - [30/Aug/2018:11:38:57 +0200] "POST /axjaxrequest?mode=suggest HTTP/1.1" 200 129 "http://renault.activities.at/" "Mozilla/5.0 (Windows NT 6.1; Trident/7.0; rv:11.0) like Gecko"
213.153.47.173 - - [30/Aug/2018:11:39:00 +0200] "GET /reload?ser=1535621935048 HTTP/1.1" 200 28 "http://renault.activities.at/login?required=true" "Mozilla/5.0 (Windows NT 10.0; Win64; x64; rv:61.0) Gecko/20100101 Firefox/61.0"
62.218.65.51 - - [30/Aug/2018:11:39:07 +0200] "POST /result?searchterm=true&search=RGA013 HTTP/1.1" 200 6105 "http://renault.activities.at/result?searchterm=true&search=RGA013" "Mozilla/5.0 (Windows NT 6.1; Trident/7.0; rv:11.0) like Gecko"
80.123.225.34 - - [30/Aug/2018:11:39:10 +0200] "GET /reload?ser=1535621956751 HTTP/1.1" 200 28 "http://renault.activities.at/success" "Mozilla/5.0 (compatible; MSIE 10.0; Windows NT 6.1; WOW64; Trident/6.0)"
62.218.65.51 - - [30/Aug/2018:11:39:14 +0200] "POST /result?searchterm=true&search=RGA013 HTTP/1.1" 200 6108 "http://renault.activities.at/result?searchterm=true&search=RGA013" "Mozilla/5.0 (Windows NT 6.1; Trident/7.0; rv:11.0) like Gecko"
138.21.12.25 - - [30/Aug/2018:11:39:20 +0200] "GET /reload?ser=1535621959999 HTTP/1.1" 200 28 "http://renault.2web.at/result?searchterm=true&search=reh5329" "Mozilla/5.0 (Windows NT 6.1; WOW64; Trident/7.0; rv:11.0) like Gecko"
213.153.47.173 - - [30/Aug/2018:11:39:20 +0200] "GET /reload?ser=1535621954788 HTTP/1.1" 200 28 "http://renault.activities.at/" "Mozilla/5.0 (Windows NT 10.0; Win64; x64; rv:61.0) Gecko/20100101 Firefox/61.0"
62.218.65.51 - - [30/Aug/2018:11:39:23 +0200] "POST /axjaxrequest?mode=suggest HTTP/1.1" 200 184 "http://renault.activities.at/result?searchterm=true&search=RGA013" "Mozilla/5.0 (Windows NT 6.1; Trident/7.0; rv:11.0) like Gecko"
193.194.132.28 - - [30/Aug/2018:11:39:25 +0200] "GET /reload?ser=1535621965303 HTTP/1.1" 200 28 "http://renault.2web.at/account?loadrequest=true" "Mozilla/5.0 (Windows NT 6.1; WOW64; Trident/7.0; rv:11.0) like Gecko"
62.218.65.51 - - [30/Aug/2018:11:39:25 +0200] "POST /axjaxrequest?mode=suggest HTTP/1.1" 200 21 "http://renault.activities.at/result?searchterm=true&search=RGA013" "Mozilla/5.0 (Windows NT 6.1; Trident/7.0; rv:11.0) like Gecko"
62.218.65.51 - - [30/Aug/2018:11:39:28 +0200] "POST /axjaxrequest?mode=suggest HTTP/1.1" 200 21 "http://renault.activities.at/result?searchterm=true&search=RGA013" "Mozilla/5.0 (Windows NT 6.1; Trident/7.0; rv:11.0) like Gecko"
62.218.65.51 - - [30/Aug/2018:11:39:28 +0200] "GET /result?searchterm=true&search=Service+Mappe+Renault HTTP/1.1" 200 5934 "http://renault.activities.at/result?searchterm=true&search=RGA013" "Mozilla/5.0 (Windows NT 6.1; Trident/7.0; rv:11.0) like Gecko"
62.218.65.51 - - [30/Aug/2018:11:39:30 +0200] "GET /loadthumbnail.php?id=11075492&width=113 HTTP/1.1" 200 2349 "http://renault.activities.at/result?searchterm=true&search=Service+Mappe+Renault" "Mozilla/5.0 (Windows NT 6.1; Trident/7.0; rv:11.0) like Gecko"
62.218.65.51 - - [30/Aug/2018:11:39:48 +0200] "POST /axjaxrequest?mode=suggest HTTP/1.1" 200 21 "http://renault.activities.at/result?searchterm=true&search=Service+Mappe+Renault" "Mozilla/5.0 (Windows NT 6.1; Trident/7.0; rv:11.0) like Gecko"
62.218.65.51 - - [30/Aug/2018:11:39:49 +0200] "POST /axjaxrequest?mode=suggest HTTP/1.1" 200 21 "http://renault.activities.at/result?searchterm=true&search=Service+Mappe+Renault" "Mozilla/5.0 (Windows NT 6.1; Trident/7.0; rv:11.0) like Gecko"
62.218.65.51 - - [30/Aug/2018:11:39:51 +0200] "POST /axjaxrequest?mode=suggest HTTP/1.1" 200 21 "http://renault.activities.at/result?searchterm=true&search=Service+Mappe+Renault" "Mozilla/5.0 (Windows NT 6.1; Trident/7.0; rv:11.0) like Gecko"
62.218.65.51 - - [30/Aug/2018:11:39:52 +0200] "GET /result?searchterm=true&search=REH5141Renault HTTP/1.1" 200 4653 "http://renault.activities.at/result?searchterm=true&search=Service+Mappe+Renault" "Mozilla/5.0 (Windows NT 6.1; Trident/7.0; rv:11.0) like Gecko"
62.218.65.51 - - [30/Aug/2018:11:39:52 +0200] "POST /axjaxrequest?mode=suggest HTTP/1.1" 200 21 "http://renault.activities.at/result?searchterm=true&search=Service+Mappe+Renault" "Mozilla/5.0 (Windows NT 6.1; Trident/7.0; rv:11.0) like Gecko"
62.218.65.51 - - [30/Aug/2018:11:39:54 +0200] "GET /result?searchterm=true&search=REH5141Renault HTTP/1.1" 200 4653 "http://renault.activities.at/result?searchterm=true&search=REH5141Renault" "Mozilla/5.0 (Windows NT 6.1; Trident/7.0; rv:11.0) like Gecko"
62.218.65.51 - - [30/Aug/2018:11:39:56 +0200] "GET /result?searchterm=true&search=REH5141Renault HTTP/1.1" 200 4653 "http://renault.activities.at/result?searchterm=true&search=REH5141Renault" "Mozilla/5.0 (Windows NT 6.1; Trident/7.0; rv:11.0) like Gecko"
213.153.47.173 - - [30/Aug/2018:11:40:01 +0200] "GET /reload?ser=1535621995728 HTTP/1.1" 200 28 "http://renault.activities.at/login?required=true" "Mozilla/5.0 (Windows NT 10.0; Win64; x64; rv:61.0) Gecko/20100101 Firefox/61.0"
62.218.65.51 - - [30/Aug/2018:11:40:02 +0200] "POST /axjaxrequest?mode=suggest HTTP/1.1" 200 112 "http://renault.activities.at/result?searchterm=true&search=REH5141Renault" "Mozilla/5.0 (Windows NT 6.1; Trident/7.0; rv:11.0) like Gecko"
62.218.65.51 - - [30/Aug/2018:11:40:03 +0200] "GET /result?searchterm=true&search=REH5141 HTTP/1.1" 200 5917 "http://renault.activities.at/result?searchterm=true&search=REH5141Renault" "Mozilla/5.0 (Windows NT 6.1; Trident/7.0; rv:11.0) like Gecko"
80.123.225.34 - - [30/Aug/2018:11:40:11 +0200] "GET /reload?ser=1535622017703 HTTP/1.1" 200 28 "http://renault.activities.at/success" "Mozilla/5.0 (compatible; MSIE 10.0; Windows NT 6.1; WOW64; Trident/6.0)"
62.218.65.51 - - [30/Aug/2018:11:40:12 +0200] "GET /cart HTTP/1.1" 200 5664 "http://renault.activities.at/result?searchterm=true&search=REH5141" "Mozilla/5.0 (Windows NT 6.1; Trident/7.0; rv:11.0) like Gecko"
62.218.65.51 - - [30/Aug/2018:11:40:15 +0200] "GET /loadthumbnail.php?id=10232009&width=16&height=16 HTTP/1.1" 200 700 "http://renault.activities.at/cart" "Mozilla/5.0 (Windows NT 6.1; Trident/7.0; rv:11.0) like Gecko"
62.218.65.51 - - [30/Aug/2018:11:40:15 +0200] "GET /loadthumbnail.php?id=11798476&width=100 HTTP/1.1" 200 2185 "http://renault.activities.at/cart" "Mozilla/5.0 (Windows NT 6.1; Trident/7.0; rv:11.0) like Gecko"
62.218.65.51 - - [30/Aug/2018:11:40:15 +0200] "GET /loadthumbnail.php?id=11075482&width=100 HTTP/1.1" 200 2117 "http://renault.activities.at/cart" "Mozilla/5.0 (Windows NT 6.1; Trident/7.0; rv:11.0) like Gecko"
62.218.65.51 - - [30/Aug/2018:11:40:15 +0200] "GET /loadthumbnail.php?id=11711045&width=100 HTTP/1.1" 200 2495 "http://renault.activities.at/cart" "Mozilla/5.0 (Windows NT 6.1; Trident/7.0; rv:11.0) like Gecko"
62.218.65.51 - - [30/Aug/2018:11:40:15 +0200] "GET /loadthumbnail.php?id=10269567&width=100 HTTP/1.1" 200 1333 "http://renault.activities.at/cart" "Mozilla/5.0 (Windows NT 6.1; Trident/7.0; rv:11.0) like Gecko"
62.218.65.51 - - [30/Aug/2018:11:40:15 +0200] "GET /loadthumbnail.php?id=10269569&width=100 HTTP/1.1" 200 1229 "http://renault.activities.at/cart" "Mozilla/5.0 (Windows NT 6.1; Trident/7.0; rv:11.0) like Gecko"
213.153.47.173 - - [30/Aug/2018:11:40:21 +0200] "GET /reload?ser=1535622015448 HTTP/1.1" 200 28 "http://renault.activities.at/" "Mozilla/5.0 (Windows NT 10.0; Win64; x64; rv:61.0) Gecko/20100101 Firefox/61.0"
138.21.12.25 - - [30/Aug/2018:11:40:21 +0200] "GET /reload?ser=1535622021040 HTTP/1.1" 200 28 "http://renault.2web.at/result?searchterm=true&search=reh5329" "Mozilla/5.0 (Windows NT 6.1; WOW64; Trident/7.0; rv:11.0) like Gecko"
62.218.65.51 - - [30/Aug/2018:11:40:22 +0200] "GET /checkout HTTP/1.1" 200 10250 "http://renault.activities.at/cart" "Mozilla/5.0 (Windows NT 6.1; Trident/7.0; rv:11.0) like Gecko"
62.218.65.51 - - [30/Aug/2018:11:40:27 +0200] "GET /js/checkout2.js HTTP/1.1" 200 4122 "http://renault.activities.at/checkout" "Mozilla/5.0 (Windows NT 6.1; Trident/7.0; rv:11.0) like Gecko"
62.218.65.51 - - [30/Aug/2018:11:40:27 +0200] "GET /images/ajax_loading.gif HTTP/1.1" 200 1542 "http://renault.activities.at/checkout" "Mozilla/5.0 (Windows NT 6.1; Trident/7.0; rv:11.0) like Gecko"
62.218.65.51 - - [30/Aug/2018:11:40:27 +0200] "GET /images/step_marker.gif HTTP/1.1" 200 650 "http://renault.activities.at/checkout" "Mozilla/5.0 (Windows NT 6.1; Trident/7.0; rv:11.0) like Gecko"
62.218.65.51 - - [30/Aug/2018:11:40:27 +0200] "GET /images/checkout_border.gif HTTP/1.1" 200 43 "http://renault.activities.at/checkout" "Mozilla/5.0 (Windows NT 6.1; Trident/7.0; rv:11.0) like Gecko"
62.218.65.51 - - [30/Aug/2018:11:40:27 +0200] "GET /images/step_bg.jpg HTTP/1.1" 200 319 "http://renault.activities.at/checkout" "Mozilla/5.0 (Windows NT 6.1; Trident/7.0; rv:11.0) like Gecko"
62.218.65.51 - - [30/Aug/2018:11:40:27 +0200] "GET /images/checkout_border_top.gif HTTP/1.1" 200 156 "http://renault.activities.at/checkout" "Mozilla/5.0 (Windows NT 6.1; Trident/7.0; rv:11.0) like Gecko"
62.218.65.51 - - [30/Aug/2018:11:40:27 +0200] "GET /loadthumbnail.php?id=10201939 HTTP/1.1" 200 201 "http://renault.activities.at/checkout" "Mozilla/5.0 (Windows NT 6.1; Trident/7.0; rv:11.0) like Gecko"
193.194.132.28 - - [30/Aug/2018:11:40:26 +0200] "GET /reload?ser=1535622026363 HTTP/1.1" 200 28 "http://renault.2web.at/account?loadrequest=true" "Mozilla/5.0 (Windows NT 6.1; WOW64; Trident/7.0; rv:11.0) like Gecko"
62.218.65.51 - - [30/Aug/2018:11:40:27 +0200] "GET /loadthumbnail.php?id=10202698 HTTP/1.1" 200 16686 "http://renault.activities.at/checkout" "Mozilla/5.0 (Windows NT 6.1; Trident/7.0; rv:11.0) like Gecko"
62.218.65.51 - - [30/Aug/2018:11:40:34 +0200] "POST /docheckout HTTP/1.1" 200 457 "http://renault.activities.at/checkout" "Mozilla/5.0 (Windows NT 6.1; Trident/7.0; rv:11.0) like Gecko"
62.218.65.51 - - [30/Aug/2018:11:40:38 +0200] "POST /docheckout HTTP/1.1" 200 794 "http://renault.activities.at/checkout" "Mozilla/5.0 (Windows NT 6.1; Trident/7.0; rv:11.0) like Gecko"
62.218.65.51 - - [30/Aug/2018:11:40:40 +0200] "GET /images/error_msg_icon.gif HTTP/1.1" 200 1013 "http://renault.activities.at/checkout" "Mozilla/5.0 (Windows NT 6.1; Trident/7.0; rv:11.0) like Gecko"
62.218.65.51 - - [30/Aug/2018:11:40:44 +0200] "POST /docheckout HTTP/1.1" 200 68 "http://renault.activities.at/checkout" "Mozilla/5.0 (Windows NT 6.1; Trident/7.0; rv:11.0) like Gecko"
62.218.65.51 - - [30/Aug/2018:11:40:47 +0200] "GET /success HTTP/1.1" 200 3778 "http://renault.activities.at/checkout" "Mozilla/5.0 (Windows NT 6.1; Trident/7.0; rv:11.0) like Gecko"
62.218.65.51 - - [30/Aug/2018:11:40:53 +0200] "GET /logout HTTP/1.1" 302 140 "http://renault.activities.at/success" "Mozilla/5.0 (Windows NT 6.1; Trident/7.0; rv:11.0) like Gecko"
62.218.65.51 - - [30/Aug/2018:11:40:54 +0200] "GET /logout HTTP/1.1" 200 1583 "http://renault.activities.at/success" "Mozilla/5.0 (Windows NT 6.1; Trident/7.0; rv:11.0) like Gecko"
62.218.65.51 - - [30/Aug/2018:11:41:00 +0200] "GET / HTTP/1.1" 200 3720 "http://renault.activities.at/logout" "Mozilla/5.0 (Windows NT 6.1; Trident/7.0; rv:11.0) like Gecko"
213.153.47.173 - - [30/Aug/2018:11:41:02 +0200] "GET /reload?ser=1535622056398 HTTP/1.1" 200 28 "http://renault.activities.at/login?required=true" "Mozilla/5.0 (Windows NT 10.0; Win64; x64; rv:61.0) Gecko/20100101 Firefox/61.0"
80.123.225.34 - - [30/Aug/2018:11:41:12 +0200] "GET /reload?ser=1535622078649 HTTP/1.1" 200 28 "http://renault.activities.at/success" "Mozilla/5.0 (compatible; MSIE 10.0; Windows NT 6.1; WOW64; Trident/6.0)"
213.153.47.173 - - [30/Aug/2018:11:41:21 +0200] "GET /reload?ser=1535622076107 HTTP/1.1" 200 28 "http://renault.activities.at/" "Mozilla/5.0 (Windows NT 10.0; Win64; x64; rv:61.0) Gecko/20100101 Firefox/61.0"
