193.194.132.28 - - [31/Aug/2018:09:34:22 +0200] "GET /reload?ser=1535700862667 HTTP/1.1" 200 28 "http://renault.2web.at/result?dir=DESC&mode=grid&order=name&limit=15&page=9&search=kleber" "Mozilla/5.0 (Windows NT 6.1; WOW64; Trident/7.0; rv:11.0) like Gecko"
213.153.47.173 - - [31/Aug/2018:09:34:43 +0200] "GET /reload?ser=1535700876802 HTTP/1.1" 200 28 "http://renault.activities.at/login?required=true" "Mozilla/5.0 (Windows NT 10.0; Win64; x64; rv:61.0) Gecko/20100101 Firefox/61.0"
193.194.132.28 - - [31/Aug/2018:09:35:23 +0200] "GET /reload?ser=1535700923764 HTTP/1.1" 200 28 "http://renault.2web.at/result?dir=DESC&mode=grid&order=name&limit=15&page=9&search=kleber" "Mozilla/5.0 (Windows NT 6.1; WOW64; Trident/7.0; rv:11.0) like Gecko"
213.153.47.173 - - [31/Aug/2018:09:35:44 +0200] "GET /reload?ser=1535700937464 HTTP/1.1" 200 28 "http://renault.activities.at/login?required=true" "Mozilla/5.0 (Windows NT 10.0; Win64; x64; rv:61.0) Gecko/20100101 Firefox/61.0"
193.194.132.28 - - [31/Aug/2018:09:36:24 +0200] "GET /reload?ser=1535700984862 HTTP/1.1" 200 28 "http://renault.2web.at/result?dir=DESC&mode=grid&order=name&limit=15&page=9&search=kleber" "Mozilla/5.0 (Windows NT 6.1; WOW64; Trident/7.0; rv:11.0) like Gecko"
213.153.47.173 - - [31/Aug/2018:09:36:44 +0200] "GET /reload?ser=1535700998123 HTTP/1.1" 200 28 "http://renault.activities.at/login?required=true" "Mozilla/5.0 (Windows NT 10.0; Win64; x64; rv:61.0) Gecko/20100101 Firefox/61.0"
193.194.132.28 - - [31/Aug/2018:09:37:26 +0200] "GET /reload?ser=1535701045982 HTTP/1.1" 200 28 "http://renault.2web.at/result?dir=DESC&mode=grid&order=name&limit=15&page=9&search=kleber" "Mozilla/5.0 (Windows NT 6.1; WOW64; Trident/7.0; rv:11.0) like Gecko"
213.153.47.173 - - [31/Aug/2018:09:37:45 +0200] "GET /reload?ser=1535701058803 HTTP/1.1" 200 28 "http://renault.activities.at/login?required=true" "Mozilla/5.0 (Windows NT 10.0; Win64; x64; rv:61.0) Gecko/20100101 Firefox/61.0"
193.194.132.28 - - [31/Aug/2018:09:38:27 +0200] "GET /reload?ser=1535701107083 HTTP/1.1" 200 28 "http://renault.2web.at/result?dir=DESC&mode=grid&order=name&limit=15&page=9&search=kleber" "Mozilla/5.0 (Windows NT 6.1; WOW64; Trident/7.0; rv:11.0) like Gecko"
213.153.47.173 - - [31/Aug/2018:09:38:46 +0200] "GET /reload?ser=1535701119460 HTTP/1.1" 200 28 "http://renault.activities.at/login?required=true" "Mozilla/5.0 (Windows NT 10.0; Win64; x64; rv:61.0) Gecko/20100101 Firefox/61.0"
193.194.132.28 - - [31/Aug/2018:09:39:28 +0200] "GET /reload?ser=1535701168147 HTTP/1.1" 200 28 "http://renault.2web.at/result?dir=DESC&mode=grid&order=name&limit=15&page=9&search=kleber" "Mozilla/5.0 (Windows NT 6.1; WOW64; Trident/7.0; rv:11.0) like Gecko"
213.153.47.173 - - [31/Aug/2018:09:39:46 +0200] "GET /reload?ser=1535701180132 HTTP/1.1" 200 28 "http://renault.activities.at/login?required=true" "Mozilla/5.0 (Windows NT 10.0; Win64; x64; rv:61.0) Gecko/20100101 Firefox/61.0"
193.194.132.28 - - [31/Aug/2018:09:40:36 +0200] "GET /reload?ser=1535701229263 HTTP/1.1" 200 28 "http://renault.2web.at/result?dir=DESC&mode=grid&order=name&limit=15&page=9&search=kleber" "Mozilla/5.0 (Windows NT 6.1; WOW64; Trident/7.0; rv:11.0) like Gecko"
213.153.47.173 - - [31/Aug/2018:09:40:47 +0200] "GET /reload?ser=1535701240823 HTTP/1.1" 200 28 "http://renault.activities.at/login?required=true" "Mozilla/5.0 (Windows NT 10.0; Win64; x64; rv:61.0) Gecko/20100101 Firefox/61.0"
193.194.132.28 - - [31/Aug/2018:09:41:37 +0200] "GET /reload?ser=1535701297191 HTTP/1.1" 200 28 "http://renault.2web.at/result?dir=DESC&mode=grid&order=name&limit=15&page=9&search=kleber" "Mozilla/5.0 (Windows NT 6.1; WOW64; Trident/7.0; rv:11.0) like Gecko"
213.153.47.173 - - [31/Aug/2018:09:41:48 +0200] "GET /reload?ser=1535701301493 HTTP/1.1" 200 28 "http://renault.activities.at/login?required=true" "Mozilla/5.0 (Windows NT 10.0; Win64; x64; rv:61.0) Gecko/20100101 Firefox/61.0"
193.194.132.28 - - [31/Aug/2018:09:42:38 +0200] "GET /reload?ser=1535701358296 HTTP/1.1" 200 28 "http://renault.2web.at/result?dir=DESC&mode=grid&order=name&limit=15&page=9&search=kleber" "Mozilla/5.0 (Windows NT 6.1; WOW64; Trident/7.0; rv:11.0) like Gecko"
213.153.47.173 - - [31/Aug/2018:09:42:48 +0200] "GET /reload?ser=1535701362143 HTTP/1.1" 200 28 "http://renault.activities.at/login?required=true" "Mozilla/5.0 (Windows NT 10.0; Win64; x64; rv:61.0) Gecko/20100101 Firefox/61.0"
193.194.132.28 - - [31/Aug/2018:09:43:39 +0200] "GET /reload?ser=1535701419397 HTTP/1.1" 200 28 "http://renault.2web.at/result?dir=DESC&mode=grid&order=name&limit=15&page=9&search=kleber" "Mozilla/5.0 (Windows NT 6.1; WOW64; Trident/7.0; rv:11.0) like Gecko"
213.153.47.173 - - [31/Aug/2018:09:43:49 +0200] "GET /reload?ser=1535701422812 HTTP/1.1" 200 28 "http://renault.activities.at/login?required=true" "Mozilla/5.0 (Windows NT 10.0; Win64; x64; rv:61.0) Gecko/20100101 Firefox/61.0"
193.194.132.28 - - [31/Aug/2018:09:44:40 +0200] "GET /reload?ser=1535701480488 HTTP/1.1" 200 28 "http://renault.2web.at/result?dir=DESC&mode=grid&order=name&limit=15&page=9&search=kleber" "Mozilla/5.0 (Windows NT 6.1; WOW64; Trident/7.0; rv:11.0) like Gecko"
213.153.47.173 - - [31/Aug/2018:09:44:50 +0200] "GET /reload?ser=1535701483472 HTTP/1.1" 200 28 "http://renault.activities.at/login?required=true" "Mozilla/5.0 (Windows NT 10.0; Win64; x64; rv:61.0) Gecko/20100101 Firefox/61.0"
193.194.132.28 - - [31/Aug/2018:09:45:41 +0200] "GET /reload?ser=1535701541603 HTTP/1.1" 200 28 "http://renault.2web.at/result?dir=DESC&mode=grid&order=name&limit=15&page=9&search=kleber" "Mozilla/5.0 (Windows NT 6.1; WOW64; Trident/7.0; rv:11.0) like Gecko"
213.153.47.173 - - [31/Aug/2018:09:45:50 +0200] "GET /reload?ser=1535701544126 HTTP/1.1" 200 28 "http://renault.activities.at/login?required=true" "Mozilla/5.0 (Windows NT 10.0; Win64; x64; rv:61.0) Gecko/20100101 Firefox/61.0"
193.194.132.28 - - [31/Aug/2018:09:46:42 +0200] "GET /reload?ser=1535701602665 HTTP/1.1" 200 28 "http://renault.2web.at/result?dir=DESC&mode=grid&order=name&limit=15&page=9&search=kleber" "Mozilla/5.0 (Windows NT 6.1; WOW64; Trident/7.0; rv:11.0) like Gecko"
213.153.47.173 - - [31/Aug/2018:09:46:51 +0200] "GET /reload?ser=1535701604788 HTTP/1.1" 200 28 "http://renault.activities.at/login?required=true" "Mozilla/5.0 (Windows NT 10.0; Win64; x64; rv:61.0) Gecko/20100101 Firefox/61.0"
193.194.132.28 - - [31/Aug/2018:09:47:43 +0200] "GET /reload?ser=1535701663784 HTTP/1.1" 200 28 "http://renault.2web.at/result?dir=DESC&mode=grid&order=name&limit=15&page=9&search=kleber" "Mozilla/5.0 (Windows NT 6.1; WOW64; Trident/7.0; rv:11.0) like Gecko"
213.153.47.173 - - [31/Aug/2018:09:47:52 +0200] "GET /reload?ser=1535701665452 HTTP/1.1" 200 28 "http://renault.activities.at/login?required=true" "Mozilla/5.0 (Windows NT 10.0; Win64; x64; rv:61.0) Gecko/20100101 Firefox/61.0"
193.194.132.28 - - [31/Aug/2018:09:48:45 +0200] "GET /reload?ser=1535701724892 HTTP/1.1" 200 28 "http://renault.2web.at/result?dir=DESC&mode=grid&order=name&limit=15&page=9&search=kleber" "Mozilla/5.0 (Windows NT 6.1; WOW64; Trident/7.0; rv:11.0) like Gecko"
213.153.47.173 - - [31/Aug/2018:09:48:52 +0200] "GET /reload?ser=1535701726162 HTTP/1.1" 200 28 "http://renault.activities.at/login?required=true" "Mozilla/5.0 (Windows NT 10.0; Win64; x64; rv:61.0) Gecko/20100101 Firefox/61.0"
193.194.132.28 - - [31/Aug/2018:09:49:46 +0200] "GET /reload?ser=1535701786038 HTTP/1.1" 200 28 "http://renault.2web.at/result?dir=DESC&mode=grid&order=name&limit=15&page=9&search=kleber" "Mozilla/5.0 (Windows NT 6.1; WOW64; Trident/7.0; rv:11.0) like Gecko"
213.153.47.173 - - [31/Aug/2018:09:49:53 +0200] "GET /reload?ser=1535701786813 HTTP/1.1" 200 28 "http://renault.activities.at/login?required=true" "Mozilla/5.0 (Windows NT 10.0; Win64; x64; rv:61.0) Gecko/20100101 Firefox/61.0"
193.194.132.28 - - [31/Aug/2018:09:50:47 +0200] "GET /reload?ser=1535701847119 HTTP/1.1" 200 28 "http://renault.2web.at/result?dir=DESC&mode=grid&order=name&limit=15&page=9&search=kleber" "Mozilla/5.0 (Windows NT 6.1; WOW64; Trident/7.0; rv:11.0) like Gecko"
213.153.47.173 - - [31/Aug/2018:09:50:54 +0200] "GET /reload?ser=1535701847463 HTTP/1.1" 200 28 "http://renault.activities.at/login?required=true" "Mozilla/5.0 (Windows NT 10.0; Win64; x64; rv:61.0) Gecko/20100101 Firefox/61.0"
193.194.132.28 - - [31/Aug/2018:09:51:48 +0200] "GET /reload?ser=1535701908222 HTTP/1.1" 200 28 "http://renault.2web.at/result?dir=DESC&mode=grid&order=name&limit=15&page=9&search=kleber" "Mozilla/5.0 (Windows NT 6.1; WOW64; Trident/7.0; rv:11.0) like Gecko"
213.153.47.173 - - [31/Aug/2018:09:51:54 +0200] "GET /reload?ser=1535701908132 HTTP/1.1" 200 28 "http://renault.activities.at/login?required=true" "Mozilla/5.0 (Windows NT 10.0; Win64; x64; rv:61.0) Gecko/20100101 Firefox/61.0"
193.194.132.28 - - [31/Aug/2018:09:52:49 +0200] "GET /reload?ser=1535701969321 HTTP/1.1" 200 28 "http://renault.2web.at/result?dir=DESC&mode=grid&order=name&limit=15&page=9&search=kleber" "Mozilla/5.0 (Windows NT 6.1; WOW64; Trident/7.0; rv:11.0) like Gecko"
213.153.47.173 - - [31/Aug/2018:09:52:55 +0200] "GET /reload?ser=1535701968786 HTTP/1.1" 200 28 "http://renault.activities.at/login?required=true" "Mozilla/5.0 (Windows NT 10.0; Win64; x64; rv:61.0) Gecko/20100101 Firefox/61.0"
193.194.132.28 - - [31/Aug/2018:09:53:50 +0200] "GET /reload?ser=1535702030434 HTTP/1.1" 200 28 "http://renault.2web.at/result?dir=DESC&mode=grid&order=name&limit=15&page=9&search=kleber" "Mozilla/5.0 (Windows NT 6.1; WOW64; Trident/7.0; rv:11.0) like Gecko"
213.153.47.173 - - [31/Aug/2018:09:53:56 +0200] "GET /reload?ser=1535702029453 HTTP/1.1" 200 28 "http://renault.activities.at/login?required=true" "Mozilla/5.0 (Windows NT 10.0; Win64; x64; rv:61.0) Gecko/20100101 Firefox/61.0"
193.194.132.28 - - [31/Aug/2018:09:54:51 +0200] "GET /reload?ser=1535702091551 HTTP/1.1" 200 28 "http://renault.2web.at/result?dir=DESC&mode=grid&order=name&limit=15&page=9&search=kleber" "Mozilla/5.0 (Windows NT 6.1; WOW64; Trident/7.0; rv:11.0) like Gecko"
213.153.47.173 - - [31/Aug/2018:09:54:56 +0200] "GET /reload?ser=1535702090119 HTTP/1.1" 200 28 "http://renault.activities.at/login?required=true" "Mozilla/5.0 (Windows NT 10.0; Win64; x64; rv:61.0) Gecko/20100101 Firefox/61.0"
193.194.132.28 - - [31/Aug/2018:09:55:52 +0200] "GET /reload?ser=1535702152685 HTTP/1.1" 200 28 "http://renault.2web.at/result?dir=DESC&mode=grid&order=name&limit=15&page=9&search=kleber" "Mozilla/5.0 (Windows NT 6.1; WOW64; Trident/7.0; rv:11.0) like Gecko"
213.153.47.173 - - [31/Aug/2018:09:55:57 +0200] "GET /reload?ser=1535702150782 HTTP/1.1" 200 28 "http://renault.activities.at/login?required=true" "Mozilla/5.0 (Windows NT 10.0; Win64; x64; rv:61.0) Gecko/20100101 Firefox/61.0"
193.194.132.28 - - [31/Aug/2018:09:56:54 +0200] "GET /reload?ser=1535702213950 HTTP/1.1" 200 28 "http://renault.2web.at/result?dir=DESC&mode=grid&order=name&limit=15&page=9&search=kleber" "Mozilla/5.0 (Windows NT 6.1; WOW64; Trident/7.0; rv:11.0) like Gecko"
213.153.47.173 - - [31/Aug/2018:09:56:58 +0200] "GET /reload?ser=1535702211462 HTTP/1.1" 200 28 "http://renault.activities.at/login?required=true" "Mozilla/5.0 (Windows NT 10.0; Win64; x64; rv:61.0) Gecko/20100101 Firefox/61.0"
193.194.132.28 - - [31/Aug/2018:09:57:55 +0200] "GET /reload?ser=1535702275061 HTTP/1.1" 200 28 "http://renault.2web.at/result?dir=DESC&mode=grid&order=name&limit=15&page=9&search=kleber" "Mozilla/5.0 (Windows NT 6.1; WOW64; Trident/7.0; rv:11.0) like Gecko"
213.153.47.173 - - [31/Aug/2018:09:57:58 +0200] "GET /reload?ser=1535702272128 HTTP/1.1" 200 28 "http://renault.activities.at/login?required=true" "Mozilla/5.0 (Windows NT 10.0; Win64; x64; rv:61.0) Gecko/20100101 Firefox/61.0"
193.194.132.28 - - [31/Aug/2018:09:58:56 +0200] "GET /reload?ser=1535702336180 HTTP/1.1" 200 28 "http://renault.2web.at/result?dir=DESC&mode=grid&order=name&limit=15&page=9&search=kleber" "Mozilla/5.0 (Windows NT 6.1; WOW64; Trident/7.0; rv:11.0) like Gecko"
213.153.47.173 - - [31/Aug/2018:09:58:58 +0200] "GET /layout.php HTTP/1.1" 200 1559 "-" "Mozilla/5.0 (Windows NT 10.0; Win64; x64) AppleWebKit/537.36 (KHTML, like Gecko) Chrome/68.0.3440.106 Safari/537.36 OPR/55.0.2994.44"
213.153.47.173 - - [31/Aug/2018:09:58:59 +0200] "GET /images/favicon.ico HTTP/1.1" 404 305 "-" "Mozilla/5.0 (Windows NT 10.0; Win64; x64) AppleWebKit/537.36 (KHTML, like Gecko) Chrome/68.0.3440.106 Safari/537.36 OPR/55.0.2994.44"
213.153.47.173 - - [31/Aug/2018:09:58:59 +0200] "GET /reload?ser=1535702332779 HTTP/1.1" 200 28 "http://renault.activities.at/login?required=true" "Mozilla/5.0 (Windows NT 10.0; Win64; x64; rv:61.0) Gecko/20100101 Firefox/61.0"
213.153.47.173 - - [31/Aug/2018:09:59:15 +0200] "GET /layout.php HTTP/1.1" 200 1559 "-" "Mozilla/5.0 (Windows NT 10.0; Win64; x64) AppleWebKit/537.36 (KHTML, like Gecko) Chrome/68.0.3440.106 Safari/537.36 OPR/55.0.2994.44"
213.153.47.173 - - [31/Aug/2018:09:59:18 +0200] "GET /layout.php HTTP/1.1" 200 1559 "-" "Mozilla/5.0 (Windows NT 10.0; Win64; x64) AppleWebKit/537.36 (KHTML, like Gecko) Chrome/68.0.3440.106 Safari/537.36 OPR/55.0.2994.44"
193.194.132.28 - - [31/Aug/2018:09:59:57 +0200] "GET /reload?ser=1535702397309 HTTP/1.1" 200 28 "http://renault.2web.at/result?dir=DESC&mode=grid&order=name&limit=15&page=9&search=kleber" "Mozilla/5.0 (Windows NT 6.1; WOW64; Trident/7.0; rv:11.0) like Gecko"
213.153.47.173 - - [31/Aug/2018:10:00:00 +0200] "GET /reload?ser=1535702393422 HTTP/1.1" 200 28 "http://renault.activities.at/login?required=true" "Mozilla/5.0 (Windows NT 10.0; Win64; x64; rv:61.0) Gecko/20100101 Firefox/61.0"
193.194.132.28 - - [31/Aug/2018:10:00:58 +0200] "GET /reload?ser=1535702458402 HTTP/1.1" 200 28 "http://renault.2web.at/result?dir=DESC&mode=grid&order=name&limit=15&page=9&search=kleber" "Mozilla/5.0 (Windows NT 6.1; WOW64; Trident/7.0; rv:11.0) like Gecko"
213.153.47.173 - - [31/Aug/2018:10:01:00 +0200] "GET /reload?ser=1535702454073 HTTP/1.1" 200 28 "http://renault.activities.at/login?required=true" "Mozilla/5.0 (Windows NT 10.0; Win64; x64; rv:61.0) Gecko/20100101 Firefox/61.0"
193.194.132.28 - - [31/Aug/2018:10:01:59 +0200] "GET /reload?ser=1535702519497 HTTP/1.1" 200 28 "http://renault.2web.at/result?dir=DESC&mode=grid&order=name&limit=15&page=9&search=kleber" "Mozilla/5.0 (Windows NT 6.1; WOW64; Trident/7.0; rv:11.0) like Gecko"
213.153.47.173 - - [31/Aug/2018:10:02:01 +0200] "GET /reload?ser=1535702514741 HTTP/1.1" 200 28 "http://renault.activities.at/login?required=true" "Mozilla/5.0 (Windows NT 10.0; Win64; x64; rv:61.0) Gecko/20100101 Firefox/61.0"
193.194.132.28 - - [31/Aug/2018:10:03:00 +0200] "GET /reload?ser=1535702580636 HTTP/1.1" 200 28 "http://renault.2web.at/result?dir=DESC&mode=grid&order=name&limit=15&page=9&search=kleber" "Mozilla/5.0 (Windows NT 6.1; WOW64; Trident/7.0; rv:11.0) like Gecko"
213.153.47.173 - - [31/Aug/2018:10:03:02 +0200] "GET /reload?ser=1535702575402 HTTP/1.1" 200 28 "http://renault.activities.at/login?required=true" "Mozilla/5.0 (Windows NT 10.0; Win64; x64; rv:61.0) Gecko/20100101 Firefox/61.0"
193.194.132.28 - - [31/Aug/2018:10:04:01 +0200] "GET /reload?ser=1535702641759 HTTP/1.1" 200 28 "http://renault.2web.at/result?dir=DESC&mode=grid&order=name&limit=15&page=9&search=kleber" "Mozilla/5.0 (Windows NT 6.1; WOW64; Trident/7.0; rv:11.0) like Gecko"
213.153.47.173 - - [31/Aug/2018:10:04:02 +0200] "GET /reload?ser=1535702636064 HTTP/1.1" 200 28 "http://renault.activities.at/login?required=true" "Mozilla/5.0 (Windows NT 10.0; Win64; x64; rv:61.0) Gecko/20100101 Firefox/61.0"
193.194.132.28 - - [31/Aug/2018:10:05:02 +0200] "GET /reload?ser=1535702702919 HTTP/1.1" 200 28 "http://renault.2web.at/result?dir=DESC&mode=grid&order=name&limit=15&page=9&search=kleber" "Mozilla/5.0 (Windows NT 6.1; WOW64; Trident/7.0; rv:11.0) like Gecko"
213.153.47.173 - - [31/Aug/2018:10:05:03 +0200] "GET /reload?ser=1535702696717 HTTP/1.1" 200 28 "http://renault.activities.at/login?required=true" "Mozilla/5.0 (Windows NT 10.0; Win64; x64; rv:61.0) Gecko/20100101 Firefox/61.0"
213.153.47.173 - - [31/Aug/2018:10:06:04 +0200] "GET /reload?ser=1535702757391 HTTP/1.1" 200 28 "http://renault.activities.at/login?required=true" "Mozilla/5.0 (Windows NT 10.0; Win64; x64; rv:61.0) Gecko/20100101 Firefox/61.0"
193.194.132.28 - - [31/Aug/2018:10:06:04 +0200] "GET /reload?ser=1535702764055 HTTP/1.1" 200 28 "http://renault.2web.at/result?dir=DESC&mode=grid&order=name&limit=15&page=9&search=kleber" "Mozilla/5.0 (Windows NT 6.1; WOW64; Trident/7.0; rv:11.0) like Gecko"
213.153.47.173 - - [31/Aug/2018:10:07:04 +0200] "GET /reload?ser=1535702818042 HTTP/1.1" 200 28 "http://renault.activities.at/login?required=true" "Mozilla/5.0 (Windows NT 10.0; Win64; x64; rv:61.0) Gecko/20100101 Firefox/61.0"
193.194.132.28 - - [31/Aug/2018:10:07:05 +0200] "GET /reload?ser=1535702825155 HTTP/1.1" 200 28 "http://renault.2web.at/result?dir=DESC&mode=grid&order=name&limit=15&page=9&search=kleber" "Mozilla/5.0 (Windows NT 6.1; WOW64; Trident/7.0; rv:11.0) like Gecko"
213.153.47.173 - - [31/Aug/2018:10:08:05 +0200] "GET /reload?ser=1535702878692 HTTP/1.1" 200 28 "http://renault.activities.at/login?required=true" "Mozilla/5.0 (Windows NT 10.0; Win64; x64; rv:61.0) Gecko/20100101 Firefox/61.0"
193.194.132.28 - - [31/Aug/2018:10:08:06 +0200] "GET /reload?ser=1535702886300 HTTP/1.1" 200 28 "http://renault.2web.at/result?dir=DESC&mode=grid&order=name&limit=15&page=9&search=kleber" "Mozilla/5.0 (Windows NT 6.1; WOW64; Trident/7.0; rv:11.0) like Gecko"
213.153.47.173 - - [31/Aug/2018:10:09:06 +0200] "GET /reload?ser=1535702939350 HTTP/1.1" 200 28 "http://renault.activities.at/login?required=true" "Mozilla/5.0 (Windows NT 10.0; Win64; x64; rv:61.0) Gecko/20100101 Firefox/61.0"
193.194.132.28 - - [31/Aug/2018:10:09:07 +0200] "GET /reload?ser=1535702947454 HTTP/1.1" 200 28 "http://renault.2web.at/result?dir=DESC&mode=grid&order=name&limit=15&page=9&search=kleber" "Mozilla/5.0 (Windows NT 6.1; WOW64; Trident/7.0; rv:11.0) like Gecko"
213.153.47.173 - - [31/Aug/2018:10:10:06 +0200] "GET /reload?ser=1535703000011 HTTP/1.1" 200 28 "http://renault.activities.at/login?required=true" "Mozilla/5.0 (Windows NT 10.0; Win64; x64; rv:61.0) Gecko/20100101 Firefox/61.0"
193.194.132.28 - - [31/Aug/2018:10:10:08 +0200] "GET /reload?ser=1535703008542 HTTP/1.1" 200 28 "http://renault.2web.at/result?dir=DESC&mode=grid&order=name&limit=15&page=9&search=kleber" "Mozilla/5.0 (Windows NT 6.1; WOW64; Trident/7.0; rv:11.0) like Gecko"
213.153.47.173 - - [31/Aug/2018:10:11:07 +0200] "GET /reload?ser=1535703060661 HTTP/1.1" 200 28 "http://renault.activities.at/login?required=true" "Mozilla/5.0 (Windows NT 10.0; Win64; x64; rv:61.0) Gecko/20100101 Firefox/61.0"
193.194.132.28 - - [31/Aug/2018:10:11:09 +0200] "GET /reload?ser=1535703069635 HTTP/1.1" 200 28 "http://renault.2web.at/result?dir=DESC&mode=grid&order=name&limit=15&page=9&search=kleber" "Mozilla/5.0 (Windows NT 6.1; WOW64; Trident/7.0; rv:11.0) like Gecko"
213.153.47.173 - - [31/Aug/2018:10:12:07 +0200] "GET /reload?ser=1535703121330 HTTP/1.1" 200 28 "http://renault.activities.at/login?required=true" "Mozilla/5.0 (Windows NT 10.0; Win64; x64; rv:61.0) Gecko/20100101 Firefox/61.0"
193.194.132.28 - - [31/Aug/2018:10:12:22 +0200] "GET /reload?ser=1535703130837 HTTP/1.1" 200 28 "http://renault.2web.at/result?dir=DESC&mode=grid&order=name&limit=15&page=9&search=kleber" "Mozilla/5.0 (Windows NT 6.1; WOW64; Trident/7.0; rv:11.0) like Gecko"
213.153.47.173 - - [31/Aug/2018:10:13:08 +0200] "GET /reload?ser=1535703182002 HTTP/1.1" 200 28 "http://renault.activities.at/login?required=true" "Mozilla/5.0 (Windows NT 10.0; Win64; x64; rv:61.0) Gecko/20100101 Firefox/61.0"
193.194.132.28 - - [31/Aug/2018:10:13:24 +0200] "GET /reload?ser=1535703203978 HTTP/1.1" 200 28 "http://renault.2web.at/result?dir=DESC&mode=grid&order=name&limit=15&page=9&search=kleber" "Mozilla/5.0 (Windows NT 6.1; WOW64; Trident/7.0; rv:11.0) like Gecko"
213.153.47.173 - - [31/Aug/2018:10:14:09 +0200] "GET /reload?ser=1535703242662 HTTP/1.1" 200 28 "http://renault.activities.at/login?required=true" "Mozilla/5.0 (Windows NT 10.0; Win64; x64; rv:61.0) Gecko/20100101 Firefox/61.0"
193.194.132.28 - - [31/Aug/2018:10:14:25 +0200] "GET /reload?ser=1535703265062 HTTP/1.1" 200 28 "http://renault.2web.at/result?dir=DESC&mode=grid&order=name&limit=15&page=9&search=kleber" "Mozilla/5.0 (Windows NT 6.1; WOW64; Trident/7.0; rv:11.0) like Gecko"
213.153.47.173 - - [31/Aug/2018:10:15:09 +0200] "GET /reload?ser=1535703303311 HTTP/1.1" 200 28 "http://renault.activities.at/login?required=true" "Mozilla/5.0 (Windows NT 10.0; Win64; x64; rv:61.0) Gecko/20100101 Firefox/61.0"
193.194.132.28 - - [31/Aug/2018:10:15:26 +0200] "GET /reload?ser=1535703326155 HTTP/1.1" 200 28 "http://renault.2web.at/result?dir=DESC&mode=grid&order=name&limit=15&page=9&search=kleber" "Mozilla/5.0 (Windows NT 6.1; WOW64; Trident/7.0; rv:11.0) like Gecko"
213.153.47.173 - - [31/Aug/2018:10:16:10 +0200] "GET /reload?ser=1535703363981 HTTP/1.1" 200 28 "http://renault.activities.at/login?required=true" "Mozilla/5.0 (Windows NT 10.0; Win64; x64; rv:61.0) Gecko/20100101 Firefox/61.0"
193.194.132.28 - - [31/Aug/2018:10:16:27 +0200] "GET /reload?ser=1535703387285 HTTP/1.1" 200 28 "http://renault.2web.at/result?dir=DESC&mode=grid&order=name&limit=15&page=9&search=kleber" "Mozilla/5.0 (Windows NT 6.1; WOW64; Trident/7.0; rv:11.0) like Gecko"
213.153.47.173 - - [31/Aug/2018:10:17:11 +0200] "GET /reload?ser=1535703424641 HTTP/1.1" 200 28 "http://renault.activities.at/login?required=true" "Mozilla/5.0 (Windows NT 10.0; Win64; x64; rv:61.0) Gecko/20100101 Firefox/61.0"
193.194.132.28 - - [31/Aug/2018:10:17:28 +0200] "GET /reload?ser=1535703448401 HTTP/1.1" 200 28 "http://renault.2web.at/result?dir=DESC&mode=grid&order=name&limit=15&page=9&search=kleber" "Mozilla/5.0 (Windows NT 6.1; WOW64; Trident/7.0; rv:11.0) like Gecko"
213.153.47.173 - - [31/Aug/2018:10:18:11 +0200] "GET /reload?ser=1535703485301 HTTP/1.1" 200 28 "http://renault.activities.at/login?required=true" "Mozilla/5.0 (Windows NT 10.0; Win64; x64; rv:61.0) Gecko/20100101 Firefox/61.0"
193.194.132.28 - - [31/Aug/2018:10:18:29 +0200] "GET /reload?ser=1535703509516 HTTP/1.1" 200 28 "http://renault.2web.at/result?dir=DESC&mode=grid&order=name&limit=15&page=9&search=kleber" "Mozilla/5.0 (Windows NT 6.1; WOW64; Trident/7.0; rv:11.0) like Gecko"
213.153.47.173 - - [31/Aug/2018:10:19:12 +0200] "GET /reload?ser=1535703545972 HTTP/1.1" 200 28 "http://renault.activities.at/login?required=true" "Mozilla/5.0 (Windows NT 10.0; Win64; x64; rv:61.0) Gecko/20100101 Firefox/61.0"
193.194.132.28 - - [31/Aug/2018:10:19:30 +0200] "GET /reload?ser=1535703570655 HTTP/1.1" 200 28 "http://renault.2web.at/result?dir=DESC&mode=grid&order=name&limit=15&page=9&search=kleber" "Mozilla/5.0 (Windows NT 6.1; WOW64; Trident/7.0; rv:11.0) like Gecko"
213.153.47.173 - - [31/Aug/2018:10:20:13 +0200] "GET /reload?ser=1535703606631 HTTP/1.1" 200 28 "http://renault.activities.at/login?required=true" "Mozilla/5.0 (Windows NT 10.0; Win64; x64; rv:61.0) Gecko/20100101 Firefox/61.0"
193.194.132.28 - - [31/Aug/2018:10:20:31 +0200] "GET /reload?ser=1535703631773 HTTP/1.1" 200 28 "http://renault.2web.at/result?dir=DESC&mode=grid&order=name&limit=15&page=9&search=kleber" "Mozilla/5.0 (Windows NT 6.1; WOW64; Trident/7.0; rv:11.0) like Gecko"
213.153.47.173 - - [31/Aug/2018:10:21:13 +0200] "GET /reload?ser=1535703667301 HTTP/1.1" 200 28 "http://renault.activities.at/login?required=true" "Mozilla/5.0 (Windows NT 10.0; Win64; x64; rv:61.0) Gecko/20100101 Firefox/61.0"
193.194.132.28 - - [31/Aug/2018:10:21:32 +0200] "GET /reload?ser=1535703692881 HTTP/1.1" 200 28 "http://renault.2web.at/result?dir=DESC&mode=grid&order=name&limit=15&page=9&search=kleber" "Mozilla/5.0 (Windows NT 6.1; WOW64; Trident/7.0; rv:11.0) like Gecko"
213.153.47.173 - - [31/Aug/2018:10:22:14 +0200] "GET /reload?ser=1535703727972 HTTP/1.1" 200 28 "http://renault.activities.at/login?required=true" "Mozilla/5.0 (Windows NT 10.0; Win64; x64; rv:61.0) Gecko/20100101 Firefox/61.0"
193.194.132.28 - - [31/Aug/2018:10:22:34 +0200] "GET /reload?ser=1535703754005 HTTP/1.1" 200 28 "http://renault.2web.at/result?dir=DESC&mode=grid&order=name&limit=15&page=9&search=kleber" "Mozilla/5.0 (Windows NT 6.1; WOW64; Trident/7.0; rv:11.0) like Gecko"
213.153.47.173 - - [31/Aug/2018:10:23:15 +0200] "GET /reload?ser=1535703788641 HTTP/1.1" 200 28 "http://renault.activities.at/login?required=true" "Mozilla/5.0 (Windows NT 10.0; Win64; x64; rv:61.0) Gecko/20100101 Firefox/61.0"
193.194.132.28 - - [31/Aug/2018:10:23:35 +0200] "GET /reload?ser=1535703815135 HTTP/1.1" 200 28 "http://renault.2web.at/result?dir=DESC&mode=grid&order=name&limit=15&page=9&search=kleber" "Mozilla/5.0 (Windows NT 6.1; WOW64; Trident/7.0; rv:11.0) like Gecko"
213.153.47.173 - - [31/Aug/2018:10:24:15 +0200] "GET /reload?ser=1535703849292 HTTP/1.1" 200 28 "http://renault.activities.at/login?required=true" "Mozilla/5.0 (Windows NT 10.0; Win64; x64; rv:61.0) Gecko/20100101 Firefox/61.0"
193.194.132.28 - - [31/Aug/2018:10:24:36 +0200] "GET /reload?ser=1535703876248 HTTP/1.1" 200 28 "http://renault.2web.at/result?dir=DESC&mode=grid&order=name&limit=15&page=9&search=kleber" "Mozilla/5.0 (Windows NT 6.1; WOW64; Trident/7.0; rv:11.0) like Gecko"
213.153.47.173 - - [31/Aug/2018:10:25:16 +0200] "GET /reload?ser=1535703909941 HTTP/1.1" 200 28 "http://renault.activities.at/login?required=true" "Mozilla/5.0 (Windows NT 10.0; Win64; x64; rv:61.0) Gecko/20100101 Firefox/61.0"
193.194.132.28 - - [31/Aug/2018:10:25:37 +0200] "GET /reload?ser=1535703937335 HTTP/1.1" 200 28 "http://renault.2web.at/result?dir=DESC&mode=grid&order=name&limit=15&page=9&search=kleber" "Mozilla/5.0 (Windows NT 6.1; WOW64; Trident/7.0; rv:11.0) like Gecko"
213.153.47.173 - - [31/Aug/2018:10:26:17 +0200] "GET /reload?ser=1535703970610 HTTP/1.1" 200 28 "http://renault.activities.at/login?required=true" "Mozilla/5.0 (Windows NT 10.0; Win64; x64; rv:61.0) Gecko/20100101 Firefox/61.0"
193.194.132.28 - - [31/Aug/2018:10:26:38 +0200] "GET /reload?ser=1535703998474 HTTP/1.1" 200 28 "http://renault.2web.at/result?dir=DESC&mode=grid&order=name&limit=15&page=9&search=kleber" "Mozilla/5.0 (Windows NT 6.1; WOW64; Trident/7.0; rv:11.0) like Gecko"
213.153.47.173 - - [31/Aug/2018:10:27:17 +0200] "GET /reload?ser=1535704031271 HTTP/1.1" 200 28 "http://renault.activities.at/login?required=true" "Mozilla/5.0 (Windows NT 10.0; Win64; x64; rv:61.0) Gecko/20100101 Firefox/61.0"
193.194.132.28 - - [31/Aug/2018:10:27:39 +0200] "GET /reload?ser=1535704059738 HTTP/1.1" 200 28 "http://renault.2web.at/result?dir=DESC&mode=grid&order=name&limit=15&page=9&search=kleber" "Mozilla/5.0 (Windows NT 6.1; WOW64; Trident/7.0; rv:11.0) like Gecko"
213.153.47.173 - - [31/Aug/2018:10:28:18 +0200] "GET /reload?ser=1535704091940 HTTP/1.1" 200 28 "http://renault.activities.at/login?required=true" "Mozilla/5.0 (Windows NT 10.0; Win64; x64; rv:61.0) Gecko/20100101 Firefox/61.0"
193.194.132.28 - - [31/Aug/2018:10:28:40 +0200] "GET /reload?ser=1535704120849 HTTP/1.1" 200 28 "http://renault.2web.at/result?dir=DESC&mode=grid&order=name&limit=15&page=9&search=kleber" "Mozilla/5.0 (Windows NT 6.1; WOW64; Trident/7.0; rv:11.0) like Gecko"
213.153.47.173 - - [31/Aug/2018:10:29:19 +0200] "GET /reload?ser=1535704152599 HTTP/1.1" 200 28 "http://renault.activities.at/login?required=true" "Mozilla/5.0 (Windows NT 10.0; Win64; x64; rv:61.0) Gecko/20100101 Firefox/61.0"
193.194.132.28 - - [31/Aug/2018:10:29:42 +0200] "GET /reload?ser=1535704181965 HTTP/1.1" 200 28 "http://renault.2web.at/result?dir=DESC&mode=grid&order=name&limit=15&page=9&search=kleber" "Mozilla/5.0 (Windows NT 6.1; WOW64; Trident/7.0; rv:11.0) like Gecko"
213.153.47.173 - - [31/Aug/2018:10:30:19 +0200] "GET /reload?ser=1535704213271 HTTP/1.1" 200 28 "http://renault.activities.at/login?required=true" "Mozilla/5.0 (Windows NT 10.0; Win64; x64; rv:61.0) Gecko/20100101 Firefox/61.0"
193.194.132.28 - - [31/Aug/2018:10:30:43 +0200] "GET /reload?ser=1535704243051 HTTP/1.1" 200 28 "http://renault.2web.at/result?dir=DESC&mode=grid&order=name&limit=15&page=9&search=kleber" "Mozilla/5.0 (Windows NT 6.1; WOW64; Trident/7.0; rv:11.0) like Gecko"
213.153.47.173 - - [31/Aug/2018:10:31:20 +0200] "GET /reload?ser=1535704273931 HTTP/1.1" 200 28 "http://renault.activities.at/login?required=true" "Mozilla/5.0 (Windows NT 10.0; Win64; x64; rv:61.0) Gecko/20100101 Firefox/61.0"
193.194.132.28 - - [31/Aug/2018:10:31:44 +0200] "GET /reload?ser=1535704304171 HTTP/1.1" 200 28 "http://renault.2web.at/result?dir=DESC&mode=grid&order=name&limit=15&page=9&search=kleber" "Mozilla/5.0 (Windows NT 6.1; WOW64; Trident/7.0; rv:11.0) like Gecko"
213.153.47.173 - - [31/Aug/2018:10:32:21 +0200] "GET /reload?ser=1535704334591 HTTP/1.1" 200 28 "http://renault.activities.at/login?required=true" "Mozilla/5.0 (Windows NT 10.0; Win64; x64; rv:61.0) Gecko/20100101 Firefox/61.0"
193.194.132.28 - - [31/Aug/2018:10:32:45 +0200] "GET /reload?ser=1535704365281 HTTP/1.1" 200 28 "http://renault.2web.at/result?dir=DESC&mode=grid&order=name&limit=15&page=9&search=kleber" "Mozilla/5.0 (Windows NT 6.1; WOW64; Trident/7.0; rv:11.0) like Gecko"
213.153.47.173 - - [31/Aug/2018:10:33:21 +0200] "GET /reload?ser=1535704395250 HTTP/1.1" 200 28 "http://renault.activities.at/login?required=true" "Mozilla/5.0 (Windows NT 10.0; Win64; x64; rv:61.0) Gecko/20100101 Firefox/61.0"
193.194.132.28 - - [31/Aug/2018:10:33:46 +0200] "GET /reload?ser=1535704426398 HTTP/1.1" 200 28 "http://renault.2web.at/result?dir=DESC&mode=grid&order=name&limit=15&page=9&search=kleber" "Mozilla/5.0 (Windows NT 6.1; WOW64; Trident/7.0; rv:11.0) like Gecko"
213.153.47.173 - - [31/Aug/2018:10:34:22 +0200] "GET /reload?ser=1535704455909 HTTP/1.1" 200 28 "http://renault.activities.at/login?required=true" "Mozilla/5.0 (Windows NT 10.0; Win64; x64; rv:61.0) Gecko/20100101 Firefox/61.0"
193.194.132.28 - - [31/Aug/2018:10:34:47 +0200] "GET /reload?ser=1535704487519 HTTP/1.1" 200 28 "http://renault.2web.at/result?dir=DESC&mode=grid&order=name&limit=15&page=9&search=kleber" "Mozilla/5.0 (Windows NT 6.1; WOW64; Trident/7.0; rv:11.0) like Gecko"
213.153.47.173 - - [31/Aug/2018:10:35:23 +0200] "GET /reload?ser=1535704516560 HTTP/1.1" 200 28 "http://renault.activities.at/login?required=true" "Mozilla/5.0 (Windows NT 10.0; Win64; x64; rv:61.0) Gecko/20100101 Firefox/61.0"
193.194.132.28 - - [31/Aug/2018:10:35:48 +0200] "GET /reload?ser=1535704548623 HTTP/1.1" 200 28 "http://renault.2web.at/result?dir=DESC&mode=grid&order=name&limit=15&page=9&search=kleber" "Mozilla/5.0 (Windows NT 6.1; WOW64; Trident/7.0; rv:11.0) like Gecko"
213.153.47.173 - - [31/Aug/2018:10:36:23 +0200] "GET /reload?ser=1535704577211 HTTP/1.1" 200 28 "http://renault.activities.at/login?required=true" "Mozilla/5.0 (Windows NT 10.0; Win64; x64; rv:61.0) Gecko/20100101 Firefox/61.0"
193.194.132.28 - - [31/Aug/2018:10:36:49 +0200] "GET /reload?ser=1535704609694 HTTP/1.1" 200 28 "http://renault.2web.at/result?dir=DESC&mode=grid&order=name&limit=15&page=9&search=kleber" "Mozilla/5.0 (Windows NT 6.1; WOW64; Trident/7.0; rv:11.0) like Gecko"
213.153.47.173 - - [31/Aug/2018:10:37:24 +0200] "GET /reload?ser=1535704637860 HTTP/1.1" 200 28 "http://renault.activities.at/login?required=true" "Mozilla/5.0 (Windows NT 10.0; Win64; x64; rv:61.0) Gecko/20100101 Firefox/61.0"
193.194.132.28 - - [31/Aug/2018:10:37:50 +0200] "GET /reload?ser=1535704670791 HTTP/1.1" 200 28 "http://renault.2web.at/result?dir=DESC&mode=grid&order=name&limit=15&page=9&search=kleber" "Mozilla/5.0 (Windows NT 6.1; WOW64; Trident/7.0; rv:11.0) like Gecko"
213.153.47.173 - - [31/Aug/2018:10:38:25 +0200] "GET /reload?ser=1535704698539 HTTP/1.1" 200 28 "http://renault.activities.at/login?required=true" "Mozilla/5.0 (Windows NT 10.0; Win64; x64; rv:61.0) Gecko/20100101 Firefox/61.0"
193.194.132.28 - - [31/Aug/2018:10:38:52 +0200] "GET /reload?ser=1535704731901 HTTP/1.1" 200 28 "http://renault.2web.at/result?dir=DESC&mode=grid&order=name&limit=15&page=9&search=kleber" "Mozilla/5.0 (Windows NT 6.1; WOW64; Trident/7.0; rv:11.0) like Gecko"
213.153.47.173 - - [31/Aug/2018:10:39:25 +0200] "GET /reload?ser=1535704759190 HTTP/1.1" 200 28 "http://renault.activities.at/login?required=true" "Mozilla/5.0 (Windows NT 10.0; Win64; x64; rv:61.0) Gecko/20100101 Firefox/61.0"
193.194.132.28 - - [31/Aug/2018:10:39:53 +0200] "GET /reload?ser=1535704793021 HTTP/1.1" 200 28 "http://renault.2web.at/result?dir=DESC&mode=grid&order=name&limit=15&page=9&search=kleber" "Mozilla/5.0 (Windows NT 6.1; WOW64; Trident/7.0; rv:11.0) like Gecko"
213.153.47.173 - - [31/Aug/2018:10:40:26 +0200] "GET /reload?ser=1535704819841 HTTP/1.1" 200 28 "http://renault.activities.at/login?required=true" "Mozilla/5.0 (Windows NT 10.0; Win64; x64; rv:61.0) Gecko/20100101 Firefox/61.0"
193.194.132.28 - - [31/Aug/2018:10:40:54 +0200] "GET /reload?ser=1535704854091 HTTP/1.1" 200 28 "http://renault.2web.at/result?dir=DESC&mode=grid&order=name&limit=15&page=9&search=kleber" "Mozilla/5.0 (Windows NT 6.1; WOW64; Trident/7.0; rv:11.0) like Gecko"
213.153.47.173 - - [31/Aug/2018:10:41:27 +0200] "GET /reload?ser=1535704880490 HTTP/1.1" 200 28 "http://renault.activities.at/login?required=true" "Mozilla/5.0 (Windows NT 10.0; Win64; x64; rv:61.0) Gecko/20100101 Firefox/61.0"
193.194.132.28 - - [31/Aug/2018:10:41:55 +0200] "GET /reload?ser=1535704915213 HTTP/1.1" 200 28 "http://renault.2web.at/result?dir=DESC&mode=grid&order=name&limit=15&page=9&search=kleber" "Mozilla/5.0 (Windows NT 6.1; WOW64; Trident/7.0; rv:11.0) like Gecko"
213.153.47.173 - - [31/Aug/2018:10:42:27 +0200] "GET /reload?ser=1535704941170 HTTP/1.1" 200 28 "http://renault.activities.at/login?required=true" "Mozilla/5.0 (Windows NT 10.0; Win64; x64; rv:61.0) Gecko/20100101 Firefox/61.0"
193.194.132.28 - - [31/Aug/2018:10:42:56 +0200] "GET /reload?ser=1535704976446 HTTP/1.1" 200 28 "http://renault.2web.at/result?dir=DESC&mode=grid&order=name&limit=15&page=9&search=kleber" "Mozilla/5.0 (Windows NT 6.1; WOW64; Trident/7.0; rv:11.0) like Gecko"
213.153.47.173 - - [31/Aug/2018:10:43:28 +0200] "GET /reload?ser=1535705001830 HTTP/1.1" 200 28 "http://renault.activities.at/login?required=true" "Mozilla/5.0 (Windows NT 10.0; Win64; x64; rv:61.0) Gecko/20100101 Firefox/61.0"
193.194.132.28 - - [31/Aug/2018:10:43:57 +0200] "GET /reload?ser=1535705037573 HTTP/1.1" 200 28 "http://renault.2web.at/result?dir=DESC&mode=grid&order=name&limit=15&page=9&search=kleber" "Mozilla/5.0 (Windows NT 6.1; WOW64; Trident/7.0; rv:11.0) like Gecko"
213.153.47.173 - - [31/Aug/2018:10:44:29 +0200] "GET /reload?ser=1535705062490 HTTP/1.1" 200 28 "http://renault.activities.at/login?required=true" "Mozilla/5.0 (Windows NT 10.0; Win64; x64; rv:61.0) Gecko/20100101 Firefox/61.0"
193.194.132.28 - - [31/Aug/2018:10:44:58 +0200] "GET /reload?ser=1535705098667 HTTP/1.1" 200 28 "http://renault.2web.at/result?dir=DESC&mode=grid&order=name&limit=15&page=9&search=kleber" "Mozilla/5.0 (Windows NT 6.1; WOW64; Trident/7.0; rv:11.0) like Gecko"
213.153.47.173 - - [31/Aug/2018:10:45:29 +0200] "GET /reload?ser=1535705123157 HTTP/1.1" 200 28 "http://renault.activities.at/login?required=true" "Mozilla/5.0 (Windows NT 10.0; Win64; x64; rv:61.0) Gecko/20100101 Firefox/61.0"
193.194.132.28 - - [31/Aug/2018:10:45:59 +0200] "GET /reload?ser=1535705159784 HTTP/1.1" 200 28 "http://renault.2web.at/result?dir=DESC&mode=grid&order=name&limit=15&page=9&search=kleber" "Mozilla/5.0 (Windows NT 6.1; WOW64; Trident/7.0; rv:11.0) like Gecko"
66.249.64.139 - - [31/Aug/2018:10:46:08 +0200] "GET / HTTP/1.1" 200 3720 "-" "Mozilla/5.0 (Linux; Android 6.0.1; Nexus 5X Build/MMB29P) AppleWebKit/537.36 (KHTML, like Gecko) Chrome/41.0.2272.96 Mobile Safari/537.36 (compatible; Googlebot/2.1; +http://www.google.com/bot.html)"
66.249.64.139 - - [31/Aug/2018:10:46:12 +0200] "GET /css/reset.css HTTP/1.1" 200 1356 "http://renault.activities.at/" "Mozilla/5.0 (Linux; Android 6.0.1; Nexus 5X Build/MMB29P) AppleWebKit/537.36 (KHTML, like Gecko) Chrome/41.0.2272.96 Mobile Safari/537.36 (compatible; Googlebot/2.1; +http://www.google.com/bot.html)"
66.249.64.137 - - [31/Aug/2018:10:46:12 +0200] "GET /js/flashdetection.js HTTP/1.1" 200 1059 "http://renault.activities.at/" "Mozilla/5.0 (Linux; Android 6.0.1; Nexus 5X Build/MMB29P) AppleWebKit/537.36 (KHTML, like Gecko) Chrome/41.0.2272.96 Mobile Safari/537.36 (compatible; Googlebot/2.1; +http://www.google.com/bot.html)"
66.249.64.139 - - [31/Aug/2018:10:46:13 +0200] "GET /css/themes/alphacube.css HTTP/1.1" 200 743 "http://renault.activities.at/" "Mozilla/5.0 (Linux; Android 6.0.1; Nexus 5X Build/MMB29P) AppleWebKit/537.36 (KHTML, like Gecko) Chrome/41.0.2272.96 Mobile Safari/537.36 (compatible; Googlebot/2.1; +http://www.google.com/bot.html)"
66.249.64.137 - - [31/Aug/2018:10:46:15 +0200] "GET /css/themes/default.css HTTP/1.1" 200 769 "http://renault.activities.at/" "Mozilla/5.0 (Linux; Android 6.0.1; Nexus 5X Build/MMB29P) AppleWebKit/537.36 (KHTML, like Gecko) Chrome/41.0.2272.96 Mobile Safari/537.36 (compatible; Googlebot/2.1; +http://www.google.com/bot.html)"
66.249.64.139 - - [31/Aug/2018:10:46:16 +0200] "GET /css/print.css HTTP/1.1" 200 543 "http://renault.activities.at/" "Mozilla/5.0 (Linux; Android 6.0.1; Nexus 5X Build/MMB29P) AppleWebKit/537.36 (KHTML, like Gecko) Chrome/41.0.2272.96 Mobile Safari/537.36 (compatible; Googlebot/2.1; +http://www.google.com/bot.html)"
213.153.47.173 - - [31/Aug/2018:10:46:30 +0200] "GET /reload?ser=1535705183805 HTTP/1.1" 200 28 "http://renault.activities.at/login?required=true" "Mozilla/5.0 (Windows NT 10.0; Win64; x64; rv:61.0) Gecko/20100101 Firefox/61.0"
193.194.132.28 - - [31/Aug/2018:10:47:01 +0200] "GET /reload?ser=1535705220889 HTTP/1.1" 200 28 "http://renault.2web.at/result?dir=DESC&mode=grid&order=name&limit=15&page=9&search=kleber" "Mozilla/5.0 (Windows NT 6.1; WOW64; Trident/7.0; rv:11.0) like Gecko"
213.153.47.173 - - [31/Aug/2018:10:47:31 +0200] "GET /reload?ser=1535705244460 HTTP/1.1" 200 28 "http://renault.activities.at/login?required=true" "Mozilla/5.0 (Windows NT 10.0; Win64; x64; rv:61.0) Gecko/20100101 Firefox/61.0"
193.194.132.28 - - [31/Aug/2018:10:48:02 +0200] "GET /reload?ser=1535705281999 HTTP/1.1" 200 28 "http://renault.2web.at/result?dir=DESC&mode=grid&order=name&limit=15&page=9&search=kleber" "Mozilla/5.0 (Windows NT 6.1; WOW64; Trident/7.0; rv:11.0) like Gecko"
213.153.47.173 - - [31/Aug/2018:10:48:31 +0200] "GET /reload?ser=1535705305120 HTTP/1.1" 200 28 "http://renault.activities.at/login?required=true" "Mozilla/5.0 (Windows NT 10.0; Win64; x64; rv:61.0) Gecko/20100101 Firefox/61.0"
193.194.132.28 - - [31/Aug/2018:10:49:03 +0200] "GET /reload?ser=1535705343102 HTTP/1.1" 200 28 "http://renault.2web.at/result?dir=DESC&mode=grid&order=name&limit=15&page=9&search=kleber" "Mozilla/5.0 (Windows NT 6.1; WOW64; Trident/7.0; rv:11.0) like Gecko"
213.153.47.173 - - [31/Aug/2018:10:49:32 +0200] "GET /reload?ser=1535705365810 HTTP/1.1" 200 28 "http://renault.activities.at/login?required=true" "Mozilla/5.0 (Windows NT 10.0; Win64; x64; rv:61.0) Gecko/20100101 Firefox/61.0"
193.194.132.28 - - [31/Aug/2018:10:50:04 +0200] "GET /reload?ser=1535705404241 HTTP/1.1" 200 28 "http://renault.2web.at/result?dir=DESC&mode=grid&order=name&limit=15&page=9&search=kleber" "Mozilla/5.0 (Windows NT 6.1; WOW64; Trident/7.0; rv:11.0) like Gecko"
213.153.47.173 - - [31/Aug/2018:10:50:33 +0200] "GET /reload?ser=1535705426479 HTTP/1.1" 200 28 "http://renault.activities.at/login?required=true" "Mozilla/5.0 (Windows NT 10.0; Win64; x64; rv:61.0) Gecko/20100101 Firefox/61.0"
193.194.132.28 - - [31/Aug/2018:10:51:05 +0200] "GET /reload?ser=1535705465323 HTTP/1.1" 200 28 "http://renault.2web.at/result?dir=DESC&mode=grid&order=name&limit=15&page=9&search=kleber" "Mozilla/5.0 (Windows NT 6.1; WOW64; Trident/7.0; rv:11.0) like Gecko"
213.153.47.173 - - [31/Aug/2018:10:51:33 +0200] "GET /reload?ser=1535705487150 HTTP/1.1" 200 28 "http://renault.activities.at/login?required=true" "Mozilla/5.0 (Windows NT 10.0; Win64; x64; rv:61.0) Gecko/20100101 Firefox/61.0"
193.194.132.28 - - [31/Aug/2018:10:52:06 +0200] "GET /reload?ser=1535705526442 HTTP/1.1" 200 28 "http://renault.2web.at/result?dir=DESC&mode=grid&order=name&limit=15&page=9&search=kleber" "Mozilla/5.0 (Windows NT 6.1; WOW64; Trident/7.0; rv:11.0) like Gecko"
213.153.47.173 - - [31/Aug/2018:10:52:34 +0200] "GET /reload?ser=1535705547810 HTTP/1.1" 200 28 "http://renault.activities.at/login?required=true" "Mozilla/5.0 (Windows NT 10.0; Win64; x64; rv:61.0) Gecko/20100101 Firefox/61.0"
193.194.132.28 - - [31/Aug/2018:10:53:07 +0200] "GET /reload?ser=1535705587524 HTTP/1.1" 200 28 "http://renault.2web.at/result?dir=DESC&mode=grid&order=name&limit=15&page=9&search=kleber" "Mozilla/5.0 (Windows NT 6.1; WOW64; Trident/7.0; rv:11.0) like Gecko"
213.153.47.173 - - [31/Aug/2018:10:53:35 +0200] "GET /reload?ser=1535705608479 HTTP/1.1" 200 28 "http://renault.activities.at/login?required=true" "Mozilla/5.0 (Windows NT 10.0; Win64; x64; rv:61.0) Gecko/20100101 Firefox/61.0"
80.120.5.131 - - [31/Aug/2018:10:54:07 +0200] "GET /10201637 HTTP/1.1" 302 150 "-" "Mozilla/5.0 (Macintosh; Intel Mac OS X 10_13_6) AppleWebKit/605.1.15 (KHTML, like Gecko)"
80.120.5.131 - - [31/Aug/2018:10:54:08 +0200] "GET /login?required=true HTTP/1.1" 200 2086 "-" "Mozilla/5.0 (Macintosh; Intel Mac OS X 10_13_6) AppleWebKit/605.1.15 (KHTML, like Gecko)"
193.194.132.28 - - [31/Aug/2018:10:54:08 +0200] "GET /reload?ser=1535705648645 HTTP/1.1" 200 28 "http://renault.2web.at/result?dir=DESC&mode=grid&order=name&limit=15&page=9&search=kleber" "Mozilla/5.0 (Windows NT 6.1; WOW64; Trident/7.0; rv:11.0) like Gecko"
80.120.5.131 - - [31/Aug/2018:10:54:08 +0200] "GET /apple-touch-icon-precomposed.png HTTP/1.1" 200 1559 "-" "Safari/13605.3.8 CFNetwork/902.1 Darwin/17.7.0 (x86_64)"
80.120.5.131 - - [31/Aug/2018:10:54:09 +0200] "GET /apple-touch-icon.png HTTP/1.1" 200 1559 "-" "Safari/13605.3.8 CFNetwork/902.1 Darwin/17.7.0 (x86_64)"
80.120.5.131 - - [31/Aug/2018:10:54:10 +0200] "GET /images/favicon.ico HTTP/1.1" 404 305 "-" "Safari/13605.3.8 CFNetwork/902.1 Darwin/17.7.0 (x86_64)"
80.120.5.131 - - [31/Aug/2018:10:54:10 +0200] "GET /images/favicon.ico HTTP/1.1" 404 305 "-" "Safari/13605.3.8 CFNetwork/902.1 Darwin/17.7.0 (x86_64)"
80.120.5.131 - - [31/Aug/2018:10:54:10 +0200] "GET /favicon.ico HTTP/1.1" 200 3250 "-" "Safari/13605.3.8 CFNetwork/902.1 Darwin/17.7.0 (x86_64)"
80.120.5.131 - - [31/Aug/2018:10:54:10 +0200] "GET /apple-touch-icon-precomposed.png HTTP/1.1" 200 1559 "-" "Safari/13605.3.8 CFNetwork/902.1 Darwin/17.7.0 (x86_64)"
80.120.5.131 - - [31/Aug/2018:10:54:11 +0200] "GET /apple-touch-icon.png HTTP/1.1" 200 1559 "-" "Safari/13605.3.8 CFNetwork/902.1 Darwin/17.7.0 (x86_64)"
80.120.5.131 - - [31/Aug/2018:10:54:12 +0200] "GET /images/favicon.ico HTTP/1.1" 404 305 "-" "Safari/13605.3.8 CFNetwork/902.1 Darwin/17.7.0 (x86_64)"
80.120.5.131 - - [31/Aug/2018:10:54:13 +0200] "GET /images/favicon.ico HTTP/1.1" 404 305 "-" "Safari/13605.3.8 CFNetwork/902.1 Darwin/17.7.0 (x86_64)"
80.120.5.131 - - [31/Aug/2018:10:54:13 +0200] "GET /favicon.ico HTTP/1.1" 200 3250 "-" "Safari/13605.3.8 CFNetwork/902.1 Darwin/17.7.0 (x86_64)"
80.120.5.131 - - [31/Aug/2018:10:54:13 +0200] "GET /10201637 HTTP/1.1" 302 150 "-" "\"Mozilla/5.0 (iPhone; CPU iPhone OS 11_0 like Mac OS X) AppleWebKit/604.1.38 (KHTML, like Gecko) Version/11.0 Mobile/15A372 Safari/604.1\""
80.120.5.131 - - [31/Aug/2018:10:54:13 +0200] "GET /login?required=true HTTP/1.1" 200 2086 "-" "\"Mozilla/5.0 (iPhone; CPU iPhone OS 11_0 like Mac OS X) AppleWebKit/604.1.38 (KHTML, like Gecko) Version/11.0 Mobile/15A372 Safari/604.1\""
80.120.5.131 - - [31/Aug/2018:10:54:14 +0200] "GET /apple-touch-icon-precomposed.png HTTP/1.1" 200 1559 "-" "Safari/13605.3.8 CFNetwork/902.1 Darwin/17.7.0 (x86_64)"
80.120.5.131 - - [31/Aug/2018:10:54:15 +0200] "GET /apple-touch-icon.png HTTP/1.1" 200 1559 "-" "Safari/13605.3.8 CFNetwork/902.1 Darwin/17.7.0 (x86_64)"
80.120.5.131 - - [31/Aug/2018:10:54:16 +0200] "GET /images/favicon.ico HTTP/1.1" 404 305 "-" "Safari/13605.3.8 CFNetwork/902.1 Darwin/17.7.0 (x86_64)"
80.120.5.131 - - [31/Aug/2018:10:54:16 +0200] "GET /images/favicon.ico HTTP/1.1" 404 305 "-" "Safari/13605.3.8 CFNetwork/902.1 Darwin/17.7.0 (x86_64)"
80.120.5.131 - - [31/Aug/2018:10:54:16 +0200] "GET /favicon.ico HTTP/1.1" 200 3250 "-" "Safari/13605.3.8 CFNetwork/902.1 Darwin/17.7.0 (x86_64)"
80.120.5.131 - - [31/Aug/2018:10:54:16 +0200] "GET /apple-touch-icon-precomposed.png HTTP/1.1" 200 1559 "-" "Safari/13605.3.8 CFNetwork/902.1 Darwin/17.7.0 (x86_64)"
80.120.5.131 - - [31/Aug/2018:10:54:17 +0200] "GET /apple-touch-icon.png HTTP/1.1" 200 1559 "-" "Safari/13605.3.8 CFNetwork/902.1 Darwin/17.7.0 (x86_64)"
80.120.5.131 - - [31/Aug/2018:10:54:18 +0200] "GET /images/favicon.ico HTTP/1.1" 404 305 "-" "Safari/13605.3.8 CFNetwork/902.1 Darwin/17.7.0 (x86_64)"
80.120.5.131 - - [31/Aug/2018:10:54:18 +0200] "GET /images/favicon.ico HTTP/1.1" 404 305 "-" "Safari/13605.3.8 CFNetwork/902.1 Darwin/17.7.0 (x86_64)"
80.120.5.131 - - [31/Aug/2018:10:54:18 +0200] "GET /favicon.ico HTTP/1.1" 200 3250 "-" "Safari/13605.3.8 CFNetwork/902.1 Darwin/17.7.0 (x86_64)"
213.153.47.173 - - [31/Aug/2018:10:54:35 +0200] "GET /reload?ser=1535705669140 HTTP/1.1" 200 28 "http://renault.activities.at/login?required=true" "Mozilla/5.0 (Windows NT 10.0; Win64; x64; rv:61.0) Gecko/20100101 Firefox/61.0"
193.194.132.28 - - [31/Aug/2018:10:55:09 +0200] "GET /reload?ser=1535705709717 HTTP/1.1" 200 28 "http://renault.2web.at/result?dir=DESC&mode=grid&order=name&limit=15&page=9&search=kleber" "Mozilla/5.0 (Windows NT 6.1; WOW64; Trident/7.0; rv:11.0) like Gecko"
213.153.47.173 - - [31/Aug/2018:10:55:36 +0200] "GET /reload?ser=1535705729790 HTTP/1.1" 200 28 "http://renault.activities.at/login?required=true" "Mozilla/5.0 (Windows NT 10.0; Win64; x64; rv:61.0) Gecko/20100101 Firefox/61.0"
193.194.132.28 - - [31/Aug/2018:10:56:10 +0200] "GET /reload?ser=1535705770814 HTTP/1.1" 200 28 "http://renault.2web.at/result?dir=DESC&mode=grid&order=name&limit=15&page=9&search=kleber" "Mozilla/5.0 (Windows NT 6.1; WOW64; Trident/7.0; rv:11.0) like Gecko"
213.153.47.173 - - [31/Aug/2018:10:56:37 +0200] "GET /reload?ser=1535705790450 HTTP/1.1" 200 28 "http://renault.activities.at/login?required=true" "Mozilla/5.0 (Windows NT 10.0; Win64; x64; rv:61.0) Gecko/20100101 Firefox/61.0"
193.194.132.28 - - [31/Aug/2018:10:57:12 +0200] "GET /reload?ser=1535705831916 HTTP/1.1" 200 28 "http://renault.2web.at/result?dir=DESC&mode=grid&order=name&limit=15&page=9&search=kleber" "Mozilla/5.0 (Windows NT 6.1; WOW64; Trident/7.0; rv:11.0) like Gecko"
213.153.47.173 - - [31/Aug/2018:10:57:37 +0200] "GET /reload?ser=1535705851108 HTTP/1.1" 200 28 "http://renault.activities.at/login?required=true" "Mozilla/5.0 (Windows NT 10.0; Win64; x64; rv:61.0) Gecko/20100101 Firefox/61.0"
193.194.132.28 - - [31/Aug/2018:10:58:13 +0200] "GET /reload?ser=1535705893188 HTTP/1.1" 200 28 "http://renault.2web.at/result?dir=DESC&mode=grid&order=name&limit=15&page=9&search=kleber" "Mozilla/5.0 (Windows NT 6.1; WOW64; Trident/7.0; rv:11.0) like Gecko"
213.153.47.173 - - [31/Aug/2018:10:58:38 +0200] "GET /reload?ser=1535705911780 HTTP/1.1" 200 28 "http://renault.activities.at/login?required=true" "Mozilla/5.0 (Windows NT 10.0; Win64; x64; rv:61.0) Gecko/20100101 Firefox/61.0"
193.194.132.28 - - [31/Aug/2018:10:59:14 +0200] "GET /reload?ser=1535705954304 HTTP/1.1" 200 28 "http://renault.2web.at/result?dir=DESC&mode=grid&order=name&limit=15&page=9&search=kleber" "Mozilla/5.0 (Windows NT 6.1; WOW64; Trident/7.0; rv:11.0) like Gecko"
213.153.47.173 - - [31/Aug/2018:10:59:39 +0200] "GET /reload?ser=1535705972438 HTTP/1.1" 200 28 "http://renault.activities.at/login?required=true" "Mozilla/5.0 (Windows NT 10.0; Win64; x64; rv:61.0) Gecko/20100101 Firefox/61.0"
193.194.132.28 - - [31/Aug/2018:11:00:15 +0200] "GET /reload?ser=1535706015419 HTTP/1.1" 200 28 "http://renault.2web.at/result?dir=DESC&mode=grid&order=name&limit=15&page=9&search=kleber" "Mozilla/5.0 (Windows NT 6.1; WOW64; Trident/7.0; rv:11.0) like Gecko"
213.153.47.173 - - [31/Aug/2018:11:00:39 +0200] "GET /reload?ser=1535706033100 HTTP/1.1" 200 28 "http://renault.activities.at/login?required=true" "Mozilla/5.0 (Windows NT 10.0; Win64; x64; rv:61.0) Gecko/20100101 Firefox/61.0"
193.194.132.28 - - [31/Aug/2018:11:01:16 +0200] "GET /reload?ser=1535706076524 HTTP/1.1" 200 28 "http://renault.2web.at/result?dir=DESC&mode=grid&order=name&limit=15&page=9&search=kleber" "Mozilla/5.0 (Windows NT 6.1; WOW64; Trident/7.0; rv:11.0) like Gecko"
213.153.47.173 - - [31/Aug/2018:11:01:40 +0200] "GET /reload?ser=1535706093760 HTTP/1.1" 200 28 "http://renault.activities.at/login?required=true" "Mozilla/5.0 (Windows NT 10.0; Win64; x64; rv:61.0) Gecko/20100101 Firefox/61.0"
193.194.132.28 - - [31/Aug/2018:11:02:17 +0200] "GET /reload?ser=1535706137661 HTTP/1.1" 200 28 "http://renault.2web.at/result?dir=DESC&mode=grid&order=name&limit=15&page=9&search=kleber" "Mozilla/5.0 (Windows NT 6.1; WOW64; Trident/7.0; rv:11.0) like Gecko"
213.153.47.173 - - [31/Aug/2018:11:02:41 +0200] "GET /reload?ser=1535706154420 HTTP/1.1" 200 28 "http://renault.activities.at/login?required=true" "Mozilla/5.0 (Windows NT 10.0; Win64; x64; rv:61.0) Gecko/20100101 Firefox/61.0"
193.194.132.28 - - [31/Aug/2018:11:03:18 +0200] "GET /reload?ser=1535706198777 HTTP/1.1" 200 28 "http://renault.2web.at/result?dir=DESC&mode=grid&order=name&limit=15&page=9&search=kleber" "Mozilla/5.0 (Windows NT 6.1; WOW64; Trident/7.0; rv:11.0) like Gecko"
213.153.47.173 - - [31/Aug/2018:11:03:41 +0200] "GET /reload?ser=1535706215083 HTTP/1.1" 200 28 "http://renault.activities.at/login?required=true" "Mozilla/5.0 (Windows NT 10.0; Win64; x64; rv:61.0) Gecko/20100101 Firefox/61.0"
