212.152.158.195 - - [04/Sep/2018:08:06:39 +0200] "GET /css/styles.css HTTP/1.1" 304 - "http://renault.activities.at/success" "Mozilla/5.0 (Windows NT 10.0; WOW64; Trident/7.0; Touch; rv:11.0) like Gecko"
212.152.158.195 - - [04/Sep/2018:08:06:39 +0200] "GET /css/clears.css HTTP/1.1" 304 - "http://renault.activities.at/success" "Mozilla/5.0 (Windows NT 10.0; WOW64; Trident/7.0; Touch; rv:11.0) like Gecko"
212.152.158.195 - - [04/Sep/2018:08:06:39 +0200] "GET /css/themes/default.css HTTP/1.1" 304 - "http://renault.activities.at/success" "Mozilla/5.0 (Windows NT 10.0; WOW64; Trident/7.0; Touch; rv:11.0) like Gecko"
212.152.158.195 - - [04/Sep/2018:08:06:39 +0200] "GET /css/prototip.css HTTP/1.1" 304 - "http://renault.activities.at/success" "Mozilla/5.0 (Windows NT 10.0; WOW64; Trident/7.0; Touch; rv:11.0) like Gecko"
212.152.158.195 - - [04/Sep/2018:08:06:39 +0200] "GET /css/themes/alphacube.css HTTP/1.1" 304 - "http://renault.activities.at/success" "Mozilla/5.0 (Windows NT 10.0; WOW64; Trident/7.0; Touch; rv:11.0) like Gecko"
212.152.158.195 - - [04/Sep/2018:08:06:39 +0200] "GET /images/header_block_corner_left_top.gif HTTP/1.1" 304 - "http://renault.activities.at/success" "Mozilla/5.0 (Windows NT 10.0; WOW64; Trident/7.0; Touch; rv:11.0) like Gecko"
212.152.158.195 - - [04/Sep/2018:08:06:39 +0200] "GET /images/header_block_corner_right_top.gif HTTP/1.1" 304 - "http://renault.activities.at/success" "Mozilla/5.0 (Windows NT 10.0; WOW64; Trident/7.0; Touch; rv:11.0) like Gecko"
212.152.158.195 - - [04/Sep/2018:08:06:39 +0200] "GET /images/header_block_border.gif HTTP/1.1" 304 - "http://renault.activities.at/success" "Mozilla/5.0 (Windows NT 10.0; WOW64; Trident/7.0; Touch; rv:11.0) like Gecko"
212.152.158.195 - - [04/Sep/2018:08:06:39 +0200] "GET /images/search_bg.gif HTTP/1.1" 304 - "http://renault.activities.at/success" "Mozilla/5.0 (Windows NT 10.0; WOW64; Trident/7.0; Touch; rv:11.0) like Gecko"
212.152.158.195 - - [04/Sep/2018:08:06:39 +0200] "GET /images/main_block_corner_right_top.gif HTTP/1.1" 304 - "http://renault.activities.at/success" "Mozilla/5.0 (Windows NT 10.0; WOW64; Trident/7.0; Touch; rv:11.0) like Gecko"
212.152.158.195 - - [04/Sep/2018:08:06:39 +0200] "GET /images/button_left_bg.gif HTTP/1.1" 304 - "http://renault.activities.at/success" "Mozilla/5.0 (Windows NT 10.0; WOW64; Trident/7.0; Touch; rv:11.0) like Gecko"
212.152.158.195 - - [04/Sep/2018:08:06:39 +0200] "GET /images/main_block_corner_right_bot.gif HTTP/1.1" 304 - "http://renault.activities.at/success" "Mozilla/5.0 (Windows NT 10.0; WOW64; Trident/7.0; Touch; rv:11.0) like Gecko"
212.152.158.195 - - [04/Sep/2018:08:06:39 +0200] "GET /images/nav_divider.gif HTTP/1.1" 304 - "http://renault.activities.at/success" "Mozilla/5.0 (Windows NT 10.0; WOW64; Trident/7.0; Touch; rv:11.0) like Gecko"
212.152.158.195 - - [04/Sep/2018:08:06:39 +0200] "GET /images/menu_button_bg.jpg HTTP/1.1" 304 - "http://renault.activities.at/success" "Mozilla/5.0 (Windows NT 10.0; WOW64; Trident/7.0; Touch; rv:11.0) like Gecko"
212.152.158.195 - - [04/Sep/2018:08:06:39 +0200] "GET /images/main_block_border.gif HTTP/1.1" 304 - "http://renault.activities.at/success" "Mozilla/5.0 (Windows NT 10.0; WOW64; Trident/7.0; Touch; rv:11.0) like Gecko"
212.152.158.195 - - [04/Sep/2018:08:06:39 +0200] "GET /images/title_corner_left_top.jpg HTTP/1.1" 304 - "http://renault.activities.at/success" "Mozilla/5.0 (Windows NT 10.0; WOW64; Trident/7.0; Touch; rv:11.0) like Gecko"
212.152.158.195 - - [04/Sep/2018:08:06:39 +0200] "GET /images/menu_divider.gif HTTP/1.1" 304 - "http://renault.activities.at/success" "Mozilla/5.0 (Windows NT 10.0; WOW64; Trident/7.0; Touch; rv:11.0) like Gecko"
212.152.158.195 - - [04/Sep/2018:08:06:39 +0200] "GET /images/title_corner_right_top.jpg HTTP/1.1" 304 - "http://renault.activities.at/success" "Mozilla/5.0 (Windows NT 10.0; WOW64; Trident/7.0; Touch; rv:11.0) like Gecko"
212.152.158.195 - - [04/Sep/2018:08:06:39 +0200] "GET /images/main_block_corner_left_bot.gif HTTP/1.1" 304 - "http://renault.activities.at/success" "Mozilla/5.0 (Windows NT 10.0; WOW64; Trident/7.0; Touch; rv:11.0) like Gecko"
212.152.158.195 - - [04/Sep/2018:08:06:39 +0200] "GET /images/title_border.jpg HTTP/1.1" 304 - "http://renault.activities.at/success" "Mozilla/5.0 (Windows NT 10.0; WOW64; Trident/7.0; Touch; rv:11.0) like Gecko"
212.152.158.195 - - [04/Sep/2018:08:06:39 +0200] "GET /images/top_links_divider.gif HTTP/1.1" 304 - "http://renault.activities.at/success" "Mozilla/5.0 (Windows NT 10.0; WOW64; Trident/7.0; Touch; rv:11.0) like Gecko"
212.152.158.195 - - [04/Sep/2018:08:06:39 +0200] "GET /images/main_block_corner_left_top.gif HTTP/1.1" 304 - "http://renault.activities.at/success" "Mozilla/5.0 (Windows NT 10.0; WOW64; Trident/7.0; Touch; rv:11.0) like Gecko"
212.152.158.195 - - [04/Sep/2018:08:06:39 +0200] "GET /images/footer_divider.gif HTTP/1.1" 304 - "http://renault.activities.at/success" "Mozilla/5.0 (Windows NT 10.0; WOW64; Trident/7.0; Touch; rv:11.0) like Gecko"
212.152.158.195 - - [04/Sep/2018:08:06:39 +0200] "GET /images/title_border_top.jpg HTTP/1.1" 304 - "http://renault.activities.at/success" "Mozilla/5.0 (Windows NT 10.0; WOW64; Trident/7.0; Touch; rv:11.0) like Gecko"
212.152.158.195 - - [04/Sep/2018:08:06:42 +0200] "GET /11868485?print=true HTTP/1.1" 200 2018 "-" "Mozilla/5.0 (Windows NT 10.0; WOW64; Trident/7.0; Touch; rv:11.0) like Gecko"
212.152.158.195 - - [04/Sep/2018:08:06:44 +0200] "GET /js/default.js HTTP/1.1" 304 - "http://renault.activities.at/11868485?print=true" "Mozilla/5.0 (Windows NT 10.0; WOW64; Trident/7.0; Touch; rv:11.0) like Gecko"
212.152.158.195 - - [04/Sep/2018:08:06:44 +0200] "GET /css/print.css HTTP/1.1" 304 - "http://renault.activities.at/11868485?print=true" "Mozilla/5.0 (Windows NT 10.0; WOW64; Trident/7.0; Touch; rv:11.0) like Gecko"
212.152.158.195 - - [04/Sep/2018:08:06:44 +0200] "GET /css/clears.css HTTP/1.1" 304 - "http://renault.activities.at/11868485?print=true" "Mozilla/5.0 (Windows NT 10.0; WOW64; Trident/7.0; Touch; rv:11.0) like Gecko"
212.152.158.195 - - [04/Sep/2018:08:06:44 +0200] "GET /css/styles.css HTTP/1.1" 304 - "http://renault.activities.at/11868485?print=true" "Mozilla/5.0 (Windows NT 10.0; WOW64; Trident/7.0; Touch; rv:11.0) like Gecko"
212.152.158.195 - - [04/Sep/2018:08:06:44 +0200] "GET /css/reset.css HTTP/1.1" 304 - "http://renault.activities.at/11868485?print=true" "Mozilla/5.0 (Windows NT 10.0; WOW64; Trident/7.0; Touch; rv:11.0) like Gecko"
212.152.158.195 - - [04/Sep/2018:08:06:44 +0200] "GET /css/prototip.css HTTP/1.1" 304 - "http://renault.activities.at/11868485?print=true" "Mozilla/5.0 (Windows NT 10.0; WOW64; Trident/7.0; Touch; rv:11.0) like Gecko"
212.152.158.195 - - [04/Sep/2018:08:06:44 +0200] "GET /js/checkout.css HTTP/1.1" 304 - "http://renault.activities.at/11868485?print=true" "Mozilla/5.0 (Windows NT 10.0; WOW64; Trident/7.0; Touch; rv:11.0) like Gecko"
212.152.158.195 - - [04/Sep/2018:08:06:44 +0200] "GET /css/themes/default.css HTTP/1.1" 304 - "http://renault.activities.at/11868485?print=true" "Mozilla/5.0 (Windows NT 10.0; WOW64; Trident/7.0; Touch; rv:11.0) like Gecko"
212.152.158.195 - - [04/Sep/2018:08:06:44 +0200] "GET /css/themes/alphacube.css HTTP/1.1" 304 - "http://renault.activities.at/11868485?print=true" "Mozilla/5.0 (Windows NT 10.0; WOW64; Trident/7.0; Touch; rv:11.0) like Gecko"
212.152.158.195 - - [04/Sep/2018:08:06:45 +0200] "GET /images/button_left_bg.gif HTTP/1.1" 304 - "http://renault.activities.at/11868485?print=true" "Mozilla/5.0 (Windows NT 10.0; WOW64; Trident/7.0; Touch; rv:11.0) like Gecko"
212.152.158.195 - - [04/Sep/2018:08:06:45 +0200] "GET /images/button_right_bg.gif HTTP/1.1" 304 - "http://renault.activities.at/11868485?print=true" "Mozilla/5.0 (Windows NT 10.0; WOW64; Trident/7.0; Touch; rv:11.0) like Gecko"
212.152.158.195 - - [04/Sep/2018:08:06:45 +0200] "GET /images/button_bg.gif HTTP/1.1" 304 - "http://renault.activities.at/11868485?print=true" "Mozilla/5.0 (Windows NT 10.0; WOW64; Trident/7.0; Touch; rv:11.0) like Gecko"
212.152.158.195 - - [04/Sep/2018:08:06:45 +0200] "GET /js/default.js HTTP/1.1" 304 - "-" "Mozilla/5.0 (Windows NT 10.0; WOW64; Trident/7.0; Touch; rv:11.0) like Gecko"
212.152.158.195 - - [04/Sep/2018:08:06:45 +0200] "GET /css/styles.css HTTP/1.1" 304 - "-" "Mozilla/5.0 (Windows NT 10.0; WOW64; Trident/7.0; Touch; rv:11.0) like Gecko"
212.152.158.195 - - [04/Sep/2018:08:06:45 +0200] "GET /css/reset.css HTTP/1.1" 304 - "-" "Mozilla/5.0 (Windows NT 10.0; WOW64; Trident/7.0; Touch; rv:11.0) like Gecko"
212.152.158.195 - - [04/Sep/2018:08:06:45 +0200] "GET /css/clears.css HTTP/1.1" 304 - "-" "Mozilla/5.0 (Windows NT 10.0; WOW64; Trident/7.0; Touch; rv:11.0) like Gecko"
212.152.158.195 - - [04/Sep/2018:08:06:45 +0200] "GET /css/print.css HTTP/1.1" 304 - "-" "Mozilla/5.0 (Windows NT 10.0; WOW64; Trident/7.0; Touch; rv:11.0) like Gecko"
212.152.158.195 - - [04/Sep/2018:08:06:45 +0200] "GET /js/checkout.css HTTP/1.1" 304 - "-" "Mozilla/5.0 (Windows NT 10.0; WOW64; Trident/7.0; Touch; rv:11.0) like Gecko"
212.152.158.195 - - [04/Sep/2018:08:06:45 +0200] "GET /css/themes/default.css HTTP/1.1" 304 - "-" "Mozilla/5.0 (Windows NT 10.0; WOW64; Trident/7.0; Touch; rv:11.0) like Gecko"
212.152.158.195 - - [04/Sep/2018:08:06:45 +0200] "GET /css/prototip.css HTTP/1.1" 304 - "-" "Mozilla/5.0 (Windows NT 10.0; WOW64; Trident/7.0; Touch; rv:11.0) like Gecko"
212.152.158.195 - - [04/Sep/2018:08:06:45 +0200] "GET /css/themes/alphacube.css HTTP/1.1" 304 - "-" "Mozilla/5.0 (Windows NT 10.0; WOW64; Trident/7.0; Touch; rv:11.0) like Gecko"
213.153.47.173 - - [04/Sep/2018:08:06:59 +0200] "GET /reload?ser=1536041210962 HTTP/1.1" 200 28 "http://renault.activities.at/login?required=true" "Mozilla/5.0 (Windows NT 10.0; Win64; x64; rv:61.0) Gecko/20100101 Firefox/61.0"
185.22.23.252 - - [04/Sep/2018:08:07:15 +0200] "GET /reload?ser=1536041235422 HTTP/1.1" 200 28 "http://renault.activities.at/result?searchterm=true&search=winterr%E4der" "Mozilla/5.0 (Windows NT 6.3; WOW64; Trident/7.0; rv:11.0) like Gecko"
193.194.132.28 - - [04/Sep/2018:08:07:34 +0200] "GET /reload?ser=1536041254501 HTTP/1.1" 200 28 "http://renault.2web.at/account?loadrequest=true" "Mozilla/5.0 (Windows NT 6.1; WOW64; Trident/7.0; rv:11.0) like Gecko"
212.152.158.195 - - [04/Sep/2018:08:07:39 +0200] "GET /reload?ser=1536041259878 HTTP/1.1" 200 28 "http://renault.activities.at/success" "Mozilla/5.0 (Windows NT 10.0; WOW64; Trident/7.0; Touch; rv:11.0) like Gecko"
213.153.47.173 - - [04/Sep/2018:08:07:59 +0200] "GET /reload?ser=1536041271621 HTTP/1.1" 200 28 "http://renault.activities.at/login?required=true" "Mozilla/5.0 (Windows NT 10.0; Win64; x64; rv:61.0) Gecko/20100101 Firefox/61.0"
185.22.23.252 - - [04/Sep/2018:08:08:16 +0200] "GET /reload?ser=1536041296408 HTTP/1.1" 200 28 "http://renault.activities.at/result?searchterm=true&search=winterr%E4der" "Mozilla/5.0 (Windows NT 6.3; WOW64; Trident/7.0; rv:11.0) like Gecko"
193.194.132.28 - - [04/Sep/2018:08:08:35 +0200] "GET /reload?ser=1536041315615 HTTP/1.1" 200 28 "http://renault.2web.at/account?loadrequest=true" "Mozilla/5.0 (Windows NT 6.1; WOW64; Trident/7.0; rv:11.0) like Gecko"
212.152.158.195 - - [04/Sep/2018:08:08:40 +0200] "GET /reload?ser=1536041320825 HTTP/1.1" 200 28 "http://renault.activities.at/success" "Mozilla/5.0 (Windows NT 10.0; WOW64; Trident/7.0; Touch; rv:11.0) like Gecko"
213.153.47.173 - - [04/Sep/2018:08:09:00 +0200] "GET /reload?ser=1536041332291 HTTP/1.1" 200 28 "http://renault.activities.at/login?required=true" "Mozilla/5.0 (Windows NT 10.0; Win64; x64; rv:61.0) Gecko/20100101 Firefox/61.0"
185.22.23.252 - - [04/Sep/2018:08:09:17 +0200] "GET /reload?ser=1536041357379 HTTP/1.1" 200 28 "http://renault.activities.at/result?searchterm=true&search=winterr%E4der" "Mozilla/5.0 (Windows NT 6.3; WOW64; Trident/7.0; rv:11.0) like Gecko"
193.194.132.28 - - [04/Sep/2018:08:09:36 +0200] "GET /reload?ser=1536041376716 HTTP/1.1" 200 28 "http://renault.2web.at/account?loadrequest=true" "Mozilla/5.0 (Windows NT 6.1; WOW64; Trident/7.0; rv:11.0) like Gecko"
212.152.158.195 - - [04/Sep/2018:08:09:41 +0200] "GET /reload?ser=1536041381825 HTTP/1.1" 200 28 "http://renault.activities.at/success" "Mozilla/5.0 (Windows NT 10.0; WOW64; Trident/7.0; Touch; rv:11.0) like Gecko"
213.153.47.173 - - [04/Sep/2018:08:10:01 +0200] "GET /reload?ser=1536041392951 HTTP/1.1" 200 28 "http://renault.activities.at/login?required=true" "Mozilla/5.0 (Windows NT 10.0; Win64; x64; rv:61.0) Gecko/20100101 Firefox/61.0"
185.22.23.252 - - [04/Sep/2018:08:10:18 +0200] "GET /reload?ser=1536041418332 HTTP/1.1" 200 28 "http://renault.activities.at/result?searchterm=true&search=winterr%E4der" "Mozilla/5.0 (Windows NT 6.3; WOW64; Trident/7.0; rv:11.0) like Gecko"
193.194.132.28 - - [04/Sep/2018:08:10:37 +0200] "GET /reload?ser=1536041437794 HTTP/1.1" 200 28 "http://renault.2web.at/account?loadrequest=true" "Mozilla/5.0 (Windows NT 6.1; WOW64; Trident/7.0; rv:11.0) like Gecko"
212.152.158.195 - - [04/Sep/2018:08:10:42 +0200] "GET /reload?ser=1536041442809 HTTP/1.1" 200 28 "http://renault.activities.at/success" "Mozilla/5.0 (Windows NT 10.0; WOW64; Trident/7.0; Touch; rv:11.0) like Gecko"
213.153.47.173 - - [04/Sep/2018:08:11:01 +0200] "GET /reload?ser=1536041453611 HTTP/1.1" 200 28 "http://renault.activities.at/login?required=true" "Mozilla/5.0 (Windows NT 10.0; Win64; x64; rv:61.0) Gecko/20100101 Firefox/61.0"
185.22.23.252 - - [04/Sep/2018:08:11:19 +0200] "GET /reload?ser=1536041479286 HTTP/1.1" 200 28 "http://renault.activities.at/result?searchterm=true&search=winterr%E4der" "Mozilla/5.0 (Windows NT 6.3; WOW64; Trident/7.0; rv:11.0) like Gecko"
193.194.132.28 - - [04/Sep/2018:08:11:38 +0200] "GET /reload?ser=1536041498844 HTTP/1.1" 200 28 "http://renault.2web.at/account?loadrequest=true" "Mozilla/5.0 (Windows NT 6.1; WOW64; Trident/7.0; rv:11.0) like Gecko"
212.152.158.195 - - [04/Sep/2018:08:11:43 +0200] "GET /reload?ser=1536041503776 HTTP/1.1" 200 28 "http://renault.activities.at/success" "Mozilla/5.0 (Windows NT 10.0; WOW64; Trident/7.0; Touch; rv:11.0) like Gecko"
213.153.47.173 - - [04/Sep/2018:08:12:02 +0200] "GET /reload?ser=1536041514261 HTTP/1.1" 200 28 "http://renault.activities.at/login?required=true" "Mozilla/5.0 (Windows NT 10.0; Win64; x64; rv:61.0) Gecko/20100101 Firefox/61.0"
83.219.165.34 - - [04/Sep/2018:08:12:10 +0200] "GET / HTTP/1.1" 200 3683 "-" "Mozilla/5.0 (Windows NT 10.0; WOW64; Trident/7.0; rv:11.0) like Gecko"
83.219.165.34 - - [04/Sep/2018:08:12:13 +0200] "GET /login HTTP/1.1" 200 2086 "http://renault.activities.at/" "Mozilla/5.0 (Windows NT 10.0; WOW64; Trident/7.0; rv:11.0) like Gecko"
185.22.23.252 - - [04/Sep/2018:08:12:20 +0200] "GET /reload?ser=1536041540194 HTTP/1.1" 200 28 "http://renault.activities.at/result?searchterm=true&search=winterr%E4der" "Mozilla/5.0 (Windows NT 6.3; WOW64; Trident/7.0; rv:11.0) like Gecko"
83.219.165.34 - - [04/Sep/2018:08:12:20 +0200] "POST /login HTTP/1.1" 302 140 "http://renault.activities.at/login" "Mozilla/5.0 (Windows NT 10.0; WOW64; Trident/7.0; rv:11.0) like Gecko"
83.219.165.34 - - [04/Sep/2018:08:12:22 +0200] "GET /account HTTP/1.1" 200 5999 "http://renault.activities.at/login" "Mozilla/5.0 (Windows NT 10.0; WOW64; Trident/7.0; rv:11.0) like Gecko"
83.219.165.34 - - [04/Sep/2018:08:12:29 +0200] "GET /11846858 HTTP/1.1" 200 5869 "http://renault.activities.at/account" "Mozilla/5.0 (Windows NT 10.0; WOW64; Trident/7.0; rv:11.0) like Gecko"
83.219.165.34 - - [04/Sep/2018:08:12:32 +0200] "GET /images/icons/lupe.gif HTTP/1.1" 200 324 "http://renault.activities.at/11846858" "Mozilla/5.0 (Windows NT 10.0; WOW64; Trident/7.0; rv:11.0) like Gecko"
83.219.165.34 - - [04/Sep/2018:08:12:32 +0200] "GET /images/pager_bg.gif HTTP/1.1" 200 150 "http://renault.activities.at/11846858" "Mozilla/5.0 (Windows NT 10.0; WOW64; Trident/7.0; rv:11.0) like Gecko"
83.219.165.34 - - [04/Sep/2018:08:12:42 +0200] "GET /logout HTTP/1.1" 302 140 "http://renault.activities.at/11846858" "Mozilla/5.0 (Windows NT 10.0; WOW64; Trident/7.0; rv:11.0) like Gecko"
83.219.165.34 - - [04/Sep/2018:08:12:43 +0200] "GET /logout HTTP/1.1" 200 1583 "http://renault.activities.at/11846858" "Mozilla/5.0 (Windows NT 10.0; WOW64; Trident/7.0; rv:11.0) like Gecko"
212.152.158.195 - - [04/Sep/2018:08:12:44 +0200] "GET /reload?ser=1536041564741 HTTP/1.1" 200 28 "http://renault.activities.at/success" "Mozilla/5.0 (Windows NT 10.0; WOW64; Trident/7.0; Touch; rv:11.0) like Gecko"
193.194.132.28 - - [04/Sep/2018:08:12:52 +0200] "GET /reload?ser=1536041559893 HTTP/1.1" 200 28 "http://renault.2web.at/account?loadrequest=true" "Mozilla/5.0 (Windows NT 6.1; WOW64; Trident/7.0; rv:11.0) like Gecko"
213.153.47.173 - - [04/Sep/2018:08:13:03 +0200] "GET /reload?ser=1536041574941 HTTP/1.1" 200 28 "http://renault.activities.at/login?required=true" "Mozilla/5.0 (Windows NT 10.0; Win64; x64; rv:61.0) Gecko/20100101 Firefox/61.0"
185.22.23.252 - - [04/Sep/2018:08:13:21 +0200] "GET /reload?ser=1536041601101 HTTP/1.1" 200 28 "http://renault.activities.at/result?searchterm=true&search=winterr%E4der" "Mozilla/5.0 (Windows NT 6.3; WOW64; Trident/7.0; rv:11.0) like Gecko"
212.152.158.195 - - [04/Sep/2018:08:13:45 +0200] "GET /reload?ser=1536041625743 HTTP/1.1" 200 28 "http://renault.activities.at/success" "Mozilla/5.0 (Windows NT 10.0; WOW64; Trident/7.0; Touch; rv:11.0) like Gecko"
193.194.132.28 - - [04/Sep/2018:08:13:53 +0200] "GET /reload?ser=1536041633000 HTTP/1.1" 200 28 "http://renault.2web.at/account?loadrequest=true" "Mozilla/5.0 (Windows NT 6.1; WOW64; Trident/7.0; rv:11.0) like Gecko"
213.153.47.173 - - [04/Sep/2018:08:14:03 +0200] "GET /reload?ser=1536041635591 HTTP/1.1" 200 28 "http://renault.activities.at/login?required=true" "Mozilla/5.0 (Windows NT 10.0; Win64; x64; rv:61.0) Gecko/20100101 Firefox/61.0"
185.22.23.252 - - [04/Sep/2018:08:14:22 +0200] "GET /reload?ser=1536041662040 HTTP/1.1" 200 28 "http://renault.activities.at/result?searchterm=true&search=winterr%E4der" "Mozilla/5.0 (Windows NT 6.3; WOW64; Trident/7.0; rv:11.0) like Gecko"
212.152.158.195 - - [04/Sep/2018:08:14:46 +0200] "GET /reload?ser=1536041686709 HTTP/1.1" 200 28 "http://renault.activities.at/success" "Mozilla/5.0 (Windows NT 10.0; WOW64; Trident/7.0; Touch; rv:11.0) like Gecko"
193.194.132.28 - - [04/Sep/2018:08:14:54 +0200] "GET /reload?ser=1536041694083 HTTP/1.1" 200 28 "http://renault.2web.at/account?loadrequest=true" "Mozilla/5.0 (Windows NT 6.1; WOW64; Trident/7.0; rv:11.0) like Gecko"
213.153.47.173 - - [04/Sep/2018:08:15:04 +0200] "GET /reload?ser=1536041696241 HTTP/1.1" 200 28 "http://renault.activities.at/login?required=true" "Mozilla/5.0 (Windows NT 10.0; Win64; x64; rv:61.0) Gecko/20100101 Firefox/61.0"
185.22.23.252 - - [04/Sep/2018:08:15:22 +0200] "GET /reload?ser=1536041722946 HTTP/1.1" 200 28 "http://renault.activities.at/result?searchterm=true&search=winterr%E4der" "Mozilla/5.0 (Windows NT 6.3; WOW64; Trident/7.0; rv:11.0) like Gecko"
212.152.158.195 - - [04/Sep/2018:08:15:47 +0200] "GET /reload?ser=1536041747693 HTTP/1.1" 200 28 "http://renault.activities.at/success" "Mozilla/5.0 (Windows NT 10.0; WOW64; Trident/7.0; Touch; rv:11.0) like Gecko"
193.194.132.28 - - [04/Sep/2018:08:15:55 +0200] "GET /reload?ser=1536041755122 HTTP/1.1" 200 28 "http://renault.2web.at/account?loadrequest=true" "Mozilla/5.0 (Windows NT 6.1; WOW64; Trident/7.0; rv:11.0) like Gecko"
213.153.47.173 - - [04/Sep/2018:08:16:05 +0200] "GET /reload?ser=1536041756901 HTTP/1.1" 200 28 "http://renault.activities.at/login?required=true" "Mozilla/5.0 (Windows NT 10.0; Win64; x64; rv:61.0) Gecko/20100101 Firefox/61.0"
185.22.23.252 - - [04/Sep/2018:08:16:23 +0200] "GET /reload?ser=1536041783870 HTTP/1.1" 200 28 "http://renault.activities.at/result?searchterm=true&search=winterr%E4der" "Mozilla/5.0 (Windows NT 6.3; WOW64; Trident/7.0; rv:11.0) like Gecko"
212.152.158.195 - - [04/Sep/2018:08:16:48 +0200] "GET /reload?ser=1536041808659 HTTP/1.1" 200 28 "http://renault.activities.at/success" "Mozilla/5.0 (Windows NT 10.0; WOW64; Trident/7.0; Touch; rv:11.0) like Gecko"
193.194.132.28 - - [04/Sep/2018:08:16:56 +0200] "GET /reload?ser=1536041816228 HTTP/1.1" 200 28 "http://renault.2web.at/account?loadrequest=true" "Mozilla/5.0 (Windows NT 6.1; WOW64; Trident/7.0; rv:11.0) like Gecko"
213.153.47.173 - - [04/Sep/2018:08:17:05 +0200] "GET /reload?ser=1536041817561 HTTP/1.1" 200 28 "http://renault.activities.at/login?required=true" "Mozilla/5.0 (Windows NT 10.0; Win64; x64; rv:61.0) Gecko/20100101 Firefox/61.0"
185.22.23.252 - - [04/Sep/2018:08:17:24 +0200] "GET /reload?ser=1536041844793 HTTP/1.1" 200 28 "http://renault.activities.at/result?searchterm=true&search=winterr%E4der" "Mozilla/5.0 (Windows NT 6.3; WOW64; Trident/7.0; rv:11.0) like Gecko"
212.152.158.195 - - [04/Sep/2018:08:17:49 +0200] "GET /reload?ser=1536041869609 HTTP/1.1" 200 28 "http://renault.activities.at/success" "Mozilla/5.0 (Windows NT 10.0; WOW64; Trident/7.0; Touch; rv:11.0) like Gecko"
193.194.132.28 - - [04/Sep/2018:08:17:57 +0200] "GET /reload?ser=1536041877301 HTTP/1.1" 200 28 "http://renault.2web.at/account?loadrequest=true" "Mozilla/5.0 (Windows NT 6.1; WOW64; Trident/7.0; rv:11.0) like Gecko"
213.153.47.173 - - [04/Sep/2018:08:18:06 +0200] "GET /reload?ser=1536041878222 HTTP/1.1" 200 28 "http://renault.activities.at/login?required=true" "Mozilla/5.0 (Windows NT 10.0; Win64; x64; rv:61.0) Gecko/20100101 Firefox/61.0"
185.22.23.252 - - [04/Sep/2018:08:18:25 +0200] "GET /reload?ser=1536041905691 HTTP/1.1" 200 28 "http://renault.activities.at/result?searchterm=true&search=winterr%E4der" "Mozilla/5.0 (Windows NT 6.3; WOW64; Trident/7.0; rv:11.0) like Gecko"
212.152.158.195 - - [04/Sep/2018:08:18:50 +0200] "GET /reload?ser=1536041930593 HTTP/1.1" 200 28 "http://renault.activities.at/success" "Mozilla/5.0 (Windows NT 10.0; WOW64; Trident/7.0; Touch; rv:11.0) like Gecko"
193.194.132.28 - - [04/Sep/2018:08:18:58 +0200] "GET /reload?ser=1536041938546 HTTP/1.1" 200 28 "http://renault.2web.at/account?loadrequest=true" "Mozilla/5.0 (Windows NT 6.1; WOW64; Trident/7.0; rv:11.0) like Gecko"
213.153.47.173 - - [04/Sep/2018:08:19:07 +0200] "GET /reload?ser=1536041938881 HTTP/1.1" 200 28 "http://renault.activities.at/login?required=true" "Mozilla/5.0 (Windows NT 10.0; Win64; x64; rv:61.0) Gecko/20100101 Firefox/61.0"
185.22.23.252 - - [04/Sep/2018:08:19:26 +0200] "GET /reload?ser=1536041966628 HTTP/1.1" 200 28 "http://renault.activities.at/result?searchterm=true&search=winterr%E4der" "Mozilla/5.0 (Windows NT 6.3; WOW64; Trident/7.0; rv:11.0) like Gecko"
212.152.158.195 - - [04/Sep/2018:08:19:51 +0200] "GET /reload?ser=1536041991618 HTTP/1.1" 200 28 "http://renault.activities.at/success" "Mozilla/5.0 (Windows NT 10.0; WOW64; Trident/7.0; Touch; rv:11.0) like Gecko"
193.194.132.28 - - [04/Sep/2018:08:19:59 +0200] "GET /reload?ser=1536041999657 HTTP/1.1" 200 28 "http://renault.2web.at/account?loadrequest=true" "Mozilla/5.0 (Windows NT 6.1; WOW64; Trident/7.0; rv:11.0) like Gecko"
213.153.47.173 - - [04/Sep/2018:08:20:07 +0200] "GET /reload?ser=1536041999552 HTTP/1.1" 200 28 "http://renault.activities.at/login?required=true" "Mozilla/5.0 (Windows NT 10.0; Win64; x64; rv:61.0) Gecko/20100101 Firefox/61.0"
185.22.23.252 - - [04/Sep/2018:08:20:27 +0200] "GET /reload?ser=1536042027598 HTTP/1.1" 200 28 "http://renault.activities.at/result?searchterm=true&search=winterr%E4der" "Mozilla/5.0 (Windows NT 6.3; WOW64; Trident/7.0; rv:11.0) like Gecko"
212.152.158.195 - - [04/Sep/2018:08:20:52 +0200] "GET /reload?ser=1536042052571 HTTP/1.1" 200 28 "http://renault.activities.at/success" "Mozilla/5.0 (Windows NT 10.0; WOW64; Trident/7.0; Touch; rv:11.0) like Gecko"
193.194.132.28 - - [04/Sep/2018:08:21:00 +0200] "GET /reload?ser=1536042060755 HTTP/1.1" 200 28 "http://renault.2web.at/account?loadrequest=true" "Mozilla/5.0 (Windows NT 6.1; WOW64; Trident/7.0; rv:11.0) like Gecko"
213.153.47.173 - - [04/Sep/2018:08:21:08 +0200] "GET /reload?ser=1536042060211 HTTP/1.1" 200 28 "http://renault.activities.at/login?required=true" "Mozilla/5.0 (Windows NT 10.0; Win64; x64; rv:61.0) Gecko/20100101 Firefox/61.0"
185.22.23.252 - - [04/Sep/2018:08:21:28 +0200] "GET /reload?ser=1536042088506 HTTP/1.1" 200 28 "http://renault.activities.at/result?searchterm=true&search=winterr%E4der" "Mozilla/5.0 (Windows NT 6.3; WOW64; Trident/7.0; rv:11.0) like Gecko"
66.249.64.139 - - [04/Sep/2018:08:21:39 +0200] "GET / HTTP/1.1" 200 3683 "-" "Mozilla/5.0 (Linux; Android 6.0.1; Nexus 5X Build/MMB29P) AppleWebKit/537.36 (KHTML, like Gecko) Chrome/41.0.2272.96 Mobile Safari/537.36 (compatible; Googlebot/2.1; +http://www.google.com/bot.html)"
212.152.158.195 - - [04/Sep/2018:08:21:53 +0200] "GET /reload?ser=1536042113505 HTTP/1.1" 200 28 "http://renault.activities.at/success" "Mozilla/5.0 (Windows NT 10.0; WOW64; Trident/7.0; Touch; rv:11.0) like Gecko"
193.194.132.28 - - [04/Sep/2018:08:22:02 +0200] "GET /reload?ser=1536042121816 HTTP/1.1" 200 28 "http://renault.2web.at/account?loadrequest=true" "Mozilla/5.0 (Windows NT 6.1; WOW64; Trident/7.0; rv:11.0) like Gecko"
213.153.47.173 - - [04/Sep/2018:08:22:09 +0200] "GET /reload?ser=1536042120871 HTTP/1.1" 200 28 "http://renault.activities.at/login?required=true" "Mozilla/5.0 (Windows NT 10.0; Win64; x64; rv:61.0) Gecko/20100101 Firefox/61.0"
185.22.23.252 - - [04/Sep/2018:08:22:29 +0200] "GET /reload?ser=1536042149412 HTTP/1.1" 200 28 "http://renault.activities.at/result?searchterm=true&search=winterr%E4der" "Mozilla/5.0 (Windows NT 6.3; WOW64; Trident/7.0; rv:11.0) like Gecko"
212.152.158.195 - - [04/Sep/2018:08:22:54 +0200] "GET /reload?ser=1536042174509 HTTP/1.1" 200 28 "http://renault.activities.at/success" "Mozilla/5.0 (Windows NT 10.0; WOW64; Trident/7.0; Touch; rv:11.0) like Gecko"
213.153.47.173 - - [04/Sep/2018:08:23:09 +0200] "GET /reload?ser=1536042181531 HTTP/1.1" 200 28 "http://renault.activities.at/login?required=true" "Mozilla/5.0 (Windows NT 10.0; Win64; x64; rv:61.0) Gecko/20100101 Firefox/61.0"
193.194.132.28 - - [04/Sep/2018:08:23:15 +0200] "GET /reload?ser=1536042182932 HTTP/1.1" 200 28 "http://renault.2web.at/account?loadrequest=true" "Mozilla/5.0 (Windows NT 6.1; WOW64; Trident/7.0; rv:11.0) like Gecko"
185.22.23.252 - - [04/Sep/2018:08:23:30 +0200] "GET /reload?ser=1536042210319 HTTP/1.1" 200 28 "http://renault.activities.at/result?searchterm=true&search=winterr%E4der" "Mozilla/5.0 (Windows NT 6.3; WOW64; Trident/7.0; rv:11.0) like Gecko"
212.152.158.195 - - [04/Sep/2018:08:23:55 +0200] "GET /reload?ser=1536042235478 HTTP/1.1" 200 28 "http://renault.activities.at/success" "Mozilla/5.0 (Windows NT 10.0; WOW64; Trident/7.0; Touch; rv:11.0) like Gecko"
213.153.47.173 - - [04/Sep/2018:08:24:10 +0200] "GET /reload?ser=1536042242201 HTTP/1.1" 200 28 "http://renault.activities.at/login?required=true" "Mozilla/5.0 (Windows NT 10.0; Win64; x64; rv:61.0) Gecko/20100101 Firefox/61.0"
193.194.132.28 - - [04/Sep/2018:08:24:16 +0200] "GET /reload?ser=1536042256025 HTTP/1.1" 200 28 "http://renault.2web.at/account?loadrequest=true" "Mozilla/5.0 (Windows NT 6.1; WOW64; Trident/7.0; rv:11.0) like Gecko"
185.22.23.252 - - [04/Sep/2018:08:24:31 +0200] "GET /reload?ser=1536042271226 HTTP/1.1" 200 28 "http://renault.activities.at/result?searchterm=true&search=winterr%E4der" "Mozilla/5.0 (Windows NT 6.3; WOW64; Trident/7.0; rv:11.0) like Gecko"
212.152.158.195 - - [04/Sep/2018:08:24:56 +0200] "GET /reload?ser=1536042296426 HTTP/1.1" 200 28 "http://renault.activities.at/success" "Mozilla/5.0 (Windows NT 10.0; WOW64; Trident/7.0; Touch; rv:11.0) like Gecko"
213.153.47.173 - - [04/Sep/2018:08:25:11 +0200] "GET /reload?ser=1536042302851 HTTP/1.1" 200 28 "http://renault.activities.at/login?required=true" "Mozilla/5.0 (Windows NT 10.0; Win64; x64; rv:61.0) Gecko/20100101 Firefox/61.0"
193.194.132.28 - - [04/Sep/2018:08:25:17 +0200] "GET /reload?ser=1536042317146 HTTP/1.1" 200 28 "http://renault.2web.at/account?loadrequest=true" "Mozilla/5.0 (Windows NT 6.1; WOW64; Trident/7.0; rv:11.0) like Gecko"
185.22.23.252 - - [04/Sep/2018:08:25:32 +0200] "GET /reload?ser=1536042332212 HTTP/1.1" 200 28 "http://renault.activities.at/result?searchterm=true&search=winterr%E4der" "Mozilla/5.0 (Windows NT 6.3; WOW64; Trident/7.0; rv:11.0) like Gecko"
212.152.158.195 - - [04/Sep/2018:08:25:57 +0200] "GET /reload?ser=1536042357431 HTTP/1.1" 200 28 "http://renault.activities.at/success" "Mozilla/5.0 (Windows NT 10.0; WOW64; Trident/7.0; Touch; rv:11.0) like Gecko"
213.153.47.173 - - [04/Sep/2018:08:26:11 +0200] "GET /reload?ser=1536042363494 HTTP/1.1" 200 28 "http://renault.activities.at/login?required=true" "Mozilla/5.0 (Windows NT 10.0; Win64; x64; rv:61.0) Gecko/20100101 Firefox/61.0"
193.194.132.28 - - [04/Sep/2018:08:26:18 +0200] "GET /reload?ser=1536042378245 HTTP/1.1" 200 28 "http://renault.2web.at/account?loadrequest=true" "Mozilla/5.0 (Windows NT 6.1; WOW64; Trident/7.0; rv:11.0) like Gecko"
185.22.23.252 - - [04/Sep/2018:08:26:33 +0200] "GET /reload?ser=1536042393124 HTTP/1.1" 200 28 "http://renault.activities.at/result?searchterm=true&search=winterr%E4der" "Mozilla/5.0 (Windows NT 6.3; WOW64; Trident/7.0; rv:11.0) like Gecko"
212.152.158.195 - - [04/Sep/2018:08:26:58 +0200] "GET /reload?ser=1536042418434 HTTP/1.1" 200 28 "http://renault.activities.at/success" "Mozilla/5.0 (Windows NT 10.0; WOW64; Trident/7.0; Touch; rv:11.0) like Gecko"
213.153.47.173 - - [04/Sep/2018:08:27:12 +0200] "GET /reload?ser=1536042424211 HTTP/1.1" 200 28 "http://renault.activities.at/login?required=true" "Mozilla/5.0 (Windows NT 10.0; Win64; x64; rv:61.0) Gecko/20100101 Firefox/61.0"
193.194.132.28 - - [04/Sep/2018:08:27:19 +0200] "GET /reload?ser=1536042439357 HTTP/1.1" 200 28 "http://renault.2web.at/account?loadrequest=true" "Mozilla/5.0 (Windows NT 6.1; WOW64; Trident/7.0; rv:11.0) like Gecko"
185.22.23.252 - - [04/Sep/2018:08:27:34 +0200] "GET /reload?ser=1536042454073 HTTP/1.1" 200 28 "http://renault.activities.at/result?searchterm=true&search=winterr%E4der" "Mozilla/5.0 (Windows NT 6.3; WOW64; Trident/7.0; rv:11.0) like Gecko"
212.152.158.195 - - [04/Sep/2018:08:27:59 +0200] "GET /reload?ser=1536042479433 HTTP/1.1" 200 28 "http://renault.activities.at/success" "Mozilla/5.0 (Windows NT 10.0; WOW64; Trident/7.0; Touch; rv:11.0) like Gecko"
213.153.47.173 - - [04/Sep/2018:08:28:13 +0200] "GET /reload?ser=1536042484880 HTTP/1.1" 200 28 "http://renault.activities.at/login?required=true" "Mozilla/5.0 (Windows NT 10.0; Win64; x64; rv:61.0) Gecko/20100101 Firefox/61.0"
193.194.132.28 - - [04/Sep/2018:08:28:20 +0200] "GET /reload?ser=1536042500469 HTTP/1.1" 200 28 "http://renault.2web.at/account?loadrequest=true" "Mozilla/5.0 (Windows NT 6.1; WOW64; Trident/7.0; rv:11.0) like Gecko"
185.22.23.252 - - [04/Sep/2018:08:28:34 +0200] "GET /reload?ser=1536042514979 HTTP/1.1" 200 28 "http://renault.activities.at/result?searchterm=true&search=winterr%E4der" "Mozilla/5.0 (Windows NT 6.3; WOW64; Trident/7.0; rv:11.0) like Gecko"
212.152.158.195 - - [04/Sep/2018:08:29:00 +0200] "GET /reload?ser=1536042540451 HTTP/1.1" 200 28 "http://renault.activities.at/success" "Mozilla/5.0 (Windows NT 10.0; WOW64; Trident/7.0; Touch; rv:11.0) like Gecko"
213.153.47.173 - - [04/Sep/2018:08:29:13 +0200] "GET /reload?ser=1536042545560 HTTP/1.1" 200 28 "http://renault.activities.at/login?required=true" "Mozilla/5.0 (Windows NT 10.0; Win64; x64; rv:61.0) Gecko/20100101 Firefox/61.0"
193.194.132.28 - - [04/Sep/2018:08:29:21 +0200] "GET /reload?ser=1536042561573 HTTP/1.1" 200 28 "http://renault.2web.at/account?loadrequest=true" "Mozilla/5.0 (Windows NT 6.1; WOW64; Trident/7.0; rv:11.0) like Gecko"
185.22.23.252 - - [04/Sep/2018:08:29:35 +0200] "GET /reload?ser=1536042575902 HTTP/1.1" 200 28 "http://renault.activities.at/result?searchterm=true&search=winterr%E4der" "Mozilla/5.0 (Windows NT 6.3; WOW64; Trident/7.0; rv:11.0) like Gecko"
212.152.158.195 - - [04/Sep/2018:08:30:01 +0200] "GET /reload?ser=1536042601420 HTTP/1.1" 200 28 "http://renault.activities.at/success" "Mozilla/5.0 (Windows NT 10.0; WOW64; Trident/7.0; Touch; rv:11.0) like Gecko"
213.153.47.173 - - [04/Sep/2018:08:30:14 +0200] "GET /reload?ser=1536042606218 HTTP/1.1" 200 28 "http://renault.activities.at/login?required=true" "Mozilla/5.0 (Windows NT 10.0; Win64; x64; rv:61.0) Gecko/20100101 Firefox/61.0"
193.194.132.28 - - [04/Sep/2018:08:30:22 +0200] "GET /reload?ser=1536042622656 HTTP/1.1" 200 28 "http://renault.2web.at/account?loadrequest=true" "Mozilla/5.0 (Windows NT 6.1; WOW64; Trident/7.0; rv:11.0) like Gecko"
185.22.23.252 - - [04/Sep/2018:08:30:36 +0200] "GET /reload?ser=1536042636871 HTTP/1.1" 200 28 "http://renault.activities.at/result?searchterm=true&search=winterr%E4der" "Mozilla/5.0 (Windows NT 6.3; WOW64; Trident/7.0; rv:11.0) like Gecko"
212.152.158.195 - - [04/Sep/2018:08:31:02 +0200] "GET /reload?ser=1536042662388 HTTP/1.1" 200 28 "http://renault.activities.at/success" "Mozilla/5.0 (Windows NT 10.0; WOW64; Trident/7.0; Touch; rv:11.0) like Gecko"
213.153.47.173 - - [04/Sep/2018:08:31:15 +0200] "GET /reload?ser=1536042666866 HTTP/1.1" 200 28 "http://renault.activities.at/login?required=true" "Mozilla/5.0 (Windows NT 10.0; Win64; x64; rv:61.0) Gecko/20100101 Firefox/61.0"
193.194.132.28 - - [04/Sep/2018:08:31:23 +0200] "GET /reload?ser=1536042683715 HTTP/1.1" 200 28 "http://renault.2web.at/account?loadrequest=true" "Mozilla/5.0 (Windows NT 6.1; WOW64; Trident/7.0; rv:11.0) like Gecko"
185.22.23.252 - - [04/Sep/2018:08:31:37 +0200] "GET /reload?ser=1536042697841 HTTP/1.1" 200 28 "http://renault.activities.at/result?searchterm=true&search=winterr%E4der" "Mozilla/5.0 (Windows NT 6.3; WOW64; Trident/7.0; rv:11.0) like Gecko"
212.152.158.195 - - [04/Sep/2018:08:32:03 +0200] "GET /reload?ser=1536042723405 HTTP/1.1" 200 28 "http://renault.activities.at/success" "Mozilla/5.0 (Windows NT 10.0; WOW64; Trident/7.0; Touch; rv:11.0) like Gecko"
213.153.47.173 - - [04/Sep/2018:08:32:15 +0200] "GET /reload?ser=1536042727531 HTTP/1.1" 200 28 "http://renault.activities.at/login?required=true" "Mozilla/5.0 (Windows NT 10.0; Win64; x64; rv:61.0) Gecko/20100101 Firefox/61.0"
193.194.132.28 - - [04/Sep/2018:08:32:24 +0200] "GET /reload?ser=1536042744798 HTTP/1.1" 200 28 "http://renault.2web.at/account?loadrequest=true" "Mozilla/5.0 (Windows NT 6.1; WOW64; Trident/7.0; rv:11.0) like Gecko"
185.22.23.252 - - [04/Sep/2018:08:32:38 +0200] "GET /reload?ser=1536042758810 HTTP/1.1" 200 28 "http://renault.activities.at/result?searchterm=true&search=winterr%E4der" "Mozilla/5.0 (Windows NT 6.3; WOW64; Trident/7.0; rv:11.0) like Gecko"
212.152.158.195 - - [04/Sep/2018:08:33:04 +0200] "GET /reload?ser=1536042784425 HTTP/1.1" 200 28 "http://renault.activities.at/success" "Mozilla/5.0 (Windows NT 10.0; WOW64; Trident/7.0; Touch; rv:11.0) like Gecko"
213.153.47.173 - - [04/Sep/2018:08:33:16 +0200] "GET /reload?ser=1536042788190 HTTP/1.1" 200 28 "http://renault.activities.at/login?required=true" "Mozilla/5.0 (Windows NT 10.0; Win64; x64; rv:61.0) Gecko/20100101 Firefox/61.0"
193.194.132.28 - - [04/Sep/2018:08:33:26 +0200] "GET /reload?ser=1536042805917 HTTP/1.1" 200 28 "http://renault.2web.at/account?loadrequest=true" "Mozilla/5.0 (Windows NT 6.1; WOW64; Trident/7.0; rv:11.0) like Gecko"
185.22.23.252 - - [04/Sep/2018:08:33:39 +0200] "GET /reload?ser=1536042819765 HTTP/1.1" 200 28 "http://renault.activities.at/result?searchterm=true&search=winterr%E4der" "Mozilla/5.0 (Windows NT 6.3; WOW64; Trident/7.0; rv:11.0) like Gecko"
212.152.158.195 - - [04/Sep/2018:08:34:05 +0200] "GET /reload?ser=1536042845407 HTTP/1.1" 200 28 "http://renault.activities.at/success" "Mozilla/5.0 (Windows NT 10.0; WOW64; Trident/7.0; Touch; rv:11.0) like Gecko"
213.153.47.173 - - [04/Sep/2018:08:34:17 +0200] "GET /reload?ser=1536042848850 HTTP/1.1" 200 28 "http://renault.activities.at/login?required=true" "Mozilla/5.0 (Windows NT 10.0; Win64; x64; rv:61.0) Gecko/20100101 Firefox/61.0"
193.194.132.28 - - [04/Sep/2018:08:34:27 +0200] "GET /reload?ser=1536042867030 HTTP/1.1" 200 28 "http://renault.2web.at/account?loadrequest=true" "Mozilla/5.0 (Windows NT 6.1; WOW64; Trident/7.0; rv:11.0) like Gecko"
185.22.23.252 - - [04/Sep/2018:08:34:40 +0200] "GET /reload?ser=1536042880672 HTTP/1.1" 200 28 "http://renault.activities.at/result?searchterm=true&search=winterr%E4der" "Mozilla/5.0 (Windows NT 6.3; WOW64; Trident/7.0; rv:11.0) like Gecko"
212.152.158.195 - - [04/Sep/2018:08:35:06 +0200] "GET /reload?ser=1536042906344 HTTP/1.1" 200 28 "http://renault.activities.at/success" "Mozilla/5.0 (Windows NT 10.0; WOW64; Trident/7.0; Touch; rv:11.0) like Gecko"
213.153.47.173 - - [04/Sep/2018:08:35:17 +0200] "GET /reload?ser=1536042909510 HTTP/1.1" 200 28 "http://renault.activities.at/login?required=true" "Mozilla/5.0 (Windows NT 10.0; Win64; x64; rv:61.0) Gecko/20100101 Firefox/61.0"
193.194.132.28 - - [04/Sep/2018:08:35:28 +0200] "GET /reload?ser=1536042928108 HTTP/1.1" 200 28 "http://renault.2web.at/account?loadrequest=true" "Mozilla/5.0 (Windows NT 6.1; WOW64; Trident/7.0; rv:11.0) like Gecko"
185.22.23.252 - - [04/Sep/2018:08:35:41 +0200] "GET /reload?ser=1536042941610 HTTP/1.1" 200 28 "http://renault.activities.at/result?searchterm=true&search=winterr%E4der" "Mozilla/5.0 (Windows NT 6.3; WOW64; Trident/7.0; rv:11.0) like Gecko"
212.152.158.195 - - [04/Sep/2018:08:36:07 +0200] "GET /reload?ser=1536042967329 HTTP/1.1" 200 28 "http://renault.activities.at/success" "Mozilla/5.0 (Windows NT 10.0; WOW64; Trident/7.0; Touch; rv:11.0) like Gecko"
213.153.47.173 - - [04/Sep/2018:08:36:18 +0200] "GET /reload?ser=1536042970171 HTTP/1.1" 200 28 "http://renault.activities.at/login?required=true" "Mozilla/5.0 (Windows NT 10.0; Win64; x64; rv:61.0) Gecko/20100101 Firefox/61.0"
193.194.132.28 - - [04/Sep/2018:08:36:29 +0200] "GET /reload?ser=1536042989340 HTTP/1.1" 200 28 "http://renault.2web.at/account?loadrequest=true" "Mozilla/5.0 (Windows NT 6.1; WOW64; Trident/7.0; rv:11.0) like Gecko"
185.22.23.252 - - [04/Sep/2018:08:36:42 +0200] "GET /reload?ser=1536043002517 HTTP/1.1" 200 28 "http://renault.activities.at/result?searchterm=true&search=winterr%E4der" "Mozilla/5.0 (Windows NT 6.3; WOW64; Trident/7.0; rv:11.0) like Gecko"
212.152.158.195 - - [04/Sep/2018:08:37:08 +0200] "GET /reload?ser=1536043028331 HTTP/1.1" 200 28 "http://renault.activities.at/success" "Mozilla/5.0 (Windows NT 10.0; WOW64; Trident/7.0; Touch; rv:11.0) like Gecko"
213.153.47.173 - - [04/Sep/2018:08:37:19 +0200] "GET /reload?ser=1536043030820 HTTP/1.1" 200 28 "http://renault.activities.at/login?required=true" "Mozilla/5.0 (Windows NT 10.0; Win64; x64; rv:61.0) Gecko/20100101 Firefox/61.0"
193.194.132.28 - - [04/Sep/2018:08:37:30 +0200] "GET /reload?ser=1536043050464 HTTP/1.1" 200 28 "http://renault.2web.at/account?loadrequest=true" "Mozilla/5.0 (Windows NT 6.1; WOW64; Trident/7.0; rv:11.0) like Gecko"
185.22.23.252 - - [04/Sep/2018:08:37:43 +0200] "GET /reload?ser=1536043063486 HTTP/1.1" 200 28 "http://renault.activities.at/result?searchterm=true&search=winterr%E4der" "Mozilla/5.0 (Windows NT 6.3; WOW64; Trident/7.0; rv:11.0) like Gecko"
212.152.158.195 - - [04/Sep/2018:08:38:09 +0200] "GET /reload?ser=1536043089333 HTTP/1.1" 200 28 "http://renault.activities.at/success" "Mozilla/5.0 (Windows NT 10.0; WOW64; Trident/7.0; Touch; rv:11.0) like Gecko"
213.153.47.173 - - [04/Sep/2018:08:38:19 +0200] "GET /reload?ser=1536043091500 HTTP/1.1" 200 28 "http://renault.activities.at/login?required=true" "Mozilla/5.0 (Windows NT 10.0; Win64; x64; rv:61.0) Gecko/20100101 Firefox/61.0"
193.194.132.28 - - [04/Sep/2018:08:38:31 +0200] "GET /reload?ser=1536043111563 HTTP/1.1" 200 28 "http://renault.2web.at/account?loadrequest=true" "Mozilla/5.0 (Windows NT 6.1; WOW64; Trident/7.0; rv:11.0) like Gecko"
185.22.23.252 - - [04/Sep/2018:08:38:44 +0200] "GET /reload?ser=1536043124487 HTTP/1.1" 200 28 "http://renault.activities.at/result?searchterm=true&search=winterr%E4der" "Mozilla/5.0 (Windows NT 6.3; WOW64; Trident/7.0; rv:11.0) like Gecko"
212.152.158.195 - - [04/Sep/2018:08:39:10 +0200] "GET /reload?ser=1536043150301 HTTP/1.1" 200 28 "http://renault.activities.at/success" "Mozilla/5.0 (Windows NT 10.0; WOW64; Trident/7.0; Touch; rv:11.0) like Gecko"
213.153.47.173 - - [04/Sep/2018:08:39:20 +0200] "GET /reload?ser=1536043152140 HTTP/1.1" 200 28 "http://renault.activities.at/login?required=true" "Mozilla/5.0 (Windows NT 10.0; Win64; x64; rv:61.0) Gecko/20100101 Firefox/61.0"
193.194.132.28 - - [04/Sep/2018:08:39:32 +0200] "GET /reload?ser=1536043172650 HTTP/1.1" 200 28 "http://renault.2web.at/account?loadrequest=true" "Mozilla/5.0 (Windows NT 6.1; WOW64; Trident/7.0; rv:11.0) like Gecko"
185.22.23.252 - - [04/Sep/2018:08:39:45 +0200] "GET /reload?ser=1536043185441 HTTP/1.1" 200 28 "http://renault.activities.at/result?searchterm=true&search=winterr%E4der" "Mozilla/5.0 (Windows NT 6.3; WOW64; Trident/7.0; rv:11.0) like Gecko"
213.153.47.173 - - [04/Sep/2018:08:40:21 +0200] "GET /reload?ser=1536043212810 HTTP/1.1" 200 28 "http://renault.activities.at/login?required=true" "Mozilla/5.0 (Windows NT 10.0; Win64; x64; rv:61.0) Gecko/20100101 Firefox/61.0"
193.194.132.28 - - [04/Sep/2018:08:40:33 +0200] "GET /reload?ser=1536043233730 HTTP/1.1" 200 28 "http://renault.2web.at/account?loadrequest=true" "Mozilla/5.0 (Windows NT 6.1; WOW64; Trident/7.0; rv:11.0) like Gecko"
185.22.23.252 - - [04/Sep/2018:08:40:35 +0200] "GET /11310673?print=true HTTP/1.1" 200 2649 "http://renault.activities.at/result?searchterm=true&search=winterr%E4der" "Mozilla/5.0 (Windows NT 6.3; WOW64; Trident/7.0; rv:11.0) like Gecko"
185.22.23.252 - - [04/Sep/2018:08:40:36 +0200] "GET /js/default.js HTTP/1.1" 304 - "http://renault.activities.at/11310673?print=true" "Mozilla/5.0 (Windows NT 6.3; WOW64; Trident/7.0; rv:11.0) like Gecko"
185.22.23.252 - - [04/Sep/2018:08:40:36 +0200] "GET /css/styles.css HTTP/1.1" 304 - "http://renault.activities.at/11310673?print=true" "Mozilla/5.0 (Windows NT 6.3; WOW64; Trident/7.0; rv:11.0) like Gecko"
185.22.23.252 - - [04/Sep/2018:08:40:36 +0200] "GET /css/reset.css HTTP/1.1" 304 - "http://renault.activities.at/11310673?print=true" "Mozilla/5.0 (Windows NT 6.3; WOW64; Trident/7.0; rv:11.0) like Gecko"
185.22.23.252 - - [04/Sep/2018:08:40:36 +0200] "GET /css/clears.css HTTP/1.1" 304 - "http://renault.activities.at/11310673?print=true" "Mozilla/5.0 (Windows NT 6.3; WOW64; Trident/7.0; rv:11.0) like Gecko"
185.22.23.252 - - [04/Sep/2018:08:40:36 +0200] "GET /css/print.css HTTP/1.1" 304 - "http://renault.activities.at/11310673?print=true" "Mozilla/5.0 (Windows NT 6.3; WOW64; Trident/7.0; rv:11.0) like Gecko"
185.22.23.252 - - [04/Sep/2018:08:40:36 +0200] "GET /js/checkout.css HTTP/1.1" 304 - "http://renault.activities.at/11310673?print=true" "Mozilla/5.0 (Windows NT 6.3; WOW64; Trident/7.0; rv:11.0) like Gecko"
185.22.23.252 - - [04/Sep/2018:08:40:36 +0200] "GET /css/prototip.css HTTP/1.1" 304 - "http://renault.activities.at/11310673?print=true" "Mozilla/5.0 (Windows NT 6.3; WOW64; Trident/7.0; rv:11.0) like Gecko"
185.22.23.252 - - [04/Sep/2018:08:40:36 +0200] "GET /css/themes/default.css HTTP/1.1" 304 - "http://renault.activities.at/11310673?print=true" "Mozilla/5.0 (Windows NT 6.3; WOW64; Trident/7.0; rv:11.0) like Gecko"
185.22.23.252 - - [04/Sep/2018:08:40:36 +0200] "GET /js/magiczoom/magiczoom.css HTTP/1.1" 304 - "http://renault.activities.at/11310673?print=true" "Mozilla/5.0 (Windows NT 6.3; WOW64; Trident/7.0; rv:11.0) like Gecko"
185.22.23.252 - - [04/Sep/2018:08:40:36 +0200] "GET /css/themes/alphacube.css HTTP/1.1" 304 - "http://renault.activities.at/11310673?print=true" "Mozilla/5.0 (Windows NT 6.3; WOW64; Trident/7.0; rv:11.0) like Gecko"
185.22.23.252 - - [04/Sep/2018:08:40:36 +0200] "GET /js/magiczoom/magiczoom.js HTTP/1.1" 304 - "http://renault.activities.at/11310673?print=true" "Mozilla/5.0 (Windows NT 6.3; WOW64; Trident/7.0; rv:11.0) like Gecko"
185.22.23.252 - - [04/Sep/2018:08:40:36 +0200] "GET /js/Produkt.js HTTP/1.1" 304 - "http://renault.activities.at/11310673?print=true" "Mozilla/5.0 (Windows NT 6.3; WOW64; Trident/7.0; rv:11.0) like Gecko"
185.22.23.252 - - [04/Sep/2018:08:40:36 +0200] "GET /js/magiczoom/graphics/hint.gif HTTP/1.1" 304 - "http://renault.activities.at/11310673?print=true" "Mozilla/5.0 (Windows NT 6.3; WOW64; Trident/7.0; rv:11.0) like Gecko"
185.22.23.252 - - [04/Sep/2018:08:40:46 +0200] "GET /reload?ser=1536043246338 HTTP/1.1" 200 28 "http://renault.activities.at/result?searchterm=true&search=winterr%E4der" "Mozilla/5.0 (Windows NT 6.3; WOW64; Trident/7.0; rv:11.0) like Gecko"
185.22.23.252 - - [04/Sep/2018:08:41:03 +0200] "GET /images/vista-dn-hover.gif HTTP/1.1" 304 - "http://renault.activities.at/11310673?print=true" "Mozilla/5.0 (Windows NT 6.3; WOW64; Trident/7.0; rv:11.0) like Gecko"
185.22.23.252 - - [04/Sep/2018:08:41:03 +0200] "GET /images/vista-up-hover.gif HTTP/1.1" 304 - "http://renault.activities.at/11310673?print=true" "Mozilla/5.0 (Windows NT 6.3; WOW64; Trident/7.0; rv:11.0) like Gecko"
185.22.23.252 - - [04/Sep/2018:08:41:15 +0200] "POST /11310673?print=true HTTP/1.1" 200 2759 "http://renault.activities.at/11310673?print=true" "Mozilla/5.0 (Windows NT 6.3; WOW64; Trident/7.0; rv:11.0) like Gecko"
185.22.23.252 - - [04/Sep/2018:08:41:17 +0200] "GET /js/default.js HTTP/1.1" 304 - "http://renault.activities.at/11310673?print=true" "Mozilla/5.0 (Windows NT 6.3; WOW64; Trident/7.0; rv:11.0) like Gecko"
185.22.23.252 - - [04/Sep/2018:08:41:17 +0200] "GET /css/styles.css HTTP/1.1" 304 - "http://renault.activities.at/11310673?print=true" "Mozilla/5.0 (Windows NT 6.3; WOW64; Trident/7.0; rv:11.0) like Gecko"
185.22.23.252 - - [04/Sep/2018:08:41:17 +0200] "GET /css/reset.css HTTP/1.1" 304 - "http://renault.activities.at/11310673?print=true" "Mozilla/5.0 (Windows NT 6.3; WOW64; Trident/7.0; rv:11.0) like Gecko"
185.22.23.252 - - [04/Sep/2018:08:41:17 +0200] "GET /css/clears.css HTTP/1.1" 304 - "http://renault.activities.at/11310673?print=true" "Mozilla/5.0 (Windows NT 6.3; WOW64; Trident/7.0; rv:11.0) like Gecko"
185.22.23.252 - - [04/Sep/2018:08:41:17 +0200] "GET /js/checkout.css HTTP/1.1" 304 - "http://renault.activities.at/11310673?print=true" "Mozilla/5.0 (Windows NT 6.3; WOW64; Trident/7.0; rv:11.0) like Gecko"
185.22.23.252 - - [04/Sep/2018:08:41:17 +0200] "GET /css/prototip.css HTTP/1.1" 304 - "http://renault.activities.at/11310673?print=true" "Mozilla/5.0 (Windows NT 6.3; WOW64; Trident/7.0; rv:11.0) like Gecko"
185.22.23.252 - - [04/Sep/2018:08:41:17 +0200] "GET /css/print.css HTTP/1.1" 304 - "http://renault.activities.at/11310673?print=true" "Mozilla/5.0 (Windows NT 6.3; WOW64; Trident/7.0; rv:11.0) like Gecko"
185.22.23.252 - - [04/Sep/2018:08:41:17 +0200] "GET /css/themes/default.css HTTP/1.1" 304 - "http://renault.activities.at/11310673?print=true" "Mozilla/5.0 (Windows NT 6.3; WOW64; Trident/7.0; rv:11.0) like Gecko"
185.22.23.252 - - [04/Sep/2018:08:41:17 +0200] "GET /js/magiczoom/magiczoom.css HTTP/1.1" 304 - "http://renault.activities.at/11310673?print=true" "Mozilla/5.0 (Windows NT 6.3; WOW64; Trident/7.0; rv:11.0) like Gecko"
185.22.23.252 - - [04/Sep/2018:08:41:17 +0200] "GET /css/themes/alphacube.css HTTP/1.1" 304 - "http://renault.activities.at/11310673?print=true" "Mozilla/5.0 (Windows NT 6.3; WOW64; Trident/7.0; rv:11.0) like Gecko"
185.22.23.252 - - [04/Sep/2018:08:41:17 +0200] "GET /js/magiczoom/magiczoom.js HTTP/1.1" 304 - "http://renault.activities.at/11310673?print=true" "Mozilla/5.0 (Windows NT 6.3; WOW64; Trident/7.0; rv:11.0) like Gecko"
185.22.23.252 - - [04/Sep/2018:08:41:17 +0200] "GET /js/Produkt.js HTTP/1.1" 304 - "http://renault.activities.at/11310673?print=true" "Mozilla/5.0 (Windows NT 6.3; WOW64; Trident/7.0; rv:11.0) like Gecko"
185.22.23.252 - - [04/Sep/2018:08:41:17 +0200] "GET /images/success_msg_icon.gif HTTP/1.1" 304 - "http://renault.activities.at/11310673?print=true" "Mozilla/5.0 (Windows NT 6.3; WOW64; Trident/7.0; rv:11.0) like Gecko"
213.153.47.173 - - [04/Sep/2018:08:41:21 +0200] "GET /reload?ser=1536043273470 HTTP/1.1" 200 28 "http://renault.activities.at/login?required=true" "Mozilla/5.0 (Windows NT 10.0; Win64; x64; rv:61.0) Gecko/20100101 Firefox/61.0"
185.22.23.252 - - [04/Sep/2018:08:41:23 +0200] "GET /graphics/zoomin.cur HTTP/1.1" 200 3619 "http://renault.activities.at/11310673?print=true" "Mozilla/5.0 (Windows NT 6.3; WOW64; Trident/7.0; rv:11.0) like Gecko"
185.22.23.252 - - [04/Sep/2018:08:41:24 +0200] "GET /null HTTP/1.1" 200 3619 "http://renault.activities.at/result?searchterm=true&search=winterr%E4der" "Mozilla/5.0 (Windows NT 6.3; WOW64; Trident/7.0; rv:11.0) like Gecko"
185.22.23.252 - - [04/Sep/2018:08:41:26 +0200] "GET /js/default.js HTTP/1.1" 304 - "http://renault.activities.at/null" "Mozilla/5.0 (Windows NT 6.3; WOW64; Trident/7.0; rv:11.0) like Gecko"
185.22.23.252 - - [04/Sep/2018:08:41:26 +0200] "GET /css/styles.css HTTP/1.1" 304 - "http://renault.activities.at/null" "Mozilla/5.0 (Windows NT 6.3; WOW64; Trident/7.0; rv:11.0) like Gecko"
185.22.23.252 - - [04/Sep/2018:08:41:26 +0200] "GET /css/print.css HTTP/1.1" 304 - "http://renault.activities.at/null" "Mozilla/5.0 (Windows NT 6.3; WOW64; Trident/7.0; rv:11.0) like Gecko"
185.22.23.252 - - [04/Sep/2018:08:41:26 +0200] "GET /css/clears.css HTTP/1.1" 304 - "http://renault.activities.at/null" "Mozilla/5.0 (Windows NT 6.3; WOW64; Trident/7.0; rv:11.0) like Gecko"
185.22.23.252 - - [04/Sep/2018:08:41:26 +0200] "GET /css/reset.css HTTP/1.1" 304 - "http://renault.activities.at/null" "Mozilla/5.0 (Windows NT 6.3; WOW64; Trident/7.0; rv:11.0) like Gecko"
185.22.23.252 - - [04/Sep/2018:08:41:26 +0200] "GET /js/checkout.css HTTP/1.1" 304 - "http://renault.activities.at/null" "Mozilla/5.0 (Windows NT 6.3; WOW64; Trident/7.0; rv:11.0) like Gecko"
185.22.23.252 - - [04/Sep/2018:08:41:26 +0200] "GET /css/prototip.css HTTP/1.1" 304 - "http://renault.activities.at/null" "Mozilla/5.0 (Windows NT 6.3; WOW64; Trident/7.0; rv:11.0) like Gecko"
