193.194.132.28 - - [04/Sep/2018:12:20:52 +0200] "POST /axjaxrequest?mode=suggest HTTP/1.1" 200 117 "http://renault.2web.at/result?searchterm=true&search=REH1008779" "Mozilla/5.0 (Windows NT 6.1; WOW64; Trident/7.0; rv:11.0) like Gecko"
193.194.132.28 - - [04/Sep/2018:12:20:59 +0200] "POST /result?searchterm=true&search=REH200150611 HTTP/1.1" 200 8807 "http://renault.2web.at/result?searchterm=true&search=REH200150611" "Mozilla/5.0 (Windows NT 6.1; WOW64; Trident/7.0; rv:11.0) like Gecko"
193.194.132.28 - - [04/Sep/2018:12:21:08 +0200] "POST /axjaxrequest?mode=suggest HTTP/1.1" 200 388 "http://renault.2web.at/result?searchterm=true&search=REH200150611" "Mozilla/5.0 (Windows NT 6.1; WOW64; Trident/7.0; rv:11.0) like Gecko"
193.194.132.28 - - [04/Sep/2018:12:21:09 +0200] "POST /axjaxrequest?mode=suggest HTTP/1.1" 200 114 "http://renault.2web.at/result?searchterm=true&search=REH200150611" "Mozilla/5.0 (Windows NT 6.1; WOW64; Trident/7.0; rv:11.0) like Gecko"
193.194.132.28 - - [04/Sep/2018:12:21:10 +0200] "GET /result?searchterm=true&search=REH100209 HTTP/1.1" 200 8692 "http://renault.2web.at/result?searchterm=true&search=REH200150611" "Mozilla/5.0 (Windows NT 6.1; WOW64; Trident/7.0; rv:11.0) like Gecko"
193.194.132.28 - - [04/Sep/2018:12:21:13 +0200] "GET /loadthumbnail.php?id=11423689&width=113 HTTP/1.1" 200 1359 "http://renault.2web.at/result?searchterm=true&search=REH100209" "Mozilla/5.0 (Windows NT 6.1; WOW64; Trident/7.0; rv:11.0) like Gecko"
138.21.12.25 - - [04/Sep/2018:12:21:19 +0200] "GET /reload?ser=1536056467506 HTTP/1.1" 200 28 "http://renault.2web.at/result?searchterm=true&search=reh5324" "Mozilla/5.0 (Windows NT 6.1; WOW64; Trident/7.0; rv:11.0) like Gecko"
193.194.132.28 - - [04/Sep/2018:12:21:28 +0200] "POST /result?searchterm=true&search=REH100209 HTTP/1.1" 200 8807 "http://renault.2web.at/result?searchterm=true&search=REH100209" "Mozilla/5.0 (Windows NT 6.1; WOW64; Trident/7.0; rv:11.0) like Gecko"
89.16.198.102 - - [04/Sep/2018:12:21:45 +0200] "GET /reload?ser=1536056505542 HTTP/1.1" 200 28 "http://renault.activities.at/result?dir=DESC&mode=grid&order=name&limit=50&page=2&search=dacia" "Mozilla/5.0 (Windows NT 10.0; WOW64; Trident/7.0; MALC; rv:11.0) like Gecko"
213.153.47.173 - - [04/Sep/2018:12:21:46 +0200] "GET /reload?ser=1536056497812 HTTP/1.1" 200 28 "http://renault.activities.at/login?required=true" "Mozilla/5.0 (Windows NT 10.0; Win64; x64; rv:61.0) Gecko/20100101 Firefox/61.0"
193.194.132.28 - - [04/Sep/2018:12:22:18 +0200] "POST /result?searchterm=true&search=REH100209 HTTP/1.1" 200 8808 "http://renault.2web.at/result?searchterm=true&search=REH100209" "Mozilla/5.0 (Windows NT 6.1; WOW64; Trident/7.0; rv:11.0) like Gecko"
138.21.12.25 - - [04/Sep/2018:12:22:20 +0200] "GET /reload?ser=1536056540564 HTTP/1.1" 200 28 "http://renault.2web.at/result?searchterm=true&search=reh5324" "Mozilla/5.0 (Windows NT 6.1; WOW64; Trident/7.0; rv:11.0) like Gecko"
193.194.132.28 - - [04/Sep/2018:12:22:29 +0200] "GET /result?searchterm=true&search=REH20161205 HTTP/1.1" 200 8688 "http://renault.2web.at/result?searchterm=true&search=REH100209" "Mozilla/5.0 (Windows NT 6.1; WOW64; Trident/7.0; rv:11.0) like Gecko"
193.194.132.28 - - [04/Sep/2018:12:22:31 +0200] "GET /loadthumbnail.php?id=11423690&width=113 HTTP/1.1" 200 1470 "http://renault.2web.at/result?searchterm=true&search=REH20161205" "Mozilla/5.0 (Windows NT 6.1; WOW64; Trident/7.0; rv:11.0) like Gecko"
193.194.132.28 - - [04/Sep/2018:12:22:29 +0200] "POST /axjaxrequest?mode=suggest HTTP/1.1" 200 116 "http://renault.2web.at/result?searchterm=true&search=REH100209" "Mozilla/5.0 (Windows NT 6.1; WOW64; Trident/7.0; rv:11.0) like Gecko"
193.194.132.28 - - [04/Sep/2018:12:22:34 +0200] "POST /result?searchterm=true&search=REH20161205 HTTP/1.1" 200 8803 "http://renault.2web.at/result?searchterm=true&search=REH20161205" "Mozilla/5.0 (Windows NT 6.1; WOW64; Trident/7.0; rv:11.0) like Gecko"
89.16.198.102 - - [04/Sep/2018:12:22:45 +0200] "GET /reload?ser=1536056566535 HTTP/1.1" 200 28 "http://renault.activities.at/result?dir=DESC&mode=grid&order=name&limit=50&page=2&search=dacia" "Mozilla/5.0 (Windows NT 10.0; WOW64; Trident/7.0; MALC; rv:11.0) like Gecko"
213.153.47.173 - - [04/Sep/2018:12:22:46 +0200] "GET /reload?ser=1536056558461 HTTP/1.1" 200 28 "http://renault.activities.at/login?required=true" "Mozilla/5.0 (Windows NT 10.0; Win64; x64; rv:61.0) Gecko/20100101 Firefox/61.0"
193.194.132.28 - - [04/Sep/2018:12:22:46 +0200] "GET /result?searchterm=true&search=REH20161020 HTTP/1.1" 200 8680 "http://renault.2web.at/result?searchterm=true&search=REH20161205" "Mozilla/5.0 (Windows NT 6.1; WOW64; Trident/7.0; rv:11.0) like Gecko"
193.194.132.28 - - [04/Sep/2018:12:22:48 +0200] "GET /loadthumbnail.php?id=11340118&width=113 HTTP/1.1" 200 5862 "http://renault.2web.at/result?searchterm=true&search=REH20161020" "Mozilla/5.0 (Windows NT 6.1; WOW64; Trident/7.0; rv:11.0) like Gecko"
193.194.132.28 - - [04/Sep/2018:12:22:46 +0200] "POST /axjaxrequest?mode=suggest HTTP/1.1" 200 116 "http://renault.2web.at/result?searchterm=true&search=REH20161205" "Mozilla/5.0 (Windows NT 6.1; WOW64; Trident/7.0; rv:11.0) like Gecko"
193.194.132.28 - - [04/Sep/2018:12:22:51 +0200] "POST /result?searchterm=true&search=REH20161020 HTTP/1.1" 200 8794 "http://renault.2web.at/result?searchterm=true&search=REH20161020" "Mozilla/5.0 (Windows NT 6.1; WOW64; Trident/7.0; rv:11.0) like Gecko"
193.194.132.28 - - [04/Sep/2018:12:23:00 +0200] "POST /axjaxrequest?mode=suggest HTTP/1.1" 200 207 "http://renault.2web.at/result?searchterm=true&search=REH20161020" "Mozilla/5.0 (Windows NT 6.1; WOW64; Trident/7.0; rv:11.0) like Gecko"
193.194.132.28 - - [04/Sep/2018:12:23:01 +0200] "GET /result?searchterm=true&search=REH20161021 HTTP/1.1" 200 8681 "http://renault.2web.at/result?searchterm=true&search=REH20161020" "Mozilla/5.0 (Windows NT 6.1; WOW64; Trident/7.0; rv:11.0) like Gecko"
193.194.132.28 - - [04/Sep/2018:12:23:03 +0200] "GET /loadthumbnail.php?id=11340119&width=113 HTTP/1.1" 200 5321 "http://renault.2web.at/result?searchterm=true&search=REH20161021" "Mozilla/5.0 (Windows NT 6.1; WOW64; Trident/7.0; rv:11.0) like Gecko"
193.194.132.28 - - [04/Sep/2018:12:23:01 +0200] "POST /axjaxrequest?mode=suggest HTTP/1.1" 200 116 "http://renault.2web.at/result?searchterm=true&search=REH20161020" "Mozilla/5.0 (Windows NT 6.1; WOW64; Trident/7.0; rv:11.0) like Gecko"
193.194.132.28 - - [04/Sep/2018:12:23:06 +0200] "POST /result?searchterm=true&search=REH20161021 HTTP/1.1" 200 8796 "http://renault.2web.at/result?searchterm=true&search=REH20161021" "Mozilla/5.0 (Windows NT 6.1; WOW64; Trident/7.0; rv:11.0) like Gecko"
193.194.132.28 - - [04/Sep/2018:12:23:15 +0200] "GET /result?searchterm=true&search=REH143 HTTP/1.1" 200 8829 "http://renault.2web.at/result?searchterm=true&search=REH20161021" "Mozilla/5.0 (Windows NT 6.1; WOW64; Trident/7.0; rv:11.0) like Gecko"
193.194.132.28 - - [04/Sep/2018:12:23:17 +0200] "GET /loadthumbnail.php?id=11423691&width=113 HTTP/1.1" 200 6071 "http://renault.2web.at/result?searchterm=true&search=REH143" "Mozilla/5.0 (Windows NT 6.1; WOW64; Trident/7.0; rv:11.0) like Gecko"
193.194.132.28 - - [04/Sep/2018:12:23:17 +0200] "GET /loadthumbnail.php?id=10272696&width=113 HTTP/1.1" 200 6494 "http://renault.2web.at/result?searchterm=true&search=REH143" "Mozilla/5.0 (Windows NT 6.1; WOW64; Trident/7.0; rv:11.0) like Gecko"
193.194.132.28 - - [04/Sep/2018:12:23:15 +0200] "POST /axjaxrequest?mode=suggest HTTP/1.1" 200 127 "http://renault.2web.at/result?searchterm=true&search=REH20161021" "Mozilla/5.0 (Windows NT 6.1; WOW64; Trident/7.0; rv:11.0) like Gecko"
138.21.12.25 - - [04/Sep/2018:12:23:21 +0200] "GET /reload?ser=1536056601669 HTTP/1.1" 200 28 "http://renault.2web.at/result?searchterm=true&search=reh5324" "Mozilla/5.0 (Windows NT 6.1; WOW64; Trident/7.0; rv:11.0) like Gecko"
193.194.132.28 - - [04/Sep/2018:12:23:23 +0200] "POST /result?searchterm=true&search=REH143 HTTP/1.1" 200 8939 "http://renault.2web.at/result?searchterm=true&search=REH143" "Mozilla/5.0 (Windows NT 6.1; WOW64; Trident/7.0; rv:11.0) like Gecko"
193.194.132.28 - - [04/Sep/2018:12:23:28 +0200] "POST /result?searchterm=true&search=REH143 HTTP/1.1" 200 8942 "http://renault.2web.at/result?searchterm=true&search=REH143" "Mozilla/5.0 (Windows NT 6.1; WOW64; Trident/7.0; rv:11.0) like Gecko"
89.16.198.102 - - [04/Sep/2018:12:23:47 +0200] "GET /reload?ser=1536056627506 HTTP/1.1" 200 28 "http://renault.activities.at/result?dir=DESC&mode=grid&order=name&limit=50&page=2&search=dacia" "Mozilla/5.0 (Windows NT 10.0; WOW64; Trident/7.0; MALC; rv:11.0) like Gecko"
213.153.47.173 - - [04/Sep/2018:12:23:47 +0200] "GET /reload?ser=1536056619132 HTTP/1.1" 200 28 "http://renault.activities.at/login?required=true" "Mozilla/5.0 (Windows NT 10.0; Win64; x64; rv:61.0) Gecko/20100101 Firefox/61.0"
138.21.12.25 - - [04/Sep/2018:12:24:22 +0200] "GET /reload?ser=1536056662712 HTTP/1.1" 200 28 "http://renault.2web.at/result?searchterm=true&search=reh5324" "Mozilla/5.0 (Windows NT 6.1; WOW64; Trident/7.0; rv:11.0) like Gecko"
193.194.132.28 - - [04/Sep/2018:12:24:31 +0200] "GET /reload?ser=1536056671448 HTTP/1.1" 200 28 "http://renault.2web.at/result?searchterm=true&search=REH143" "Mozilla/5.0 (Windows NT 6.1; WOW64; Trident/7.0; rv:11.0) like Gecko"
213.153.47.173 - - [04/Sep/2018:12:24:48 +0200] "GET /reload?ser=1536056679771 HTTP/1.1" 200 28 "http://renault.activities.at/login?required=true" "Mozilla/5.0 (Windows NT 10.0; Win64; x64; rv:61.0) Gecko/20100101 Firefox/61.0"
89.16.198.102 - - [04/Sep/2018:12:24:47 +0200] "GET /reload?ser=1536056688537 HTTP/1.1" 200 28 "http://renault.activities.at/result?dir=DESC&mode=grid&order=name&limit=50&page=2&search=dacia" "Mozilla/5.0 (Windows NT 10.0; WOW64; Trident/7.0; MALC; rv:11.0) like Gecko"
138.21.12.25 - - [04/Sep/2018:12:25:23 +0200] "GET /reload?ser=1536056723759 HTTP/1.1" 200 28 "http://renault.2web.at/result?searchterm=true&search=reh5324" "Mozilla/5.0 (Windows NT 6.1; WOW64; Trident/7.0; rv:11.0) like Gecko"
193.194.132.28 - - [04/Sep/2018:12:25:32 +0200] "GET /reload?ser=1536056732492 HTTP/1.1" 200 28 "http://renault.2web.at/result?searchterm=true&search=REH143" "Mozilla/5.0 (Windows NT 6.1; WOW64; Trident/7.0; rv:11.0) like Gecko"
213.153.47.173 - - [04/Sep/2018:12:25:48 +0200] "GET /reload?ser=1536056740412 HTTP/1.1" 200 28 "http://renault.activities.at/login?required=true" "Mozilla/5.0 (Windows NT 10.0; Win64; x64; rv:61.0) Gecko/20100101 Firefox/61.0"
89.16.198.102 - - [04/Sep/2018:12:25:48 +0200] "GET /reload?ser=1536056749539 HTTP/1.1" 200 28 "http://renault.activities.at/result?dir=DESC&mode=grid&order=name&limit=50&page=2&search=dacia" "Mozilla/5.0 (Windows NT 10.0; WOW64; Trident/7.0; MALC; rv:11.0) like Gecko"
138.21.12.25 - - [04/Sep/2018:12:26:25 +0200] "GET /reload?ser=1536056784949 HTTP/1.1" 200 28 "http://renault.2web.at/result?searchterm=true&search=reh5324" "Mozilla/5.0 (Windows NT 6.1; WOW64; Trident/7.0; rv:11.0) like Gecko"
193.194.132.28 - - [04/Sep/2018:12:26:33 +0200] "GET /reload?ser=1536056793561 HTTP/1.1" 200 28 "http://renault.2web.at/result?searchterm=true&search=REH143" "Mozilla/5.0 (Windows NT 6.1; WOW64; Trident/7.0; rv:11.0) like Gecko"
213.153.47.173 - - [04/Sep/2018:12:26:49 +0200] "GET /reload?ser=1536056801072 HTTP/1.1" 200 28 "http://renault.activities.at/login?required=true" "Mozilla/5.0 (Windows NT 10.0; Win64; x64; rv:61.0) Gecko/20100101 Firefox/61.0"
89.16.198.102 - - [04/Sep/2018:12:26:50 +0200] "GET /reload?ser=1536056810560 HTTP/1.1" 200 28 "http://renault.activities.at/result?dir=DESC&mode=grid&order=name&limit=50&page=2&search=dacia" "Mozilla/5.0 (Windows NT 10.0; WOW64; Trident/7.0; MALC; rv:11.0) like Gecko"
138.21.12.25 - - [04/Sep/2018:12:27:26 +0200] "GET /reload?ser=1536056846052 HTTP/1.1" 200 28 "http://renault.2web.at/result?searchterm=true&search=reh5324" "Mozilla/5.0 (Windows NT 6.1; WOW64; Trident/7.0; rv:11.0) like Gecko"
193.194.132.28 - - [04/Sep/2018:12:27:34 +0200] "GET /reload?ser=1536056854646 HTTP/1.1" 200 28 "http://renault.2web.at/result?searchterm=true&search=REH143" "Mozilla/5.0 (Windows NT 6.1; WOW64; Trident/7.0; rv:11.0) like Gecko"
213.153.47.173 - - [04/Sep/2018:12:27:50 +0200] "GET /reload?ser=1536056861741 HTTP/1.1" 200 28 "http://renault.activities.at/login?required=true" "Mozilla/5.0 (Windows NT 10.0; Win64; x64; rv:61.0) Gecko/20100101 Firefox/61.0"
89.16.198.102 - - [04/Sep/2018:12:27:51 +0200] "GET /reload?ser=1536056871564 HTTP/1.1" 200 28 "http://renault.activities.at/result?dir=DESC&mode=grid&order=name&limit=50&page=2&search=dacia" "Mozilla/5.0 (Windows NT 10.0; WOW64; Trident/7.0; MALC; rv:11.0) like Gecko"
138.21.12.25 - - [04/Sep/2018:12:28:27 +0200] "GET /reload?ser=1536056907125 HTTP/1.1" 200 28 "http://renault.2web.at/result?searchterm=true&search=reh5324" "Mozilla/5.0 (Windows NT 6.1; WOW64; Trident/7.0; rv:11.0) like Gecko"
212.152.246.130 - - [04/Sep/2018:12:28:34 +0200] "GET /login HTTP/1.1" 200 2086 "-" "Mozilla/5.0 (Windows NT 6.1; Win64; x64) AppleWebKit/537.36 (KHTML, like Gecko) Chrome/68.0.3440.106 Safari/537.36 OPR/55.0.2994.44"
212.152.246.130 - - [04/Sep/2018:12:28:35 +0200] "GET /images/favicon.ico HTTP/1.1" 404 305 "-" "Mozilla/5.0 (Windows NT 6.1; Win64; x64) AppleWebKit/537.36 (KHTML, like Gecko) Chrome/68.0.3440.106 Safari/537.36 OPR/55.0.2994.44"
193.194.132.28 - - [04/Sep/2018:12:28:35 +0200] "GET /reload?ser=1536056915738 HTTP/1.1" 200 28 "http://renault.2web.at/result?searchterm=true&search=REH143" "Mozilla/5.0 (Windows NT 6.1; WOW64; Trident/7.0; rv:11.0) like Gecko"
213.153.47.173 - - [04/Sep/2018:12:28:50 +0200] "GET /reload?ser=1536056922402 HTTP/1.1" 200 28 "http://renault.activities.at/login?required=true" "Mozilla/5.0 (Windows NT 10.0; Win64; x64; rv:61.0) Gecko/20100101 Firefox/61.0"
89.16.198.102 - - [04/Sep/2018:12:28:52 +0200] "GET /reload?ser=1536056932555 HTTP/1.1" 200 28 "http://renault.activities.at/result?dir=DESC&mode=grid&order=name&limit=50&page=2&search=dacia" "Mozilla/5.0 (Windows NT 10.0; WOW64; Trident/7.0; MALC; rv:11.0) like Gecko"
138.21.12.25 - - [04/Sep/2018:12:29:28 +0200] "GET /reload?ser=1536056968203 HTTP/1.1" 200 28 "http://renault.2web.at/result?searchterm=true&search=reh5324" "Mozilla/5.0 (Windows NT 6.1; WOW64; Trident/7.0; rv:11.0) like Gecko"
193.194.132.28 - - [04/Sep/2018:12:29:36 +0200] "GET /reload?ser=1536056976843 HTTP/1.1" 200 28 "http://renault.2web.at/result?searchterm=true&search=REH143" "Mozilla/5.0 (Windows NT 6.1; WOW64; Trident/7.0; rv:11.0) like Gecko"
213.153.47.173 - - [04/Sep/2018:12:29:51 +0200] "GET /reload?ser=1536056983071 HTTP/1.1" 200 28 "http://renault.activities.at/login?required=true" "Mozilla/5.0 (Windows NT 10.0; Win64; x64; rv:61.0) Gecko/20100101 Firefox/61.0"
89.16.198.102 - - [04/Sep/2018:12:29:53 +0200] "GET /reload?ser=1536056993580 HTTP/1.1" 200 28 "http://renault.activities.at/result?dir=DESC&mode=grid&order=name&limit=50&page=2&search=dacia" "Mozilla/5.0 (Windows NT 10.0; WOW64; Trident/7.0; MALC; rv:11.0) like Gecko"
138.21.12.25 - - [04/Sep/2018:12:30:29 +0200] "GET /reload?ser=1536057029261 HTTP/1.1" 200 28 "http://renault.2web.at/result?searchterm=true&search=reh5324" "Mozilla/5.0 (Windows NT 6.1; WOW64; Trident/7.0; rv:11.0) like Gecko"
193.194.132.28 - - [04/Sep/2018:12:30:38 +0200] "GET /reload?ser=1536057037954 HTTP/1.1" 200 28 "http://renault.2web.at/result?searchterm=true&search=REH143" "Mozilla/5.0 (Windows NT 6.1; WOW64; Trident/7.0; rv:11.0) like Gecko"
213.153.47.173 - - [04/Sep/2018:12:30:52 +0200] "GET /reload?ser=1536057043721 HTTP/1.1" 200 28 "http://renault.activities.at/login?required=true" "Mozilla/5.0 (Windows NT 10.0; Win64; x64; rv:61.0) Gecko/20100101 Firefox/61.0"
89.16.198.102 - - [04/Sep/2018:12:30:54 +0200] "GET /reload?ser=1536057054565 HTTP/1.1" 200 28 "http://renault.activities.at/result?dir=DESC&mode=grid&order=name&limit=50&page=2&search=dacia" "Mozilla/5.0 (Windows NT 10.0; WOW64; Trident/7.0; MALC; rv:11.0) like Gecko"
193.194.132.28 - - [04/Sep/2018:12:31:39 +0200] "GET /reload?ser=1536057099056 HTTP/1.1" 200 28 "http://renault.2web.at/result?searchterm=true&search=REH143" "Mozilla/5.0 (Windows NT 6.1; WOW64; Trident/7.0; rv:11.0) like Gecko"
138.21.12.25 - - [04/Sep/2018:12:31:42 +0200] "GET /reload?ser=1536057090359 HTTP/1.1" 200 28 "http://renault.2web.at/result?searchterm=true&search=reh5324" "Mozilla/5.0 (Windows NT 6.1; WOW64; Trident/7.0; rv:11.0) like Gecko"
213.153.47.173 - - [04/Sep/2018:12:31:52 +0200] "GET /reload?ser=1536057104402 HTTP/1.1" 200 28 "http://renault.activities.at/login?required=true" "Mozilla/5.0 (Windows NT 10.0; Win64; x64; rv:61.0) Gecko/20100101 Firefox/61.0"
89.16.198.102 - - [04/Sep/2018:12:31:55 +0200] "GET /reload?ser=1536057115573 HTTP/1.1" 200 28 "http://renault.activities.at/result?dir=DESC&mode=grid&order=name&limit=50&page=2&search=dacia" "Mozilla/5.0 (Windows NT 10.0; WOW64; Trident/7.0; MALC; rv:11.0) like Gecko"
193.194.132.28 - - [04/Sep/2018:12:32:40 +0200] "GET /reload?ser=1536057160155 HTTP/1.1" 200 28 "http://renault.2web.at/result?searchterm=true&search=REH143" "Mozilla/5.0 (Windows NT 6.1; WOW64; Trident/7.0; rv:11.0) like Gecko"
138.21.12.25 - - [04/Sep/2018:12:32:43 +0200] "GET /reload?ser=1536057163484 HTTP/1.1" 200 28 "http://renault.2web.at/result?searchterm=true&search=reh5324" "Mozilla/5.0 (Windows NT 6.1; WOW64; Trident/7.0; rv:11.0) like Gecko"
213.153.47.173 - - [04/Sep/2018:12:32:53 +0200] "GET /reload?ser=1536057165082 HTTP/1.1" 200 28 "http://renault.activities.at/login?required=true" "Mozilla/5.0 (Windows NT 10.0; Win64; x64; rv:61.0) Gecko/20100101 Firefox/61.0"
89.16.198.102 - - [04/Sep/2018:12:32:55 +0200] "GET /reload?ser=1536057176542 HTTP/1.1" 200 28 "http://renault.activities.at/result?dir=DESC&mode=grid&order=name&limit=50&page=2&search=dacia" "Mozilla/5.0 (Windows NT 10.0; WOW64; Trident/7.0; MALC; rv:11.0) like Gecko"
193.194.132.28 - - [04/Sep/2018:12:33:41 +0200] "GET /reload?ser=1536057221254 HTTP/1.1" 200 28 "http://renault.2web.at/result?searchterm=true&search=REH143" "Mozilla/5.0 (Windows NT 6.1; WOW64; Trident/7.0; rv:11.0) like Gecko"
138.21.12.25 - - [04/Sep/2018:12:33:44 +0200] "GET /reload?ser=1536057224609 HTTP/1.1" 200 28 "http://renault.2web.at/result?searchterm=true&search=reh5324" "Mozilla/5.0 (Windows NT 6.1; WOW64; Trident/7.0; rv:11.0) like Gecko"
213.153.47.173 - - [04/Sep/2018:12:33:54 +0200] "GET /reload?ser=1536057225741 HTTP/1.1" 200 28 "http://renault.activities.at/login?required=true" "Mozilla/5.0 (Windows NT 10.0; Win64; x64; rv:61.0) Gecko/20100101 Firefox/61.0"
89.16.198.102 - - [04/Sep/2018:12:33:57 +0200] "GET /reload?ser=1536057237558 HTTP/1.1" 200 28 "http://renault.activities.at/result?dir=DESC&mode=grid&order=name&limit=50&page=2&search=dacia" "Mozilla/5.0 (Windows NT 10.0; WOW64; Trident/7.0; MALC; rv:11.0) like Gecko"
193.194.132.28 - - [04/Sep/2018:12:34:42 +0200] "GET /reload?ser=1536057282315 HTTP/1.1" 200 28 "http://renault.2web.at/result?searchterm=true&search=REH143" "Mozilla/5.0 (Windows NT 6.1; WOW64; Trident/7.0; rv:11.0) like Gecko"
138.21.12.25 - - [04/Sep/2018:12:34:45 +0200] "GET /reload?ser=1536057285723 HTTP/1.1" 200 28 "http://renault.2web.at/result?searchterm=true&search=reh5324" "Mozilla/5.0 (Windows NT 6.1; WOW64; Trident/7.0; rv:11.0) like Gecko"
213.153.47.173 - - [04/Sep/2018:12:34:54 +0200] "GET /reload?ser=1536057286390 HTTP/1.1" 200 28 "http://renault.activities.at/login?required=true" "Mozilla/5.0 (Windows NT 10.0; Win64; x64; rv:61.0) Gecko/20100101 Firefox/61.0"
89.16.198.102 - - [04/Sep/2018:12:34:58 +0200] "GET /reload?ser=1536057298569 HTTP/1.1" 200 28 "http://renault.activities.at/result?dir=DESC&mode=grid&order=name&limit=50&page=2&search=dacia" "Mozilla/5.0 (Windows NT 10.0; WOW64; Trident/7.0; MALC; rv:11.0) like Gecko"
193.194.132.28 - - [04/Sep/2018:12:35:43 +0200] "GET /reload?ser=1536057343369 HTTP/1.1" 200 28 "http://renault.2web.at/result?searchterm=true&search=REH143" "Mozilla/5.0 (Windows NT 6.1; WOW64; Trident/7.0; rv:11.0) like Gecko"
138.21.12.25 - - [04/Sep/2018:12:35:46 +0200] "GET /reload?ser=1536057346831 HTTP/1.1" 200 28 "http://renault.2web.at/result?searchterm=true&search=reh5324" "Mozilla/5.0 (Windows NT 6.1; WOW64; Trident/7.0; rv:11.0) like Gecko"
213.153.47.173 - - [04/Sep/2018:12:35:55 +0200] "GET /reload?ser=1536057347041 HTTP/1.1" 200 28 "http://renault.activities.at/login?required=true" "Mozilla/5.0 (Windows NT 10.0; Win64; x64; rv:61.0) Gecko/20100101 Firefox/61.0"
89.16.198.102 - - [04/Sep/2018:12:35:59 +0200] "GET /reload?ser=1536057359921 HTTP/1.1" 200 28 "http://renault.activities.at/result?dir=DESC&mode=grid&order=name&limit=50&page=2&search=dacia" "Mozilla/5.0 (Windows NT 10.0; WOW64; Trident/7.0; MALC; rv:11.0) like Gecko"
193.194.132.28 - - [04/Sep/2018:12:36:44 +0200] "GET /reload?ser=1536057404454 HTTP/1.1" 200 28 "http://renault.2web.at/result?searchterm=true&search=REH143" "Mozilla/5.0 (Windows NT 6.1; WOW64; Trident/7.0; rv:11.0) like Gecko"
138.21.12.25 - - [04/Sep/2018:12:36:48 +0200] "GET /reload?ser=1536057407962 HTTP/1.1" 200 28 "http://renault.2web.at/result?searchterm=true&search=reh5324" "Mozilla/5.0 (Windows NT 6.1; WOW64; Trident/7.0; rv:11.0) like Gecko"
213.153.47.173 - - [04/Sep/2018:12:36:56 +0200] "GET /reload?ser=1536057407701 HTTP/1.1" 200 28 "http://renault.activities.at/login?required=true" "Mozilla/5.0 (Windows NT 10.0; Win64; x64; rv:61.0) Gecko/20100101 Firefox/61.0"
89.16.198.102 - - [04/Sep/2018:12:37:00 +0200] "GET /reload?ser=1536057420963 HTTP/1.1" 200 28 "http://renault.activities.at/result?dir=DESC&mode=grid&order=name&limit=50&page=2&search=dacia" "Mozilla/5.0 (Windows NT 10.0; WOW64; Trident/7.0; MALC; rv:11.0) like Gecko"
193.194.132.28 - - [04/Sep/2018:12:37:45 +0200] "GET /reload?ser=1536057465544 HTTP/1.1" 200 28 "http://renault.2web.at/result?searchterm=true&search=REH143" "Mozilla/5.0 (Windows NT 6.1; WOW64; Trident/7.0; rv:11.0) like Gecko"
138.21.12.25 - - [04/Sep/2018:12:37:49 +0200] "GET /reload?ser=1536057469089 HTTP/1.1" 200 28 "http://renault.2web.at/result?searchterm=true&search=reh5324" "Mozilla/5.0 (Windows NT 6.1; WOW64; Trident/7.0; rv:11.0) like Gecko"
213.153.47.173 - - [04/Sep/2018:12:37:56 +0200] "GET /reload?ser=1536057468371 HTTP/1.1" 200 28 "http://renault.activities.at/login?required=true" "Mozilla/5.0 (Windows NT 10.0; Win64; x64; rv:61.0) Gecko/20100101 Firefox/61.0"
89.16.198.102 - - [04/Sep/2018:12:38:01 +0200] "GET /reload?ser=1536057481958 HTTP/1.1" 200 28 "http://renault.activities.at/result?dir=DESC&mode=grid&order=name&limit=50&page=2&search=dacia" "Mozilla/5.0 (Windows NT 10.0; WOW64; Trident/7.0; MALC; rv:11.0) like Gecko"
193.194.132.28 - - [04/Sep/2018:12:38:46 +0200] "GET /reload?ser=1536057526666 HTTP/1.1" 200 28 "http://renault.2web.at/result?searchterm=true&search=REH143" "Mozilla/5.0 (Windows NT 6.1; WOW64; Trident/7.0; rv:11.0) like Gecko"
138.21.12.25 - - [04/Sep/2018:12:38:50 +0200] "GET /reload?ser=1536057530200 HTTP/1.1" 200 28 "http://renault.2web.at/result?searchterm=true&search=reh5324" "Mozilla/5.0 (Windows NT 6.1; WOW64; Trident/7.0; rv:11.0) like Gecko"
213.153.47.173 - - [04/Sep/2018:12:38:57 +0200] "GET /reload?ser=1536057529031 HTTP/1.1" 200 28 "http://renault.activities.at/login?required=true" "Mozilla/5.0 (Windows NT 10.0; Win64; x64; rv:61.0) Gecko/20100101 Firefox/61.0"
89.16.198.102 - - [04/Sep/2018:12:39:02 +0200] "GET /reload?ser=1536057542963 HTTP/1.1" 200 28 "http://renault.activities.at/result?dir=DESC&mode=grid&order=name&limit=50&page=2&search=dacia" "Mozilla/5.0 (Windows NT 10.0; WOW64; Trident/7.0; MALC; rv:11.0) like Gecko"
193.194.132.28 - - [04/Sep/2018:12:39:47 +0200] "GET /reload?ser=1536057587715 HTTP/1.1" 200 28 "http://renault.2web.at/result?searchterm=true&search=REH143" "Mozilla/5.0 (Windows NT 6.1; WOW64; Trident/7.0; rv:11.0) like Gecko"
138.21.12.25 - - [04/Sep/2018:12:39:51 +0200] "GET /reload?ser=1536057591250 HTTP/1.1" 200 28 "http://renault.2web.at/result?searchterm=true&search=reh5324" "Mozilla/5.0 (Windows NT 6.1; WOW64; Trident/7.0; rv:11.0) like Gecko"
213.153.47.173 - - [04/Sep/2018:12:39:58 +0200] "GET /reload?ser=1536057589701 HTTP/1.1" 200 28 "http://renault.activities.at/login?required=true" "Mozilla/5.0 (Windows NT 10.0; Win64; x64; rv:61.0) Gecko/20100101 Firefox/61.0"
89.16.198.102 - - [04/Sep/2018:12:40:03 +0200] "GET /reload?ser=1536057603967 HTTP/1.1" 200 28 "http://renault.activities.at/result?dir=DESC&mode=grid&order=name&limit=50&page=2&search=dacia" "Mozilla/5.0 (Windows NT 10.0; WOW64; Trident/7.0; MALC; rv:11.0) like Gecko"
193.194.132.28 - - [04/Sep/2018:12:40:48 +0200] "GET /reload?ser=1536057648860 HTTP/1.1" 200 28 "http://renault.2web.at/result?searchterm=true&search=REH143" "Mozilla/5.0 (Windows NT 6.1; WOW64; Trident/7.0; rv:11.0) like Gecko"
138.21.12.25 - - [04/Sep/2018:12:40:52 +0200] "GET /reload?ser=1536057652399 HTTP/1.1" 200 28 "http://renault.2web.at/result?searchterm=true&search=reh5324" "Mozilla/5.0 (Windows NT 6.1; WOW64; Trident/7.0; rv:11.0) like Gecko"
213.153.47.173 - - [04/Sep/2018:12:40:58 +0200] "GET /reload?ser=1536057650352 HTTP/1.1" 200 28 "http://renault.activities.at/login?required=true" "Mozilla/5.0 (Windows NT 10.0; Win64; x64; rv:61.0) Gecko/20100101 Firefox/61.0"
89.16.198.102 - - [04/Sep/2018:12:41:04 +0200] "GET /reload?ser=1536057664938 HTTP/1.1" 200 28 "http://renault.activities.at/result?dir=DESC&mode=grid&order=name&limit=50&page=2&search=dacia" "Mozilla/5.0 (Windows NT 10.0; WOW64; Trident/7.0; MALC; rv:11.0) like Gecko"
193.194.132.28 - - [04/Sep/2018:12:41:50 +0200] "GET /reload?ser=1536057709968 HTTP/1.1" 200 28 "http://renault.2web.at/result?searchterm=true&search=REH143" "Mozilla/5.0 (Windows NT 6.1; WOW64; Trident/7.0; rv:11.0) like Gecko"
138.21.12.25 - - [04/Sep/2018:12:41:53 +0200] "GET /reload?ser=1536057713615 HTTP/1.1" 200 28 "http://renault.2web.at/result?searchterm=true&search=reh5324" "Mozilla/5.0 (Windows NT 6.1; WOW64; Trident/7.0; rv:11.0) like Gecko"
213.153.47.173 - - [04/Sep/2018:12:41:59 +0200] "GET /reload?ser=1536057711011 HTTP/1.1" 200 28 "http://renault.activities.at/login?required=true" "Mozilla/5.0 (Windows NT 10.0; Win64; x64; rv:61.0) Gecko/20100101 Firefox/61.0"
89.16.198.102 - - [04/Sep/2018:12:42:05 +0200] "GET /reload?ser=1536057726071 HTTP/1.1" 200 28 "http://renault.activities.at/result?dir=DESC&mode=grid&order=name&limit=50&page=2&search=dacia" "Mozilla/5.0 (Windows NT 10.0; WOW64; Trident/7.0; MALC; rv:11.0) like Gecko"
193.194.132.28 - - [04/Sep/2018:12:42:51 +0200] "GET /reload?ser=1536057771034 HTTP/1.1" 200 28 "http://renault.2web.at/result?searchterm=true&search=REH143" "Mozilla/5.0 (Windows NT 6.1; WOW64; Trident/7.0; rv:11.0) like Gecko"
138.21.12.25 - - [04/Sep/2018:12:42:54 +0200] "GET /reload?ser=1536057774727 HTTP/1.1" 200 28 "http://renault.2web.at/result?searchterm=true&search=reh5324" "Mozilla/5.0 (Windows NT 6.1; WOW64; Trident/7.0; rv:11.0) like Gecko"
213.153.47.173 - - [04/Sep/2018:12:43:00 +0200] "GET /reload?ser=1536057771671 HTTP/1.1" 200 28 "http://renault.activities.at/login?required=true" "Mozilla/5.0 (Windows NT 10.0; Win64; x64; rv:61.0) Gecko/20100101 Firefox/61.0"
89.16.198.102 - - [04/Sep/2018:12:43:06 +0200] "GET /reload?ser=1536057787085 HTTP/1.1" 200 28 "http://renault.activities.at/result?dir=DESC&mode=grid&order=name&limit=50&page=2&search=dacia" "Mozilla/5.0 (Windows NT 10.0; WOW64; Trident/7.0; MALC; rv:11.0) like Gecko"
193.194.132.28 - - [04/Sep/2018:12:43:52 +0200] "GET /reload?ser=1536057832132 HTTP/1.1" 200 28 "http://renault.2web.at/result?searchterm=true&search=REH143" "Mozilla/5.0 (Windows NT 6.1; WOW64; Trident/7.0; rv:11.0) like Gecko"
138.21.12.25 - - [04/Sep/2018:12:43:55 +0200] "GET /reload?ser=1536057835794 HTTP/1.1" 200 28 "http://renault.2web.at/result?searchterm=true&search=reh5324" "Mozilla/5.0 (Windows NT 6.1; WOW64; Trident/7.0; rv:11.0) like Gecko"
213.153.47.173 - - [04/Sep/2018:12:44:00 +0200] "GET /reload?ser=1536057832341 HTTP/1.1" 200 28 "http://renault.activities.at/login?required=true" "Mozilla/5.0 (Windows NT 10.0; Win64; x64; rv:61.0) Gecko/20100101 Firefox/61.0"
89.16.198.102 - - [04/Sep/2018:12:44:07 +0200] "GET /reload?ser=1536057848072 HTTP/1.1" 200 28 "http://renault.activities.at/result?dir=DESC&mode=grid&order=name&limit=50&page=2&search=dacia" "Mozilla/5.0 (Windows NT 10.0; WOW64; Trident/7.0; MALC; rv:11.0) like Gecko"
193.194.132.28 - - [04/Sep/2018:12:44:53 +0200] "GET /reload?ser=1536057893205 HTTP/1.1" 200 28 "http://renault.2web.at/result?searchterm=true&search=REH143" "Mozilla/5.0 (Windows NT 6.1; WOW64; Trident/7.0; rv:11.0) like Gecko"
138.21.12.25 - - [04/Sep/2018:12:44:56 +0200] "GET /reload?ser=1536057896899 HTTP/1.1" 200 28 "http://renault.2web.at/result?searchterm=true&search=reh5324" "Mozilla/5.0 (Windows NT 6.1; WOW64; Trident/7.0; rv:11.0) like Gecko"
213.153.47.173 - - [04/Sep/2018:12:45:01 +0200] "GET /reload?ser=1536057893011 HTTP/1.1" 200 28 "http://renault.activities.at/login?required=true" "Mozilla/5.0 (Windows NT 10.0; Win64; x64; rv:61.0) Gecko/20100101 Firefox/61.0"
89.16.198.102 - - [04/Sep/2018:12:45:08 +0200] "GET /reload?ser=1536057909092 HTTP/1.1" 200 28 "http://renault.activities.at/result?dir=DESC&mode=grid&order=name&limit=50&page=2&search=dacia" "Mozilla/5.0 (Windows NT 10.0; WOW64; Trident/7.0; MALC; rv:11.0) like Gecko"
193.194.132.28 - - [04/Sep/2018:12:45:54 +0200] "GET /reload?ser=1536057954297 HTTP/1.1" 200 28 "http://renault.2web.at/result?searchterm=true&search=REH143" "Mozilla/5.0 (Windows NT 6.1; WOW64; Trident/7.0; rv:11.0) like Gecko"
138.21.12.25 - - [04/Sep/2018:12:45:58 +0200] "GET /reload?ser=1536057957996 HTTP/1.1" 200 28 "http://renault.2web.at/result?searchterm=true&search=reh5324" "Mozilla/5.0 (Windows NT 6.1; WOW64; Trident/7.0; rv:11.0) like Gecko"
213.153.47.173 - - [04/Sep/2018:12:46:02 +0200] "GET /reload?ser=1536057953670 HTTP/1.1" 200 28 "http://renault.activities.at/login?required=true" "Mozilla/5.0 (Windows NT 10.0; Win64; x64; rv:61.0) Gecko/20100101 Firefox/61.0"
89.16.198.102 - - [04/Sep/2018:12:46:09 +0200] "GET /reload?ser=1536057970062 HTTP/1.1" 200 28 "http://renault.activities.at/result?dir=DESC&mode=grid&order=name&limit=50&page=2&search=dacia" "Mozilla/5.0 (Windows NT 10.0; WOW64; Trident/7.0; MALC; rv:11.0) like Gecko"
193.194.132.28 - - [04/Sep/2018:12:46:55 +0200] "GET /reload?ser=1536058015442 HTTP/1.1" 200 28 "http://renault.2web.at/result?searchterm=true&search=REH143" "Mozilla/5.0 (Windows NT 6.1; WOW64; Trident/7.0; rv:11.0) like Gecko"
138.21.12.25 - - [04/Sep/2018:12:46:59 +0200] "GET /reload?ser=1536058019116 HTTP/1.1" 200 28 "http://renault.2web.at/result?searchterm=true&search=reh5324" "Mozilla/5.0 (Windows NT 6.1; WOW64; Trident/7.0; rv:11.0) like Gecko"
213.153.47.173 - - [04/Sep/2018:12:47:02 +0200] "GET /reload?ser=1536058014330 HTTP/1.1" 200 28 "http://renault.activities.at/login?required=true" "Mozilla/5.0 (Windows NT 10.0; Win64; x64; rv:61.0) Gecko/20100101 Firefox/61.0"
89.16.198.102 - - [04/Sep/2018:12:47:10 +0200] "GET /reload?ser=1536058031055 HTTP/1.1" 200 28 "http://renault.activities.at/result?dir=DESC&mode=grid&order=name&limit=50&page=2&search=dacia" "Mozilla/5.0 (Windows NT 10.0; WOW64; Trident/7.0; MALC; rv:11.0) like Gecko"
193.194.132.28 - - [04/Sep/2018:12:47:56 +0200] "GET /reload?ser=1536058076493 HTTP/1.1" 200 28 "http://renault.2web.at/result?searchterm=true&search=REH143" "Mozilla/5.0 (Windows NT 6.1; WOW64; Trident/7.0; rv:11.0) like Gecko"
138.21.12.25 - - [04/Sep/2018:12:48:00 +0200] "GET /reload?ser=1536058080207 HTTP/1.1" 200 28 "http://renault.2web.at/result?searchterm=true&search=reh5324" "Mozilla/5.0 (Windows NT 6.1; WOW64; Trident/7.0; rv:11.0) like Gecko"
213.153.47.173 - - [04/Sep/2018:12:48:03 +0200] "GET /reload?ser=1536058074991 HTTP/1.1" 200 28 "http://renault.activities.at/login?required=true" "Mozilla/5.0 (Windows NT 10.0; Win64; x64; rv:61.0) Gecko/20100101 Firefox/61.0"
89.16.198.102 - - [04/Sep/2018:12:48:11 +0200] "GET /reload?ser=1536058092021 HTTP/1.1" 200 28 "http://renault.activities.at/result?dir=DESC&mode=grid&order=name&limit=50&page=2&search=dacia" "Mozilla/5.0 (Windows NT 10.0; WOW64; Trident/7.0; MALC; rv:11.0) like Gecko"
193.194.132.28 - - [04/Sep/2018:12:48:57 +0200] "GET /reload?ser=1536058137617 HTTP/1.1" 200 28 "http://renault.2web.at/result?searchterm=true&search=REH143" "Mozilla/5.0 (Windows NT 6.1; WOW64; Trident/7.0; rv:11.0) like Gecko"
138.21.12.25 - - [04/Sep/2018:12:49:01 +0200] "GET /reload?ser=1536058141290 HTTP/1.1" 200 28 "http://renault.2web.at/result?searchterm=true&search=reh5324" "Mozilla/5.0 (Windows NT 6.1; WOW64; Trident/7.0; rv:11.0) like Gecko"
213.153.47.173 - - [04/Sep/2018:12:49:04 +0200] "GET /reload?ser=1536058135650 HTTP/1.1" 200 28 "http://renault.activities.at/login?required=true" "Mozilla/5.0 (Windows NT 10.0; Win64; x64; rv:61.0) Gecko/20100101 Firefox/61.0"
89.16.198.102 - - [04/Sep/2018:12:49:12 +0200] "GET /reload?ser=1536058153035 HTTP/1.1" 200 28 "http://renault.activities.at/result?dir=DESC&mode=grid&order=name&limit=50&page=2&search=dacia" "Mozilla/5.0 (Windows NT 10.0; WOW64; Trident/7.0; MALC; rv:11.0) like Gecko"
193.194.132.28 - - [04/Sep/2018:12:49:34 +0200] "POST /axjaxrequest?mode=suggest HTTP/1.1" 200 1160 "http://renault.2web.at/result?searchterm=true&search=REH143" "Mozilla/5.0 (Windows NT 6.1; WOW64; Trident/7.0; rv:11.0) like Gecko"
193.194.132.28 - - [04/Sep/2018:12:49:37 +0200] "POST /axjaxrequest?mode=suggest HTTP/1.1" 200 207 "http://renault.2web.at/result?searchterm=true&search=REH143" "Mozilla/5.0 (Windows NT 6.1; WOW64; Trident/7.0; rv:11.0) like Gecko"
193.194.132.28 - - [04/Sep/2018:12:49:38 +0200] "POST /axjaxrequest?mode=suggest HTTP/1.1" 200 188 "http://renault.2web.at/result?searchterm=true&search=REH143" "Mozilla/5.0 (Windows NT 6.1; WOW64; Trident/7.0; rv:11.0) like Gecko"
193.194.132.28 - - [04/Sep/2018:12:49:39 +0200] "GET /result?searchterm=true&search=REH20161025 HTTP/1.1" 200 8691 "http://renault.2web.at/result?searchterm=true&search=REH143" "Mozilla/5.0 (Windows NT 6.1; WOW64; Trident/7.0; rv:11.0) like Gecko"
193.194.132.28 - - [04/Sep/2018:12:49:42 +0200] "GET /loadthumbnail.php?id=11340123&width=113 HTTP/1.1" 200 5559 "http://renault.2web.at/result?searchterm=true&search=REH20161025" "Mozilla/5.0 (Windows NT 6.1; WOW64; Trident/7.0; rv:11.0) like Gecko"
193.194.132.28 - - [04/Sep/2018:12:49:39 +0200] "POST /axjaxrequest?mode=suggest HTTP/1.1" 200 116 "http://renault.2web.at/result?searchterm=true&search=REH143" "Mozilla/5.0 (Windows NT 6.1; WOW64; Trident/7.0; rv:11.0) like Gecko"
193.194.132.28 - - [04/Sep/2018:12:49:48 +0200] "POST /result?searchterm=true&search=REH20161025 HTTP/1.1" 200 8807 "http://renault.2web.at/result?searchterm=true&search=REH20161025" "Mozilla/5.0 (Windows NT 6.1; WOW64; Trident/7.0; rv:11.0) like Gecko"
193.194.132.28 - - [04/Sep/2018:12:49:56 +0200] "GET /result?searchterm=true&search=REH20161026 HTTP/1.1" 200 8692 "http://renault.2web.at/result?searchterm=true&search=REH20161025" "Mozilla/5.0 (Windows NT 6.1; WOW64; Trident/7.0; rv:11.0) like Gecko"
193.194.132.28 - - [04/Sep/2018:12:49:58 +0200] "GET /loadthumbnail.php?id=11340124&width=113 HTTP/1.1" 200 4949 "http://renault.2web.at/result?searchterm=true&search=REH20161026" "Mozilla/5.0 (Windows NT 6.1; WOW64; Trident/7.0; rv:11.0) like Gecko"
193.194.132.28 - - [04/Sep/2018:12:49:56 +0200] "POST /axjaxrequest?mode=suggest HTTP/1.1" 200 116 "http://renault.2web.at/result?searchterm=true&search=REH20161025" "Mozilla/5.0 (Windows NT 6.1; WOW64; Trident/7.0; rv:11.0) like Gecko"
138.21.12.25 - - [04/Sep/2018:12:50:02 +0200] "GET /reload?ser=1536058202408 HTTP/1.1" 200 28 "http://renault.2web.at/result?searchterm=true&search=reh5324" "Mozilla/5.0 (Windows NT 6.1; WOW64; Trident/7.0; rv:11.0) like Gecko"
213.153.47.173 - - [04/Sep/2018:12:50:04 +0200] "GET /reload?ser=1536058196310 HTTP/1.1" 200 28 "http://renault.activities.at/login?required=true" "Mozilla/5.0 (Windows NT 10.0; Win64; x64; rv:61.0) Gecko/20100101 Firefox/61.0"
193.194.132.28 - - [04/Sep/2018:12:50:03 +0200] "POST /result?searchterm=true&search=REH20161026 HTTP/1.1" 200 8805 "http://renault.2web.at/result?searchterm=true&search=REH20161026" "Mozilla/5.0 (Windows NT 6.1; WOW64; Trident/7.0; rv:11.0) like Gecko"
89.16.198.102 - - [04/Sep/2018:12:50:13 +0200] "GET /reload?ser=1536058213994 HTTP/1.1" 200 28 "http://renault.activities.at/result?dir=DESC&mode=grid&order=name&limit=50&page=2&search=dacia" "Mozilla/5.0 (Windows NT 10.0; WOW64; Trident/7.0; MALC; rv:11.0) like Gecko"
193.194.132.28 - - [04/Sep/2018:12:50:08 +0200] "GET /checkout HTTP/1.1" 200 22770 "http://renault.2web.at/result?searchterm=true&search=REH20161026" "Mozilla/5.0 (Windows NT 6.1; WOW64; Trident/7.0; rv:11.0) like Gecko"
193.194.132.28 - - [04/Sep/2018:12:50:15 +0200] "GET /js/checkout2.js HTTP/1.1" 304 - "http://renault.2web.at/checkout" "Mozilla/5.0 (Windows NT 6.1; WOW64; Trident/7.0; rv:11.0) like Gecko"
193.194.132.28 - - [04/Sep/2018:12:50:16 +0200] "GET /loadthumbnail.php?id=10201939 HTTP/1.1" 200 201 "http://renault.2web.at/checkout" "Mozilla/5.0 (Windows NT 6.1; WOW64; Trident/7.0; rv:11.0) like Gecko"
193.194.132.28 - - [04/Sep/2018:12:50:16 +0200] "GET /loadthumbnail.php?id=10202698 HTTP/1.1" 200 16686 "http://renault.2web.at/checkout" "Mozilla/5.0 (Windows NT 6.1; WOW64; Trident/7.0; rv:11.0) like Gecko"
138.21.12.25 - - [04/Sep/2018:12:51:03 +0200] "GET /reload?ser=1536058263455 HTTP/1.1" 200 28 "http://renault.2web.at/result?searchterm=true&search=reh5324" "Mozilla/5.0 (Windows NT 6.1; WOW64; Trident/7.0; rv:11.0) like Gecko"
213.153.47.173 - - [04/Sep/2018:12:51:05 +0200] "GET /reload?ser=1536058256981 HTTP/1.1" 200 28 "http://renault.activities.at/login?required=true" "Mozilla/5.0 (Windows NT 10.0; Win64; x64; rv:61.0) Gecko/20100101 Firefox/61.0"
89.16.198.102 - - [04/Sep/2018:12:51:14 +0200] "GET /reload?ser=1536058275001 HTTP/1.1" 200 28 "http://renault.activities.at/result?dir=DESC&mode=grid&order=name&limit=50&page=2&search=dacia" "Mozilla/5.0 (Windows NT 10.0; WOW64; Trident/7.0; MALC; rv:11.0) like Gecko"
193.194.132.28 - - [04/Sep/2018:12:51:16 +0200] "GET /reload?ser=1536058276440 HTTP/1.1" 200 28 "http://renault.2web.at/checkout" "Mozilla/5.0 (Windows NT 6.1; WOW64; Trident/7.0; rv:11.0) like Gecko"
213.153.47.173 - - [04/Sep/2018:12:52:06 +0200] "GET /reload?ser=1536058317642 HTTP/1.1" 200 28 "http://renault.activities.at/login?required=true" "Mozilla/5.0 (Windows NT 10.0; Win64; x64; rv:61.0) Gecko/20100101 Firefox/61.0"
89.16.198.102 - - [04/Sep/2018:12:52:15 +0200] "GET /reload?ser=1536058335999 HTTP/1.1" 200 28 "http://renault.activities.at/result?dir=DESC&mode=grid&order=name&limit=50&page=2&search=dacia" "Mozilla/5.0 (Windows NT 10.0; WOW64; Trident/7.0; MALC; rv:11.0) like Gecko"
138.21.12.25 - - [04/Sep/2018:12:52:16 +0200] "GET /reload?ser=1536058324556 HTTP/1.1" 200 28 "http://renault.2web.at/result?searchterm=true&search=reh5324" "Mozilla/5.0 (Windows NT 6.1; WOW64; Trident/7.0; rv:11.0) like Gecko"
193.194.132.28 - - [04/Sep/2018:12:52:17 +0200] "GET /reload?ser=1536058337488 HTTP/1.1" 200 28 "http://renault.2web.at/checkout" "Mozilla/5.0 (Windows NT 6.1; WOW64; Trident/7.0; rv:11.0) like Gecko"
213.153.47.173 - - [04/Sep/2018:12:53:06 +0200] "GET /reload?ser=1536058378321 HTTP/1.1" 200 28 "http://renault.activities.at/login?required=true" "Mozilla/5.0 (Windows NT 10.0; Win64; x64; rv:61.0) Gecko/20100101 Firefox/61.0"
89.16.198.102 - - [04/Sep/2018:12:53:16 +0200] "GET /reload?ser=1536058397035 HTTP/1.1" 200 28 "http://renault.activities.at/result?dir=DESC&mode=grid&order=name&limit=50&page=2&search=dacia" "Mozilla/5.0 (Windows NT 10.0; WOW64; Trident/7.0; MALC; rv:11.0) like Gecko"
138.21.12.25 - - [04/Sep/2018:12:53:17 +0200] "GET /reload?ser=1536058397656 HTTP/1.1" 200 28 "http://renault.2web.at/result?searchterm=true&search=reh5324" "Mozilla/5.0 (Windows NT 6.1; WOW64; Trident/7.0; rv:11.0) like Gecko"
193.194.132.28 - - [04/Sep/2018:12:53:18 +0200] "GET /reload?ser=1536058398550 HTTP/1.1" 200 28 "http://renault.2web.at/checkout" "Mozilla/5.0 (Windows NT 6.1; WOW64; Trident/7.0; rv:11.0) like Gecko"
193.194.132.28 - - [04/Sep/2018:12:54:02 +0200] "GET /checkout HTTP/1.1" 200 22770 "http://renault.2web.at/result?searchterm=true&search=REH20161026" "Mozilla/5.0 (Windows NT 6.1; WOW64; Trident/7.0; rv:11.0) like Gecko"
193.194.132.28 - - [04/Sep/2018:12:54:07 +0200] "GET /js/default.js HTTP/1.1" 200 14698 "http://renault.2web.at/checkout" "Mozilla/5.0 (Windows NT 6.1; WOW64; Trident/7.0; rv:11.0) like Gecko"
213.153.47.173 - - [04/Sep/2018:12:54:07 +0200] "GET /reload?ser=1536058438971 HTTP/1.1" 200 28 "http://renault.activities.at/login?required=true" "Mozilla/5.0 (Windows NT 10.0; Win64; x64; rv:61.0) Gecko/20100101 Firefox/61.0"
193.194.132.28 - - [04/Sep/2018:12:54:08 +0200] "GET /js/index.php?c=auto&f=,prototype/prototype.js,prototype/validation.js,scriptaculous/builder.js,scriptaculous/effects.js,scriptaculous/dragdrop.js,scriptaculous/controls.js,scriptaculous/slider.js,varien/js.js,varien/form.js,varien/menu.js,mage/translate.js,mage/cookies.js,varien/product.js,spinner/SpinnerControl.jsmin.js,prototype/window.js,prototype/window_ext.js HTTP/1.1" 200 94182 "http://renault.2web.at/checkout" "Mozilla/5.0 (Windows NT 6.1; WOW64; Trident/7.0; rv:11.0) like Gecko"
193.194.132.28 - - [04/Sep/2018:12:54:08 +0200] "GET /css/reset.css HTTP/1.1" 200 1356 "http://renault.2web.at/checkout" "Mozilla/5.0 (Windows NT 6.1; WOW64; Trident/7.0; rv:11.0) like Gecko"
193.194.132.28 - - [04/Sep/2018:12:54:09 +0200] "GET /css/styles.css HTTP/1.1" 200 14664 "http://renault.2web.at/checkout" "Mozilla/5.0 (Windows NT 6.1; WOW64; Trident/7.0; rv:11.0) like Gecko"
193.194.132.28 - - [04/Sep/2018:12:54:09 +0200] "GET /css/clears.css HTTP/1.1" 200 851 "http://renault.2web.at/checkout" "Mozilla/5.0 (Windows NT 6.1; WOW64; Trident/7.0; rv:11.0) like Gecko"
193.194.132.28 - - [04/Sep/2018:12:54:09 +0200] "GET /css/print.css HTTP/1.1" 200 543 "http://renault.2web.at/checkout" "Mozilla/5.0 (Windows NT 6.1; WOW64; Trident/7.0; rv:11.0) like Gecko"
193.194.132.28 - - [04/Sep/2018:12:54:09 +0200] "GET /js/checkout.css HTTP/1.1" 200 359 "http://renault.2web.at/checkout" "Mozilla/5.0 (Windows NT 6.1; WOW64; Trident/7.0; rv:11.0) like Gecko"
193.194.132.28 - - [04/Sep/2018:12:54:10 +0200] "GET /css/prototip.css HTTP/1.1" 200 968 "http://renault.2web.at/checkout" "Mozilla/5.0 (Windows NT 6.1; WOW64; Trident/7.0; rv:11.0) like Gecko"
193.194.132.28 - - [04/Sep/2018:12:54:10 +0200] "GET /css/themes/default.css HTTP/1.1" 200 769 "http://renault.2web.at/checkout" "Mozilla/5.0 (Windows NT 6.1; WOW64; Trident/7.0; rv:11.0) like Gecko"
193.194.132.28 - - [04/Sep/2018:12:54:10 +0200] "GET /css/themes/alphacube.css HTTP/1.1" 200 743 "http://renault.2web.at/checkout" "Mozilla/5.0 (Windows NT 6.1; WOW64; Trident/7.0; rv:11.0) like Gecko"
193.194.132.28 - - [04/Sep/2018:12:54:11 +0200] "GET /js/checkout2.js HTTP/1.1" 304 - "http://renault.2web.at/checkout" "Mozilla/5.0 (Windows NT 6.1; WOW64; Trident/7.0; rv:11.0) like Gecko"
193.194.132.28 - - [04/Sep/2018:12:54:11 +0200] "GET /images/ajax_loading.gif HTTP/1.1" 304 - "http://renault.2web.at/checkout" "Mozilla/5.0 (Windows NT 6.1; WOW64; Trident/7.0; rv:11.0) like Gecko"
193.194.132.28 - - [04/Sep/2018:12:54:11 +0200] "GET /images/main_block_corner_right_bot.gif HTTP/1.1" 304 - "http://renault.2web.at/checkout" "Mozilla/5.0 (Windows NT 6.1; WOW64; Trident/7.0; rv:11.0) like Gecko"
193.194.132.28 - - [04/Sep/2018:12:54:11 +0200] "GET /images/main_block_corner_left_top.gif HTTP/1.1" 304 - "http://renault.2web.at/checkout" "Mozilla/5.0 (Windows NT 6.1; WOW64; Trident/7.0; rv:11.0) like Gecko"
193.194.132.28 - - [04/Sep/2018:12:54:11 +0200] "GET /images/header_block_corner_left_top.gif HTTP/1.1" 304 - "http://renault.2web.at/checkout" "Mozilla/5.0 (Windows NT 6.1; WOW64; Trident/7.0; rv:11.0) like Gecko"
193.194.132.28 - - [04/Sep/2018:12:54:11 +0200] "GET /images/main_block_corner_left_bot.gif HTTP/1.1" 304 - "http://renault.2web.at/checkout" "Mozilla/5.0 (Windows NT 6.1; WOW64; Trident/7.0; rv:11.0) like Gecko"
193.194.132.28 - - [04/Sep/2018:12:54:11 +0200] "GET /images/main_block_corner_right_top.gif HTTP/1.1" 304 - "http://renault.2web.at/checkout" "Mozilla/5.0 (Windows NT 6.1; WOW64; Trident/7.0; rv:11.0) like Gecko"
193.194.132.28 - - [04/Sep/2018:12:54:11 +0200] "GET /images/header_block_corner_right_top.gif HTTP/1.1" 304 - "http://renault.2web.at/checkout" "Mozilla/5.0 (Windows NT 6.1; WOW64; Trident/7.0; rv:11.0) like Gecko"
193.194.132.28 - - [04/Sep/2018:12:54:11 +0200] "GET /images/header_block_border.gif HTTP/1.1" 304 - "http://renault.2web.at/checkout" "Mozilla/5.0 (Windows NT 6.1; WOW64; Trident/7.0; rv:11.0) like Gecko"
193.194.132.28 - - [04/Sep/2018:12:54:11 +0200] "GET /images/main_block_border.gif HTTP/1.1" 304 - "http://renault.2web.at/checkout" "Mozilla/5.0 (Windows NT 6.1; WOW64; Trident/7.0; rv:11.0) like Gecko"
193.194.132.28 - - [04/Sep/2018:12:54:11 +0200] "GET /images/search_bg.gif HTTP/1.1" 304 - "http://renault.2web.at/checkout" "Mozilla/5.0 (Windows NT 6.1; WOW64; Trident/7.0; rv:11.0) like Gecko"
193.194.132.28 - - [04/Sep/2018:12:54:11 +0200] "GET /images/checkout_border_top.gif HTTP/1.1" 304 - "http://renault.2web.at/checkout" "Mozilla/5.0 (Windows NT 6.1; WOW64; Trident/7.0; rv:11.0) like Gecko"
193.194.132.28 - - [04/Sep/2018:12:54:11 +0200] "GET /images/checkout_border.gif HTTP/1.1" 304 - "http://renault.2web.at/checkout" "Mozilla/5.0 (Windows NT 6.1; WOW64; Trident/7.0; rv:11.0) like Gecko"
193.194.132.28 - - [04/Sep/2018:12:54:11 +0200] "GET /images/sidebar_title_corner_right_top.gif HTTP/1.1" 304 - "http://renault.2web.at/checkout" "Mozilla/5.0 (Windows NT 6.1; WOW64; Trident/7.0; rv:11.0) like Gecko"
193.194.132.28 - - [04/Sep/2018:12:54:11 +0200] "GET /images/button_left_bg.gif HTTP/1.1" 304 - "http://renault.2web.at/checkout" "Mozilla/5.0 (Windows NT 6.1; WOW64; Trident/7.0; rv:11.0) like Gecko"
193.194.132.28 - - [04/Sep/2018:12:54:11 +0200] "GET /images/sidebar_title_border.gif HTTP/1.1" 304 - "http://renault.2web.at/checkout" "Mozilla/5.0 (Windows NT 6.1; WOW64; Trident/7.0; rv:11.0) like Gecko"
193.194.132.28 - - [04/Sep/2018:12:54:11 +0200] "GET /images/menu_divider.gif HTTP/1.1" 304 - "http://renault.2web.at/checkout" "Mozilla/5.0 (Windows NT 6.1; WOW64; Trident/7.0; rv:11.0) like Gecko"
193.194.132.28 - - [04/Sep/2018:12:54:11 +0200] "GET /images/sidebar_title_corner_left_top.gif HTTP/1.1" 304 - "http://renault.2web.at/checkout" "Mozilla/5.0 (Windows NT 6.1; WOW64; Trident/7.0; rv:11.0) like Gecko"
193.194.132.28 - - [04/Sep/2018:12:54:11 +0200] "GET /images/menu_button_bg.jpg HTTP/1.1" 304 - "http://renault.2web.at/checkout" "Mozilla/5.0 (Windows NT 6.1; WOW64; Trident/7.0; rv:11.0) like Gecko"
193.194.132.28 - - [04/Sep/2018:12:54:11 +0200] "GET /loadthumbnail.php?id=10202698 HTTP/1.1" 200 16686 "http://renault.2web.at/checkout" "Mozilla/5.0 (Windows NT 6.1; WOW64; Trident/7.0; rv:11.0) like Gecko"
193.194.132.28 - - [04/Sep/2018:12:54:11 +0200] "GET /loadthumbnail.php?id=10201939 HTTP/1.1" 200 201 "http://renault.2web.at/checkout" "Mozilla/5.0 (Windows NT 6.1; WOW64; Trident/7.0; rv:11.0) like Gecko"
193.194.132.28 - - [04/Sep/2018:12:54:11 +0200] "GET /images/button_right_bg.gif HTTP/1.1" 304 - "http://renault.2web.at/checkout" "Mozilla/5.0 (Windows NT 6.1; WOW64; Trident/7.0; rv:11.0) like Gecko"
193.194.132.28 - - [04/Sep/2018:12:54:11 +0200] "GET /images/step_marker.gif HTTP/1.1" 304 - "http://renault.2web.at/checkout" "Mozilla/5.0 (Windows NT 6.1; WOW64; Trident/7.0; rv:11.0) like Gecko"
193.194.132.28 - - [04/Sep/2018:12:54:11 +0200] "GET /images/button_bg.gif HTTP/1.1" 304 - "http://renault.2web.at/checkout" "Mozilla/5.0 (Windows NT 6.1; WOW64; Trident/7.0; rv:11.0) like Gecko"
193.194.132.28 - - [04/Sep/2018:12:54:11 +0200] "GET /images/footer_divider.gif HTTP/1.1" 304 - "http://renault.2web.at/checkout" "Mozilla/5.0 (Windows NT 6.1; WOW64; Trident/7.0; rv:11.0) like Gecko"
193.194.132.28 - - [04/Sep/2018:12:54:11 +0200] "GET /images/top_links_divider.gif HTTP/1.1" 304 - "http://renault.2web.at/checkout" "Mozilla/5.0 (Windows NT 6.1; WOW64; Trident/7.0; rv:11.0) like Gecko"
193.194.132.28 - - [04/Sep/2018:12:54:11 +0200] "GET /images/nav_divider.gif HTTP/1.1" 304 - "http://renault.2web.at/checkout" "Mozilla/5.0 (Windows NT 6.1; WOW64; Trident/7.0; rv:11.0) like Gecko"
193.194.132.28 - - [04/Sep/2018:12:54:11 +0200] "GET /images/sidebar_title_border_top.gif HTTP/1.1" 304 - "http://renault.2web.at/checkout" "Mozilla/5.0 (Windows NT 6.1; WOW64; Trident/7.0; rv:11.0) like Gecko"
193.194.132.28 - - [04/Sep/2018:12:54:11 +0200] "GET /images/step_bg.jpg HTTP/1.1" 304 - "http://renault.2web.at/checkout" "Mozilla/5.0 (Windows NT 6.1; WOW64; Trident/7.0; rv:11.0) like Gecko"
193.194.132.28 - - [04/Sep/2018:12:54:11 +0200] "GET /loadthumbnail.php?id=11127982 HTTP/1.1" 200 399614 "http://renault.2web.at/checkout" "Mozilla/5.0 (Windows NT 6.1; WOW64; Trident/7.0; rv:11.0) like Gecko"
89.16.198.102 - - [04/Sep/2018:12:54:17 +0200] "GET /reload?ser=1536058458044 HTTP/1.1" 200 28 "http://renault.activities.at/result?dir=DESC&mode=grid&order=name&limit=50&page=2&search=dacia" "Mozilla/5.0 (Windows NT 10.0; WOW64; Trident/7.0; MALC; rv:11.0) like Gecko"
138.21.12.25 - - [04/Sep/2018:12:54:18 +0200] "GET /reload?ser=1536058458708 HTTP/1.1" 200 28 "http://renault.2web.at/result?searchterm=true&search=reh5324" "Mozilla/5.0 (Windows NT 6.1; WOW64; Trident/7.0; rv:11.0) like Gecko"
193.194.132.28 - - [04/Sep/2018:12:54:23 +0200] "POST /docheckout HTTP/1.1" 200 446 "http://renault.2web.at/checkout" "Mozilla/5.0 (Windows NT 6.1; WOW64; Trident/7.0; rv:11.0) like Gecko"
193.194.132.28 - - [04/Sep/2018:12:54:27 +0200] "POST /docheckout HTTP/1.1" 200 979 "http://renault.2web.at/checkout" "Mozilla/5.0 (Windows NT 6.1; WOW64; Trident/7.0; rv:11.0) like Gecko"
