66.249.64.139 - - [04/Sep/2018:09:41:24 +0200] "GET /css/prototip.css HTTP/1.1" 200 968 "http://renault.activities.at/" "Mozilla/5.0 (Linux; Android 6.0.1; Nexus 5X Build/MMB29P) AppleWebKit/537.36 (KHTML, like Gecko) Chrome/41.0.2272.96 Mobile Safari/537.36 (compatible; Googlebot/2.1; +http://www.google.com/bot.html)"
193.194.132.28 - - [04/Sep/2018:09:41:52 +0200] "GET /reload?ser=1536046912223 HTTP/1.1" 200 28 "http://renault.2web.at/account?loadrequest=true" "Mozilla/5.0 (Windows NT 6.1; WOW64; Trident/7.0; rv:11.0) like Gecko"
213.153.47.173 - - [04/Sep/2018:09:42:01 +0200] "GET /reload?ser=1536046913277 HTTP/1.1" 200 28 "http://renault.activities.at/login?required=true" "Mozilla/5.0 (Windows NT 10.0; Win64; x64; rv:61.0) Gecko/20100101 Firefox/61.0"
193.194.132.28 - - [04/Sep/2018:09:42:53 +0200] "GET /reload?ser=1536046973358 HTTP/1.1" 200 28 "http://renault.2web.at/account?loadrequest=true" "Mozilla/5.0 (Windows NT 6.1; WOW64; Trident/7.0; rv:11.0) like Gecko"
213.153.47.173 - - [04/Sep/2018:09:43:02 +0200] "GET /reload?ser=1536046973938 HTTP/1.1" 200 28 "http://renault.activities.at/login?required=true" "Mozilla/5.0 (Windows NT 10.0; Win64; x64; rv:61.0) Gecko/20100101 Firefox/61.0"
193.194.132.28 - - [04/Sep/2018:09:43:54 +0200] "GET /reload?ser=1536047034414 HTTP/1.1" 200 28 "http://renault.2web.at/account?loadrequest=true" "Mozilla/5.0 (Windows NT 6.1; WOW64; Trident/7.0; rv:11.0) like Gecko"
213.153.47.173 - - [04/Sep/2018:09:44:02 +0200] "GET /reload?ser=1536047034618 HTTP/1.1" 200 28 "http://renault.activities.at/login?required=true" "Mozilla/5.0 (Windows NT 10.0; Win64; x64; rv:61.0) Gecko/20100101 Firefox/61.0"
213.153.47.173 - - [04/Sep/2018:09:45:03 +0200] "GET /reload?ser=1536047095268 HTTP/1.1" 200 28 "http://renault.activities.at/login?required=true" "Mozilla/5.0 (Windows NT 10.0; Win64; x64; rv:61.0) Gecko/20100101 Firefox/61.0"
193.194.132.28 - - [04/Sep/2018:09:45:07 +0200] "GET /reload?ser=1536047095523 HTTP/1.1" 200 28 "http://renault.2web.at/account?loadrequest=true" "Mozilla/5.0 (Windows NT 6.1; WOW64; Trident/7.0; rv:11.0) like Gecko"
213.153.47.173 - - [04/Sep/2018:09:46:04 +0200] "GET /reload?ser=1536047155917 HTTP/1.1" 200 28 "http://renault.activities.at/login?required=true" "Mozilla/5.0 (Windows NT 10.0; Win64; x64; rv:61.0) Gecko/20100101 Firefox/61.0"
193.194.132.28 - - [04/Sep/2018:09:46:08 +0200] "GET /reload?ser=1536047168649 HTTP/1.1" 200 28 "http://renault.2web.at/account?loadrequest=true" "Mozilla/5.0 (Windows NT 6.1; WOW64; Trident/7.0; rv:11.0) like Gecko"
213.153.47.173 - - [04/Sep/2018:09:47:04 +0200] "GET /reload?ser=1536047216587 HTTP/1.1" 200 28 "http://renault.activities.at/login?required=true" "Mozilla/5.0 (Windows NT 10.0; Win64; x64; rv:61.0) Gecko/20100101 Firefox/61.0"
193.194.132.28 - - [04/Sep/2018:09:47:09 +0200] "GET /reload?ser=1536047229770 HTTP/1.1" 200 28 "http://renault.2web.at/account?loadrequest=true" "Mozilla/5.0 (Windows NT 6.1; WOW64; Trident/7.0; rv:11.0) like Gecko"
213.153.47.173 - - [04/Sep/2018:09:48:05 +0200] "GET /reload?ser=1536047277247 HTTP/1.1" 200 28 "http://renault.activities.at/login?required=true" "Mozilla/5.0 (Windows NT 10.0; Win64; x64; rv:61.0) Gecko/20100101 Firefox/61.0"
193.194.132.28 - - [04/Sep/2018:09:48:10 +0200] "GET /reload?ser=1536047290882 HTTP/1.1" 200 28 "http://renault.2web.at/account?loadrequest=true" "Mozilla/5.0 (Windows NT 6.1; WOW64; Trident/7.0; rv:11.0) like Gecko"
91.113.165.162 - - [04/Sep/2018:09:48:12 +0200] "GET / HTTP/1.1" 200 3683 "-" "Mozilla/5.0 (Windows NT 6.1; WOW64; Trident/7.0; rv:11.0) like Gecko"
91.113.165.162 - - [04/Sep/2018:09:48:13 +0200] "GET /js/flashdetection.js HTTP/1.1" 200 1059 "http://renault.activities.at/" "Mozilla/5.0 (Windows NT 6.1; WOW64; Trident/7.0; rv:11.0) like Gecko"
91.113.165.162 - - [04/Sep/2018:09:48:13 +0200] "GET /css/reset.css HTTP/1.1" 200 1356 "http://renault.activities.at/" "Mozilla/5.0 (Windows NT 6.1; WOW64; Trident/7.0; rv:11.0) like Gecko"
91.113.165.162 - - [04/Sep/2018:09:48:13 +0200] "GET /css/clears.css HTTP/1.1" 200 851 "http://renault.activities.at/" "Mozilla/5.0 (Windows NT 6.1; WOW64; Trident/7.0; rv:11.0) like Gecko"
91.113.165.162 - - [04/Sep/2018:09:48:13 +0200] "GET /js/default.js HTTP/1.1" 200 14698 "http://renault.activities.at/" "Mozilla/5.0 (Windows NT 6.1; WOW64; Trident/7.0; rv:11.0) like Gecko"
91.113.165.162 - - [04/Sep/2018:09:48:13 +0200] "GET /css/styles.css HTTP/1.1" 200 14664 "http://renault.activities.at/" "Mozilla/5.0 (Windows NT 6.1; WOW64; Trident/7.0; rv:11.0) like Gecko"
91.113.165.162 - - [04/Sep/2018:09:48:13 +0200] "GET /css/print.css HTTP/1.1" 200 543 "http://renault.activities.at/" "Mozilla/5.0 (Windows NT 6.1; WOW64; Trident/7.0; rv:11.0) like Gecko"
91.113.165.162 - - [04/Sep/2018:09:48:13 +0200] "GET /js/checkout.css HTTP/1.1" 200 359 "http://renault.activities.at/" "Mozilla/5.0 (Windows NT 6.1; WOW64; Trident/7.0; rv:11.0) like Gecko"
91.113.165.162 - - [04/Sep/2018:09:48:13 +0200] "GET /css/prototip.css HTTP/1.1" 200 968 "http://renault.activities.at/" "Mozilla/5.0 (Windows NT 6.1; WOW64; Trident/7.0; rv:11.0) like Gecko"
91.113.165.162 - - [04/Sep/2018:09:48:13 +0200] "GET /css/themes/default.css HTTP/1.1" 200 769 "http://renault.activities.at/" "Mozilla/5.0 (Windows NT 6.1; WOW64; Trident/7.0; rv:11.0) like Gecko"
91.113.165.162 - - [04/Sep/2018:09:48:13 +0200] "GET /css/themes/alphacube.css HTTP/1.1" 200 743 "http://renault.activities.at/" "Mozilla/5.0 (Windows NT 6.1; WOW64; Trident/7.0; rv:11.0) like Gecko"
91.113.165.162 - - [04/Sep/2018:09:48:13 +0200] "GET /js/index.php?c=auto&f=,prototype/prototype.js,prototype/validation.js,scriptaculous/builder.js,scriptaculous/effects.js,scriptaculous/dragdrop.js,scriptaculous/controls.js,scriptaculous/slider.js,varien/js.js,varien/form.js,varien/menu.js,mage/translate.js,mage/cookies.js,varien/product.js,spinner/SpinnerControl.jsmin.js,prototype/window.js,prototype/window_ext.js HTTP/1.1" 200 94182 "http://renault.activities.at/" "Mozilla/5.0 (Windows NT 6.1; WOW64; Trident/7.0; rv:11.0) like Gecko"
91.113.165.162 - - [04/Sep/2018:09:48:13 +0200] "GET /images/header_block_border.gif HTTP/1.1" 200 43 "http://renault.activities.at/" "Mozilla/5.0 (Windows NT 6.1; WOW64; Trident/7.0; rv:11.0) like Gecko"
91.113.165.162 - - [04/Sep/2018:09:48:13 +0200] "GET /images/header_block_corner_left_top.gif HTTP/1.1" 200 160 "http://renault.activities.at/" "Mozilla/5.0 (Windows NT 6.1; WOW64; Trident/7.0; rv:11.0) like Gecko"
91.113.165.162 - - [04/Sep/2018:09:48:13 +0200] "GET /images/main_block_corner_right_bot.gif HTTP/1.1" 200 158 "http://renault.activities.at/" "Mozilla/5.0 (Windows NT 6.1; WOW64; Trident/7.0; rv:11.0) like Gecko"
91.113.165.162 - - [04/Sep/2018:09:48:13 +0200] "GET /images/main_block_corner_left_bot.gif HTTP/1.1" 200 159 "http://renault.activities.at/" "Mozilla/5.0 (Windows NT 6.1; WOW64; Trident/7.0; rv:11.0) like Gecko"
91.113.165.162 - - [04/Sep/2018:09:48:13 +0200] "GET /images/main_block_border.gif HTTP/1.1" 200 43 "http://renault.activities.at/" "Mozilla/5.0 (Windows NT 6.1; WOW64; Trident/7.0; rv:11.0) like Gecko"
91.113.165.162 - - [04/Sep/2018:09:48:13 +0200] "GET /images/favicon.ico HTTP/1.1" 404 305 "-" "Mozilla/5.0 (Windows NT 6.1; WOW64; Trident/7.0; rv:11.0) like Gecko"
213.153.47.173 - - [04/Sep/2018:09:49:06 +0200] "GET /reload?ser=1536047337957 HTTP/1.1" 200 28 "http://renault.activities.at/login?required=true" "Mozilla/5.0 (Windows NT 10.0; Win64; x64; rv:61.0) Gecko/20100101 Firefox/61.0"
193.194.132.28 - - [04/Sep/2018:09:49:11 +0200] "GET /reload?ser=1536047351935 HTTP/1.1" 200 28 "http://renault.2web.at/account?loadrequest=true" "Mozilla/5.0 (Windows NT 6.1; WOW64; Trident/7.0; rv:11.0) like Gecko"
213.153.47.173 - - [04/Sep/2018:09:50:06 +0200] "GET /reload?ser=1536047398638 HTTP/1.1" 200 28 "http://renault.activities.at/login?required=true" "Mozilla/5.0 (Windows NT 10.0; Win64; x64; rv:61.0) Gecko/20100101 Firefox/61.0"
193.194.132.28 - - [04/Sep/2018:09:50:13 +0200] "GET /reload?ser=1536047413057 HTTP/1.1" 200 28 "http://renault.2web.at/account?loadrequest=true" "Mozilla/5.0 (Windows NT 6.1; WOW64; Trident/7.0; rv:11.0) like Gecko"
213.153.47.173 - - [04/Sep/2018:09:51:07 +0200] "GET /reload?ser=1536047459297 HTTP/1.1" 200 28 "http://renault.activities.at/login?required=true" "Mozilla/5.0 (Windows NT 10.0; Win64; x64; rv:61.0) Gecko/20100101 Firefox/61.0"
193.194.132.28 - - [04/Sep/2018:09:51:14 +0200] "GET /reload?ser=1536047474077 HTTP/1.1" 200 28 "http://renault.2web.at/account?loadrequest=true" "Mozilla/5.0 (Windows NT 6.1; WOW64; Trident/7.0; rv:11.0) like Gecko"
213.153.47.173 - - [04/Sep/2018:09:52:08 +0200] "GET /reload?ser=1536047519967 HTTP/1.1" 200 28 "http://renault.activities.at/login?required=true" "Mozilla/5.0 (Windows NT 10.0; Win64; x64; rv:61.0) Gecko/20100101 Firefox/61.0"
193.194.132.28 - - [04/Sep/2018:09:52:15 +0200] "GET /reload?ser=1536047535152 HTTP/1.1" 200 28 "http://renault.2web.at/account?loadrequest=true" "Mozilla/5.0 (Windows NT 6.1; WOW64; Trident/7.0; rv:11.0) like Gecko"
80.80.251.48 - - [04/Sep/2018:09:52:26 +0200] "GET / HTTP/1.1" 200 3683 "-" "Mozilla/5.0 (Windows NT 10.0; Win64; x64) AppleWebKit/537.36 (KHTML, like Gecko) Chrome/68.0.3440.106 Safari/537.36"
80.80.251.48 - - [04/Sep/2018:09:52:27 +0200] "GET /js/default.js HTTP/1.1" 200 14698 "http://renault.activities.at/" "Mozilla/5.0 (Windows NT 10.0; Win64; x64) AppleWebKit/537.36 (KHTML, like Gecko) Chrome/68.0.3440.106 Safari/537.36"
80.80.251.48 - - [04/Sep/2018:09:52:27 +0200] "GET /css/reset.css HTTP/1.1" 200 1356 "http://renault.activities.at/" "Mozilla/5.0 (Windows NT 10.0; Win64; x64) AppleWebKit/537.36 (KHTML, like Gecko) Chrome/68.0.3440.106 Safari/537.36"
80.80.251.48 - - [04/Sep/2018:09:52:27 +0200] "GET /css/clears.css HTTP/1.1" 200 851 "http://renault.activities.at/" "Mozilla/5.0 (Windows NT 10.0; Win64; x64) AppleWebKit/537.36 (KHTML, like Gecko) Chrome/68.0.3440.106 Safari/537.36"
80.80.251.48 - - [04/Sep/2018:09:52:27 +0200] "GET /js/checkout.css HTTP/1.1" 200 359 "http://renault.activities.at/" "Mozilla/5.0 (Windows NT 10.0; Win64; x64) AppleWebKit/537.36 (KHTML, like Gecko) Chrome/68.0.3440.106 Safari/537.36"
80.80.251.48 - - [04/Sep/2018:09:52:27 +0200] "GET /css/prototip.css HTTP/1.1" 200 968 "http://renault.activities.at/" "Mozilla/5.0 (Windows NT 10.0; Win64; x64) AppleWebKit/537.36 (KHTML, like Gecko) Chrome/68.0.3440.106 Safari/537.36"
80.80.251.48 - - [04/Sep/2018:09:52:27 +0200] "GET /css/styles.css HTTP/1.1" 200 14664 "http://renault.activities.at/" "Mozilla/5.0 (Windows NT 10.0; Win64; x64) AppleWebKit/537.36 (KHTML, like Gecko) Chrome/68.0.3440.106 Safari/537.36"
80.80.251.48 - - [04/Sep/2018:09:52:27 +0200] "GET /css/themes/default.css HTTP/1.1" 200 769 "http://renault.activities.at/" "Mozilla/5.0 (Windows NT 10.0; Win64; x64) AppleWebKit/537.36 (KHTML, like Gecko) Chrome/68.0.3440.106 Safari/537.36"
80.80.251.48 - - [04/Sep/2018:09:52:27 +0200] "GET /css/themes/alphacube.css HTTP/1.1" 200 743 "http://renault.activities.at/" "Mozilla/5.0 (Windows NT 10.0; Win64; x64) AppleWebKit/537.36 (KHTML, like Gecko) Chrome/68.0.3440.106 Safari/537.36"
80.80.251.48 - - [04/Sep/2018:09:52:27 +0200] "GET /js/flashdetection.js HTTP/1.1" 200 1059 "http://renault.activities.at/" "Mozilla/5.0 (Windows NT 10.0; Win64; x64) AppleWebKit/537.36 (KHTML, like Gecko) Chrome/68.0.3440.106 Safari/537.36"
80.80.251.48 - - [04/Sep/2018:09:52:27 +0200] "GET /js/index.php?c=auto&f=,prototype/prototype.js,prototype/validation.js,scriptaculous/builder.js,scriptaculous/effects.js,scriptaculous/dragdrop.js,scriptaculous/controls.js,scriptaculous/slider.js,varien/js.js,varien/form.js,varien/menu.js,mage/translate.js,mage/cookies.js,varien/product.js,spinner/SpinnerControl.jsmin.js,prototype/window.js,prototype/window_ext.js HTTP/1.1" 200 94182 "http://renault.activities.at/" "Mozilla/5.0 (Windows NT 10.0; Win64; x64) AppleWebKit/537.36 (KHTML, like Gecko) Chrome/68.0.3440.106 Safari/537.36"
80.80.251.48 - - [04/Sep/2018:09:52:27 +0200] "GET /images/main_block_border.gif HTTP/1.1" 200 43 "http://renault.activities.at/css/styles.css" "Mozilla/5.0 (Windows NT 10.0; Win64; x64) AppleWebKit/537.36 (KHTML, like Gecko) Chrome/68.0.3440.106 Safari/537.36"
80.80.251.48 - - [04/Sep/2018:09:52:27 +0200] "GET /images/main_block_corner_left_top.gif HTTP/1.1" 200 159 "http://renault.activities.at/css/styles.css" "Mozilla/5.0 (Windows NT 10.0; Win64; x64) AppleWebKit/537.36 (KHTML, like Gecko) Chrome/68.0.3440.106 Safari/537.36"
80.80.251.48 - - [04/Sep/2018:09:52:27 +0200] "GET /images/main_block_corner_right_top.gif HTTP/1.1" 200 159 "http://renault.activities.at/css/styles.css" "Mozilla/5.0 (Windows NT 10.0; Win64; x64) AppleWebKit/537.36 (KHTML, like Gecko) Chrome/68.0.3440.106 Safari/537.36"
80.80.251.48 - - [04/Sep/2018:09:52:27 +0200] "GET /images/main_block_corner_left_bot.gif HTTP/1.1" 200 159 "http://renault.activities.at/css/styles.css" "Mozilla/5.0 (Windows NT 10.0; Win64; x64) AppleWebKit/537.36 (KHTML, like Gecko) Chrome/68.0.3440.106 Safari/537.36"
80.80.251.48 - - [04/Sep/2018:09:52:27 +0200] "GET /images/main_block_corner_right_bot.gif HTTP/1.1" 200 158 "http://renault.activities.at/css/styles.css" "Mozilla/5.0 (Windows NT 10.0; Win64; x64) AppleWebKit/537.36 (KHTML, like Gecko) Chrome/68.0.3440.106 Safari/537.36"
80.80.251.48 - - [04/Sep/2018:09:52:27 +0200] "GET /css/print.css HTTP/1.1" 200 543 "http://renault.activities.at/" "Mozilla/5.0 (Windows NT 10.0; Win64; x64) AppleWebKit/537.36 (KHTML, like Gecko) Chrome/68.0.3440.106 Safari/537.36"
80.80.251.48 - - [04/Sep/2018:09:52:27 +0200] "GET /images/title_border.jpg HTTP/1.1" 200 304 "http://renault.activities.at/css/styles.css" "Mozilla/5.0 (Windows NT 10.0; Win64; x64) AppleWebKit/537.36 (KHTML, like Gecko) Chrome/68.0.3440.106 Safari/537.36"
80.80.251.48 - - [04/Sep/2018:09:52:27 +0200] "GET /images/title_border_top.jpg HTTP/1.1" 200 336 "http://renault.activities.at/css/styles.css" "Mozilla/5.0 (Windows NT 10.0; Win64; x64) AppleWebKit/537.36 (KHTML, like Gecko) Chrome/68.0.3440.106 Safari/537.36"
80.80.251.48 - - [04/Sep/2018:09:52:27 +0200] "GET /images/title_corner_left_top.jpg HTTP/1.1" 200 372 "http://renault.activities.at/css/styles.css" "Mozilla/5.0 (Windows NT 10.0; Win64; x64) AppleWebKit/537.36 (KHTML, like Gecko) Chrome/68.0.3440.106 Safari/537.36"
80.80.251.48 - - [04/Sep/2018:09:52:27 +0200] "GET /images/title_corner_right_top.jpg HTTP/1.1" 200 389 "http://renault.activities.at/css/styles.css" "Mozilla/5.0 (Windows NT 10.0; Win64; x64) AppleWebKit/537.36 (KHTML, like Gecko) Chrome/68.0.3440.106 Safari/537.36"
80.80.251.48 - - [04/Sep/2018:09:52:27 +0200] "GET /images/header_block_border.gif HTTP/1.1" 200 43 "http://renault.activities.at/css/styles.css" "Mozilla/5.0 (Windows NT 10.0; Win64; x64) AppleWebKit/537.36 (KHTML, like Gecko) Chrome/68.0.3440.106 Safari/537.36"
80.80.251.48 - - [04/Sep/2018:09:52:27 +0200] "GET /images/header_block_corner_left_top.gif HTTP/1.1" 200 160 "http://renault.activities.at/css/styles.css" "Mozilla/5.0 (Windows NT 10.0; Win64; x64) AppleWebKit/537.36 (KHTML, like Gecko) Chrome/68.0.3440.106 Safari/537.36"
80.80.251.48 - - [04/Sep/2018:09:52:27 +0200] "GET /images/header_block_corner_right_top.gif HTTP/1.1" 200 160 "http://renault.activities.at/css/styles.css" "Mozilla/5.0 (Windows NT 10.0; Win64; x64) AppleWebKit/537.36 (KHTML, like Gecko) Chrome/68.0.3440.106 Safari/537.36"
80.80.251.48 - - [04/Sep/2018:09:52:27 +0200] "GET /loadthumbnail.php?id=11127982 HTTP/1.1" 200 399614 "http://renault.activities.at/" "Mozilla/5.0 (Windows NT 10.0; Win64; x64) AppleWebKit/537.36 (KHTML, like Gecko) Chrome/68.0.3440.106 Safari/537.36"
80.80.251.48 - - [04/Sep/2018:09:52:28 +0200] "GET /images/favicon.ico HTTP/1.1" 404 305 "http://renault.activities.at/" "Mozilla/5.0 (Windows NT 10.0; Win64; x64) AppleWebKit/537.36 (KHTML, like Gecko) Chrome/68.0.3440.106 Safari/537.36"
213.153.47.173 - - [04/Sep/2018:09:53:08 +0200] "GET /reload?ser=1536047580648 HTTP/1.1" 200 28 "http://renault.activities.at/login?required=true" "Mozilla/5.0 (Windows NT 10.0; Win64; x64; rv:61.0) Gecko/20100101 Firefox/61.0"
193.194.132.28 - - [04/Sep/2018:09:53:16 +0200] "GET /reload?ser=1536047596412 HTTP/1.1" 200 28 "http://renault.2web.at/account?loadrequest=true" "Mozilla/5.0 (Windows NT 6.1; WOW64; Trident/7.0; rv:11.0) like Gecko"
80.80.251.48 - - [04/Sep/2018:09:53:28 +0200] "GET /reload?ser=1536047608369 HTTP/1.1" 200 28 "http://renault.activities.at/" "Mozilla/5.0 (Windows NT 10.0; Win64; x64) AppleWebKit/537.36 (KHTML, like Gecko) Chrome/68.0.3440.106 Safari/537.36"
213.153.47.173 - - [04/Sep/2018:09:54:09 +0200] "GET /reload?ser=1536047641317 HTTP/1.1" 200 28 "http://renault.activities.at/login?required=true" "Mozilla/5.0 (Windows NT 10.0; Win64; x64; rv:61.0) Gecko/20100101 Firefox/61.0"
193.194.132.28 - - [04/Sep/2018:09:54:17 +0200] "GET /reload?ser=1536047657526 HTTP/1.1" 200 28 "http://renault.2web.at/account?loadrequest=true" "Mozilla/5.0 (Windows NT 6.1; WOW64; Trident/7.0; rv:11.0) like Gecko"
80.80.251.48 - - [04/Sep/2018:09:54:29 +0200] "GET /reload?ser=1536047669015 HTTP/1.1" 200 28 "http://renault.activities.at/" "Mozilla/5.0 (Windows NT 10.0; Win64; x64) AppleWebKit/537.36 (KHTML, like Gecko) Chrome/68.0.3440.106 Safari/537.36"
213.153.47.173 - - [04/Sep/2018:09:55:10 +0200] "GET /reload?ser=1536047701967 HTTP/1.1" 200 28 "http://renault.activities.at/login?required=true" "Mozilla/5.0 (Windows NT 10.0; Win64; x64; rv:61.0) Gecko/20100101 Firefox/61.0"
193.194.132.28 - - [04/Sep/2018:09:55:18 +0200] "GET /reload?ser=1536047718639 HTTP/1.1" 200 28 "http://renault.2web.at/account?loadrequest=true" "Mozilla/5.0 (Windows NT 6.1; WOW64; Trident/7.0; rv:11.0) like Gecko"
80.80.251.48 - - [04/Sep/2018:09:55:30 +0200] "GET /reload?ser=1536047730575 HTTP/1.1" 200 28 "http://renault.activities.at/" "Mozilla/5.0 (Windows NT 10.0; Win64; x64) AppleWebKit/537.36 (KHTML, like Gecko) Chrome/68.0.3440.106 Safari/537.36"
213.153.47.173 - - [04/Sep/2018:09:56:10 +0200] "GET /reload?ser=1536047762618 HTTP/1.1" 200 28 "http://renault.activities.at/login?required=true" "Mozilla/5.0 (Windows NT 10.0; Win64; x64; rv:61.0) Gecko/20100101 Firefox/61.0"
193.194.132.28 - - [04/Sep/2018:09:56:19 +0200] "GET /reload?ser=1536047779778 HTTP/1.1" 200 28 "http://renault.2web.at/account?loadrequest=true" "Mozilla/5.0 (Windows NT 6.1; WOW64; Trident/7.0; rv:11.0) like Gecko"
80.80.251.48 - - [04/Sep/2018:09:56:31 +0200] "GET /reload?ser=1536047791574 HTTP/1.1" 200 28 "http://renault.activities.at/" "Mozilla/5.0 (Windows NT 10.0; Win64; x64) AppleWebKit/537.36 (KHTML, like Gecko) Chrome/68.0.3440.106 Safari/537.36"
213.153.47.173 - - [04/Sep/2018:09:57:11 +0200] "GET /reload?ser=1536047823266 HTTP/1.1" 200 28 "http://renault.activities.at/login?required=true" "Mozilla/5.0 (Windows NT 10.0; Win64; x64; rv:61.0) Gecko/20100101 Firefox/61.0"
193.194.132.28 - - [04/Sep/2018:09:57:21 +0200] "GET /reload?ser=1536047840903 HTTP/1.1" 200 28 "http://renault.2web.at/account?loadrequest=true" "Mozilla/5.0 (Windows NT 6.1; WOW64; Trident/7.0; rv:11.0) like Gecko"
80.80.251.48 - - [04/Sep/2018:09:57:32 +0200] "GET /reload?ser=1536047852575 HTTP/1.1" 200 28 "http://renault.activities.at/" "Mozilla/5.0 (Windows NT 10.0; Win64; x64) AppleWebKit/537.36 (KHTML, like Gecko) Chrome/68.0.3440.106 Safari/537.36"
213.153.47.173 - - [04/Sep/2018:09:58:12 +0200] "GET /reload?ser=1536047883917 HTTP/1.1" 200 28 "http://renault.activities.at/login?required=true" "Mozilla/5.0 (Windows NT 10.0; Win64; x64; rv:61.0) Gecko/20100101 Firefox/61.0"
193.194.132.28 - - [04/Sep/2018:09:58:22 +0200] "GET /reload?ser=1536047902015 HTTP/1.1" 200 28 "http://renault.2web.at/account?loadrequest=true" "Mozilla/5.0 (Windows NT 6.1; WOW64; Trident/7.0; rv:11.0) like Gecko"
87.250.224.32 - - [04/Sep/2018:09:58:31 +0200] "GET /robots.txt HTTP/1.1" 404 372 "-" "Mozilla/5.0 (compatible; YandexBot/3.0; +http://yandex.com/bots)"
80.80.251.48 - - [04/Sep/2018:09:58:33 +0200] "GET /reload?ser=1536047913575 HTTP/1.1" 200 28 "http://renault.activities.at/" "Mozilla/5.0 (Windows NT 10.0; Win64; x64) AppleWebKit/537.36 (KHTML, like Gecko) Chrome/68.0.3440.106 Safari/537.36"
87.250.224.32 - - [04/Sep/2018:09:58:35 +0200] "GET / HTTP/1.1" 200 3683 "-" "Mozilla/5.0 (compatible; YandexBot/3.0; +http://yandex.com/bots)"
213.153.47.173 - - [04/Sep/2018:09:59:12 +0200] "GET /reload?ser=1536047944577 HTTP/1.1" 200 28 "http://renault.activities.at/login?required=true" "Mozilla/5.0 (Windows NT 10.0; Win64; x64; rv:61.0) Gecko/20100101 Firefox/61.0"
193.194.132.28 - - [04/Sep/2018:09:59:23 +0200] "GET /reload?ser=1536047963123 HTTP/1.1" 200 28 "http://renault.2web.at/account?loadrequest=true" "Mozilla/5.0 (Windows NT 6.1; WOW64; Trident/7.0; rv:11.0) like Gecko"
80.80.251.48 - - [04/Sep/2018:09:59:34 +0200] "GET /reload?ser=1536047974575 HTTP/1.1" 200 28 "http://renault.activities.at/" "Mozilla/5.0 (Windows NT 10.0; Win64; x64) AppleWebKit/537.36 (KHTML, like Gecko) Chrome/68.0.3440.106 Safari/537.36"
213.153.47.173 - - [04/Sep/2018:10:00:13 +0200] "GET /reload?ser=1536048005231 HTTP/1.1" 200 28 "http://renault.activities.at/login?required=true" "Mozilla/5.0 (Windows NT 10.0; Win64; x64; rv:61.0) Gecko/20100101 Firefox/61.0"
193.194.132.28 - - [04/Sep/2018:10:00:24 +0200] "GET /reload?ser=1536048024234 HTTP/1.1" 200 28 "http://renault.2web.at/account?loadrequest=true" "Mozilla/5.0 (Windows NT 6.1; WOW64; Trident/7.0; rv:11.0) like Gecko"
80.80.251.48 - - [04/Sep/2018:10:00:35 +0200] "GET /reload?ser=1536048035207 HTTP/1.1" 200 28 "http://renault.activities.at/" "Mozilla/5.0 (Windows NT 10.0; Win64; x64) AppleWebKit/537.36 (KHTML, like Gecko) Chrome/68.0.3440.106 Safari/537.36"
213.153.47.173 - - [04/Sep/2018:10:01:14 +0200] "GET /reload?ser=1536048065877 HTTP/1.1" 200 28 "http://renault.activities.at/login?required=true" "Mozilla/5.0 (Windows NT 10.0; Win64; x64; rv:61.0) Gecko/20100101 Firefox/61.0"
193.194.132.28 - - [04/Sep/2018:10:01:25 +0200] "GET /reload?ser=1536048085359 HTTP/1.1" 200 28 "http://renault.2web.at/account?loadrequest=true" "Mozilla/5.0 (Windows NT 6.1; WOW64; Trident/7.0; rv:11.0) like Gecko"
80.80.251.48 - - [04/Sep/2018:10:01:35 +0200] "GET /reload?ser=1536048095842 HTTP/1.1" 200 28 "http://renault.activities.at/" "Mozilla/5.0 (Windows NT 10.0; Win64; x64) AppleWebKit/537.36 (KHTML, like Gecko) Chrome/68.0.3440.106 Safari/537.36"
213.153.47.173 - - [04/Sep/2018:10:02:14 +0200] "GET /reload?ser=1536048126537 HTTP/1.1" 200 28 "http://renault.activities.at/login?required=true" "Mozilla/5.0 (Windows NT 10.0; Win64; x64; rv:61.0) Gecko/20100101 Firefox/61.0"
138.21.12.25 - - [04/Sep/2018:10:02:20 +0200] "GET / HTTP/1.1" 200 3694 "-" "Mozilla/5.0 (Windows NT 6.1; WOW64; Trident/7.0; rv:11.0) like Gecko"
138.21.12.25 - - [04/Sep/2018:10:02:22 +0200] "GET /js/default.js HTTP/1.1" 304 - "http://renault.2web.at/" "Mozilla/5.0 (Windows NT 6.1; WOW64; Trident/7.0; rv:11.0) like Gecko"
138.21.12.25 - - [04/Sep/2018:10:02:22 +0200] "GET /css/styles.css HTTP/1.1" 304 - "http://renault.2web.at/" "Mozilla/5.0 (Windows NT 6.1; WOW64; Trident/7.0; rv:11.0) like Gecko"
138.21.12.25 - - [04/Sep/2018:10:02:22 +0200] "GET /js/flashdetection.js HTTP/1.1" 304 - "http://renault.2web.at/" "Mozilla/5.0 (Windows NT 6.1; WOW64; Trident/7.0; rv:11.0) like Gecko"
138.21.12.25 - - [04/Sep/2018:10:02:22 +0200] "GET /css/clears.css HTTP/1.1" 304 - "http://renault.2web.at/" "Mozilla/5.0 (Windows NT 6.1; WOW64; Trident/7.0; rv:11.0) like Gecko"
138.21.12.25 - - [04/Sep/2018:10:02:22 +0200] "GET /css/reset.css HTTP/1.1" 304 - "http://renault.2web.at/" "Mozilla/5.0 (Windows NT 6.1; WOW64; Trident/7.0; rv:11.0) like Gecko"
138.21.12.25 - - [04/Sep/2018:10:02:22 +0200] "GET /css/print.css HTTP/1.1" 304 - "http://renault.2web.at/" "Mozilla/5.0 (Windows NT 6.1; WOW64; Trident/7.0; rv:11.0) like Gecko"
138.21.12.25 - - [04/Sep/2018:10:02:22 +0200] "GET /js/checkout.css HTTP/1.1" 304 - "http://renault.2web.at/" "Mozilla/5.0 (Windows NT 6.1; WOW64; Trident/7.0; rv:11.0) like Gecko"
138.21.12.25 - - [04/Sep/2018:10:02:22 +0200] "GET /css/themes/alphacube.css HTTP/1.1" 304 - "http://renault.2web.at/" "Mozilla/5.0 (Windows NT 6.1; WOW64; Trident/7.0; rv:11.0) like Gecko"
138.21.12.25 - - [04/Sep/2018:10:02:22 +0200] "GET /css/themes/default.css HTTP/1.1" 304 - "http://renault.2web.at/" "Mozilla/5.0 (Windows NT 6.1; WOW64; Trident/7.0; rv:11.0) like Gecko"
138.21.12.25 - - [04/Sep/2018:10:02:22 +0200] "GET /css/prototip.css HTTP/1.1" 304 - "http://renault.2web.at/" "Mozilla/5.0 (Windows NT 6.1; WOW64; Trident/7.0; rv:11.0) like Gecko"
138.21.12.25 - - [04/Sep/2018:10:02:22 +0200] "GET /images/main_block_corner_left_bot.gif HTTP/1.1" 304 - "http://renault.2web.at/" "Mozilla/5.0 (Windows NT 6.1; WOW64; Trident/7.0; rv:11.0) like Gecko"
138.21.12.25 - - [04/Sep/2018:10:02:22 +0200] "GET /images/main_block_corner_right_bot.gif HTTP/1.1" 304 - "http://renault.2web.at/" "Mozilla/5.0 (Windows NT 6.1; WOW64; Trident/7.0; rv:11.0) like Gecko"
138.21.12.25 - - [04/Sep/2018:10:02:22 +0200] "GET /images/header_block_corner_left_top.gif HTTP/1.1" 304 - "http://renault.2web.at/" "Mozilla/5.0 (Windows NT 6.1; WOW64; Trident/7.0; rv:11.0) like Gecko"
138.21.12.25 - - [04/Sep/2018:10:02:22 +0200] "GET /images/header_block_border.gif HTTP/1.1" 304 - "http://renault.2web.at/" "Mozilla/5.0 (Windows NT 6.1; WOW64; Trident/7.0; rv:11.0) like Gecko"
138.21.12.25 - - [04/Sep/2018:10:02:22 +0200] "GET /images/main_block_border.gif HTTP/1.1" 304 - "http://renault.2web.at/" "Mozilla/5.0 (Windows NT 6.1; WOW64; Trident/7.0; rv:11.0) like Gecko"
138.21.12.25 - - [04/Sep/2018:10:02:22 +0200] "GET /images/header_block_corner_right_top.gif HTTP/1.1" 304 - "http://renault.2web.at/" "Mozilla/5.0 (Windows NT 6.1; WOW64; Trident/7.0; rv:11.0) like Gecko"
138.21.12.25 - - [04/Sep/2018:10:02:22 +0200] "GET /images/main_block_corner_left_top.gif HTTP/1.1" 304 - "http://renault.2web.at/" "Mozilla/5.0 (Windows NT 6.1; WOW64; Trident/7.0; rv:11.0) like Gecko"
138.21.12.25 - - [04/Sep/2018:10:02:22 +0200] "GET /images/title_border.jpg HTTP/1.1" 304 - "http://renault.2web.at/" "Mozilla/5.0 (Windows NT 6.1; WOW64; Trident/7.0; rv:11.0) like Gecko"
138.21.12.25 - - [04/Sep/2018:10:02:22 +0200] "GET /images/main_block_corner_right_top.gif HTTP/1.1" 304 - "http://renault.2web.at/" "Mozilla/5.0 (Windows NT 6.1; WOW64; Trident/7.0; rv:11.0) like Gecko"
138.21.12.25 - - [04/Sep/2018:10:02:22 +0200] "GET /images/title_border_top.jpg HTTP/1.1" 304 - "http://renault.2web.at/" "Mozilla/5.0 (Windows NT 6.1; WOW64; Trident/7.0; rv:11.0) like Gecko"
138.21.12.25 - - [04/Sep/2018:10:02:22 +0200] "GET /images/title_corner_left_top.jpg HTTP/1.1" 304 - "http://renault.2web.at/" "Mozilla/5.0 (Windows NT 6.1; WOW64; Trident/7.0; rv:11.0) like Gecko"
138.21.12.25 - - [04/Sep/2018:10:02:22 +0200] "GET /images/title_corner_right_top.jpg HTTP/1.1" 304 - "http://renault.2web.at/" "Mozilla/5.0 (Windows NT 6.1; WOW64; Trident/7.0; rv:11.0) like Gecko"
138.21.12.21 - - [04/Sep/2018:10:02:22 +0200] "GET /loadthumbnail.php?id=11127982 HTTP/1.1" 200 586642 "-" "Mozilla/4.0 (compatible;)"
138.21.12.25 - - [04/Sep/2018:10:02:23 +0200] "GET /login HTTP/1.1" 200 2095 "http://renault.2web.at/" "Mozilla/5.0 (Windows NT 6.1; WOW64; Trident/7.0; rv:11.0) like Gecko"
138.21.12.25 - - [04/Sep/2018:10:02:24 +0200] "GET /images/button_right_bg.gif HTTP/1.1" 304 - "http://renault.2web.at/login" "Mozilla/5.0 (Windows NT 6.1; WOW64; Trident/7.0; rv:11.0) like Gecko"
138.21.12.25 - - [04/Sep/2018:10:02:24 +0200] "GET /images/button_left_bg.gif HTTP/1.1" 304 - "http://renault.2web.at/login" "Mozilla/5.0 (Windows NT 6.1; WOW64; Trident/7.0; rv:11.0) like Gecko"
138.21.12.25 - - [04/Sep/2018:10:02:24 +0200] "GET /images/button_bg.gif HTTP/1.1" 304 - "http://renault.2web.at/login" "Mozilla/5.0 (Windows NT 6.1; WOW64; Trident/7.0; rv:11.0) like Gecko"
193.194.132.28 - - [04/Sep/2018:10:02:26 +0200] "GET /reload?ser=1536048146498 HTTP/1.1" 200 28 "http://renault.2web.at/account?loadrequest=true" "Mozilla/5.0 (Windows NT 6.1; WOW64; Trident/7.0; rv:11.0) like Gecko"
138.21.12.25 - - [04/Sep/2018:10:02:34 +0200] "POST /login HTTP/1.1" 302 137 "http://renault.2web.at/login" "Mozilla/5.0 (Windows NT 6.1; WOW64; Trident/7.0; rv:11.0) like Gecko"
80.80.251.48 - - [04/Sep/2018:10:02:36 +0200] "GET /reload?ser=1536048156492 HTTP/1.1" 200 28 "http://renault.activities.at/" "Mozilla/5.0 (Windows NT 10.0; Win64; x64) AppleWebKit/537.36 (KHTML, like Gecko) Chrome/68.0.3440.106 Safari/537.36"
138.21.12.25 - - [04/Sep/2018:10:02:36 +0200] "GET /account HTTP/1.1" 200 8659 "http://renault.2web.at/login" "Mozilla/5.0 (Windows NT 6.1; WOW64; Trident/7.0; rv:11.0) like Gecko"
138.21.12.25 - - [04/Sep/2018:10:02:40 +0200] "GET /js/default.js HTTP/1.1" 304 - "http://renault.2web.at/account" "Mozilla/5.0 (Windows NT 6.1; WOW64; Trident/7.0; rv:11.0) like Gecko"
138.21.12.25 - - [04/Sep/2018:10:02:40 +0200] "GET /css/reset.css HTTP/1.1" 304 - "http://renault.2web.at/account" "Mozilla/5.0 (Windows NT 6.1; WOW64; Trident/7.0; rv:11.0) like Gecko"
138.21.12.25 - - [04/Sep/2018:10:02:40 +0200] "GET /css/clears.css HTTP/1.1" 304 - "http://renault.2web.at/account" "Mozilla/5.0 (Windows NT 6.1; WOW64; Trident/7.0; rv:11.0) like Gecko"
138.21.12.25 - - [04/Sep/2018:10:02:40 +0200] "GET /css/styles.css HTTP/1.1" 304 - "http://renault.2web.at/account" "Mozilla/5.0 (Windows NT 6.1; WOW64; Trident/7.0; rv:11.0) like Gecko"
138.21.12.25 - - [04/Sep/2018:10:02:40 +0200] "GET /css/prototip.css HTTP/1.1" 304 - "http://renault.2web.at/account" "Mozilla/5.0 (Windows NT 6.1; WOW64; Trident/7.0; rv:11.0) like Gecko"
138.21.12.25 - - [04/Sep/2018:10:02:40 +0200] "GET /css/print.css HTTP/1.1" 304 - "http://renault.2web.at/account" "Mozilla/5.0 (Windows NT 6.1; WOW64; Trident/7.0; rv:11.0) like Gecko"
138.21.12.25 - - [04/Sep/2018:10:02:40 +0200] "GET /js/checkout.css HTTP/1.1" 304 - "http://renault.2web.at/account" "Mozilla/5.0 (Windows NT 6.1; WOW64; Trident/7.0; rv:11.0) like Gecko"
138.21.12.25 - - [04/Sep/2018:10:02:40 +0200] "GET /css/themes/default.css HTTP/1.1" 304 - "http://renault.2web.at/account" "Mozilla/5.0 (Windows NT 6.1; WOW64; Trident/7.0; rv:11.0) like Gecko"
138.21.12.25 - - [04/Sep/2018:10:02:40 +0200] "GET /css/themes/alphacube.css HTTP/1.1" 304 - "http://renault.2web.at/account" "Mozilla/5.0 (Windows NT 6.1; WOW64; Trident/7.0; rv:11.0) like Gecko"
138.21.12.25 - - [04/Sep/2018:10:02:40 +0200] "GET /js/account.js HTTP/1.1" 304 - "http://renault.2web.at/account" "Mozilla/5.0 (Windows NT 6.1; WOW64; Trident/7.0; rv:11.0) like Gecko"
138.21.12.25 - - [04/Sep/2018:10:02:40 +0200] "GET /images/ajax_loading.gif HTTP/1.1" 304 - "http://renault.2web.at/account" "Mozilla/5.0 (Windows NT 6.1; WOW64; Trident/7.0; rv:11.0) like Gecko"
138.21.12.25 - - [04/Sep/2018:10:02:40 +0200] "GET /images/header_block_corner_left_top.gif HTTP/1.1" 304 - "http://renault.2web.at/account" "Mozilla/5.0 (Windows NT 6.1; WOW64; Trident/7.0; rv:11.0) like Gecko"
138.21.12.25 - - [04/Sep/2018:10:02:40 +0200] "GET /images/header_block_corner_right_top.gif HTTP/1.1" 304 - "http://renault.2web.at/account" "Mozilla/5.0 (Windows NT 6.1; WOW64; Trident/7.0; rv:11.0) like Gecko"
138.21.12.25 - - [04/Sep/2018:10:02:40 +0200] "GET /images/header_block_border.gif HTTP/1.1" 304 - "http://renault.2web.at/account" "Mozilla/5.0 (Windows NT 6.1; WOW64; Trident/7.0; rv:11.0) like Gecko"
138.21.12.25 - - [04/Sep/2018:10:02:40 +0200] "GET /images/main_block_border.gif HTTP/1.1" 304 - "http://renault.2web.at/account" "Mozilla/5.0 (Windows NT 6.1; WOW64; Trident/7.0; rv:11.0) like Gecko"
138.21.12.25 - - [04/Sep/2018:10:02:40 +0200] "GET /images/search_bg.gif HTTP/1.1" 304 - "http://renault.2web.at/account" "Mozilla/5.0 (Windows NT 6.1; WOW64; Trident/7.0; rv:11.0) like Gecko"
138.21.12.25 - - [04/Sep/2018:10:02:40 +0200] "GET /images/main_block_corner_left_bot.gif HTTP/1.1" 304 - "http://renault.2web.at/account" "Mozilla/5.0 (Windows NT 6.1; WOW64; Trident/7.0; rv:11.0) like Gecko"
138.21.12.25 - - [04/Sep/2018:10:02:40 +0200] "GET /images/main_block_corner_left_top.gif HTTP/1.1" 304 - "http://renault.2web.at/account" "Mozilla/5.0 (Windows NT 6.1; WOW64; Trident/7.0; rv:11.0) like Gecko"
138.21.12.25 - - [04/Sep/2018:10:02:40 +0200] "GET /images/main_block_corner_right_top.gif HTTP/1.1" 304 - "http://renault.2web.at/account" "Mozilla/5.0 (Windows NT 6.1; WOW64; Trident/7.0; rv:11.0) like Gecko"
138.21.12.25 - - [04/Sep/2018:10:02:40 +0200] "GET /images/main_block_corner_right_bot.gif HTTP/1.1" 304 - "http://renault.2web.at/account" "Mozilla/5.0 (Windows NT 6.1; WOW64; Trident/7.0; rv:11.0) like Gecko"
138.21.12.25 - - [04/Sep/2018:10:02:40 +0200] "GET /images/sidebar_title_corner_left_top.gif HTTP/1.1" 304 - "http://renault.2web.at/account" "Mozilla/5.0 (Windows NT 6.1; WOW64; Trident/7.0; rv:11.0) like Gecko"
138.21.12.25 - - [04/Sep/2018:10:02:40 +0200] "GET /loadthumbnail.php?id=11864910&width=50&height=50 HTTP/1.1" 200 4287 "http://renault.2web.at/account" "Mozilla/5.0 (Windows NT 6.1; WOW64; Trident/7.0; rv:11.0) like Gecko"
138.21.12.25 - - [04/Sep/2018:10:02:40 +0200] "GET /images/button_bg.gif HTTP/1.1" 304 - "http://renault.2web.at/account" "Mozilla/5.0 (Windows NT 6.1; WOW64; Trident/7.0; rv:11.0) like Gecko"
138.21.12.25 - - [04/Sep/2018:10:02:40 +0200] "GET /images/button_right_bg.gif HTTP/1.1" 304 - "http://renault.2web.at/account" "Mozilla/5.0 (Windows NT 6.1; WOW64; Trident/7.0; rv:11.0) like Gecko"
138.21.12.25 - - [04/Sep/2018:10:02:40 +0200] "GET /images/title_border.jpg HTTP/1.1" 304 - "http://renault.2web.at/account" "Mozilla/5.0 (Windows NT 6.1; WOW64; Trident/7.0; rv:11.0) like Gecko"
138.21.12.25 - - [04/Sep/2018:10:02:40 +0200] "GET /images/footer_divider.gif HTTP/1.1" 304 - "http://renault.2web.at/account" "Mozilla/5.0 (Windows NT 6.1; WOW64; Trident/7.0; rv:11.0) like Gecko"
138.21.12.25 - - [04/Sep/2018:10:02:40 +0200] "GET /images/validation_advice_bg.gif HTTP/1.1" 304 - "http://renault.2web.at/account" "Mozilla/5.0 (Windows NT 6.1; WOW64; Trident/7.0; rv:11.0) like Gecko"
138.21.12.25 - - [04/Sep/2018:10:02:40 +0200] "GET /images/sidebar_title_border_top.gif HTTP/1.1" 304 - "http://renault.2web.at/account" "Mozilla/5.0 (Windows NT 6.1; WOW64; Trident/7.0; rv:11.0) like Gecko"
138.21.12.25 - - [04/Sep/2018:10:02:40 +0200] "GET /images/sidebar_title_corner_right_top.gif HTTP/1.1" 304 - "http://renault.2web.at/account" "Mozilla/5.0 (Windows NT 6.1; WOW64; Trident/7.0; rv:11.0) like Gecko"
138.21.12.25 - - [04/Sep/2018:10:02:40 +0200] "GET /images/title_corner_left_top.jpg HTTP/1.1" 304 - "http://renault.2web.at/account" "Mozilla/5.0 (Windows NT 6.1; WOW64; Trident/7.0; rv:11.0) like Gecko"
138.21.12.25 - - [04/Sep/2018:10:02:40 +0200] "GET /images/title_border_top.jpg HTTP/1.1" 304 - "http://renault.2web.at/account" "Mozilla/5.0 (Windows NT 6.1; WOW64; Trident/7.0; rv:11.0) like Gecko"
138.21.12.25 - - [04/Sep/2018:10:02:40 +0200] "GET /images/title_corner_right_top.jpg HTTP/1.1" 304 - "http://renault.2web.at/account" "Mozilla/5.0 (Windows NT 6.1; WOW64; Trident/7.0; rv:11.0) like Gecko"
138.21.12.25 - - [04/Sep/2018:10:02:40 +0200] "GET /images/menu_divider.gif HTTP/1.1" 304 - "http://renault.2web.at/account" "Mozilla/5.0 (Windows NT 6.1; WOW64; Trident/7.0; rv:11.0) like Gecko"
138.21.12.25 - - [04/Sep/2018:10:02:40 +0200] "GET /images/button_left_bg.gif HTTP/1.1" 304 - "http://renault.2web.at/account" "Mozilla/5.0 (Windows NT 6.1; WOW64; Trident/7.0; rv:11.0) like Gecko"
138.21.12.25 - - [04/Sep/2018:10:02:40 +0200] "GET /images/sidebar_title_border.gif HTTP/1.1" 304 - "http://renault.2web.at/account" "Mozilla/5.0 (Windows NT 6.1; WOW64; Trident/7.0; rv:11.0) like Gecko"
138.21.12.25 - - [04/Sep/2018:10:02:40 +0200] "GET /images/nav_divider.gif HTTP/1.1" 304 - "http://renault.2web.at/account" "Mozilla/5.0 (Windows NT 6.1; WOW64; Trident/7.0; rv:11.0) like Gecko"
138.21.12.25 - - [04/Sep/2018:10:02:40 +0200] "GET /images/menu_button_bg.jpg HTTP/1.1" 304 - "http://renault.2web.at/account" "Mozilla/5.0 (Windows NT 6.1; WOW64; Trident/7.0; rv:11.0) like Gecko"
138.21.12.25 - - [04/Sep/2018:10:02:40 +0200] "GET /images/top_links_divider.gif HTTP/1.1" 304 - "http://renault.2web.at/account" "Mozilla/5.0 (Windows NT 6.1; WOW64; Trident/7.0; rv:11.0) like Gecko"
138.21.12.25 - - [04/Sep/2018:10:02:48 +0200] "POST /axjaxrequest?mode=suggest HTTP/1.1" 200 680 "http://renault.2web.at/account" "Mozilla/5.0 (Windows NT 6.1; WOW64; Trident/7.0; rv:11.0) like Gecko"
138.21.12.25 - - [04/Sep/2018:10:02:49 +0200] "GET /result?searchterm=true&search=reh5324 HTTP/1.1" 200 6687 "http://renault.2web.at/account" "Mozilla/5.0 (Windows NT 6.1; WOW64; Trident/7.0; rv:11.0) like Gecko"
138.21.12.25 - - [04/Sep/2018:10:02:51 +0200] "GET /js/prototip.js HTTP/1.1" 304 - "http://renault.2web.at/result?searchterm=true&search=reh5324" "Mozilla/5.0 (Windows NT 6.1; WOW64; Trident/7.0; rv:11.0) like Gecko"
138.21.12.25 - - [04/Sep/2018:10:02:52 +0200] "GET /js/ProduktGrp.js HTTP/1.1" 304 - "http://renault.2web.at/result?searchterm=true&search=reh5324" "Mozilla/5.0 (Windows NT 6.1; WOW64; Trident/7.0; rv:11.0) like Gecko"
138.21.12.25 - - [04/Sep/2018:10:02:52 +0200] "GET /images/loading.gif HTTP/1.1" 304 - "http://renault.2web.at/result?searchterm=true&search=reh5324" "Mozilla/5.0 (Windows NT 6.1; WOW64; Trident/7.0; rv:11.0) like Gecko"
138.21.12.25 - - [04/Sep/2018:10:02:49 +0200] "POST /axjaxrequest?mode=suggest HTTP/1.1" 200 21 "http://renault.2web.at/account" "Mozilla/5.0 (Windows NT 6.1; WOW64; Trident/7.0; rv:11.0) like Gecko"
213.153.47.173 - - [04/Sep/2018:10:03:15 +0200] "GET /reload?ser=1536048187197 HTTP/1.1" 200 28 "http://renault.activities.at/login?required=true" "Mozilla/5.0 (Windows NT 10.0; Win64; x64; rv:61.0) Gecko/20100101 Firefox/61.0"
193.194.132.28 - - [04/Sep/2018:10:03:27 +0200] "GET /reload?ser=1536048207582 HTTP/1.1" 200 28 "http://renault.2web.at/account?loadrequest=true" "Mozilla/5.0 (Windows NT 6.1; WOW64; Trident/7.0; rv:11.0) like Gecko"
80.80.251.48 - - [04/Sep/2018:10:03:37 +0200] "GET /reload?ser=1536048217141 HTTP/1.1" 200 28 "http://renault.activities.at/" "Mozilla/5.0 (Windows NT 10.0; Win64; x64) AppleWebKit/537.36 (KHTML, like Gecko) Chrome/68.0.3440.106 Safari/537.36"
138.21.12.25 - - [04/Sep/2018:10:03:52 +0200] "GET /reload?ser=1536048232183 HTTP/1.1" 200 28 "http://renault.2web.at/result?searchterm=true&search=reh5324" "Mozilla/5.0 (Windows NT 6.1; WOW64; Trident/7.0; rv:11.0) like Gecko"
213.153.47.173 - - [04/Sep/2018:10:04:16 +0200] "GET /reload?ser=1536048247848 HTTP/1.1" 200 28 "http://renault.activities.at/login?required=true" "Mozilla/5.0 (Windows NT 10.0; Win64; x64; rv:61.0) Gecko/20100101 Firefox/61.0"
193.194.132.28 - - [04/Sep/2018:10:04:28 +0200] "GET /reload?ser=1536048268768 HTTP/1.1" 200 28 "http://renault.2web.at/account?loadrequest=true" "Mozilla/5.0 (Windows NT 6.1; WOW64; Trident/7.0; rv:11.0) like Gecko"
80.80.251.48 - - [04/Sep/2018:10:04:37 +0200] "GET /reload?ser=1536048277770 HTTP/1.1" 200 28 "http://renault.activities.at/" "Mozilla/5.0 (Windows NT 10.0; Win64; x64) AppleWebKit/537.36 (KHTML, like Gecko) Chrome/68.0.3440.106 Safari/537.36"
138.21.12.25 - - [04/Sep/2018:10:04:53 +0200] "GET /reload?ser=1536048293433 HTTP/1.1" 200 28 "http://renault.2web.at/result?searchterm=true&search=reh5324" "Mozilla/5.0 (Windows NT 6.1; WOW64; Trident/7.0; rv:11.0) like Gecko"
213.153.47.173 - - [04/Sep/2018:10:05:16 +0200] "GET /reload?ser=1536048308507 HTTP/1.1" 200 28 "http://renault.activities.at/login?required=true" "Mozilla/5.0 (Windows NT 10.0; Win64; x64; rv:61.0) Gecko/20100101 Firefox/61.0"
193.194.132.28 - - [04/Sep/2018:10:05:30 +0200] "GET /reload?ser=1536048329893 HTTP/1.1" 200 28 "http://renault.2web.at/account?loadrequest=true" "Mozilla/5.0 (Windows NT 6.1; WOW64; Trident/7.0; rv:11.0) like Gecko"
80.80.251.48 - - [04/Sep/2018:10:05:38 +0200] "GET /reload?ser=1536048338578 HTTP/1.1" 200 28 "http://renault.activities.at/" "Mozilla/5.0 (Windows NT 10.0; Win64; x64) AppleWebKit/537.36 (KHTML, like Gecko) Chrome/68.0.3440.106 Safari/537.36"
138.21.12.25 - - [04/Sep/2018:10:05:54 +0200] "GET /reload?ser=1536048354534 HTTP/1.1" 200 28 "http://renault.2web.at/result?searchterm=true&search=reh5324" "Mozilla/5.0 (Windows NT 6.1; WOW64; Trident/7.0; rv:11.0) like Gecko"
213.153.47.173 - - [04/Sep/2018:10:06:17 +0200] "GET /reload?ser=1536048369166 HTTP/1.1" 200 28 "http://renault.activities.at/login?required=true" "Mozilla/5.0 (Windows NT 10.0; Win64; x64; rv:61.0) Gecko/20100101 Firefox/61.0"
193.194.132.28 - - [04/Sep/2018:10:06:31 +0200] "GET /reload?ser=1536048390981 HTTP/1.1" 200 28 "http://renault.2web.at/account?loadrequest=true" "Mozilla/5.0 (Windows NT 6.1; WOW64; Trident/7.0; rv:11.0) like Gecko"
80.80.251.48 - - [04/Sep/2018:10:06:39 +0200] "GET /reload?ser=1536048399578 HTTP/1.1" 200 28 "http://renault.activities.at/" "Mozilla/5.0 (Windows NT 10.0; Win64; x64) AppleWebKit/537.36 (KHTML, like Gecko) Chrome/68.0.3440.106 Safari/537.36"
138.21.12.25 - - [04/Sep/2018:10:06:55 +0200] "GET /reload?ser=1536048415566 HTTP/1.1" 200 28 "http://renault.2web.at/result?searchterm=true&search=reh5324" "Mozilla/5.0 (Windows NT 6.1; WOW64; Trident/7.0; rv:11.0) like Gecko"
213.153.47.173 - - [04/Sep/2018:10:07:18 +0200] "GET /reload?ser=1536048429837 HTTP/1.1" 200 28 "http://renault.activities.at/login?required=true" "Mozilla/5.0 (Windows NT 10.0; Win64; x64; rv:61.0) Gecko/20100101 Firefox/61.0"
193.194.132.28 - - [04/Sep/2018:10:07:32 +0200] "GET /reload?ser=1536048452109 HTTP/1.1" 200 28 "http://renault.2web.at/account?loadrequest=true" "Mozilla/5.0 (Windows NT 6.1; WOW64; Trident/7.0; rv:11.0) like Gecko"
80.80.251.48 - - [04/Sep/2018:10:07:40 +0200] "GET /reload?ser=1536048460579 HTTP/1.1" 200 28 "http://renault.activities.at/" "Mozilla/5.0 (Windows NT 10.0; Win64; x64) AppleWebKit/537.36 (KHTML, like Gecko) Chrome/68.0.3440.106 Safari/537.36"
138.21.12.25 - - [04/Sep/2018:10:07:56 +0200] "GET /reload?ser=1536048476621 HTTP/1.1" 200 28 "http://renault.2web.at/result?searchterm=true&search=reh5324" "Mozilla/5.0 (Windows NT 6.1; WOW64; Trident/7.0; rv:11.0) like Gecko"
213.153.47.173 - - [04/Sep/2018:10:08:18 +0200] "GET /reload?ser=1536048490517 HTTP/1.1" 200 28 "http://renault.activities.at/login?required=true" "Mozilla/5.0 (Windows NT 10.0; Win64; x64; rv:61.0) Gecko/20100101 Firefox/61.0"
193.194.132.28 - - [04/Sep/2018:10:08:33 +0200] "GET /reload?ser=1536048513390 HTTP/1.1" 200 28 "http://renault.2web.at/account?loadrequest=true" "Mozilla/5.0 (Windows NT 6.1; WOW64; Trident/7.0; rv:11.0) like Gecko"
80.80.251.48 - - [04/Sep/2018:10:08:41 +0200] "GET /reload?ser=1536048521579 HTTP/1.1" 200 28 "http://renault.activities.at/" "Mozilla/5.0 (Windows NT 10.0; Win64; x64) AppleWebKit/537.36 (KHTML, like Gecko) Chrome/68.0.3440.106 Safari/537.36"
138.21.12.25 - - [04/Sep/2018:10:08:57 +0200] "GET /reload?ser=1536048537737 HTTP/1.1" 200 28 "http://renault.2web.at/result?searchterm=true&search=reh5324" "Mozilla/5.0 (Windows NT 6.1; WOW64; Trident/7.0; rv:11.0) like Gecko"
213.153.47.173 - - [04/Sep/2018:10:09:19 +0200] "GET /reload?ser=1536048551196 HTTP/1.1" 200 28 "http://renault.activities.at/login?required=true" "Mozilla/5.0 (Windows NT 10.0; Win64; x64; rv:61.0) Gecko/20100101 Firefox/61.0"
193.194.132.28 - - [04/Sep/2018:10:09:34 +0200] "GET /reload?ser=1536048574463 HTTP/1.1" 200 28 "http://renault.2web.at/account?loadrequest=true" "Mozilla/5.0 (Windows NT 6.1; WOW64; Trident/7.0; rv:11.0) like Gecko"
80.80.251.48 - - [04/Sep/2018:10:09:42 +0200] "GET /reload?ser=1536048582579 HTTP/1.1" 200 28 "http://renault.activities.at/" "Mozilla/5.0 (Windows NT 10.0; Win64; x64) AppleWebKit/537.36 (KHTML, like Gecko) Chrome/68.0.3440.106 Safari/537.36"
138.21.12.25 - - [04/Sep/2018:10:09:58 +0200] "GET /reload?ser=1536048598825 HTTP/1.1" 200 28 "http://renault.2web.at/result?searchterm=true&search=reh5324" "Mozilla/5.0 (Windows NT 6.1; WOW64; Trident/7.0; rv:11.0) like Gecko"
213.153.47.173 - - [04/Sep/2018:10:10:20 +0200] "GET /reload?ser=1536048611847 HTTP/1.1" 200 28 "http://renault.activities.at/login?required=true" "Mozilla/5.0 (Windows NT 10.0; Win64; x64; rv:61.0) Gecko/20100101 Firefox/61.0"
193.194.132.28 - - [04/Sep/2018:10:10:35 +0200] "GET /reload?ser=1536048635520 HTTP/1.1" 200 28 "http://renault.2web.at/account?loadrequest=true" "Mozilla/5.0 (Windows NT 6.1; WOW64; Trident/7.0; rv:11.0) like Gecko"
80.80.251.48 - - [04/Sep/2018:10:10:43 +0200] "GET /reload?ser=1536048643579 HTTP/1.1" 200 28 "http://renault.activities.at/" "Mozilla/5.0 (Windows NT 10.0; Win64; x64) AppleWebKit/537.36 (KHTML, like Gecko) Chrome/68.0.3440.106 Safari/537.36"
138.21.12.25 - - [04/Sep/2018:10:11:00 +0200] "GET /reload?ser=1536048659911 HTTP/1.1" 200 28 "http://renault.2web.at/result?searchterm=true&search=reh5324" "Mozilla/5.0 (Windows NT 6.1; WOW64; Trident/7.0; rv:11.0) like Gecko"
213.153.47.173 - - [04/Sep/2018:10:11:20 +0200] "GET /reload?ser=1536048672507 HTTP/1.1" 200 28 "http://renault.activities.at/login?required=true" "Mozilla/5.0 (Windows NT 10.0; Win64; x64; rv:61.0) Gecko/20100101 Firefox/61.0"
193.194.132.28 - - [04/Sep/2018:10:11:36 +0200] "GET /reload?ser=1536048696639 HTTP/1.1" 200 28 "http://renault.2web.at/account?loadrequest=true" "Mozilla/5.0 (Windows NT 6.1; WOW64; Trident/7.0; rv:11.0) like Gecko"
80.80.251.48 - - [04/Sep/2018:10:11:44 +0200] "GET /reload?ser=1536048704581 HTTP/1.1" 200 28 "http://renault.activities.at/" "Mozilla/5.0 (Windows NT 10.0; Win64; x64) AppleWebKit/537.36 (KHTML, like Gecko) Chrome/68.0.3440.106 Safari/537.36"
138.21.12.25 - - [04/Sep/2018:10:12:01 +0200] "GET /reload?ser=1536048721029 HTTP/1.1" 200 28 "http://renault.2web.at/result?searchterm=true&search=reh5324" "Mozilla/5.0 (Windows NT 6.1; WOW64; Trident/7.0; rv:11.0) like Gecko"
213.153.47.173 - - [04/Sep/2018:10:12:21 +0200] "GET /reload?ser=1536048733157 HTTP/1.1" 200 28 "http://renault.activities.at/login?required=true" "Mozilla/5.0 (Windows NT 10.0; Win64; x64; rv:61.0) Gecko/20100101 Firefox/61.0"
193.194.132.28 - - [04/Sep/2018:10:12:37 +0200] "GET /reload?ser=1536048757748 HTTP/1.1" 200 28 "http://renault.2web.at/account?loadrequest=true" "Mozilla/5.0 (Windows NT 6.1; WOW64; Trident/7.0; rv:11.0) like Gecko"
80.80.251.48 - - [04/Sep/2018:10:12:45 +0200] "GET /reload?ser=1536048765581 HTTP/1.1" 200 28 "http://renault.activities.at/" "Mozilla/5.0 (Windows NT 10.0; Win64; x64) AppleWebKit/537.36 (KHTML, like Gecko) Chrome/68.0.3440.106 Safari/537.36"
138.21.12.25 - - [04/Sep/2018:10:13:02 +0200] "GET /reload?ser=1536048782168 HTTP/1.1" 200 28 "http://renault.2web.at/result?searchterm=true&search=reh5324" "Mozilla/5.0 (Windows NT 6.1; WOW64; Trident/7.0; rv:11.0) like Gecko"
213.153.47.173 - - [04/Sep/2018:10:13:22 +0200] "GET /reload?ser=1536048793827 HTTP/1.1" 200 28 "http://renault.activities.at/login?required=true" "Mozilla/5.0 (Windows NT 10.0; Win64; x64; rv:61.0) Gecko/20100101 Firefox/61.0"
193.194.132.28 - - [04/Sep/2018:10:13:38 +0200] "GET /reload?ser=1536048818853 HTTP/1.1" 200 28 "http://renault.2web.at/account?loadrequest=true" "Mozilla/5.0 (Windows NT 6.1; WOW64; Trident/7.0; rv:11.0) like Gecko"
80.80.251.48 - - [04/Sep/2018:10:13:46 +0200] "GET /reload?ser=1536048826582 HTTP/1.1" 200 28 "http://renault.activities.at/" "Mozilla/5.0 (Windows NT 10.0; Win64; x64) AppleWebKit/537.36 (KHTML, like Gecko) Chrome/68.0.3440.106 Safari/537.36"
138.21.12.25 - - [04/Sep/2018:10:14:03 +0200] "GET /reload?ser=1536048843259 HTTP/1.1" 200 28 "http://renault.2web.at/result?searchterm=true&search=reh5324" "Mozilla/5.0 (Windows NT 6.1; WOW64; Trident/7.0; rv:11.0) like Gecko"
213.153.47.173 - - [04/Sep/2018:10:14:22 +0200] "GET /reload?ser=1536048854487 HTTP/1.1" 200 28 "http://renault.activities.at/login?required=true" "Mozilla/5.0 (Windows NT 10.0; Win64; x64; rv:61.0) Gecko/20100101 Firefox/61.0"
193.194.132.28 - - [04/Sep/2018:10:14:40 +0200] "GET /reload?ser=1536048879942 HTTP/1.1" 200 28 "http://renault.2web.at/account?loadrequest=true" "Mozilla/5.0 (Windows NT 6.1; WOW64; Trident/7.0; rv:11.0) like Gecko"
80.80.251.48 - - [04/Sep/2018:10:14:47 +0200] "GET /reload?ser=1536048887582 HTTP/1.1" 200 28 "http://renault.activities.at/" "Mozilla/5.0 (Windows NT 10.0; Win64; x64) AppleWebKit/537.36 (KHTML, like Gecko) Chrome/68.0.3440.106 Safari/537.36"
138.21.12.25 - - [04/Sep/2018:10:15:04 +0200] "GET /reload?ser=1536048904340 HTTP/1.1" 200 28 "http://renault.2web.at/result?searchterm=true&search=reh5324" "Mozilla/5.0 (Windows NT 6.1; WOW64; Trident/7.0; rv:11.0) like Gecko"
213.153.47.173 - - [04/Sep/2018:10:15:23 +0200] "GET /reload?ser=1536048915147 HTTP/1.1" 200 28 "http://renault.activities.at/login?required=true" "Mozilla/5.0 (Windows NT 10.0; Win64; x64; rv:61.0) Gecko/20100101 Firefox/61.0"
80.80.251.48 - - [04/Sep/2018:10:15:48 +0200] "GET /reload?ser=1536048948583 HTTP/1.1" 200 28 "http://renault.activities.at/" "Mozilla/5.0 (Windows NT 10.0; Win64; x64) AppleWebKit/537.36 (KHTML, like Gecko) Chrome/68.0.3440.106 Safari/537.36"
193.194.132.28 - - [04/Sep/2018:10:15:53 +0200] "GET /reload?ser=1536048941076 HTTP/1.1" 200 28 "http://renault.2web.at/account?loadrequest=true" "Mozilla/5.0 (Windows NT 6.1; WOW64; Trident/7.0; rv:11.0) like Gecko"
138.21.12.25 - - [04/Sep/2018:10:16:05 +0200] "GET /reload?ser=1536048965395 HTTP/1.1" 200 28 "http://renault.2web.at/result?searchterm=true&search=reh5324" "Mozilla/5.0 (Windows NT 6.1; WOW64; Trident/7.0; rv:11.0) like Gecko"
213.153.47.173 - - [04/Sep/2018:10:16:24 +0200] "GET /reload?ser=1536048975837 HTTP/1.1" 200 28 "http://renault.activities.at/login?required=true" "Mozilla/5.0 (Windows NT 10.0; Win64; x64; rv:61.0) Gecko/20100101 Firefox/61.0"
80.80.251.48 - - [04/Sep/2018:10:16:49 +0200] "GET /reload?ser=1536049009584 HTTP/1.1" 200 28 "http://renault.activities.at/" "Mozilla/5.0 (Windows NT 10.0; Win64; x64) AppleWebKit/537.36 (KHTML, like Gecko) Chrome/68.0.3440.106 Safari/537.36"
