80.123.225.34 - - [05/Sep/2018:13:43:21 +0200] "GET /loadthumbnail.php?id=10260174&width=113 HTTP/1.1" 200 3715 "http://renault.activities.at/result?searchterm=true&search=z.e." "Mozilla/5.0 (compatible; MSIE 10.0; Windows NT 6.1; WOW64; Trident/6.0)"
80.123.225.34 - - [05/Sep/2018:13:43:21 +0200] "GET /images/main_block_border.gif HTTP/1.1" 304 - "http://renault.activities.at/result?searchterm=true&search=z.e." "Mozilla/5.0 (compatible; MSIE 10.0; Windows NT 6.1; WOW64; Trident/6.0)"
80.123.225.34 - - [05/Sep/2018:13:43:21 +0200] "GET /images/search_bg.gif HTTP/1.1" 304 - "http://renault.activities.at/result?searchterm=true&search=z.e." "Mozilla/5.0 (compatible; MSIE 10.0; Windows NT 6.1; WOW64; Trident/6.0)"
80.123.225.34 - - [05/Sep/2018:13:43:21 +0200] "GET /images/nav_divider.gif HTTP/1.1" 304 - "http://renault.activities.at/result?searchterm=true&search=z.e." "Mozilla/5.0 (compatible; MSIE 10.0; Windows NT 6.1; WOW64; Trident/6.0)"
80.123.225.34 - - [05/Sep/2018:13:43:21 +0200] "GET /images/menu_button_bg.jpg HTTP/1.1" 304 - "http://renault.activities.at/result?searchterm=true&search=z.e." "Mozilla/5.0 (compatible; MSIE 10.0; Windows NT 6.1; WOW64; Trident/6.0)"
80.123.225.34 - - [05/Sep/2018:13:43:21 +0200] "GET /images/header_block_corner_right_top.gif HTTP/1.1" 304 - "http://renault.activities.at/result?searchterm=true&search=z.e." "Mozilla/5.0 (compatible; MSIE 10.0; Windows NT 6.1; WOW64; Trident/6.0)"
80.123.225.34 - - [05/Sep/2018:13:43:21 +0200] "GET /loadthumbnail.php?id=11585055&width=113 HTTP/1.1" 200 2970 "http://renault.activities.at/result?searchterm=true&search=z.e." "Mozilla/5.0 (compatible; MSIE 10.0; Windows NT 6.1; WOW64; Trident/6.0)"
80.123.225.34 - - [05/Sep/2018:13:43:21 +0200] "GET /images/header_block_corner_left_top.gif HTTP/1.1" 304 - "http://renault.activities.at/result?searchterm=true&search=z.e." "Mozilla/5.0 (compatible; MSIE 10.0; Windows NT 6.1; WOW64; Trident/6.0)"
80.123.225.34 - - [05/Sep/2018:13:43:21 +0200] "GET /images/header_block_border.gif HTTP/1.1" 304 - "http://renault.activities.at/result?searchterm=true&search=z.e." "Mozilla/5.0 (compatible; MSIE 10.0; Windows NT 6.1; WOW64; Trident/6.0)"
80.123.225.34 - - [05/Sep/2018:13:43:21 +0200] "GET /images/button_bg.gif HTTP/1.1" 304 - "http://renault.activities.at/result?searchterm=true&search=z.e." "Mozilla/5.0 (compatible; MSIE 10.0; Windows NT 6.1; WOW64; Trident/6.0)"
80.123.225.34 - - [05/Sep/2018:13:43:21 +0200] "GET /images/button_right_bg.gif HTTP/1.1" 304 - "http://renault.activities.at/result?searchterm=true&search=z.e." "Mozilla/5.0 (compatible; MSIE 10.0; Windows NT 6.1; WOW64; Trident/6.0)"
80.123.225.34 - - [05/Sep/2018:13:43:21 +0200] "GET /images/sidebar_title_corner_right_top.gif HTTP/1.1" 304 - "http://renault.activities.at/result?searchterm=true&search=z.e." "Mozilla/5.0 (compatible; MSIE 10.0; Windows NT 6.1; WOW64; Trident/6.0)"
80.123.225.34 - - [05/Sep/2018:13:43:21 +0200] "GET /images/sidebar_title_corner_left_top.gif HTTP/1.1" 304 - "http://renault.activities.at/result?searchterm=true&search=z.e." "Mozilla/5.0 (compatible; MSIE 10.0; Windows NT 6.1; WOW64; Trident/6.0)"
80.123.225.34 - - [05/Sep/2018:13:43:21 +0200] "GET /images/sidebar_title_border_top.gif HTTP/1.1" 304 - "http://renault.activities.at/result?searchterm=true&search=z.e." "Mozilla/5.0 (compatible; MSIE 10.0; Windows NT 6.1; WOW64; Trident/6.0)"
80.123.225.34 - - [05/Sep/2018:13:43:21 +0200] "GET /images/sidebar_title_border.gif HTTP/1.1" 304 - "http://renault.activities.at/result?searchterm=true&search=z.e." "Mozilla/5.0 (compatible; MSIE 10.0; Windows NT 6.1; WOW64; Trident/6.0)"
80.123.225.34 - - [05/Sep/2018:13:43:21 +0200] "GET /images/button_left_bg.gif HTTP/1.1" 304 - "http://renault.activities.at/result?searchterm=true&search=z.e." "Mozilla/5.0 (compatible; MSIE 10.0; Windows NT 6.1; WOW64; Trident/6.0)"
80.123.225.34 - - [05/Sep/2018:13:43:21 +0200] "GET /images/menu_divider.gif HTTP/1.1" 304 - "http://renault.activities.at/result?searchterm=true&search=z.e." "Mozilla/5.0 (compatible; MSIE 10.0; Windows NT 6.1; WOW64; Trident/6.0)"
80.123.225.34 - - [05/Sep/2018:13:43:21 +0200] "GET /images/top_links_divider.gif HTTP/1.1" 304 - "http://renault.activities.at/result?searchterm=true&search=z.e." "Mozilla/5.0 (compatible; MSIE 10.0; Windows NT 6.1; WOW64; Trident/6.0)"
80.123.225.34 - - [05/Sep/2018:13:43:21 +0200] "GET /images/footer_divider.gif HTTP/1.1" 304 - "http://renault.activities.at/result?searchterm=true&search=z.e." "Mozilla/5.0 (compatible; MSIE 10.0; Windows NT 6.1; WOW64; Trident/6.0)"
80.123.225.34 - - [05/Sep/2018:13:43:21 +0200] "GET /images/validation_advice_bg.gif HTTP/1.1" 304 - "http://renault.activities.at/result?searchterm=true&search=z.e." "Mozilla/5.0 (compatible; MSIE 10.0; Windows NT 6.1; WOW64; Trident/6.0)"
80.123.225.34 - - [05/Sep/2018:13:43:21 +0200] "GET /images/vista-dn.gif HTTP/1.1" 304 - "http://renault.activities.at/result?searchterm=true&search=z.e." "Mozilla/5.0 (compatible; MSIE 10.0; Windows NT 6.1; WOW64; Trident/6.0)"
80.123.225.34 - - [05/Sep/2018:13:43:21 +0200] "GET /images/vista-up.gif HTTP/1.1" 304 - "http://renault.activities.at/result?searchterm=true&search=z.e." "Mozilla/5.0 (compatible; MSIE 10.0; Windows NT 6.1; WOW64; Trident/6.0)"
80.123.225.34 - - [05/Sep/2018:13:43:21 +0200] "GET /images/pager_bg.gif HTTP/1.1" 304 - "http://renault.activities.at/result?searchterm=true&search=z.e." "Mozilla/5.0 (compatible; MSIE 10.0; Windows NT 6.1; WOW64; Trident/6.0)"
80.123.225.34 - - [05/Sep/2018:13:43:21 +0200] "GET /images/title_corner_right_top.jpg HTTP/1.1" 304 - "http://renault.activities.at/result?searchterm=true&search=z.e." "Mozilla/5.0 (compatible; MSIE 10.0; Windows NT 6.1; WOW64; Trident/6.0)"
80.123.225.34 - - [05/Sep/2018:13:43:21 +0200] "GET /images/title_corner_left_top.jpg HTTP/1.1" 304 - "http://renault.activities.at/result?searchterm=true&search=z.e." "Mozilla/5.0 (compatible; MSIE 10.0; Windows NT 6.1; WOW64; Trident/6.0)"
80.123.225.34 - - [05/Sep/2018:13:43:21 +0200] "GET /images/title_border_top.jpg HTTP/1.1" 304 - "http://renault.activities.at/result?searchterm=true&search=z.e." "Mozilla/5.0 (compatible; MSIE 10.0; Windows NT 6.1; WOW64; Trident/6.0)"
80.123.225.34 - - [05/Sep/2018:13:43:18 +0200] "POST /axjaxrequest?mode=suggest HTTP/1.1" 200 110 "http://renault.activities.at/result?searchterm=true&search=captur" "Mozilla/5.0 (compatible; MSIE 10.0; Windows NT 6.1; WOW64; Trident/6.0)"
80.123.225.34 - - [05/Sep/2018:13:43:21 +0200] "GET /images/title_border.jpg HTTP/1.1" 304 - "http://renault.activities.at/result?searchterm=true&search=z.e." "Mozilla/5.0 (compatible; MSIE 10.0; Windows NT 6.1; WOW64; Trident/6.0)"
80.123.225.34 - - [05/Sep/2018:13:43:20 +0200] "GET /reload?ser=1536147801782 HTTP/1.1" 200 28 "http://renault.activities.at/result?searchterm=true&search=captur" "Mozilla/5.0 (compatible; MSIE 10.0; Windows NT 6.1; WOW64; Trident/6.0)"
80.123.225.34 - - [05/Sep/2018:13:43:31 +0200] "GET /css/themes/alphacube/top_mid.gif HTTP/1.1" 200 833 "http://renault.activities.at/result?searchterm=true&search=z.e." "Mozilla/5.0 (compatible; MSIE 10.0; Windows NT 6.1; WOW64; Trident/6.0)"
80.123.225.34 - - [05/Sep/2018:13:43:31 +0200] "GET /css/themes/alphacube/bottom_middle.gif HTTP/1.1" 200 44 "http://renault.activities.at/result?searchterm=true&search=z.e." "Mozilla/5.0 (compatible; MSIE 10.0; Windows NT 6.1; WOW64; Trident/6.0)"
80.123.225.34 - - [05/Sep/2018:13:43:31 +0200] "GET /css/themes/alphacube/frame_right.gif HTTP/1.1" 200 64 "http://renault.activities.at/result?searchterm=true&search=z.e." "Mozilla/5.0 (compatible; MSIE 10.0; Windows NT 6.1; WOW64; Trident/6.0)"
80.123.225.34 - - [05/Sep/2018:13:43:31 +0200] "GET /css/themes/alphacube/frame_left.gif HTTP/1.1" 200 64 "http://renault.activities.at/result?searchterm=true&search=z.e." "Mozilla/5.0 (compatible; MSIE 10.0; Windows NT 6.1; WOW64; Trident/6.0)"
80.123.225.34 - - [05/Sep/2018:13:43:31 +0200] "GET /css/themes/alphacube/button-close-focus.gif HTTP/1.1" 200 699 "http://renault.activities.at/result?searchterm=true&search=z.e." "Mozilla/5.0 (compatible; MSIE 10.0; Windows NT 6.1; WOW64; Trident/6.0)"
80.123.225.34 - - [05/Sep/2018:13:43:31 +0200] "GET /css/themes/alphacube/top_left.gif HTTP/1.1" 200 973 "http://renault.activities.at/result?searchterm=true&search=z.e." "Mozilla/5.0 (compatible; MSIE 10.0; Windows NT 6.1; WOW64; Trident/6.0)"
80.123.225.34 - - [05/Sep/2018:13:43:31 +0200] "GET /css/themes/alphacube/bottom_left-c.gif HTTP/1.1" 200 62 "http://renault.activities.at/result?searchterm=true&search=z.e." "Mozilla/5.0 (compatible; MSIE 10.0; Windows NT 6.1; WOW64; Trident/6.0)"
80.123.225.34 - - [05/Sep/2018:13:43:31 +0200] "GET /css/themes/alphacube/top_right.gif HTTP/1.1" 200 972 "http://renault.activities.at/result?searchterm=true&search=z.e." "Mozilla/5.0 (compatible; MSIE 10.0; Windows NT 6.1; WOW64; Trident/6.0)"
80.123.225.34 - - [05/Sep/2018:13:43:31 +0200] "GET /css/themes/alphacube/bottom_right-c.gif HTTP/1.1" 200 62 "http://renault.activities.at/result?searchterm=true&search=z.e." "Mozilla/5.0 (compatible; MSIE 10.0; Windows NT 6.1; WOW64; Trident/6.0)"
80.123.225.34 - - [05/Sep/2018:13:43:31 +0200] "GET /11528183?print=true HTTP/1.1" 200 2683 "http://renault.activities.at/result?searchterm=true&search=z.e." "Mozilla/5.0 (compatible; MSIE 10.0; Windows NT 6.1; WOW64; Trident/6.0)"
80.123.225.34 - - [05/Sep/2018:13:43:32 +0200] "GET /js/default.js HTTP/1.1" 304 - "http://renault.activities.at/11528183?print=true" "Mozilla/5.0 (compatible; MSIE 10.0; Windows NT 6.1; WOW64; Trident/6.0)"
80.123.225.34 - - [05/Sep/2018:13:43:32 +0200] "GET /css/reset.css HTTP/1.1" 304 - "http://renault.activities.at/11528183?print=true" "Mozilla/5.0 (compatible; MSIE 10.0; Windows NT 6.1; WOW64; Trident/6.0)"
80.123.225.34 - - [05/Sep/2018:13:43:32 +0200] "GET /css/styles.css HTTP/1.1" 304 - "http://renault.activities.at/11528183?print=true" "Mozilla/5.0 (compatible; MSIE 10.0; Windows NT 6.1; WOW64; Trident/6.0)"
80.123.225.34 - - [05/Sep/2018:13:43:32 +0200] "GET /css/clears.css HTTP/1.1" 304 - "http://renault.activities.at/11528183?print=true" "Mozilla/5.0 (compatible; MSIE 10.0; Windows NT 6.1; WOW64; Trident/6.0)"
80.123.225.34 - - [05/Sep/2018:13:43:32 +0200] "GET /css/print.css HTTP/1.1" 304 - "http://renault.activities.at/11528183?print=true" "Mozilla/5.0 (compatible; MSIE 10.0; Windows NT 6.1; WOW64; Trident/6.0)"
80.123.225.34 - - [05/Sep/2018:13:43:32 +0200] "GET /js/checkout.css HTTP/1.1" 304 - "http://renault.activities.at/11528183?print=true" "Mozilla/5.0 (compatible; MSIE 10.0; Windows NT 6.1; WOW64; Trident/6.0)"
80.123.225.34 - - [05/Sep/2018:13:43:32 +0200] "GET /css/prototip.css HTTP/1.1" 304 - "http://renault.activities.at/11528183?print=true" "Mozilla/5.0 (compatible; MSIE 10.0; Windows NT 6.1; WOW64; Trident/6.0)"
80.123.225.34 - - [05/Sep/2018:13:43:32 +0200] "GET /css/themes/default.css HTTP/1.1" 304 - "http://renault.activities.at/11528183?print=true" "Mozilla/5.0 (compatible; MSIE 10.0; Windows NT 6.1; WOW64; Trident/6.0)"
80.123.225.34 - - [05/Sep/2018:13:43:32 +0200] "GET /css/themes/alphacube.css HTTP/1.1" 304 - "http://renault.activities.at/11528183?print=true" "Mozilla/5.0 (compatible; MSIE 10.0; Windows NT 6.1; WOW64; Trident/6.0)"
80.123.225.34 - - [05/Sep/2018:13:43:32 +0200] "GET /js/magiczoom/magiczoom.css HTTP/1.1" 304 - "http://renault.activities.at/11528183?print=true" "Mozilla/5.0 (compatible; MSIE 10.0; Windows NT 6.1; WOW64; Trident/6.0)"
80.123.225.34 - - [05/Sep/2018:13:43:32 +0200] "GET /js/magiczoom/magiczoom.js HTTP/1.1" 304 - "http://renault.activities.at/11528183?print=true" "Mozilla/5.0 (compatible; MSIE 10.0; Windows NT 6.1; WOW64; Trident/6.0)"
80.123.225.34 - - [05/Sep/2018:13:43:32 +0200] "GET /js/Produkt.js HTTP/1.1" 304 - "http://renault.activities.at/11528183?print=true" "Mozilla/5.0 (compatible; MSIE 10.0; Windows NT 6.1; WOW64; Trident/6.0)"
80.123.225.34 - - [05/Sep/2018:13:43:32 +0200] "GET /js/PIE/PIE.htc HTTP/1.1" 206 32999 "-" "Mozilla/5.0 (compatible; MSIE 10.0; Windows NT 6.1; WOW64; Trident/6.0)"
80.123.225.34 - - [05/Sep/2018:13:43:32 +0200] "GET /loadthumbnail.php?id=11543815&width=250 HTTP/1.1" 200 5699 "http://renault.activities.at/11528183?print=true" "Mozilla/5.0 (compatible; MSIE 10.0; Windows NT 6.1; WOW64; Trident/6.0)"
80.123.225.34 - - [05/Sep/2018:13:43:32 +0200] "GET /loadthumbnail.php?id=11543815&width=900&height=900 HTTP/1.1" 200 30674 "http://renault.activities.at/11528183?print=true" "Mozilla/5.0 (compatible; MSIE 10.0; Windows NT 6.1; WOW64; Trident/6.0)"
80.123.225.34 - - [05/Sep/2018:13:43:33 +0200] "GET /js/magiczoom/graphics/hint.gif HTTP/1.1" 200 73 "http://renault.activities.at/11528183?print=true" "Mozilla/5.0 (compatible; MSIE 10.0; Windows NT 6.1; WOW64; Trident/6.0)"
80.123.225.34 - - [05/Sep/2018:13:43:34 +0200] "GET /graphics/zoomin.cur HTTP/1.1" 200 3622 "http://renault.activities.at/11528183?print=true" "Mozilla/5.0 (compatible; MSIE 10.0; Windows NT 6.1; WOW64; Trident/6.0)"
80.123.225.34 - - [05/Sep/2018:13:43:48 +0200] "GET /null HTTP/1.1" 200 3622 "http://renault.activities.at/result?searchterm=true&search=z.e." "Mozilla/5.0 (compatible; MSIE 10.0; Windows NT 6.1; WOW64; Trident/6.0)"
80.123.225.34 - - [05/Sep/2018:13:43:50 +0200] "GET /js/default.js HTTP/1.1" 304 - "http://renault.activities.at/null" "Mozilla/5.0 (compatible; MSIE 10.0; Windows NT 6.1; WOW64; Trident/6.0)"
80.123.225.34 - - [05/Sep/2018:13:43:50 +0200] "GET /css/reset.css HTTP/1.1" 304 - "http://renault.activities.at/null" "Mozilla/5.0 (compatible; MSIE 10.0; Windows NT 6.1; WOW64; Trident/6.0)"
80.123.225.34 - - [05/Sep/2018:13:43:50 +0200] "GET /css/styles.css HTTP/1.1" 304 - "http://renault.activities.at/null" "Mozilla/5.0 (compatible; MSIE 10.0; Windows NT 6.1; WOW64; Trident/6.0)"
80.123.225.34 - - [05/Sep/2018:13:43:50 +0200] "GET /css/clears.css HTTP/1.1" 304 - "http://renault.activities.at/null" "Mozilla/5.0 (compatible; MSIE 10.0; Windows NT 6.1; WOW64; Trident/6.0)"
80.123.225.34 - - [05/Sep/2018:13:43:50 +0200] "GET /css/print.css HTTP/1.1" 304 - "http://renault.activities.at/null" "Mozilla/5.0 (compatible; MSIE 10.0; Windows NT 6.1; WOW64; Trident/6.0)"
80.123.225.34 - - [05/Sep/2018:13:43:50 +0200] "GET /js/checkout.css HTTP/1.1" 304 - "http://renault.activities.at/null" "Mozilla/5.0 (compatible; MSIE 10.0; Windows NT 6.1; WOW64; Trident/6.0)"
80.123.225.34 - - [05/Sep/2018:13:43:50 +0200] "GET /css/prototip.css HTTP/1.1" 304 - "http://renault.activities.at/null" "Mozilla/5.0 (compatible; MSIE 10.0; Windows NT 6.1; WOW64; Trident/6.0)"
80.123.225.34 - - [05/Sep/2018:13:43:50 +0200] "GET /css/themes/default.css HTTP/1.1" 304 - "http://renault.activities.at/null" "Mozilla/5.0 (compatible; MSIE 10.0; Windows NT 6.1; WOW64; Trident/6.0)"
80.123.225.34 - - [05/Sep/2018:13:43:50 +0200] "GET /css/themes/alphacube.css HTTP/1.1" 304 - "http://renault.activities.at/null" "Mozilla/5.0 (compatible; MSIE 10.0; Windows NT 6.1; WOW64; Trident/6.0)"
213.153.47.173 - - [05/Sep/2018:13:44:18 +0200] "GET /reload?ser=1536147849432 HTTP/1.1" 200 28 "http://renault.activities.at/login?required=true" "Mozilla/5.0 (Windows NT 10.0; Win64; x64; rv:61.0) Gecko/20100101 Firefox/61.0"
80.123.225.34 - - [05/Sep/2018:13:44:21 +0200] "GET /reload?ser=1536147863644 HTTP/1.1" 200 28 "http://renault.activities.at/result?searchterm=true&search=z.e." "Mozilla/5.0 (compatible; MSIE 10.0; Windows NT 6.1; WOW64; Trident/6.0)"
213.153.47.173 - - [05/Sep/2018:13:45:19 +0200] "GET /reload?ser=1536147910092 HTTP/1.1" 200 28 "http://renault.activities.at/login?required=true" "Mozilla/5.0 (Windows NT 10.0; Win64; x64; rv:61.0) Gecko/20100101 Firefox/61.0"
80.123.225.34 - - [05/Sep/2018:13:45:22 +0200] "GET /reload?ser=1536147924617 HTTP/1.1" 200 28 "http://renault.activities.at/result?searchterm=true&search=z.e." "Mozilla/5.0 (compatible; MSIE 10.0; Windows NT 6.1; WOW64; Trident/6.0)"
213.153.47.173 - - [05/Sep/2018:13:46:19 +0200] "GET /reload?ser=1536147970752 HTTP/1.1" 200 28 "http://renault.activities.at/login?required=true" "Mozilla/5.0 (Windows NT 10.0; Win64; x64; rv:61.0) Gecko/20100101 Firefox/61.0"
80.123.225.34 - - [05/Sep/2018:13:46:23 +0200] "GET /reload?ser=1536147985609 HTTP/1.1" 200 28 "http://renault.activities.at/result?searchterm=true&search=z.e." "Mozilla/5.0 (compatible; MSIE 10.0; Windows NT 6.1; WOW64; Trident/6.0)"
213.153.47.173 - - [05/Sep/2018:13:47:20 +0200] "GET /reload?ser=1536148031421 HTTP/1.1" 200 28 "http://renault.activities.at/login?required=true" "Mozilla/5.0 (Windows NT 10.0; Win64; x64; rv:61.0) Gecko/20100101 Firefox/61.0"
80.123.225.34 - - [05/Sep/2018:13:47:24 +0200] "GET /reload?ser=1536148046570 HTTP/1.1" 200 28 "http://renault.activities.at/result?searchterm=true&search=z.e." "Mozilla/5.0 (compatible; MSIE 10.0; Windows NT 6.1; WOW64; Trident/6.0)"
213.153.47.173 - - [05/Sep/2018:13:48:21 +0200] "GET /reload?ser=1536148092070 HTTP/1.1" 200 28 "http://renault.activities.at/login?required=true" "Mozilla/5.0 (Windows NT 10.0; Win64; x64; rv:61.0) Gecko/20100101 Firefox/61.0"
80.123.225.34 - - [05/Sep/2018:13:48:25 +0200] "GET /reload?ser=1536148107592 HTTP/1.1" 200 28 "http://renault.activities.at/result?searchterm=true&search=z.e." "Mozilla/5.0 (compatible; MSIE 10.0; Windows NT 6.1; WOW64; Trident/6.0)"
213.153.47.173 - - [05/Sep/2018:13:49:21 +0200] "GET /reload?ser=1536148152722 HTTP/1.1" 200 28 "http://renault.activities.at/login?required=true" "Mozilla/5.0 (Windows NT 10.0; Win64; x64; rv:61.0) Gecko/20100101 Firefox/61.0"
80.123.225.34 - - [05/Sep/2018:13:49:26 +0200] "GET /reload?ser=1536148168623 HTTP/1.1" 200 28 "http://renault.activities.at/result?searchterm=true&search=z.e." "Mozilla/5.0 (compatible; MSIE 10.0; Windows NT 6.1; WOW64; Trident/6.0)"
213.153.47.173 - - [05/Sep/2018:13:50:22 +0200] "GET /reload?ser=1536148213372 HTTP/1.1" 200 28 "http://renault.activities.at/login?required=true" "Mozilla/5.0 (Windows NT 10.0; Win64; x64; rv:61.0) Gecko/20100101 Firefox/61.0"
80.123.225.34 - - [05/Sep/2018:13:50:27 +0200] "GET /reload?ser=1536148229649 HTTP/1.1" 200 28 "http://renault.activities.at/result?searchterm=true&search=z.e." "Mozilla/5.0 (compatible; MSIE 10.0; Windows NT 6.1; WOW64; Trident/6.0)"
213.153.47.173 - - [05/Sep/2018:13:51:23 +0200] "GET /reload?ser=1536148274042 HTTP/1.1" 200 28 "http://renault.activities.at/login?required=true" "Mozilla/5.0 (Windows NT 10.0; Win64; x64; rv:61.0) Gecko/20100101 Firefox/61.0"
80.123.225.34 - - [05/Sep/2018:13:51:29 +0200] "GET /reload?ser=1536148290690 HTTP/1.1" 200 28 "http://renault.activities.at/result?searchterm=true&search=z.e." "Mozilla/5.0 (compatible; MSIE 10.0; Windows NT 6.1; WOW64; Trident/6.0)"
213.153.47.173 - - [05/Sep/2018:13:52:23 +0200] "GET /reload?ser=1536148334713 HTTP/1.1" 200 28 "http://renault.activities.at/login?required=true" "Mozilla/5.0 (Windows NT 10.0; Win64; x64; rv:61.0) Gecko/20100101 Firefox/61.0"
80.123.225.34 - - [05/Sep/2018:13:52:30 +0200] "GET /reload?ser=1536148351728 HTTP/1.1" 200 28 "http://renault.activities.at/result?searchterm=true&search=z.e." "Mozilla/5.0 (compatible; MSIE 10.0; Windows NT 6.1; WOW64; Trident/6.0)"
213.153.47.173 - - [05/Sep/2018:13:53:24 +0200] "GET /reload?ser=1536148395362 HTTP/1.1" 200 28 "http://renault.activities.at/login?required=true" "Mozilla/5.0 (Windows NT 10.0; Win64; x64; rv:61.0) Gecko/20100101 Firefox/61.0"
80.123.225.34 - - [05/Sep/2018:13:53:31 +0200] "GET /reload?ser=1536148412729 HTTP/1.1" 200 28 "http://renault.activities.at/result?searchterm=true&search=z.e." "Mozilla/5.0 (compatible; MSIE 10.0; Windows NT 6.1; WOW64; Trident/6.0)"
213.153.47.173 - - [05/Sep/2018:13:54:25 +0200] "GET /reload?ser=1536148456022 HTTP/1.1" 200 28 "http://renault.activities.at/login?required=true" "Mozilla/5.0 (Windows NT 10.0; Win64; x64; rv:61.0) Gecko/20100101 Firefox/61.0"
80.123.225.34 - - [05/Sep/2018:13:54:32 +0200] "GET /reload?ser=1536148473759 HTTP/1.1" 200 28 "http://renault.activities.at/result?searchterm=true&search=z.e." "Mozilla/5.0 (compatible; MSIE 10.0; Windows NT 6.1; WOW64; Trident/6.0)"
213.153.47.173 - - [05/Sep/2018:13:55:25 +0200] "GET /reload?ser=1536148516662 HTTP/1.1" 200 28 "http://renault.activities.at/login?required=true" "Mozilla/5.0 (Windows NT 10.0; Win64; x64; rv:61.0) Gecko/20100101 Firefox/61.0"
80.123.225.34 - - [05/Sep/2018:13:55:33 +0200] "GET /reload?ser=1536148534774 HTTP/1.1" 200 28 "http://renault.activities.at/result?searchterm=true&search=z.e." "Mozilla/5.0 (compatible; MSIE 10.0; Windows NT 6.1; WOW64; Trident/6.0)"
213.153.47.173 - - [05/Sep/2018:13:56:26 +0200] "GET /reload?ser=1536148577322 HTTP/1.1" 200 28 "http://renault.activities.at/login?required=true" "Mozilla/5.0 (Windows NT 10.0; Win64; x64; rv:61.0) Gecko/20100101 Firefox/61.0"
80.123.225.34 - - [05/Sep/2018:13:56:34 +0200] "GET /reload?ser=1536148595761 HTTP/1.1" 200 28 "http://renault.activities.at/result?searchterm=true&search=z.e." "Mozilla/5.0 (compatible; MSIE 10.0; Windows NT 6.1; WOW64; Trident/6.0)"
213.153.47.173 - - [05/Sep/2018:13:57:27 +0200] "GET /reload?ser=1536148638031 HTTP/1.1" 200 28 "http://renault.activities.at/login?required=true" "Mozilla/5.0 (Windows NT 10.0; Win64; x64; rv:61.0) Gecko/20100101 Firefox/61.0"
80.123.225.34 - - [05/Sep/2018:13:57:35 +0200] "GET /reload?ser=1536148656742 HTTP/1.1" 200 28 "http://renault.activities.at/result?searchterm=true&search=z.e." "Mozilla/5.0 (compatible; MSIE 10.0; Windows NT 6.1; WOW64; Trident/6.0)"
213.153.47.173 - - [05/Sep/2018:13:58:27 +0200] "GET /reload?ser=1536148698681 HTTP/1.1" 200 28 "http://renault.activities.at/login?required=true" "Mozilla/5.0 (Windows NT 10.0; Win64; x64; rv:61.0) Gecko/20100101 Firefox/61.0"
80.123.225.34 - - [05/Sep/2018:13:58:36 +0200] "GET /reload?ser=1536148717775 HTTP/1.1" 200 28 "http://renault.activities.at/result?searchterm=true&search=z.e." "Mozilla/5.0 (compatible; MSIE 10.0; Windows NT 6.1; WOW64; Trident/6.0)"
213.153.47.173 - - [05/Sep/2018:13:59:28 +0200] "GET /reload?ser=1536148759341 HTTP/1.1" 200 28 "http://renault.activities.at/login?required=true" "Mozilla/5.0 (Windows NT 10.0; Win64; x64; rv:61.0) Gecko/20100101 Firefox/61.0"
80.123.225.34 - - [05/Sep/2018:13:59:37 +0200] "GET /reload?ser=1536148778796 HTTP/1.1" 200 28 "http://renault.activities.at/result?searchterm=true&search=z.e." "Mozilla/5.0 (compatible; MSIE 10.0; Windows NT 6.1; WOW64; Trident/6.0)"
213.153.47.173 - - [05/Sep/2018:14:00:29 +0200] "GET /reload?ser=1536148820001 HTTP/1.1" 200 28 "http://renault.activities.at/login?required=true" "Mozilla/5.0 (Windows NT 10.0; Win64; x64; rv:61.0) Gecko/20100101 Firefox/61.0"
80.123.225.34 - - [05/Sep/2018:14:00:38 +0200] "GET /reload?ser=1536148839808 HTTP/1.1" 200 28 "http://renault.activities.at/result?searchterm=true&search=z.e." "Mozilla/5.0 (compatible; MSIE 10.0; Windows NT 6.1; WOW64; Trident/6.0)"
213.153.47.173 - - [05/Sep/2018:14:01:29 +0200] "GET /reload?ser=1536148880662 HTTP/1.1" 200 28 "http://renault.activities.at/login?required=true" "Mozilla/5.0 (Windows NT 10.0; Win64; x64; rv:61.0) Gecko/20100101 Firefox/61.0"
80.123.225.34 - - [05/Sep/2018:14:01:39 +0200] "GET /reload?ser=1536148900839 HTTP/1.1" 200 28 "http://renault.activities.at/result?searchterm=true&search=z.e." "Mozilla/5.0 (compatible; MSIE 10.0; Windows NT 6.1; WOW64; Trident/6.0)"
213.153.47.173 - - [05/Sep/2018:14:02:30 +0200] "GET /reload?ser=1536148941331 HTTP/1.1" 200 28 "http://renault.activities.at/login?required=true" "Mozilla/5.0 (Windows NT 10.0; Win64; x64; rv:61.0) Gecko/20100101 Firefox/61.0"
80.123.225.34 - - [05/Sep/2018:14:02:40 +0200] "GET /reload?ser=1536148961869 HTTP/1.1" 200 28 "http://renault.activities.at/result?searchterm=true&search=z.e." "Mozilla/5.0 (compatible; MSIE 10.0; Windows NT 6.1; WOW64; Trident/6.0)"
213.153.47.173 - - [05/Sep/2018:14:03:31 +0200] "GET /reload?ser=1536149001991 HTTP/1.1" 200 28 "http://renault.activities.at/login?required=true" "Mozilla/5.0 (Windows NT 10.0; Win64; x64; rv:61.0) Gecko/20100101 Firefox/61.0"
80.123.225.34 - - [05/Sep/2018:14:03:41 +0200] "GET /reload?ser=1536149022904 HTTP/1.1" 200 28 "http://renault.activities.at/result?searchterm=true&search=z.e." "Mozilla/5.0 (compatible; MSIE 10.0; Windows NT 6.1; WOW64; Trident/6.0)"
213.153.47.173 - - [05/Sep/2018:14:04:31 +0200] "GET /reload?ser=1536149062662 HTTP/1.1" 200 28 "http://renault.activities.at/login?required=true" "Mozilla/5.0 (Windows NT 10.0; Win64; x64; rv:61.0) Gecko/20100101 Firefox/61.0"
80.123.225.34 - - [05/Sep/2018:14:04:42 +0200] "GET /reload?ser=1536149083929 HTTP/1.1" 200 28 "http://renault.activities.at/result?searchterm=true&search=z.e." "Mozilla/5.0 (compatible; MSIE 10.0; Windows NT 6.1; WOW64; Trident/6.0)"
213.153.47.173 - - [05/Sep/2018:14:05:32 +0200] "GET /reload?ser=1536149123321 HTTP/1.1" 200 28 "http://renault.activities.at/login?required=true" "Mozilla/5.0 (Windows NT 10.0; Win64; x64; rv:61.0) Gecko/20100101 Firefox/61.0"
80.123.225.34 - - [05/Sep/2018:14:05:43 +0200] "GET /reload?ser=1536149144960 HTTP/1.1" 200 28 "http://renault.activities.at/result?searchterm=true&search=z.e." "Mozilla/5.0 (compatible; MSIE 10.0; Windows NT 6.1; WOW64; Trident/6.0)"
213.153.47.173 - - [05/Sep/2018:14:06:33 +0200] "GET /reload?ser=1536149183981 HTTP/1.1" 200 28 "http://renault.activities.at/login?required=true" "Mozilla/5.0 (Windows NT 10.0; Win64; x64; rv:61.0) Gecko/20100101 Firefox/61.0"
80.123.225.34 - - [05/Sep/2018:14:06:44 +0200] "GET /reload?ser=1536149206028 HTTP/1.1" 200 28 "http://renault.activities.at/result?searchterm=true&search=z.e." "Mozilla/5.0 (compatible; MSIE 10.0; Windows NT 6.1; WOW64; Trident/6.0)"
213.153.47.173 - - [05/Sep/2018:14:07:33 +0200] "GET /reload?ser=1536149244661 HTTP/1.1" 200 28 "http://renault.activities.at/login?required=true" "Mozilla/5.0 (Windows NT 10.0; Win64; x64; rv:61.0) Gecko/20100101 Firefox/61.0"
80.123.225.34 - - [05/Sep/2018:14:07:45 +0200] "GET /reload?ser=1536149267025 HTTP/1.1" 200 28 "http://renault.activities.at/result?searchterm=true&search=z.e." "Mozilla/5.0 (compatible; MSIE 10.0; Windows NT 6.1; WOW64; Trident/6.0)"
213.153.47.173 - - [05/Sep/2018:14:08:34 +0200] "GET /reload?ser=1536149305312 HTTP/1.1" 200 28 "http://renault.activities.at/login?required=true" "Mozilla/5.0 (Windows NT 10.0; Win64; x64; rv:61.0) Gecko/20100101 Firefox/61.0"
80.123.225.34 - - [05/Sep/2018:14:08:46 +0200] "GET /reload?ser=1536149328037 HTTP/1.1" 200 28 "http://renault.activities.at/result?searchterm=true&search=z.e." "Mozilla/5.0 (compatible; MSIE 10.0; Windows NT 6.1; WOW64; Trident/6.0)"
213.153.47.173 - - [05/Sep/2018:14:09:35 +0200] "GET /reload?ser=1536149365981 HTTP/1.1" 200 28 "http://renault.activities.at/login?required=true" "Mozilla/5.0 (Windows NT 10.0; Win64; x64; rv:61.0) Gecko/20100101 Firefox/61.0"
80.123.225.34 - - [05/Sep/2018:14:09:47 +0200] "GET /reload?ser=1536149389054 HTTP/1.1" 200 28 "http://renault.activities.at/result?searchterm=true&search=z.e." "Mozilla/5.0 (compatible; MSIE 10.0; Windows NT 6.1; WOW64; Trident/6.0)"
213.153.47.173 - - [05/Sep/2018:14:10:35 +0200] "GET /reload?ser=1536149426652 HTTP/1.1" 200 28 "http://renault.activities.at/login?required=true" "Mozilla/5.0 (Windows NT 10.0; Win64; x64; rv:61.0) Gecko/20100101 Firefox/61.0"
80.123.225.34 - - [05/Sep/2018:14:10:48 +0200] "GET /reload?ser=1536149450077 HTTP/1.1" 200 28 "http://renault.activities.at/result?searchterm=true&search=z.e." "Mozilla/5.0 (compatible; MSIE 10.0; Windows NT 6.1; WOW64; Trident/6.0)"
80.122.53.230 - - [05/Sep/2018:14:10:57 +0200] "GET / HTTP/1.1" 200 3683 "-" "Mozilla/5.0 (Windows NT 6.1; WOW64; Trident/7.0; rv:11.0) like Gecko"
80.122.53.230 - - [05/Sep/2018:14:10:58 +0200] "GET /js/flashdetection.js HTTP/1.1" 200 1059 "http://renault.activities.at/" "Mozilla/5.0 (Windows NT 6.1; WOW64; Trident/7.0; rv:11.0) like Gecko"
80.122.53.230 - - [05/Sep/2018:14:10:58 +0200] "GET /css/styles.css HTTP/1.1" 200 14664 "http://renault.activities.at/" "Mozilla/5.0 (Windows NT 6.1; WOW64; Trident/7.0; rv:11.0) like Gecko"
80.122.53.230 - - [05/Sep/2018:14:10:58 +0200] "GET /js/default.js HTTP/1.1" 200 14698 "http://renault.activities.at/" "Mozilla/5.0 (Windows NT 6.1; WOW64; Trident/7.0; rv:11.0) like Gecko"
80.122.53.230 - - [05/Sep/2018:14:10:58 +0200] "GET /css/reset.css HTTP/1.1" 200 1356 "http://renault.activities.at/" "Mozilla/5.0 (Windows NT 6.1; WOW64; Trident/7.0; rv:11.0) like Gecko"
80.122.53.230 - - [05/Sep/2018:14:10:58 +0200] "GET /css/clears.css HTTP/1.1" 200 851 "http://renault.activities.at/" "Mozilla/5.0 (Windows NT 6.1; WOW64; Trident/7.0; rv:11.0) like Gecko"
80.122.53.230 - - [05/Sep/2018:14:10:58 +0200] "GET /css/print.css HTTP/1.1" 200 543 "http://renault.activities.at/" "Mozilla/5.0 (Windows NT 6.1; WOW64; Trident/7.0; rv:11.0) like Gecko"
80.122.53.230 - - [05/Sep/2018:14:10:58 +0200] "GET /js/checkout.css HTTP/1.1" 200 359 "http://renault.activities.at/" "Mozilla/5.0 (Windows NT 6.1; WOW64; Trident/7.0; rv:11.0) like Gecko"
80.122.53.230 - - [05/Sep/2018:14:10:58 +0200] "GET /css/prototip.css HTTP/1.1" 200 968 "http://renault.activities.at/" "Mozilla/5.0 (Windows NT 6.1; WOW64; Trident/7.0; rv:11.0) like Gecko"
80.122.53.230 - - [05/Sep/2018:14:10:58 +0200] "GET /css/themes/alphacube.css HTTP/1.1" 200 743 "http://renault.activities.at/" "Mozilla/5.0 (Windows NT 6.1; WOW64; Trident/7.0; rv:11.0) like Gecko"
80.122.53.230 - - [05/Sep/2018:14:10:58 +0200] "GET /css/themes/default.css HTTP/1.1" 200 769 "http://renault.activities.at/" "Mozilla/5.0 (Windows NT 6.1; WOW64; Trident/7.0; rv:11.0) like Gecko"
80.122.53.230 - - [05/Sep/2018:14:10:58 +0200] "GET /js/index.php?c=auto&f=,prototype/prototype.js,prototype/validation.js,scriptaculous/builder.js,scriptaculous/effects.js,scriptaculous/dragdrop.js,scriptaculous/controls.js,scriptaculous/slider.js,varien/js.js,varien/form.js,varien/menu.js,mage/translate.js,mage/cookies.js,varien/product.js,spinner/SpinnerControl.jsmin.js,prototype/window.js,prototype/window_ext.js HTTP/1.1" 200 94182 "http://renault.activities.at/" "Mozilla/5.0 (Windows NT 6.1; WOW64; Trident/7.0; rv:11.0) like Gecko"
80.122.53.230 - - [05/Sep/2018:14:10:58 +0200] "GET /images/main_block_corner_left_bot.gif HTTP/1.1" 200 159 "http://renault.activities.at/" "Mozilla/5.0 (Windows NT 6.1; WOW64; Trident/7.0; rv:11.0) like Gecko"
80.122.53.230 - - [05/Sep/2018:14:10:58 +0200] "GET /images/main_block_border.gif HTTP/1.1" 200 43 "http://renault.activities.at/" "Mozilla/5.0 (Windows NT 6.1; WOW64; Trident/7.0; rv:11.0) like Gecko"
80.122.53.230 - - [05/Sep/2018:14:10:58 +0200] "GET /images/main_block_corner_right_top.gif HTTP/1.1" 200 159 "http://renault.activities.at/" "Mozilla/5.0 (Windows NT 6.1; WOW64; Trident/7.0; rv:11.0) like Gecko"
80.122.53.230 - - [05/Sep/2018:14:10:58 +0200] "GET /images/main_block_corner_right_bot.gif HTTP/1.1" 200 158 "http://renault.activities.at/" "Mozilla/5.0 (Windows NT 6.1; WOW64; Trident/7.0; rv:11.0) like Gecko"
80.122.53.230 - - [05/Sep/2018:14:10:58 +0200] "GET /images/header_block_corner_left_top.gif HTTP/1.1" 200 160 "http://renault.activities.at/" "Mozilla/5.0 (Windows NT 6.1; WOW64; Trident/7.0; rv:11.0) like Gecko"
80.122.53.230 - - [05/Sep/2018:14:10:58 +0200] "GET /images/main_block_corner_left_top.gif HTTP/1.1" 200 159 "http://renault.activities.at/" "Mozilla/5.0 (Windows NT 6.1; WOW64; Trident/7.0; rv:11.0) like Gecko"
80.122.53.230 - - [05/Sep/2018:14:10:58 +0200] "GET /images/header_block_border.gif HTTP/1.1" 200 43 "http://renault.activities.at/" "Mozilla/5.0 (Windows NT 6.1; WOW64; Trident/7.0; rv:11.0) like Gecko"
80.122.53.230 - - [05/Sep/2018:14:10:58 +0200] "GET /images/header_block_corner_right_top.gif HTTP/1.1" 200 160 "http://renault.activities.at/" "Mozilla/5.0 (Windows NT 6.1; WOW64; Trident/7.0; rv:11.0) like Gecko"
80.122.53.230 - - [05/Sep/2018:14:10:58 +0200] "GET /images/title_corner_right_top.jpg HTTP/1.1" 200 389 "http://renault.activities.at/" "Mozilla/5.0 (Windows NT 6.1; WOW64; Trident/7.0; rv:11.0) like Gecko"
80.122.53.230 - - [05/Sep/2018:14:10:58 +0200] "GET /images/title_border_top.jpg HTTP/1.1" 200 336 "http://renault.activities.at/" "Mozilla/5.0 (Windows NT 6.1; WOW64; Trident/7.0; rv:11.0) like Gecko"
80.122.53.230 - - [05/Sep/2018:14:10:58 +0200] "GET /images/title_border.jpg HTTP/1.1" 200 304 "http://renault.activities.at/" "Mozilla/5.0 (Windows NT 6.1; WOW64; Trident/7.0; rv:11.0) like Gecko"
80.122.53.230 - - [05/Sep/2018:14:10:58 +0200] "GET /images/title_corner_left_top.jpg HTTP/1.1" 200 372 "http://renault.activities.at/" "Mozilla/5.0 (Windows NT 6.1; WOW64; Trident/7.0; rv:11.0) like Gecko"
80.122.53.230 - - [05/Sep/2018:14:10:58 +0200] "GET /images/favicon.ico HTTP/1.1" 404 305 "-" "Mozilla/5.0 (Windows NT 6.1; Win64; x64; Trident/7.0; rv:11.0) like Gecko"
80.122.53.230 - - [05/Sep/2018:14:10:58 +0200] "GET /loadthumbnail.php?id=11127982 HTTP/1.1" 200 399614 "http://renault.activities.at/" "Mozilla/5.0 (Windows NT 6.1; WOW64; Trident/7.0; rv:11.0) like Gecko"
213.153.47.173 - - [05/Sep/2018:14:11:36 +0200] "GET /reload?ser=1536149487321 HTTP/1.1" 200 28 "http://renault.activities.at/login?required=true" "Mozilla/5.0 (Windows NT 10.0; Win64; x64; rv:61.0) Gecko/20100101 Firefox/61.0"
80.122.53.230 - - [05/Sep/2018:14:11:39 +0200] "GET /login HTTP/1.1" 200 2086 "http://renault.activities.at/" "Mozilla/5.0 (Windows NT 6.1; WOW64; Trident/7.0; rv:11.0) like Gecko"
80.122.53.230 - - [05/Sep/2018:14:11:40 +0200] "GET /images/button_right_bg.gif HTTP/1.1" 200 561 "http://renault.activities.at/login" "Mozilla/5.0 (Windows NT 6.1; WOW64; Trident/7.0; rv:11.0) like Gecko"
80.122.53.230 - - [05/Sep/2018:14:11:40 +0200] "GET /images/button_bg.gif HTTP/1.1" 200 151 "http://renault.activities.at/login" "Mozilla/5.0 (Windows NT 6.1; WOW64; Trident/7.0; rv:11.0) like Gecko"
80.122.53.230 - - [05/Sep/2018:14:11:40 +0200] "GET /images/button_left_bg.gif HTTP/1.1" 200 564 "http://renault.activities.at/login" "Mozilla/5.0 (Windows NT 6.1; WOW64; Trident/7.0; rv:11.0) like Gecko"
80.122.53.230 - - [05/Sep/2018:14:11:40 +0200] "GET /images/favicon.ico HTTP/1.1" 404 305 "-" "Mozilla/5.0 (Windows NT 6.1; Win64; x64; Trident/7.0; rv:11.0) like Gecko"
80.122.53.230 - - [05/Sep/2018:14:11:40 +0200] "GET /favicon.ico HTTP/1.1" 200 3250 "-" "Mozilla/5.0 (Windows NT 6.1; Win64; x64; Trident/7.0; rv:11.0) like Gecko"
80.123.225.34 - - [05/Sep/2018:14:11:49 +0200] "GET /reload?ser=1536149511092 HTTP/1.1" 200 28 "http://renault.activities.at/result?searchterm=true&search=z.e." "Mozilla/5.0 (compatible; MSIE 10.0; Windows NT 6.1; WOW64; Trident/6.0)"
80.122.53.230 - - [05/Sep/2018:14:11:51 +0200] "POST /login HTTP/1.1" 302 140 "http://renault.activities.at/login" "Mozilla/5.0 (Windows NT 6.1; WOW64; Trident/7.0; rv:11.0) like Gecko"
80.122.53.230 - - [05/Sep/2018:14:11:53 +0200] "GET /account HTTP/1.1" 200 6647 "http://renault.activities.at/login" "Mozilla/5.0 (Windows NT 6.1; WOW64; Trident/7.0; rv:11.0) like Gecko"
80.122.53.230 - - [05/Sep/2018:14:11:56 +0200] "GET /js/account.js HTTP/1.1" 200 953 "http://renault.activities.at/account" "Mozilla/5.0 (Windows NT 6.1; WOW64; Trident/7.0; rv:11.0) like Gecko"
80.122.53.230 - - [05/Sep/2018:14:11:56 +0200] "GET /images/ajax_loading.gif HTTP/1.1" 200 1542 "http://renault.activities.at/account" "Mozilla/5.0 (Windows NT 6.1; WOW64; Trident/7.0; rv:11.0) like Gecko"
80.122.53.230 - - [05/Sep/2018:14:11:56 +0200] "GET /loadthumbnail.php?id=11308855&width=50&height=50 HTTP/1.1" 200 1713 "http://renault.activities.at/account" "Mozilla/5.0 (Windows NT 6.1; WOW64; Trident/7.0; rv:11.0) like Gecko"
80.122.53.230 - - [05/Sep/2018:14:11:56 +0200] "GET /images/search_bg.gif HTTP/1.1" 200 1726 "http://renault.activities.at/account" "Mozilla/5.0 (Windows NT 6.1; WOW64; Trident/7.0; rv:11.0) like Gecko"
80.122.53.230 - - [05/Sep/2018:14:11:56 +0200] "GET /images/menu_divider.gif HTTP/1.1" 200 176 "http://renault.activities.at/account" "Mozilla/5.0 (Windows NT 6.1; WOW64; Trident/7.0; rv:11.0) like Gecko"
80.122.53.230 - - [05/Sep/2018:14:11:56 +0200] "GET /images/menu_button_bg.jpg HTTP/1.1" 200 322 "http://renault.activities.at/account" "Mozilla/5.0 (Windows NT 6.1; WOW64; Trident/7.0; rv:11.0) like Gecko"
80.122.53.230 - - [05/Sep/2018:14:11:56 +0200] "GET /images/nav_divider.gif HTTP/1.1" 200 43 "http://renault.activities.at/account" "Mozilla/5.0 (Windows NT 6.1; WOW64; Trident/7.0; rv:11.0) like Gecko"
80.122.53.230 - - [05/Sep/2018:14:11:56 +0200] "GET /images/sidebar_title_border.gif HTTP/1.1" 200 43 "http://renault.activities.at/account" "Mozilla/5.0 (Windows NT 6.1; WOW64; Trident/7.0; rv:11.0) like Gecko"
80.122.53.230 - - [05/Sep/2018:14:11:56 +0200] "GET /images/sidebar_title_corner_right_top.gif HTTP/1.1" 200 383 "http://renault.activities.at/account" "Mozilla/5.0 (Windows NT 6.1; WOW64; Trident/7.0; rv:11.0) like Gecko"
80.122.53.230 - - [05/Sep/2018:14:11:56 +0200] "GET /images/sidebar_title_corner_left_top.gif HTTP/1.1" 200 1124 "http://renault.activities.at/account" "Mozilla/5.0 (Windows NT 6.1; WOW64; Trident/7.0; rv:11.0) like Gecko"
80.122.53.230 - - [05/Sep/2018:14:11:56 +0200] "GET /images/sidebar_title_border_top.gif HTTP/1.1" 200 155 "http://renault.activities.at/account" "Mozilla/5.0 (Windows NT 6.1; WOW64; Trident/7.0; rv:11.0) like Gecko"
80.122.53.230 - - [05/Sep/2018:14:11:56 +0200] "GET /images/top_links_divider.gif HTTP/1.1" 200 44 "http://renault.activities.at/account" "Mozilla/5.0 (Windows NT 6.1; WOW64; Trident/7.0; rv:11.0) like Gecko"
80.122.53.230 - - [05/Sep/2018:14:11:56 +0200] "GET /images/reset_bg.gif HTTP/1.1" 200 785 "http://renault.activities.at/account" "Mozilla/5.0 (Windows NT 6.1; WOW64; Trident/7.0; rv:11.0) like Gecko"
80.122.53.230 - - [05/Sep/2018:14:11:56 +0200] "GET /images/validation_advice_bg.gif HTTP/1.1" 200 134 "http://renault.activities.at/account" "Mozilla/5.0 (Windows NT 6.1; WOW64; Trident/7.0; rv:11.0) like Gecko"
80.122.53.230 - - [05/Sep/2018:14:11:56 +0200] "GET /images/footer_divider.gif HTTP/1.1" 200 44 "http://renault.activities.at/account" "Mozilla/5.0 (Windows NT 6.1; WOW64; Trident/7.0; rv:11.0) like Gecko"
80.122.53.230 - - [05/Sep/2018:14:11:57 +0200] "GET /favicon.ico HTTP/1.1" 200 3250 "-" "Mozilla/5.0 (Windows NT 6.1; Win64; x64; Trident/7.0; rv:11.0) like Gecko"
80.122.53.230 - - [05/Sep/2018:14:12:01 +0200] "POST /axjaxrequest?mode=suggest HTTP/1.1" 200 835 "http://renault.activities.at/account" "Mozilla/5.0 (Windows NT 6.1; WOW64; Trident/7.0; rv:11.0) like Gecko"
80.122.53.230 - - [05/Sep/2018:14:12:06 +0200] "POST /axjaxrequest?mode=suggest HTTP/1.1" 200 111 "http://renault.activities.at/account" "Mozilla/5.0 (Windows NT 6.1; WOW64; Trident/7.0; rv:11.0) like Gecko"
80.122.53.230 - - [05/Sep/2018:14:12:07 +0200] "GET /result?searchterm=true&search=POS867 HTTP/1.1" 200 5888 "http://renault.activities.at/account" "Mozilla/5.0 (Windows NT 6.1; WOW64; Trident/7.0; rv:11.0) like Gecko"
80.122.53.230 - - [05/Sep/2018:14:12:09 +0200] "GET /js/prototip.js HTTP/1.1" 200 4588 "http://renault.activities.at/result?searchterm=true&search=POS867" "Mozilla/5.0 (Windows NT 6.1; WOW64; Trident/7.0; rv:11.0) like Gecko"
80.122.53.230 - - [05/Sep/2018:14:12:09 +0200] "GET /images/loading.gif HTTP/1.1" 200 3208 "http://renault.activities.at/result?searchterm=true&search=POS867" "Mozilla/5.0 (Windows NT 6.1; WOW64; Trident/7.0; rv:11.0) like Gecko"
80.122.53.230 - - [05/Sep/2018:14:12:09 +0200] "GET /js/ProduktGrp.js HTTP/1.1" 200 1569 "http://renault.activities.at/result?searchterm=true&search=POS867" "Mozilla/5.0 (Windows NT 6.1; WOW64; Trident/7.0; rv:11.0) like Gecko"
80.122.53.230 - - [05/Sep/2018:14:12:09 +0200] "GET /loadthumbnail.php?id=10203255 HTTP/1.1" 200 137 "http://renault.activities.at/result?searchterm=true&search=POS867" "Mozilla/5.0 (Windows NT 6.1; WOW64; Trident/7.0; rv:11.0) like Gecko"
80.122.53.230 - - [05/Sep/2018:14:12:09 +0200] "GET /loadthumbnail.php?id=11459823&width=113 HTTP/1.1" 200 2833 "http://renault.activities.at/result?searchterm=true&search=POS867" "Mozilla/5.0 (Windows NT 6.1; WOW64; Trident/7.0; rv:11.0) like Gecko"
80.122.53.230 - - [05/Sep/2018:14:12:10 +0200] "GET /images/pager_bg.gif HTTP/1.1" 200 150 "http://renault.activities.at/result?searchterm=true&search=POS867" "Mozilla/5.0 (Windows NT 6.1; WOW64; Trident/7.0; rv:11.0) like Gecko"
80.122.53.230 - - [05/Sep/2018:14:12:10 +0200] "GET /images/vista-dn.gif HTTP/1.1" 200 128 "http://renault.activities.at/result?searchterm=true&search=POS867" "Mozilla/5.0 (Windows NT 6.1; WOW64; Trident/7.0; rv:11.0) like Gecko"
80.122.53.230 - - [05/Sep/2018:14:12:10 +0200] "GET /images/vista-up.gif HTTP/1.1" 200 131 "http://renault.activities.at/result?searchterm=true&search=POS867" "Mozilla/5.0 (Windows NT 6.1; WOW64; Trident/7.0; rv:11.0) like Gecko"
80.122.53.230 - - [05/Sep/2018:14:12:17 +0200] "GET /images/vista-up-hover.gif HTTP/1.1" 200 130 "http://renault.activities.at/result?searchterm=true&search=POS867" "Mozilla/5.0 (Windows NT 6.1; WOW64; Trident/7.0; rv:11.0) like Gecko"
80.122.53.230 - - [05/Sep/2018:14:12:17 +0200] "GET /images/vista-dn-hover.gif HTTP/1.1" 200 127 "http://renault.activities.at/result?searchterm=true&search=POS867" "Mozilla/5.0 (Windows NT 6.1; WOW64; Trident/7.0; rv:11.0) like Gecko"
80.122.53.230 - - [05/Sep/2018:14:12:25 +0200] "POST /result?searchterm=true&search=POS867 HTTP/1.1" 200 6075 "http://renault.activities.at/result?searchterm=true&search=POS867" "Mozilla/5.0 (Windows NT 6.1; WOW64; Trident/7.0; rv:11.0) like Gecko"
80.122.53.230 - - [05/Sep/2018:14:12:27 +0200] "GET /images/success_msg_icon.gif HTTP/1.1" 200 1024 "http://renault.activities.at/result?searchterm=true&search=POS867" "Mozilla/5.0 (Windows NT 6.1; WOW64; Trident/7.0; rv:11.0) like Gecko"
80.122.53.230 - - [05/Sep/2018:14:12:31 +0200] "GET /checkout HTTP/1.1" 200 20166 "http://renault.activities.at/result?searchterm=true&search=POS867" "Mozilla/5.0 (Windows NT 6.1; WOW64; Trident/7.0; rv:11.0) like Gecko"
80.122.53.230 - - [05/Sep/2018:14:12:36 +0200] "GET /js/checkout2.js HTTP/1.1" 200 4122 "http://renault.activities.at/checkout" "Mozilla/5.0 (Windows NT 6.1; WOW64; Trident/7.0; rv:11.0) like Gecko"
80.122.53.230 - - [05/Sep/2018:14:12:36 +0200] "GET /loadthumbnail.php?id=10201939 HTTP/1.1" 200 201 "http://renault.activities.at/checkout" "Mozilla/5.0 (Windows NT 6.1; WOW64; Trident/7.0; rv:11.0) like Gecko"
80.122.53.230 - - [05/Sep/2018:14:12:36 +0200] "GET /loadthumbnail.php?id=10202698 HTTP/1.1" 200 16686 "http://renault.activities.at/checkout" "Mozilla/5.0 (Windows NT 6.1; WOW64; Trident/7.0; rv:11.0) like Gecko"
80.122.53.230 - - [05/Sep/2018:14:12:37 +0200] "GET /images/checkout_border_top.gif HTTP/1.1" 200 156 "http://renault.activities.at/checkout" "Mozilla/5.0 (Windows NT 6.1; WOW64; Trident/7.0; rv:11.0) like Gecko"
80.122.53.230 - - [05/Sep/2018:14:12:37 +0200] "GET /images/checkout_border.gif HTTP/1.1" 200 43 "http://renault.activities.at/checkout" "Mozilla/5.0 (Windows NT 6.1; WOW64; Trident/7.0; rv:11.0) like Gecko"
80.122.53.230 - - [05/Sep/2018:14:12:37 +0200] "GET /images/step_bg.jpg HTTP/1.1" 200 319 "http://renault.activities.at/checkout" "Mozilla/5.0 (Windows NT 6.1; WOW64; Trident/7.0; rv:11.0) like Gecko"
80.122.53.230 - - [05/Sep/2018:14:12:37 +0200] "GET /images/step_marker.gif HTTP/1.1" 200 650 "http://renault.activities.at/checkout" "Mozilla/5.0 (Windows NT 6.1; WOW64; Trident/7.0; rv:11.0) like Gecko"
213.153.47.173 - - [05/Sep/2018:14:12:37 +0200] "GET /reload?ser=1536149547981 HTTP/1.1" 200 28 "http://renault.activities.at/login?required=true" "Mozilla/5.0 (Windows NT 10.0; Win64; x64; rv:61.0) Gecko/20100101 Firefox/61.0"
80.122.53.230 - - [05/Sep/2018:14:12:45 +0200] "POST /docheckout HTTP/1.1" 200 458 "http://renault.activities.at/checkout" "Mozilla/5.0 (Windows NT 6.1; WOW64; Trident/7.0; rv:11.0) like Gecko"
80.122.53.230 - - [05/Sep/2018:14:12:49 +0200] "POST /docheckout HTTP/1.1" 200 574 "http://renault.activities.at/checkout" "Mozilla/5.0 (Windows NT 6.1; WOW64; Trident/7.0; rv:11.0) like Gecko"
80.122.53.230 - - [05/Sep/2018:14:12:51 +0200] "GET /images/error_msg_icon.gif HTTP/1.1" 200 1013 "http://renault.activities.at/checkout" "Mozilla/5.0 (Windows NT 6.1; WOW64; Trident/7.0; rv:11.0) like Gecko"
80.123.225.34 - - [05/Sep/2018:14:12:50 +0200] "GET /reload?ser=1536149572092 HTTP/1.1" 200 28 "http://renault.activities.at/result?searchterm=true&search=z.e." "Mozilla/5.0 (compatible; MSIE 10.0; Windows NT 6.1; WOW64; Trident/6.0)"
80.122.53.230 - - [05/Sep/2018:14:13:01 +0200] "POST /docheckout HTTP/1.1" 200 68 "http://renault.activities.at/checkout" "Mozilla/5.0 (Windows NT 6.1; WOW64; Trident/7.0; rv:11.0) like Gecko"
80.122.53.230 - - [05/Sep/2018:14:13:03 +0200] "GET /success HTTP/1.1" 200 3944 "http://renault.activities.at/checkout" "Mozilla/5.0 (Windows NT 6.1; WOW64; Trident/7.0; rv:11.0) like Gecko"
213.153.47.173 - - [05/Sep/2018:14:13:37 +0200] "GET /reload?ser=1536149608640 HTTP/1.1" 200 28 "http://renault.activities.at/login?required=true" "Mozilla/5.0 (Windows NT 10.0; Win64; x64; rv:61.0) Gecko/20100101 Firefox/61.0"
80.123.225.34 - - [05/Sep/2018:14:13:51 +0200] "GET /reload?ser=1536149633104 HTTP/1.1" 200 28 "http://renault.activities.at/result?searchterm=true&search=z.e." "Mozilla/5.0 (compatible; MSIE 10.0; Windows NT 6.1; WOW64; Trident/6.0)"
80.122.53.230 - - [05/Sep/2018:14:14:05 +0200] "GET /reload?ser=1536149645805 HTTP/1.1" 200 28 "http://renault.activities.at/success" "Mozilla/5.0 (Windows NT 6.1; WOW64; Trident/7.0; rv:11.0) like Gecko"
213.153.47.173 - - [05/Sep/2018:14:14:38 +0200] "GET /reload?ser=1536149669291 HTTP/1.1" 200 28 "http://renault.activities.at/login?required=true" "Mozilla/5.0 (Windows NT 10.0; Win64; x64; rv:61.0) Gecko/20100101 Firefox/61.0"
80.123.225.34 - - [05/Sep/2018:14:14:52 +0200] "GET /reload?ser=1536149694142 HTTP/1.1" 200 28 "http://renault.activities.at/result?searchterm=true&search=z.e." "Mozilla/5.0 (compatible; MSIE 10.0; Windows NT 6.1; WOW64; Trident/6.0)"
80.122.53.230 - - [05/Sep/2018:14:15:06 +0200] "GET /reload?ser=1536149706780 HTTP/1.1" 200 28 "http://renault.activities.at/success" "Mozilla/5.0 (Windows NT 6.1; WOW64; Trident/7.0; rv:11.0) like Gecko"
213.153.47.173 - - [05/Sep/2018:14:15:39 +0200] "GET /reload?ser=1536149729941 HTTP/1.1" 200 28 "http://renault.activities.at/login?required=true" "Mozilla/5.0 (Windows NT 10.0; Win64; x64; rv:61.0) Gecko/20100101 Firefox/61.0"
80.123.225.34 - - [05/Sep/2018:14:15:53 +0200] "GET /reload?ser=1536149755170 HTTP/1.1" 200 28 "http://renault.activities.at/result?searchterm=true&search=z.e." "Mozilla/5.0 (compatible; MSIE 10.0; Windows NT 6.1; WOW64; Trident/6.0)"
213.153.47.173 - - [05/Sep/2018:14:16:39 +0200] "GET /reload?ser=1536149790601 HTTP/1.1" 200 28 "http://renault.activities.at/login?required=true" "Mozilla/5.0 (Windows NT 10.0; Win64; x64; rv:61.0) Gecko/20100101 Firefox/61.0"
80.123.225.34 - - [05/Sep/2018:14:16:54 +0200] "GET /reload?ser=1536149816126 HTTP/1.1" 200 28 "http://renault.activities.at/result?searchterm=true&search=z.e." "Mozilla/5.0 (compatible; MSIE 10.0; Windows NT 6.1; WOW64; Trident/6.0)"
213.153.47.173 - - [05/Sep/2018:14:17:40 +0200] "GET /reload?ser=1536149851261 HTTP/1.1" 200 28 "http://renault.activities.at/login?required=true" "Mozilla/5.0 (Windows NT 10.0; Win64; x64; rv:61.0) Gecko/20100101 Firefox/61.0"
80.123.225.34 - - [05/Sep/2018:14:17:55 +0200] "GET /reload?ser=1536149877082 HTTP/1.1" 200 28 "http://renault.activities.at/result?searchterm=true&search=z.e." "Mozilla/5.0 (compatible; MSIE 10.0; Windows NT 6.1; WOW64; Trident/6.0)"
213.153.47.173 - - [05/Sep/2018:14:18:41 +0200] "GET /reload?ser=1536149911940 HTTP/1.1" 200 28 "http://renault.activities.at/login?required=true" "Mozilla/5.0 (Windows NT 10.0; Win64; x64; rv:61.0) Gecko/20100101 Firefox/61.0"
80.123.225.34 - - [05/Sep/2018:14:18:56 +0200] "GET /reload?ser=1536149938119 HTTP/1.1" 200 28 "http://renault.activities.at/result?searchterm=true&search=z.e." "Mozilla/5.0 (compatible; MSIE 10.0; Windows NT 6.1; WOW64; Trident/6.0)"
213.153.47.173 - - [05/Sep/2018:14:19:41 +0200] "GET /reload?ser=1536149972611 HTTP/1.1" 200 28 "http://renault.activities.at/login?required=true" "Mozilla/5.0 (Windows NT 10.0; Win64; x64; rv:61.0) Gecko/20100101 Firefox/61.0"
80.123.225.34 - - [05/Sep/2018:14:19:57 +0200] "GET /reload?ser=1536149999074 HTTP/1.1" 200 28 "http://renault.activities.at/result?searchterm=true&search=z.e." "Mozilla/5.0 (compatible; MSIE 10.0; Windows NT 6.1; WOW64; Trident/6.0)"
213.153.47.173 - - [05/Sep/2018:14:20:42 +0200] "GET /reload?ser=1536150033281 HTTP/1.1" 200 28 "http://renault.activities.at/login?required=true" "Mozilla/5.0 (Windows NT 10.0; Win64; x64; rv:61.0) Gecko/20100101 Firefox/61.0"
80.123.225.34 - - [05/Sep/2018:14:20:58 +0200] "GET /reload?ser=1536150060053 HTTP/1.1" 200 28 "http://renault.activities.at/result?searchterm=true&search=z.e." "Mozilla/5.0 (compatible; MSIE 10.0; Windows NT 6.1; WOW64; Trident/6.0)"
213.153.47.173 - - [05/Sep/2018:14:21:43 +0200] "GET /reload?ser=1536150093931 HTTP/1.1" 200 28 "http://renault.activities.at/login?required=true" "Mozilla/5.0 (Windows NT 10.0; Win64; x64; rv:61.0) Gecko/20100101 Firefox/61.0"
80.123.225.34 - - [05/Sep/2018:14:21:59 +0200] "GET /reload?ser=1536150121075 HTTP/1.1" 200 28 "http://renault.activities.at/result?searchterm=true&search=z.e." "Mozilla/5.0 (compatible; MSIE 10.0; Windows NT 6.1; WOW64; Trident/6.0)"
213.153.47.173 - - [05/Sep/2018:14:22:43 +0200] "GET /reload?ser=1536150154600 HTTP/1.1" 200 28 "http://renault.activities.at/login?required=true" "Mozilla/5.0 (Windows NT 10.0; Win64; x64; rv:61.0) Gecko/20100101 Firefox/61.0"
80.123.225.34 - - [05/Sep/2018:14:23:00 +0200] "GET /reload?ser=1536150182098 HTTP/1.1" 200 28 "http://renault.activities.at/result?searchterm=true&search=z.e." "Mozilla/5.0 (compatible; MSIE 10.0; Windows NT 6.1; WOW64; Trident/6.0)"
