193.194.132.28 - - [07/Sep/2018:12:17:04 +0200] "GET /reload?ser=1536315424385 HTTP/1.1" 200 28 "http://renault.2web.at/result?searchterm=true&search=m%E9gane" "Mozilla/5.0 (Windows NT 6.1; WOW64; Trident/7.0; rv:11.0) like Gecko"
213.153.47.173 - - [07/Sep/2018:12:17:52 +0200] "GET /reload?ser=1536315462751 HTTP/1.1" 200 28 "http://renault.activities.at/login?required=true" "Mozilla/5.0 (Windows NT 10.0; Win64; x64; rv:62.0) Gecko/20100101 Firefox/62.0"
138.21.12.25 - - [07/Sep/2018:12:18:03 +0200] "GET /reload?ser=1536315482842 HTTP/1.1" 200 28 "http://renault.2web.at/10260260" "Mozilla/5.0 (Windows NT 6.1; WOW64; Trident/7.0; rv:11.0) like Gecko"
193.194.132.28 - - [07/Sep/2018:12:18:05 +0200] "GET /reload?ser=1536315485571 HTTP/1.1" 200 28 "http://renault.2web.at/result?searchterm=true&search=m%E9gane" "Mozilla/5.0 (Windows NT 6.1; WOW64; Trident/7.0; rv:11.0) like Gecko"
213.153.47.173 - - [07/Sep/2018:12:18:53 +0200] "GET /reload?ser=1536315523391 HTTP/1.1" 200 28 "http://renault.activities.at/login?required=true" "Mozilla/5.0 (Windows NT 10.0; Win64; x64; rv:62.0) Gecko/20100101 Firefox/62.0"
138.21.12.25 - - [07/Sep/2018:12:19:04 +0200] "GET /reload?ser=1536315544078 HTTP/1.1" 200 28 "http://renault.2web.at/10260260" "Mozilla/5.0 (Windows NT 6.1; WOW64; Trident/7.0; rv:11.0) like Gecko"
193.194.132.28 - - [07/Sep/2018:12:19:06 +0200] "GET /reload?ser=1536315546644 HTTP/1.1" 200 28 "http://renault.2web.at/result?searchterm=true&search=m%E9gane" "Mozilla/5.0 (Windows NT 6.1; WOW64; Trident/7.0; rv:11.0) like Gecko"
213.153.47.173 - - [07/Sep/2018:12:19:53 +0200] "GET /reload?ser=1536315584040 HTTP/1.1" 200 28 "http://renault.activities.at/login?required=true" "Mozilla/5.0 (Windows NT 10.0; Win64; x64; rv:62.0) Gecko/20100101 Firefox/62.0"
138.21.12.25 - - [07/Sep/2018:12:20:05 +0200] "GET /reload?ser=1536315605141 HTTP/1.1" 200 28 "http://renault.2web.at/10260260" "Mozilla/5.0 (Windows NT 6.1; WOW64; Trident/7.0; rv:11.0) like Gecko"
193.194.132.28 - - [07/Sep/2018:12:20:07 +0200] "GET /reload?ser=1536315607739 HTTP/1.1" 200 28 "http://renault.2web.at/result?searchterm=true&search=m%E9gane" "Mozilla/5.0 (Windows NT 6.1; WOW64; Trident/7.0; rv:11.0) like Gecko"
213.153.47.173 - - [07/Sep/2018:12:20:54 +0200] "GET /reload?ser=1536315644711 HTTP/1.1" 200 28 "http://renault.activities.at/login?required=true" "Mozilla/5.0 (Windows NT 10.0; Win64; x64; rv:62.0) Gecko/20100101 Firefox/62.0"
138.21.12.25 - - [07/Sep/2018:12:21:06 +0200] "GET /reload?ser=1536315666235 HTTP/1.1" 200 28 "http://renault.2web.at/10260260" "Mozilla/5.0 (Windows NT 6.1; WOW64; Trident/7.0; rv:11.0) like Gecko"
193.194.132.28 - - [07/Sep/2018:12:21:08 +0200] "GET /reload?ser=1536315668916 HTTP/1.1" 200 28 "http://renault.2web.at/result?searchterm=true&search=m%E9gane" "Mozilla/5.0 (Windows NT 6.1; WOW64; Trident/7.0; rv:11.0) like Gecko"
213.153.47.173 - - [07/Sep/2018:12:21:55 +0200] "GET /reload?ser=1536315705371 HTTP/1.1" 200 28 "http://renault.activities.at/login?required=true" "Mozilla/5.0 (Windows NT 10.0; Win64; x64; rv:62.0) Gecko/20100101 Firefox/62.0"
138.21.12.25 - - [07/Sep/2018:12:22:07 +0200] "GET /reload?ser=1536315727311 HTTP/1.1" 200 28 "http://renault.2web.at/10260260" "Mozilla/5.0 (Windows NT 6.1; WOW64; Trident/7.0; rv:11.0) like Gecko"
178.165.128.186 - - [07/Sep/2018:12:22:09 +0200] "GET /account HTTP/1.1" 302 150 "-" "Mozilla/5.0 (iPhone; CPU iPhone OS 11_4_1 like Mac OS X) AppleWebKit/605.1.15 (KHTML, like Gecko) Version/11.0 Mobile/15E148 Safari/604.1"
178.165.128.186 - - [07/Sep/2018:12:22:10 +0200] "GET /login?required=true HTTP/1.1" 200 2086 "-" "Mozilla/5.0 (iPhone; CPU iPhone OS 11_4_1 like Mac OS X) AppleWebKit/605.1.15 (KHTML, like Gecko) Version/11.0 Mobile/15E148 Safari/604.1"
193.194.132.28 - - [07/Sep/2018:12:22:10 +0200] "GET /reload?ser=1536315730034 HTTP/1.1" 200 28 "http://renault.2web.at/result?searchterm=true&search=m%E9gane" "Mozilla/5.0 (Windows NT 6.1; WOW64; Trident/7.0; rv:11.0) like Gecko"
178.165.128.186 - - [07/Sep/2018:12:22:11 +0200] "GET /apple-touch-icon-120x120-precomposed.png HTTP/1.1" 200 1559 "-" "MobileSafari/604.1 CFNetwork/902.2 Darwin/17.7.0"
178.165.128.186 - - [07/Sep/2018:12:22:12 +0200] "GET /apple-touch-icon-120x120.png HTTP/1.1" 200 1559 "-" "MobileSafari/604.1 CFNetwork/902.2 Darwin/17.7.0"
178.165.128.186 - - [07/Sep/2018:12:22:13 +0200] "GET /apple-touch-icon-precomposed.png HTTP/1.1" 200 1559 "-" "MobileSafari/604.1 CFNetwork/902.2 Darwin/17.7.0"
178.165.128.186 - - [07/Sep/2018:12:22:14 +0200] "GET /apple-touch-icon.png HTTP/1.1" 200 1559 "-" "MobileSafari/604.1 CFNetwork/902.2 Darwin/17.7.0"
178.165.128.186 - - [07/Sep/2018:12:22:15 +0200] "GET /images/favicon.ico HTTP/1.1" 404 305 "-" "MobileSafari/604.1 CFNetwork/902.2 Darwin/17.7.0"
178.165.128.186 - - [07/Sep/2018:12:22:15 +0200] "GET /images/favicon.ico HTTP/1.1" 404 305 "-" "MobileSafari/604.1 CFNetwork/902.2 Darwin/17.7.0"
178.165.128.186 - - [07/Sep/2018:12:22:15 +0200] "GET /favicon.ico HTTP/1.1" 200 3250 "-" "MobileSafari/604.1 CFNetwork/902.2 Darwin/17.7.0"
178.165.128.186 - - [07/Sep/2018:12:22:15 +0200] "GET /apple-touch-icon-120x120-precomposed.png HTTP/1.1" 200 1559 "-" "MobileSafari/604.1 CFNetwork/902.2 Darwin/17.7.0"
178.165.128.186 - - [07/Sep/2018:12:22:16 +0200] "GET /apple-touch-icon-120x120.png HTTP/1.1" 200 1559 "-" "MobileSafari/604.1 CFNetwork/902.2 Darwin/17.7.0"
178.165.128.186 - - [07/Sep/2018:12:22:17 +0200] "GET /apple-touch-icon-precomposed.png HTTP/1.1" 200 1559 "-" "MobileSafari/604.1 CFNetwork/902.2 Darwin/17.7.0"
178.165.128.186 - - [07/Sep/2018:12:22:18 +0200] "GET /apple-touch-icon.png HTTP/1.1" 200 1559 "-" "MobileSafari/604.1 CFNetwork/902.2 Darwin/17.7.0"
178.165.128.186 - - [07/Sep/2018:12:22:19 +0200] "GET /images/favicon.ico HTTP/1.1" 404 305 "-" "MobileSafari/604.1 CFNetwork/902.2 Darwin/17.7.0"
178.165.128.186 - - [07/Sep/2018:12:22:20 +0200] "GET /images/favicon.ico HTTP/1.1" 404 305 "-" "MobileSafari/604.1 CFNetwork/902.2 Darwin/17.7.0"
178.165.128.186 - - [07/Sep/2018:12:22:20 +0200] "GET /favicon.ico HTTP/1.1" 200 3250 "-" "MobileSafari/604.1 CFNetwork/902.2 Darwin/17.7.0"
213.153.47.173 - - [07/Sep/2018:12:22:55 +0200] "GET /reload?ser=1536315766041 HTTP/1.1" 200 28 "http://renault.activities.at/login?required=true" "Mozilla/5.0 (Windows NT 10.0; Win64; x64; rv:62.0) Gecko/20100101 Firefox/62.0"
138.21.12.25 - - [07/Sep/2018:12:23:08 +0200] "GET /reload?ser=1536315788424 HTTP/1.1" 200 28 "http://renault.2web.at/10260260" "Mozilla/5.0 (Windows NT 6.1; WOW64; Trident/7.0; rv:11.0) like Gecko"
193.194.132.28 - - [07/Sep/2018:12:23:11 +0200] "GET /reload?ser=1536315791120 HTTP/1.1" 200 28 "http://renault.2web.at/result?searchterm=true&search=m%E9gane" "Mozilla/5.0 (Windows NT 6.1; WOW64; Trident/7.0; rv:11.0) like Gecko"
213.153.47.173 - - [07/Sep/2018:12:23:56 +0200] "GET /reload?ser=1536315826691 HTTP/1.1" 200 28 "http://renault.activities.at/login?required=true" "Mozilla/5.0 (Windows NT 10.0; Win64; x64; rv:62.0) Gecko/20100101 Firefox/62.0"
193.194.132.28 - - [07/Sep/2018:12:24:12 +0200] "GET /reload?ser=1536315852235 HTTP/1.1" 200 28 "http://renault.2web.at/result?searchterm=true&search=m%E9gane" "Mozilla/5.0 (Windows NT 6.1; WOW64; Trident/7.0; rv:11.0) like Gecko"
138.21.12.25 - - [07/Sep/2018:12:24:21 +0200] "GET /reload?ser=1536315849517 HTTP/1.1" 200 28 "http://renault.2web.at/10260260" "Mozilla/5.0 (Windows NT 6.1; WOW64; Trident/7.0; rv:11.0) like Gecko"
213.153.47.173 - - [07/Sep/2018:12:24:57 +0200] "GET /reload?ser=1536315887341 HTTP/1.1" 200 28 "http://renault.activities.at/login?required=true" "Mozilla/5.0 (Windows NT 10.0; Win64; x64; rv:62.0) Gecko/20100101 Firefox/62.0"
193.194.132.28 - - [07/Sep/2018:12:25:13 +0200] "GET /reload?ser=1536315913280 HTTP/1.1" 200 28 "http://renault.2web.at/result?searchterm=true&search=m%E9gane" "Mozilla/5.0 (Windows NT 6.1; WOW64; Trident/7.0; rv:11.0) like Gecko"
138.21.12.25 - - [07/Sep/2018:12:25:22 +0200] "GET /reload?ser=1536315922637 HTTP/1.1" 200 28 "http://renault.2web.at/10260260" "Mozilla/5.0 (Windows NT 6.1; WOW64; Trident/7.0; rv:11.0) like Gecko"
213.153.47.173 - - [07/Sep/2018:12:25:57 +0200] "GET /reload?ser=1536315948000 HTTP/1.1" 200 28 "http://renault.activities.at/login?required=true" "Mozilla/5.0 (Windows NT 10.0; Win64; x64; rv:62.0) Gecko/20100101 Firefox/62.0"
193.194.132.28 - - [07/Sep/2018:12:26:14 +0200] "GET /reload?ser=1536315974410 HTTP/1.1" 200 28 "http://renault.2web.at/result?searchterm=true&search=m%E9gane" "Mozilla/5.0 (Windows NT 6.1; WOW64; Trident/7.0; rv:11.0) like Gecko"
138.21.12.25 - - [07/Sep/2018:12:26:23 +0200] "GET /reload?ser=1536315983704 HTTP/1.1" 200 28 "http://renault.2web.at/10260260" "Mozilla/5.0 (Windows NT 6.1; WOW64; Trident/7.0; rv:11.0) like Gecko"
213.153.47.173 - - [07/Sep/2018:12:26:58 +0200] "GET /reload?ser=1536316008660 HTTP/1.1" 200 28 "http://renault.activities.at/login?required=true" "Mozilla/5.0 (Windows NT 10.0; Win64; x64; rv:62.0) Gecko/20100101 Firefox/62.0"
193.194.132.28 - - [07/Sep/2018:12:27:15 +0200] "GET /reload?ser=1536316035487 HTTP/1.1" 200 28 "http://renault.2web.at/result?searchterm=true&search=m%E9gane" "Mozilla/5.0 (Windows NT 6.1; WOW64; Trident/7.0; rv:11.0) like Gecko"
138.21.12.25 - - [07/Sep/2018:12:27:24 +0200] "GET /reload?ser=1536316044798 HTTP/1.1" 200 28 "http://renault.2web.at/10260260" "Mozilla/5.0 (Windows NT 6.1; WOW64; Trident/7.0; rv:11.0) like Gecko"
213.153.47.173 - - [07/Sep/2018:12:27:59 +0200] "GET /reload?ser=1536316069320 HTTP/1.1" 200 28 "http://renault.activities.at/login?required=true" "Mozilla/5.0 (Windows NT 10.0; Win64; x64; rv:62.0) Gecko/20100101 Firefox/62.0"
193.194.132.28 - - [07/Sep/2018:12:28:16 +0200] "GET /reload?ser=1536316096587 HTTP/1.1" 200 28 "http://renault.2web.at/result?searchterm=true&search=m%E9gane" "Mozilla/5.0 (Windows NT 6.1; WOW64; Trident/7.0; rv:11.0) like Gecko"
138.21.12.25 - - [07/Sep/2018:12:28:26 +0200] "GET /reload?ser=1536316105930 HTTP/1.1" 200 28 "http://renault.2web.at/10260260" "Mozilla/5.0 (Windows NT 6.1; WOW64; Trident/7.0; rv:11.0) like Gecko"
213.153.47.173 - - [07/Sep/2018:12:28:59 +0200] "GET /reload?ser=1536316129991 HTTP/1.1" 200 28 "http://renault.activities.at/login?required=true" "Mozilla/5.0 (Windows NT 10.0; Win64; x64; rv:62.0) Gecko/20100101 Firefox/62.0"
193.194.132.28 - - [07/Sep/2018:12:29:17 +0200] "GET /reload?ser=1536316157701 HTTP/1.1" 200 28 "http://renault.2web.at/result?searchterm=true&search=m%E9gane" "Mozilla/5.0 (Windows NT 6.1; WOW64; Trident/7.0; rv:11.0) like Gecko"
138.21.12.25 - - [07/Sep/2018:12:29:27 +0200] "GET /reload?ser=1536316167043 HTTP/1.1" 200 28 "http://renault.2web.at/10260260" "Mozilla/5.0 (Windows NT 6.1; WOW64; Trident/7.0; rv:11.0) like Gecko"
213.153.47.173 - - [07/Sep/2018:12:30:00 +0200] "GET /reload?ser=1536316190661 HTTP/1.1" 200 28 "http://renault.activities.at/login?required=true" "Mozilla/5.0 (Windows NT 10.0; Win64; x64; rv:62.0) Gecko/20100101 Firefox/62.0"
193.194.132.28 - - [07/Sep/2018:12:30:18 +0200] "GET /reload?ser=1536316218740 HTTP/1.1" 200 28 "http://renault.2web.at/result?searchterm=true&search=m%E9gane" "Mozilla/5.0 (Windows NT 6.1; WOW64; Trident/7.0; rv:11.0) like Gecko"
138.21.12.25 - - [07/Sep/2018:12:30:28 +0200] "GET /reload?ser=1536316228115 HTTP/1.1" 200 28 "http://renault.2web.at/10260260" "Mozilla/5.0 (Windows NT 6.1; WOW64; Trident/7.0; rv:11.0) like Gecko"
213.153.47.173 - - [07/Sep/2018:12:31:01 +0200] "GET /reload?ser=1536316251321 HTTP/1.1" 200 28 "http://renault.activities.at/login?required=true" "Mozilla/5.0 (Windows NT 10.0; Win64; x64; rv:62.0) Gecko/20100101 Firefox/62.0"
193.194.132.28 - - [07/Sep/2018:12:31:19 +0200] "GET /reload?ser=1536316279848 HTTP/1.1" 200 28 "http://renault.2web.at/result?searchterm=true&search=m%E9gane" "Mozilla/5.0 (Windows NT 6.1; WOW64; Trident/7.0; rv:11.0) like Gecko"
138.21.12.25 - - [07/Sep/2018:12:31:29 +0200] "GET /reload?ser=1536316289184 HTTP/1.1" 200 28 "http://renault.2web.at/10260260" "Mozilla/5.0 (Windows NT 6.1; WOW64; Trident/7.0; rv:11.0) like Gecko"
213.153.47.173 - - [07/Sep/2018:12:32:01 +0200] "GET /reload?ser=1536316312001 HTTP/1.1" 200 28 "http://renault.activities.at/login?required=true" "Mozilla/5.0 (Windows NT 10.0; Win64; x64; rv:62.0) Gecko/20100101 Firefox/62.0"
193.194.132.28 - - [07/Sep/2018:12:32:21 +0200] "GET /reload?ser=1536316340955 HTTP/1.1" 200 28 "http://renault.2web.at/result?searchterm=true&search=m%E9gane" "Mozilla/5.0 (Windows NT 6.1; WOW64; Trident/7.0; rv:11.0) like Gecko"
138.21.12.25 - - [07/Sep/2018:12:32:30 +0200] "GET /reload?ser=1536316350294 HTTP/1.1" 200 28 "http://renault.2web.at/10260260" "Mozilla/5.0 (Windows NT 6.1; WOW64; Trident/7.0; rv:11.0) like Gecko"
213.153.47.173 - - [07/Sep/2018:12:33:02 +0200] "GET /reload?ser=1536316372681 HTTP/1.1" 200 28 "http://renault.activities.at/login?required=true" "Mozilla/5.0 (Windows NT 10.0; Win64; x64; rv:62.0) Gecko/20100101 Firefox/62.0"
193.194.132.28 - - [07/Sep/2018:12:33:22 +0200] "GET /reload?ser=1536316402054 HTTP/1.1" 200 28 "http://renault.2web.at/result?searchterm=true&search=m%E9gane" "Mozilla/5.0 (Windows NT 6.1; WOW64; Trident/7.0; rv:11.0) like Gecko"
138.21.12.25 - - [07/Sep/2018:12:33:31 +0200] "GET /reload?ser=1536316411369 HTTP/1.1" 200 28 "http://renault.2web.at/10260260" "Mozilla/5.0 (Windows NT 6.1; WOW64; Trident/7.0; rv:11.0) like Gecko"
213.153.47.173 - - [07/Sep/2018:12:34:03 +0200] "GET /reload?ser=1536316433340 HTTP/1.1" 200 28 "http://renault.activities.at/login?required=true" "Mozilla/5.0 (Windows NT 10.0; Win64; x64; rv:62.0) Gecko/20100101 Firefox/62.0"
193.194.132.28 - - [07/Sep/2018:12:34:23 +0200] "GET /reload?ser=1536316463189 HTTP/1.1" 200 28 "http://renault.2web.at/result?searchterm=true&search=m%E9gane" "Mozilla/5.0 (Windows NT 6.1; WOW64; Trident/7.0; rv:11.0) like Gecko"
138.21.12.25 - - [07/Sep/2018:12:34:44 +0200] "GET /reload?ser=1536316472577 HTTP/1.1" 200 28 "http://renault.2web.at/10260260" "Mozilla/5.0 (Windows NT 6.1; WOW64; Trident/7.0; rv:11.0) like Gecko"
213.153.47.173 - - [07/Sep/2018:12:35:03 +0200] "GET /reload?ser=1536316494000 HTTP/1.1" 200 28 "http://renault.activities.at/login?required=true" "Mozilla/5.0 (Windows NT 10.0; Win64; x64; rv:62.0) Gecko/20100101 Firefox/62.0"
193.194.132.28 - - [07/Sep/2018:12:35:24 +0200] "GET /reload?ser=1536316524316 HTTP/1.1" 200 28 "http://renault.2web.at/result?searchterm=true&search=m%E9gane" "Mozilla/5.0 (Windows NT 6.1; WOW64; Trident/7.0; rv:11.0) like Gecko"
138.21.12.25 - - [07/Sep/2018:12:35:45 +0200] "GET /reload?ser=1536316545697 HTTP/1.1" 200 28 "http://renault.2web.at/10260260" "Mozilla/5.0 (Windows NT 6.1; WOW64; Trident/7.0; rv:11.0) like Gecko"
213.153.47.173 - - [07/Sep/2018:12:36:04 +0200] "GET /reload?ser=1536316554661 HTTP/1.1" 200 28 "http://renault.activities.at/login?required=true" "Mozilla/5.0 (Windows NT 10.0; Win64; x64; rv:62.0) Gecko/20100101 Firefox/62.0"
193.194.132.28 - - [07/Sep/2018:12:36:25 +0200] "GET /reload?ser=1536316585404 HTTP/1.1" 200 28 "http://renault.2web.at/result?searchterm=true&search=m%E9gane" "Mozilla/5.0 (Windows NT 6.1; WOW64; Trident/7.0; rv:11.0) like Gecko"
138.21.12.25 - - [07/Sep/2018:12:36:46 +0200] "GET /reload?ser=1536316606751 HTTP/1.1" 200 28 "http://renault.2web.at/10260260" "Mozilla/5.0 (Windows NT 6.1; WOW64; Trident/7.0; rv:11.0) like Gecko"
213.153.47.173 - - [07/Sep/2018:12:37:05 +0200] "GET /reload?ser=1536316615330 HTTP/1.1" 200 28 "http://renault.activities.at/login?required=true" "Mozilla/5.0 (Windows NT 10.0; Win64; x64; rv:62.0) Gecko/20100101 Firefox/62.0"
193.194.132.28 - - [07/Sep/2018:12:37:26 +0200] "GET /reload?ser=1536316646565 HTTP/1.1" 200 28 "http://renault.2web.at/result?searchterm=true&search=m%E9gane" "Mozilla/5.0 (Windows NT 6.1; WOW64; Trident/7.0; rv:11.0) like Gecko"
138.21.12.25 - - [07/Sep/2018:12:37:47 +0200] "GET /reload?ser=1536316667853 HTTP/1.1" 200 28 "http://renault.2web.at/10260260" "Mozilla/5.0 (Windows NT 6.1; WOW64; Trident/7.0; rv:11.0) like Gecko"
213.153.47.173 - - [07/Sep/2018:12:38:05 +0200] "GET /reload?ser=1536316676010 HTTP/1.1" 200 28 "http://renault.activities.at/login?required=true" "Mozilla/5.0 (Windows NT 10.0; Win64; x64; rv:62.0) Gecko/20100101 Firefox/62.0"
193.194.132.28 - - [07/Sep/2018:12:38:27 +0200] "GET /reload?ser=1536316707675 HTTP/1.1" 200 28 "http://renault.2web.at/result?searchterm=true&search=m%E9gane" "Mozilla/5.0 (Windows NT 6.1; WOW64; Trident/7.0; rv:11.0) like Gecko"
138.21.12.25 - - [07/Sep/2018:12:38:49 +0200] "GET /reload?ser=1536316728943 HTTP/1.1" 200 28 "http://renault.2web.at/10260260" "Mozilla/5.0 (Windows NT 6.1; WOW64; Trident/7.0; rv:11.0) like Gecko"
213.153.47.173 - - [07/Sep/2018:12:39:06 +0200] "GET /reload?ser=1536316736681 HTTP/1.1" 200 28 "http://renault.activities.at/login?required=true" "Mozilla/5.0 (Windows NT 10.0; Win64; x64; rv:62.0) Gecko/20100101 Firefox/62.0"
193.194.132.28 - - [07/Sep/2018:12:39:28 +0200] "GET /reload?ser=1536316768787 HTTP/1.1" 200 28 "http://renault.2web.at/result?searchterm=true&search=m%E9gane" "Mozilla/5.0 (Windows NT 6.1; WOW64; Trident/7.0; rv:11.0) like Gecko"
138.21.12.25 - - [07/Sep/2018:12:39:50 +0200] "GET /reload?ser=1536316790050 HTTP/1.1" 200 28 "http://renault.2web.at/10260260" "Mozilla/5.0 (Windows NT 6.1; WOW64; Trident/7.0; rv:11.0) like Gecko"
213.153.47.173 - - [07/Sep/2018:12:40:07 +0200] "GET /reload?ser=1536316797341 HTTP/1.1" 200 28 "http://renault.activities.at/login?required=true" "Mozilla/5.0 (Windows NT 10.0; Win64; x64; rv:62.0) Gecko/20100101 Firefox/62.0"
193.194.132.28 - - [07/Sep/2018:12:40:30 +0200] "GET /reload?ser=1536316829913 HTTP/1.1" 200 28 "http://renault.2web.at/result?searchterm=true&search=m%E9gane" "Mozilla/5.0 (Windows NT 6.1; WOW64; Trident/7.0; rv:11.0) like Gecko"
138.21.12.25 - - [07/Sep/2018:12:40:51 +0200] "GET /reload?ser=1536316851101 HTTP/1.1" 200 28 "http://renault.2web.at/10260260" "Mozilla/5.0 (Windows NT 6.1; WOW64; Trident/7.0; rv:11.0) like Gecko"
213.153.47.173 - - [07/Sep/2018:12:41:07 +0200] "GET /reload?ser=1536316858000 HTTP/1.1" 200 28 "http://renault.activities.at/login?required=true" "Mozilla/5.0 (Windows NT 10.0; Win64; x64; rv:62.0) Gecko/20100101 Firefox/62.0"
193.194.132.28 - - [07/Sep/2018:12:41:31 +0200] "GET /reload?ser=1536316891033 HTTP/1.1" 200 28 "http://renault.2web.at/result?searchterm=true&search=m%E9gane" "Mozilla/5.0 (Windows NT 6.1; WOW64; Trident/7.0; rv:11.0) like Gecko"
138.21.12.25 - - [07/Sep/2018:12:41:52 +0200] "GET /reload?ser=1536316912197 HTTP/1.1" 200 28 "http://renault.2web.at/10260260" "Mozilla/5.0 (Windows NT 6.1; WOW64; Trident/7.0; rv:11.0) like Gecko"
213.153.47.173 - - [07/Sep/2018:12:42:08 +0200] "GET /reload?ser=1536316918670 HTTP/1.1" 200 28 "http://renault.activities.at/login?required=true" "Mozilla/5.0 (Windows NT 10.0; Win64; x64; rv:62.0) Gecko/20100101 Firefox/62.0"
193.194.132.28 - - [07/Sep/2018:12:42:32 +0200] "GET /reload?ser=1536316952271 HTTP/1.1" 200 28 "http://renault.2web.at/result?searchterm=true&search=m%E9gane" "Mozilla/5.0 (Windows NT 6.1; WOW64; Trident/7.0; rv:11.0) like Gecko"
138.21.12.25 - - [07/Sep/2018:12:42:53 +0200] "GET /reload?ser=1536316973314 HTTP/1.1" 200 28 "http://renault.2web.at/10260260" "Mozilla/5.0 (Windows NT 6.1; WOW64; Trident/7.0; rv:11.0) like Gecko"
213.153.47.173 - - [07/Sep/2018:12:43:09 +0200] "GET /reload?ser=1536316979341 HTTP/1.1" 200 28 "http://renault.activities.at/login?required=true" "Mozilla/5.0 (Windows NT 10.0; Win64; x64; rv:62.0) Gecko/20100101 Firefox/62.0"
193.194.132.28 - - [07/Sep/2018:12:43:33 +0200] "GET /reload?ser=1536317013331 HTTP/1.1" 200 28 "http://renault.2web.at/result?searchterm=true&search=m%E9gane" "Mozilla/5.0 (Windows NT 6.1; WOW64; Trident/7.0; rv:11.0) like Gecko"
138.21.12.25 - - [07/Sep/2018:12:43:54 +0200] "GET /reload?ser=1536317034433 HTTP/1.1" 200 28 "http://renault.2web.at/10260260" "Mozilla/5.0 (Windows NT 6.1; WOW64; Trident/7.0; rv:11.0) like Gecko"
213.153.47.173 - - [07/Sep/2018:12:44:09 +0200] "GET /reload?ser=1536317040000 HTTP/1.1" 200 28 "http://renault.activities.at/login?required=true" "Mozilla/5.0 (Windows NT 10.0; Win64; x64; rv:62.0) Gecko/20100101 Firefox/62.0"
193.194.132.28 - - [07/Sep/2018:12:44:34 +0200] "GET /reload?ser=1536317074419 HTTP/1.1" 200 28 "http://renault.2web.at/result?searchterm=true&search=m%E9gane" "Mozilla/5.0 (Windows NT 6.1; WOW64; Trident/7.0; rv:11.0) like Gecko"
138.21.12.25 - - [07/Sep/2018:12:45:07 +0200] "GET /reload?ser=1536317095556 HTTP/1.1" 200 28 "http://renault.2web.at/10260260" "Mozilla/5.0 (Windows NT 6.1; WOW64; Trident/7.0; rv:11.0) like Gecko"
213.153.47.173 - - [07/Sep/2018:12:45:10 +0200] "GET /reload?ser=1536317100649 HTTP/1.1" 200 28 "http://renault.activities.at/login?required=true" "Mozilla/5.0 (Windows NT 10.0; Win64; x64; rv:62.0) Gecko/20100101 Firefox/62.0"
207.46.13.60 - - [07/Sep/2018:12:45:46 +0200] "GET / HTTP/1.1" 200 3683 "-" "Mozilla/5.0 (compatible; bingbot/2.0; +http://www.bing.com/bingbot.htm)"
193.194.132.28 - - [07/Sep/2018:12:45:47 +0200] "GET /reload?ser=1536317135512 HTTP/1.1" 200 28 "http://renault.2web.at/result?searchterm=true&search=m%E9gane" "Mozilla/5.0 (Windows NT 6.1; WOW64; Trident/7.0; rv:11.0) like Gecko"
138.21.12.25 - - [07/Sep/2018:12:46:08 +0200] "GET /reload?ser=1536317168706 HTTP/1.1" 200 28 "http://renault.2web.at/10260260" "Mozilla/5.0 (Windows NT 6.1; WOW64; Trident/7.0; rv:11.0) like Gecko"
213.153.47.173 - - [07/Sep/2018:12:46:11 +0200] "GET /reload?ser=1536317161309 HTTP/1.1" 200 28 "http://renault.activities.at/login?required=true" "Mozilla/5.0 (Windows NT 10.0; Win64; x64; rv:62.0) Gecko/20100101 Firefox/62.0"
193.194.132.28 - - [07/Sep/2018:12:46:48 +0200] "GET /reload?ser=1536317208625 HTTP/1.1" 200 28 "http://renault.2web.at/result?searchterm=true&search=m%E9gane" "Mozilla/5.0 (Windows NT 6.1; WOW64; Trident/7.0; rv:11.0) like Gecko"
138.21.12.25 - - [07/Sep/2018:12:47:09 +0200] "GET /reload?ser=1536317229830 HTTP/1.1" 200 28 "http://renault.2web.at/10260260" "Mozilla/5.0 (Windows NT 6.1; WOW64; Trident/7.0; rv:11.0) like Gecko"
213.153.47.173 - - [07/Sep/2018:12:47:11 +0200] "GET /reload?ser=1536317221970 HTTP/1.1" 200 28 "http://renault.activities.at/login?required=true" "Mozilla/5.0 (Windows NT 10.0; Win64; x64; rv:62.0) Gecko/20100101 Firefox/62.0"
193.194.132.28 - - [07/Sep/2018:12:47:49 +0200] "GET /reload?ser=1536317269653 HTTP/1.1" 200 28 "http://renault.2web.at/result?searchterm=true&search=m%E9gane" "Mozilla/5.0 (Windows NT 6.1; WOW64; Trident/7.0; rv:11.0) like Gecko"
138.21.12.25 - - [07/Sep/2018:12:48:11 +0200] "GET /reload?ser=1536317290941 HTTP/1.1" 200 28 "http://renault.2web.at/10260260" "Mozilla/5.0 (Windows NT 6.1; WOW64; Trident/7.0; rv:11.0) like Gecko"
213.153.47.173 - - [07/Sep/2018:12:48:12 +0200] "GET /reload?ser=1536317282640 HTTP/1.1" 200 28 "http://renault.activities.at/login?required=true" "Mozilla/5.0 (Windows NT 10.0; Win64; x64; rv:62.0) Gecko/20100101 Firefox/62.0"
193.194.132.28 - - [07/Sep/2018:12:48:50 +0200] "GET /reload?ser=1536317330759 HTTP/1.1" 200 28 "http://renault.2web.at/result?searchterm=true&search=m%E9gane" "Mozilla/5.0 (Windows NT 6.1; WOW64; Trident/7.0; rv:11.0) like Gecko"
138.21.12.25 - - [07/Sep/2018:12:49:12 +0200] "GET /reload?ser=1536317351984 HTTP/1.1" 200 28 "http://renault.2web.at/10260260" "Mozilla/5.0 (Windows NT 6.1; WOW64; Trident/7.0; rv:11.0) like Gecko"
213.153.47.173 - - [07/Sep/2018:12:49:13 +0200] "GET /reload?ser=1536317343312 HTTP/1.1" 200 28 "http://renault.activities.at/login?required=true" "Mozilla/5.0 (Windows NT 10.0; Win64; x64; rv:62.0) Gecko/20100101 Firefox/62.0"
66.249.64.73 - - [07/Sep/2018:12:49:29 +0200] "GET /css/print.css HTTP/1.1" 200 543 "http://renault.activities.at/" "Mozilla/5.0 (Linux; Android 6.0.1; Nexus 5X Build/MMB29P) AppleWebKit/537.36 (KHTML, like Gecko) Chrome/41.0.2272.96 Mobile Safari/537.36 (compatible; Googlebot/2.1; +http://www.google.com/bot.html)"
193.194.132.28 - - [07/Sep/2018:12:49:51 +0200] "GET /reload?ser=1536317391863 HTTP/1.1" 200 28 "http://renault.2web.at/result?searchterm=true&search=m%E9gane" "Mozilla/5.0 (Windows NT 6.1; WOW64; Trident/7.0; rv:11.0) like Gecko"
138.21.12.25 - - [07/Sep/2018:12:50:13 +0200] "GET /reload?ser=1536317413204 HTTP/1.1" 200 28 "http://renault.2web.at/10260260" "Mozilla/5.0 (Windows NT 6.1; WOW64; Trident/7.0; rv:11.0) like Gecko"
213.153.47.173 - - [07/Sep/2018:12:50:13 +0200] "GET /reload?ser=1536317403980 HTTP/1.1" 200 28 "http://renault.activities.at/login?required=true" "Mozilla/5.0 (Windows NT 10.0; Win64; x64; rv:62.0) Gecko/20100101 Firefox/62.0"
193.194.132.28 - - [07/Sep/2018:12:50:53 +0200] "GET /reload?ser=1536317452948 HTTP/1.1" 200 28 "http://renault.2web.at/result?searchterm=true&search=m%E9gane" "Mozilla/5.0 (Windows NT 6.1; WOW64; Trident/7.0; rv:11.0) like Gecko"
213.153.47.173 - - [07/Sep/2018:12:51:14 +0200] "GET /reload?ser=1536317464650 HTTP/1.1" 200 28 "http://renault.activities.at/login?required=true" "Mozilla/5.0 (Windows NT 10.0; Win64; x64; rv:62.0) Gecko/20100101 Firefox/62.0"
138.21.12.25 - - [07/Sep/2018:12:51:14 +0200] "GET /reload?ser=1536317474281 HTTP/1.1" 200 28 "http://renault.2web.at/10260260" "Mozilla/5.0 (Windows NT 6.1; WOW64; Trident/7.0; rv:11.0) like Gecko"
157.55.39.122 - - [07/Sep/2018:12:51:28 +0200] "GET /10227785 HTTP/1.1" 200 3720 "-" "Mozilla/5.0 (iPhone; CPU iPhone OS 7_0 like Mac OS X) AppleWebKit/537.51.1 (KHTML, like Gecko) Version/7.0 Mobile/11A465 Safari/9537.53 (compatible; bingbot/2.0; +http://www.bing.com/bingbot.htm)"
193.194.132.28 - - [07/Sep/2018:12:51:54 +0200] "GET /reload?ser=1536317514018 HTTP/1.1" 200 28 "http://renault.2web.at/result?searchterm=true&search=m%E9gane" "Mozilla/5.0 (Windows NT 6.1; WOW64; Trident/7.0; rv:11.0) like Gecko"
157.55.39.122 - - [07/Sep/2018:12:51:59 +0200] "GET /css/styles.css HTTP/1.1" 200 14664 "-" "Mozilla/5.0 (iPhone; CPU iPhone OS 7_0 like Mac OS X) AppleWebKit/537.51.1 (KHTML, like Gecko) Version/7.0 Mobile/11A465 Safari/9537.53 (compatible; bingbot/2.0; +http://www.bing.com/bingbot.htm)"
207.46.13.110 - - [07/Sep/2018:12:52:00 +0200] "GET /css/print.css HTTP/1.1" 200 543 "-" "Mozilla/5.0 (iPhone; CPU iPhone OS 7_0 like Mac OS X) AppleWebKit/537.51.1 (KHTML, like Gecko) Version/7.0 Mobile/11A465 Safari/9537.53 (compatible; bingbot/2.0; +http://www.bing.com/bingbot.htm)"
207.46.13.110 - - [07/Sep/2018:12:52:01 +0200] "GET /css/themes/default.css HTTP/1.1" 200 769 "-" "Mozilla/5.0 (iPhone; CPU iPhone OS 7_0 like Mac OS X) AppleWebKit/537.51.1 (KHTML, like Gecko) Version/7.0 Mobile/11A465 Safari/9537.53 (compatible; bingbot/2.0; +http://www.bing.com/bingbot.htm)"
207.46.13.110 - - [07/Sep/2018:12:52:02 +0200] "GET /js/ProduktGrp.js HTTP/1.1" 200 1569 "-" "Mozilla/5.0 (iPhone; CPU iPhone OS 7_0 like Mac OS X) AppleWebKit/537.51.1 (KHTML, like Gecko) Version/7.0 Mobile/11A465 Safari/9537.53 (compatible; bingbot/2.0; +http://www.bing.com/bingbot.htm)"
207.46.13.110 - - [07/Sep/2018:12:52:04 +0200] "GET /js/default.js HTTP/1.1" 200 14698 "-" "Mozilla/5.0 (iPhone; CPU iPhone OS 7_0 like Mac OS X) AppleWebKit/537.51.1 (KHTML, like Gecko) Version/7.0 Mobile/11A465 Safari/9537.53 (compatible; bingbot/2.0; +http://www.bing.com/bingbot.htm)"
207.46.13.110 - - [07/Sep/2018:12:52:06 +0200] "GET /js/prototip.js HTTP/1.1" 200 4588 "-" "Mozilla/5.0 (iPhone; CPU iPhone OS 7_0 like Mac OS X) AppleWebKit/537.51.1 (KHTML, like Gecko) Version/7.0 Mobile/11A465 Safari/9537.53 (compatible; bingbot/2.0; +http://www.bing.com/bingbot.htm)"
213.153.47.173 - - [07/Sep/2018:12:52:15 +0200] "GET /reload?ser=1536317525310 HTTP/1.1" 200 28 "http://renault.activities.at/login?required=true" "Mozilla/5.0 (Windows NT 10.0; Win64; x64; rv:62.0) Gecko/20100101 Firefox/62.0"
138.21.12.25 - - [07/Sep/2018:12:52:15 +0200] "GET /reload?ser=1536317535404 HTTP/1.1" 200 28 "http://renault.2web.at/10260260" "Mozilla/5.0 (Windows NT 6.1; WOW64; Trident/7.0; rv:11.0) like Gecko"
157.55.39.4 - - [07/Sep/2018:12:52:32 +0200] "GET /css/clears.css HTTP/1.1" 200 851 "-" "Mozilla/5.0 (iPhone; CPU iPhone OS 7_0 like Mac OS X) AppleWebKit/537.51.1 (KHTML, like Gecko) Version/7.0 Mobile/11A465 Safari/9537.53 (compatible; bingbot/2.0; +http://www.bing.com/bingbot.htm)"
157.55.39.4 - - [07/Sep/2018:12:52:33 +0200] "GET /css/prototip.css HTTP/1.1" 200 968 "-" "Mozilla/5.0 (iPhone; CPU iPhone OS 7_0 like Mac OS X) AppleWebKit/537.51.1 (KHTML, like Gecko) Version/7.0 Mobile/11A465 Safari/9537.53 (compatible; bingbot/2.0; +http://www.bing.com/bingbot.htm)"
157.55.39.4 - - [07/Sep/2018:12:52:34 +0200] "GET /css/reset.css HTTP/1.1" 200 1356 "-" "Mozilla/5.0 (iPhone; CPU iPhone OS 7_0 like Mac OS X) AppleWebKit/537.51.1 (KHTML, like Gecko) Version/7.0 Mobile/11A465 Safari/9537.53 (compatible; bingbot/2.0; +http://www.bing.com/bingbot.htm)"
157.55.39.4 - - [07/Sep/2018:12:52:38 +0200] "GET /css/themes/alphacube.css HTTP/1.1" 200 743 "-" "Mozilla/5.0 (iPhone; CPU iPhone OS 7_0 like Mac OS X) AppleWebKit/537.51.1 (KHTML, like Gecko) Version/7.0 Mobile/11A465 Safari/9537.53 (compatible; bingbot/2.0; +http://www.bing.com/bingbot.htm)"
157.55.39.4 - - [07/Sep/2018:12:52:43 +0200] "GET /js/checkout.css HTTP/1.1" 200 359 "-" "Mozilla/5.0 (iPhone; CPU iPhone OS 7_0 like Mac OS X) AppleWebKit/537.51.1 (KHTML, like Gecko) Version/7.0 Mobile/11A465 Safari/9537.53 (compatible; bingbot/2.0; +http://www.bing.com/bingbot.htm)"
80.120.5.131 - - [07/Sep/2018:12:52:42 +0200] "GET /10201637 HTTP/1.1" 302 150 "-" "Mozilla/5.0 (Macintosh; Intel Mac OS X 10_13_6) AppleWebKit/605.1.15 (KHTML, like Gecko)"
80.120.5.131 - - [07/Sep/2018:12:52:44 +0200] "GET /login?required=true HTTP/1.1" 200 2086 "-" "Mozilla/5.0 (Macintosh; Intel Mac OS X 10_13_6) AppleWebKit/605.1.15 (KHTML, like Gecko)"
80.120.5.131 - - [07/Sep/2018:12:52:45 +0200] "GET /apple-touch-icon-precomposed.png HTTP/1.1" 200 1559 "-" "Safari/13605.3.8 CFNetwork/902.1 Darwin/17.7.0 (x86_64)"
80.120.5.131 - - [07/Sep/2018:12:52:46 +0200] "GET /apple-touch-icon.png HTTP/1.1" 200 1559 "-" "Safari/13605.3.8 CFNetwork/902.1 Darwin/17.7.0 (x86_64)"
80.120.5.131 - - [07/Sep/2018:12:52:47 +0200] "GET /images/favicon.ico HTTP/1.1" 404 305 "-" "Safari/13605.3.8 CFNetwork/902.1 Darwin/17.7.0 (x86_64)"
80.120.5.131 - - [07/Sep/2018:12:52:47 +0200] "GET /images/favicon.ico HTTP/1.1" 404 305 "-" "Safari/13605.3.8 CFNetwork/902.1 Darwin/17.7.0 (x86_64)"
80.120.5.131 - - [07/Sep/2018:12:52:47 +0200] "GET /favicon.ico HTTP/1.1" 200 3250 "-" "Safari/13605.3.8 CFNetwork/902.1 Darwin/17.7.0 (x86_64)"
80.120.5.131 - - [07/Sep/2018:12:52:47 +0200] "GET /apple-touch-icon-precomposed.png HTTP/1.1" 200 1559 "-" "Safari/13605.3.8 CFNetwork/902.1 Darwin/17.7.0 (x86_64)"
80.120.5.131 - - [07/Sep/2018:12:52:48 +0200] "GET /apple-touch-icon.png HTTP/1.1" 200 1559 "-" "Safari/13605.3.8 CFNetwork/902.1 Darwin/17.7.0 (x86_64)"
80.120.5.131 - - [07/Sep/2018:12:52:49 +0200] "GET /images/favicon.ico HTTP/1.1" 404 305 "-" "Safari/13605.3.8 CFNetwork/902.1 Darwin/17.7.0 (x86_64)"
80.120.5.131 - - [07/Sep/2018:12:52:49 +0200] "GET /images/favicon.ico HTTP/1.1" 404 305 "-" "Safari/13605.3.8 CFNetwork/902.1 Darwin/17.7.0 (x86_64)"
80.120.5.131 - - [07/Sep/2018:12:52:49 +0200] "GET /favicon.ico HTTP/1.1" 200 3250 "-" "Safari/13605.3.8 CFNetwork/902.1 Darwin/17.7.0 (x86_64)"
80.120.5.131 - - [07/Sep/2018:12:52:49 +0200] "GET /10201637 HTTP/1.1" 302 150 "-" "\"Mozilla/5.0 (iPhone; CPU iPhone OS 11_0 like Mac OS X) AppleWebKit/604.1.38 (KHTML, like Gecko) Version/11.0 Mobile/15A372 Safari/604.1\""
80.120.5.131 - - [07/Sep/2018:12:52:50 +0200] "GET /login?required=true HTTP/1.1" 200 2086 "-" "\"Mozilla/5.0 (iPhone; CPU iPhone OS 11_0 like Mac OS X) AppleWebKit/604.1.38 (KHTML, like Gecko) Version/11.0 Mobile/15A372 Safari/604.1\""
157.55.39.4 - - [07/Sep/2018:12:52:50 +0200] "GET /js/index.php?c=auto&f=,prototype/prototype.js,prototype/validation.js,scriptaculous/builder.js,scriptaculous/effects.js,scriptaculous/dragdrop.js,scriptaculous/controls.js,scriptaculous/slider.js,varien/js.js,varien/form.js,varien/menu.js,mage/translate.js,mage/cookies.js,varien/product.js,spinner/SpinnerControl.jsmin.js,prototype/window.js,prototype/window_ext.js HTTP/1.1" 200 94182 "-" "Mozilla/5.0 (iPhone; CPU iPhone OS 7_0 like Mac OS X) AppleWebKit/537.51.1 (KHTML, like Gecko) Version/7.0 Mobile/11A465 Safari/9537.53 (compatible; bingbot/2.0; +http://www.bing.com/bingbot.htm)"
80.120.5.131 - - [07/Sep/2018:12:52:51 +0200] "GET /apple-touch-icon-precomposed.png HTTP/1.1" 200 1559 "-" "Safari/13605.3.8 CFNetwork/902.1 Darwin/17.7.0 (x86_64)"
80.120.5.131 - - [07/Sep/2018:12:52:52 +0200] "GET /apple-touch-icon.png HTTP/1.1" 200 1559 "-" "Safari/13605.3.8 CFNetwork/902.1 Darwin/17.7.0 (x86_64)"
80.120.5.131 - - [07/Sep/2018:12:52:53 +0200] "GET /images/favicon.ico HTTP/1.1" 404 305 "-" "Safari/13605.3.8 CFNetwork/902.1 Darwin/17.7.0 (x86_64)"
80.120.5.131 - - [07/Sep/2018:12:52:53 +0200] "GET /images/favicon.ico HTTP/1.1" 404 305 "-" "Safari/13605.3.8 CFNetwork/902.1 Darwin/17.7.0 (x86_64)"
80.120.5.131 - - [07/Sep/2018:12:52:53 +0200] "GET /favicon.ico HTTP/1.1" 200 3250 "-" "Safari/13605.3.8 CFNetwork/902.1 Darwin/17.7.0 (x86_64)"
80.120.5.131 - - [07/Sep/2018:12:52:53 +0200] "GET /apple-touch-icon-precomposed.png HTTP/1.1" 200 1559 "-" "Safari/13605.3.8 CFNetwork/902.1 Darwin/17.7.0 (x86_64)"
80.120.5.131 - - [07/Sep/2018:12:52:54 +0200] "GET /apple-touch-icon.png HTTP/1.1" 200 1559 "-" "Safari/13605.3.8 CFNetwork/902.1 Darwin/17.7.0 (x86_64)"
80.120.5.131 - - [07/Sep/2018:12:52:55 +0200] "GET /images/favicon.ico HTTP/1.1" 404 305 "-" "Safari/13605.3.8 CFNetwork/902.1 Darwin/17.7.0 (x86_64)"
80.120.5.131 - - [07/Sep/2018:12:52:55 +0200] "GET /images/favicon.ico HTTP/1.1" 404 305 "-" "Safari/13605.3.8 CFNetwork/902.1 Darwin/17.7.0 (x86_64)"
80.120.5.131 - - [07/Sep/2018:12:52:55 +0200] "GET /favicon.ico HTTP/1.1" 200 3250 "-" "Safari/13605.3.8 CFNetwork/902.1 Darwin/17.7.0 (x86_64)"
193.194.132.28 - - [07/Sep/2018:12:52:55 +0200] "GET /reload?ser=1536317575037 HTTP/1.1" 200 28 "http://renault.2web.at/result?searchterm=true&search=m%E9gane" "Mozilla/5.0 (Windows NT 6.1; WOW64; Trident/7.0; rv:11.0) like Gecko"
213.153.47.173 - - [07/Sep/2018:12:53:15 +0200] "GET /reload?ser=1536317585979 HTTP/1.1" 200 28 "http://renault.activities.at/login?required=true" "Mozilla/5.0 (Windows NT 10.0; Win64; x64; rv:62.0) Gecko/20100101 Firefox/62.0"
138.21.12.25 - - [07/Sep/2018:12:53:16 +0200] "GET /reload?ser=1536317596460 HTTP/1.1" 200 28 "http://renault.2web.at/10260260" "Mozilla/5.0 (Windows NT 6.1; WOW64; Trident/7.0; rv:11.0) like Gecko"
193.194.132.28 - - [07/Sep/2018:12:53:56 +0200] "GET /reload?ser=1536317636121 HTTP/1.1" 200 28 "http://renault.2web.at/result?searchterm=true&search=m%E9gane" "Mozilla/5.0 (Windows NT 6.1; WOW64; Trident/7.0; rv:11.0) like Gecko"
82.135.5.126 - - [07/Sep/2018:12:53:57 +0200] "GET / HTTP/1.1" 200 3683 "-" "Mozilla/5.0 (Windows NT 6.1; Trident/7.0; rv:11.0) like Gecko"
82.135.5.126 - - [07/Sep/2018:12:53:59 +0200] "GET /images/favicon.ico HTTP/1.1" 404 305 "-" "Mozilla/5.0 (Windows NT 6.1; Trident/7.0; rv:11.0) like Gecko"
82.135.5.126 - - [07/Sep/2018:12:53:59 +0200] "GET /loadthumbnail.php?id=11127982 HTTP/1.1" 200 399614 "http://renault.activities.at/" "Mozilla/5.0 (Windows NT 6.1; Trident/7.0; rv:11.0) like Gecko"
213.153.47.173 - - [07/Sep/2018:12:54:16 +0200] "GET /reload?ser=1536317646640 HTTP/1.1" 200 28 "http://renault.activities.at/login?required=true" "Mozilla/5.0 (Windows NT 10.0; Win64; x64; rv:62.0) Gecko/20100101 Firefox/62.0"
138.21.12.25 - - [07/Sep/2018:12:54:17 +0200] "GET /reload?ser=1536317657507 HTTP/1.1" 200 28 "http://renault.2web.at/10260260" "Mozilla/5.0 (Windows NT 6.1; WOW64; Trident/7.0; rv:11.0) like Gecko"
193.194.132.28 - - [07/Sep/2018:12:54:57 +0200] "GET /reload?ser=1536317697193 HTTP/1.1" 200 28 "http://renault.2web.at/result?searchterm=true&search=m%E9gane" "Mozilla/5.0 (Windows NT 6.1; WOW64; Trident/7.0; rv:11.0) like Gecko"
213.153.47.173 - - [07/Sep/2018:12:55:17 +0200] "GET /reload?ser=1536317707320 HTTP/1.1" 200 28 "http://renault.activities.at/login?required=true" "Mozilla/5.0 (Windows NT 10.0; Win64; x64; rv:62.0) Gecko/20100101 Firefox/62.0"
138.21.12.25 - - [07/Sep/2018:12:55:18 +0200] "GET /reload?ser=1536317718651 HTTP/1.1" 200 28 "http://renault.2web.at/10260260" "Mozilla/5.0 (Windows NT 6.1; WOW64; Trident/7.0; rv:11.0) like Gecko"
213.153.47.173 - - [07/Sep/2018:12:56:17 +0200] "GET /reload?ser=1536317767980 HTTP/1.1" 200 28 "http://renault.activities.at/login?required=true" "Mozilla/5.0 (Windows NT 10.0; Win64; x64; rv:62.0) Gecko/20100101 Firefox/62.0"
138.21.12.25 - - [07/Sep/2018:12:56:19 +0200] "GET /reload?ser=1536317779766 HTTP/1.1" 200 28 "http://renault.2web.at/10260260" "Mozilla/5.0 (Windows NT 6.1; WOW64; Trident/7.0; rv:11.0) like Gecko"
213.153.47.173 - - [07/Sep/2018:12:57:18 +0200] "GET /reload?ser=1536317828630 HTTP/1.1" 200 28 "http://renault.activities.at/login?required=true" "Mozilla/5.0 (Windows NT 10.0; Win64; x64; rv:62.0) Gecko/20100101 Firefox/62.0"
138.21.12.25 - - [07/Sep/2018:12:57:20 +0200] "GET /reload?ser=1536317840856 HTTP/1.1" 200 28 "http://renault.2web.at/10260260" "Mozilla/5.0 (Windows NT 6.1; WOW64; Trident/7.0; rv:11.0) like Gecko"
213.153.47.173 - - [07/Sep/2018:12:58:19 +0200] "GET /reload?ser=1536317889309 HTTP/1.1" 200 28 "http://renault.activities.at/login?required=true" "Mozilla/5.0 (Windows NT 10.0; Win64; x64; rv:62.0) Gecko/20100101 Firefox/62.0"
138.21.12.25 - - [07/Sep/2018:12:58:22 +0200] "GET /reload?ser=1536317901986 HTTP/1.1" 200 28 "http://renault.2web.at/10260260" "Mozilla/5.0 (Windows NT 6.1; WOW64; Trident/7.0; rv:11.0) like Gecko"
213.153.47.173 - - [07/Sep/2018:12:59:19 +0200] "GET /reload?ser=1536317949970 HTTP/1.1" 200 28 "http://renault.activities.at/login?required=true" "Mozilla/5.0 (Windows NT 10.0; Win64; x64; rv:62.0) Gecko/20100101 Firefox/62.0"
138.21.12.25 - - [07/Sep/2018:12:59:23 +0200] "GET /reload?ser=1536317963116 HTTP/1.1" 200 28 "http://renault.2web.at/10260260" "Mozilla/5.0 (Windows NT 6.1; WOW64; Trident/7.0; rv:11.0) like Gecko"
213.153.47.173 - - [07/Sep/2018:13:00:20 +0200] "GET /reload?ser=1536318010619 HTTP/1.1" 200 28 "http://renault.activities.at/login?required=true" "Mozilla/5.0 (Windows NT 10.0; Win64; x64; rv:62.0) Gecko/20100101 Firefox/62.0"
138.21.12.25 - - [07/Sep/2018:13:00:24 +0200] "GET /reload?ser=1536318024246 HTTP/1.1" 200 28 "http://renault.2web.at/10260260" "Mozilla/5.0 (Windows NT 6.1; WOW64; Trident/7.0; rv:11.0) like Gecko"
213.153.47.173 - - [07/Sep/2018:13:01:21 +0200] "GET /reload?ser=1536318071290 HTTP/1.1" 200 28 "http://renault.activities.at/login?required=true" "Mozilla/5.0 (Windows NT 10.0; Win64; x64; rv:62.0) Gecko/20100101 Firefox/62.0"
138.21.12.25 - - [07/Sep/2018:13:01:25 +0200] "GET /reload?ser=1536318085319 HTTP/1.1" 200 28 "http://renault.2web.at/10260260" "Mozilla/5.0 (Windows NT 6.1; WOW64; Trident/7.0; rv:11.0) like Gecko"
213.153.47.173 - - [07/Sep/2018:13:02:21 +0200] "GET /reload?ser=1536318131950 HTTP/1.1" 200 28 "http://renault.activities.at/login?required=true" "Mozilla/5.0 (Windows NT 10.0; Win64; x64; rv:62.0) Gecko/20100101 Firefox/62.0"
138.21.12.25 - - [07/Sep/2018:13:02:26 +0200] "GET /reload?ser=1536318146407 HTTP/1.1" 200 28 "http://renault.2web.at/10260260" "Mozilla/5.0 (Windows NT 6.1; WOW64; Trident/7.0; rv:11.0) like Gecko"
138.21.12.22 - - [07/Sep/2018:13:02:26 +0200] "GET / HTTP/1.1" 200 3694 "-" "Mozilla/5.0 (Windows NT 6.1; WOW64; Trident/7.0; rv:11.0) like Gecko"
138.21.12.22 - - [07/Sep/2018:13:02:28 +0200] "GET /js/default.js HTTP/1.1" 304 - "http://renault.2web.at/" "Mozilla/5.0 (Windows NT 6.1; WOW64; Trident/7.0; rv:11.0) like Gecko"
138.21.12.22 - - [07/Sep/2018:13:02:28 +0200] "GET /css/themes/default.css HTTP/1.1" 304 - "http://renault.2web.at/" "Mozilla/5.0 (Windows NT 6.1; WOW64; Trident/7.0; rv:11.0) like Gecko"
138.21.12.22 - - [07/Sep/2018:13:02:28 +0200] "GET /css/reset.css HTTP/1.1" 304 - "http://renault.2web.at/" "Mozilla/5.0 (Windows NT 6.1; WOW64; Trident/7.0; rv:11.0) like Gecko"
138.21.12.22 - - [07/Sep/2018:13:02:28 +0200] "GET /js/flashdetection.js HTTP/1.1" 304 - "http://renault.2web.at/" "Mozilla/5.0 (Windows NT 6.1; WOW64; Trident/7.0; rv:11.0) like Gecko"
138.21.12.22 - - [07/Sep/2018:13:02:28 +0200] "GET /css/themes/alphacube.css HTTP/1.1" 304 - "http://renault.2web.at/" "Mozilla/5.0 (Windows NT 6.1; WOW64; Trident/7.0; rv:11.0) like Gecko"
138.21.12.22 - - [07/Sep/2018:13:02:28 +0200] "GET /css/styles.css HTTP/1.1" 304 - "http://renault.2web.at/" "Mozilla/5.0 (Windows NT 6.1; WOW64; Trident/7.0; rv:11.0) like Gecko"
138.21.12.22 - - [07/Sep/2018:13:02:28 +0200] "GET /js/index.php?c=auto&f=,prototype/prototype.js,prototype/validation.js,scriptaculous/builder.js,scriptaculous/effects.js,scriptaculous/dragdrop.js,scriptaculous/controls.js,scriptaculous/slider.js,varien/js.js,varien/form.js,varien/menu.js,mage/translate.js,mage/cookies.js,varien/product.js,spinner/SpinnerControl.jsmin.js,prototype/window.js,prototype/window_ext.js HTTP/1.1" 304 - "http://renault.2web.at/" "Mozilla/5.0 (Windows NT 6.1; WOW64; Trident/7.0; rv:11.0) like Gecko"
138.21.12.22 - - [07/Sep/2018:13:02:28 +0200] "GET /css/print.css HTTP/1.1" 304 - "http://renault.2web.at/" "Mozilla/5.0 (Windows NT 6.1; WOW64; Trident/7.0; rv:11.0) like Gecko"
138.21.12.22 - - [07/Sep/2018:13:02:28 +0200] "GET /css/prototip.css HTTP/1.1" 304 - "http://renault.2web.at/" "Mozilla/5.0 (Windows NT 6.1; WOW64; Trident/7.0; rv:11.0) like Gecko"
138.21.12.22 - - [07/Sep/2018:13:02:28 +0200] "GET /js/checkout.css HTTP/1.1" 304 - "http://renault.2web.at/" "Mozilla/5.0 (Windows NT 6.1; WOW64; Trident/7.0; rv:11.0) like Gecko"
138.21.12.22 - - [07/Sep/2018:13:02:28 +0200] "GET /css/clears.css HTTP/1.1" 304 - "http://renault.2web.at/" "Mozilla/5.0 (Windows NT 6.1; WOW64; Trident/7.0; rv:11.0) like Gecko"
138.21.12.22 - - [07/Sep/2018:13:02:28 +0200] "GET /images/header_block_border.gif HTTP/1.1" 304 - "http://renault.2web.at/" "Mozilla/5.0 (Windows NT 6.1; WOW64; Trident/7.0; rv:11.0) like Gecko"
138.21.12.22 - - [07/Sep/2018:13:02:28 +0200] "GET /images/header_block_corner_left_top.gif HTTP/1.1" 304 - "http://renault.2web.at/" "Mozilla/5.0 (Windows NT 6.1; WOW64; Trident/7.0; rv:11.0) like Gecko"
138.21.12.22 - - [07/Sep/2018:13:02:28 +0200] "GET /images/main_block_border.gif HTTP/1.1" 304 - "http://renault.2web.at/" "Mozilla/5.0 (Windows NT 6.1; WOW64; Trident/7.0; rv:11.0) like Gecko"
138.21.12.22 - - [07/Sep/2018:13:02:28 +0200] "GET /images/main_block_corner_left_bot.gif HTTP/1.1" 304 - "http://renault.2web.at/" "Mozilla/5.0 (Windows NT 6.1; WOW64; Trident/7.0; rv:11.0) like Gecko"
138.21.12.22 - - [07/Sep/2018:13:02:28 +0200] "GET /images/title_border_top.jpg HTTP/1.1" 304 - "http://renault.2web.at/" "Mozilla/5.0 (Windows NT 6.1; WOW64; Trident/7.0; rv:11.0) like Gecko"
138.21.12.22 - - [07/Sep/2018:13:02:28 +0200] "GET /images/main_block_corner_right_top.gif HTTP/1.1" 304 - "http://renault.2web.at/" "Mozilla/5.0 (Windows NT 6.1; WOW64; Trident/7.0; rv:11.0) like Gecko"
138.21.12.22 - - [07/Sep/2018:13:02:28 +0200] "GET /images/main_block_corner_left_top.gif HTTP/1.1" 304 - "http://renault.2web.at/" "Mozilla/5.0 (Windows NT 6.1; WOW64; Trident/7.0; rv:11.0) like Gecko"
138.21.12.22 - - [07/Sep/2018:13:02:28 +0200] "GET /images/main_block_corner_right_bot.gif HTTP/1.1" 304 - "http://renault.2web.at/" "Mozilla/5.0 (Windows NT 6.1; WOW64; Trident/7.0; rv:11.0) like Gecko"
138.21.12.22 - - [07/Sep/2018:13:02:28 +0200] "GET /images/title_border.jpg HTTP/1.1" 304 - "http://renault.2web.at/" "Mozilla/5.0 (Windows NT 6.1; WOW64; Trident/7.0; rv:11.0) like Gecko"
138.21.12.22 - - [07/Sep/2018:13:02:28 +0200] "GET /images/header_block_corner_right_top.gif HTTP/1.1" 304 - "http://renault.2web.at/" "Mozilla/5.0 (Windows NT 6.1; WOW64; Trident/7.0; rv:11.0) like Gecko"
138.21.12.22 - - [07/Sep/2018:13:02:28 +0200] "GET /images/title_corner_left_top.jpg HTTP/1.1" 304 - "http://renault.2web.at/" "Mozilla/5.0 (Windows NT 6.1; WOW64; Trident/7.0; rv:11.0) like Gecko"
138.21.12.22 - - [07/Sep/2018:13:02:28 +0200] "GET /images/title_corner_right_top.jpg HTTP/1.1" 304 - "http://renault.2web.at/" "Mozilla/5.0 (Windows NT 6.1; WOW64; Trident/7.0; rv:11.0) like Gecko"
138.21.12.21 - - [07/Sep/2018:13:02:28 +0200] "GET /loadthumbnail.php?id=11127982 HTTP/1.1" 200 586642 "-" "Mozilla/4.0 (compatible;)"
138.21.12.22 - - [07/Sep/2018:13:02:36 +0200] "GET /login HTTP/1.1" 200 2095 "http://renault.2web.at/" "Mozilla/5.0 (Windows NT 6.1; WOW64; Trident/7.0; rv:11.0) like Gecko"
138.21.12.22 - - [07/Sep/2018:13:02:37 +0200] "GET /images/button_bg.gif HTTP/1.1" 304 - "http://renault.2web.at/login" "Mozilla/5.0 (Windows NT 6.1; WOW64; Trident/7.0; rv:11.0) like Gecko"
138.21.12.22 - - [07/Sep/2018:13:02:37 +0200] "GET /images/button_right_bg.gif HTTP/1.1" 304 - "http://renault.2web.at/login" "Mozilla/5.0 (Windows NT 6.1; WOW64; Trident/7.0; rv:11.0) like Gecko"
138.21.12.22 - - [07/Sep/2018:13:02:37 +0200] "GET /images/button_left_bg.gif HTTP/1.1" 304 - "http://renault.2web.at/login" "Mozilla/5.0 (Windows NT 6.1; WOW64; Trident/7.0; rv:11.0) like Gecko"
138.21.12.22 - - [07/Sep/2018:13:02:52 +0200] "POST /login HTTP/1.1" 302 137 "http://renault.2web.at/login" "Mozilla/5.0 (Windows NT 6.1; WOW64; Trident/7.0; rv:11.0) like Gecko"
138.21.12.22 - - [07/Sep/2018:13:02:54 +0200] "GET /account HTTP/1.1" 200 7801 "http://renault.2web.at/login" "Mozilla/5.0 (Windows NT 6.1; WOW64; Trident/7.0; rv:11.0) like Gecko"
138.21.12.22 - - [07/Sep/2018:13:02:57 +0200] "GET /images/ajax_loading.gif HTTP/1.1" 304 - "http://renault.2web.at/account" "Mozilla/5.0 (Windows NT 6.1; WOW64; Trident/7.0; rv:11.0) like Gecko"
138.21.12.22 - - [07/Sep/2018:13:02:57 +0200] "GET /js/account.js HTTP/1.1" 304 - "http://renault.2web.at/account" "Mozilla/5.0 (Windows NT 6.1; WOW64; Trident/7.0; rv:11.0) like Gecko"
138.21.12.22 - - [07/Sep/2018:13:02:57 +0200] "GET /images/search_bg.gif HTTP/1.1" 304 - "http://renault.2web.at/account" "Mozilla/5.0 (Windows NT 6.1; WOW64; Trident/7.0; rv:11.0) like Gecko"
138.21.12.22 - - [07/Sep/2018:13:02:57 +0200] "GET /images/sidebar_title_corner_left_top.gif HTTP/1.1" 304 - "http://renault.2web.at/account" "Mozilla/5.0 (Windows NT 6.1; WOW64; Trident/7.0; rv:11.0) like Gecko"
138.21.12.22 - - [07/Sep/2018:13:02:57 +0200] "GET /images/sidebar_title_corner_right_top.gif HTTP/1.1" 304 - "http://renault.2web.at/account" "Mozilla/5.0 (Windows NT 6.1; WOW64; Trident/7.0; rv:11.0) like Gecko"
138.21.12.22 - - [07/Sep/2018:13:02:57 +0200] "GET /images/footer_divider.gif HTTP/1.1" 304 - "http://renault.2web.at/account" "Mozilla/5.0 (Windows NT 6.1; WOW64; Trident/7.0; rv:11.0) like Gecko"
138.21.12.22 - - [07/Sep/2018:13:02:57 +0200] "GET /images/sidebar_title_border_top.gif HTTP/1.1" 304 - "http://renault.2web.at/account" "Mozilla/5.0 (Windows NT 6.1; WOW64; Trident/7.0; rv:11.0) like Gecko"
138.21.12.22 - - [07/Sep/2018:13:02:57 +0200] "GET /images/sidebar_title_border.gif HTTP/1.1" 304 - "http://renault.2web.at/account" "Mozilla/5.0 (Windows NT 6.1; WOW64; Trident/7.0; rv:11.0) like Gecko"
138.21.12.22 - - [07/Sep/2018:13:02:57 +0200] "GET /images/validation_advice_bg.gif HTTP/1.1" 304 - "http://renault.2web.at/account" "Mozilla/5.0 (Windows NT 6.1; WOW64; Trident/7.0; rv:11.0) like Gecko"
138.21.12.22 - - [07/Sep/2018:13:02:57 +0200] "GET /images/menu_divider.gif HTTP/1.1" 304 - "http://renault.2web.at/account" "Mozilla/5.0 (Windows NT 6.1; WOW64; Trident/7.0; rv:11.0) like Gecko"
138.21.12.22 - - [07/Sep/2018:13:02:57 +0200] "GET /images/top_links_divider.gif HTTP/1.1" 304 - "http://renault.2web.at/account" "Mozilla/5.0 (Windows NT 6.1; WOW64; Trident/7.0; rv:11.0) like Gecko"
138.21.12.22 - - [07/Sep/2018:13:02:57 +0200] "GET /images/menu_button_bg.jpg HTTP/1.1" 304 - "http://renault.2web.at/account" "Mozilla/5.0 (Windows NT 6.1; WOW64; Trident/7.0; rv:11.0) like Gecko"
138.21.12.22 - - [07/Sep/2018:13:02:57 +0200] "GET /images/nav_divider.gif HTTP/1.1" 304 - "http://renault.2web.at/account" "Mozilla/5.0 (Windows NT 6.1; WOW64; Trident/7.0; rv:11.0) like Gecko"
138.21.12.22 - - [07/Sep/2018:13:03:07 +0200] "GET /10260280 HTTP/1.1" 200 10382 "http://renault.2web.at/account" "Mozilla/5.0 (Windows NT 6.1; WOW64; Trident/7.0; rv:11.0) like Gecko"
138.21.12.22 - - [07/Sep/2018:13:03:11 +0200] "GET /js/prototip.js HTTP/1.1" 304 - "http://renault.2web.at/10260280" "Mozilla/5.0 (Windows NT 6.1; WOW64; Trident/7.0; rv:11.0) like Gecko"
138.21.12.22 - - [07/Sep/2018:13:03:11 +0200] "GET /images/loading.gif HTTP/1.1" 304 - "http://renault.2web.at/10260280" "Mozilla/5.0 (Windows NT 6.1; WOW64; Trident/7.0; rv:11.0) like Gecko"
138.21.12.22 - - [07/Sep/2018:13:03:11 +0200] "GET /js/ProduktGrp.js HTTP/1.1" 304 - "http://renault.2web.at/10260280" "Mozilla/5.0 (Windows NT 6.1; WOW64; Trident/7.0; rv:11.0) like Gecko"
138.21.12.21 - - [07/Sep/2018:13:03:11 +0200] "GET /loadthumbnail.php?id=10203276 HTTP/1.1" 200 57 "-" "Mozilla/4.0 (compatible;)"
138.21.12.22 - - [07/Sep/2018:13:03:11 +0200] "GET /loadthumbnail.php?id=11760052&width=113 HTTP/1.1" 200 1991 "http://renault.2web.at/10260280" "Mozilla/5.0 (Windows NT 6.1; WOW64; Trident/7.0; rv:11.0) like Gecko"
138.21.12.22 - - [07/Sep/2018:13:03:11 +0200] "GET /loadthumbnail.php?id=11760048&width=113 HTTP/1.1" 200 1991 "http://renault.2web.at/10260280" "Mozilla/5.0 (Windows NT 6.1; WOW64; Trident/7.0; rv:11.0) like Gecko"
138.21.12.22 - - [07/Sep/2018:13:03:11 +0200] "GET /loadthumbnail.php?id=11181191&width=113 HTTP/1.1" 200 1888 "http://renault.2web.at/10260280" "Mozilla/5.0 (Windows NT 6.1; WOW64; Trident/7.0; rv:11.0) like Gecko"
138.21.12.22 - - [07/Sep/2018:13:03:11 +0200] "GET /loadthumbnail.php?id=10259978&width=113 HTTP/1.1" 200 1347 "http://renault.2web.at/10260280" "Mozilla/5.0 (Windows NT 6.1; WOW64; Trident/7.0; rv:11.0) like Gecko"
