193.194.132.27 - - [13/Sep/2018:14:59:40 +0200] "GET /reload?ser=1536843580898 HTTP/1.1" 200 28 "http://renault.2web.at/result?searchterm=true&search=Verk%E4uferbrosch%FCre" "Mozilla/5.0 (Windows NT 6.1; WOW64; Trident/7.0; rv:11.0) like Gecko"
213.153.47.173 - - [13/Sep/2018:15:00:26 +0200] "GET /reload?ser=1536843613542 HTTP/1.1" 200 28 "http://renault.activities.at/login?required=true" "Mozilla/5.0 (Windows NT 10.0; Win64; x64; rv:62.0) Gecko/20100101 Firefox/62.0"
138.21.12.25 - - [13/Sep/2018:15:00:30 +0200] "GET /reload?ser=1536843630901 HTTP/1.1" 200 28 "http://renault.2web.at/cart?datachange=true" "Mozilla/5.0 (Windows NT 6.1; WOW64; Trident/7.0; rv:11.0) like Gecko"
193.194.132.27 - - [13/Sep/2018:15:00:42 +0200] "GET /reload?ser=1536843642095 HTTP/1.1" 200 28 "http://renault.2web.at/result?searchterm=true&search=Verk%E4uferbrosch%FCre" "Mozilla/5.0 (Windows NT 6.1; WOW64; Trident/7.0; rv:11.0) like Gecko"
213.153.47.173 - - [13/Sep/2018:15:01:27 +0200] "GET /reload?ser=1536843674221 HTTP/1.1" 200 28 "http://renault.activities.at/login?required=true" "Mozilla/5.0 (Windows NT 10.0; Win64; x64; rv:62.0) Gecko/20100101 Firefox/62.0"
138.21.12.25 - - [13/Sep/2018:15:01:31 +0200] "GET /reload?ser=1536843692032 HTTP/1.1" 200 28 "http://renault.2web.at/cart?datachange=true" "Mozilla/5.0 (Windows NT 6.1; WOW64; Trident/7.0; rv:11.0) like Gecko"
193.194.132.27 - - [13/Sep/2018:15:01:43 +0200] "GET /reload?ser=1536843703314 HTTP/1.1" 200 28 "http://renault.2web.at/result?searchterm=true&search=Verk%E4uferbrosch%FCre" "Mozilla/5.0 (Windows NT 6.1; WOW64; Trident/7.0; rv:11.0) like Gecko"
213.153.47.173 - - [13/Sep/2018:15:02:27 +0200] "GET /reload?ser=1536843734881 HTTP/1.1" 200 28 "http://renault.activities.at/login?required=true" "Mozilla/5.0 (Windows NT 10.0; Win64; x64; rv:62.0) Gecko/20100101 Firefox/62.0"
138.21.12.25 - - [13/Sep/2018:15:02:33 +0200] "GET /reload?ser=1536843753152 HTTP/1.1" 200 28 "http://renault.2web.at/cart?datachange=true" "Mozilla/5.0 (Windows NT 6.1; WOW64; Trident/7.0; rv:11.0) like Gecko"
193.194.132.27 - - [13/Sep/2018:15:02:44 +0200] "GET /reload?ser=1536843764524 HTTP/1.1" 200 28 "http://renault.2web.at/result?searchterm=true&search=Verk%E4uferbrosch%FCre" "Mozilla/5.0 (Windows NT 6.1; WOW64; Trident/7.0; rv:11.0) like Gecko"
213.153.47.173 - - [13/Sep/2018:15:03:28 +0200] "GET /reload?ser=1536843795551 HTTP/1.1" 200 28 "http://renault.activities.at/login?required=true" "Mozilla/5.0 (Windows NT 10.0; Win64; x64; rv:62.0) Gecko/20100101 Firefox/62.0"
138.21.12.25 - - [13/Sep/2018:15:03:34 +0200] "GET /reload?ser=1536843814236 HTTP/1.1" 200 28 "http://renault.2web.at/cart?datachange=true" "Mozilla/5.0 (Windows NT 6.1; WOW64; Trident/7.0; rv:11.0) like Gecko"
193.194.132.27 - - [13/Sep/2018:15:03:45 +0200] "GET /reload?ser=1536843825647 HTTP/1.1" 200 28 "http://renault.2web.at/result?searchterm=true&search=Verk%E4uferbrosch%FCre" "Mozilla/5.0 (Windows NT 6.1; WOW64; Trident/7.0; rv:11.0) like Gecko"
213.153.47.173 - - [13/Sep/2018:15:04:29 +0200] "GET /reload?ser=1536843856201 HTTP/1.1" 200 28 "http://renault.activities.at/login?required=true" "Mozilla/5.0 (Windows NT 10.0; Win64; x64; rv:62.0) Gecko/20100101 Firefox/62.0"
138.21.12.25 - - [13/Sep/2018:15:04:35 +0200] "GET /reload?ser=1536843875317 HTTP/1.1" 200 28 "http://renault.2web.at/cart?datachange=true" "Mozilla/5.0 (Windows NT 6.1; WOW64; Trident/7.0; rv:11.0) like Gecko"
193.194.132.27 - - [13/Sep/2018:15:04:46 +0200] "GET /reload?ser=1536843886836 HTTP/1.1" 200 28 "http://renault.2web.at/result?searchterm=true&search=Verk%E4uferbrosch%FCre" "Mozilla/5.0 (Windows NT 6.1; WOW64; Trident/7.0; rv:11.0) like Gecko"
213.153.47.173 - - [13/Sep/2018:15:05:29 +0200] "GET /reload?ser=1536843916856 HTTP/1.1" 200 28 "http://renault.activities.at/login?required=true" "Mozilla/5.0 (Windows NT 10.0; Win64; x64; rv:62.0) Gecko/20100101 Firefox/62.0"
193.194.132.27 - - [13/Sep/2018:15:05:48 +0200] "GET /reload?ser=1536843948044 HTTP/1.1" 200 28 "http://renault.2web.at/result?searchterm=true&search=Verk%E4uferbrosch%FCre" "Mozilla/5.0 (Windows NT 6.1; WOW64; Trident/7.0; rv:11.0) like Gecko"
138.21.12.25 - - [13/Sep/2018:15:05:48 +0200] "GET /reload?ser=1536843936389 HTTP/1.1" 200 28 "http://renault.2web.at/cart?datachange=true" "Mozilla/5.0 (Windows NT 6.1; WOW64; Trident/7.0; rv:11.0) like Gecko"
213.153.47.173 - - [13/Sep/2018:15:06:30 +0200] "GET /reload?ser=1536843977542 HTTP/1.1" 200 28 "http://renault.activities.at/login?required=true" "Mozilla/5.0 (Windows NT 10.0; Win64; x64; rv:62.0) Gecko/20100101 Firefox/62.0"
193.194.132.27 - - [13/Sep/2018:15:06:49 +0200] "GET /reload?ser=1536844009358 HTTP/1.1" 200 28 "http://renault.2web.at/result?searchterm=true&search=Verk%E4uferbrosch%FCre" "Mozilla/5.0 (Windows NT 6.1; WOW64; Trident/7.0; rv:11.0) like Gecko"
138.21.12.25 - - [13/Sep/2018:15:06:49 +0200] "GET /reload?ser=1536844009504 HTTP/1.1" 200 28 "http://renault.2web.at/cart?datachange=true" "Mozilla/5.0 (Windows NT 6.1; WOW64; Trident/7.0; rv:11.0) like Gecko"
213.153.47.173 - - [13/Sep/2018:15:07:31 +0200] "GET /reload?ser=1536844038211 HTTP/1.1" 200 28 "http://renault.activities.at/login?required=true" "Mozilla/5.0 (Windows NT 10.0; Win64; x64; rv:62.0) Gecko/20100101 Firefox/62.0"
193.194.132.27 - - [13/Sep/2018:15:07:50 +0200] "GET /reload?ser=1536844070569 HTTP/1.1" 200 28 "http://renault.2web.at/result?searchterm=true&search=Verk%E4uferbrosch%FCre" "Mozilla/5.0 (Windows NT 6.1; WOW64; Trident/7.0; rv:11.0) like Gecko"
138.21.12.25 - - [13/Sep/2018:15:07:50 +0200] "GET /reload?ser=1536844070616 HTTP/1.1" 200 28 "http://renault.2web.at/cart?datachange=true" "Mozilla/5.0 (Windows NT 6.1; WOW64; Trident/7.0; rv:11.0) like Gecko"
213.153.47.173 - - [13/Sep/2018:15:08:31 +0200] "GET /reload?ser=1536844098871 HTTP/1.1" 200 28 "http://renault.activities.at/login?required=true" "Mozilla/5.0 (Windows NT 10.0; Win64; x64; rv:62.0) Gecko/20100101 Firefox/62.0"
138.21.12.25 - - [13/Sep/2018:15:08:51 +0200] "GET /reload?ser=1536844131767 HTTP/1.1" 200 28 "http://renault.2web.at/cart?datachange=true" "Mozilla/5.0 (Windows NT 6.1; WOW64; Trident/7.0; rv:11.0) like Gecko"
193.194.132.27 - - [13/Sep/2018:15:08:51 +0200] "GET /reload?ser=1536844131777 HTTP/1.1" 200 28 "http://renault.2web.at/result?searchterm=true&search=Verk%E4uferbrosch%FCre" "Mozilla/5.0 (Windows NT 6.1; WOW64; Trident/7.0; rv:11.0) like Gecko"
213.153.47.173 - - [13/Sep/2018:15:09:32 +0200] "GET /reload?ser=1536844159541 HTTP/1.1" 200 28 "http://renault.activities.at/login?required=true" "Mozilla/5.0 (Windows NT 10.0; Win64; x64; rv:62.0) Gecko/20100101 Firefox/62.0"
138.21.12.25 - - [13/Sep/2018:15:09:52 +0200] "GET /reload?ser=1536844192926 HTTP/1.1" 200 28 "http://renault.2web.at/cart?datachange=true" "Mozilla/5.0 (Windows NT 6.1; WOW64; Trident/7.0; rv:11.0) like Gecko"
193.194.132.27 - - [13/Sep/2018:15:10:05 +0200] "GET /reload?ser=1536844193120 HTTP/1.1" 200 28 "http://renault.2web.at/result?searchterm=true&search=Verk%E4uferbrosch%FCre" "Mozilla/5.0 (Windows NT 6.1; WOW64; Trident/7.0; rv:11.0) like Gecko"
213.153.47.173 - - [13/Sep/2018:15:10:33 +0200] "GET /reload?ser=1536844220253 HTTP/1.1" 200 28 "http://renault.activities.at/login?required=true" "Mozilla/5.0 (Windows NT 10.0; Win64; x64; rv:62.0) Gecko/20100101 Firefox/62.0"
138.21.12.25 - - [13/Sep/2018:15:10:53 +0200] "GET /reload?ser=1536844254066 HTTP/1.1" 200 28 "http://renault.2web.at/cart?datachange=true" "Mozilla/5.0 (Windows NT 6.1; WOW64; Trident/7.0; rv:11.0) like Gecko"
193.194.132.27 - - [13/Sep/2018:15:11:06 +0200] "GET /reload?ser=1536844266333 HTTP/1.1" 200 28 "http://renault.2web.at/result?searchterm=true&search=Verk%E4uferbrosch%FCre" "Mozilla/5.0 (Windows NT 6.1; WOW64; Trident/7.0; rv:11.0) like Gecko"
213.153.47.173 - - [13/Sep/2018:15:11:33 +0200] "GET /reload?ser=1536844280921 HTTP/1.1" 200 28 "http://renault.activities.at/login?required=true" "Mozilla/5.0 (Windows NT 10.0; Win64; x64; rv:62.0) Gecko/20100101 Firefox/62.0"
138.21.12.25 - - [13/Sep/2018:15:11:55 +0200] "GET /reload?ser=1536844315140 HTTP/1.1" 200 28 "http://renault.2web.at/cart?datachange=true" "Mozilla/5.0 (Windows NT 6.1; WOW64; Trident/7.0; rv:11.0) like Gecko"
193.194.132.27 - - [13/Sep/2018:15:12:07 +0200] "GET /reload?ser=1536844327543 HTTP/1.1" 200 28 "http://renault.2web.at/result?searchterm=true&search=Verk%E4uferbrosch%FCre" "Mozilla/5.0 (Windows NT 6.1; WOW64; Trident/7.0; rv:11.0) like Gecko"
213.153.47.173 - - [13/Sep/2018:15:12:34 +0200] "GET /reload?ser=1536844341581 HTTP/1.1" 200 28 "http://renault.activities.at/login?required=true" "Mozilla/5.0 (Windows NT 10.0; Win64; x64; rv:62.0) Gecko/20100101 Firefox/62.0"
138.21.12.25 - - [13/Sep/2018:15:12:56 +0200] "GET /reload?ser=1536844376210 HTTP/1.1" 200 28 "http://renault.2web.at/cart?datachange=true" "Mozilla/5.0 (Windows NT 6.1; WOW64; Trident/7.0; rv:11.0) like Gecko"
193.194.132.27 - - [13/Sep/2018:15:13:08 +0200] "GET /reload?ser=1536844388746 HTTP/1.1" 200 28 "http://renault.2web.at/result?searchterm=true&search=Verk%E4uferbrosch%FCre" "Mozilla/5.0 (Windows NT 6.1; WOW64; Trident/7.0; rv:11.0) like Gecko"
213.153.47.173 - - [13/Sep/2018:15:13:35 +0200] "GET /reload?ser=1536844402221 HTTP/1.1" 200 28 "http://renault.activities.at/login?required=true" "Mozilla/5.0 (Windows NT 10.0; Win64; x64; rv:62.0) Gecko/20100101 Firefox/62.0"
213.90.80.156 - - [13/Sep/2018:15:13:53 +0200] "GET /login HTTP/1.1" 200 2086 "-" "Mozilla/5.0 (Windows NT 10.0; WOW64; Trident/7.0; rv:11.0) like Gecko"
138.21.12.25 - - [13/Sep/2018:15:13:57 +0200] "GET /reload?ser=1536844437308 HTTP/1.1" 200 28 "http://renault.2web.at/cart?datachange=true" "Mozilla/5.0 (Windows NT 6.1; WOW64; Trident/7.0; rv:11.0) like Gecko"
213.90.80.156 - - [13/Sep/2018:15:14:05 +0200] "POST /login HTTP/1.1" 302 140 "http://renault.activities.at/login" "Mozilla/5.0 (Windows NT 10.0; WOW64; Trident/7.0; rv:11.0) like Gecko"
213.90.80.156 - - [13/Sep/2018:15:14:07 +0200] "GET /account HTTP/1.1" 200 6055 "http://renault.activities.at/login" "Mozilla/5.0 (Windows NT 10.0; WOW64; Trident/7.0; rv:11.0) like Gecko"
213.90.80.156 - - [13/Sep/2018:15:14:09 +0200] "GET /loadthumbnail.php?id=11431080&width=50&height=50 HTTP/1.1" 200 866 "http://renault.activities.at/account" "Mozilla/5.0 (Windows NT 10.0; WOW64; Trident/7.0; rv:11.0) like Gecko"
213.90.80.156 - - [13/Sep/2018:15:14:09 +0200] "GET /loadthumbnail.php?id=11351226&width=50&height=50 HTTP/1.1" 200 4457 "http://renault.activities.at/account" "Mozilla/5.0 (Windows NT 10.0; WOW64; Trident/7.0; rv:11.0) like Gecko"
213.90.80.156 - - [13/Sep/2018:15:14:09 +0200] "GET /loadthumbnail.php?id=11798476&width=50&height=50 HTTP/1.1" 200 1098 "http://renault.activities.at/account" "Mozilla/5.0 (Windows NT 10.0; WOW64; Trident/7.0; rv:11.0) like Gecko"
193.194.132.27 - - [13/Sep/2018:15:14:10 +0200] "GET /reload?ser=1536844450369 HTTP/1.1" 200 28 "http://renault.2web.at/result?searchterm=true&search=Verk%E4uferbrosch%FCre" "Mozilla/5.0 (Windows NT 6.1; WOW64; Trident/7.0; rv:11.0) like Gecko"
213.90.80.156 - - [13/Sep/2018:15:14:15 +0200] "POST /axjaxrequest?mode=suggest HTTP/1.1" 200 110 "http://renault.activities.at/account" "Mozilla/5.0 (Windows NT 10.0; WOW64; Trident/7.0; rv:11.0) like Gecko"
213.90.80.156 - - [13/Sep/2018:15:14:16 +0200] "GET /result?searchterm=true&search=austria HTTP/1.1" 200 6110 "http://renault.activities.at/account" "Mozilla/5.0 (Windows NT 10.0; WOW64; Trident/7.0; rv:11.0) like Gecko"
213.90.80.156 - - [13/Sep/2018:15:14:18 +0200] "GET /loadthumbnail.php?id=11304834&width=113 HTTP/1.1" 200 1055 "http://renault.activities.at/result?searchterm=true&search=austria" "Mozilla/5.0 (Windows NT 10.0; WOW64; Trident/7.0; rv:11.0) like Gecko"
213.90.80.156 - - [13/Sep/2018:15:14:18 +0200] "GET /loadthumbnail.php?id=11304858&width=113 HTTP/1.1" 200 1289 "http://renault.activities.at/result?searchterm=true&search=austria" "Mozilla/5.0 (Windows NT 10.0; WOW64; Trident/7.0; rv:11.0) like Gecko"
213.153.47.173 - - [13/Sep/2018:15:14:35 +0200] "GET /reload?ser=1536844462870 HTTP/1.1" 200 28 "http://renault.activities.at/login?required=true" "Mozilla/5.0 (Windows NT 10.0; Win64; x64; rv:62.0) Gecko/20100101 Firefox/62.0"
138.21.12.25 - - [13/Sep/2018:15:14:58 +0200] "GET /reload?ser=1536844498419 HTTP/1.1" 200 28 "http://renault.2web.at/cart?datachange=true" "Mozilla/5.0 (Windows NT 6.1; WOW64; Trident/7.0; rv:11.0) like Gecko"
193.194.132.27 - - [13/Sep/2018:15:15:11 +0200] "GET /reload?ser=1536844511575 HTTP/1.1" 200 28 "http://renault.2web.at/result?searchterm=true&search=Verk%E4uferbrosch%FCre" "Mozilla/5.0 (Windows NT 6.1; WOW64; Trident/7.0; rv:11.0) like Gecko"
213.90.80.156 - - [13/Sep/2018:15:15:19 +0200] "GET /reload?ser=1536844519102 HTTP/1.1" 200 28 "http://renault.activities.at/result?searchterm=true&search=austria" "Mozilla/5.0 (Windows NT 10.0; WOW64; Trident/7.0; rv:11.0) like Gecko"
80.121.175.66 - - [13/Sep/2018:15:15:27 +0200] "GET /login HTTP/1.1" 200 2086 "-" "Mozilla/5.0 (compatible; MSIE 9.0; Windows NT 6.1; Win64; x64; Trident/5.0)"
80.121.175.66 - - [13/Sep/2018:15:15:29 +0200] "GET /loadthumbnail.php?id=11127982 HTTP/1.1" 200 399614 "http://renault.activities.at/login" "Mozilla/5.0 (compatible; MSIE 9.0; Windows NT 6.1; Win64; x64; Trident/5.0)"
80.121.175.66 - - [13/Sep/2018:15:15:31 +0200] "GET /images/favicon.ico HTTP/1.1" 404 305 "-" "Mozilla/5.0 (compatible; MSIE 9.0; Windows NT 6.1; Win64; x64; Trident/5.0)"
80.121.175.66 - - [13/Sep/2018:15:15:34 +0200] "POST /login HTTP/1.1" 302 140 "http://renault.activities.at/login" "Mozilla/5.0 (compatible; MSIE 9.0; Windows NT 6.1; Win64; x64; Trident/5.0)"
213.153.47.173 - - [13/Sep/2018:15:15:36 +0200] "GET /reload?ser=1536844523530 HTTP/1.1" 200 28 "http://renault.activities.at/login?required=true" "Mozilla/5.0 (Windows NT 10.0; Win64; x64; rv:62.0) Gecko/20100101 Firefox/62.0"
80.121.175.66 - - [13/Sep/2018:15:15:36 +0200] "GET /account HTTP/1.1" 200 6091 "http://renault.activities.at/login" "Mozilla/5.0 (compatible; MSIE 9.0; Windows NT 6.1; Win64; x64; Trident/5.0)"
80.121.175.66 - - [13/Sep/2018:15:15:39 +0200] "POST /login HTTP/1.1" 302 140 "http://renault.activities.at/login" "Mozilla/5.0 (compatible; MSIE 9.0; Windows NT 6.1; Win64; x64; Trident/5.0)"
80.121.175.66 - - [13/Sep/2018:15:15:41 +0200] "GET /account HTTP/1.1" 200 6091 "http://renault.activities.at/login" "Mozilla/5.0 (compatible; MSIE 9.0; Windows NT 6.1; Win64; x64; Trident/5.0)"
80.121.175.66 - - [13/Sep/2018:15:15:43 +0200] "GET /loadthumbnail.php?id=10203651&width=50&height=50 HTTP/1.1" 200 1234 "http://renault.activities.at/account" "Mozilla/5.0 (compatible; MSIE 9.0; Windows NT 6.1; Win64; x64; Trident/5.0)"
80.121.175.66 - - [13/Sep/2018:15:15:43 +0200] "GET /loadthumbnail.php?id=11431080&width=50&height=50 HTTP/1.1" 200 866 "http://renault.activities.at/account" "Mozilla/5.0 (compatible; MSIE 9.0; Windows NT 6.1; Win64; x64; Trident/5.0)"
80.121.175.66 - - [13/Sep/2018:15:15:43 +0200] "GET /loadthumbnail.php?id=11592489&width=50&height=50 HTTP/1.1" 200 1740 "http://renault.activities.at/account" "Mozilla/5.0 (compatible; MSIE 9.0; Windows NT 6.1; Win64; x64; Trident/5.0)"
80.121.175.66 - - [13/Sep/2018:15:15:43 +0200] "GET /images/favicon.ico HTTP/1.1" 404 305 "-" "Mozilla/5.0 (compatible; MSIE 9.0; Windows NT 6.1; Win64; x64; Trident/5.0)"
80.121.175.66 - - [13/Sep/2018:15:15:47 +0200] "GET /11874245 HTTP/1.1" 200 5828 "http://renault.activities.at/account" "Mozilla/5.0 (compatible; MSIE 9.0; Windows NT 6.1; Win64; x64; Trident/5.0)"
138.21.12.25 - - [13/Sep/2018:15:15:59 +0200] "GET /reload?ser=1536844559491 HTTP/1.1" 200 28 "http://renault.2web.at/cart?datachange=true" "Mozilla/5.0 (Windows NT 6.1; WOW64; Trident/7.0; rv:11.0) like Gecko"
193.194.132.27 - - [13/Sep/2018:15:16:12 +0200] "GET /reload?ser=1536844572779 HTTP/1.1" 200 28 "http://renault.2web.at/result?searchterm=true&search=Verk%E4uferbrosch%FCre" "Mozilla/5.0 (Windows NT 6.1; WOW64; Trident/7.0; rv:11.0) like Gecko"
213.90.80.156 - - [13/Sep/2018:15:16:20 +0200] "GET /reload?ser=1536844580121 HTTP/1.1" 200 28 "http://renault.activities.at/result?searchterm=true&search=austria" "Mozilla/5.0 (Windows NT 10.0; WOW64; Trident/7.0; rv:11.0) like Gecko"
80.121.175.66 - - [13/Sep/2018:15:16:26 +0200] "GET /11874245?print=true HTTP/1.1" 200 2176 "-" "Mozilla/5.0 (compatible; MSIE 9.0; Windows NT 6.1; Win64; x64; Trident/5.0)"
213.153.47.173 - - [13/Sep/2018:15:16:37 +0200] "GET /reload?ser=1536844584200 HTTP/1.1" 200 28 "http://renault.activities.at/login?required=true" "Mozilla/5.0 (Windows NT 10.0; Win64; x64; rv:62.0) Gecko/20100101 Firefox/62.0"
80.121.175.66 - - [13/Sep/2018:15:16:50 +0200] "GET /reload?ser=1536844413729 HTTP/1.1" 200 28 "http://renault.activities.at/11874245" "Mozilla/5.0 (compatible; MSIE 9.0; Windows NT 6.1; Win64; x64; Trident/5.0)"
80.121.175.66 - - [13/Sep/2018:15:16:58 +0200] "GET /aboutus HTTP/1.1" 200 4813 "http://renault.activities.at/11874245" "Mozilla/5.0 (compatible; MSIE 9.0; Windows NT 6.1; Win64; x64; Trident/5.0)"
138.21.12.25 - - [13/Sep/2018:15:17:00 +0200] "GET /reload?ser=1536844620575 HTTP/1.1" 200 28 "http://renault.2web.at/cart?datachange=true" "Mozilla/5.0 (Windows NT 6.1; WOW64; Trident/7.0; rv:11.0) like Gecko"
193.194.132.27 - - [13/Sep/2018:15:17:13 +0200] "GET /reload?ser=1536844634011 HTTP/1.1" 200 28 "http://renault.2web.at/result?searchterm=true&search=Verk%E4uferbrosch%FCre" "Mozilla/5.0 (Windows NT 6.1; WOW64; Trident/7.0; rv:11.0) like Gecko"
213.90.80.156 - - [13/Sep/2018:15:17:21 +0200] "GET /reload?ser=1536844641074 HTTP/1.1" 200 28 "http://renault.activities.at/result?searchterm=true&search=austria" "Mozilla/5.0 (Windows NT 10.0; WOW64; Trident/7.0; rv:11.0) like Gecko"
213.153.47.173 - - [13/Sep/2018:15:17:37 +0200] "GET /reload?ser=1536844644851 HTTP/1.1" 200 28 "http://renault.activities.at/login?required=true" "Mozilla/5.0 (Windows NT 10.0; Win64; x64; rv:62.0) Gecko/20100101 Firefox/62.0"
80.121.175.66 - - [13/Sep/2018:15:17:59 +0200] "GET /reload?ser=1536844482794 HTTP/1.1" 200 28 "http://renault.activities.at/aboutus" "Mozilla/5.0 (compatible; MSIE 9.0; Windows NT 6.1; Win64; x64; Trident/5.0)"
138.21.12.25 - - [13/Sep/2018:15:18:01 +0200] "GET /reload?ser=1536844681680 HTTP/1.1" 200 28 "http://renault.2web.at/cart?datachange=true" "Mozilla/5.0 (Windows NT 6.1; WOW64; Trident/7.0; rv:11.0) like Gecko"
193.194.132.27 - - [13/Sep/2018:15:18:15 +0200] "GET /reload?ser=1536844695320 HTTP/1.1" 200 28 "http://renault.2web.at/result?searchterm=true&search=Verk%E4uferbrosch%FCre" "Mozilla/5.0 (Windows NT 6.1; WOW64; Trident/7.0; rv:11.0) like Gecko"
213.90.80.156 - - [13/Sep/2018:15:18:22 +0200] "GET /reload?ser=1536844702069 HTTP/1.1" 200 28 "http://renault.activities.at/result?searchterm=true&search=austria" "Mozilla/5.0 (Windows NT 10.0; WOW64; Trident/7.0; rv:11.0) like Gecko"
213.153.47.173 - - [13/Sep/2018:15:18:38 +0200] "GET /reload?ser=1536844705499 HTTP/1.1" 200 28 "http://renault.activities.at/login?required=true" "Mozilla/5.0 (Windows NT 10.0; Win64; x64; rv:62.0) Gecko/20100101 Firefox/62.0"
80.121.175.66 - - [13/Sep/2018:15:19:00 +0200] "GET /reload?ser=1536844543759 HTTP/1.1" 200 28 "http://renault.activities.at/aboutus" "Mozilla/5.0 (compatible; MSIE 9.0; Windows NT 6.1; Win64; x64; Trident/5.0)"
138.21.12.25 - - [13/Sep/2018:15:19:02 +0200] "GET /reload?ser=1536844742777 HTTP/1.1" 200 28 "http://renault.2web.at/cart?datachange=true" "Mozilla/5.0 (Windows NT 6.1; WOW64; Trident/7.0; rv:11.0) like Gecko"
193.194.132.27 - - [13/Sep/2018:15:19:16 +0200] "GET /reload?ser=1536844756529 HTTP/1.1" 200 28 "http://renault.2web.at/result?searchterm=true&search=Verk%E4uferbrosch%FCre" "Mozilla/5.0 (Windows NT 6.1; WOW64; Trident/7.0; rv:11.0) like Gecko"
213.90.80.156 - - [13/Sep/2018:15:19:23 +0200] "GET /reload?ser=1536844763021 HTTP/1.1" 200 28 "http://renault.activities.at/result?searchterm=true&search=austria" "Mozilla/5.0 (Windows NT 10.0; WOW64; Trident/7.0; rv:11.0) like Gecko"
213.153.47.173 - - [13/Sep/2018:15:19:39 +0200] "GET /reload?ser=1536844766161 HTTP/1.1" 200 28 "http://renault.activities.at/login?required=true" "Mozilla/5.0 (Windows NT 10.0; Win64; x64; rv:62.0) Gecko/20100101 Firefox/62.0"
80.121.175.66 - - [13/Sep/2018:15:19:56 +0200] "GET /11874245 HTTP/1.1" 200 5828 "http://renault.activities.at/account" "Mozilla/5.0 (compatible; MSIE 9.0; Windows NT 6.1; Win64; x64; Trident/5.0)"
138.21.12.25 - - [13/Sep/2018:15:20:03 +0200] "GET /reload?ser=1536844803872 HTTP/1.1" 200 28 "http://renault.2web.at/cart?datachange=true" "Mozilla/5.0 (Windows NT 6.1; WOW64; Trident/7.0; rv:11.0) like Gecko"
193.194.132.27 - - [13/Sep/2018:15:20:17 +0200] "GET /reload?ser=1536844817733 HTTP/1.1" 200 28 "http://renault.2web.at/result?searchterm=true&search=Verk%E4uferbrosch%FCre" "Mozilla/5.0 (Windows NT 6.1; WOW64; Trident/7.0; rv:11.0) like Gecko"
213.90.80.156 - - [13/Sep/2018:15:20:24 +0200] "GET /reload?ser=1536844823996 HTTP/1.1" 200 28 "http://renault.activities.at/result?searchterm=true&search=austria" "Mozilla/5.0 (Windows NT 10.0; WOW64; Trident/7.0; rv:11.0) like Gecko"
213.153.47.173 - - [13/Sep/2018:15:20:39 +0200] "GET /reload?ser=1536844826850 HTTP/1.1" 200 28 "http://renault.activities.at/login?required=true" "Mozilla/5.0 (Windows NT 10.0; Win64; x64; rv:62.0) Gecko/20100101 Firefox/62.0"
80.121.175.66 - - [13/Sep/2018:15:20:58 +0200] "GET /reload?ser=1536844661802 HTTP/1.1" 200 28 "http://renault.activities.at/11874245" "Mozilla/5.0 (compatible; MSIE 9.0; Windows NT 6.1; Win64; x64; Trident/5.0)"
138.21.12.25 - - [13/Sep/2018:15:21:04 +0200] "GET /reload?ser=1536844864944 HTTP/1.1" 200 28 "http://renault.2web.at/cart?datachange=true" "Mozilla/5.0 (Windows NT 6.1; WOW64; Trident/7.0; rv:11.0) like Gecko"
193.194.132.27 - - [13/Sep/2018:15:21:18 +0200] "GET /reload?ser=1536844879044 HTTP/1.1" 200 28 "http://renault.2web.at/result?searchterm=true&search=Verk%E4uferbrosch%FCre" "Mozilla/5.0 (Windows NT 6.1; WOW64; Trident/7.0; rv:11.0) like Gecko"
213.90.80.156 - - [13/Sep/2018:15:21:25 +0200] "GET /reload?ser=1536844884977 HTTP/1.1" 200 28 "http://renault.activities.at/result?searchterm=true&search=austria" "Mozilla/5.0 (Windows NT 10.0; WOW64; Trident/7.0; rv:11.0) like Gecko"
213.153.47.173 - - [13/Sep/2018:15:21:40 +0200] "GET /reload?ser=1536844887511 HTTP/1.1" 200 28 "http://renault.activities.at/login?required=true" "Mozilla/5.0 (Windows NT 10.0; Win64; x64; rv:62.0) Gecko/20100101 Firefox/62.0"
80.121.175.66 - - [13/Sep/2018:15:21:59 +0200] "GET /reload?ser=1536844722779 HTTP/1.1" 200 28 "http://renault.activities.at/11874245" "Mozilla/5.0 (compatible; MSIE 9.0; Windows NT 6.1; Win64; x64; Trident/5.0)"
138.21.12.25 - - [13/Sep/2018:15:22:05 +0200] "GET /reload?ser=1536844926008 HTTP/1.1" 200 28 "http://renault.2web.at/cart?datachange=true" "Mozilla/5.0 (Windows NT 6.1; WOW64; Trident/7.0; rv:11.0) like Gecko"
80.121.175.66 - - [13/Sep/2018:15:22:10 +0200] "GET /orders HTTP/1.1" 200 5620 "http://renault.activities.at/11874245" "Mozilla/5.0 (compatible; MSIE 9.0; Windows NT 6.1; Win64; x64; Trident/5.0)"
80.121.175.66 - - [13/Sep/2018:15:22:13 +0200] "GET /loadthumbnail.php?id=10203276 HTTP/1.1" 200 75 "http://renault.activities.at/orders" "Mozilla/5.0 (compatible; MSIE 9.0; Windows NT 6.1; Win64; x64; Trident/5.0)"
80.121.175.66 - - [13/Sep/2018:15:22:18 +0200] "GET /11799472 HTTP/1.1" 200 5780 "http://renault.activities.at/orders" "Mozilla/5.0 (compatible; MSIE 9.0; Windows NT 6.1; Win64; x64; Trident/5.0)"
193.194.132.27 - - [13/Sep/2018:15:22:20 +0200] "GET /reload?ser=1536844940248 HTTP/1.1" 200 28 "http://renault.2web.at/result?searchterm=true&search=Verk%E4uferbrosch%FCre" "Mozilla/5.0 (Windows NT 6.1; WOW64; Trident/7.0; rv:11.0) like Gecko"
213.90.80.156 - - [13/Sep/2018:15:22:25 +0200] "GET /reload?ser=1536844945934 HTTP/1.1" 200 28 "http://renault.activities.at/result?searchterm=true&search=austria" "Mozilla/5.0 (Windows NT 10.0; WOW64; Trident/7.0; rv:11.0) like Gecko"
213.153.47.173 - - [13/Sep/2018:15:22:41 +0200] "GET /reload?ser=1536844948180 HTTP/1.1" 200 28 "http://renault.activities.at/login?required=true" "Mozilla/5.0 (Windows NT 10.0; Win64; x64; rv:62.0) Gecko/20100101 Firefox/62.0"
80.121.175.66 - - [13/Sep/2018:15:22:43 +0200] "GET /orders HTTP/1.1" 200 5620 "http://renault.activities.at/11799472" "Mozilla/5.0 (compatible; MSIE 9.0; Windows NT 6.1; Win64; x64; Trident/5.0)"
80.121.175.66 - - [13/Sep/2018:15:22:47 +0200] "GET /11762877 HTTP/1.1" 200 5955 "http://renault.activities.at/orders" "Mozilla/5.0 (compatible; MSIE 9.0; Windows NT 6.1; Win64; x64; Trident/5.0)"
80.121.175.66 - - [13/Sep/2018:15:22:50 +0200] "GET /images/icons/lupe.gif HTTP/1.1" 200 324 "http://renault.activities.at/11762877" "Mozilla/5.0 (compatible; MSIE 9.0; Windows NT 6.1; Win64; x64; Trident/5.0)"
80.121.175.66 - - [13/Sep/2018:15:22:53 +0200] "GET /orders HTTP/1.1" 200 5620 "http://renault.activities.at/11762877" "Mozilla/5.0 (compatible; MSIE 9.0; Windows NT 6.1; Win64; x64; Trident/5.0)"
80.121.175.66 - - [13/Sep/2018:15:22:57 +0200] "GET /11660242 HTTP/1.1" 200 5951 "http://renault.activities.at/orders" "Mozilla/5.0 (compatible; MSIE 9.0; Windows NT 6.1; Win64; x64; Trident/5.0)"
80.121.175.66 - - [13/Sep/2018:15:23:02 +0200] "GET /orders HTTP/1.1" 200 5620 "http://renault.activities.at/11660242" "Mozilla/5.0 (compatible; MSIE 9.0; Windows NT 6.1; Win64; x64; Trident/5.0)"
138.21.12.25 - - [13/Sep/2018:15:23:07 +0200] "GET /reload?ser=1536844987099 HTTP/1.1" 200 28 "http://renault.2web.at/cart?datachange=true" "Mozilla/5.0 (Windows NT 6.1; WOW64; Trident/7.0; rv:11.0) like Gecko"
80.121.175.66 - - [13/Sep/2018:15:23:07 +0200] "GET /11660085 HTTP/1.1" 200 5998 "http://renault.activities.at/orders" "Mozilla/5.0 (compatible; MSIE 9.0; Windows NT 6.1; Win64; x64; Trident/5.0)"
193.194.132.27 - - [13/Sep/2018:15:23:21 +0200] "GET /reload?ser=1536845001556 HTTP/1.1" 200 28 "http://renault.2web.at/result?searchterm=true&search=Verk%E4uferbrosch%FCre" "Mozilla/5.0 (Windows NT 6.1; WOW64; Trident/7.0; rv:11.0) like Gecko"
213.90.80.156 - - [13/Sep/2018:15:23:26 +0200] "GET /reload?ser=1536845006944 HTTP/1.1" 200 28 "http://renault.activities.at/result?searchterm=true&search=austria" "Mozilla/5.0 (Windows NT 10.0; WOW64; Trident/7.0; rv:11.0) like Gecko"
80.121.175.66 - - [13/Sep/2018:15:23:25 +0200] "GET /10201636 HTTP/1.1" 200 8572 "http://renault.activities.at/11660085" "Mozilla/5.0 (compatible; MSIE 9.0; Windows NT 6.1; Win64; x64; Trident/5.0)"
80.121.175.66 - - [13/Sep/2018:15:23:26 +0200] "GET /10201634 HTTP/1.1" 200 8773 "http://renault.activities.at/11660085" "Mozilla/5.0 (compatible; MSIE 9.0; Windows NT 6.1; Win64; x64; Trident/5.0)"
80.121.175.66 - - [13/Sep/2018:15:23:31 +0200] "GET /loadthumbnail.php?id=10203255 HTTP/1.1" 200 137 "http://renault.activities.at/10201634" "Mozilla/5.0 (compatible; MSIE 9.0; Windows NT 6.1; Win64; x64; Trident/5.0)"
80.121.175.66 - - [13/Sep/2018:15:23:31 +0200] "GET /loadthumbnail.php?id=11679091&width=113 HTTP/1.1" 200 33845 "http://renault.activities.at/10201634" "Mozilla/5.0 (compatible; MSIE 9.0; Windows NT 6.1; Win64; x64; Trident/5.0)"
80.121.175.66 - - [13/Sep/2018:15:23:31 +0200] "GET /loadthumbnail.php?id=11679096&width=113 HTTP/1.1" 200 34481 "http://renault.activities.at/10201634" "Mozilla/5.0 (compatible; MSIE 9.0; Windows NT 6.1; Win64; x64; Trident/5.0)"
80.121.175.66 - - [13/Sep/2018:15:23:31 +0200] "GET /loadthumbnail.php?id=11846766&width=113 HTTP/1.1" 200 6105 "http://renault.activities.at/10201634" "Mozilla/5.0 (compatible; MSIE 9.0; Windows NT 6.1; Win64; x64; Trident/5.0)"
80.121.175.66 - - [13/Sep/2018:15:23:31 +0200] "GET /loadthumbnail.php?id=11679101&width=113 HTTP/1.1" 200 36881 "http://renault.activities.at/10201634" "Mozilla/5.0 (compatible; MSIE 9.0; Windows NT 6.1; Win64; x64; Trident/5.0)"
80.121.175.66 - - [13/Sep/2018:15:23:31 +0200] "GET /loadthumbnail.php?id=11833284&width=113 HTTP/1.1" 200 6881 "http://renault.activities.at/10201634" "Mozilla/5.0 (compatible; MSIE 9.0; Windows NT 6.1; Win64; x64; Trident/5.0)"
80.121.175.66 - - [13/Sep/2018:15:23:32 +0200] "GET /loadthumbnail.php?id=11833288&width=113 HTTP/1.1" 200 6671 "http://renault.activities.at/10201634" "Mozilla/5.0 (compatible; MSIE 9.0; Windows NT 6.1; Win64; x64; Trident/5.0)"
80.121.175.66 - - [13/Sep/2018:15:23:32 +0200] "GET /loadthumbnail.php?id=11833280&width=113 HTTP/1.1" 200 6258 "http://renault.activities.at/10201634" "Mozilla/5.0 (compatible; MSIE 9.0; Windows NT 6.1; Win64; x64; Trident/5.0)"
80.121.175.66 - - [13/Sep/2018:15:23:32 +0200] "GET /loadthumbnail.php?id=11742691&width=113 HTTP/1.1" 200 5717 "http://renault.activities.at/10201634" "Mozilla/5.0 (compatible; MSIE 9.0; Windows NT 6.1; Win64; x64; Trident/5.0)"
80.121.175.66 - - [13/Sep/2018:15:23:32 +0200] "GET /loadthumbnail.php?id=11679111&width=113 HTTP/1.1" 200 34281 "http://renault.activities.at/10201634" "Mozilla/5.0 (compatible; MSIE 9.0; Windows NT 6.1; Win64; x64; Trident/5.0)"
80.121.175.66 - - [13/Sep/2018:15:23:32 +0200] "GET /loadthumbnail.php?id=11679064&width=113 HTTP/1.1" 200 33783 "http://renault.activities.at/10201634" "Mozilla/5.0 (compatible; MSIE 9.0; Windows NT 6.1; Win64; x64; Trident/5.0)"
80.121.175.66 - - [13/Sep/2018:15:23:32 +0200] "GET /loadthumbnail.php?id=11679106&width=113 HTTP/1.1" 200 35719 "http://renault.activities.at/10201634" "Mozilla/5.0 (compatible; MSIE 9.0; Windows NT 6.1; Win64; x64; Trident/5.0)"
80.121.175.66 - - [13/Sep/2018:15:23:32 +0200] "GET /loadthumbnail.php?id=11679071&width=113 HTTP/1.1" 200 37134 "http://renault.activities.at/10201634" "Mozilla/5.0 (compatible; MSIE 9.0; Windows NT 6.1; Win64; x64; Trident/5.0)"
80.121.175.66 - - [13/Sep/2018:15:23:32 +0200] "GET /loadthumbnail.php?id=11679076&width=113 HTTP/1.1" 200 34461 "http://renault.activities.at/10201634" "Mozilla/5.0 (compatible; MSIE 9.0; Windows NT 6.1; Win64; x64; Trident/5.0)"
80.121.175.66 - - [13/Sep/2018:15:23:32 +0200] "GET /loadthumbnail.php?id=11679155&width=113 HTTP/1.1" 200 34091 "http://renault.activities.at/10201634" "Mozilla/5.0 (compatible; MSIE 9.0; Windows NT 6.1; Win64; x64; Trident/5.0)"
80.121.175.66 - - [13/Sep/2018:15:23:32 +0200] "GET /loadthumbnail.php?id=11679150&width=113 HTTP/1.1" 200 35622 "http://renault.activities.at/10201634" "Mozilla/5.0 (compatible; MSIE 9.0; Windows NT 6.1; Win64; x64; Trident/5.0)"
80.121.175.66 - - [13/Sep/2018:15:23:35 +0200] "POST /axjaxrequest?mode=suggest HTTP/1.1" 200 2144 "http://renault.activities.at/10201634" "Mozilla/5.0 (compatible; MSIE 9.0; Windows NT 6.1; Win64; x64; Trident/5.0)"
80.121.175.66 - - [13/Sep/2018:15:23:37 +0200] "GET /result?searchterm=true&search=reh143 HTTP/1.1" 200 6074 "http://renault.activities.at/10201634" "Mozilla/5.0 (compatible; MSIE 9.0; Windows NT 6.1; Win64; x64; Trident/5.0)"
80.121.175.66 - - [13/Sep/2018:15:23:39 +0200] "GET /loadthumbnail.php?id=10272696&width=113 HTTP/1.1" 200 6494 "http://renault.activities.at/result?searchterm=true&search=reh143" "Mozilla/5.0 (compatible; MSIE 9.0; Windows NT 6.1; Win64; x64; Trident/5.0)"
80.121.175.66 - - [13/Sep/2018:15:23:39 +0200] "GET /loadthumbnail.php?id=11423691&width=113 HTTP/1.1" 200 6071 "http://renault.activities.at/result?searchterm=true&search=reh143" "Mozilla/5.0 (compatible; MSIE 9.0; Windows NT 6.1; Win64; x64; Trident/5.0)"
80.121.175.66 - - [13/Sep/2018:15:23:37 +0200] "POST /axjaxrequest?mode=suggest HTTP/1.1" 200 127 "http://renault.activities.at/10201634" "Mozilla/5.0 (compatible; MSIE 9.0; Windows NT 6.1; Win64; x64; Trident/5.0)"
213.153.47.173 - - [13/Sep/2018:15:23:41 +0200] "GET /reload?ser=1536845008841 HTTP/1.1" 200 28 "http://renault.activities.at/login?required=true" "Mozilla/5.0 (Windows NT 10.0; Win64; x64; rv:62.0) Gecko/20100101 Firefox/62.0"
80.121.175.66 - - [13/Sep/2018:15:23:40 +0200] "GET /result?searchterm=true&search=reh143 HTTP/1.1" 200 6074 "http://renault.activities.at/result?searchterm=true&search=reh143" "Mozilla/5.0 (compatible; MSIE 9.0; Windows NT 6.1; Win64; x64; Trident/5.0)"
80.121.175.66 - - [13/Sep/2018:15:23:42 +0200] "GET /loadthumbnail.php?id=11423691&width=113 HTTP/1.1" 200 6071 "http://renault.activities.at/result?searchterm=true&search=reh143" "Mozilla/5.0 (compatible; MSIE 9.0; Windows NT 6.1; Win64; x64; Trident/5.0)"
80.121.175.66 - - [13/Sep/2018:15:23:42 +0200] "GET /loadthumbnail.php?id=10272696&width=113 HTTP/1.1" 200 6494 "http://renault.activities.at/result?searchterm=true&search=reh143" "Mozilla/5.0 (compatible; MSIE 9.0; Windows NT 6.1; Win64; x64; Trident/5.0)"
80.121.175.66 - - [13/Sep/2018:15:23:47 +0200] "POST /result?searchterm=true&search=reh143 HTTP/1.1" 200 6276 "http://renault.activities.at/result?searchterm=true&search=reh143" "Mozilla/5.0 (compatible; MSIE 9.0; Windows NT 6.1; Win64; x64; Trident/5.0)"
80.121.175.66 - - [13/Sep/2018:15:23:53 +0200] "GET /checkout HTTP/1.1" 200 20061 "http://renault.activities.at/result?searchterm=true&search=reh143" "Mozilla/5.0 (compatible; MSIE 9.0; Windows NT 6.1; Win64; x64; Trident/5.0)"
80.121.175.66 - - [13/Sep/2018:15:23:58 +0200] "GET /loadthumbnail.php?id=10201939 HTTP/1.1" 200 201 "http://renault.activities.at/checkout" "Mozilla/5.0 (compatible; MSIE 9.0; Windows NT 6.1; Win64; x64; Trident/5.0)"
80.121.175.66 - - [13/Sep/2018:15:23:58 +0200] "GET /loadthumbnail.php?id=10202698 HTTP/1.1" 200 16686 "http://renault.activities.at/checkout" "Mozilla/5.0 (compatible; MSIE 9.0; Windows NT 6.1; Win64; x64; Trident/5.0)"
80.121.175.66 - - [13/Sep/2018:15:24:00 +0200] "POST /docheckout HTTP/1.1" 200 464 "http://renault.activities.at/checkout" "Mozilla/5.0 (compatible; MSIE 9.0; Windows NT 6.1; Win64; x64; Trident/5.0)"
80.121.175.66 - - [13/Sep/2018:15:24:04 +0200] "POST /docheckout HTTP/1.1" 200 599 "http://renault.activities.at/checkout" "Mozilla/5.0 (compatible; MSIE 9.0; Windows NT 6.1; Win64; x64; Trident/5.0)"
77.119.131.103 - - [13/Sep/2018:15:24:08 +0200] "GET /account HTTP/1.1" 302 150 "-" "Mozilla/5.0 (iPhone; CPU iPhone OS 11_4_1 like Mac OS X) AppleWebKit/605.1.15 (KHTML, like Gecko) Version/11.0 Mobile/15E148 Safari/604.1"
138.21.12.25 - - [13/Sep/2018:15:24:08 +0200] "GET /reload?ser=1536845048179 HTTP/1.1" 200 28 "http://renault.2web.at/cart?datachange=true" "Mozilla/5.0 (Windows NT 6.1; WOW64; Trident/7.0; rv:11.0) like Gecko"
77.119.131.103 - - [13/Sep/2018:15:24:09 +0200] "GET /login?required=true HTTP/1.1" 200 2086 "-" "Mozilla/5.0 (iPhone; CPU iPhone OS 11_4_1 like Mac OS X) AppleWebKit/605.1.15 (KHTML, like Gecko) Version/11.0 Mobile/15E148 Safari/604.1"
77.119.131.103 - - [13/Sep/2018:15:24:09 +0200] "GET /apple-touch-icon-120x120-precomposed.png HTTP/1.1" 200 1559 "-" "MobileSafari/604.1 CFNetwork/902.2 Darwin/17.7.0"
80.121.175.66 - - [13/Sep/2018:15:24:09 +0200] "POST /docheckout HTTP/1.1" 200 68 "http://renault.activities.at/checkout" "Mozilla/5.0 (compatible; MSIE 9.0; Windows NT 6.1; Win64; x64; Trident/5.0)"
77.119.131.103 - - [13/Sep/2018:15:24:11 +0200] "GET /apple-touch-icon-120x120.png HTTP/1.1" 200 1559 "-" "MobileSafari/604.1 CFNetwork/902.2 Darwin/17.7.0"
77.119.131.103 - - [13/Sep/2018:15:24:12 +0200] "GET /apple-touch-icon-precomposed.png HTTP/1.1" 200 1559 "-" "MobileSafari/604.1 CFNetwork/902.2 Darwin/17.7.0"
80.121.175.66 - - [13/Sep/2018:15:24:11 +0200] "GET /success HTTP/1.1" 200 3786 "http://renault.activities.at/checkout" "Mozilla/5.0 (compatible; MSIE 9.0; Windows NT 6.1; Win64; x64; Trident/5.0)"
77.119.131.103 - - [13/Sep/2018:15:24:13 +0200] "GET /apple-touch-icon.png HTTP/1.1" 200 1559 "-" "MobileSafari/604.1 CFNetwork/902.2 Darwin/17.7.0"
77.119.131.103 - - [13/Sep/2018:15:24:14 +0200] "GET /images/favicon.ico HTTP/1.1" 404 305 "-" "MobileSafari/604.1 CFNetwork/902.2 Darwin/17.7.0"
77.119.131.103 - - [13/Sep/2018:15:24:14 +0200] "GET /images/favicon.ico HTTP/1.1" 404 305 "-" "MobileSafari/604.1 CFNetwork/902.2 Darwin/17.7.0"
77.119.131.103 - - [13/Sep/2018:15:24:14 +0200] "GET /favicon.ico HTTP/1.1" 200 3250 "-" "MobileSafari/604.1 CFNetwork/902.2 Darwin/17.7.0"
77.119.131.103 - - [13/Sep/2018:15:24:14 +0200] "GET /apple-touch-icon-120x120-precomposed.png HTTP/1.1" 200 1559 "-" "MobileSafari/604.1 CFNetwork/902.2 Darwin/17.7.0"
77.119.131.103 - - [13/Sep/2018:15:24:16 +0200] "GET /apple-touch-icon-120x120.png HTTP/1.1" 200 1559 "-" "MobileSafari/604.1 CFNetwork/902.2 Darwin/17.7.0"
80.121.175.66 - - [13/Sep/2018:15:24:15 +0200] "GET /aboutus HTTP/1.1" 200 4652 "http://renault.activities.at/success" "Mozilla/5.0 (compatible; MSIE 9.0; Windows NT 6.1; Win64; x64; Trident/5.0)"
80.121.175.66 - - [13/Sep/2018:15:24:17 +0200] "GET /loadthumbnail.php?id=11423691&width=50&height=50 HTTP/1.1" 200 995 "http://renault.activities.at/aboutus" "Mozilla/5.0 (compatible; MSIE 9.0; Windows NT 6.1; Win64; x64; Trident/5.0)"
77.119.131.103 - - [13/Sep/2018:15:24:17 +0200] "GET /apple-touch-icon-precomposed.png HTTP/1.1" 200 1559 "-" "MobileSafari/604.1 CFNetwork/902.2 Darwin/17.7.0"
77.119.131.103 - - [13/Sep/2018:15:24:18 +0200] "GET /apple-touch-icon.png HTTP/1.1" 200 1559 "-" "MobileSafari/604.1 CFNetwork/902.2 Darwin/17.7.0"
77.119.131.103 - - [13/Sep/2018:15:24:19 +0200] "GET /images/favicon.ico HTTP/1.1" 404 305 "-" "MobileSafari/604.1 CFNetwork/902.2 Darwin/17.7.0"
77.119.131.103 - - [13/Sep/2018:15:24:19 +0200] "GET /images/favicon.ico HTTP/1.1" 404 305 "-" "MobileSafari/604.1 CFNetwork/902.2 Darwin/17.7.0"
77.119.131.103 - - [13/Sep/2018:15:24:19 +0200] "GET /favicon.ico HTTP/1.1" 200 3250 "-" "MobileSafari/604.1 CFNetwork/902.2 Darwin/17.7.0"
193.194.132.27 - - [13/Sep/2018:15:24:22 +0200] "GET /reload?ser=1536845062673 HTTP/1.1" 200 28 "http://renault.2web.at/result?searchterm=true&search=Verk%E4uferbrosch%FCre" "Mozilla/5.0 (Windows NT 6.1; WOW64; Trident/7.0; rv:11.0) like Gecko"
213.90.80.156 - - [13/Sep/2018:15:24:27 +0200] "GET /reload?ser=1536845067920 HTTP/1.1" 200 28 "http://renault.activities.at/result?searchterm=true&search=austria" "Mozilla/5.0 (Windows NT 10.0; WOW64; Trident/7.0; rv:11.0) like Gecko"
213.153.47.173 - - [13/Sep/2018:15:24:42 +0200] "GET /reload?ser=1536845069490 HTTP/1.1" 200 28 "http://renault.activities.at/login?required=true" "Mozilla/5.0 (Windows NT 10.0; Win64; x64; rv:62.0) Gecko/20100101 Firefox/62.0"
138.21.12.25 - - [13/Sep/2018:15:25:09 +0200] "GET /reload?ser=1536845109304 HTTP/1.1" 200 28 "http://renault.2web.at/cart?datachange=true" "Mozilla/5.0 (Windows NT 6.1; WOW64; Trident/7.0; rv:11.0) like Gecko"
80.121.175.66 - - [13/Sep/2018:15:25:17 +0200] "GET /reload?ser=1536844920518 HTTP/1.1" 200 28 "http://renault.activities.at/aboutus" "Mozilla/5.0 (compatible; MSIE 9.0; Windows NT 6.1; Win64; x64; Trident/5.0)"
193.194.132.27 - - [13/Sep/2018:15:25:23 +0200] "GET /reload?ser=1536845123786 HTTP/1.1" 200 28 "http://renault.2web.at/result?searchterm=true&search=Verk%E4uferbrosch%FCre" "Mozilla/5.0 (Windows NT 6.1; WOW64; Trident/7.0; rv:11.0) like Gecko"
213.90.80.156 - - [13/Sep/2018:15:25:29 +0200] "GET /reload?ser=1536845128953 HTTP/1.1" 200 28 "http://renault.activities.at/result?searchterm=true&search=austria" "Mozilla/5.0 (Windows NT 10.0; WOW64; Trident/7.0; rv:11.0) like Gecko"
213.153.47.173 - - [13/Sep/2018:15:25:43 +0200] "GET /reload?ser=1536845130160 HTTP/1.1" 200 28 "http://renault.activities.at/login?required=true" "Mozilla/5.0 (Windows NT 10.0; Win64; x64; rv:62.0) Gecko/20100101 Firefox/62.0"
80.121.175.66 - - [13/Sep/2018:15:25:55 +0200] "GET /logout HTTP/1.1" 302 140 "http://renault.activities.at/aboutus" "Mozilla/5.0 (compatible; MSIE 9.0; Windows NT 6.1; Win64; x64; Trident/5.0)"
80.121.175.66 - - [13/Sep/2018:15:25:56 +0200] "GET /logout HTTP/1.1" 200 1583 "http://renault.activities.at/aboutus" "Mozilla/5.0 (compatible; MSIE 9.0; Windows NT 6.1; Win64; x64; Trident/5.0)"
138.21.12.25 - - [13/Sep/2018:15:26:22 +0200] "GET /reload?ser=1536845170555 HTTP/1.1" 200 28 "http://renault.2web.at/cart?datachange=true" "Mozilla/5.0 (Windows NT 6.1; WOW64; Trident/7.0; rv:11.0) like Gecko"
193.194.132.27 - - [13/Sep/2018:15:26:24 +0200] "GET /reload?ser=1536845184993 HTTP/1.1" 200 28 "http://renault.2web.at/result?searchterm=true&search=Verk%E4uferbrosch%FCre" "Mozilla/5.0 (Windows NT 6.1; WOW64; Trident/7.0; rv:11.0) like Gecko"
213.90.80.156 - - [13/Sep/2018:15:26:30 +0200] "GET /reload?ser=1536845189956 HTTP/1.1" 200 28 "http://renault.activities.at/result?searchterm=true&search=austria" "Mozilla/5.0 (Windows NT 10.0; WOW64; Trident/7.0; rv:11.0) like Gecko"
213.153.47.173 - - [13/Sep/2018:15:26:43 +0200] "GET /reload?ser=1536845190831 HTTP/1.1" 200 28 "http://renault.activities.at/login?required=true" "Mozilla/5.0 (Windows NT 10.0; Win64; x64; rv:62.0) Gecko/20100101 Firefox/62.0"
138.21.12.25 - - [13/Sep/2018:15:27:23 +0200] "GET /reload?ser=1536845243602 HTTP/1.1" 200 28 "http://renault.2web.at/cart?datachange=true" "Mozilla/5.0 (Windows NT 6.1; WOW64; Trident/7.0; rv:11.0) like Gecko"
193.194.132.27 - - [13/Sep/2018:15:27:26 +0200] "GET /reload?ser=1536845246196 HTTP/1.1" 200 28 "http://renault.2web.at/result?searchterm=true&search=Verk%E4uferbrosch%FCre" "Mozilla/5.0 (Windows NT 6.1; WOW64; Trident/7.0; rv:11.0) like Gecko"
213.90.80.156 - - [13/Sep/2018:15:27:30 +0200] "GET /reload?ser=1536845250908 HTTP/1.1" 200 28 "http://renault.activities.at/result?searchterm=true&search=austria" "Mozilla/5.0 (Windows NT 10.0; WOW64; Trident/7.0; rv:11.0) like Gecko"
213.153.47.173 - - [13/Sep/2018:15:27:44 +0200] "GET /reload?ser=1536845251500 HTTP/1.1" 200 28 "http://renault.activities.at/login?required=true" "Mozilla/5.0 (Windows NT 10.0; Win64; x64; rv:62.0) Gecko/20100101 Firefox/62.0"
138.21.12.25 - - [13/Sep/2018:15:28:24 +0200] "GET /reload?ser=1536845304695 HTTP/1.1" 200 28 "http://renault.2web.at/cart?datachange=true" "Mozilla/5.0 (Windows NT 6.1; WOW64; Trident/7.0; rv:11.0) like Gecko"
193.194.132.27 - - [13/Sep/2018:15:28:27 +0200] "GET /reload?ser=1536845307360 HTTP/1.1" 200 28 "http://renault.2web.at/result?searchterm=true&search=Verk%E4uferbrosch%FCre" "Mozilla/5.0 (Windows NT 6.1; WOW64; Trident/7.0; rv:11.0) like Gecko"
213.90.80.156 - - [13/Sep/2018:15:28:31 +0200] "GET /reload?ser=1536845311895 HTTP/1.1" 200 28 "http://renault.activities.at/result?searchterm=true&search=austria" "Mozilla/5.0 (Windows NT 10.0; WOW64; Trident/7.0; rv:11.0) like Gecko"
213.153.47.173 - - [13/Sep/2018:15:28:45 +0200] "GET /reload?ser=1536845312150 HTTP/1.1" 200 28 "http://renault.activities.at/login?required=true" "Mozilla/5.0 (Windows NT 10.0; Win64; x64; rv:62.0) Gecko/20100101 Firefox/62.0"
138.21.12.25 - - [13/Sep/2018:15:29:25 +0200] "GET /reload?ser=1536845365771 HTTP/1.1" 200 28 "http://renault.2web.at/cart?datachange=true" "Mozilla/5.0 (Windows NT 6.1; WOW64; Trident/7.0; rv:11.0) like Gecko"
193.194.132.27 - - [13/Sep/2018:15:29:28 +0200] "GET /reload?ser=1536845368654 HTTP/1.1" 200 28 "http://renault.2web.at/result?searchterm=true&search=Verk%E4uferbrosch%FCre" "Mozilla/5.0 (Windows NT 6.1; WOW64; Trident/7.0; rv:11.0) like Gecko"
213.90.80.156 - - [13/Sep/2018:15:29:33 +0200] "GET /reload?ser=1536845372866 HTTP/1.1" 200 28 "http://renault.activities.at/result?searchterm=true&search=austria" "Mozilla/5.0 (Windows NT 10.0; WOW64; Trident/7.0; rv:11.0) like Gecko"
213.153.47.173 - - [13/Sep/2018:15:29:45 +0200] "GET /reload?ser=1536845372810 HTTP/1.1" 200 28 "http://renault.activities.at/login?required=true" "Mozilla/5.0 (Windows NT 10.0; Win64; x64; rv:62.0) Gecko/20100101 Firefox/62.0"
138.21.12.25 - - [13/Sep/2018:15:30:26 +0200] "GET /reload?ser=1536845426801 HTTP/1.1" 200 28 "http://renault.2web.at/cart?datachange=true" "Mozilla/5.0 (Windows NT 6.1; WOW64; Trident/7.0; rv:11.0) like Gecko"
213.90.80.156 - - [13/Sep/2018:15:30:34 +0200] "GET /reload?ser=1536845434038 HTTP/1.1" 200 28 "http://renault.activities.at/result?searchterm=true&search=austria" "Mozilla/5.0 (Windows NT 10.0; WOW64; Trident/7.0; rv:11.0) like Gecko"
193.194.132.27 - - [13/Sep/2018:15:30:41 +0200] "GET /reload?ser=1536845429733 HTTP/1.1" 200 28 "http://renault.2web.at/result?searchterm=true&search=Verk%E4uferbrosch%FCre" "Mozilla/5.0 (Windows NT 6.1; WOW64; Trident/7.0; rv:11.0) like Gecko"
213.153.47.173 - - [13/Sep/2018:15:30:46 +0200] "GET /reload?ser=1536845433451 HTTP/1.1" 200 28 "http://renault.activities.at/login?required=true" "Mozilla/5.0 (Windows NT 10.0; Win64; x64; rv:62.0) Gecko/20100101 Firefox/62.0"
138.21.12.25 - - [13/Sep/2018:15:31:27 +0200] "GET /reload?ser=1536845487851 HTTP/1.1" 200 28 "http://renault.2web.at/cart?datachange=true" "Mozilla/5.0 (Windows NT 6.1; WOW64; Trident/7.0; rv:11.0) like Gecko"
213.90.80.156 - - [13/Sep/2018:15:31:35 +0200] "GET /reload?ser=1536845495012 HTTP/1.1" 200 28 "http://renault.activities.at/result?searchterm=true&search=austria" "Mozilla/5.0 (Windows NT 10.0; WOW64; Trident/7.0; rv:11.0) like Gecko"
193.194.132.27 - - [13/Sep/2018:15:31:43 +0200] "GET /reload?ser=1536845503032 HTTP/1.1" 200 28 "http://renault.2web.at/result?searchterm=true&search=Verk%E4uferbrosch%FCre" "Mozilla/5.0 (Windows NT 6.1; WOW64; Trident/7.0; rv:11.0) like Gecko"
213.153.47.173 - - [13/Sep/2018:15:31:47 +0200] "GET /reload?ser=1536845494100 HTTP/1.1" 200 28 "http://renault.activities.at/login?required=true" "Mozilla/5.0 (Windows NT 10.0; Win64; x64; rv:62.0) Gecko/20100101 Firefox/62.0"
138.21.12.25 - - [13/Sep/2018:15:32:28 +0200] "GET /reload?ser=1536845548973 HTTP/1.1" 200 28 "http://renault.2web.at/cart?datachange=true" "Mozilla/5.0 (Windows NT 6.1; WOW64; Trident/7.0; rv:11.0) like Gecko"
213.90.80.156 - - [13/Sep/2018:15:32:36 +0200] "GET /reload?ser=1536845555988 HTTP/1.1" 200 28 "http://renault.activities.at/result?searchterm=true&search=austria" "Mozilla/5.0 (Windows NT 10.0; WOW64; Trident/7.0; rv:11.0) like Gecko"
193.194.132.27 - - [13/Sep/2018:15:32:44 +0200] "GET /reload?ser=1536845564219 HTTP/1.1" 200 28 "http://renault.2web.at/result?searchterm=true&search=Verk%E4uferbrosch%FCre" "Mozilla/5.0 (Windows NT 6.1; WOW64; Trident/7.0; rv:11.0) like Gecko"
213.153.47.173 - - [13/Sep/2018:15:32:47 +0200] "GET /reload?ser=1536845554760 HTTP/1.1" 200 28 "http://renault.activities.at/login?required=true" "Mozilla/5.0 (Windows NT 10.0; Win64; x64; rv:62.0) Gecko/20100101 Firefox/62.0"
138.21.12.25 - - [13/Sep/2018:15:33:30 +0200] "GET /reload?ser=1536845610583 HTTP/1.1" 200 28 "http://renault.2web.at/cart?datachange=true" "Mozilla/5.0 (Windows NT 6.1; WOW64; Trident/7.0; rv:11.0) like Gecko"
213.90.80.156 - - [13/Sep/2018:15:33:37 +0200] "GET /reload?ser=1536845616948 HTTP/1.1" 200 28 "http://renault.activities.at/result?searchterm=true&search=austria" "Mozilla/5.0 (Windows NT 10.0; WOW64; Trident/7.0; rv:11.0) like Gecko"
193.194.132.27 - - [13/Sep/2018:15:33:45 +0200] "GET /reload?ser=1536845625295 HTTP/1.1" 200 28 "http://renault.2web.at/result?searchterm=true&search=Verk%E4uferbrosch%FCre" "Mozilla/5.0 (Windows NT 6.1; WOW64; Trident/7.0; rv:11.0) like Gecko"
213.153.47.173 - - [13/Sep/2018:15:33:48 +0200] "GET /reload?ser=1536845615420 HTTP/1.1" 200 28 "http://renault.activities.at/login?required=true" "Mozilla/5.0 (Windows NT 10.0; Win64; x64; rv:62.0) Gecko/20100101 Firefox/62.0"
138.21.12.25 - - [13/Sep/2018:15:34:31 +0200] "GET /reload?ser=1536845671643 HTTP/1.1" 200 28 "http://renault.2web.at/cart?datachange=true" "Mozilla/5.0 (Windows NT 6.1; WOW64; Trident/7.0; rv:11.0) like Gecko"
213.90.80.156 - - [13/Sep/2018:15:34:38 +0200] "GET /reload?ser=1536845677959 HTTP/1.1" 200 28 "http://renault.activities.at/result?searchterm=true&search=austria" "Mozilla/5.0 (Windows NT 10.0; WOW64; Trident/7.0; rv:11.0) like Gecko"
193.194.132.27 - - [13/Sep/2018:15:34:46 +0200] "GET /reload?ser=1536845686522 HTTP/1.1" 200 28 "http://renault.2web.at/result?searchterm=true&search=Verk%E4uferbrosch%FCre" "Mozilla/5.0 (Windows NT 6.1; WOW64; Trident/7.0; rv:11.0) like Gecko"
213.153.47.173 - - [13/Sep/2018:15:34:49 +0200] "GET /reload?ser=1536845676100 HTTP/1.1" 200 28 "http://renault.activities.at/login?required=true" "Mozilla/5.0 (Windows NT 10.0; Win64; x64; rv:62.0) Gecko/20100101 Firefox/62.0"
138.21.12.25 - - [13/Sep/2018:15:35:32 +0200] "GET /reload?ser=1536845732778 HTTP/1.1" 200 28 "http://renault.2web.at/cart?datachange=true" "Mozilla/5.0 (Windows NT 6.1; WOW64; Trident/7.0; rv:11.0) like Gecko"
213.90.80.156 - - [13/Sep/2018:15:35:39 +0200] "GET /reload?ser=1536845738968 HTTP/1.1" 200 28 "http://renault.activities.at/result?searchterm=true&search=austria" "Mozilla/5.0 (Windows NT 10.0; WOW64; Trident/7.0; rv:11.0) like Gecko"
193.194.132.27 - - [13/Sep/2018:15:35:47 +0200] "GET /reload?ser=1536845747720 HTTP/1.1" 200 28 "http://renault.2web.at/result?searchterm=true&search=Verk%E4uferbrosch%FCre" "Mozilla/5.0 (Windows NT 6.1; WOW64; Trident/7.0; rv:11.0) like Gecko"
213.153.47.173 - - [13/Sep/2018:15:35:49 +0200] "GET /reload?ser=1536845736760 HTTP/1.1" 200 28 "http://renault.activities.at/login?required=true" "Mozilla/5.0 (Windows NT 10.0; Win64; x64; rv:62.0) Gecko/20100101 Firefox/62.0"
138.21.12.25 - - [13/Sep/2018:15:36:33 +0200] "GET /reload?ser=1536845793909 HTTP/1.1" 200 28 "http://renault.2web.at/cart?datachange=true" "Mozilla/5.0 (Windows NT 6.1; WOW64; Trident/7.0; rv:11.0) like Gecko"
213.90.80.156 - - [13/Sep/2018:15:36:40 +0200] "GET /reload?ser=1536845800009 HTTP/1.1" 200 28 "http://renault.activities.at/result?searchterm=true&search=austria" "Mozilla/5.0 (Windows NT 10.0; WOW64; Trident/7.0; rv:11.0) like Gecko"
193.194.132.27 - - [13/Sep/2018:15:36:49 +0200] "GET /reload?ser=1536845808919 HTTP/1.1" 200 28 "http://renault.2web.at/result?searchterm=true&search=Verk%E4uferbrosch%FCre" "Mozilla/5.0 (Windows NT 6.1; WOW64; Trident/7.0; rv:11.0) like Gecko"
213.153.47.173 - - [13/Sep/2018:15:36:50 +0200] "GET /reload?ser=1536845797429 HTTP/1.1" 200 28 "http://renault.activities.at/login?required=true" "Mozilla/5.0 (Windows NT 10.0; Win64; x64; rv:62.0) Gecko/20100101 Firefox/62.0"
