212.152.246.132 - - [13/Sep/2018:16:21:28 +0200] "GET /loadthumbnail.php?id=11711045&width=100 HTTP/1.1" 200 2495 "http://renault.activities.at/cart" "Mozilla/5.0 (Windows NT 10.0; WOW64; Trident/7.0; rv:11.0) like Gecko"
212.152.246.132 - - [13/Sep/2018:16:21:28 +0200] "GET /loadthumbnail.php?id=11798475&width=100 HTTP/1.1" 200 2749 "http://renault.activities.at/cart" "Mozilla/5.0 (Windows NT 10.0; WOW64; Trident/7.0; rv:11.0) like Gecko"
193.194.132.27 - - [13/Sep/2018:16:21:54 +0200] "GET /reload?ser=1536848514872 HTTP/1.1" 200 28 "http://renault.2web.at/result?searchterm=true&search=Verk%E4uferbrosch%FCre" "Mozilla/5.0 (Windows NT 6.1; WOW64; Trident/7.0; rv:11.0) like Gecko"
213.153.47.173 - - [13/Sep/2018:16:22:20 +0200] "GET /reload?ser=1536848527237 HTTP/1.1" 200 28 "http://renault.activities.at/login?required=true" "Mozilla/5.0 (Windows NT 10.0; Win64; x64; rv:62.0) Gecko/20100101 Firefox/62.0"
212.152.246.132 - - [13/Sep/2018:16:22:28 +0200] "GET /reload?ser=1536848547082 HTTP/1.1" 200 28 "http://renault.activities.at/cart" "Mozilla/5.0 (Windows NT 10.0; WOW64; Trident/7.0; rv:11.0) like Gecko"
193.194.132.27 - - [13/Sep/2018:16:22:55 +0200] "GET /reload?ser=1536848575941 HTTP/1.1" 200 28 "http://renault.2web.at/result?searchterm=true&search=Verk%E4uferbrosch%FCre" "Mozilla/5.0 (Windows NT 6.1; WOW64; Trident/7.0; rv:11.0) like Gecko"
213.153.47.173 - - [13/Sep/2018:16:23:20 +0200] "GET /reload?ser=1536848587898 HTTP/1.1" 200 28 "http://renault.activities.at/login?required=true" "Mozilla/5.0 (Windows NT 10.0; Win64; x64; rv:62.0) Gecko/20100101 Firefox/62.0"
212.152.246.132 - - [13/Sep/2018:16:23:29 +0200] "GET /reload?ser=1536848608080 HTTP/1.1" 200 28 "http://renault.activities.at/cart" "Mozilla/5.0 (Windows NT 10.0; WOW64; Trident/7.0; rv:11.0) like Gecko"
193.194.132.27 - - [13/Sep/2018:16:23:57 +0200] "GET /reload?ser=1536848637078 HTTP/1.1" 200 28 "http://renault.2web.at/result?searchterm=true&search=Verk%E4uferbrosch%FCre" "Mozilla/5.0 (Windows NT 6.1; WOW64; Trident/7.0; rv:11.0) like Gecko"
213.153.47.173 - - [13/Sep/2018:16:24:21 +0200] "GET /reload?ser=1536848648559 HTTP/1.1" 200 28 "http://renault.activities.at/login?required=true" "Mozilla/5.0 (Windows NT 10.0; Win64; x64; rv:62.0) Gecko/20100101 Firefox/62.0"
212.152.246.132 - - [13/Sep/2018:16:24:30 +0200] "GET /reload?ser=1536848669078 HTTP/1.1" 200 28 "http://renault.activities.at/cart" "Mozilla/5.0 (Windows NT 10.0; WOW64; Trident/7.0; rv:11.0) like Gecko"
193.194.132.27 - - [13/Sep/2018:16:24:58 +0200] "GET /reload?ser=1536848698384 HTTP/1.1" 200 28 "http://renault.2web.at/result?searchterm=true&search=Verk%E4uferbrosch%FCre" "Mozilla/5.0 (Windows NT 6.1; WOW64; Trident/7.0; rv:11.0) like Gecko"
212.152.246.132 - - [13/Sep/2018:16:25:00 +0200] "POST /cart HTTP/1.1" 200 6398 "http://renault.activities.at/cart" "Mozilla/5.0 (Windows NT 10.0; WOW64; Trident/7.0; rv:11.0) like Gecko"
212.152.246.132 - - [13/Sep/2018:16:25:09 +0200] "GET /checkout HTTP/1.1" 200 20039 "http://renault.activities.at/cart" "Mozilla/5.0 (Windows NT 10.0; WOW64; Trident/7.0; rv:11.0) like Gecko"
212.152.246.132 - - [13/Sep/2018:16:25:14 +0200] "GET /checkout HTTP/1.1" 200 20039 "http://renault.activities.at/cart" "Mozilla/5.0 (Windows NT 10.0; WOW64; Trident/7.0; rv:11.0) like Gecko"
213.153.47.173 - - [13/Sep/2018:16:25:22 +0200] "GET /reload?ser=1536848709208 HTTP/1.1" 200 28 "http://renault.activities.at/login?required=true" "Mozilla/5.0 (Windows NT 10.0; Win64; x64; rv:62.0) Gecko/20100101 Firefox/62.0"
212.152.246.132 - - [13/Sep/2018:16:25:16 +0200] "GET /checkout HTTP/1.1" 200 20039 "http://renault.activities.at/cart" "Mozilla/5.0 (Windows NT 10.0; WOW64; Trident/7.0; rv:11.0) like Gecko"
212.152.246.132 - - [13/Sep/2018:16:25:16 +0200] "GET /checkout HTTP/1.1" 200 20039 "http://renault.activities.at/cart" "Mozilla/5.0 (Windows NT 10.0; WOW64; Trident/7.0; rv:11.0) like Gecko"
212.152.246.132 - - [13/Sep/2018:16:25:22 +0200] "GET /checkout HTTP/1.1" 200 20039 "http://renault.activities.at/cart" "Mozilla/5.0 (Windows NT 10.0; WOW64; Trident/7.0; rv:11.0) like Gecko"
212.152.246.132 - - [13/Sep/2018:16:25:25 +0200] "GET /checkout HTTP/1.1" 200 20039 "http://renault.activities.at/cart" "Mozilla/5.0 (Windows NT 10.0; WOW64; Trident/7.0; rv:11.0) like Gecko"
212.152.246.132 - - [13/Sep/2018:16:25:38 +0200] "GET /checkout HTTP/1.1" 200 20039 "http://renault.activities.at/cart" "Mozilla/5.0 (Windows NT 10.0; WOW64; Trident/7.0; rv:11.0) like Gecko"
212.152.246.132 - - [13/Sep/2018:16:25:29 +0200] "GET /checkout HTTP/1.1" 200 20039 "http://renault.activities.at/cart" "Mozilla/5.0 (Windows NT 10.0; WOW64; Trident/7.0; rv:11.0) like Gecko"
212.152.246.132 - - [13/Sep/2018:16:25:37 +0200] "GET /checkout HTTP/1.1" 200 20039 "http://renault.activities.at/cart" "Mozilla/5.0 (Windows NT 10.0; WOW64; Trident/7.0; rv:11.0) like Gecko"
212.152.246.132 - - [13/Sep/2018:16:25:48 +0200] "POST /docheckout HTTP/1.1" 200 464 "http://renault.activities.at/checkout" "Mozilla/5.0 (Windows NT 10.0; WOW64; Trident/7.0; rv:11.0) like Gecko"
212.152.246.132 - - [13/Sep/2018:16:25:57 +0200] "POST /docheckout HTTP/1.1" 200 944 "http://renault.activities.at/checkout" "Mozilla/5.0 (Windows NT 10.0; WOW64; Trident/7.0; rv:11.0) like Gecko"
193.194.132.27 - - [13/Sep/2018:16:25:59 +0200] "GET /reload?ser=1536848759695 HTTP/1.1" 200 28 "http://renault.2web.at/result?searchterm=true&search=Verk%E4uferbrosch%FCre" "Mozilla/5.0 (Windows NT 6.1; WOW64; Trident/7.0; rv:11.0) like Gecko"
212.152.246.132 - - [13/Sep/2018:16:26:03 +0200] "POST /docheckout HTTP/1.1" 200 68 "http://renault.activities.at/checkout" "Mozilla/5.0 (Windows NT 10.0; WOW64; Trident/7.0; rv:11.0) like Gecko"
212.152.246.132 - - [13/Sep/2018:16:26:06 +0200] "GET /success HTTP/1.1" 200 3786 "http://renault.activities.at/checkout" "Mozilla/5.0 (Windows NT 10.0; WOW64; Trident/7.0; rv:11.0) like Gecko"
213.153.47.173 - - [13/Sep/2018:16:26:22 +0200] "GET /reload?ser=1536848769878 HTTP/1.1" 200 28 "http://renault.activities.at/login?required=true" "Mozilla/5.0 (Windows NT 10.0; Win64; x64; rv:62.0) Gecko/20100101 Firefox/62.0"
193.194.132.27 - - [13/Sep/2018:16:27:01 +0200] "GET /reload?ser=1536848820928 HTTP/1.1" 200 28 "http://renault.2web.at/result?searchterm=true&search=Verk%E4uferbrosch%FCre" "Mozilla/5.0 (Windows NT 6.1; WOW64; Trident/7.0; rv:11.0) like Gecko"
212.152.246.132 - - [13/Sep/2018:16:27:09 +0200] "GET /reload?ser=1536848827888 HTTP/1.1" 200 28 "http://renault.activities.at/success" "Mozilla/5.0 (Windows NT 10.0; WOW64; Trident/7.0; rv:11.0) like Gecko"
213.153.47.173 - - [13/Sep/2018:16:27:23 +0200] "GET /reload?ser=1536848830544 HTTP/1.1" 200 28 "http://renault.activities.at/login?required=true" "Mozilla/5.0 (Windows NT 10.0; Win64; x64; rv:62.0) Gecko/20100101 Firefox/62.0"
193.194.132.27 - - [13/Sep/2018:16:28:02 +0200] "GET /reload?ser=1536848882314 HTTP/1.1" 200 28 "http://renault.2web.at/result?searchterm=true&search=Verk%E4uferbrosch%FCre" "Mozilla/5.0 (Windows NT 6.1; WOW64; Trident/7.0; rv:11.0) like Gecko"
212.152.246.132 - - [13/Sep/2018:16:28:10 +0200] "GET /reload?ser=1536848888839 HTTP/1.1" 200 28 "http://renault.activities.at/success" "Mozilla/5.0 (Windows NT 10.0; WOW64; Trident/7.0; rv:11.0) like Gecko"
213.153.47.173 - - [13/Sep/2018:16:28:24 +0200] "GET /reload?ser=1536848891194 HTTP/1.1" 200 28 "http://renault.activities.at/login?required=true" "Mozilla/5.0 (Windows NT 10.0; Win64; x64; rv:62.0) Gecko/20100101 Firefox/62.0"
193.194.132.27 - - [13/Sep/2018:16:29:03 +0200] "GET /reload?ser=1536848943439 HTTP/1.1" 200 28 "http://renault.2web.at/result?searchterm=true&search=Verk%E4uferbrosch%FCre" "Mozilla/5.0 (Windows NT 6.1; WOW64; Trident/7.0; rv:11.0) like Gecko"
212.152.246.132 - - [13/Sep/2018:16:29:11 +0200] "GET /reload?ser=1536848949822 HTTP/1.1" 200 28 "http://renault.activities.at/success" "Mozilla/5.0 (Windows NT 10.0; WOW64; Trident/7.0; rv:11.0) like Gecko"
213.153.47.173 - - [13/Sep/2018:16:29:24 +0200] "GET /reload?ser=1536848951845 HTTP/1.1" 200 28 "http://renault.activities.at/login?required=true" "Mozilla/5.0 (Windows NT 10.0; Win64; x64; rv:62.0) Gecko/20100101 Firefox/62.0"
193.194.132.27 - - [13/Sep/2018:16:30:04 +0200] "GET /reload?ser=1536849004645 HTTP/1.1" 200 28 "http://renault.2web.at/result?searchterm=true&search=Verk%E4uferbrosch%FCre" "Mozilla/5.0 (Windows NT 6.1; WOW64; Trident/7.0; rv:11.0) like Gecko"
212.152.246.132 - - [13/Sep/2018:16:30:12 +0200] "GET /reload?ser=1536849010804 HTTP/1.1" 200 28 "http://renault.activities.at/success" "Mozilla/5.0 (Windows NT 10.0; WOW64; Trident/7.0; rv:11.0) like Gecko"
213.153.47.173 - - [13/Sep/2018:16:30:25 +0200] "GET /reload?ser=1536849012495 HTTP/1.1" 200 28 "http://renault.activities.at/login?required=true" "Mozilla/5.0 (Windows NT 10.0; Win64; x64; rv:62.0) Gecko/20100101 Firefox/62.0"
193.194.132.27 - - [13/Sep/2018:16:31:05 +0200] "GET /reload?ser=1536849065849 HTTP/1.1" 200 28 "http://renault.2web.at/result?searchterm=true&search=Verk%E4uferbrosch%FCre" "Mozilla/5.0 (Windows NT 6.1; WOW64; Trident/7.0; rv:11.0) like Gecko"
212.152.246.132 - - [13/Sep/2018:16:31:13 +0200] "GET /reload?ser=1536849071833 HTTP/1.1" 200 28 "http://renault.activities.at/success" "Mozilla/5.0 (Windows NT 10.0; WOW64; Trident/7.0; rv:11.0) like Gecko"
213.153.47.173 - - [13/Sep/2018:16:31:26 +0200] "GET /reload?ser=1536849073164 HTTP/1.1" 200 28 "http://renault.activities.at/login?required=true" "Mozilla/5.0 (Windows NT 10.0; Win64; x64; rv:62.0) Gecko/20100101 Firefox/62.0"
193.194.132.27 - - [13/Sep/2018:16:32:07 +0200] "GET /reload?ser=1536849126953 HTTP/1.1" 200 28 "http://renault.2web.at/result?searchterm=true&search=Verk%E4uferbrosch%FCre" "Mozilla/5.0 (Windows NT 6.1; WOW64; Trident/7.0; rv:11.0) like Gecko"
212.152.246.132 - - [13/Sep/2018:16:32:14 +0200] "GET /reload?ser=1536849132863 HTTP/1.1" 200 28 "http://renault.activities.at/success" "Mozilla/5.0 (Windows NT 10.0; WOW64; Trident/7.0; rv:11.0) like Gecko"
213.153.47.173 - - [13/Sep/2018:16:32:26 +0200] "GET /reload?ser=1536849133814 HTTP/1.1" 200 28 "http://renault.activities.at/login?required=true" "Mozilla/5.0 (Windows NT 10.0; Win64; x64; rv:62.0) Gecko/20100101 Firefox/62.0"
193.194.132.27 - - [13/Sep/2018:16:33:08 +0200] "GET /reload?ser=1536849188182 HTTP/1.1" 200 28 "http://renault.2web.at/result?searchterm=true&search=Verk%E4uferbrosch%FCre" "Mozilla/5.0 (Windows NT 6.1; WOW64; Trident/7.0; rv:11.0) like Gecko"
212.152.246.132 - - [13/Sep/2018:16:33:15 +0200] "GET /reload?ser=1536849193875 HTTP/1.1" 200 28 "http://renault.activities.at/success" "Mozilla/5.0 (Windows NT 10.0; WOW64; Trident/7.0; rv:11.0) like Gecko"
213.153.47.173 - - [13/Sep/2018:16:33:27 +0200] "GET /reload?ser=1536849194488 HTTP/1.1" 200 28 "http://renault.activities.at/login?required=true" "Mozilla/5.0 (Windows NT 10.0; Win64; x64; rv:62.0) Gecko/20100101 Firefox/62.0"
193.194.132.27 - - [13/Sep/2018:16:34:09 +0200] "GET /reload?ser=1536849249277 HTTP/1.1" 200 28 "http://renault.2web.at/result?searchterm=true&search=Verk%E4uferbrosch%FCre" "Mozilla/5.0 (Windows NT 6.1; WOW64; Trident/7.0; rv:11.0) like Gecko"
212.152.246.132 - - [13/Sep/2018:16:34:16 +0200] "GET /reload?ser=1536849254894 HTTP/1.1" 200 28 "http://renault.activities.at/success" "Mozilla/5.0 (Windows NT 10.0; WOW64; Trident/7.0; rv:11.0) like Gecko"
213.153.47.173 - - [13/Sep/2018:16:34:28 +0200] "GET /reload?ser=1536849255152 HTTP/1.1" 200 28 "http://renault.activities.at/login?required=true" "Mozilla/5.0 (Windows NT 10.0; Win64; x64; rv:62.0) Gecko/20100101 Firefox/62.0"
193.194.132.27 - - [13/Sep/2018:16:35:10 +0200] "GET /reload?ser=1536849310382 HTTP/1.1" 200 28 "http://renault.2web.at/result?searchterm=true&search=Verk%E4uferbrosch%FCre" "Mozilla/5.0 (Windows NT 6.1; WOW64; Trident/7.0; rv:11.0) like Gecko"
212.152.246.132 - - [13/Sep/2018:16:35:17 +0200] "GET /reload?ser=1536849315908 HTTP/1.1" 200 28 "http://renault.activities.at/success" "Mozilla/5.0 (Windows NT 10.0; WOW64; Trident/7.0; rv:11.0) like Gecko"
213.153.47.173 - - [13/Sep/2018:16:35:28 +0200] "GET /reload?ser=1536849315808 HTTP/1.1" 200 28 "http://renault.activities.at/login?required=true" "Mozilla/5.0 (Windows NT 10.0; Win64; x64; rv:62.0) Gecko/20100101 Firefox/62.0"
193.194.132.27 - - [13/Sep/2018:16:36:11 +0200] "GET /reload?ser=1536849371481 HTTP/1.1" 200 28 "http://renault.2web.at/result?searchterm=true&search=Verk%E4uferbrosch%FCre" "Mozilla/5.0 (Windows NT 6.1; WOW64; Trident/7.0; rv:11.0) like Gecko"
212.152.246.132 - - [13/Sep/2018:16:36:18 +0200] "GET /reload?ser=1536849376910 HTTP/1.1" 200 28 "http://renault.activities.at/success" "Mozilla/5.0 (Windows NT 10.0; WOW64; Trident/7.0; rv:11.0) like Gecko"
213.153.47.173 - - [13/Sep/2018:16:36:29 +0200] "GET /reload?ser=1536849376457 HTTP/1.1" 200 28 "http://renault.activities.at/login?required=true" "Mozilla/5.0 (Windows NT 10.0; Win64; x64; rv:62.0) Gecko/20100101 Firefox/62.0"
193.194.132.27 - - [13/Sep/2018:16:37:12 +0200] "GET /reload?ser=1536849432747 HTTP/1.1" 200 28 "http://renault.2web.at/result?searchterm=true&search=Verk%E4uferbrosch%FCre" "Mozilla/5.0 (Windows NT 6.1; WOW64; Trident/7.0; rv:11.0) like Gecko"
212.152.246.132 - - [13/Sep/2018:16:37:19 +0200] "GET /reload?ser=1536849437892 HTTP/1.1" 200 28 "http://renault.activities.at/success" "Mozilla/5.0 (Windows NT 10.0; WOW64; Trident/7.0; rv:11.0) like Gecko"
213.153.47.173 - - [13/Sep/2018:16:37:30 +0200] "GET /reload?ser=1536849437121 HTTP/1.1" 200 28 "http://renault.activities.at/login?required=true" "Mozilla/5.0 (Windows NT 10.0; Win64; x64; rv:62.0) Gecko/20100101 Firefox/62.0"
193.194.132.27 - - [13/Sep/2018:16:38:13 +0200] "GET /reload?ser=1536849493815 HTTP/1.1" 200 28 "http://renault.2web.at/result?searchterm=true&search=Verk%E4uferbrosch%FCre" "Mozilla/5.0 (Windows NT 6.1; WOW64; Trident/7.0; rv:11.0) like Gecko"
212.152.246.132 - - [13/Sep/2018:16:38:20 +0200] "GET /reload?ser=1536849498875 HTTP/1.1" 200 28 "http://renault.activities.at/success" "Mozilla/5.0 (Windows NT 10.0; WOW64; Trident/7.0; rv:11.0) like Gecko"
213.153.47.173 - - [13/Sep/2018:16:38:30 +0200] "GET /reload?ser=1536849497768 HTTP/1.1" 200 28 "http://renault.activities.at/login?required=true" "Mozilla/5.0 (Windows NT 10.0; Win64; x64; rv:62.0) Gecko/20100101 Firefox/62.0"
193.194.132.27 - - [13/Sep/2018:16:39:14 +0200] "GET /reload?ser=1536849554909 HTTP/1.1" 200 28 "http://renault.2web.at/result?searchterm=true&search=Verk%E4uferbrosch%FCre" "Mozilla/5.0 (Windows NT 6.1; WOW64; Trident/7.0; rv:11.0) like Gecko"
212.152.246.132 - - [13/Sep/2018:16:39:21 +0200] "GET /reload?ser=1536849559905 HTTP/1.1" 200 28 "http://renault.activities.at/success" "Mozilla/5.0 (Windows NT 10.0; WOW64; Trident/7.0; rv:11.0) like Gecko"
213.153.47.173 - - [13/Sep/2018:16:39:31 +0200] "GET /reload?ser=1536849558428 HTTP/1.1" 200 28 "http://renault.activities.at/login?required=true" "Mozilla/5.0 (Windows NT 10.0; Win64; x64; rv:62.0) Gecko/20100101 Firefox/62.0"
193.194.132.27 - - [13/Sep/2018:16:40:16 +0200] "GET /reload?ser=1536849616094 HTTP/1.1" 200 28 "http://renault.2web.at/result?searchterm=true&search=Verk%E4uferbrosch%FCre" "Mozilla/5.0 (Windows NT 6.1; WOW64; Trident/7.0; rv:11.0) like Gecko"
212.152.246.132 - - [13/Sep/2018:16:40:22 +0200] "GET /reload?ser=1536849620887 HTTP/1.1" 200 28 "http://renault.activities.at/success" "Mozilla/5.0 (Windows NT 10.0; WOW64; Trident/7.0; rv:11.0) like Gecko"
213.153.47.173 - - [13/Sep/2018:16:40:32 +0200] "GET /reload?ser=1536849619091 HTTP/1.1" 200 28 "http://renault.activities.at/login?required=true" "Mozilla/5.0 (Windows NT 10.0; Win64; x64; rv:62.0) Gecko/20100101 Firefox/62.0"
193.194.132.27 - - [13/Sep/2018:16:41:17 +0200] "GET /reload?ser=1536849677276 HTTP/1.1" 200 28 "http://renault.2web.at/result?searchterm=true&search=Verk%E4uferbrosch%FCre" "Mozilla/5.0 (Windows NT 6.1; WOW64; Trident/7.0; rv:11.0) like Gecko"
212.152.246.132 - - [13/Sep/2018:16:41:23 +0200] "GET /reload?ser=1536849681870 HTTP/1.1" 200 28 "http://renault.activities.at/success" "Mozilla/5.0 (Windows NT 10.0; WOW64; Trident/7.0; rv:11.0) like Gecko"
213.153.47.173 - - [13/Sep/2018:16:41:32 +0200] "GET /reload?ser=1536849679744 HTTP/1.1" 200 28 "http://renault.activities.at/login?required=true" "Mozilla/5.0 (Windows NT 10.0; Win64; x64; rv:62.0) Gecko/20100101 Firefox/62.0"
212.152.246.132 - - [13/Sep/2018:16:42:24 +0200] "GET /reload?ser=1536849742885 HTTP/1.1" 200 28 "http://renault.activities.at/success" "Mozilla/5.0 (Windows NT 10.0; WOW64; Trident/7.0; rv:11.0) like Gecko"
193.194.132.27 - - [13/Sep/2018:16:42:30 +0200] "GET /reload?ser=1536849738497 HTTP/1.1" 200 28 "http://renault.2web.at/result?searchterm=true&search=Verk%E4uferbrosch%FCre" "Mozilla/5.0 (Windows NT 6.1; WOW64; Trident/7.0; rv:11.0) like Gecko"
213.153.47.173 - - [13/Sep/2018:16:42:33 +0200] "GET /reload?ser=1536849740398 HTTP/1.1" 200 28 "http://renault.activities.at/login?required=true" "Mozilla/5.0 (Windows NT 10.0; Win64; x64; rv:62.0) Gecko/20100101 Firefox/62.0"
212.152.246.132 - - [13/Sep/2018:16:43:25 +0200] "GET /reload?ser=1536849803912 HTTP/1.1" 200 28 "http://renault.activities.at/success" "Mozilla/5.0 (Windows NT 10.0; WOW64; Trident/7.0; rv:11.0) like Gecko"
193.194.132.27 - - [13/Sep/2018:16:43:31 +0200] "GET /reload?ser=1536849811806 HTTP/1.1" 200 28 "http://renault.2web.at/result?searchterm=true&search=Verk%E4uferbrosch%FCre" "Mozilla/5.0 (Windows NT 6.1; WOW64; Trident/7.0; rv:11.0) like Gecko"
213.153.47.173 - - [13/Sep/2018:16:43:34 +0200] "GET /reload?ser=1536849801059 HTTP/1.1" 200 28 "http://renault.activities.at/login?required=true" "Mozilla/5.0 (Windows NT 10.0; Win64; x64; rv:62.0) Gecko/20100101 Firefox/62.0"
212.152.246.132 - - [13/Sep/2018:16:44:26 +0200] "GET /reload?ser=1536849864927 HTTP/1.1" 200 28 "http://renault.activities.at/success" "Mozilla/5.0 (Windows NT 10.0; WOW64; Trident/7.0; rv:11.0) like Gecko"
193.194.132.27 - - [13/Sep/2018:16:44:33 +0200] "GET /reload?ser=1536849873007 HTTP/1.1" 200 28 "http://renault.2web.at/result?searchterm=true&search=Verk%E4uferbrosch%FCre" "Mozilla/5.0 (Windows NT 6.1; WOW64; Trident/7.0; rv:11.0) like Gecko"
213.153.47.173 - - [13/Sep/2018:16:44:34 +0200] "GET /reload?ser=1536849861725 HTTP/1.1" 200 28 "http://renault.activities.at/login?required=true" "Mozilla/5.0 (Windows NT 10.0; Win64; x64; rv:62.0) Gecko/20100101 Firefox/62.0"
212.152.246.132 - - [13/Sep/2018:16:45:27 +0200] "GET /reload?ser=1536849925919 HTTP/1.1" 200 28 "http://renault.activities.at/success" "Mozilla/5.0 (Windows NT 10.0; WOW64; Trident/7.0; rv:11.0) like Gecko"
193.194.132.27 - - [13/Sep/2018:16:45:34 +0200] "GET /reload?ser=1536849934201 HTTP/1.1" 200 28 "http://renault.2web.at/result?searchterm=true&search=Verk%E4uferbrosch%FCre" "Mozilla/5.0 (Windows NT 6.1; WOW64; Trident/7.0; rv:11.0) like Gecko"
213.153.47.173 - - [13/Sep/2018:16:45:35 +0200] "GET /reload?ser=1536849922388 HTTP/1.1" 200 28 "http://renault.activities.at/login?required=true" "Mozilla/5.0 (Windows NT 10.0; Win64; x64; rv:62.0) Gecko/20100101 Firefox/62.0"
212.152.246.132 - - [13/Sep/2018:16:46:28 +0200] "GET /reload?ser=1536849986941 HTTP/1.1" 200 28 "http://renault.activities.at/success" "Mozilla/5.0 (Windows NT 10.0; WOW64; Trident/7.0; rv:11.0) like Gecko"
193.194.132.27 - - [13/Sep/2018:16:46:35 +0200] "GET /reload?ser=1536849995401 HTTP/1.1" 200 28 "http://renault.2web.at/result?searchterm=true&search=Verk%E4uferbrosch%FCre" "Mozilla/5.0 (Windows NT 6.1; WOW64; Trident/7.0; rv:11.0) like Gecko"
213.153.47.173 - - [13/Sep/2018:16:46:36 +0200] "GET /reload?ser=1536849983025 HTTP/1.1" 200 28 "http://renault.activities.at/login?required=true" "Mozilla/5.0 (Windows NT 10.0; Win64; x64; rv:62.0) Gecko/20100101 Firefox/62.0"
212.152.246.132 - - [13/Sep/2018:16:47:29 +0200] "GET /reload?ser=1536850047927 HTTP/1.1" 200 28 "http://renault.activities.at/success" "Mozilla/5.0 (Windows NT 10.0; WOW64; Trident/7.0; rv:11.0) like Gecko"
213.153.47.173 - - [13/Sep/2018:16:47:36 +0200] "GET /reload?ser=1536850043686 HTTP/1.1" 200 28 "http://renault.activities.at/login?required=true" "Mozilla/5.0 (Windows NT 10.0; Win64; x64; rv:62.0) Gecko/20100101 Firefox/62.0"
193.194.132.27 - - [13/Sep/2018:16:47:36 +0200] "GET /reload?ser=1536850056491 HTTP/1.1" 200 28 "http://renault.2web.at/result?searchterm=true&search=Verk%E4uferbrosch%FCre" "Mozilla/5.0 (Windows NT 6.1; WOW64; Trident/7.0; rv:11.0) like Gecko"
212.152.246.132 - - [13/Sep/2018:16:48:30 +0200] "GET /reload?ser=1536850108927 HTTP/1.1" 200 28 "http://renault.activities.at/success" "Mozilla/5.0 (Windows NT 10.0; WOW64; Trident/7.0; rv:11.0) like Gecko"
213.153.47.173 - - [13/Sep/2018:16:48:37 +0200] "GET /reload?ser=1536850104351 HTTP/1.1" 200 28 "http://renault.activities.at/login?required=true" "Mozilla/5.0 (Windows NT 10.0; Win64; x64; rv:62.0) Gecko/20100101 Firefox/62.0"
193.194.132.27 - - [13/Sep/2018:16:48:37 +0200] "GET /reload?ser=1536850117689 HTTP/1.1" 200 28 "http://renault.2web.at/result?searchterm=true&search=Verk%E4uferbrosch%FCre" "Mozilla/5.0 (Windows NT 6.1; WOW64; Trident/7.0; rv:11.0) like Gecko"
62.47.158.37 - - [13/Sep/2018:16:49:01 +0200] "GET / HTTP/1.1" 200 3683 "-" "Mozilla/5.0 (iPhone; CPU iPhone OS 11_4_1 like Mac OS X) AppleWebKit/605.1.15 (KHTML, like Gecko) Version/11.0 Mobile/15E148 Safari/604.1"
62.47.158.37 - - [13/Sep/2018:16:49:02 +0200] "GET /apple-touch-icon-120x120-precomposed.png HTTP/1.1" 200 1559 "-" "MobileSafari/604.1 CFNetwork/902.2 Darwin/17.7.0"
62.47.158.37 - - [13/Sep/2018:16:49:03 +0200] "GET /apple-touch-icon-120x120.png HTTP/1.1" 200 1559 "-" "MobileSafari/604.1 CFNetwork/902.2 Darwin/17.7.0"
62.47.158.37 - - [13/Sep/2018:16:49:04 +0200] "GET /apple-touch-icon-precomposed.png HTTP/1.1" 200 1559 "-" "MobileSafari/604.1 CFNetwork/902.2 Darwin/17.7.0"
62.47.158.37 - - [13/Sep/2018:16:49:06 +0200] "GET /apple-touch-icon.png HTTP/1.1" 200 1559 "-" "MobileSafari/604.1 CFNetwork/902.2 Darwin/17.7.0"
62.47.158.37 - - [13/Sep/2018:16:49:07 +0200] "GET /images/favicon.ico HTTP/1.1" 404 305 "-" "MobileSafari/604.1 CFNetwork/902.2 Darwin/17.7.0"
62.47.158.37 - - [13/Sep/2018:16:49:07 +0200] "GET /images/favicon.ico HTTP/1.1" 404 305 "-" "MobileSafari/604.1 CFNetwork/902.2 Darwin/17.7.0"
62.47.158.37 - - [13/Sep/2018:16:49:07 +0200] "GET /favicon.ico HTTP/1.1" 200 3250 "-" "MobileSafari/604.1 CFNetwork/902.2 Darwin/17.7.0"
62.47.158.37 - - [13/Sep/2018:16:49:07 +0200] "GET /apple-touch-icon-120x120-precomposed.png HTTP/1.1" 200 1559 "-" "MobileSafari/604.1 CFNetwork/902.2 Darwin/17.7.0"
62.47.158.37 - - [13/Sep/2018:16:49:08 +0200] "GET /apple-touch-icon-120x120.png HTTP/1.1" 200 1559 "-" "MobileSafari/604.1 CFNetwork/902.2 Darwin/17.7.0"
62.47.158.37 - - [13/Sep/2018:16:49:09 +0200] "GET /apple-touch-icon-precomposed.png HTTP/1.1" 200 1559 "-" "MobileSafari/604.1 CFNetwork/902.2 Darwin/17.7.0"
62.47.158.37 - - [13/Sep/2018:16:49:10 +0200] "GET /apple-touch-icon.png HTTP/1.1" 200 1559 "-" "MobileSafari/604.1 CFNetwork/902.2 Darwin/17.7.0"
62.47.158.37 - - [13/Sep/2018:16:49:11 +0200] "GET /images/favicon.ico HTTP/1.1" 404 305 "-" "MobileSafari/604.1 CFNetwork/902.2 Darwin/17.7.0"
62.47.158.37 - - [13/Sep/2018:16:49:11 +0200] "GET /images/favicon.ico HTTP/1.1" 404 305 "-" "MobileSafari/604.1 CFNetwork/902.2 Darwin/17.7.0"
62.47.158.37 - - [13/Sep/2018:16:49:12 +0200] "GET /favicon.ico HTTP/1.1" 200 3250 "-" "MobileSafari/604.1 CFNetwork/902.2 Darwin/17.7.0"
212.152.246.132 - - [13/Sep/2018:16:49:31 +0200] "GET /reload?ser=1536850169924 HTTP/1.1" 200 28 "http://renault.activities.at/success" "Mozilla/5.0 (Windows NT 10.0; WOW64; Trident/7.0; rv:11.0) like Gecko"
193.194.132.27 - - [13/Sep/2018:16:49:39 +0200] "GET /reload?ser=1536850178888 HTTP/1.1" 200 28 "http://renault.2web.at/result?searchterm=true&search=Verk%E4uferbrosch%FCre" "Mozilla/5.0 (Windows NT 6.1; WOW64; Trident/7.0; rv:11.0) like Gecko"
212.152.246.132 - - [13/Sep/2018:16:50:32 +0200] "GET /reload?ser=1536850230963 HTTP/1.1" 200 28 "http://renault.activities.at/success" "Mozilla/5.0 (Windows NT 10.0; WOW64; Trident/7.0; rv:11.0) like Gecko"
193.194.132.27 - - [13/Sep/2018:16:50:40 +0200] "GET /reload?ser=1536850239982 HTTP/1.1" 200 28 "http://renault.2web.at/result?searchterm=true&search=Verk%E4uferbrosch%FCre" "Mozilla/5.0 (Windows NT 6.1; WOW64; Trident/7.0; rv:11.0) like Gecko"
212.152.246.132 - - [13/Sep/2018:16:51:33 +0200] "GET /reload?ser=1536850291953 HTTP/1.1" 200 28 "http://renault.activities.at/success" "Mozilla/5.0 (Windows NT 10.0; WOW64; Trident/7.0; rv:11.0) like Gecko"
193.194.132.27 - - [13/Sep/2018:16:51:41 +0200] "GET /reload?ser=1536850301284 HTTP/1.1" 200 28 "http://renault.2web.at/result?searchterm=true&search=Verk%E4uferbrosch%FCre" "Mozilla/5.0 (Windows NT 6.1; WOW64; Trident/7.0; rv:11.0) like Gecko"
212.152.246.132 - - [13/Sep/2018:16:52:34 +0200] "GET /reload?ser=1536850352937 HTTP/1.1" 200 28 "http://renault.activities.at/success" "Mozilla/5.0 (Windows NT 10.0; WOW64; Trident/7.0; rv:11.0) like Gecko"
193.194.132.27 - - [13/Sep/2018:16:52:42 +0200] "GET /reload?ser=1536850362513 HTTP/1.1" 200 28 "http://renault.2web.at/result?searchterm=true&search=Verk%E4uferbrosch%FCre" "Mozilla/5.0 (Windows NT 6.1; WOW64; Trident/7.0; rv:11.0) like Gecko"
212.152.246.132 - - [13/Sep/2018:16:53:35 +0200] "GET /reload?ser=1536850413941 HTTP/1.1" 200 28 "http://renault.activities.at/success" "Mozilla/5.0 (Windows NT 10.0; WOW64; Trident/7.0; rv:11.0) like Gecko"
193.194.132.27 - - [13/Sep/2018:16:53:43 +0200] "GET /reload?ser=1536850423716 HTTP/1.1" 200 28 "http://renault.2web.at/result?searchterm=true&search=Verk%E4uferbrosch%FCre" "Mozilla/5.0 (Windows NT 6.1; WOW64; Trident/7.0; rv:11.0) like Gecko"
212.152.246.132 - - [13/Sep/2018:16:54:36 +0200] "GET /reload?ser=1536850474965 HTTP/1.1" 200 28 "http://renault.activities.at/success" "Mozilla/5.0 (Windows NT 10.0; WOW64; Trident/7.0; rv:11.0) like Gecko"
193.194.132.27 - - [13/Sep/2018:16:54:45 +0200] "GET /reload?ser=1536850485028 HTTP/1.1" 200 28 "http://renault.2web.at/result?searchterm=true&search=Verk%E4uferbrosch%FCre" "Mozilla/5.0 (Windows NT 6.1; WOW64; Trident/7.0; rv:11.0) like Gecko"
212.152.246.132 - - [13/Sep/2018:16:55:37 +0200] "GET /reload?ser=1536850535963 HTTP/1.1" 200 28 "http://renault.activities.at/success" "Mozilla/5.0 (Windows NT 10.0; WOW64; Trident/7.0; rv:11.0) like Gecko"
193.194.132.27 - - [13/Sep/2018:16:55:46 +0200] "GET /reload?ser=1536850546230 HTTP/1.1" 200 28 "http://renault.2web.at/result?searchterm=true&search=Verk%E4uferbrosch%FCre" "Mozilla/5.0 (Windows NT 6.1; WOW64; Trident/7.0; rv:11.0) like Gecko"
212.152.246.132 - - [13/Sep/2018:16:56:38 +0200] "GET /reload?ser=1536850596993 HTTP/1.1" 200 28 "http://renault.activities.at/success" "Mozilla/5.0 (Windows NT 10.0; WOW64; Trident/7.0; rv:11.0) like Gecko"
193.194.132.27 - - [13/Sep/2018:16:56:47 +0200] "GET /reload?ser=1536850607433 HTTP/1.1" 200 28 "http://renault.2web.at/result?searchterm=true&search=Verk%E4uferbrosch%FCre" "Mozilla/5.0 (Windows NT 6.1; WOW64; Trident/7.0; rv:11.0) like Gecko"
212.152.246.132 - - [13/Sep/2018:16:57:39 +0200] "GET /reload?ser=1536850657975 HTTP/1.1" 200 28 "http://renault.activities.at/success" "Mozilla/5.0 (Windows NT 10.0; WOW64; Trident/7.0; rv:11.0) like Gecko"
193.194.132.27 - - [13/Sep/2018:16:57:48 +0200] "GET /reload?ser=1536850668558 HTTP/1.1" 200 28 "http://renault.2web.at/result?searchterm=true&search=Verk%E4uferbrosch%FCre" "Mozilla/5.0 (Windows NT 6.1; WOW64; Trident/7.0; rv:11.0) like Gecko"
80.120.5.131 - - [13/Sep/2018:16:58:03 +0200] "GET /10201637 HTTP/1.1" 302 150 "-" "Mozilla/5.0 (Macintosh; Intel Mac OS X 10_13_6) AppleWebKit/605.1.15 (KHTML, like Gecko)"
80.120.5.131 - - [13/Sep/2018:16:58:06 +0200] "GET /login?required=true HTTP/1.1" 200 2086 "-" "Mozilla/5.0 (Macintosh; Intel Mac OS X 10_13_6) AppleWebKit/605.1.15 (KHTML, like Gecko)"
80.120.5.131 - - [13/Sep/2018:16:58:06 +0200] "GET /apple-touch-icon-precomposed.png HTTP/1.1" 200 1559 "-" "Safari/13605.3.8 CFNetwork/902.1 Darwin/17.7.0 (x86_64)"
80.120.5.131 - - [13/Sep/2018:16:58:07 +0200] "GET /apple-touch-icon.png HTTP/1.1" 200 1559 "-" "Safari/13605.3.8 CFNetwork/902.1 Darwin/17.7.0 (x86_64)"
80.120.5.131 - - [13/Sep/2018:16:58:08 +0200] "GET /images/favicon.ico HTTP/1.1" 404 305 "-" "Safari/13605.3.8 CFNetwork/902.1 Darwin/17.7.0 (x86_64)"
80.120.5.131 - - [13/Sep/2018:16:58:08 +0200] "GET /images/favicon.ico HTTP/1.1" 404 305 "-" "Safari/13605.3.8 CFNetwork/902.1 Darwin/17.7.0 (x86_64)"
80.120.5.131 - - [13/Sep/2018:16:58:08 +0200] "GET /favicon.ico HTTP/1.1" 200 3250 "-" "Safari/13605.3.8 CFNetwork/902.1 Darwin/17.7.0 (x86_64)"
80.120.5.131 - - [13/Sep/2018:16:58:08 +0200] "GET /apple-touch-icon-precomposed.png HTTP/1.1" 200 1559 "-" "Safari/13605.3.8 CFNetwork/902.1 Darwin/17.7.0 (x86_64)"
80.120.5.131 - - [13/Sep/2018:16:58:10 +0200] "GET /apple-touch-icon.png HTTP/1.1" 200 1559 "-" "Safari/13605.3.8 CFNetwork/902.1 Darwin/17.7.0 (x86_64)"
80.120.5.131 - - [13/Sep/2018:16:58:11 +0200] "GET /images/favicon.ico HTTP/1.1" 404 305 "-" "Safari/13605.3.8 CFNetwork/902.1 Darwin/17.7.0 (x86_64)"
80.120.5.131 - - [13/Sep/2018:16:58:11 +0200] "GET /images/favicon.ico HTTP/1.1" 404 305 "-" "Safari/13605.3.8 CFNetwork/902.1 Darwin/17.7.0 (x86_64)"
80.120.5.131 - - [13/Sep/2018:16:58:11 +0200] "GET /favicon.ico HTTP/1.1" 200 3250 "-" "Safari/13605.3.8 CFNetwork/902.1 Darwin/17.7.0 (x86_64)"
80.120.5.131 - - [13/Sep/2018:16:58:11 +0200] "GET /10201637 HTTP/1.1" 302 150 "-" "\"Mozilla/5.0 (iPhone; CPU iPhone OS 11_0 like Mac OS X) AppleWebKit/604.1.38 (KHTML, like Gecko) Version/11.0 Mobile/15A372 Safari/604.1\""
80.120.5.131 - - [13/Sep/2018:16:58:12 +0200] "GET /login?required=true HTTP/1.1" 200 2086 "-" "\"Mozilla/5.0 (iPhone; CPU iPhone OS 11_0 like Mac OS X) AppleWebKit/604.1.38 (KHTML, like Gecko) Version/11.0 Mobile/15A372 Safari/604.1\""
80.120.5.131 - - [13/Sep/2018:16:58:12 +0200] "GET /apple-touch-icon-precomposed.png HTTP/1.1" 200 1559 "-" "Safari/13605.3.8 CFNetwork/902.1 Darwin/17.7.0 (x86_64)"
80.120.5.131 - - [13/Sep/2018:16:58:13 +0200] "GET /apple-touch-icon.png HTTP/1.1" 200 1559 "-" "Safari/13605.3.8 CFNetwork/902.1 Darwin/17.7.0 (x86_64)"
80.120.5.131 - - [13/Sep/2018:16:58:14 +0200] "GET /images/favicon.ico HTTP/1.1" 404 305 "-" "Safari/13605.3.8 CFNetwork/902.1 Darwin/17.7.0 (x86_64)"
80.120.5.131 - - [13/Sep/2018:16:58:14 +0200] "GET /images/favicon.ico HTTP/1.1" 404 305 "-" "Safari/13605.3.8 CFNetwork/902.1 Darwin/17.7.0 (x86_64)"
80.120.5.131 - - [13/Sep/2018:16:58:15 +0200] "GET /favicon.ico HTTP/1.1" 200 3250 "-" "Safari/13605.3.8 CFNetwork/902.1 Darwin/17.7.0 (x86_64)"
80.120.5.131 - - [13/Sep/2018:16:58:15 +0200] "GET /apple-touch-icon-precomposed.png HTTP/1.1" 200 1559 "-" "Safari/13605.3.8 CFNetwork/902.1 Darwin/17.7.0 (x86_64)"
80.120.5.131 - - [13/Sep/2018:16:58:15 +0200] "GET /apple-touch-icon.png HTTP/1.1" 200 1559 "-" "Safari/13605.3.8 CFNetwork/902.1 Darwin/17.7.0 (x86_64)"
80.120.5.131 - - [13/Sep/2018:16:58:16 +0200] "GET /images/favicon.ico HTTP/1.1" 404 305 "-" "Safari/13605.3.8 CFNetwork/902.1 Darwin/17.7.0 (x86_64)"
80.120.5.131 - - [13/Sep/2018:16:58:16 +0200] "GET /images/favicon.ico HTTP/1.1" 404 305 "-" "Safari/13605.3.8 CFNetwork/902.1 Darwin/17.7.0 (x86_64)"
80.120.5.131 - - [13/Sep/2018:16:58:17 +0200] "GET /favicon.ico HTTP/1.1" 200 3250 "-" "Safari/13605.3.8 CFNetwork/902.1 Darwin/17.7.0 (x86_64)"
212.152.246.132 - - [13/Sep/2018:16:58:40 +0200] "GET /reload?ser=1536850718958 HTTP/1.1" 200 28 "http://renault.activities.at/success" "Mozilla/5.0 (Windows NT 10.0; WOW64; Trident/7.0; rv:11.0) like Gecko"
193.194.132.27 - - [13/Sep/2018:16:58:50 +0200] "GET /reload?ser=1536850729873 HTTP/1.1" 200 28 "http://renault.2web.at/result?searchterm=true&search=Verk%E4uferbrosch%FCre" "Mozilla/5.0 (Windows NT 6.1; WOW64; Trident/7.0; rv:11.0) like Gecko"
212.152.246.132 - - [13/Sep/2018:16:59:41 +0200] "GET /reload?ser=1536850779910 HTTP/1.1" 200 28 "http://renault.activities.at/success" "Mozilla/5.0 (Windows NT 10.0; WOW64; Trident/7.0; rv:11.0) like Gecko"
193.194.132.27 - - [13/Sep/2018:16:59:51 +0200] "GET /reload?ser=1536850790966 HTTP/1.1" 200 28 "http://renault.2web.at/result?searchterm=true&search=Verk%E4uferbrosch%FCre" "Mozilla/5.0 (Windows NT 6.1; WOW64; Trident/7.0; rv:11.0) like Gecko"
212.152.246.132 - - [13/Sep/2018:17:00:42 +0200] "GET /reload?ser=1536850840893 HTTP/1.1" 200 28 "http://renault.activities.at/success" "Mozilla/5.0 (Windows NT 10.0; WOW64; Trident/7.0; rv:11.0) like Gecko"
193.194.132.27 - - [13/Sep/2018:17:00:52 +0200] "GET /reload?ser=1536850852173 HTTP/1.1" 200 28 "http://renault.2web.at/result?searchterm=true&search=Verk%E4uferbrosch%FCre" "Mozilla/5.0 (Windows NT 6.1; WOW64; Trident/7.0; rv:11.0) like Gecko"
212.152.246.132 - - [13/Sep/2018:17:01:43 +0200] "GET /reload?ser=1536850901924 HTTP/1.1" 200 28 "http://renault.activities.at/success" "Mozilla/5.0 (Windows NT 10.0; WOW64; Trident/7.0; rv:11.0) like Gecko"
138.21.12.22 - - [13/Sep/2018:17:01:51 +0200] "GET / HTTP/1.1" 200 3694 "-" "Mozilla/5.0 (Windows NT 6.1; WOW64; Trident/7.0; rv:11.0) like Gecko"
138.21.12.21 - - [13/Sep/2018:17:01:53 +0200] "GET /loadthumbnail.php?id=11127982 HTTP/1.1" 200 586642 "-" "Mozilla/4.0 (compatible;)"
193.194.132.27 - - [13/Sep/2018:17:01:53 +0200] "GET /reload?ser=1536850913482 HTTP/1.1" 200 28 "http://renault.2web.at/result?searchterm=true&search=Verk%E4uferbrosch%FCre" "Mozilla/5.0 (Windows NT 6.1; WOW64; Trident/7.0; rv:11.0) like Gecko"
138.21.12.22 - - [13/Sep/2018:17:02:01 +0200] "GET /login HTTP/1.1" 200 2095 "http://renault.2web.at/" "Mozilla/5.0 (Windows NT 6.1; WOW64; Trident/7.0; rv:11.0) like Gecko"
138.21.12.22 - - [13/Sep/2018:17:02:14 +0200] "POST /login HTTP/1.1" 302 137 "http://renault.2web.at/login" "Mozilla/5.0 (Windows NT 6.1; WOW64; Trident/7.0; rv:11.0) like Gecko"
138.21.12.22 - - [13/Sep/2018:17:02:16 +0200] "GET /account HTTP/1.1" 200 7801 "http://renault.2web.at/login" "Mozilla/5.0 (Windows NT 6.1; WOW64; Trident/7.0; rv:11.0) like Gecko"
212.152.246.132 - - [13/Sep/2018:17:02:44 +0200] "GET /reload?ser=1536850962922 HTTP/1.1" 200 28 "http://renault.activities.at/success" "Mozilla/5.0 (Windows NT 10.0; WOW64; Trident/7.0; rv:11.0) like Gecko"
138.21.12.22 - - [13/Sep/2018:17:02:47 +0200] "GET /result?searchterm=true&search=espace HTTP/1.1" 200 10153 "http://renault.2web.at/account" "Mozilla/5.0 (Windows NT 6.1; WOW64; Trident/7.0; rv:11.0) like Gecko"
138.21.12.21 - - [13/Sep/2018:17:02:51 +0200] "GET /loadthumbnail.php?id=10203255 HTTP/1.1" 200 114 "-" "Mozilla/4.0 (compatible;)"
138.21.12.22 - - [13/Sep/2018:17:02:51 +0200] "GET /loadthumbnail.php?id=11194732&width=113 HTTP/1.1" 200 1353 "http://renault.2web.at/result?searchterm=true&search=espace" "Mozilla/5.0 (Windows NT 6.1; WOW64; Trident/7.0; rv:11.0) like Gecko"
138.21.12.22 - - [13/Sep/2018:17:02:51 +0200] "GET /loadthumbnail.php?id=11475295&width=113 HTTP/1.1" 200 17922 "http://renault.2web.at/result?searchterm=true&search=espace" "Mozilla/5.0 (Windows NT 6.1; WOW64; Trident/7.0; rv:11.0) like Gecko"
138.21.12.22 - - [13/Sep/2018:17:02:51 +0200] "GET /loadthumbnail.php?id=11181230&width=113 HTTP/1.1" 200 1353 "http://renault.2web.at/result?searchterm=true&search=espace" "Mozilla/5.0 (Windows NT 6.1; WOW64; Trident/7.0; rv:11.0) like Gecko"
138.21.12.22 - - [13/Sep/2018:17:02:51 +0200] "GET /loadthumbnail.php?id=11181168&width=113 HTTP/1.1" 200 847 "http://renault.2web.at/result?searchterm=true&search=espace" "Mozilla/5.0 (Windows NT 6.1; WOW64; Trident/7.0; rv:11.0) like Gecko"
138.21.12.22 - - [13/Sep/2018:17:02:51 +0200] "GET /loadthumbnail.php?id=11679076&width=113 HTTP/1.1" 200 34461 "http://renault.2web.at/result?searchterm=true&search=espace" "Mozilla/5.0 (Windows NT 6.1; WOW64; Trident/7.0; rv:11.0) like Gecko"
138.21.12.21 - - [13/Sep/2018:17:02:51 +0200] "GET /loadthumbnail.php?id=10203276 HTTP/1.1" 200 57 "-" "Mozilla/4.0 (compatible;)"
138.21.12.22 - - [13/Sep/2018:17:02:51 +0200] "GET /loadthumbnail.php?id=11181233&width=113 HTTP/1.1" 200 1353 "http://renault.2web.at/result?searchterm=true&search=espace" "Mozilla/5.0 (Windows NT 6.1; WOW64; Trident/7.0; rv:11.0) like Gecko"
138.21.12.22 - - [13/Sep/2018:17:02:51 +0200] "GET /loadthumbnail.php?id=11117056&width=113 HTTP/1.1" 200 2184 "http://renault.2web.at/result?searchterm=true&search=espace" "Mozilla/5.0 (Windows NT 6.1; WOW64; Trident/7.0; rv:11.0) like Gecko"
138.21.12.22 - - [13/Sep/2018:17:02:51 +0200] "GET /loadthumbnail.php?id=11181166&width=113 HTTP/1.1" 200 847 "http://renault.2web.at/result?searchterm=true&search=espace" "Mozilla/5.0 (Windows NT 6.1; WOW64; Trident/7.0; rv:11.0) like Gecko"
138.21.12.22 - - [13/Sep/2018:17:02:51 +0200] "GET /loadthumbnail.php?id=11181172&width=113 HTTP/1.1" 200 1576 "http://renault.2web.at/result?searchterm=true&search=espace" "Mozilla/5.0 (Windows NT 6.1; WOW64; Trident/7.0; rv:11.0) like Gecko"
138.21.12.21 - - [13/Sep/2018:17:02:51 +0200] "GET /loadthumbnail.php?id=10203650&width=113 HTTP/1.1" 200 2916 "-" "Mozilla/4.0 (compatible;)"
138.21.12.22 - - [13/Sep/2018:17:02:48 +0200] "POST /axjaxrequest?mode=suggest HTTP/1.1" 200 126 "http://renault.2web.at/account" "Mozilla/5.0 (Windows NT 6.1; WOW64; Trident/7.0; rv:11.0) like Gecko"
138.21.12.22 - - [13/Sep/2018:17:03:01 +0200] "GET /result?dir=DESC&mode=grid&order=name&limit=15&page=2&search=espace HTTP/1.1" 200 9677 "http://renault.2web.at/result?searchterm=true&search=espace" "Mozilla/5.0 (Windows NT 6.1; WOW64; Trident/7.0; rv:11.0) like Gecko"
138.21.12.22 - - [13/Sep/2018:17:03:04 +0200] "GET /loadthumbnail.php?id=10309492&width=113 HTTP/1.1" 200 2666 "http://renault.2web.at/result?dir=DESC&mode=grid&order=name&limit=15&page=2&search=espace" "Mozilla/5.0 (Windows NT 6.1; WOW64; Trident/7.0; rv:11.0) like Gecko"
138.21.12.22 - - [13/Sep/2018:17:03:04 +0200] "GET /loadthumbnail.php?id=10309491&width=113 HTTP/1.1" 200 2476 "http://renault.2web.at/result?dir=DESC&mode=grid&order=name&limit=15&page=2&search=espace" "Mozilla/5.0 (Windows NT 6.1; WOW64; Trident/7.0; rv:11.0) like Gecko"
138.21.12.22 - - [13/Sep/2018:17:03:04 +0200] "GET /loadthumbnail.php?id=11181170&width=113 HTTP/1.1" 200 1576 "http://renault.2web.at/result?dir=DESC&mode=grid&order=name&limit=15&page=2&search=espace" "Mozilla/5.0 (Windows NT 6.1; WOW64; Trident/7.0; rv:11.0) like Gecko"
138.21.12.22 - - [13/Sep/2018:17:03:04 +0200] "GET /loadthumbnail.php?id=11829073&width=113 HTTP/1.1" 200 2418 "http://renault.2web.at/result?dir=DESC&mode=grid&order=name&limit=15&page=2&search=espace" "Mozilla/5.0 (Windows NT 6.1; WOW64; Trident/7.0; rv:11.0) like Gecko"
138.21.12.22 - - [13/Sep/2018:17:03:04 +0200] "GET /loadthumbnail.php?id=10970934&width=113 HTTP/1.1" 200 4103 "http://renault.2web.at/result?dir=DESC&mode=grid&order=name&limit=15&page=2&search=espace" "Mozilla/5.0 (Windows NT 6.1; WOW64; Trident/7.0; rv:11.0) like Gecko"
138.21.12.22 - - [13/Sep/2018:17:03:04 +0200] "GET /loadthumbnail.php?id=10915886&width=113 HTTP/1.1" 200 1376 "http://renault.2web.at/result?dir=DESC&mode=grid&order=name&limit=15&page=2&search=espace" "Mozilla/5.0 (Windows NT 6.1; WOW64; Trident/7.0; rv:11.0) like Gecko"
138.21.12.22 - - [13/Sep/2018:17:03:04 +0200] "GET /loadthumbnail.php?id=11270805&width=113 HTTP/1.1" 200 5169 "http://renault.2web.at/result?dir=DESC&mode=grid&order=name&limit=15&page=2&search=espace" "Mozilla/5.0 (Windows NT 6.1; WOW64; Trident/7.0; rv:11.0) like Gecko"
138.21.12.22 - - [13/Sep/2018:17:03:04 +0200] "GET /loadthumbnail.php?id=10970933&width=113 HTTP/1.1" 200 5132 "http://renault.2web.at/result?dir=DESC&mode=grid&order=name&limit=15&page=2&search=espace" "Mozilla/5.0 (Windows NT 6.1; WOW64; Trident/7.0; rv:11.0) like Gecko"
138.21.12.22 - - [13/Sep/2018:17:03:04 +0200] "GET /loadthumbnail.php?id=10203275 HTTP/1.1" 200 85 "http://renault.2web.at/result?dir=DESC&mode=grid&order=name&limit=15&page=2&search=espace" "Mozilla/5.0 (Windows NT 6.1; WOW64; Trident/7.0; rv:11.0) like Gecko"
138.21.12.22 - - [13/Sep/2018:17:03:04 +0200] "GET /loadthumbnail.php?id=10970931&width=113 HTTP/1.1" 200 6246 "http://renault.2web.at/result?dir=DESC&mode=grid&order=name&limit=15&page=2&search=espace" "Mozilla/5.0 (Windows NT 6.1; WOW64; Trident/7.0; rv:11.0) like Gecko"
138.21.12.22 - - [13/Sep/2018:17:03:04 +0200] "GET /loadthumbnail.php?id=11314594&width=113 HTTP/1.1" 200 4859 "http://renault.2web.at/result?dir=DESC&mode=grid&order=name&limit=15&page=2&search=espace" "Mozilla/5.0 (Windows NT 6.1; WOW64; Trident/7.0; rv:11.0) like Gecko"
138.21.12.22 - - [13/Sep/2018:17:03:04 +0200] "GET /loadthumbnail.php?id=11314595&width=113 HTTP/1.1" 200 2441 "http://renault.2web.at/result?dir=DESC&mode=grid&order=name&limit=15&page=2&search=espace" "Mozilla/5.0 (Windows NT 6.1; WOW64; Trident/7.0; rv:11.0) like Gecko"
193.194.132.27 - - [13/Sep/2018:17:03:06 +0200] "GET /reload?ser=1536850974713 HTTP/1.1" 200 28 "http://renault.2web.at/result?searchterm=true&search=Verk%E4uferbrosch%FCre" "Mozilla/5.0 (Windows NT 6.1; WOW64; Trident/7.0; rv:11.0) like Gecko"
212.152.246.132 - - [13/Sep/2018:17:03:45 +0200] "GET /reload?ser=1536851023888 HTTP/1.1" 200 28 "http://renault.activities.at/success" "Mozilla/5.0 (Windows NT 10.0; WOW64; Trident/7.0; rv:11.0) like Gecko"
138.21.12.22 - - [13/Sep/2018:17:04:04 +0200] "GET /reload?ser=1536851044631 HTTP/1.1" 200 28 "http://renault.2web.at/result?dir=DESC&mode=grid&order=name&limit=15&page=2&search=espace" "Mozilla/5.0 (Windows NT 6.1; WOW64; Trident/7.0; rv:11.0) like Gecko"
193.194.132.27 - - [13/Sep/2018:17:04:08 +0200] "GET /reload?ser=1536851047925 HTTP/1.1" 200 28 "http://renault.2web.at/result?searchterm=true&search=Verk%E4uferbrosch%FCre" "Mozilla/5.0 (Windows NT 6.1; WOW64; Trident/7.0; rv:11.0) like Gecko"
212.152.246.132 - - [13/Sep/2018:17:04:46 +0200] "GET /reload?ser=1536851084901 HTTP/1.1" 200 28 "http://renault.activities.at/success" "Mozilla/5.0 (Windows NT 10.0; WOW64; Trident/7.0; rv:11.0) like Gecko"
138.21.12.22 - - [13/Sep/2018:17:04:56 +0200] "GET /result?searchterm=true&search=koleos HTTP/1.1" 200 8843 "http://renault.2web.at/result?dir=DESC&mode=grid&order=name&limit=15&page=2&search=espace" "Mozilla/5.0 (Windows NT 6.1; WOW64; Trident/7.0; rv:11.0) like Gecko"
138.21.12.22 - - [13/Sep/2018:17:04:59 +0200] "GET /loadthumbnail.php?id=11658180&width=113 HTTP/1.1" 200 29422 "http://renault.2web.at/result?searchterm=true&search=koleos" "Mozilla/5.0 (Windows NT 6.1; WOW64; Trident/7.0; rv:11.0) like Gecko"
138.21.12.22 - - [13/Sep/2018:17:04:59 +0200] "GET /loadthumbnail.php?id=11555219&width=113 HTTP/1.1" 200 2237 "http://renault.2web.at/result?searchterm=true&search=koleos" "Mozilla/5.0 (Windows NT 6.1; WOW64; Trident/7.0; rv:11.0) like Gecko"
138.21.12.22 - - [13/Sep/2018:17:04:59 +0200] "GET /loadthumbnail.php?id=11518629&width=113 HTTP/1.1" 200 19415 "http://renault.2web.at/result?searchterm=true&search=koleos" "Mozilla/5.0 (Windows NT 6.1; WOW64; Trident/7.0; rv:11.0) like Gecko"
138.21.12.22 - - [13/Sep/2018:17:04:59 +0200] "GET /loadthumbnail.php?id=11523715&width=113 HTTP/1.1" 200 2817 "http://renault.2web.at/result?searchterm=true&search=koleos" "Mozilla/5.0 (Windows NT 6.1; WOW64; Trident/7.0; rv:11.0) like Gecko"
138.21.12.22 - - [13/Sep/2018:17:04:59 +0200] "GET /loadthumbnail.php?id=11555218&width=113 HTTP/1.1" 200 2237 "http://renault.2web.at/result?searchterm=true&search=koleos" "Mozilla/5.0 (Windows NT 6.1; WOW64; Trident/7.0; rv:11.0) like Gecko"
138.21.12.22 - - [13/Sep/2018:17:04:59 +0200] "GET /loadthumbnail.php?id=10260861&width=113 HTTP/1.1" 200 1170 "http://renault.2web.at/result?searchterm=true&search=koleos" "Mozilla/5.0 (Windows NT 6.1; WOW64; Trident/7.0; rv:11.0) like Gecko"
138.21.12.22 - - [13/Sep/2018:17:04:59 +0200] "GET /loadthumbnail.php?id=11532185&width=113 HTTP/1.1" 200 2800 "http://renault.2web.at/result?searchterm=true&search=koleos" "Mozilla/5.0 (Windows NT 6.1; WOW64; Trident/7.0; rv:11.0) like Gecko"
138.21.12.22 - - [13/Sep/2018:17:04:59 +0200] "GET /loadthumbnail.php?id=11679111&width=113 HTTP/1.1" 200 34281 "http://renault.2web.at/result?searchterm=true&search=koleos" "Mozilla/5.0 (Windows NT 6.1; WOW64; Trident/7.0; rv:11.0) like Gecko"
138.21.12.22 - - [13/Sep/2018:17:04:59 +0200] "GET /loadthumbnail.php?id=11577924&width=113 HTTP/1.1" 200 28282 "http://renault.2web.at/result?searchterm=true&search=koleos" "Mozilla/5.0 (Windows NT 6.1; WOW64; Trident/7.0; rv:11.0) like Gecko"
138.21.12.22 - - [13/Sep/2018:17:04:56 +0200] "POST /axjaxrequest?mode=suggest HTTP/1.1" 200 111 "http://renault.2web.at/result?dir=DESC&mode=grid&order=name&limit=15&page=2&search=espace" "Mozilla/5.0 (Windows NT 6.1; WOW64; Trident/7.0; rv:11.0) like Gecko"
193.194.132.27 - - [13/Sep/2018:17:05:09 +0200] "GET /reload?ser=1536851109136 HTTP/1.1" 200 28 "http://renault.2web.at/result?searchterm=true&search=Verk%E4uferbrosch%FCre" "Mozilla/5.0 (Windows NT 6.1; WOW64; Trident/7.0; rv:11.0) like Gecko"
212.152.246.132 - - [13/Sep/2018:17:05:47 +0200] "GET /reload?ser=1536851145947 HTTP/1.1" 200 28 "http://renault.activities.at/success" "Mozilla/5.0 (Windows NT 10.0; WOW64; Trident/7.0; rv:11.0) like Gecko"
138.21.12.22 - - [13/Sep/2018:17:05:59 +0200] "GET /reload?ser=1536851159651 HTTP/1.1" 200 28 "http://renault.2web.at/result?searchterm=true&search=koleos" "Mozilla/5.0 (Windows NT 6.1; WOW64; Trident/7.0; rv:11.0) like Gecko"
193.194.132.27 - - [13/Sep/2018:17:06:10 +0200] "GET /reload?ser=1536851170233 HTTP/1.1" 200 28 "http://renault.2web.at/result?searchterm=true&search=Verk%E4uferbrosch%FCre" "Mozilla/5.0 (Windows NT 6.1; WOW64; Trident/7.0; rv:11.0) like Gecko"
138.21.12.22 - - [13/Sep/2018:17:07:00 +0200] "GET /reload?ser=1536851220712 HTTP/1.1" 200 28 "http://renault.2web.at/result?searchterm=true&search=koleos" "Mozilla/5.0 (Windows NT 6.1; WOW64; Trident/7.0; rv:11.0) like Gecko"
193.194.132.27 - - [13/Sep/2018:17:07:11 +0200] "GET /reload?ser=1536851231435 HTTP/1.1" 200 28 "http://renault.2web.at/result?searchterm=true&search=Verk%E4uferbrosch%FCre" "Mozilla/5.0 (Windows NT 6.1; WOW64; Trident/7.0; rv:11.0) like Gecko"
138.21.12.22 - - [13/Sep/2018:17:08:01 +0200] "GET /reload?ser=1536851281749 HTTP/1.1" 200 28 "http://renault.2web.at/result?searchterm=true&search=koleos" "Mozilla/5.0 (Windows NT 6.1; WOW64; Trident/7.0; rv:11.0) like Gecko"
193.194.132.27 - - [13/Sep/2018:17:08:12 +0200] "GET /reload?ser=1536851292665 HTTP/1.1" 200 28 "http://renault.2web.at/result?searchterm=true&search=Verk%E4uferbrosch%FCre" "Mozilla/5.0 (Windows NT 6.1; WOW64; Trident/7.0; rv:11.0) like Gecko"
138.21.12.22 - - [13/Sep/2018:17:08:36 +0200] "GET /logout HTTP/1.1" 302 136 "http://renault.2web.at/result?searchterm=true&search=koleos" "Mozilla/5.0 (Windows NT 6.1; WOW64; Trident/7.0; rv:11.0) like Gecko"
138.21.12.22 - - [13/Sep/2018:17:08:38 +0200] "GET /logout HTTP/1.1" 200 1592 "http://renault.2web.at/result?searchterm=true&search=koleos" "Mozilla/5.0 (Windows NT 6.1; WOW64; Trident/7.0; rv:11.0) like Gecko"
193.194.132.27 - - [13/Sep/2018:17:09:13 +0200] "GET /reload?ser=1536851353774 HTTP/1.1" 200 28 "http://renault.2web.at/result?searchterm=true&search=Verk%E4uferbrosch%FCre" "Mozilla/5.0 (Windows NT 6.1; WOW64; Trident/7.0; rv:11.0) like Gecko"
193.194.132.27 - - [13/Sep/2018:17:10:15 +0200] "GET /reload?ser=1536851414972 HTTP/1.1" 200 28 "http://renault.2web.at/result?searchterm=true&search=Verk%E4uferbrosch%FCre" "Mozilla/5.0 (Windows NT 6.1; WOW64; Trident/7.0; rv:11.0) like Gecko"
193.194.132.27 - - [13/Sep/2018:17:11:16 +0200] "GET /reload?ser=1536851476279 HTTP/1.1" 200 28 "http://renault.2web.at/result?searchterm=true&search=Verk%E4uferbrosch%FCre" "Mozilla/5.0 (Windows NT 6.1; WOW64; Trident/7.0; rv:11.0) like Gecko"
193.194.132.27 - - [13/Sep/2018:17:12:17 +0200] "GET /reload?ser=1536851537385 HTTP/1.1" 200 28 "http://renault.2web.at/result?searchterm=true&search=Verk%E4uferbrosch%FCre" "Mozilla/5.0 (Windows NT 6.1; WOW64; Trident/7.0; rv:11.0) like Gecko"
193.194.132.27 - - [13/Sep/2018:17:13:31 +0200] "GET /reload?ser=1536851598689 HTTP/1.1" 200 28 "http://renault.2web.at/result?searchterm=true&search=Verk%E4uferbrosch%FCre" "Mozilla/5.0 (Windows NT 6.1; WOW64; Trident/7.0; rv:11.0) like Gecko"
66.249.64.75 - - [13/Sep/2018:17:13:47 +0200] "GET /login HTTP/1.1" 200 2086 "-" "Mozilla/5.0 (compatible; Googlebot/2.1; +http://www.google.com/bot.html)"
66.249.64.73 - - [13/Sep/2018:17:13:52 +0200] "GET /images/favicon.ico HTTP/1.1" 404 305 "-" "Googlebot-Image/1.0"
66.249.64.73 - - [13/Sep/2018:17:13:53 +0200] "GET /favicon.ico HTTP/1.1" 200 3250 "-" "Googlebot-Image/1.0"
193.194.132.27 - - [13/Sep/2018:17:14:32 +0200] "GET /reload?ser=1536851672037 HTTP/1.1" 200 28 "http://renault.2web.at/result?searchterm=true&search=Verk%E4uferbrosch%FCre" "Mozilla/5.0 (Windows NT 6.1; WOW64; Trident/7.0; rv:11.0) like Gecko"
193.194.132.27 - - [13/Sep/2018:17:15:33 +0200] "GET /reload?ser=1536851733252 HTTP/1.1" 200 28 "http://renault.2web.at/result?searchterm=true&search=Verk%E4uferbrosch%FCre" "Mozilla/5.0 (Windows NT 6.1; WOW64; Trident/7.0; rv:11.0) like Gecko"
193.194.132.27 - - [13/Sep/2018:17:16:34 +0200] "GET /reload?ser=1536851794447 HTTP/1.1" 200 28 "http://renault.2web.at/result?searchterm=true&search=Verk%E4uferbrosch%FCre" "Mozilla/5.0 (Windows NT 6.1; WOW64; Trident/7.0; rv:11.0) like Gecko"
193.194.132.27 - - [13/Sep/2018:17:17:35 +0200] "GET /reload?ser=1536851855653 HTTP/1.1" 200 28 "http://renault.2web.at/result?searchterm=true&search=Verk%E4uferbrosch%FCre" "Mozilla/5.0 (Windows NT 6.1; WOW64; Trident/7.0; rv:11.0) like Gecko"
193.194.132.27 - - [13/Sep/2018:17:18:37 +0200] "GET /reload?ser=1536851916859 HTTP/1.1" 200 28 "http://renault.2web.at/result?searchterm=true&search=Verk%E4uferbrosch%FCre" "Mozilla/5.0 (Windows NT 6.1; WOW64; Trident/7.0; rv:11.0) like Gecko"
