213.153.47.173 - - [13/Sep/2018:09:31:51 +0200] "GET /reload?ser=1536823898312 HTTP/1.1" 200 28 "http://renault.activities.at/login?required=true" "Mozilla/5.0 (Windows NT 10.0; Win64; x64; rv:62.0) Gecko/20100101 Firefox/62.0"
213.153.47.173 - - [13/Sep/2018:09:31:52 +0200] "GET /reload?ser=1536823899512 HTTP/1.1" 200 28 "http://renault.activities.at/account?loadrequest=true" "Mozilla/5.0 (Windows NT 10.0; Win64; x64; rv:62.0) Gecko/20100101 Firefox/62.0"
193.194.132.27 - - [13/Sep/2018:09:31:53 +0200] "POST /result?searchterm=true&search=Verk%E4uferbrosch%FCre HTTP/1.1" 200 9521 "http://renault.2web.at/result?searchterm=true&search=Verk%E4uferbrosch%FCre" "Mozilla/5.0 (Windows NT 6.1; WOW64; Trident/7.0; rv:11.0) like Gecko"
193.194.132.27 - - [13/Sep/2018:09:32:01 +0200] "POST /result?searchterm=true&search=Verk%E4uferbrosch%FCre HTTP/1.1" 200 9518 "http://renault.2web.at/result?searchterm=true&search=Verk%E4uferbrosch%FCre" "Mozilla/5.0 (Windows NT 6.1; WOW64; Trident/7.0; rv:11.0) like Gecko"
66.249.64.73 - - [13/Sep/2018:09:32:23 +0200] "GET / HTTP/1.1" 200 3683 "-" "Mozilla/5.0 (compatible; Googlebot/2.1; +http://www.google.com/bot.html)"
213.153.47.173 - - [13/Sep/2018:09:32:51 +0200] "GET /reload?ser=1536823958973 HTTP/1.1" 200 28 "http://renault.activities.at/login?required=true" "Mozilla/5.0 (Windows NT 10.0; Win64; x64; rv:62.0) Gecko/20100101 Firefox/62.0"
213.153.47.173 - - [13/Sep/2018:09:32:53 +0200] "GET /reload?ser=1536823960483 HTTP/1.1" 200 28 "http://renault.activities.at/account?loadrequest=true" "Mozilla/5.0 (Windows NT 10.0; Win64; x64; rv:62.0) Gecko/20100101 Firefox/62.0"
193.194.132.27 - - [13/Sep/2018:09:33:05 +0200] "GET /reload?ser=1536823984858 HTTP/1.1" 200 28 "http://renault.2web.at/result?searchterm=true&search=Verk%E4uferbrosch%FCre" "Mozilla/5.0 (Windows NT 6.1; WOW64; Trident/7.0; rv:11.0) like Gecko"
213.153.47.173 - - [13/Sep/2018:09:33:52 +0200] "GET /reload?ser=1536824019633 HTTP/1.1" 200 28 "http://renault.activities.at/login?required=true" "Mozilla/5.0 (Windows NT 10.0; Win64; x64; rv:62.0) Gecko/20100101 Firefox/62.0"
213.153.47.173 - - [13/Sep/2018:09:33:54 +0200] "GET /reload?ser=1536824021454 HTTP/1.1" 200 28 "http://renault.activities.at/account?loadrequest=true" "Mozilla/5.0 (Windows NT 10.0; Win64; x64; rv:62.0) Gecko/20100101 Firefox/62.0"
193.194.132.27 - - [13/Sep/2018:09:34:06 +0200] "GET /reload?ser=1536824046090 HTTP/1.1" 200 28 "http://renault.2web.at/result?searchterm=true&search=Verk%E4uferbrosch%FCre" "Mozilla/5.0 (Windows NT 6.1; WOW64; Trident/7.0; rv:11.0) like Gecko"
213.153.47.173 - - [13/Sep/2018:09:34:53 +0200] "GET /reload?ser=1536824080281 HTTP/1.1" 200 28 "http://renault.activities.at/login?required=true" "Mozilla/5.0 (Windows NT 10.0; Win64; x64; rv:62.0) Gecko/20100101 Firefox/62.0"
213.153.47.173 - - [13/Sep/2018:09:34:55 +0200] "GET /reload?ser=1536824082443 HTTP/1.1" 200 28 "http://renault.activities.at/account?loadrequest=true" "Mozilla/5.0 (Windows NT 10.0; Win64; x64; rv:62.0) Gecko/20100101 Firefox/62.0"
193.194.132.27 - - [13/Sep/2018:09:35:07 +0200] "GET /reload?ser=1536824107156 HTTP/1.1" 200 28 "http://renault.2web.at/result?searchterm=true&search=Verk%E4uferbrosch%FCre" "Mozilla/5.0 (Windows NT 6.1; WOW64; Trident/7.0; rv:11.0) like Gecko"
213.153.47.173 - - [13/Sep/2018:09:35:53 +0200] "GET /reload?ser=1536824140943 HTTP/1.1" 200 28 "http://renault.activities.at/login?required=true" "Mozilla/5.0 (Windows NT 10.0; Win64; x64; rv:62.0) Gecko/20100101 Firefox/62.0"
213.153.47.173 - - [13/Sep/2018:09:35:56 +0200] "GET /reload?ser=1536824143443 HTTP/1.1" 200 28 "http://renault.activities.at/account?loadrequest=true" "Mozilla/5.0 (Windows NT 10.0; Win64; x64; rv:62.0) Gecko/20100101 Firefox/62.0"
193.194.132.27 - - [13/Sep/2018:09:36:08 +0200] "GET /reload?ser=1536824168281 HTTP/1.1" 200 28 "http://renault.2web.at/result?searchterm=true&search=Verk%E4uferbrosch%FCre" "Mozilla/5.0 (Windows NT 6.1; WOW64; Trident/7.0; rv:11.0) like Gecko"
213.153.47.173 - - [13/Sep/2018:09:36:54 +0200] "GET /reload?ser=1536824201623 HTTP/1.1" 200 28 "http://renault.activities.at/login?required=true" "Mozilla/5.0 (Windows NT 10.0; Win64; x64; rv:62.0) Gecko/20100101 Firefox/62.0"
213.153.47.173 - - [13/Sep/2018:09:36:57 +0200] "GET /reload?ser=1536824204463 HTTP/1.1" 200 28 "http://renault.activities.at/account?loadrequest=true" "Mozilla/5.0 (Windows NT 10.0; Win64; x64; rv:62.0) Gecko/20100101 Firefox/62.0"
193.194.132.27 - - [13/Sep/2018:09:37:09 +0200] "GET /reload?ser=1536824229391 HTTP/1.1" 200 28 "http://renault.2web.at/result?searchterm=true&search=Verk%E4uferbrosch%FCre" "Mozilla/5.0 (Windows NT 6.1; WOW64; Trident/7.0; rv:11.0) like Gecko"
213.153.47.173 - - [13/Sep/2018:09:37:55 +0200] "GET /reload?ser=1536824262283 HTTP/1.1" 200 28 "http://renault.activities.at/login?required=true" "Mozilla/5.0 (Windows NT 10.0; Win64; x64; rv:62.0) Gecko/20100101 Firefox/62.0"
213.153.47.173 - - [13/Sep/2018:09:37:58 +0200] "GET /reload?ser=1536824265483 HTTP/1.1" 200 28 "http://renault.activities.at/account?loadrequest=true" "Mozilla/5.0 (Windows NT 10.0; Win64; x64; rv:62.0) Gecko/20100101 Firefox/62.0"
193.194.132.27 - - [13/Sep/2018:09:38:10 +0200] "GET /reload?ser=1536824290488 HTTP/1.1" 200 28 "http://renault.2web.at/result?searchterm=true&search=Verk%E4uferbrosch%FCre" "Mozilla/5.0 (Windows NT 6.1; WOW64; Trident/7.0; rv:11.0) like Gecko"
213.153.47.173 - - [13/Sep/2018:09:38:55 +0200] "GET /reload?ser=1536824322952 HTTP/1.1" 200 28 "http://renault.activities.at/login?required=true" "Mozilla/5.0 (Windows NT 10.0; Win64; x64; rv:62.0) Gecko/20100101 Firefox/62.0"
213.153.47.173 - - [13/Sep/2018:09:38:59 +0200] "GET /reload?ser=1536824326473 HTTP/1.1" 200 28 "http://renault.activities.at/account?loadrequest=true" "Mozilla/5.0 (Windows NT 10.0; Win64; x64; rv:62.0) Gecko/20100101 Firefox/62.0"
193.194.132.27 - - [13/Sep/2018:09:39:11 +0200] "GET /reload?ser=1536824351599 HTTP/1.1" 200 28 "http://renault.2web.at/result?searchterm=true&search=Verk%E4uferbrosch%FCre" "Mozilla/5.0 (Windows NT 6.1; WOW64; Trident/7.0; rv:11.0) like Gecko"
213.153.47.173 - - [13/Sep/2018:09:39:56 +0200] "GET /reload?ser=1536824383603 HTTP/1.1" 200 28 "http://renault.activities.at/login?required=true" "Mozilla/5.0 (Windows NT 10.0; Win64; x64; rv:62.0) Gecko/20100101 Firefox/62.0"
213.153.47.173 - - [13/Sep/2018:09:40:00 +0200] "GET /reload?ser=1536824387473 HTTP/1.1" 200 28 "http://renault.activities.at/account?loadrequest=true" "Mozilla/5.0 (Windows NT 10.0; Win64; x64; rv:62.0) Gecko/20100101 Firefox/62.0"
193.194.132.27 - - [13/Sep/2018:09:40:12 +0200] "GET /reload?ser=1536824412678 HTTP/1.1" 200 28 "http://renault.2web.at/result?searchterm=true&search=Verk%E4uferbrosch%FCre" "Mozilla/5.0 (Windows NT 6.1; WOW64; Trident/7.0; rv:11.0) like Gecko"
213.153.47.173 - - [13/Sep/2018:09:40:57 +0200] "GET /reload?ser=1536824444273 HTTP/1.1" 200 28 "http://renault.activities.at/login?required=true" "Mozilla/5.0 (Windows NT 10.0; Win64; x64; rv:62.0) Gecko/20100101 Firefox/62.0"
213.153.47.173 - - [13/Sep/2018:09:41:01 +0200] "GET /reload?ser=1536824448422 HTTP/1.1" 200 28 "http://renault.activities.at/account?loadrequest=true" "Mozilla/5.0 (Windows NT 10.0; Win64; x64; rv:62.0) Gecko/20100101 Firefox/62.0"
193.194.132.27 - - [13/Sep/2018:09:41:14 +0200] "GET /reload?ser=1536824473751 HTTP/1.1" 200 28 "http://renault.2web.at/result?searchterm=true&search=Verk%E4uferbrosch%FCre" "Mozilla/5.0 (Windows NT 6.1; WOW64; Trident/7.0; rv:11.0) like Gecko"
213.153.47.173 - - [13/Sep/2018:09:41:57 +0200] "GET /reload?ser=1536824504943 HTTP/1.1" 200 28 "http://renault.activities.at/login?required=true" "Mozilla/5.0 (Windows NT 10.0; Win64; x64; rv:62.0) Gecko/20100101 Firefox/62.0"
213.153.47.173 - - [13/Sep/2018:09:42:02 +0200] "GET /reload?ser=1536824509423 HTTP/1.1" 200 28 "http://renault.activities.at/account?loadrequest=true" "Mozilla/5.0 (Windows NT 10.0; Win64; x64; rv:62.0) Gecko/20100101 Firefox/62.0"
193.194.132.27 - - [13/Sep/2018:09:42:15 +0200] "GET /reload?ser=1536824535311 HTTP/1.1" 200 28 "http://renault.2web.at/result?searchterm=true&search=Verk%E4uferbrosch%FCre" "Mozilla/5.0 (Windows NT 6.1; WOW64; Trident/7.0; rv:11.0) like Gecko"
213.153.47.173 - - [13/Sep/2018:09:42:58 +0200] "GET /reload?ser=1536824565592 HTTP/1.1" 200 28 "http://renault.activities.at/login?required=true" "Mozilla/5.0 (Windows NT 10.0; Win64; x64; rv:62.0) Gecko/20100101 Firefox/62.0"
213.153.47.173 - - [13/Sep/2018:09:43:03 +0200] "GET /reload?ser=1536824570432 HTTP/1.1" 200 28 "http://renault.activities.at/account?loadrequest=true" "Mozilla/5.0 (Windows NT 10.0; Win64; x64; rv:62.0) Gecko/20100101 Firefox/62.0"
193.194.132.27 - - [13/Sep/2018:09:43:16 +0200] "GET /reload?ser=1536824596383 HTTP/1.1" 200 28 "http://renault.2web.at/result?searchterm=true&search=Verk%E4uferbrosch%FCre" "Mozilla/5.0 (Windows NT 6.1; WOW64; Trident/7.0; rv:11.0) like Gecko"
213.153.47.173 - - [13/Sep/2018:09:43:59 +0200] "GET /reload?ser=1536824626253 HTTP/1.1" 200 28 "http://renault.activities.at/login?required=true" "Mozilla/5.0 (Windows NT 10.0; Win64; x64; rv:62.0) Gecko/20100101 Firefox/62.0"
213.153.47.173 - - [13/Sep/2018:09:44:04 +0200] "GET /reload?ser=1536824631392 HTTP/1.1" 200 28 "http://renault.activities.at/account?loadrequest=true" "Mozilla/5.0 (Windows NT 10.0; Win64; x64; rv:62.0) Gecko/20100101 Firefox/62.0"
193.194.132.27 - - [13/Sep/2018:09:44:17 +0200] "GET /reload?ser=1536824657745 HTTP/1.1" 200 28 "http://renault.2web.at/result?searchterm=true&search=Verk%E4uferbrosch%FCre" "Mozilla/5.0 (Windows NT 6.1; WOW64; Trident/7.0; rv:11.0) like Gecko"
213.153.47.173 - - [13/Sep/2018:09:44:59 +0200] "GET /reload?ser=1536824686903 HTTP/1.1" 200 28 "http://renault.activities.at/login?required=true" "Mozilla/5.0 (Windows NT 10.0; Win64; x64; rv:62.0) Gecko/20100101 Firefox/62.0"
213.153.47.173 - - [13/Sep/2018:09:45:05 +0200] "GET /reload?ser=1536824692361 HTTP/1.1" 200 28 "http://renault.activities.at/account?loadrequest=true" "Mozilla/5.0 (Windows NT 10.0; Win64; x64; rv:62.0) Gecko/20100101 Firefox/62.0"
193.194.132.27 - - [13/Sep/2018:09:45:19 +0200] "GET /reload?ser=1536824718942 HTTP/1.1" 200 28 "http://renault.2web.at/result?searchterm=true&search=Verk%E4uferbrosch%FCre" "Mozilla/5.0 (Windows NT 6.1; WOW64; Trident/7.0; rv:11.0) like Gecko"
213.153.47.173 - - [13/Sep/2018:09:46:00 +0200] "GET /reload?ser=1536824747582 HTTP/1.1" 200 28 "http://renault.activities.at/login?required=true" "Mozilla/5.0 (Windows NT 10.0; Win64; x64; rv:62.0) Gecko/20100101 Firefox/62.0"
213.153.47.173 - - [13/Sep/2018:09:46:06 +0200] "GET /reload?ser=1536824753342 HTTP/1.1" 200 28 "http://renault.activities.at/account?loadrequest=true" "Mozilla/5.0 (Windows NT 10.0; Win64; x64; rv:62.0) Gecko/20100101 Firefox/62.0"
193.194.132.27 - - [13/Sep/2018:09:46:20 +0200] "GET /reload?ser=1536824780061 HTTP/1.1" 200 28 "http://renault.2web.at/result?searchterm=true&search=Verk%E4uferbrosch%FCre" "Mozilla/5.0 (Windows NT 6.1; WOW64; Trident/7.0; rv:11.0) like Gecko"
213.153.47.173 - - [13/Sep/2018:09:47:01 +0200] "GET /reload?ser=1536824808253 HTTP/1.1" 200 28 "http://renault.activities.at/login?required=true" "Mozilla/5.0 (Windows NT 10.0; Win64; x64; rv:62.0) Gecko/20100101 Firefox/62.0"
213.153.47.173 - - [13/Sep/2018:09:47:07 +0200] "GET /reload?ser=1536824814342 HTTP/1.1" 200 28 "http://renault.activities.at/account?loadrequest=true" "Mozilla/5.0 (Windows NT 10.0; Win64; x64; rv:62.0) Gecko/20100101 Firefox/62.0"
193.194.132.27 - - [13/Sep/2018:09:47:21 +0200] "GET /reload?ser=1536824841224 HTTP/1.1" 200 28 "http://renault.2web.at/result?searchterm=true&search=Verk%E4uferbrosch%FCre" "Mozilla/5.0 (Windows NT 6.1; WOW64; Trident/7.0; rv:11.0) like Gecko"
213.153.47.173 - - [13/Sep/2018:09:48:01 +0200] "GET /reload?ser=1536824868913 HTTP/1.1" 200 28 "http://renault.activities.at/login?required=true" "Mozilla/5.0 (Windows NT 10.0; Win64; x64; rv:62.0) Gecko/20100101 Firefox/62.0"
213.153.47.173 - - [13/Sep/2018:09:48:08 +0200] "GET /reload?ser=1536824875282 HTTP/1.1" 200 28 "http://renault.activities.at/account?loadrequest=true" "Mozilla/5.0 (Windows NT 10.0; Win64; x64; rv:62.0) Gecko/20100101 Firefox/62.0"
193.194.132.27 - - [13/Sep/2018:09:48:22 +0200] "GET /reload?ser=1536824902353 HTTP/1.1" 200 28 "http://renault.2web.at/result?searchterm=true&search=Verk%E4uferbrosch%FCre" "Mozilla/5.0 (Windows NT 6.1; WOW64; Trident/7.0; rv:11.0) like Gecko"
213.153.47.173 - - [13/Sep/2018:09:49:02 +0200] "GET /reload?ser=1536824929572 HTTP/1.1" 200 28 "http://renault.activities.at/login?required=true" "Mozilla/5.0 (Windows NT 10.0; Win64; x64; rv:62.0) Gecko/20100101 Firefox/62.0"
213.153.47.173 - - [13/Sep/2018:09:49:09 +0200] "GET /reload?ser=1536824936253 HTTP/1.1" 200 28 "http://renault.activities.at/account?loadrequest=true" "Mozilla/5.0 (Windows NT 10.0; Win64; x64; rv:62.0) Gecko/20100101 Firefox/62.0"
193.194.132.27 - - [13/Sep/2018:09:49:23 +0200] "GET /reload?ser=1536824963438 HTTP/1.1" 200 28 "http://renault.2web.at/result?searchterm=true&search=Verk%E4uferbrosch%FCre" "Mozilla/5.0 (Windows NT 6.1; WOW64; Trident/7.0; rv:11.0) like Gecko"
213.153.47.173 - - [13/Sep/2018:09:50:03 +0200] "GET /reload?ser=1536824990234 HTTP/1.1" 200 28 "http://renault.activities.at/login?required=true" "Mozilla/5.0 (Windows NT 10.0; Win64; x64; rv:62.0) Gecko/20100101 Firefox/62.0"
213.153.47.173 - - [13/Sep/2018:09:50:10 +0200] "GET /reload?ser=1536824997232 HTTP/1.1" 200 28 "http://renault.activities.at/account?loadrequest=true" "Mozilla/5.0 (Windows NT 10.0; Win64; x64; rv:62.0) Gecko/20100101 Firefox/62.0"
193.194.132.27 - - [13/Sep/2018:09:50:36 +0200] "GET /reload?ser=1536825024563 HTTP/1.1" 200 28 "http://renault.2web.at/result?searchterm=true&search=Verk%E4uferbrosch%FCre" "Mozilla/5.0 (Windows NT 6.1; WOW64; Trident/7.0; rv:11.0) like Gecko"
213.153.47.173 - - [13/Sep/2018:09:51:03 +0200] "GET /reload?ser=1536825050891 HTTP/1.1" 200 28 "http://renault.activities.at/login?required=true" "Mozilla/5.0 (Windows NT 10.0; Win64; x64; rv:62.0) Gecko/20100101 Firefox/62.0"
213.153.47.173 - - [13/Sep/2018:09:51:11 +0200] "GET /reload?ser=1536825058211 HTTP/1.1" 200 28 "http://renault.activities.at/account?loadrequest=true" "Mozilla/5.0 (Windows NT 10.0; Win64; x64; rv:62.0) Gecko/20100101 Firefox/62.0"
193.194.132.27 - - [13/Sep/2018:09:51:37 +0200] "GET /reload?ser=1536825097686 HTTP/1.1" 200 28 "http://renault.2web.at/result?searchterm=true&search=Verk%E4uferbrosch%FCre" "Mozilla/5.0 (Windows NT 6.1; WOW64; Trident/7.0; rv:11.0) like Gecko"
213.153.47.173 - - [13/Sep/2018:09:52:04 +0200] "GET /reload?ser=1536825111553 HTTP/1.1" 200 28 "http://renault.activities.at/login?required=true" "Mozilla/5.0 (Windows NT 10.0; Win64; x64; rv:62.0) Gecko/20100101 Firefox/62.0"
213.153.47.173 - - [13/Sep/2018:09:52:12 +0200] "GET /reload?ser=1536825119193 HTTP/1.1" 200 28 "http://renault.activities.at/account?loadrequest=true" "Mozilla/5.0 (Windows NT 10.0; Win64; x64; rv:62.0) Gecko/20100101 Firefox/62.0"
193.194.132.27 - - [13/Sep/2018:09:52:38 +0200] "GET /reload?ser=1536825158812 HTTP/1.1" 200 28 "http://renault.2web.at/result?searchterm=true&search=Verk%E4uferbrosch%FCre" "Mozilla/5.0 (Windows NT 6.1; WOW64; Trident/7.0; rv:11.0) like Gecko"
213.153.47.173 - - [13/Sep/2018:09:53:05 +0200] "GET /reload?ser=1536825172213 HTTP/1.1" 200 28 "http://renault.activities.at/login?required=true" "Mozilla/5.0 (Windows NT 10.0; Win64; x64; rv:62.0) Gecko/20100101 Firefox/62.0"
213.153.47.173 - - [13/Sep/2018:09:53:13 +0200] "GET /reload?ser=1536825180153 HTTP/1.1" 200 28 "http://renault.activities.at/account?loadrequest=true" "Mozilla/5.0 (Windows NT 10.0; Win64; x64; rv:62.0) Gecko/20100101 Firefox/62.0"
193.194.132.27 - - [13/Sep/2018:09:53:39 +0200] "GET /reload?ser=1536825219894 HTTP/1.1" 200 28 "http://renault.2web.at/result?searchterm=true&search=Verk%E4uferbrosch%FCre" "Mozilla/5.0 (Windows NT 6.1; WOW64; Trident/7.0; rv:11.0) like Gecko"
213.153.47.173 - - [13/Sep/2018:09:54:05 +0200] "GET /reload?ser=1536825232873 HTTP/1.1" 200 28 "http://renault.activities.at/login?required=true" "Mozilla/5.0 (Windows NT 10.0; Win64; x64; rv:62.0) Gecko/20100101 Firefox/62.0"
213.153.47.173 - - [13/Sep/2018:09:54:14 +0200] "GET /reload?ser=1536825241123 HTTP/1.1" 200 28 "http://renault.activities.at/account?loadrequest=true" "Mozilla/5.0 (Windows NT 10.0; Win64; x64; rv:62.0) Gecko/20100101 Firefox/62.0"
193.194.132.27 - - [13/Sep/2018:09:54:41 +0200] "GET /reload?ser=1536825281056 HTTP/1.1" 200 28 "http://renault.2web.at/result?searchterm=true&search=Verk%E4uferbrosch%FCre" "Mozilla/5.0 (Windows NT 6.1; WOW64; Trident/7.0; rv:11.0) like Gecko"
213.153.47.173 - - [13/Sep/2018:09:55:06 +0200] "GET /reload?ser=1536825293543 HTTP/1.1" 200 28 "http://renault.activities.at/login?required=true" "Mozilla/5.0 (Windows NT 10.0; Win64; x64; rv:62.0) Gecko/20100101 Firefox/62.0"
213.153.47.173 - - [13/Sep/2018:09:55:15 +0200] "GET /reload?ser=1536825302083 HTTP/1.1" 200 28 "http://renault.activities.at/account?loadrequest=true" "Mozilla/5.0 (Windows NT 10.0; Win64; x64; rv:62.0) Gecko/20100101 Firefox/62.0"
193.194.132.27 - - [13/Sep/2018:09:55:42 +0200] "GET /reload?ser=1536825342233 HTTP/1.1" 200 28 "http://renault.2web.at/result?searchterm=true&search=Verk%E4uferbrosch%FCre" "Mozilla/5.0 (Windows NT 6.1; WOW64; Trident/7.0; rv:11.0) like Gecko"
213.153.47.173 - - [13/Sep/2018:09:56:07 +0200] "GET /reload?ser=1536825354203 HTTP/1.1" 200 28 "http://renault.activities.at/login?required=true" "Mozilla/5.0 (Windows NT 10.0; Win64; x64; rv:62.0) Gecko/20100101 Firefox/62.0"
213.153.47.173 - - [13/Sep/2018:09:56:16 +0200] "GET /reload?ser=1536825363082 HTTP/1.1" 200 28 "http://renault.activities.at/account?loadrequest=true" "Mozilla/5.0 (Windows NT 10.0; Win64; x64; rv:62.0) Gecko/20100101 Firefox/62.0"
193.194.132.27 - - [13/Sep/2018:09:56:43 +0200] "GET /reload?ser=1536825403437 HTTP/1.1" 200 28 "http://renault.2web.at/result?searchterm=true&search=Verk%E4uferbrosch%FCre" "Mozilla/5.0 (Windows NT 6.1; WOW64; Trident/7.0; rv:11.0) like Gecko"
213.153.47.173 - - [13/Sep/2018:09:57:07 +0200] "GET /reload?ser=1536825414851 HTTP/1.1" 200 28 "http://renault.activities.at/login?required=true" "Mozilla/5.0 (Windows NT 10.0; Win64; x64; rv:62.0) Gecko/20100101 Firefox/62.0"
213.153.47.173 - - [13/Sep/2018:09:57:16 +0200] "GET /reload?ser=1536825424033 HTTP/1.1" 200 28 "http://renault.activities.at/account?loadrequest=true" "Mozilla/5.0 (Windows NT 10.0; Win64; x64; rv:62.0) Gecko/20100101 Firefox/62.0"
193.194.132.27 - - [13/Sep/2018:09:57:44 +0200] "GET /reload?ser=1536825464832 HTTP/1.1" 200 28 "http://renault.2web.at/result?searchterm=true&search=Verk%E4uferbrosch%FCre" "Mozilla/5.0 (Windows NT 6.1; WOW64; Trident/7.0; rv:11.0) like Gecko"
213.153.47.173 - - [13/Sep/2018:09:58:08 +0200] "GET /reload?ser=1536825475513 HTTP/1.1" 200 28 "http://renault.activities.at/login?required=true" "Mozilla/5.0 (Windows NT 10.0; Win64; x64; rv:62.0) Gecko/20100101 Firefox/62.0"
213.153.47.173 - - [13/Sep/2018:09:58:17 +0200] "GET /reload?ser=1536825485052 HTTP/1.1" 200 28 "http://renault.activities.at/account?loadrequest=true" "Mozilla/5.0 (Windows NT 10.0; Win64; x64; rv:62.0) Gecko/20100101 Firefox/62.0"
193.194.132.27 - - [13/Sep/2018:09:58:46 +0200] "GET /reload?ser=1536825525962 HTTP/1.1" 200 28 "http://renault.2web.at/result?searchterm=true&search=Verk%E4uferbrosch%FCre" "Mozilla/5.0 (Windows NT 6.1; WOW64; Trident/7.0; rv:11.0) like Gecko"
213.153.47.173 - - [13/Sep/2018:09:59:09 +0200] "GET /reload?ser=1536825536172 HTTP/1.1" 200 28 "http://renault.activities.at/login?required=true" "Mozilla/5.0 (Windows NT 10.0; Win64; x64; rv:62.0) Gecko/20100101 Firefox/62.0"
213.153.47.173 - - [13/Sep/2018:09:59:18 +0200] "GET /reload?ser=1536825546053 HTTP/1.1" 200 28 "http://renault.activities.at/account?loadrequest=true" "Mozilla/5.0 (Windows NT 10.0; Win64; x64; rv:62.0) Gecko/20100101 Firefox/62.0"
193.194.132.27 - - [13/Sep/2018:09:59:50 +0200] "GET /reload?ser=1536825590395 HTTP/1.1" 200 28 "http://renault.2web.at/result?searchterm=true&search=Verk%E4uferbrosch%FCre" "Mozilla/5.0 (Windows NT 6.1; WOW64; Trident/7.0; rv:11.0) like Gecko"
213.153.47.173 - - [13/Sep/2018:10:00:09 +0200] "GET /reload?ser=1536825596832 HTTP/1.1" 200 28 "http://renault.activities.at/login?required=true" "Mozilla/5.0 (Windows NT 10.0; Win64; x64; rv:62.0) Gecko/20100101 Firefox/62.0"
213.153.47.173 - - [13/Sep/2018:10:00:19 +0200] "GET /reload?ser=1536825607053 HTTP/1.1" 200 28 "http://renault.activities.at/account?loadrequest=true" "Mozilla/5.0 (Windows NT 10.0; Win64; x64; rv:62.0) Gecko/20100101 Firefox/62.0"
193.194.132.27 - - [13/Sep/2018:10:01:03 +0200] "GET /reload?ser=1536825651564 HTTP/1.1" 200 28 "http://renault.2web.at/result?searchterm=true&search=Verk%E4uferbrosch%FCre" "Mozilla/5.0 (Windows NT 6.1; WOW64; Trident/7.0; rv:11.0) like Gecko"
213.153.47.173 - - [13/Sep/2018:10:01:10 +0200] "GET /reload?ser=1536825657502 HTTP/1.1" 200 28 "http://renault.activities.at/login?required=true" "Mozilla/5.0 (Windows NT 10.0; Win64; x64; rv:62.0) Gecko/20100101 Firefox/62.0"
213.153.47.173 - - [13/Sep/2018:10:01:20 +0200] "GET /reload?ser=1536825668042 HTTP/1.1" 200 28 "http://renault.activities.at/account?loadrequest=true" "Mozilla/5.0 (Windows NT 10.0; Win64; x64; rv:62.0) Gecko/20100101 Firefox/62.0"
193.194.132.27 - - [13/Sep/2018:10:02:04 +0200] "GET /reload?ser=1536825724694 HTTP/1.1" 200 28 "http://renault.2web.at/result?searchterm=true&search=Verk%E4uferbrosch%FCre" "Mozilla/5.0 (Windows NT 6.1; WOW64; Trident/7.0; rv:11.0) like Gecko"
213.153.47.173 - - [13/Sep/2018:10:02:11 +0200] "GET /reload?ser=1536825718152 HTTP/1.1" 200 28 "http://renault.activities.at/login?required=true" "Mozilla/5.0 (Windows NT 10.0; Win64; x64; rv:62.0) Gecko/20100101 Firefox/62.0"
213.153.47.173 - - [13/Sep/2018:10:02:21 +0200] "GET /reload?ser=1536825729025 HTTP/1.1" 200 28 "http://renault.activities.at/account?loadrequest=true" "Mozilla/5.0 (Windows NT 10.0; Win64; x64; rv:62.0) Gecko/20100101 Firefox/62.0"
193.194.132.27 - - [13/Sep/2018:10:03:05 +0200] "GET /reload?ser=1536825785821 HTTP/1.1" 200 28 "http://renault.2web.at/result?searchterm=true&search=Verk%E4uferbrosch%FCre" "Mozilla/5.0 (Windows NT 6.1; WOW64; Trident/7.0; rv:11.0) like Gecko"
213.153.47.173 - - [13/Sep/2018:10:03:11 +0200] "GET /reload?ser=1536825778817 HTTP/1.1" 200 28 "http://renault.activities.at/login?required=true" "Mozilla/5.0 (Windows NT 10.0; Win64; x64; rv:62.0) Gecko/20100101 Firefox/62.0"
213.153.47.173 - - [13/Sep/2018:10:03:22 +0200] "GET /reload?ser=1536825790023 HTTP/1.1" 200 28 "http://renault.activities.at/account?loadrequest=true" "Mozilla/5.0 (Windows NT 10.0; Win64; x64; rv:62.0) Gecko/20100101 Firefox/62.0"
193.194.132.27 - - [13/Sep/2018:10:04:07 +0200] "GET /reload?ser=1536825846966 HTTP/1.1" 200 28 "http://renault.2web.at/result?searchterm=true&search=Verk%E4uferbrosch%FCre" "Mozilla/5.0 (Windows NT 6.1; WOW64; Trident/7.0; rv:11.0) like Gecko"
213.153.47.173 - - [13/Sep/2018:10:04:12 +0200] "GET /reload?ser=1536825839469 HTTP/1.1" 200 28 "http://renault.activities.at/login?required=true" "Mozilla/5.0 (Windows NT 10.0; Win64; x64; rv:62.0) Gecko/20100101 Firefox/62.0"
213.153.47.173 - - [13/Sep/2018:10:04:23 +0200] "GET /reload?ser=1536825850986 HTTP/1.1" 200 28 "http://renault.activities.at/account?loadrequest=true" "Mozilla/5.0 (Windows NT 10.0; Win64; x64; rv:62.0) Gecko/20100101 Firefox/62.0"
193.194.132.27 - - [13/Sep/2018:10:05:08 +0200] "GET /reload?ser=1536825908060 HTTP/1.1" 200 28 "http://renault.2web.at/result?searchterm=true&search=Verk%E4uferbrosch%FCre" "Mozilla/5.0 (Windows NT 6.1; WOW64; Trident/7.0; rv:11.0) like Gecko"
213.153.47.173 - - [13/Sep/2018:10:05:13 +0200] "GET /reload?ser=1536825900132 HTTP/1.1" 200 28 "http://renault.activities.at/login?required=true" "Mozilla/5.0 (Windows NT 10.0; Win64; x64; rv:62.0) Gecko/20100101 Firefox/62.0"
213.153.47.173 - - [13/Sep/2018:10:05:24 +0200] "GET /reload?ser=1536825911971 HTTP/1.1" 200 28 "http://renault.activities.at/account?loadrequest=true" "Mozilla/5.0 (Windows NT 10.0; Win64; x64; rv:62.0) Gecko/20100101 Firefox/62.0"
193.194.132.27 - - [13/Sep/2018:10:06:09 +0200] "GET /reload?ser=1536825969120 HTTP/1.1" 200 28 "http://renault.2web.at/result?searchterm=true&search=Verk%E4uferbrosch%FCre" "Mozilla/5.0 (Windows NT 6.1; WOW64; Trident/7.0; rv:11.0) like Gecko"
213.153.47.173 - - [13/Sep/2018:10:06:13 +0200] "GET /reload?ser=1536825960772 HTTP/1.1" 200 28 "http://renault.activities.at/login?required=true" "Mozilla/5.0 (Windows NT 10.0; Win64; x64; rv:62.0) Gecko/20100101 Firefox/62.0"
213.153.47.173 - - [13/Sep/2018:10:06:25 +0200] "GET /reload?ser=1536825972922 HTTP/1.1" 200 28 "http://renault.activities.at/account?loadrequest=true" "Mozilla/5.0 (Windows NT 10.0; Win64; x64; rv:62.0) Gecko/20100101 Firefox/62.0"
193.194.132.27 - - [13/Sep/2018:10:07:10 +0200] "GET /reload?ser=1536826030241 HTTP/1.1" 200 28 "http://renault.2web.at/result?searchterm=true&search=Verk%E4uferbrosch%FCre" "Mozilla/5.0 (Windows NT 6.1; WOW64; Trident/7.0; rv:11.0) like Gecko"
213.153.47.173 - - [13/Sep/2018:10:07:14 +0200] "GET /reload?ser=1536826021422 HTTP/1.1" 200 28 "http://renault.activities.at/login?required=true" "Mozilla/5.0 (Windows NT 10.0; Win64; x64; rv:62.0) Gecko/20100101 Firefox/62.0"
213.153.47.173 - - [13/Sep/2018:10:07:26 +0200] "GET /reload?ser=1536826033972 HTTP/1.1" 200 28 "http://renault.activities.at/account?loadrequest=true" "Mozilla/5.0 (Windows NT 10.0; Win64; x64; rv:62.0) Gecko/20100101 Firefox/62.0"
193.194.132.27 - - [13/Sep/2018:10:08:11 +0200] "GET /reload?ser=1536826091333 HTTP/1.1" 200 28 "http://renault.2web.at/result?searchterm=true&search=Verk%E4uferbrosch%FCre" "Mozilla/5.0 (Windows NT 6.1; WOW64; Trident/7.0; rv:11.0) like Gecko"
213.153.47.173 - - [13/Sep/2018:10:08:15 +0200] "GET /reload?ser=1536826082082 HTTP/1.1" 200 28 "http://renault.activities.at/login?required=true" "Mozilla/5.0 (Windows NT 10.0; Win64; x64; rv:62.0) Gecko/20100101 Firefox/62.0"
213.153.47.173 - - [13/Sep/2018:10:08:27 +0200] "GET /reload?ser=1536826094942 HTTP/1.1" 200 28 "http://renault.activities.at/account?loadrequest=true" "Mozilla/5.0 (Windows NT 10.0; Win64; x64; rv:62.0) Gecko/20100101 Firefox/62.0"
193.194.132.27 - - [13/Sep/2018:10:09:12 +0200] "GET /reload?ser=1536826152433 HTTP/1.1" 200 28 "http://renault.2web.at/result?searchterm=true&search=Verk%E4uferbrosch%FCre" "Mozilla/5.0 (Windows NT 6.1; WOW64; Trident/7.0; rv:11.0) like Gecko"
213.153.47.173 - - [13/Sep/2018:10:09:15 +0200] "GET /reload?ser=1536826142752 HTTP/1.1" 200 28 "http://renault.activities.at/login?required=true" "Mozilla/5.0 (Windows NT 10.0; Win64; x64; rv:62.0) Gecko/20100101 Firefox/62.0"
213.153.47.173 - - [13/Sep/2018:10:09:28 +0200] "GET /reload?ser=1536826155922 HTTP/1.1" 200 28 "http://renault.activities.at/account?loadrequest=true" "Mozilla/5.0 (Windows NT 10.0; Win64; x64; rv:62.0) Gecko/20100101 Firefox/62.0"
193.194.132.27 - - [13/Sep/2018:10:10:13 +0200] "GET /reload?ser=1536826213532 HTTP/1.1" 200 28 "http://renault.2web.at/result?searchterm=true&search=Verk%E4uferbrosch%FCre" "Mozilla/5.0 (Windows NT 6.1; WOW64; Trident/7.0; rv:11.0) like Gecko"
213.153.47.173 - - [13/Sep/2018:10:10:16 +0200] "GET /reload?ser=1536826203402 HTTP/1.1" 200 28 "http://renault.activities.at/login?required=true" "Mozilla/5.0 (Windows NT 10.0; Win64; x64; rv:62.0) Gecko/20100101 Firefox/62.0"
213.153.47.173 - - [13/Sep/2018:10:10:29 +0200] "GET /reload?ser=1536826216932 HTTP/1.1" 200 28 "http://renault.activities.at/account?loadrequest=true" "Mozilla/5.0 (Windows NT 10.0; Win64; x64; rv:62.0) Gecko/20100101 Firefox/62.0"
213.153.47.173 - - [13/Sep/2018:10:11:17 +0200] "GET /reload?ser=1536826264062 HTTP/1.1" 200 28 "http://renault.activities.at/login?required=true" "Mozilla/5.0 (Windows NT 10.0; Win64; x64; rv:62.0) Gecko/20100101 Firefox/62.0"
193.194.132.27 - - [13/Sep/2018:10:11:26 +0200] "GET /reload?ser=1536826274647 HTTP/1.1" 200 28 "http://renault.2web.at/result?searchterm=true&search=Verk%E4uferbrosch%FCre" "Mozilla/5.0 (Windows NT 6.1; WOW64; Trident/7.0; rv:11.0) like Gecko"
213.153.47.173 - - [13/Sep/2018:10:11:30 +0200] "GET /reload?ser=1536826277971 HTTP/1.1" 200 28 "http://renault.activities.at/account?loadrequest=true" "Mozilla/5.0 (Windows NT 10.0; Win64; x64; rv:62.0) Gecko/20100101 Firefox/62.0"
213.153.47.173 - - [13/Sep/2018:10:12:17 +0200] "GET /reload?ser=1536826324742 HTTP/1.1" 200 28 "http://renault.activities.at/login?required=true" "Mozilla/5.0 (Windows NT 10.0; Win64; x64; rv:62.0) Gecko/20100101 Firefox/62.0"
193.194.132.27 - - [13/Sep/2018:10:12:28 +0200] "GET /reload?ser=1536826347801 HTTP/1.1" 200 28 "http://renault.2web.at/result?searchterm=true&search=Verk%E4uferbrosch%FCre" "Mozilla/5.0 (Windows NT 6.1; WOW64; Trident/7.0; rv:11.0) like Gecko"
213.153.47.173 - - [13/Sep/2018:10:12:31 +0200] "GET /reload?ser=1536826338964 HTTP/1.1" 200 28 "http://renault.activities.at/account?loadrequest=true" "Mozilla/5.0 (Windows NT 10.0; Win64; x64; rv:62.0) Gecko/20100101 Firefox/62.0"
213.153.47.173 - - [13/Sep/2018:10:13:18 +0200] "GET /reload?ser=1536826385412 HTTP/1.1" 200 28 "http://renault.activities.at/login?required=true" "Mozilla/5.0 (Windows NT 10.0; Win64; x64; rv:62.0) Gecko/20100101 Firefox/62.0"
193.194.132.27 - - [13/Sep/2018:10:13:29 +0200] "GET /reload?ser=1536826409115 HTTP/1.1" 200 28 "http://renault.2web.at/result?searchterm=true&search=Verk%E4uferbrosch%FCre" "Mozilla/5.0 (Windows NT 6.1; WOW64; Trident/7.0; rv:11.0) like Gecko"
213.153.47.173 - - [13/Sep/2018:10:13:32 +0200] "GET /reload?ser=1536826399992 HTTP/1.1" 200 28 "http://renault.activities.at/account?loadrequest=true" "Mozilla/5.0 (Windows NT 10.0; Win64; x64; rv:62.0) Gecko/20100101 Firefox/62.0"
213.153.47.173 - - [13/Sep/2018:10:14:19 +0200] "GET /reload?ser=1536826446072 HTTP/1.1" 200 28 "http://renault.activities.at/login?required=true" "Mozilla/5.0 (Windows NT 10.0; Win64; x64; rv:62.0) Gecko/20100101 Firefox/62.0"
193.194.132.27 - - [13/Sep/2018:10:14:30 +0200] "GET /reload?ser=1536826470264 HTTP/1.1" 200 28 "http://renault.2web.at/result?searchterm=true&search=Verk%E4uferbrosch%FCre" "Mozilla/5.0 (Windows NT 6.1; WOW64; Trident/7.0; rv:11.0) like Gecko"
213.153.47.173 - - [13/Sep/2018:10:14:33 +0200] "GET /reload?ser=1536826461011 HTTP/1.1" 200 28 "http://renault.activities.at/account?loadrequest=true" "Mozilla/5.0 (Windows NT 10.0; Win64; x64; rv:62.0) Gecko/20100101 Firefox/62.0"
213.153.47.173 - - [13/Sep/2018:10:15:19 +0200] "GET /reload?ser=1536826506732 HTTP/1.1" 200 28 "http://renault.activities.at/login?required=true" "Mozilla/5.0 (Windows NT 10.0; Win64; x64; rv:62.0) Gecko/20100101 Firefox/62.0"
193.194.132.27 - - [13/Sep/2018:10:15:31 +0200] "GET /reload?ser=1536826531455 HTTP/1.1" 200 28 "http://renault.2web.at/result?searchterm=true&search=Verk%E4uferbrosch%FCre" "Mozilla/5.0 (Windows NT 6.1; WOW64; Trident/7.0; rv:11.0) like Gecko"
213.153.47.173 - - [13/Sep/2018:10:15:34 +0200] "GET /reload?ser=1536826521991 HTTP/1.1" 200 28 "http://renault.activities.at/account?loadrequest=true" "Mozilla/5.0 (Windows NT 10.0; Win64; x64; rv:62.0) Gecko/20100101 Firefox/62.0"
213.153.47.173 - - [13/Sep/2018:10:16:20 +0200] "GET /reload?ser=1536826567392 HTTP/1.1" 200 28 "http://renault.activities.at/login?required=true" "Mozilla/5.0 (Windows NT 10.0; Win64; x64; rv:62.0) Gecko/20100101 Firefox/62.0"
193.194.132.27 - - [13/Sep/2018:10:16:32 +0200] "GET /reload?ser=1536826592533 HTTP/1.1" 200 28 "http://renault.2web.at/result?searchterm=true&search=Verk%E4uferbrosch%FCre" "Mozilla/5.0 (Windows NT 6.1; WOW64; Trident/7.0; rv:11.0) like Gecko"
213.153.47.173 - - [13/Sep/2018:10:16:35 +0200] "GET /reload?ser=1536826582981 HTTP/1.1" 200 28 "http://renault.activities.at/account?loadrequest=true" "Mozilla/5.0 (Windows NT 10.0; Win64; x64; rv:62.0) Gecko/20100101 Firefox/62.0"
213.153.47.173 - - [13/Sep/2018:10:17:21 +0200] "GET /reload?ser=1536826628042 HTTP/1.1" 200 28 "http://renault.activities.at/login?required=true" "Mozilla/5.0 (Windows NT 10.0; Win64; x64; rv:62.0) Gecko/20100101 Firefox/62.0"
193.194.132.27 - - [13/Sep/2018:10:17:33 +0200] "GET /reload?ser=1536826653610 HTTP/1.1" 200 28 "http://renault.2web.at/result?searchterm=true&search=Verk%E4uferbrosch%FCre" "Mozilla/5.0 (Windows NT 6.1; WOW64; Trident/7.0; rv:11.0) like Gecko"
213.153.47.173 - - [13/Sep/2018:10:17:36 +0200] "GET /reload?ser=1536826643992 HTTP/1.1" 200 28 "http://renault.activities.at/account?loadrequest=true" "Mozilla/5.0 (Windows NT 10.0; Win64; x64; rv:62.0) Gecko/20100101 Firefox/62.0"
213.153.47.173 - - [13/Sep/2018:10:18:21 +0200] "GET /reload?ser=1536826688712 HTTP/1.1" 200 28 "http://renault.activities.at/login?required=true" "Mozilla/5.0 (Windows NT 10.0; Win64; x64; rv:62.0) Gecko/20100101 Firefox/62.0"
193.194.132.27 - - [13/Sep/2018:10:18:34 +0200] "GET /reload?ser=1536826714690 HTTP/1.1" 200 28 "http://renault.2web.at/result?searchterm=true&search=Verk%E4uferbrosch%FCre" "Mozilla/5.0 (Windows NT 6.1; WOW64; Trident/7.0; rv:11.0) like Gecko"
213.153.47.173 - - [13/Sep/2018:10:18:37 +0200] "GET /reload?ser=1536826704932 HTTP/1.1" 200 28 "http://renault.activities.at/account?loadrequest=true" "Mozilla/5.0 (Windows NT 10.0; Win64; x64; rv:62.0) Gecko/20100101 Firefox/62.0"
213.153.47.173 - - [13/Sep/2018:10:19:22 +0200] "GET /reload?ser=1536826749384 HTTP/1.1" 200 28 "http://renault.activities.at/login?required=true" "Mozilla/5.0 (Windows NT 10.0; Win64; x64; rv:62.0) Gecko/20100101 Firefox/62.0"
193.194.132.27 - - [13/Sep/2018:10:19:35 +0200] "GET /reload?ser=1536826775776 HTTP/1.1" 200 28 "http://renault.2web.at/result?searchterm=true&search=Verk%E4uferbrosch%FCre" "Mozilla/5.0 (Windows NT 6.1; WOW64; Trident/7.0; rv:11.0) like Gecko"
213.153.47.173 - - [13/Sep/2018:10:19:38 +0200] "GET /reload?ser=1536826765882 HTTP/1.1" 200 28 "http://renault.activities.at/account?loadrequest=true" "Mozilla/5.0 (Windows NT 10.0; Win64; x64; rv:62.0) Gecko/20100101 Firefox/62.0"
193.194.132.28 - - [13/Sep/2018:10:20:01 +0200] "POST /axjaxrequest?mode=suggest HTTP/1.1" 200 1223 "http://renault.2web.at/account?loadrequest=true" "Mozilla/5.0 (Windows NT 6.1; WOW64; Trident/7.0; rv:11.0) like Gecko"
193.194.132.28 - - [13/Sep/2018:10:20:01 +0200] "GET /result?searchterm=true&search=POS892 HTTP/1.1" 302 146 "http://renault.2web.at/account?loadrequest=true" "Mozilla/5.0 (Windows NT 6.1; WOW64; Trident/7.0; rv:11.0) like Gecko"
193.194.132.28 - - [13/Sep/2018:10:20:01 +0200] "POST /axjaxrequest?mode=suggest HTTP/1.1" 200 111 "http://renault.2web.at/account?loadrequest=true" "Mozilla/5.0 (Windows NT 6.1; WOW64; Trident/7.0; rv:11.0) like Gecko"
193.194.132.28 - - [13/Sep/2018:10:20:02 +0200] "GET /login?required=true HTTP/1.1" 200 2095 "http://renault.2web.at/account?loadrequest=true" "Mozilla/5.0 (Windows NT 6.1; WOW64; Trident/7.0; rv:11.0) like Gecko"
193.194.132.26 - - [13/Sep/2018:10:20:04 +0200] "GET /loadthumbnail.php?id=11127982 HTTP/1.1" 200 586642 "-" "Mozilla/4.0 (compatible;)"
193.194.132.28 - - [13/Sep/2018:10:20:10 +0200] "POST /login HTTP/1.1" 302 166 "http://renault.2web.at/login?required=true" "Mozilla/5.0 (Windows NT 6.1; WOW64; Trident/7.0; rv:11.0) like Gecko"
193.194.132.28 - - [13/Sep/2018:10:20:13 +0200] "GET /result?searchterm=true&search=POS892&loadrequest=true HTTP/1.1" 200 8600 "http://renault.2web.at/login?required=true" "Mozilla/5.0 (Windows NT 6.1; WOW64; Trident/7.0; rv:11.0) like Gecko"
193.194.132.26 - - [13/Sep/2018:10:20:16 +0200] "GET /loadthumbnail.php?id=10203651&width=50&height=50 HTTP/1.1" 200 1380 "-" "Mozilla/4.0 (compatible;)"
193.194.132.26 - - [13/Sep/2018:10:20:16 +0200] "GET /loadthumbnail.php?id=10203255 HTTP/1.1" 200 114 "-" "Mozilla/4.0 (compatible;)"
213.153.47.173 - - [13/Sep/2018:10:20:22 +0200] "GET /reload?ser=1536826810021 HTTP/1.1" 200 28 "http://renault.activities.at/login?required=true" "Mozilla/5.0 (Windows NT 10.0; Win64; x64; rv:62.0) Gecko/20100101 Firefox/62.0"
193.194.132.28 - - [13/Sep/2018:10:20:25 +0200] "POST /result?searchterm=true&search=POS892&loadrequest=true HTTP/1.1" 200 8816 "http://renault.2web.at/result?searchterm=true&search=POS892&loadrequest=true" "Mozilla/5.0 (Windows NT 6.1; WOW64; Trident/7.0; rv:11.0) like Gecko"
193.194.132.28 - - [13/Sep/2018:10:20:29 +0200] "GET /checkout HTTP/1.1" 200 22791 "http://renault.2web.at/result?searchterm=true&search=POS892&loadrequest=true" "Mozilla/5.0 (Windows NT 6.1; WOW64; Trident/7.0; rv:11.0) like Gecko"
193.194.132.28 - - [13/Sep/2018:10:20:35 +0200] "GET /images/step_marker.gif HTTP/1.1" 304 - "http://renault.2web.at/checkout" "Mozilla/5.0 (Windows NT 6.1; WOW64; Trident/7.0; rv:11.0) like Gecko"
193.194.132.28 - - [13/Sep/2018:10:20:35 +0200] "GET /images/step_bg.jpg HTTP/1.1" 304 - "http://renault.2web.at/checkout" "Mozilla/5.0 (Windows NT 6.1; WOW64; Trident/7.0; rv:11.0) like Gecko"
193.194.132.28 - - [13/Sep/2018:10:20:35 +0200] "GET /images/checkout_border_top.gif HTTP/1.1" 304 - "http://renault.2web.at/checkout" "Mozilla/5.0 (Windows NT 6.1; WOW64; Trident/7.0; rv:11.0) like Gecko"
193.194.132.28 - - [13/Sep/2018:10:20:35 +0200] "GET /images/checkout_border.gif HTTP/1.1" 304 - "http://renault.2web.at/checkout" "Mozilla/5.0 (Windows NT 6.1; WOW64; Trident/7.0; rv:11.0) like Gecko"
193.194.132.28 - - [13/Sep/2018:10:20:35 +0200] "GET /loadthumbnail.php?id=10202698 HTTP/1.1" 200 16686 "http://renault.2web.at/checkout" "Mozilla/5.0 (Windows NT 6.1; WOW64; Trident/7.0; rv:11.0) like Gecko"
193.194.132.28 - - [13/Sep/2018:10:20:35 +0200] "GET /loadthumbnail.php?id=10201939 HTTP/1.1" 200 201 "http://renault.2web.at/checkout" "Mozilla/5.0 (Windows NT 6.1; WOW64; Trident/7.0; rv:11.0) like Gecko"
193.194.132.27 - - [13/Sep/2018:10:20:36 +0200] "GET /reload?ser=1536826836874 HTTP/1.1" 200 28 "http://renault.2web.at/result?searchterm=true&search=Verk%E4uferbrosch%FCre" "Mozilla/5.0 (Windows NT 6.1; WOW64; Trident/7.0; rv:11.0) like Gecko"
213.153.47.173 - - [13/Sep/2018:10:20:39 +0200] "GET /reload?ser=1536826826872 HTTP/1.1" 200 28 "http://renault.activities.at/account?loadrequest=true" "Mozilla/5.0 (Windows NT 10.0; Win64; x64; rv:62.0) Gecko/20100101 Firefox/62.0"
193.194.132.28 - - [13/Sep/2018:10:20:51 +0200] "POST /docheckout HTTP/1.1" 200 476 "http://renault.2web.at/checkout" "Mozilla/5.0 (Windows NT 6.1; WOW64; Trident/7.0; rv:11.0) like Gecko"
193.194.132.28 - - [13/Sep/2018:10:20:55 +0200] "POST /docheckout HTTP/1.1" 200 580 "http://renault.2web.at/checkout" "Mozilla/5.0 (Windows NT 6.1; WOW64; Trident/7.0; rv:11.0) like Gecko"
193.194.132.28 - - [13/Sep/2018:10:21:00 +0200] "POST /docheckout HTTP/1.1" 200 68 "http://renault.2web.at/checkout" "Mozilla/5.0 (Windows NT 6.1; WOW64; Trident/7.0; rv:11.0) like Gecko"
193.194.132.28 - - [13/Sep/2018:10:21:02 +0200] "GET /success HTTP/1.1" 200 6599 "http://renault.2web.at/checkout" "Mozilla/5.0 (Windows NT 6.1; WOW64; Trident/7.0; rv:11.0) like Gecko"
213.153.47.173 - - [13/Sep/2018:10:21:23 +0200] "GET /reload?ser=1536826870682 HTTP/1.1" 200 28 "http://renault.activities.at/login?required=true" "Mozilla/5.0 (Windows NT 10.0; Win64; x64; rv:62.0) Gecko/20100101 Firefox/62.0"
193.194.132.27 - - [13/Sep/2018:10:21:38 +0200] "GET /reload?ser=1536826897987 HTTP/1.1" 200 28 "http://renault.2web.at/result?searchterm=true&search=Verk%E4uferbrosch%FCre" "Mozilla/5.0 (Windows NT 6.1; WOW64; Trident/7.0; rv:11.0) like Gecko"
213.153.47.173 - - [13/Sep/2018:10:21:40 +0200] "GET /reload?ser=1536826887821 HTTP/1.1" 200 28 "http://renault.activities.at/account?loadrequest=true" "Mozilla/5.0 (Windows NT 10.0; Win64; x64; rv:62.0) Gecko/20100101 Firefox/62.0"
193.194.132.28 - - [13/Sep/2018:10:22:05 +0200] "GET /reload?ser=1536826925830 HTTP/1.1" 200 28 "http://renault.2web.at/success" "Mozilla/5.0 (Windows NT 6.1; WOW64; Trident/7.0; rv:11.0) like Gecko"
213.153.47.173 - - [13/Sep/2018:10:22:24 +0200] "GET /reload?ser=1536826931351 HTTP/1.1" 200 28 "http://renault.activities.at/login?required=true" "Mozilla/5.0 (Windows NT 10.0; Win64; x64; rv:62.0) Gecko/20100101 Firefox/62.0"
193.194.132.27 - - [13/Sep/2018:10:22:39 +0200] "GET /reload?ser=1536826959069 HTTP/1.1" 200 28 "http://renault.2web.at/result?searchterm=true&search=Verk%E4uferbrosch%FCre" "Mozilla/5.0 (Windows NT 6.1; WOW64; Trident/7.0; rv:11.0) like Gecko"
213.153.47.173 - - [13/Sep/2018:10:22:41 +0200] "GET /reload?ser=1536826948802 HTTP/1.1" 200 28 "http://renault.activities.at/account?loadrequest=true" "Mozilla/5.0 (Windows NT 10.0; Win64; x64; rv:62.0) Gecko/20100101 Firefox/62.0"
193.194.132.28 - - [13/Sep/2018:10:23:06 +0200] "GET /reload?ser=1536826986851 HTTP/1.1" 200 28 "http://renault.2web.at/success" "Mozilla/5.0 (Windows NT 6.1; WOW64; Trident/7.0; rv:11.0) like Gecko"
213.153.47.173 - - [13/Sep/2018:10:23:24 +0200] "GET /reload?ser=1536826992032 HTTP/1.1" 200 28 "http://renault.activities.at/login?required=true" "Mozilla/5.0 (Windows NT 10.0; Win64; x64; rv:62.0) Gecko/20100101 Firefox/62.0"
193.194.132.27 - - [13/Sep/2018:10:23:40 +0200] "GET /reload?ser=1536827020183 HTTP/1.1" 200 28 "http://renault.2web.at/result?searchterm=true&search=Verk%E4uferbrosch%FCre" "Mozilla/5.0 (Windows NT 6.1; WOW64; Trident/7.0; rv:11.0) like Gecko"
213.153.47.173 - - [13/Sep/2018:10:23:42 +0200] "GET /reload?ser=1536827009789 HTTP/1.1" 200 28 "http://renault.activities.at/account?loadrequest=true" "Mozilla/5.0 (Windows NT 10.0; Win64; x64; rv:62.0) Gecko/20100101 Firefox/62.0"
193.194.132.28 - - [13/Sep/2018:10:24:07 +0200] "GET /reload?ser=1536827047939 HTTP/1.1" 200 28 "http://renault.2web.at/success" "Mozilla/5.0 (Windows NT 6.1; WOW64; Trident/7.0; rv:11.0) like Gecko"
213.153.47.173 - - [13/Sep/2018:10:24:25 +0200] "GET /reload?ser=1536827052680 HTTP/1.1" 200 28 "http://renault.activities.at/login?required=true" "Mozilla/5.0 (Windows NT 10.0; Win64; x64; rv:62.0) Gecko/20100101 Firefox/62.0"
193.194.132.27 - - [13/Sep/2018:10:24:41 +0200] "GET /reload?ser=1536827081278 HTTP/1.1" 200 28 "http://renault.2web.at/result?searchterm=true&search=Verk%E4uferbrosch%FCre" "Mozilla/5.0 (Windows NT 6.1; WOW64; Trident/7.0; rv:11.0) like Gecko"
213.153.47.173 - - [13/Sep/2018:10:24:43 +0200] "GET /reload?ser=1536827070771 HTTP/1.1" 200 28 "http://renault.activities.at/account?loadrequest=true" "Mozilla/5.0 (Windows NT 10.0; Win64; x64; rv:62.0) Gecko/20100101 Firefox/62.0"
193.194.132.28 - - [13/Sep/2018:10:25:09 +0200] "GET /reload?ser=1536827108977 HTTP/1.1" 200 28 "http://renault.2web.at/success" "Mozilla/5.0 (Windows NT 6.1; WOW64; Trident/7.0; rv:11.0) like Gecko"
213.153.47.173 - - [13/Sep/2018:10:25:26 +0200] "GET /reload?ser=1536827113330 HTTP/1.1" 200 28 "http://renault.activities.at/login?required=true" "Mozilla/5.0 (Windows NT 10.0; Win64; x64; rv:62.0) Gecko/20100101 Firefox/62.0"
193.194.132.27 - - [13/Sep/2018:10:25:42 +0200] "GET /reload?ser=1536827142348 HTTP/1.1" 200 28 "http://renault.2web.at/result?searchterm=true&search=Verk%E4uferbrosch%FCre" "Mozilla/5.0 (Windows NT 6.1; WOW64; Trident/7.0; rv:11.0) like Gecko"
213.153.47.173 - - [13/Sep/2018:10:25:44 +0200] "GET /reload?ser=1536827131752 HTTP/1.1" 200 28 "http://renault.activities.at/account?loadrequest=true" "Mozilla/5.0 (Windows NT 10.0; Win64; x64; rv:62.0) Gecko/20100101 Firefox/62.0"
193.194.132.28 - - [13/Sep/2018:10:26:10 +0200] "GET /reload?ser=1536827170041 HTTP/1.1" 200 28 "http://renault.2web.at/success" "Mozilla/5.0 (Windows NT 6.1; WOW64; Trident/7.0; rv:11.0) like Gecko"
213.153.47.173 - - [13/Sep/2018:10:26:26 +0200] "GET /reload?ser=1536827173982 HTTP/1.1" 200 28 "http://renault.activities.at/login?required=true" "Mozilla/5.0 (Windows NT 10.0; Win64; x64; rv:62.0) Gecko/20100101 Firefox/62.0"
193.194.132.27 - - [13/Sep/2018:10:26:43 +0200] "GET /reload?ser=1536827203469 HTTP/1.1" 200 28 "http://renault.2web.at/result?searchterm=true&search=Verk%E4uferbrosch%FCre" "Mozilla/5.0 (Windows NT 6.1; WOW64; Trident/7.0; rv:11.0) like Gecko"
213.153.47.173 - - [13/Sep/2018:10:26:45 +0200] "GET /reload?ser=1536827192733 HTTP/1.1" 200 28 "http://renault.activities.at/account?loadrequest=true" "Mozilla/5.0 (Windows NT 10.0; Win64; x64; rv:62.0) Gecko/20100101 Firefox/62.0"
193.194.132.28 - - [13/Sep/2018:10:27:11 +0200] "GET /reload?ser=1536827231080 HTTP/1.1" 200 28 "http://renault.2web.at/success" "Mozilla/5.0 (Windows NT 6.1; WOW64; Trident/7.0; rv:11.0) like Gecko"
213.153.47.173 - - [13/Sep/2018:10:27:27 +0200] "GET /reload?ser=1536827234626 HTTP/1.1" 200 28 "http://renault.activities.at/login?required=true" "Mozilla/5.0 (Windows NT 10.0; Win64; x64; rv:62.0) Gecko/20100101 Firefox/62.0"
193.194.132.27 - - [13/Sep/2018:10:27:44 +0200] "GET /reload?ser=1536827264583 HTTP/1.1" 200 28 "http://renault.2web.at/result?searchterm=true&search=Verk%E4uferbrosch%FCre" "Mozilla/5.0 (Windows NT 6.1; WOW64; Trident/7.0; rv:11.0) like Gecko"
213.153.47.173 - - [13/Sep/2018:10:27:46 +0200] "GET /reload?ser=1536827253737 HTTP/1.1" 200 28 "http://renault.activities.at/account?loadrequest=true" "Mozilla/5.0 (Windows NT 10.0; Win64; x64; rv:62.0) Gecko/20100101 Firefox/62.0"
193.194.132.28 - - [13/Sep/2018:10:28:12 +0200] "GET /reload?ser=1536827292179 HTTP/1.1" 200 28 "http://renault.2web.at/success" "Mozilla/5.0 (Windows NT 6.1; WOW64; Trident/7.0; rv:11.0) like Gecko"
213.153.47.173 - - [13/Sep/2018:10:28:28 +0200] "GET /reload?ser=1536827295273 HTTP/1.1" 200 28 "http://renault.activities.at/login?required=true" "Mozilla/5.0 (Windows NT 10.0; Win64; x64; rv:62.0) Gecko/20100101 Firefox/62.0"
193.194.132.27 - - [13/Sep/2018:10:28:46 +0200] "GET /reload?ser=1536827325859 HTTP/1.1" 200 28 "http://renault.2web.at/result?searchterm=true&search=Verk%E4uferbrosch%FCre" "Mozilla/5.0 (Windows NT 6.1; WOW64; Trident/7.0; rv:11.0) like Gecko"
213.153.47.173 - - [13/Sep/2018:10:28:47 +0200] "GET /reload?ser=1536827314771 HTTP/1.1" 200 28 "http://renault.activities.at/account?loadrequest=true" "Mozilla/5.0 (Windows NT 10.0; Win64; x64; rv:62.0) Gecko/20100101 Firefox/62.0"
193.194.132.28 - - [13/Sep/2018:10:29:13 +0200] "GET /reload?ser=1536827353222 HTTP/1.1" 200 28 "http://renault.2web.at/success" "Mozilla/5.0 (Windows NT 6.1; WOW64; Trident/7.0; rv:11.0) like Gecko"
213.153.47.173 - - [13/Sep/2018:10:29:28 +0200] "GET /reload?ser=1536827355931 HTTP/1.1" 200 28 "http://renault.activities.at/login?required=true" "Mozilla/5.0 (Windows NT 10.0; Win64; x64; rv:62.0) Gecko/20100101 Firefox/62.0"
193.194.132.27 - - [13/Sep/2018:10:29:47 +0200] "GET /reload?ser=1536827386916 HTTP/1.1" 200 28 "http://renault.2web.at/result?searchterm=true&search=Verk%E4uferbrosch%FCre" "Mozilla/5.0 (Windows NT 6.1; WOW64; Trident/7.0; rv:11.0) like Gecko"
213.153.47.173 - - [13/Sep/2018:10:29:48 +0200] "GET /reload?ser=1536827375725 HTTP/1.1" 200 28 "http://renault.activities.at/account?loadrequest=true" "Mozilla/5.0 (Windows NT 10.0; Win64; x64; rv:62.0) Gecko/20100101 Firefox/62.0"
193.194.132.28 - - [13/Sep/2018:10:30:14 +0200] "GET /reload?ser=1536827414299 HTTP/1.1" 200 28 "http://renault.2web.at/success" "Mozilla/5.0 (Windows NT 6.1; WOW64; Trident/7.0; rv:11.0) like Gecko"
213.153.47.173 - - [13/Sep/2018:10:30:29 +0200] "GET /reload?ser=1536827416585 HTTP/1.1" 200 28 "http://renault.activities.at/login?required=true" "Mozilla/5.0 (Windows NT 10.0; Win64; x64; rv:62.0) Gecko/20100101 Firefox/62.0"
193.194.132.27 - - [13/Sep/2018:10:30:48 +0200] "GET /reload?ser=1536827448001 HTTP/1.1" 200 28 "http://renault.2web.at/result?searchterm=true&search=Verk%E4uferbrosch%FCre" "Mozilla/5.0 (Windows NT 6.1; WOW64; Trident/7.0; rv:11.0) like Gecko"
213.153.47.173 - - [13/Sep/2018:10:30:49 +0200] "GET /reload?ser=1536827436723 HTTP/1.1" 200 28 "http://renault.activities.at/account?loadrequest=true" "Mozilla/5.0 (Windows NT 10.0; Win64; x64; rv:62.0) Gecko/20100101 Firefox/62.0"
193.194.132.28 - - [13/Sep/2018:10:31:15 +0200] "GET /reload?ser=1536827475649 HTTP/1.1" 200 28 "http://renault.2web.at/success" "Mozilla/5.0 (Windows NT 6.1; WOW64; Trident/7.0; rv:11.0) like Gecko"
213.153.47.173 - - [13/Sep/2018:10:31:30 +0200] "GET /reload?ser=1536827477232 HTTP/1.1" 200 28 "http://renault.activities.at/login?required=true" "Mozilla/5.0 (Windows NT 10.0; Win64; x64; rv:62.0) Gecko/20100101 Firefox/62.0"
193.194.132.27 - - [13/Sep/2018:10:31:49 +0200] "GET /reload?ser=1536827509143 HTTP/1.1" 200 28 "http://renault.2web.at/result?searchterm=true&search=Verk%E4uferbrosch%FCre" "Mozilla/5.0 (Windows NT 6.1; WOW64; Trident/7.0; rv:11.0) like Gecko"
213.153.47.173 - - [13/Sep/2018:10:31:50 +0200] "GET /reload?ser=1536827497731 HTTP/1.1" 200 28 "http://renault.activities.at/account?loadrequest=true" "Mozilla/5.0 (Windows NT 10.0; Win64; x64; rv:62.0) Gecko/20100101 Firefox/62.0"
193.194.132.28 - - [13/Sep/2018:10:32:16 +0200] "GET /reload?ser=1536827536782 HTTP/1.1" 200 28 "http://renault.2web.at/success" "Mozilla/5.0 (Windows NT 6.1; WOW64; Trident/7.0; rv:11.0) like Gecko"
213.153.47.173 - - [13/Sep/2018:10:32:30 +0200] "GET /reload?ser=1536827537881 HTTP/1.1" 200 28 "http://renault.activities.at/login?required=true" "Mozilla/5.0 (Windows NT 10.0; Win64; x64; rv:62.0) Gecko/20100101 Firefox/62.0"
193.194.132.27 - - [13/Sep/2018:10:32:50 +0200] "GET /reload?ser=1536827570263 HTTP/1.1" 200 28 "http://renault.2web.at/result?searchterm=true&search=Verk%E4uferbrosch%FCre" "Mozilla/5.0 (Windows NT 6.1; WOW64; Trident/7.0; rv:11.0) like Gecko"
213.153.47.173 - - [13/Sep/2018:10:32:51 +0200] "GET /reload?ser=1536827558712 HTTP/1.1" 200 28 "http://renault.activities.at/account?loadrequest=true" "Mozilla/5.0 (Windows NT 10.0; Win64; x64; rv:62.0) Gecko/20100101 Firefox/62.0"
193.194.132.28 - - [13/Sep/2018:10:33:18 +0200] "GET /reload?ser=1536827597866 HTTP/1.1" 200 28 "http://renault.2web.at/success" "Mozilla/5.0 (Windows NT 6.1; WOW64; Trident/7.0; rv:11.0) like Gecko"
