213.153.47.173 - - [14/Sep/2018:11:45:43 +0200] "GET /reload?ser=1536918343925 HTTP/1.1" 200 28 "http://renault.activities.at/login?required=true" "Mozilla/5.0 (Windows NT 10.0; Win64; x64; rv:62.0) Gecko/20100101 Firefox/62.0"
91.114.99.206 - - [14/Sep/2018:11:45:56 +0200] "GET /reload?ser=1536918356607 HTTP/1.1" 200 28 "http://renault.activities.at/10201442?dir=DESC&mode=grid&order=name&limit=15&page=12" "Mozilla/5.0 (Windows NT 6.1; WOW64; Trident/7.0; rv:11.0) like Gecko"
193.194.132.28 - - [14/Sep/2018:11:46:11 +0200] "GET /reload?ser=1536918371512 HTTP/1.1" 200 28 "http://renault.2web.at/result?searchterm=true&search=REH100601020" "Mozilla/5.0 (Windows NT 6.1; WOW64; Trident/7.0; rv:11.0) like Gecko"
193.194.132.24 - - [14/Sep/2018:11:46:11 +0200] "GET /reload?ser=1536918371948 HTTP/1.1" 200 28 "http://renault.activities.at/" "Mozilla/5.0 (Windows NT 6.1; WOW64; Trident/7.0; rv:11.0) like Gecko"
213.153.47.173 - - [14/Sep/2018:11:46:14 +0200] "GET /reload?ser=1536918374406 HTTP/1.1" 200 28 "http://renault.activities.at/login?required=true" "Mozilla/5.0 (Windows NT 10.0; Win64; x64; rv:62.0) Gecko/20100101 Firefox/62.0"
157.55.39.208 - - [14/Sep/2018:11:46:14 +0200] "GET /10260004?dir=480&mode=list&order=name&limit=10&detail=10538263 HTTP/1.1" 200 3723 "-" "Mozilla/5.0 (compatible; bingbot/2.0; +http://www.bing.com/bingbot.htm)"
213.153.47.173 - - [14/Sep/2018:11:46:44 +0200] "GET /reload?ser=1536918404576 HTTP/1.1" 200 28 "http://renault.activities.at/login?required=true" "Mozilla/5.0 (Windows NT 10.0; Win64; x64; rv:62.0) Gecko/20100101 Firefox/62.0"
91.114.99.206 - - [14/Sep/2018:11:46:57 +0200] "GET /reload?ser=1536918417603 HTTP/1.1" 200 28 "http://renault.activities.at/10201442?dir=DESC&mode=grid&order=name&limit=15&page=12" "Mozilla/5.0 (Windows NT 6.1; WOW64; Trident/7.0; rv:11.0) like Gecko"
193.194.132.24 - - [14/Sep/2018:11:47:12 +0200] "GET /reload?ser=1536918432716 HTTP/1.1" 200 28 "http://renault.activities.at/" "Mozilla/5.0 (Windows NT 6.1; WOW64; Trident/7.0; rv:11.0) like Gecko"
193.194.132.28 - - [14/Sep/2018:11:47:12 +0200] "GET /reload?ser=1536918432604 HTTP/1.1" 200 28 "http://renault.2web.at/result?searchterm=true&search=REH100601020" "Mozilla/5.0 (Windows NT 6.1; WOW64; Trident/7.0; rv:11.0) like Gecko"
213.153.47.173 - - [14/Sep/2018:11:47:15 +0200] "GET /reload?ser=1536918435065 HTTP/1.1" 200 28 "http://renault.activities.at/login?required=true" "Mozilla/5.0 (Windows NT 10.0; Win64; x64; rv:62.0) Gecko/20100101 Firefox/62.0"
213.153.47.173 - - [14/Sep/2018:11:47:45 +0200] "GET /reload?ser=1536918465253 HTTP/1.1" 200 28 "http://renault.activities.at/login?required=true" "Mozilla/5.0 (Windows NT 10.0; Win64; x64; rv:62.0) Gecko/20100101 Firefox/62.0"
91.114.99.206 - - [14/Sep/2018:11:47:58 +0200] "GET /reload?ser=1536918478644 HTTP/1.1" 200 28 "http://renault.activities.at/10201442?dir=DESC&mode=grid&order=name&limit=15&page=12" "Mozilla/5.0 (Windows NT 6.1; WOW64; Trident/7.0; rv:11.0) like Gecko"
193.194.132.24 - - [14/Sep/2018:11:48:13 +0200] "GET /reload?ser=1536918493474 HTTP/1.1" 200 28 "http://renault.activities.at/" "Mozilla/5.0 (Windows NT 6.1; WOW64; Trident/7.0; rv:11.0) like Gecko"
193.194.132.28 - - [14/Sep/2018:11:48:13 +0200] "GET /reload?ser=1536918493716 HTTP/1.1" 200 28 "http://renault.2web.at/result?searchterm=true&search=REH100601020" "Mozilla/5.0 (Windows NT 6.1; WOW64; Trident/7.0; rv:11.0) like Gecko"
213.153.47.173 - - [14/Sep/2018:11:48:15 +0200] "GET /reload?ser=1536918495716 HTTP/1.1" 200 28 "http://renault.activities.at/login?required=true" "Mozilla/5.0 (Windows NT 10.0; Win64; x64; rv:62.0) Gecko/20100101 Firefox/62.0"
213.153.47.173 - - [14/Sep/2018:11:48:45 +0200] "GET /reload?ser=1536918525914 HTTP/1.1" 200 28 "http://renault.activities.at/login?required=true" "Mozilla/5.0 (Windows NT 10.0; Win64; x64; rv:62.0) Gecko/20100101 Firefox/62.0"
91.114.99.206 - - [14/Sep/2018:11:48:59 +0200] "GET /reload?ser=1536918539641 HTTP/1.1" 200 28 "http://renault.activities.at/10201442?dir=DESC&mode=grid&order=name&limit=15&page=12" "Mozilla/5.0 (Windows NT 6.1; WOW64; Trident/7.0; rv:11.0) like Gecko"
193.194.132.24 - - [14/Sep/2018:11:49:14 +0200] "GET /reload?ser=1536918554241 HTTP/1.1" 200 28 "http://renault.activities.at/" "Mozilla/5.0 (Windows NT 6.1; WOW64; Trident/7.0; rv:11.0) like Gecko"
213.153.47.173 - - [14/Sep/2018:11:49:16 +0200] "GET /reload?ser=1536918556375 HTTP/1.1" 200 28 "http://renault.activities.at/login?required=true" "Mozilla/5.0 (Windows NT 10.0; Win64; x64; rv:62.0) Gecko/20100101 Firefox/62.0"
193.194.132.28 - - [14/Sep/2018:11:49:16 +0200] "GET /reload?ser=1536918556745 HTTP/1.1" 200 28 "http://renault.2web.at/result?searchterm=true&search=REH100601020" "Mozilla/5.0 (Windows NT 6.1; WOW64; Trident/7.0; rv:11.0) like Gecko"
213.153.47.173 - - [14/Sep/2018:11:49:46 +0200] "GET /reload?ser=1536918586585 HTTP/1.1" 200 28 "http://renault.activities.at/login?required=true" "Mozilla/5.0 (Windows NT 10.0; Win64; x64; rv:62.0) Gecko/20100101 Firefox/62.0"
91.114.99.206 - - [14/Sep/2018:11:50:00 +0200] "GET /reload?ser=1536918600642 HTTP/1.1" 200 28 "http://renault.activities.at/10201442?dir=DESC&mode=grid&order=name&limit=15&page=12" "Mozilla/5.0 (Windows NT 6.1; WOW64; Trident/7.0; rv:11.0) like Gecko"
193.194.132.24 - - [14/Sep/2018:11:50:15 +0200] "GET /reload?ser=1536918614980 HTTP/1.1" 200 28 "http://renault.activities.at/" "Mozilla/5.0 (Windows NT 6.1; WOW64; Trident/7.0; rv:11.0) like Gecko"
213.153.47.173 - - [14/Sep/2018:11:50:17 +0200] "GET /reload?ser=1536918617035 HTTP/1.1" 200 28 "http://renault.activities.at/login?required=true" "Mozilla/5.0 (Windows NT 10.0; Win64; x64; rv:62.0) Gecko/20100101 Firefox/62.0"
193.194.132.28 - - [14/Sep/2018:11:50:17 +0200] "GET /reload?ser=1536918617830 HTTP/1.1" 200 28 "http://renault.2web.at/result?searchterm=true&search=REH100601020" "Mozilla/5.0 (Windows NT 6.1; WOW64; Trident/7.0; rv:11.0) like Gecko"
213.153.47.173 - - [14/Sep/2018:11:50:47 +0200] "GET /reload?ser=1536918647245 HTTP/1.1" 200 28 "http://renault.activities.at/login?required=true" "Mozilla/5.0 (Windows NT 10.0; Win64; x64; rv:62.0) Gecko/20100101 Firefox/62.0"
91.114.99.206 - - [14/Sep/2018:11:51:01 +0200] "GET /reload?ser=1536918661889 HTTP/1.1" 200 28 "http://renault.activities.at/10201442?dir=DESC&mode=grid&order=name&limit=15&page=12" "Mozilla/5.0 (Windows NT 6.1; WOW64; Trident/7.0; rv:11.0) like Gecko"
193.194.132.24 - - [14/Sep/2018:11:51:15 +0200] "GET /reload?ser=1536918675707 HTTP/1.1" 200 28 "http://renault.activities.at/" "Mozilla/5.0 (Windows NT 6.1; WOW64; Trident/7.0; rv:11.0) like Gecko"
213.153.47.173 - - [14/Sep/2018:11:51:17 +0200] "GET /reload?ser=1536918677685 HTTP/1.1" 200 28 "http://renault.activities.at/login?required=true" "Mozilla/5.0 (Windows NT 10.0; Win64; x64; rv:62.0) Gecko/20100101 Firefox/62.0"
193.194.132.28 - - [14/Sep/2018:11:51:19 +0200] "GET /reload?ser=1536918678937 HTTP/1.1" 200 28 "http://renault.2web.at/result?searchterm=true&search=REH100601020" "Mozilla/5.0 (Windows NT 6.1; WOW64; Trident/7.0; rv:11.0) like Gecko"
213.153.47.173 - - [14/Sep/2018:11:51:47 +0200] "GET /reload?ser=1536918707903 HTTP/1.1" 200 28 "http://renault.activities.at/login?required=true" "Mozilla/5.0 (Windows NT 10.0; Win64; x64; rv:62.0) Gecko/20100101 Firefox/62.0"
91.114.99.206 - - [14/Sep/2018:11:52:02 +0200] "GET /reload?ser=1536918722887 HTTP/1.1" 200 28 "http://renault.activities.at/10201442?dir=DESC&mode=grid&order=name&limit=15&page=12" "Mozilla/5.0 (Windows NT 6.1; WOW64; Trident/7.0; rv:11.0) like Gecko"
193.194.132.24 - - [14/Sep/2018:11:52:16 +0200] "GET /reload?ser=1536918736451 HTTP/1.1" 200 28 "http://renault.activities.at/" "Mozilla/5.0 (Windows NT 6.1; WOW64; Trident/7.0; rv:11.0) like Gecko"
213.153.47.173 - - [14/Sep/2018:11:52:18 +0200] "GET /reload?ser=1536918738335 HTTP/1.1" 200 28 "http://renault.activities.at/login?required=true" "Mozilla/5.0 (Windows NT 10.0; Win64; x64; rv:62.0) Gecko/20100101 Firefox/62.0"
193.194.132.28 - - [14/Sep/2018:11:52:20 +0200] "GET /reload?ser=1536918740006 HTTP/1.1" 200 28 "http://renault.2web.at/result?searchterm=true&search=REH100601020" "Mozilla/5.0 (Windows NT 6.1; WOW64; Trident/7.0; rv:11.0) like Gecko"
157.55.39.60 - - [14/Sep/2018:11:52:25 +0200] "GET /10260003?dir=DESC&mode=grid&order=name&limit=936&page=1 HTTP/1.1" 200 9962 "-" "Mozilla/5.0 (compatible; bingbot/2.0; +http://www.bing.com/bingbot.htm)"
213.153.47.173 - - [14/Sep/2018:11:52:48 +0200] "GET /reload?ser=1536918768574 HTTP/1.1" 200 28 "http://renault.activities.at/login?required=true" "Mozilla/5.0 (Windows NT 10.0; Win64; x64; rv:62.0) Gecko/20100101 Firefox/62.0"
91.114.99.206 - - [14/Sep/2018:11:53:03 +0200] "GET /reload?ser=1536918783881 HTTP/1.1" 200 28 "http://renault.activities.at/10201442?dir=DESC&mode=grid&order=name&limit=15&page=12" "Mozilla/5.0 (Windows NT 6.1; WOW64; Trident/7.0; rv:11.0) like Gecko"
193.194.132.24 - - [14/Sep/2018:11:53:17 +0200] "GET /reload?ser=1536918797189 HTTP/1.1" 200 28 "http://renault.activities.at/" "Mozilla/5.0 (Windows NT 6.1; WOW64; Trident/7.0; rv:11.0) like Gecko"
213.153.47.173 - - [14/Sep/2018:11:53:19 +0200] "GET /reload?ser=1536918799014 HTTP/1.1" 200 28 "http://renault.activities.at/login?required=true" "Mozilla/5.0 (Windows NT 10.0; Win64; x64; rv:62.0) Gecko/20100101 Firefox/62.0"
193.194.132.28 - - [14/Sep/2018:11:53:21 +0200] "GET /reload?ser=1536918801076 HTTP/1.1" 200 28 "http://renault.2web.at/result?searchterm=true&search=REH100601020" "Mozilla/5.0 (Windows NT 6.1; WOW64; Trident/7.0; rv:11.0) like Gecko"
213.153.47.173 - - [14/Sep/2018:11:53:49 +0200] "GET /reload?ser=1536918829224 HTTP/1.1" 200 28 "http://renault.activities.at/login?required=true" "Mozilla/5.0 (Windows NT 10.0; Win64; x64; rv:62.0) Gecko/20100101 Firefox/62.0"
91.114.99.206 - - [14/Sep/2018:11:54:04 +0200] "GET /reload?ser=1536918844862 HTTP/1.1" 200 28 "http://renault.activities.at/10201442?dir=DESC&mode=grid&order=name&limit=15&page=12" "Mozilla/5.0 (Windows NT 6.1; WOW64; Trident/7.0; rv:11.0) like Gecko"
213.153.47.173 - - [14/Sep/2018:11:54:19 +0200] "GET /reload?ser=1536918859674 HTTP/1.1" 200 28 "http://renault.activities.at/login?required=true" "Mozilla/5.0 (Windows NT 10.0; Win64; x64; rv:62.0) Gecko/20100101 Firefox/62.0"
193.194.132.28 - - [14/Sep/2018:11:54:22 +0200] "GET /reload?ser=1536918862192 HTTP/1.1" 200 28 "http://renault.2web.at/result?searchterm=true&search=REH100601020" "Mozilla/5.0 (Windows NT 6.1; WOW64; Trident/7.0; rv:11.0) like Gecko"
193.194.132.24 - - [14/Sep/2018:11:54:30 +0200] "GET /reload?ser=1536918857931 HTTP/1.1" 200 28 "http://renault.activities.at/" "Mozilla/5.0 (Windows NT 6.1; WOW64; Trident/7.0; rv:11.0) like Gecko"
213.153.47.173 - - [14/Sep/2018:11:54:49 +0200] "GET /reload?ser=1536918889904 HTTP/1.1" 200 28 "http://renault.activities.at/login?required=true" "Mozilla/5.0 (Windows NT 10.0; Win64; x64; rv:62.0) Gecko/20100101 Firefox/62.0"
91.114.99.206 - - [14/Sep/2018:11:55:05 +0200] "GET /reload?ser=1536918905873 HTTP/1.1" 200 28 "http://renault.activities.at/10201442?dir=DESC&mode=grid&order=name&limit=15&page=12" "Mozilla/5.0 (Windows NT 6.1; WOW64; Trident/7.0; rv:11.0) like Gecko"
213.153.47.173 - - [14/Sep/2018:11:55:20 +0200] "GET /reload?ser=1536918920334 HTTP/1.1" 200 28 "http://renault.activities.at/login?required=true" "Mozilla/5.0 (Windows NT 10.0; Win64; x64; rv:62.0) Gecko/20100101 Firefox/62.0"
193.194.132.28 - - [14/Sep/2018:11:55:23 +0200] "GET /reload?ser=1536918923285 HTTP/1.1" 200 28 "http://renault.2web.at/result?searchterm=true&search=REH100601020" "Mozilla/5.0 (Windows NT 6.1; WOW64; Trident/7.0; rv:11.0) like Gecko"
193.194.132.24 - - [14/Sep/2018:11:55:30 +0200] "GET /reload?ser=1536918930713 HTTP/1.1" 200 28 "http://renault.activities.at/" "Mozilla/5.0 (Windows NT 6.1; WOW64; Trident/7.0; rv:11.0) like Gecko"
213.153.47.173 - - [14/Sep/2018:11:55:50 +0200] "GET /reload?ser=1536918950574 HTTP/1.1" 200 28 "http://renault.activities.at/login?required=true" "Mozilla/5.0 (Windows NT 10.0; Win64; x64; rv:62.0) Gecko/20100101 Firefox/62.0"
91.114.99.206 - - [14/Sep/2018:11:56:06 +0200] "GET /reload?ser=1536918966837 HTTP/1.1" 200 28 "http://renault.activities.at/10201442?dir=DESC&mode=grid&order=name&limit=15&page=12" "Mozilla/5.0 (Windows NT 6.1; WOW64; Trident/7.0; rv:11.0) like Gecko"
213.153.47.173 - - [14/Sep/2018:11:56:21 +0200] "GET /reload?ser=1536918980994 HTTP/1.1" 200 28 "http://renault.activities.at/login?required=true" "Mozilla/5.0 (Windows NT 10.0; Win64; x64; rv:62.0) Gecko/20100101 Firefox/62.0"
193.194.132.28 - - [14/Sep/2018:11:56:24 +0200] "GET /reload?ser=1536918984382 HTTP/1.1" 200 28 "http://renault.2web.at/result?searchterm=true&search=REH100601020" "Mozilla/5.0 (Windows NT 6.1; WOW64; Trident/7.0; rv:11.0) like Gecko"
193.194.132.24 - - [14/Sep/2018:11:56:31 +0200] "GET /reload?ser=1536918991461 HTTP/1.1" 200 28 "http://renault.activities.at/" "Mozilla/5.0 (Windows NT 6.1; WOW64; Trident/7.0; rv:11.0) like Gecko"
213.153.47.173 - - [14/Sep/2018:11:56:51 +0200] "GET /reload?ser=1536919011233 HTTP/1.1" 200 28 "http://renault.activities.at/login?required=true" "Mozilla/5.0 (Windows NT 10.0; Win64; x64; rv:62.0) Gecko/20100101 Firefox/62.0"
91.114.99.206 - - [14/Sep/2018:11:57:07 +0200] "GET /reload?ser=1536919027865 HTTP/1.1" 200 28 "http://renault.activities.at/10201442?dir=DESC&mode=grid&order=name&limit=15&page=12" "Mozilla/5.0 (Windows NT 6.1; WOW64; Trident/7.0; rv:11.0) like Gecko"
213.153.47.173 - - [14/Sep/2018:11:57:21 +0200] "GET /reload?ser=1536919041654 HTTP/1.1" 200 28 "http://renault.activities.at/login?required=true" "Mozilla/5.0 (Windows NT 10.0; Win64; x64; rv:62.0) Gecko/20100101 Firefox/62.0"
193.194.132.28 - - [14/Sep/2018:11:57:25 +0200] "GET /reload?ser=1536919045483 HTTP/1.1" 200 28 "http://renault.2web.at/result?searchterm=true&search=REH100601020" "Mozilla/5.0 (Windows NT 6.1; WOW64; Trident/7.0; rv:11.0) like Gecko"
193.194.132.24 - - [14/Sep/2018:11:57:32 +0200] "GET /reload?ser=1536919052220 HTTP/1.1" 200 28 "http://renault.activities.at/" "Mozilla/5.0 (Windows NT 6.1; WOW64; Trident/7.0; rv:11.0) like Gecko"
213.153.47.173 - - [14/Sep/2018:11:57:51 +0200] "GET /reload?ser=1536919071903 HTTP/1.1" 200 28 "http://renault.activities.at/login?required=true" "Mozilla/5.0 (Windows NT 10.0; Win64; x64; rv:62.0) Gecko/20100101 Firefox/62.0"
91.114.99.206 - - [14/Sep/2018:11:58:08 +0200] "GET /reload?ser=1536919088907 HTTP/1.1" 200 28 "http://renault.activities.at/10201442?dir=DESC&mode=grid&order=name&limit=15&page=12" "Mozilla/5.0 (Windows NT 6.1; WOW64; Trident/7.0; rv:11.0) like Gecko"
213.153.47.173 - - [14/Sep/2018:11:58:22 +0200] "GET /reload?ser=1536919102313 HTTP/1.1" 200 28 "http://renault.activities.at/login?required=true" "Mozilla/5.0 (Windows NT 10.0; Win64; x64; rv:62.0) Gecko/20100101 Firefox/62.0"
193.194.132.28 - - [14/Sep/2018:11:58:26 +0200] "GET /reload?ser=1536919106577 HTTP/1.1" 200 28 "http://renault.2web.at/result?searchterm=true&search=REH100601020" "Mozilla/5.0 (Windows NT 6.1; WOW64; Trident/7.0; rv:11.0) like Gecko"
193.194.132.24 - - [14/Sep/2018:11:58:33 +0200] "GET /reload?ser=1536919113010 HTTP/1.1" 200 28 "http://renault.activities.at/" "Mozilla/5.0 (Windows NT 6.1; WOW64; Trident/7.0; rv:11.0) like Gecko"
213.153.47.173 - - [14/Sep/2018:11:58:52 +0200] "GET /reload?ser=1536919132563 HTTP/1.1" 200 28 "http://renault.activities.at/login?required=true" "Mozilla/5.0 (Windows NT 10.0; Win64; x64; rv:62.0) Gecko/20100101 Firefox/62.0"
91.114.99.206 - - [14/Sep/2018:11:59:09 +0200] "GET /reload?ser=1536919149919 HTTP/1.1" 200 28 "http://renault.activities.at/10201442?dir=DESC&mode=grid&order=name&limit=15&page=12" "Mozilla/5.0 (Windows NT 6.1; WOW64; Trident/7.0; rv:11.0) like Gecko"
213.153.47.173 - - [14/Sep/2018:11:59:23 +0200] "GET /reload?ser=1536919162975 HTTP/1.1" 200 28 "http://renault.activities.at/login?required=true" "Mozilla/5.0 (Windows NT 10.0; Win64; x64; rv:62.0) Gecko/20100101 Firefox/62.0"
193.194.132.28 - - [14/Sep/2018:11:59:27 +0200] "GET /reload?ser=1536919167657 HTTP/1.1" 200 28 "http://renault.2web.at/result?searchterm=true&search=REH100601020" "Mozilla/5.0 (Windows NT 6.1; WOW64; Trident/7.0; rv:11.0) like Gecko"
193.194.132.24 - - [14/Sep/2018:11:59:34 +0200] "GET /reload?ser=1536919173760 HTTP/1.1" 200 28 "http://renault.activities.at/" "Mozilla/5.0 (Windows NT 6.1; WOW64; Trident/7.0; rv:11.0) like Gecko"
213.153.47.173 - - [14/Sep/2018:11:59:53 +0200] "GET /reload?ser=1536919193215 HTTP/1.1" 200 28 "http://renault.activities.at/login?required=true" "Mozilla/5.0 (Windows NT 10.0; Win64; x64; rv:62.0) Gecko/20100101 Firefox/62.0"
91.114.99.206 - - [14/Sep/2018:12:00:11 +0200] "GET /reload?ser=1536919210946 HTTP/1.1" 200 28 "http://renault.activities.at/10201442?dir=DESC&mode=grid&order=name&limit=15&page=12" "Mozilla/5.0 (Windows NT 6.1; WOW64; Trident/7.0; rv:11.0) like Gecko"
213.153.47.173 - - [14/Sep/2018:12:00:23 +0200] "GET /reload?ser=1536919223652 HTTP/1.1" 200 28 "http://renault.activities.at/login?required=true" "Mozilla/5.0 (Windows NT 10.0; Win64; x64; rv:62.0) Gecko/20100101 Firefox/62.0"
193.194.132.28 - - [14/Sep/2018:12:00:28 +0200] "GET /reload?ser=1536919228745 HTTP/1.1" 200 28 "http://renault.2web.at/result?searchterm=true&search=REH100601020" "Mozilla/5.0 (Windows NT 6.1; WOW64; Trident/7.0; rv:11.0) like Gecko"
193.194.132.24 - - [14/Sep/2018:12:00:34 +0200] "GET /reload?ser=1536919234672 HTTP/1.1" 200 28 "http://renault.activities.at/" "Mozilla/5.0 (Windows NT 6.1; WOW64; Trident/7.0; rv:11.0) like Gecko"
213.153.47.173 - - [14/Sep/2018:12:00:53 +0200] "GET /reload?ser=1536919253872 HTTP/1.1" 200 28 "http://renault.activities.at/login?required=true" "Mozilla/5.0 (Windows NT 10.0; Win64; x64; rv:62.0) Gecko/20100101 Firefox/62.0"
91.114.99.206 - - [14/Sep/2018:12:01:12 +0200] "GET /reload?ser=1536919271956 HTTP/1.1" 200 28 "http://renault.activities.at/10201442?dir=DESC&mode=grid&order=name&limit=15&page=12" "Mozilla/5.0 (Windows NT 6.1; WOW64; Trident/7.0; rv:11.0) like Gecko"
213.153.47.173 - - [14/Sep/2018:12:01:24 +0200] "GET /reload?ser=1536919284332 HTTP/1.1" 200 28 "http://renault.activities.at/login?required=true" "Mozilla/5.0 (Windows NT 10.0; Win64; x64; rv:62.0) Gecko/20100101 Firefox/62.0"
207.46.13.234 - - [14/Sep/2018:12:01:25 +0200] "GET /10260004?dir=ASC&mode=list&order=name&limit=410&detail=715562 HTTP/1.1" 200 3266 "-" "Mozilla/5.0 (compatible; bingbot/2.0; +http://www.bing.com/bingbot.htm)"
193.194.132.28 - - [14/Sep/2018:12:01:29 +0200] "GET /reload?ser=1536919289848 HTTP/1.1" 200 28 "http://renault.2web.at/result?searchterm=true&search=REH100601020" "Mozilla/5.0 (Windows NT 6.1; WOW64; Trident/7.0; rv:11.0) like Gecko"
193.194.132.24 - - [14/Sep/2018:12:01:35 +0200] "GET /reload?ser=1536919295420 HTTP/1.1" 200 28 "http://renault.activities.at/" "Mozilla/5.0 (Windows NT 6.1; WOW64; Trident/7.0; rv:11.0) like Gecko"
213.153.47.173 - - [14/Sep/2018:12:01:54 +0200] "GET /reload?ser=1536919314522 HTTP/1.1" 200 28 "http://renault.activities.at/login?required=true" "Mozilla/5.0 (Windows NT 10.0; Win64; x64; rv:62.0) Gecko/20100101 Firefox/62.0"
91.114.99.206 - - [14/Sep/2018:12:02:13 +0200] "GET /reload?ser=1536919332969 HTTP/1.1" 200 28 "http://renault.activities.at/10201442?dir=DESC&mode=grid&order=name&limit=15&page=12" "Mozilla/5.0 (Windows NT 6.1; WOW64; Trident/7.0; rv:11.0) like Gecko"
213.153.47.173 - - [14/Sep/2018:12:02:25 +0200] "GET /reload?ser=1536919345004 HTTP/1.1" 200 28 "http://renault.activities.at/login?required=true" "Mozilla/5.0 (Windows NT 10.0; Win64; x64; rv:62.0) Gecko/20100101 Firefox/62.0"
193.194.132.28 - - [14/Sep/2018:12:02:31 +0200] "GET /reload?ser=1536919350959 HTTP/1.1" 200 28 "http://renault.2web.at/result?searchterm=true&search=REH100601020" "Mozilla/5.0 (Windows NT 6.1; WOW64; Trident/7.0; rv:11.0) like Gecko"
193.194.132.24 - - [14/Sep/2018:12:02:36 +0200] "GET /reload?ser=1536919356175 HTTP/1.1" 200 28 "http://renault.activities.at/" "Mozilla/5.0 (Windows NT 6.1; WOW64; Trident/7.0; rv:11.0) like Gecko"
213.153.47.173 - - [14/Sep/2018:12:02:55 +0200] "GET /reload?ser=1536919375174 HTTP/1.1" 200 28 "http://renault.activities.at/login?required=true" "Mozilla/5.0 (Windows NT 10.0; Win64; x64; rv:62.0) Gecko/20100101 Firefox/62.0"
91.114.99.206 - - [14/Sep/2018:12:03:14 +0200] "GET /reload?ser=1536919393989 HTTP/1.1" 200 28 "http://renault.activities.at/10201442?dir=DESC&mode=grid&order=name&limit=15&page=12" "Mozilla/5.0 (Windows NT 6.1; WOW64; Trident/7.0; rv:11.0) like Gecko"
213.153.47.173 - - [14/Sep/2018:12:03:25 +0200] "GET /reload?ser=1536919405663 HTTP/1.1" 200 28 "http://renault.activities.at/login?required=true" "Mozilla/5.0 (Windows NT 10.0; Win64; x64; rv:62.0) Gecko/20100101 Firefox/62.0"
193.194.132.28 - - [14/Sep/2018:12:03:32 +0200] "GET /reload?ser=1536919412039 HTTP/1.1" 200 28 "http://renault.2web.at/result?searchterm=true&search=REH100601020" "Mozilla/5.0 (Windows NT 6.1; WOW64; Trident/7.0; rv:11.0) like Gecko"
193.194.132.24 - - [14/Sep/2018:12:03:37 +0200] "GET /reload?ser=1536919416959 HTTP/1.1" 200 28 "http://renault.activities.at/" "Mozilla/5.0 (Windows NT 6.1; WOW64; Trident/7.0; rv:11.0) like Gecko"
213.153.47.173 - - [14/Sep/2018:12:03:55 +0200] "GET /reload?ser=1536919435864 HTTP/1.1" 200 28 "http://renault.activities.at/login?required=true" "Mozilla/5.0 (Windows NT 10.0; Win64; x64; rv:62.0) Gecko/20100101 Firefox/62.0"
91.114.99.206 - - [14/Sep/2018:12:04:15 +0200] "GET /reload?ser=1536919454985 HTTP/1.1" 200 28 "http://renault.activities.at/10201442?dir=DESC&mode=grid&order=name&limit=15&page=12" "Mozilla/5.0 (Windows NT 6.1; WOW64; Trident/7.0; rv:11.0) like Gecko"
213.153.47.173 - - [14/Sep/2018:12:04:26 +0200] "GET /reload?ser=1536919466315 HTTP/1.1" 200 28 "http://renault.activities.at/login?required=true" "Mozilla/5.0 (Windows NT 10.0; Win64; x64; rv:62.0) Gecko/20100101 Firefox/62.0"
193.194.132.28 - - [14/Sep/2018:12:04:33 +0200] "GET /reload?ser=1536919473127 HTTP/1.1" 200 28 "http://renault.2web.at/result?searchterm=true&search=REH100601020" "Mozilla/5.0 (Windows NT 6.1; WOW64; Trident/7.0; rv:11.0) like Gecko"
193.194.132.24 - - [14/Sep/2018:12:04:37 +0200] "GET /reload?ser=1536919477726 HTTP/1.1" 200 28 "http://renault.activities.at/" "Mozilla/5.0 (Windows NT 6.1; WOW64; Trident/7.0; rv:11.0) like Gecko"
213.153.47.173 - - [14/Sep/2018:12:04:56 +0200] "GET /reload?ser=1536919496515 HTTP/1.1" 200 28 "http://renault.activities.at/login?required=true" "Mozilla/5.0 (Windows NT 10.0; Win64; x64; rv:62.0) Gecko/20100101 Firefox/62.0"
91.114.99.206 - - [14/Sep/2018:12:05:16 +0200] "GET /reload?ser=1536919515949 HTTP/1.1" 200 28 "http://renault.activities.at/10201442?dir=DESC&mode=grid&order=name&limit=15&page=12" "Mozilla/5.0 (Windows NT 6.1; WOW64; Trident/7.0; rv:11.0) like Gecko"
213.153.47.173 - - [14/Sep/2018:12:05:27 +0200] "GET /reload?ser=1536919526985 HTTP/1.1" 200 28 "http://renault.activities.at/login?required=true" "Mozilla/5.0 (Windows NT 10.0; Win64; x64; rv:62.0) Gecko/20100101 Firefox/62.0"
193.194.132.24 - - [14/Sep/2018:12:05:38 +0200] "GET /reload?ser=1536919538517 HTTP/1.1" 200 28 "http://renault.activities.at/" "Mozilla/5.0 (Windows NT 6.1; WOW64; Trident/7.0; rv:11.0) like Gecko"
193.194.132.28 - - [14/Sep/2018:12:05:46 +0200] "GET /reload?ser=1536919534216 HTTP/1.1" 200 28 "http://renault.2web.at/result?searchterm=true&search=REH100601020" "Mozilla/5.0 (Windows NT 6.1; WOW64; Trident/7.0; rv:11.0) like Gecko"
213.153.47.173 - - [14/Sep/2018:12:05:57 +0200] "GET /reload?ser=1536919557196 HTTP/1.1" 200 28 "http://renault.activities.at/login?required=true" "Mozilla/5.0 (Windows NT 10.0; Win64; x64; rv:62.0) Gecko/20100101 Firefox/62.0"
157.55.39.208 - - [14/Sep/2018:12:06:04 +0200] "GET /10260003?dir=DESC&mode=grid&order=name&limit=15&page=2 HTTP/1.1" 200 6293 "-" "Mozilla/5.0 (compatible; bingbot/2.0; +http://www.bing.com/bingbot.htm)"
91.114.99.206 - - [14/Sep/2018:12:06:16 +0200] "GET /reload?ser=1536919576913 HTTP/1.1" 200 28 "http://renault.activities.at/10201442?dir=DESC&mode=grid&order=name&limit=15&page=12" "Mozilla/5.0 (Windows NT 6.1; WOW64; Trident/7.0; rv:11.0) like Gecko"
213.153.47.173 - - [14/Sep/2018:12:06:27 +0200] "GET /reload?ser=1536919587646 HTTP/1.1" 200 28 "http://renault.activities.at/login?required=true" "Mozilla/5.0 (Windows NT 10.0; Win64; x64; rv:62.0) Gecko/20100101 Firefox/62.0"
193.194.132.24 - - [14/Sep/2018:12:06:39 +0200] "GET /reload?ser=1536919599267 HTTP/1.1" 200 28 "http://renault.activities.at/" "Mozilla/5.0 (Windows NT 6.1; WOW64; Trident/7.0; rv:11.0) like Gecko"
193.194.132.28 - - [14/Sep/2018:12:06:47 +0200] "GET /reload?ser=1536919607311 HTTP/1.1" 200 28 "http://renault.2web.at/result?searchterm=true&search=REH100601020" "Mozilla/5.0 (Windows NT 6.1; WOW64; Trident/7.0; rv:11.0) like Gecko"
213.153.47.173 - - [14/Sep/2018:12:06:57 +0200] "GET /reload?ser=1536919617886 HTTP/1.1" 200 28 "http://renault.activities.at/login?required=true" "Mozilla/5.0 (Windows NT 10.0; Win64; x64; rv:62.0) Gecko/20100101 Firefox/62.0"
91.114.99.206 - - [14/Sep/2018:12:07:17 +0200] "GET /reload?ser=1536919637926 HTTP/1.1" 200 28 "http://renault.activities.at/10201442?dir=DESC&mode=grid&order=name&limit=15&page=12" "Mozilla/5.0 (Windows NT 6.1; WOW64; Trident/7.0; rv:11.0) like Gecko"
213.153.47.173 - - [14/Sep/2018:12:07:28 +0200] "GET /reload?ser=1536919648297 HTTP/1.1" 200 28 "http://renault.activities.at/login?required=true" "Mozilla/5.0 (Windows NT 10.0; Win64; x64; rv:62.0) Gecko/20100101 Firefox/62.0"
193.194.132.24 - - [14/Sep/2018:12:07:40 +0200] "GET /reload?ser=1536919660032 HTTP/1.1" 200 28 "http://renault.activities.at/" "Mozilla/5.0 (Windows NT 6.1; WOW64; Trident/7.0; rv:11.0) like Gecko"
40.77.167.163 - - [14/Sep/2018:12:07:46 +0200] "GET /10260004?dir=ASC&mode=list&order=name&limit=10&detail=715552 HTTP/1.1" 200 3281 "-" "Mozilla/5.0 (compatible; bingbot/2.0; +http://www.bing.com/bingbot.htm)"
193.194.132.28 - - [14/Sep/2018:12:07:48 +0200] "GET /reload?ser=1536919668388 HTTP/1.1" 200 28 "http://renault.2web.at/result?searchterm=true&search=REH100601020" "Mozilla/5.0 (Windows NT 6.1; WOW64; Trident/7.0; rv:11.0) like Gecko"
213.153.47.173 - - [14/Sep/2018:12:07:58 +0200] "GET /reload?ser=1536919678527 HTTP/1.1" 200 28 "http://renault.activities.at/login?required=true" "Mozilla/5.0 (Windows NT 10.0; Win64; x64; rv:62.0) Gecko/20100101 Firefox/62.0"
91.114.99.206 - - [14/Sep/2018:12:08:19 +0200] "GET /reload?ser=1536919698952 HTTP/1.1" 200 28 "http://renault.activities.at/10201442?dir=DESC&mode=grid&order=name&limit=15&page=12" "Mozilla/5.0 (Windows NT 6.1; WOW64; Trident/7.0; rv:11.0) like Gecko"
213.153.47.173 - - [14/Sep/2018:12:08:29 +0200] "GET /reload?ser=1536919708957 HTTP/1.1" 200 28 "http://renault.activities.at/login?required=true" "Mozilla/5.0 (Windows NT 10.0; Win64; x64; rv:62.0) Gecko/20100101 Firefox/62.0"
193.194.132.24 - - [14/Sep/2018:12:08:40 +0200] "GET /reload?ser=1536919720794 HTTP/1.1" 200 28 "http://renault.activities.at/" "Mozilla/5.0 (Windows NT 6.1; WOW64; Trident/7.0; rv:11.0) like Gecko"
193.194.132.28 - - [14/Sep/2018:12:08:49 +0200] "GET /reload?ser=1536919729541 HTTP/1.1" 200 28 "http://renault.2web.at/result?searchterm=true&search=REH100601020" "Mozilla/5.0 (Windows NT 6.1; WOW64; Trident/7.0; rv:11.0) like Gecko"
213.153.47.173 - - [14/Sep/2018:12:08:59 +0200] "GET /reload?ser=1536919739177 HTTP/1.1" 200 28 "http://renault.activities.at/login?required=true" "Mozilla/5.0 (Windows NT 10.0; Win64; x64; rv:62.0) Gecko/20100101 Firefox/62.0"
91.114.99.206 - - [14/Sep/2018:12:09:20 +0200] "GET /reload?ser=1536919759995 HTTP/1.1" 200 28 "http://renault.activities.at/10201442?dir=DESC&mode=grid&order=name&limit=15&page=12" "Mozilla/5.0 (Windows NT 6.1; WOW64; Trident/7.0; rv:11.0) like Gecko"
213.153.47.173 - - [14/Sep/2018:12:09:29 +0200] "GET /reload?ser=1536919769627 HTTP/1.1" 200 28 "http://renault.activities.at/login?required=true" "Mozilla/5.0 (Windows NT 10.0; Win64; x64; rv:62.0) Gecko/20100101 Firefox/62.0"
193.194.132.24 - - [14/Sep/2018:12:09:41 +0200] "GET /reload?ser=1536919781598 HTTP/1.1" 200 28 "http://renault.activities.at/" "Mozilla/5.0 (Windows NT 6.1; WOW64; Trident/7.0; rv:11.0) like Gecko"
193.194.132.28 - - [14/Sep/2018:12:09:50 +0200] "GET /reload?ser=1536919790652 HTTP/1.1" 200 28 "http://renault.2web.at/result?searchterm=true&search=REH100601020" "Mozilla/5.0 (Windows NT 6.1; WOW64; Trident/7.0; rv:11.0) like Gecko"
213.153.47.173 - - [14/Sep/2018:12:09:59 +0200] "GET /reload?ser=1536919799847 HTTP/1.1" 200 28 "http://renault.activities.at/login?required=true" "Mozilla/5.0 (Windows NT 10.0; Win64; x64; rv:62.0) Gecko/20100101 Firefox/62.0"
40.77.167.163 - - [14/Sep/2018:12:10:08 +0200] "GET /10260003?mode=grid&order=name&limit=15&page=2 HTTP/1.1" 200 6295 "-" "Mozilla/5.0 (compatible; bingbot/2.0; +http://www.bing.com/bingbot.htm)"
91.114.99.206 - - [14/Sep/2018:12:10:21 +0200] "GET /reload?ser=1536919821021 HTTP/1.1" 200 28 "http://renault.activities.at/10201442?dir=DESC&mode=grid&order=name&limit=15&page=12" "Mozilla/5.0 (Windows NT 6.1; WOW64; Trident/7.0; rv:11.0) like Gecko"
213.153.47.173 - - [14/Sep/2018:12:10:30 +0200] "GET /reload?ser=1536919830288 HTTP/1.1" 200 28 "http://renault.activities.at/login?required=true" "Mozilla/5.0 (Windows NT 10.0; Win64; x64; rv:62.0) Gecko/20100101 Firefox/62.0"
193.194.132.24 - - [14/Sep/2018:12:10:42 +0200] "GET /reload?ser=1536919842370 HTTP/1.1" 200 28 "http://renault.activities.at/" "Mozilla/5.0 (Windows NT 6.1; WOW64; Trident/7.0; rv:11.0) like Gecko"
193.194.132.28 - - [14/Sep/2018:12:10:51 +0200] "GET /reload?ser=1536919851746 HTTP/1.1" 200 28 "http://renault.2web.at/result?searchterm=true&search=REH100601020" "Mozilla/5.0 (Windows NT 6.1; WOW64; Trident/7.0; rv:11.0) like Gecko"
213.153.47.173 - - [14/Sep/2018:12:11:00 +0200] "GET /reload?ser=1536919860499 HTTP/1.1" 200 28 "http://renault.activities.at/login?required=true" "Mozilla/5.0 (Windows NT 10.0; Win64; x64; rv:62.0) Gecko/20100101 Firefox/62.0"
91.114.99.206 - - [14/Sep/2018:12:11:22 +0200] "GET /reload?ser=1536919882033 HTTP/1.1" 200 28 "http://renault.activities.at/10201442?dir=DESC&mode=grid&order=name&limit=15&page=12" "Mozilla/5.0 (Windows NT 6.1; WOW64; Trident/7.0; rv:11.0) like Gecko"
213.153.47.173 - - [14/Sep/2018:12:11:31 +0200] "GET /reload?ser=1536919890958 HTTP/1.1" 200 28 "http://renault.activities.at/login?required=true" "Mozilla/5.0 (Windows NT 10.0; Win64; x64; rv:62.0) Gecko/20100101 Firefox/62.0"
193.194.132.24 - - [14/Sep/2018:12:11:43 +0200] "GET /reload?ser=1536919903167 HTTP/1.1" 200 28 "http://renault.activities.at/" "Mozilla/5.0 (Windows NT 6.1; WOW64; Trident/7.0; rv:11.0) like Gecko"
193.194.132.28 - - [14/Sep/2018:12:11:53 +0200] "GET /reload?ser=1536919912990 HTTP/1.1" 200 28 "http://renault.2web.at/result?searchterm=true&search=REH100601020" "Mozilla/5.0 (Windows NT 6.1; WOW64; Trident/7.0; rv:11.0) like Gecko"
207.46.13.234 - - [14/Sep/2018:12:11:55 +0200] "GET /10260004?dir=ASC&mode=list&order=name&detail=715554 HTTP/1.1" 200 3283 "-" "Mozilla/5.0 (compatible; bingbot/2.0; +http://www.bing.com/bingbot.htm)"
213.153.47.173 - - [14/Sep/2018:12:12:01 +0200] "GET /reload?ser=1536919921158 HTTP/1.1" 200 28 "http://renault.activities.at/login?required=true" "Mozilla/5.0 (Windows NT 10.0; Win64; x64; rv:62.0) Gecko/20100101 Firefox/62.0"
91.114.99.206 - - [14/Sep/2018:12:12:23 +0200] "GET /reload?ser=1536919943029 HTTP/1.1" 200 28 "http://renault.activities.at/10201442?dir=DESC&mode=grid&order=name&limit=15&page=12" "Mozilla/5.0 (Windows NT 6.1; WOW64; Trident/7.0; rv:11.0) like Gecko"
213.153.47.173 - - [14/Sep/2018:12:12:31 +0200] "GET /reload?ser=1536919951628 HTTP/1.1" 200 28 "http://renault.activities.at/login?required=true" "Mozilla/5.0 (Windows NT 10.0; Win64; x64; rv:62.0) Gecko/20100101 Firefox/62.0"
193.194.132.24 - - [14/Sep/2018:12:12:44 +0200] "GET /reload?ser=1536919963965 HTTP/1.1" 200 28 "http://renault.activities.at/" "Mozilla/5.0 (Windows NT 6.1; WOW64; Trident/7.0; rv:11.0) like Gecko"
193.194.132.28 - - [14/Sep/2018:12:12:54 +0200] "GET /reload?ser=1536919974063 HTTP/1.1" 200 28 "http://renault.2web.at/result?searchterm=true&search=REH100601020" "Mozilla/5.0 (Windows NT 6.1; WOW64; Trident/7.0; rv:11.0) like Gecko"
213.153.47.173 - - [14/Sep/2018:12:13:01 +0200] "GET /reload?ser=1536919981838 HTTP/1.1" 200 28 "http://renault.activities.at/login?required=true" "Mozilla/5.0 (Windows NT 10.0; Win64; x64; rv:62.0) Gecko/20100101 Firefox/62.0"
91.114.99.206 - - [14/Sep/2018:12:13:24 +0200] "GET /reload?ser=1536920004055 HTTP/1.1" 200 28 "http://renault.activities.at/10201442?dir=DESC&mode=grid&order=name&limit=15&page=12" "Mozilla/5.0 (Windows NT 6.1; WOW64; Trident/7.0; rv:11.0) like Gecko"
213.153.47.173 - - [14/Sep/2018:12:13:32 +0200] "GET /reload?ser=1536920012279 HTTP/1.1" 200 28 "http://renault.activities.at/login?required=true" "Mozilla/5.0 (Windows NT 10.0; Win64; x64; rv:62.0) Gecko/20100101 Firefox/62.0"
193.194.132.24 - - [14/Sep/2018:12:13:44 +0200] "GET /reload?ser=1536920024739 HTTP/1.1" 200 28 "http://renault.activities.at/" "Mozilla/5.0 (Windows NT 6.1; WOW64; Trident/7.0; rv:11.0) like Gecko"
193.194.132.28 - - [14/Sep/2018:12:13:55 +0200] "GET /reload?ser=1536920035166 HTTP/1.1" 200 28 "http://renault.2web.at/result?searchterm=true&search=REH100601020" "Mozilla/5.0 (Windows NT 6.1; WOW64; Trident/7.0; rv:11.0) like Gecko"
213.153.47.173 - - [14/Sep/2018:12:14:02 +0200] "GET /reload?ser=1536920042498 HTTP/1.1" 200 28 "http://renault.activities.at/login?required=true" "Mozilla/5.0 (Windows NT 10.0; Win64; x64; rv:62.0) Gecko/20100101 Firefox/62.0"
91.114.99.206 - - [14/Sep/2018:12:14:25 +0200] "GET /reload?ser=1536920065051 HTTP/1.1" 200 28 "http://renault.activities.at/10201442?dir=DESC&mode=grid&order=name&limit=15&page=12" "Mozilla/5.0 (Windows NT 6.1; WOW64; Trident/7.0; rv:11.0) like Gecko"
213.153.47.173 - - [14/Sep/2018:12:14:33 +0200] "GET /reload?ser=1536920072938 HTTP/1.1" 200 28 "http://renault.activities.at/login?required=true" "Mozilla/5.0 (Windows NT 10.0; Win64; x64; rv:62.0) Gecko/20100101 Firefox/62.0"
193.194.132.24 - - [14/Sep/2018:12:14:45 +0200] "GET /reload?ser=1536920085540 HTTP/1.1" 200 28 "http://renault.activities.at/" "Mozilla/5.0 (Windows NT 6.1; WOW64; Trident/7.0; rv:11.0) like Gecko"
193.194.132.28 - - [14/Sep/2018:12:14:56 +0200] "GET /reload?ser=1536920096297 HTTP/1.1" 200 28 "http://renault.2web.at/result?searchterm=true&search=REH100601020" "Mozilla/5.0 (Windows NT 6.1; WOW64; Trident/7.0; rv:11.0) like Gecko"
213.153.47.173 - - [14/Sep/2018:12:15:03 +0200] "GET /reload?ser=1536920103158 HTTP/1.1" 200 28 "http://renault.activities.at/login?required=true" "Mozilla/5.0 (Windows NT 10.0; Win64; x64; rv:62.0) Gecko/20100101 Firefox/62.0"
91.114.99.206 - - [14/Sep/2018:12:15:26 +0200] "GET /reload?ser=1536920126079 HTTP/1.1" 200 28 "http://renault.activities.at/10201442?dir=DESC&mode=grid&order=name&limit=15&page=12" "Mozilla/5.0 (Windows NT 6.1; WOW64; Trident/7.0; rv:11.0) like Gecko"
213.153.47.173 - - [14/Sep/2018:12:15:33 +0200] "GET /reload?ser=1536920133598 HTTP/1.1" 200 28 "http://renault.activities.at/login?required=true" "Mozilla/5.0 (Windows NT 10.0; Win64; x64; rv:62.0) Gecko/20100101 Firefox/62.0"
193.194.132.24 - - [14/Sep/2018:12:15:46 +0200] "GET /reload?ser=1536920146336 HTTP/1.1" 200 28 "http://renault.activities.at/" "Mozilla/5.0 (Windows NT 6.1; WOW64; Trident/7.0; rv:11.0) like Gecko"
157.55.39.231 - - [14/Sep/2018:12:15:49 +0200] "GET /login?required=true HTTP/1.1" 200 2086 "-" "Mozilla/5.0 (compatible; bingbot/2.0; +http://www.bing.com/bingbot.htm)"
193.194.132.28 - - [14/Sep/2018:12:15:57 +0200] "GET /reload?ser=1536920157419 HTTP/1.1" 200 28 "http://renault.2web.at/result?searchterm=true&search=REH100601020" "Mozilla/5.0 (Windows NT 6.1; WOW64; Trident/7.0; rv:11.0) like Gecko"
213.153.47.173 - - [14/Sep/2018:12:16:03 +0200] "GET /reload?ser=1536920163818 HTTP/1.1" 200 28 "http://renault.activities.at/login?required=true" "Mozilla/5.0 (Windows NT 10.0; Win64; x64; rv:62.0) Gecko/20100101 Firefox/62.0"
91.114.99.206 - - [14/Sep/2018:12:16:27 +0200] "GET /reload?ser=1536920187136 HTTP/1.1" 200 28 "http://renault.activities.at/10201442?dir=DESC&mode=grid&order=name&limit=15&page=12" "Mozilla/5.0 (Windows NT 6.1; WOW64; Trident/7.0; rv:11.0) like Gecko"
213.153.47.173 - - [14/Sep/2018:12:16:34 +0200] "GET /reload?ser=1536920194248 HTTP/1.1" 200 28 "http://renault.activities.at/login?required=true" "Mozilla/5.0 (Windows NT 10.0; Win64; x64; rv:62.0) Gecko/20100101 Firefox/62.0"
193.194.132.24 - - [14/Sep/2018:12:16:47 +0200] "GET /reload?ser=1536920207095 HTTP/1.1" 200 28 "http://renault.activities.at/" "Mozilla/5.0 (Windows NT 6.1; WOW64; Trident/7.0; rv:11.0) like Gecko"
193.194.132.28 - - [14/Sep/2018:12:16:58 +0200] "GET /reload?ser=1536920218487 HTTP/1.1" 200 28 "http://renault.2web.at/result?searchterm=true&search=REH100601020" "Mozilla/5.0 (Windows NT 6.1; WOW64; Trident/7.0; rv:11.0) like Gecko"
213.153.47.173 - - [14/Sep/2018:12:17:04 +0200] "GET /reload?ser=1536920224479 HTTP/1.1" 200 28 "http://renault.activities.at/login?required=true" "Mozilla/5.0 (Windows NT 10.0; Win64; x64; rv:62.0) Gecko/20100101 Firefox/62.0"
91.114.99.206 - - [14/Sep/2018:12:17:28 +0200] "GET /reload?ser=1536920248149 HTTP/1.1" 200 28 "http://renault.activities.at/10201442?dir=DESC&mode=grid&order=name&limit=15&page=12" "Mozilla/5.0 (Windows NT 6.1; WOW64; Trident/7.0; rv:11.0) like Gecko"
213.153.47.173 - - [14/Sep/2018:12:17:34 +0200] "GET /reload?ser=1536920254899 HTTP/1.1" 200 28 "http://renault.activities.at/login?required=true" "Mozilla/5.0 (Windows NT 10.0; Win64; x64; rv:62.0) Gecko/20100101 Firefox/62.0"
193.194.132.24 - - [14/Sep/2018:12:17:47 +0200] "GET /reload?ser=1536920267840 HTTP/1.1" 200 28 "http://renault.activities.at/" "Mozilla/5.0 (Windows NT 6.1; WOW64; Trident/7.0; rv:11.0) like Gecko"
193.194.132.28 - - [14/Sep/2018:12:17:59 +0200] "GET /reload?ser=1536920279607 HTTP/1.1" 200 28 "http://renault.2web.at/result?searchterm=true&search=REH100601020" "Mozilla/5.0 (Windows NT 6.1; WOW64; Trident/7.0; rv:11.0) like Gecko"
213.153.47.173 - - [14/Sep/2018:12:18:05 +0200] "GET /reload?ser=1536920285149 HTTP/1.1" 200 28 "http://renault.activities.at/login?required=true" "Mozilla/5.0 (Windows NT 10.0; Win64; x64; rv:62.0) Gecko/20100101 Firefox/62.0"
91.114.99.206 - - [14/Sep/2018:12:18:29 +0200] "GET /reload?ser=1536920309144 HTTP/1.1" 200 28 "http://renault.activities.at/10201442?dir=DESC&mode=grid&order=name&limit=15&page=12" "Mozilla/5.0 (Windows NT 6.1; WOW64; Trident/7.0; rv:11.0) like Gecko"
213.153.47.173 - - [14/Sep/2018:12:18:35 +0200] "GET /reload?ser=1536920315568 HTTP/1.1" 200 28 "http://renault.activities.at/login?required=true" "Mozilla/5.0 (Windows NT 10.0; Win64; x64; rv:62.0) Gecko/20100101 Firefox/62.0"
193.194.132.24 - - [14/Sep/2018:12:18:48 +0200] "GET /reload?ser=1536920328591 HTTP/1.1" 200 28 "http://renault.activities.at/" "Mozilla/5.0 (Windows NT 6.1; WOW64; Trident/7.0; rv:11.0) like Gecko"
193.194.132.28 - - [14/Sep/2018:12:19:00 +0200] "GET /reload?ser=1536920340684 HTTP/1.1" 200 28 "http://renault.2web.at/result?searchterm=true&search=REH100601020" "Mozilla/5.0 (Windows NT 6.1; WOW64; Trident/7.0; rv:11.0) like Gecko"
213.153.47.173 - - [14/Sep/2018:12:19:05 +0200] "GET /reload?ser=1536920345808 HTTP/1.1" 200 28 "http://renault.activities.at/login?required=true" "Mozilla/5.0 (Windows NT 10.0; Win64; x64; rv:62.0) Gecko/20100101 Firefox/62.0"
91.114.99.206 - - [14/Sep/2018:12:19:30 +0200] "GET /reload?ser=1536920370155 HTTP/1.1" 200 28 "http://renault.activities.at/10201442?dir=DESC&mode=grid&order=name&limit=15&page=12" "Mozilla/5.0 (Windows NT 6.1; WOW64; Trident/7.0; rv:11.0) like Gecko"
213.153.47.173 - - [14/Sep/2018:12:19:36 +0200] "GET /reload?ser=1536920376208 HTTP/1.1" 200 28 "http://renault.activities.at/login?required=true" "Mozilla/5.0 (Windows NT 10.0; Win64; x64; rv:62.0) Gecko/20100101 Firefox/62.0"
193.194.132.24 - - [14/Sep/2018:12:19:49 +0200] "GET /reload?ser=1536920389353 HTTP/1.1" 200 28 "http://renault.activities.at/" "Mozilla/5.0 (Windows NT 6.1; WOW64; Trident/7.0; rv:11.0) like Gecko"
193.194.132.28 - - [14/Sep/2018:12:20:01 +0200] "GET /reload?ser=1536920401830 HTTP/1.1" 200 28 "http://renault.2web.at/result?searchterm=true&search=REH100601020" "Mozilla/5.0 (Windows NT 6.1; WOW64; Trident/7.0; rv:11.0) like Gecko"
213.153.47.173 - - [14/Sep/2018:12:20:06 +0200] "GET /reload?ser=1536920406477 HTTP/1.1" 200 28 "http://renault.activities.at/login?required=true" "Mozilla/5.0 (Windows NT 10.0; Win64; x64; rv:62.0) Gecko/20100101 Firefox/62.0"
91.114.99.206 - - [14/Sep/2018:12:20:31 +0200] "GET /reload?ser=1536920431152 HTTP/1.1" 200 28 "http://renault.activities.at/10201442?dir=DESC&mode=grid&order=name&limit=15&page=12" "Mozilla/5.0 (Windows NT 6.1; WOW64; Trident/7.0; rv:11.0) like Gecko"
193.194.132.28 - - [14/Sep/2018:12:20:31 +0200] "POST /result?searchterm=true&search=REH100601020 HTTP/1.1" 302 163 "http://renault.2web.at/result?searchterm=true&search=REH100601020" "Mozilla/5.0 (Windows NT 6.1; WOW64; Trident/7.0; rv:11.0) like Gecko"
193.194.132.28 - - [14/Sep/2018:12:20:32 +0200] "GET /result?searchterm=true&search=REH100601020 HTTP/1.1" 200 8615 "http://renault.2web.at/result?searchterm=true&search=REH100601020" "Mozilla/5.0 (Windows NT 6.1; WOW64; Trident/7.0; rv:11.0) like Gecko"
193.194.132.26 - - [14/Sep/2018:12:20:34 +0200] "GET /loadthumbnail.php?id=10203255 HTTP/1.1" 200 114 "-" "Mozilla/4.0 (compatible;)"
193.194.132.28 - - [14/Sep/2018:12:20:34 +0200] "GET /loadthumbnail.php?id=11127982 HTTP/1.1" 200 399614 "http://renault.2web.at/result?searchterm=true&search=REH100601020" "Mozilla/5.0 (Windows NT 6.1; WOW64; Trident/7.0; rv:11.0) like Gecko"
193.194.132.28 - - [14/Sep/2018:12:20:35 +0200] "GET /action HTTP/1.1" 200 6731 "http://renault.2web.at/result?searchterm=true&search=REH100601020" "Mozilla/5.0 (Windows NT 6.1; WOW64; Trident/7.0; rv:11.0) like Gecko"
213.153.47.173 - - [14/Sep/2018:12:20:36 +0200] "GET /reload?ser=1536920436868 HTTP/1.1" 200 28 "http://renault.activities.at/login?required=true" "Mozilla/5.0 (Windows NT 10.0; Win64; x64; rv:62.0) Gecko/20100101 Firefox/62.0"
193.194.132.24 - - [14/Sep/2018:12:20:50 +0200] "GET /reload?ser=1536920450116 HTTP/1.1" 200 28 "http://renault.activities.at/" "Mozilla/5.0 (Windows NT 6.1; WOW64; Trident/7.0; rv:11.0) like Gecko"
193.194.132.28 - - [14/Sep/2018:12:21:04 +0200] "GET /action HTTP/1.1" 200 6742 "http://renault.2web.at/result?searchterm=true&search=REH100601020" "Mozilla/5.0 (Windows NT 6.1; WOW64; Trident/7.0; rv:11.0) like Gecko"
193.194.132.28 - - [14/Sep/2018:12:21:06 +0200] "GET /js/default.js HTTP/1.1" 304 - "http://renault.2web.at/action" "Mozilla/5.0 (Windows NT 6.1; WOW64; Trident/7.0; rv:11.0) like Gecko"
193.194.132.28 - - [14/Sep/2018:12:21:07 +0200] "GET /js/index.php?c=auto&f=,prototype/prototype.js,prototype/validation.js,scriptaculous/builder.js,scriptaculous/effects.js,scriptaculous/dragdrop.js,scriptaculous/controls.js,scriptaculous/slider.js,varien/js.js,varien/form.js,varien/menu.js,mage/translate.js,mage/cookies.js,varien/product.js,spinner/SpinnerControl.jsmin.js,prototype/window.js,prototype/window_ext.js HTTP/1.1" 304 - "http://renault.2web.at/action" "Mozilla/5.0 (Windows NT 6.1; WOW64; Trident/7.0; rv:11.0) like Gecko"
193.194.132.28 - - [14/Sep/2018:12:21:07 +0200] "GET /css/reset.css HTTP/1.1" 304 - "http://renault.2web.at/action" "Mozilla/5.0 (Windows NT 6.1; WOW64; Trident/7.0; rv:11.0) like Gecko"
213.153.47.173 - - [14/Sep/2018:12:21:07 +0200] "GET /reload?ser=1536920467158 HTTP/1.1" 200 28 "http://renault.activities.at/login?required=true" "Mozilla/5.0 (Windows NT 10.0; Win64; x64; rv:62.0) Gecko/20100101 Firefox/62.0"
193.194.132.28 - - [14/Sep/2018:12:21:07 +0200] "GET /css/styles.css HTTP/1.1" 304 - "http://renault.2web.at/action" "Mozilla/5.0 (Windows NT 6.1; WOW64; Trident/7.0; rv:11.0) like Gecko"
193.194.132.28 - - [14/Sep/2018:12:21:08 +0200] "GET /css/clears.css HTTP/1.1" 304 - "http://renault.2web.at/action" "Mozilla/5.0 (Windows NT 6.1; WOW64; Trident/7.0; rv:11.0) like Gecko"
193.194.132.28 - - [14/Sep/2018:12:21:08 +0200] "GET /css/print.css HTTP/1.1" 304 - "http://renault.2web.at/action" "Mozilla/5.0 (Windows NT 6.1; WOW64; Trident/7.0; rv:11.0) like Gecko"
193.194.132.28 - - [14/Sep/2018:12:21:08 +0200] "GET /js/checkout.css HTTP/1.1" 304 - "http://renault.2web.at/action" "Mozilla/5.0 (Windows NT 6.1; WOW64; Trident/7.0; rv:11.0) like Gecko"
193.194.132.28 - - [14/Sep/2018:12:21:09 +0200] "GET /css/prototip.css HTTP/1.1" 304 - "http://renault.2web.at/action" "Mozilla/5.0 (Windows NT 6.1; WOW64; Trident/7.0; rv:11.0) like Gecko"
193.194.132.28 - - [14/Sep/2018:12:21:09 +0200] "GET /css/themes/default.css HTTP/1.1" 304 - "http://renault.2web.at/action" "Mozilla/5.0 (Windows NT 6.1; WOW64; Trident/7.0; rv:11.0) like Gecko"
193.194.132.28 - - [14/Sep/2018:12:21:09 +0200] "GET /css/themes/alphacube.css HTTP/1.1" 304 - "http://renault.2web.at/action" "Mozilla/5.0 (Windows NT 6.1; WOW64; Trident/7.0; rv:11.0) like Gecko"
193.194.132.28 - - [14/Sep/2018:12:21:09 +0200] "GET /images/header_block_corner_left_top.gif HTTP/1.1" 304 - "http://renault.2web.at/action" "Mozilla/5.0 (Windows NT 6.1; WOW64; Trident/7.0; rv:11.0) like Gecko"
193.194.132.28 - - [14/Sep/2018:12:21:09 +0200] "GET /images/header_block_border.gif HTTP/1.1" 304 - "http://renault.2web.at/action" "Mozilla/5.0 (Windows NT 6.1; WOW64; Trident/7.0; rv:11.0) like Gecko"
193.194.132.28 - - [14/Sep/2018:12:21:09 +0200] "GET /images/header_block_corner_right_top.gif HTTP/1.1" 304 - "http://renault.2web.at/action" "Mozilla/5.0 (Windows NT 6.1; WOW64; Trident/7.0; rv:11.0) like Gecko"
193.194.132.28 - - [14/Sep/2018:12:21:09 +0200] "GET /images/search_bg.gif HTTP/1.1" 304 - "http://renault.2web.at/action" "Mozilla/5.0 (Windows NT 6.1; WOW64; Trident/7.0; rv:11.0) like Gecko"
193.194.132.28 - - [14/Sep/2018:12:21:09 +0200] "GET /images/footer_divider.gif HTTP/1.1" 304 - "http://renault.2web.at/action" "Mozilla/5.0 (Windows NT 6.1; WOW64; Trident/7.0; rv:11.0) like Gecko"
193.194.132.28 - - [14/Sep/2018:12:21:09 +0200] "GET /images/nav_divider.gif HTTP/1.1" 304 - "http://renault.2web.at/action" "Mozilla/5.0 (Windows NT 6.1; WOW64; Trident/7.0; rv:11.0) like Gecko"
193.194.132.28 - - [14/Sep/2018:12:21:09 +0200] "GET /images/main_block_corner_left_bot.gif HTTP/1.1" 304 - "http://renault.2web.at/action" "Mozilla/5.0 (Windows NT 6.1; WOW64; Trident/7.0; rv:11.0) like Gecko"
193.194.132.28 - - [14/Sep/2018:12:21:09 +0200] "GET /images/title_border.jpg HTTP/1.1" 304 - "http://renault.2web.at/action" "Mozilla/5.0 (Windows NT 6.1; WOW64; Trident/7.0; rv:11.0) like Gecko"
193.194.132.28 - - [14/Sep/2018:12:21:09 +0200] "GET /images/sidebar_title_border.gif HTTP/1.1" 304 - "http://renault.2web.at/action" "Mozilla/5.0 (Windows NT 6.1; WOW64; Trident/7.0; rv:11.0) like Gecko"
193.194.132.28 - - [14/Sep/2018:12:21:09 +0200] "GET /images/menu_button_bg.jpg HTTP/1.1" 304 - "http://renault.2web.at/action" "Mozilla/5.0 (Windows NT 6.1; WOW64; Trident/7.0; rv:11.0) like Gecko"
193.194.132.28 - - [14/Sep/2018:12:21:10 +0200] "GET /images/main_block_border.gif HTTP/1.1" 304 - "http://renault.2web.at/action" "Mozilla/5.0 (Windows NT 6.1; WOW64; Trident/7.0; rv:11.0) like Gecko"
193.194.132.28 - - [14/Sep/2018:12:21:10 +0200] "GET /images/main_block_corner_right_bot.gif HTTP/1.1" 304 - "http://renault.2web.at/action" "Mozilla/5.0 (Windows NT 6.1; WOW64; Trident/7.0; rv:11.0) like Gecko"
193.194.132.28 - - [14/Sep/2018:12:21:10 +0200] "GET /images/main_block_corner_right_top.gif HTTP/1.1" 304 - "http://renault.2web.at/action" "Mozilla/5.0 (Windows NT 6.1; WOW64; Trident/7.0; rv:11.0) like Gecko"
193.194.132.28 - - [14/Sep/2018:12:21:10 +0200] "GET /images/main_block_corner_left_top.gif HTTP/1.1" 304 - "http://renault.2web.at/action" "Mozilla/5.0 (Windows NT 6.1; WOW64; Trident/7.0; rv:11.0) like Gecko"
193.194.132.28 - - [14/Sep/2018:12:21:10 +0200] "GET /images/top_links_divider.gif HTTP/1.1" 304 - "http://renault.2web.at/action" "Mozilla/5.0 (Windows NT 6.1; WOW64; Trident/7.0; rv:11.0) like Gecko"
193.194.132.28 - - [14/Sep/2018:12:21:10 +0200] "GET /images/sidebar_title_border_top.gif HTTP/1.1" 304 - "http://renault.2web.at/action" "Mozilla/5.0 (Windows NT 6.1; WOW64; Trident/7.0; rv:11.0) like Gecko"
193.194.132.28 - - [14/Sep/2018:12:21:10 +0200] "GET /images/button_left_bg.gif HTTP/1.1" 304 - "http://renault.2web.at/action" "Mozilla/5.0 (Windows NT 6.1; WOW64; Trident/7.0; rv:11.0) like Gecko"
193.194.132.28 - - [14/Sep/2018:12:21:10 +0200] "GET /images/sidebar_title_corner_right_top.gif HTTP/1.1" 304 - "http://renault.2web.at/action" "Mozilla/5.0 (Windows NT 6.1; WOW64; Trident/7.0; rv:11.0) like Gecko"
193.194.132.28 - - [14/Sep/2018:12:21:10 +0200] "GET /images/title_border_top.jpg HTTP/1.1" 304 - "http://renault.2web.at/action" "Mozilla/5.0 (Windows NT 6.1; WOW64; Trident/7.0; rv:11.0) like Gecko"
193.194.132.28 - - [14/Sep/2018:12:21:10 +0200] "GET /images/sidebar_title_corner_left_top.gif HTTP/1.1" 304 - "http://renault.2web.at/action" "Mozilla/5.0 (Windows NT 6.1; WOW64; Trident/7.0; rv:11.0) like Gecko"
193.194.132.28 - - [14/Sep/2018:12:21:10 +0200] "GET /images/title_corner_right_top.jpg HTTP/1.1" 304 - "http://renault.2web.at/action" "Mozilla/5.0 (Windows NT 6.1; WOW64; Trident/7.0; rv:11.0) like Gecko"
193.194.132.28 - - [14/Sep/2018:12:21:10 +0200] "GET /images/title_corner_left_top.jpg HTTP/1.1" 304 - "http://renault.2web.at/action" "Mozilla/5.0 (Windows NT 6.1; WOW64; Trident/7.0; rv:11.0) like Gecko"
193.194.132.28 - - [14/Sep/2018:12:21:10 +0200] "GET /images/menu_divider.gif HTTP/1.1" 304 - "http://renault.2web.at/action" "Mozilla/5.0 (Windows NT 6.1; WOW64; Trident/7.0; rv:11.0) like Gecko"
