213.153.47.173 - - [14/Sep/2018:08:19:59 +0200] "GET /reload?ser=1536905999760 HTTP/1.1" 200 28 "http://renault.activities.at/login?required=true" "Mozilla/5.0 (Windows NT 10.0; Win64; x64; rv:62.0) Gecko/20100101 Firefox/62.0"
213.153.47.173 - - [14/Sep/2018:08:20:29 +0200] "GET /reload?ser=1536906030257 HTTP/1.1" 200 28 "http://renault.activities.at/login?required=true" "Mozilla/5.0 (Windows NT 10.0; Win64; x64; rv:62.0) Gecko/20100101 Firefox/62.0"
193.194.132.28 - - [14/Sep/2018:08:20:52 +0200] "GET /reload?ser=1536906052741 HTTP/1.1" 200 28 "http://renault.2web.at/result?searchterm=true&search=REH100601020" "Mozilla/5.0 (Windows NT 6.1; WOW64; Trident/7.0; rv:11.0) like Gecko"
213.153.47.173 - - [14/Sep/2018:08:20:59 +0200] "GET /reload?ser=1536906060268 HTTP/1.1" 200 28 "http://renault.activities.at/login?required=true" "Mozilla/5.0 (Windows NT 10.0; Win64; x64; rv:62.0) Gecko/20100101 Firefox/62.0"
213.153.47.173 - - [14/Sep/2018:08:21:30 +0200] "GET /reload?ser=1536906090767 HTTP/1.1" 200 28 "http://renault.activities.at/login?required=true" "Mozilla/5.0 (Windows NT 10.0; Win64; x64; rv:62.0) Gecko/20100101 Firefox/62.0"
193.194.132.28 - - [14/Sep/2018:08:21:54 +0200] "GET /reload?ser=1536906113855 HTTP/1.1" 200 28 "http://renault.2web.at/result?searchterm=true&search=REH100601020" "Mozilla/5.0 (Windows NT 6.1; WOW64; Trident/7.0; rv:11.0) like Gecko"
213.153.47.173 - - [14/Sep/2018:08:22:00 +0200] "GET /reload?ser=1536906120777 HTTP/1.1" 200 28 "http://renault.activities.at/login?required=true" "Mozilla/5.0 (Windows NT 10.0; Win64; x64; rv:62.0) Gecko/20100101 Firefox/62.0"
213.153.47.173 - - [14/Sep/2018:08:22:31 +0200] "GET /reload?ser=1536906151275 HTTP/1.1" 200 28 "http://renault.activities.at/login?required=true" "Mozilla/5.0 (Windows NT 10.0; Win64; x64; rv:62.0) Gecko/20100101 Firefox/62.0"
193.194.132.28 - - [14/Sep/2018:08:22:55 +0200] "GET /reload?ser=1536906174948 HTTP/1.1" 200 28 "http://renault.2web.at/result?searchterm=true&search=REH100601020" "Mozilla/5.0 (Windows NT 6.1; WOW64; Trident/7.0; rv:11.0) like Gecko"
213.153.47.173 - - [14/Sep/2018:08:23:01 +0200] "GET /reload?ser=1536906181295 HTTP/1.1" 200 28 "http://renault.activities.at/login?required=true" "Mozilla/5.0 (Windows NT 10.0; Win64; x64; rv:62.0) Gecko/20100101 Firefox/62.0"
213.153.47.173 - - [14/Sep/2018:08:23:31 +0200] "GET /reload?ser=1536906211803 HTTP/1.1" 200 28 "http://renault.activities.at/login?required=true" "Mozilla/5.0 (Windows NT 10.0; Win64; x64; rv:62.0) Gecko/20100101 Firefox/62.0"
193.194.132.28 - - [14/Sep/2018:08:23:56 +0200] "GET /reload?ser=1536906236046 HTTP/1.1" 200 28 "http://renault.2web.at/result?searchterm=true&search=REH100601020" "Mozilla/5.0 (Windows NT 6.1; WOW64; Trident/7.0; rv:11.0) like Gecko"
213.153.47.173 - - [14/Sep/2018:08:24:01 +0200] "GET /reload?ser=1536906241813 HTTP/1.1" 200 28 "http://renault.activities.at/login?required=true" "Mozilla/5.0 (Windows NT 10.0; Win64; x64; rv:62.0) Gecko/20100101 Firefox/62.0"
213.153.47.173 - - [14/Sep/2018:08:24:32 +0200] "GET /reload?ser=1536906272395 HTTP/1.1" 200 28 "http://renault.activities.at/login?required=true" "Mozilla/5.0 (Windows NT 10.0; Win64; x64; rv:62.0) Gecko/20100101 Firefox/62.0"
193.194.132.28 - - [14/Sep/2018:08:24:57 +0200] "GET /reload?ser=1536906297167 HTTP/1.1" 200 28 "http://renault.2web.at/result?searchterm=true&search=REH100601020" "Mozilla/5.0 (Windows NT 6.1; WOW64; Trident/7.0; rv:11.0) like Gecko"
213.153.47.173 - - [14/Sep/2018:08:25:02 +0200] "GET /reload?ser=1536906302485 HTTP/1.1" 200 28 "http://renault.activities.at/login?required=true" "Mozilla/5.0 (Windows NT 10.0; Win64; x64; rv:62.0) Gecko/20100101 Firefox/62.0"
213.153.47.173 - - [14/Sep/2018:08:25:33 +0200] "GET /reload?ser=1536906333064 HTTP/1.1" 200 28 "http://renault.activities.at/login?required=true" "Mozilla/5.0 (Windows NT 10.0; Win64; x64; rv:62.0) Gecko/20100101 Firefox/62.0"
193.194.132.28 - - [14/Sep/2018:08:25:58 +0200] "GET /reload?ser=1536906358215 HTTP/1.1" 200 28 "http://renault.2web.at/result?searchterm=true&search=REH100601020" "Mozilla/5.0 (Windows NT 6.1; WOW64; Trident/7.0; rv:11.0) like Gecko"
213.153.47.173 - - [14/Sep/2018:08:26:03 +0200] "GET /reload?ser=1536906363144 HTTP/1.1" 200 28 "http://renault.activities.at/login?required=true" "Mozilla/5.0 (Windows NT 10.0; Win64; x64; rv:62.0) Gecko/20100101 Firefox/62.0"
213.153.47.173 - - [14/Sep/2018:08:26:33 +0200] "GET /reload?ser=1536906393724 HTTP/1.1" 200 28 "http://renault.activities.at/login?required=true" "Mozilla/5.0 (Windows NT 10.0; Win64; x64; rv:62.0) Gecko/20100101 Firefox/62.0"
193.194.132.28 - - [14/Sep/2018:08:26:59 +0200] "GET /reload?ser=1536906419307 HTTP/1.1" 200 28 "http://renault.2web.at/result?searchterm=true&search=REH100601020" "Mozilla/5.0 (Windows NT 6.1; WOW64; Trident/7.0; rv:11.0) like Gecko"
213.153.47.173 - - [14/Sep/2018:08:27:03 +0200] "GET /reload?ser=1536906423824 HTTP/1.1" 200 28 "http://renault.activities.at/login?required=true" "Mozilla/5.0 (Windows NT 10.0; Win64; x64; rv:62.0) Gecko/20100101 Firefox/62.0"
213.153.47.173 - - [14/Sep/2018:08:27:34 +0200] "GET /reload?ser=1536906454383 HTTP/1.1" 200 28 "http://renault.activities.at/login?required=true" "Mozilla/5.0 (Windows NT 10.0; Win64; x64; rv:62.0) Gecko/20100101 Firefox/62.0"
193.194.132.28 - - [14/Sep/2018:08:28:00 +0200] "GET /reload?ser=1536906480370 HTTP/1.1" 200 28 "http://renault.2web.at/result?searchterm=true&search=REH100601020" "Mozilla/5.0 (Windows NT 6.1; WOW64; Trident/7.0; rv:11.0) like Gecko"
213.153.47.173 - - [14/Sep/2018:08:28:04 +0200] "GET /reload?ser=1536906484483 HTTP/1.1" 200 28 "http://renault.activities.at/login?required=true" "Mozilla/5.0 (Windows NT 10.0; Win64; x64; rv:62.0) Gecko/20100101 Firefox/62.0"
213.153.47.173 - - [14/Sep/2018:08:28:35 +0200] "GET /reload?ser=1536906515042 HTTP/1.1" 200 28 "http://renault.activities.at/login?required=true" "Mozilla/5.0 (Windows NT 10.0; Win64; x64; rv:62.0) Gecko/20100101 Firefox/62.0"
193.194.132.28 - - [14/Sep/2018:08:29:01 +0200] "GET /reload?ser=1536906541421 HTTP/1.1" 200 28 "http://renault.2web.at/result?searchterm=true&search=REH100601020" "Mozilla/5.0 (Windows NT 6.1; WOW64; Trident/7.0; rv:11.0) like Gecko"
213.153.47.173 - - [14/Sep/2018:08:29:05 +0200] "GET /reload?ser=1536906545162 HTTP/1.1" 200 28 "http://renault.activities.at/login?required=true" "Mozilla/5.0 (Windows NT 10.0; Win64; x64; rv:62.0) Gecko/20100101 Firefox/62.0"
213.153.47.173 - - [14/Sep/2018:08:29:35 +0200] "GET /reload?ser=1536906575712 HTTP/1.1" 200 28 "http://renault.activities.at/login?required=true" "Mozilla/5.0 (Windows NT 10.0; Win64; x64; rv:62.0) Gecko/20100101 Firefox/62.0"
193.194.132.28 - - [14/Sep/2018:08:30:02 +0200] "GET /reload?ser=1536906602449 HTTP/1.1" 200 28 "http://renault.2web.at/result?searchterm=true&search=REH100601020" "Mozilla/5.0 (Windows NT 6.1; WOW64; Trident/7.0; rv:11.0) like Gecko"
213.153.47.173 - - [14/Sep/2018:08:30:05 +0200] "GET /reload?ser=1536906605832 HTTP/1.1" 200 28 "http://renault.activities.at/login?required=true" "Mozilla/5.0 (Windows NT 10.0; Win64; x64; rv:62.0) Gecko/20100101 Firefox/62.0"
213.153.47.173 - - [14/Sep/2018:08:30:36 +0200] "GET /reload?ser=1536906636361 HTTP/1.1" 200 28 "http://renault.activities.at/login?required=true" "Mozilla/5.0 (Windows NT 10.0; Win64; x64; rv:62.0) Gecko/20100101 Firefox/62.0"
193.194.132.28 - - [14/Sep/2018:08:31:03 +0200] "GET /reload?ser=1536906663528 HTTP/1.1" 200 28 "http://renault.2web.at/result?searchterm=true&search=REH100601020" "Mozilla/5.0 (Windows NT 6.1; WOW64; Trident/7.0; rv:11.0) like Gecko"
213.153.47.173 - - [14/Sep/2018:08:31:06 +0200] "GET /reload?ser=1536906666511 HTTP/1.1" 200 28 "http://renault.activities.at/login?required=true" "Mozilla/5.0 (Windows NT 10.0; Win64; x64; rv:62.0) Gecko/20100101 Firefox/62.0"
213.153.47.173 - - [14/Sep/2018:08:31:37 +0200] "GET /reload?ser=1536906697011 HTTP/1.1" 200 28 "http://renault.activities.at/login?required=true" "Mozilla/5.0 (Windows NT 10.0; Win64; x64; rv:62.0) Gecko/20100101 Firefox/62.0"
193.194.132.28 - - [14/Sep/2018:08:32:04 +0200] "GET /reload?ser=1536906724560 HTTP/1.1" 200 28 "http://renault.2web.at/result?searchterm=true&search=REH100601020" "Mozilla/5.0 (Windows NT 6.1; WOW64; Trident/7.0; rv:11.0) like Gecko"
213.153.47.173 - - [14/Sep/2018:08:32:07 +0200] "GET /reload?ser=1536906727170 HTTP/1.1" 200 28 "http://renault.activities.at/login?required=true" "Mozilla/5.0 (Windows NT 10.0; Win64; x64; rv:62.0) Gecko/20100101 Firefox/62.0"
213.153.47.173 - - [14/Sep/2018:08:32:37 +0200] "GET /reload?ser=1536906757652 HTTP/1.1" 200 28 "http://renault.activities.at/login?required=true" "Mozilla/5.0 (Windows NT 10.0; Win64; x64; rv:62.0) Gecko/20100101 Firefox/62.0"
193.194.132.28 - - [14/Sep/2018:08:33:05 +0200] "GET /reload?ser=1536906785636 HTTP/1.1" 200 28 "http://renault.2web.at/result?searchterm=true&search=REH100601020" "Mozilla/5.0 (Windows NT 6.1; WOW64; Trident/7.0; rv:11.0) like Gecko"
213.153.47.173 - - [14/Sep/2018:08:33:07 +0200] "GET /reload?ser=1536906787810 HTTP/1.1" 200 28 "http://renault.activities.at/login?required=true" "Mozilla/5.0 (Windows NT 10.0; Win64; x64; rv:62.0) Gecko/20100101 Firefox/62.0"
213.153.47.173 - - [14/Sep/2018:08:33:38 +0200] "GET /reload?ser=1536906818310 HTTP/1.1" 200 28 "http://renault.activities.at/login?required=true" "Mozilla/5.0 (Windows NT 10.0; Win64; x64; rv:62.0) Gecko/20100101 Firefox/62.0"
193.194.132.28 - - [14/Sep/2018:08:34:06 +0200] "GET /reload?ser=1536906846713 HTTP/1.1" 200 28 "http://renault.2web.at/result?searchterm=true&search=REH100601020" "Mozilla/5.0 (Windows NT 6.1; WOW64; Trident/7.0; rv:11.0) like Gecko"
213.153.47.173 - - [14/Sep/2018:08:34:08 +0200] "GET /reload?ser=1536906848479 HTTP/1.1" 200 28 "http://renault.activities.at/login?required=true" "Mozilla/5.0 (Windows NT 10.0; Win64; x64; rv:62.0) Gecko/20100101 Firefox/62.0"
213.153.47.173 - - [14/Sep/2018:08:34:39 +0200] "GET /reload?ser=1536906878979 HTTP/1.1" 200 28 "http://renault.activities.at/login?required=true" "Mozilla/5.0 (Windows NT 10.0; Win64; x64; rv:62.0) Gecko/20100101 Firefox/62.0"
193.194.132.28 - - [14/Sep/2018:08:35:07 +0200] "GET /reload?ser=1536906907822 HTTP/1.1" 200 28 "http://renault.2web.at/result?searchterm=true&search=REH100601020" "Mozilla/5.0 (Windows NT 6.1; WOW64; Trident/7.0; rv:11.0) like Gecko"
213.153.47.173 - - [14/Sep/2018:08:35:09 +0200] "GET /reload?ser=1536906909149 HTTP/1.1" 200 28 "http://renault.activities.at/login?required=true" "Mozilla/5.0 (Windows NT 10.0; Win64; x64; rv:62.0) Gecko/20100101 Firefox/62.0"
213.153.47.173 - - [14/Sep/2018:08:35:39 +0200] "GET /reload?ser=1536906939638 HTTP/1.1" 200 28 "http://renault.activities.at/login?required=true" "Mozilla/5.0 (Windows NT 10.0; Win64; x64; rv:62.0) Gecko/20100101 Firefox/62.0"
193.194.132.28 - - [14/Sep/2018:08:36:08 +0200] "GET /reload?ser=1536906968854 HTTP/1.1" 200 28 "http://renault.2web.at/result?searchterm=true&search=REH100601020" "Mozilla/5.0 (Windows NT 6.1; WOW64; Trident/7.0; rv:11.0) like Gecko"
213.153.47.173 - - [14/Sep/2018:08:36:09 +0200] "GET /reload?ser=1536906969797 HTTP/1.1" 200 28 "http://renault.activities.at/login?required=true" "Mozilla/5.0 (Windows NT 10.0; Win64; x64; rv:62.0) Gecko/20100101 Firefox/62.0"
213.153.47.173 - - [14/Sep/2018:08:36:40 +0200] "GET /reload?ser=1536907000309 HTTP/1.1" 200 28 "http://renault.activities.at/login?required=true" "Mozilla/5.0 (Windows NT 10.0; Win64; x64; rv:62.0) Gecko/20100101 Firefox/62.0"
193.194.132.28 - - [14/Sep/2018:08:37:10 +0200] "GET /reload?ser=1536907029936 HTTP/1.1" 200 28 "http://renault.2web.at/result?searchterm=true&search=REH100601020" "Mozilla/5.0 (Windows NT 6.1; WOW64; Trident/7.0; rv:11.0) like Gecko"
213.153.47.173 - - [14/Sep/2018:08:37:10 +0200] "GET /reload?ser=1536907030460 HTTP/1.1" 200 28 "http://renault.activities.at/login?required=true" "Mozilla/5.0 (Windows NT 10.0; Win64; x64; rv:62.0) Gecko/20100101 Firefox/62.0"
213.153.47.173 - - [14/Sep/2018:08:37:41 +0200] "GET /reload?ser=1536907060973 HTTP/1.1" 200 28 "http://renault.activities.at/login?required=true" "Mozilla/5.0 (Windows NT 10.0; Win64; x64; rv:62.0) Gecko/20100101 Firefox/62.0"
213.153.47.173 - - [14/Sep/2018:08:38:11 +0200] "GET /reload?ser=1536907091144 HTTP/1.1" 200 28 "http://renault.activities.at/login?required=true" "Mozilla/5.0 (Windows NT 10.0; Win64; x64; rv:62.0) Gecko/20100101 Firefox/62.0"
193.194.132.28 - - [14/Sep/2018:08:38:11 +0200] "GET /reload?ser=1536907090974 HTTP/1.1" 200 28 "http://renault.2web.at/result?searchterm=true&search=REH100601020" "Mozilla/5.0 (Windows NT 6.1; WOW64; Trident/7.0; rv:11.0) like Gecko"
213.153.47.173 - - [14/Sep/2018:08:38:41 +0200] "GET /reload?ser=1536907121646 HTTP/1.1" 200 28 "http://renault.activities.at/login?required=true" "Mozilla/5.0 (Windows NT 10.0; Win64; x64; rv:62.0) Gecko/20100101 Firefox/62.0"
213.153.47.173 - - [14/Sep/2018:08:39:11 +0200] "GET /reload?ser=1536907151809 HTTP/1.1" 200 28 "http://renault.activities.at/login?required=true" "Mozilla/5.0 (Windows NT 10.0; Win64; x64; rv:62.0) Gecko/20100101 Firefox/62.0"
193.194.132.28 - - [14/Sep/2018:08:39:12 +0200] "GET /reload?ser=1536907152059 HTTP/1.1" 200 28 "http://renault.2web.at/result?searchterm=true&search=REH100601020" "Mozilla/5.0 (Windows NT 6.1; WOW64; Trident/7.0; rv:11.0) like Gecko"
213.153.47.173 - - [14/Sep/2018:08:39:42 +0200] "GET /reload?ser=1536907182300 HTTP/1.1" 200 28 "http://renault.activities.at/login?required=true" "Mozilla/5.0 (Windows NT 10.0; Win64; x64; rv:62.0) Gecko/20100101 Firefox/62.0"
213.153.47.173 - - [14/Sep/2018:08:40:12 +0200] "GET /reload?ser=1536907212473 HTTP/1.1" 200 28 "http://renault.activities.at/login?required=true" "Mozilla/5.0 (Windows NT 10.0; Win64; x64; rv:62.0) Gecko/20100101 Firefox/62.0"
193.194.132.28 - - [14/Sep/2018:08:40:13 +0200] "GET /reload?ser=1536907213088 HTTP/1.1" 200 28 "http://renault.2web.at/result?searchterm=true&search=REH100601020" "Mozilla/5.0 (Windows NT 6.1; WOW64; Trident/7.0; rv:11.0) like Gecko"
213.153.47.173 - - [14/Sep/2018:08:40:43 +0200] "GET /reload?ser=1536907242964 HTTP/1.1" 200 28 "http://renault.activities.at/login?required=true" "Mozilla/5.0 (Windows NT 10.0; Win64; x64; rv:62.0) Gecko/20100101 Firefox/62.0"
213.153.47.173 - - [14/Sep/2018:08:41:13 +0200] "GET /reload?ser=1536907273136 HTTP/1.1" 200 28 "http://renault.activities.at/login?required=true" "Mozilla/5.0 (Windows NT 10.0; Win64; x64; rv:62.0) Gecko/20100101 Firefox/62.0"
193.194.132.28 - - [14/Sep/2018:08:41:14 +0200] "GET /reload?ser=1536907274174 HTTP/1.1" 200 28 "http://renault.2web.at/result?searchterm=true&search=REH100601020" "Mozilla/5.0 (Windows NT 6.1; WOW64; Trident/7.0; rv:11.0) like Gecko"
213.153.47.173 - - [14/Sep/2018:08:41:43 +0200] "GET /reload?ser=1536907303627 HTTP/1.1" 200 28 "http://renault.activities.at/login?required=true" "Mozilla/5.0 (Windows NT 10.0; Win64; x64; rv:62.0) Gecko/20100101 Firefox/62.0"
213.153.47.173 - - [14/Sep/2018:08:42:13 +0200] "GET /reload?ser=1536907333786 HTTP/1.1" 200 28 "http://renault.activities.at/login?required=true" "Mozilla/5.0 (Windows NT 10.0; Win64; x64; rv:62.0) Gecko/20100101 Firefox/62.0"
193.194.132.28 - - [14/Sep/2018:08:42:15 +0200] "GET /reload?ser=1536907335214 HTTP/1.1" 200 28 "http://renault.2web.at/result?searchterm=true&search=REH100601020" "Mozilla/5.0 (Windows NT 6.1; WOW64; Trident/7.0; rv:11.0) like Gecko"
213.153.47.173 - - [14/Sep/2018:08:42:44 +0200] "GET /reload?ser=1536907364287 HTTP/1.1" 200 28 "http://renault.activities.at/login?required=true" "Mozilla/5.0 (Windows NT 10.0; Win64; x64; rv:62.0) Gecko/20100101 Firefox/62.0"
213.153.47.173 - - [14/Sep/2018:08:43:14 +0200] "GET /reload?ser=1536907394456 HTTP/1.1" 200 28 "http://renault.activities.at/login?required=true" "Mozilla/5.0 (Windows NT 10.0; Win64; x64; rv:62.0) Gecko/20100101 Firefox/62.0"
193.194.132.28 - - [14/Sep/2018:08:43:16 +0200] "GET /reload?ser=1536907396320 HTTP/1.1" 200 28 "http://renault.2web.at/result?searchterm=true&search=REH100601020" "Mozilla/5.0 (Windows NT 6.1; WOW64; Trident/7.0; rv:11.0) like Gecko"
213.153.47.173 - - [14/Sep/2018:08:43:45 +0200] "GET /reload?ser=1536907424965 HTTP/1.1" 200 28 "http://renault.activities.at/login?required=true" "Mozilla/5.0 (Windows NT 10.0; Win64; x64; rv:62.0) Gecko/20100101 Firefox/62.0"
213.153.47.173 - - [14/Sep/2018:08:44:15 +0200] "GET /reload?ser=1536907455126 HTTP/1.1" 200 28 "http://renault.activities.at/login?required=true" "Mozilla/5.0 (Windows NT 10.0; Win64; x64; rv:62.0) Gecko/20100101 Firefox/62.0"
193.194.132.28 - - [14/Sep/2018:08:44:17 +0200] "GET /reload?ser=1536907457427 HTTP/1.1" 200 28 "http://renault.2web.at/result?searchterm=true&search=REH100601020" "Mozilla/5.0 (Windows NT 6.1; WOW64; Trident/7.0; rv:11.0) like Gecko"
213.153.47.173 - - [14/Sep/2018:08:44:45 +0200] "GET /reload?ser=1536907485625 HTTP/1.1" 200 28 "http://renault.activities.at/login?required=true" "Mozilla/5.0 (Windows NT 10.0; Win64; x64; rv:62.0) Gecko/20100101 Firefox/62.0"
213.153.47.173 - - [14/Sep/2018:08:45:15 +0200] "GET /reload?ser=1536907515794 HTTP/1.1" 200 28 "http://renault.activities.at/login?required=true" "Mozilla/5.0 (Windows NT 10.0; Win64; x64; rv:62.0) Gecko/20100101 Firefox/62.0"
193.194.132.28 - - [14/Sep/2018:08:45:18 +0200] "GET /reload?ser=1536907518507 HTTP/1.1" 200 28 "http://renault.2web.at/result?searchterm=true&search=REH100601020" "Mozilla/5.0 (Windows NT 6.1; WOW64; Trident/7.0; rv:11.0) like Gecko"
213.153.47.173 - - [14/Sep/2018:08:45:46 +0200] "GET /reload?ser=1536907546285 HTTP/1.1" 200 28 "http://renault.activities.at/login?required=true" "Mozilla/5.0 (Windows NT 10.0; Win64; x64; rv:62.0) Gecko/20100101 Firefox/62.0"
213.153.47.173 - - [14/Sep/2018:08:46:16 +0200] "GET /reload?ser=1536907576454 HTTP/1.1" 200 28 "http://renault.activities.at/login?required=true" "Mozilla/5.0 (Windows NT 10.0; Win64; x64; rv:62.0) Gecko/20100101 Firefox/62.0"
193.194.132.28 - - [14/Sep/2018:08:46:19 +0200] "GET /reload?ser=1536907579539 HTTP/1.1" 200 28 "http://renault.2web.at/result?searchterm=true&search=REH100601020" "Mozilla/5.0 (Windows NT 6.1; WOW64; Trident/7.0; rv:11.0) like Gecko"
213.153.47.173 - - [14/Sep/2018:08:46:47 +0200] "GET /reload?ser=1536907606954 HTTP/1.1" 200 28 "http://renault.activities.at/login?required=true" "Mozilla/5.0 (Windows NT 10.0; Win64; x64; rv:62.0) Gecko/20100101 Firefox/62.0"
213.153.47.173 - - [14/Sep/2018:08:47:17 +0200] "GET /reload?ser=1536907637114 HTTP/1.1" 200 28 "http://renault.activities.at/login?required=true" "Mozilla/5.0 (Windows NT 10.0; Win64; x64; rv:62.0) Gecko/20100101 Firefox/62.0"
193.194.132.28 - - [14/Sep/2018:08:47:20 +0200] "GET /reload?ser=1536907640635 HTTP/1.1" 200 28 "http://renault.2web.at/result?searchterm=true&search=REH100601020" "Mozilla/5.0 (Windows NT 6.1; WOW64; Trident/7.0; rv:11.0) like Gecko"
213.153.47.173 - - [14/Sep/2018:08:47:47 +0200] "GET /reload?ser=1536907667614 HTTP/1.1" 200 28 "http://renault.activities.at/login?required=true" "Mozilla/5.0 (Windows NT 10.0; Win64; x64; rv:62.0) Gecko/20100101 Firefox/62.0"
213.153.47.173 - - [14/Sep/2018:08:48:17 +0200] "GET /reload?ser=1536907697774 HTTP/1.1" 200 28 "http://renault.activities.at/login?required=true" "Mozilla/5.0 (Windows NT 10.0; Win64; x64; rv:62.0) Gecko/20100101 Firefox/62.0"
193.194.132.28 - - [14/Sep/2018:08:48:21 +0200] "GET /reload?ser=1536907701714 HTTP/1.1" 200 28 "http://renault.2web.at/result?searchterm=true&search=REH100601020" "Mozilla/5.0 (Windows NT 6.1; WOW64; Trident/7.0; rv:11.0) like Gecko"
213.153.47.173 - - [14/Sep/2018:08:48:48 +0200] "GET /reload?ser=1536907728263 HTTP/1.1" 200 28 "http://renault.activities.at/login?required=true" "Mozilla/5.0 (Windows NT 10.0; Win64; x64; rv:62.0) Gecko/20100101 Firefox/62.0"
213.153.47.173 - - [14/Sep/2018:08:49:18 +0200] "GET /reload?ser=1536907758423 HTTP/1.1" 200 28 "http://renault.activities.at/login?required=true" "Mozilla/5.0 (Windows NT 10.0; Win64; x64; rv:62.0) Gecko/20100101 Firefox/62.0"
193.194.132.28 - - [14/Sep/2018:08:49:22 +0200] "GET /reload?ser=1536907762798 HTTP/1.1" 200 28 "http://renault.2web.at/result?searchterm=true&search=REH100601020" "Mozilla/5.0 (Windows NT 6.1; WOW64; Trident/7.0; rv:11.0) like Gecko"
213.153.47.173 - - [14/Sep/2018:08:49:48 +0200] "GET /reload?ser=1536907788912 HTTP/1.1" 200 28 "http://renault.activities.at/login?required=true" "Mozilla/5.0 (Windows NT 10.0; Win64; x64; rv:62.0) Gecko/20100101 Firefox/62.0"
213.153.47.173 - - [14/Sep/2018:08:50:19 +0200] "GET /reload?ser=1536907819062 HTTP/1.1" 200 28 "http://renault.activities.at/login?required=true" "Mozilla/5.0 (Windows NT 10.0; Win64; x64; rv:62.0) Gecko/20100101 Firefox/62.0"
193.194.132.28 - - [14/Sep/2018:08:50:23 +0200] "GET /reload?ser=1536907823892 HTTP/1.1" 200 28 "http://renault.2web.at/result?searchterm=true&search=REH100601020" "Mozilla/5.0 (Windows NT 6.1; WOW64; Trident/7.0; rv:11.0) like Gecko"
213.153.47.173 - - [14/Sep/2018:08:50:49 +0200] "GET /reload?ser=1536907849581 HTTP/1.1" 200 28 "http://renault.activities.at/login?required=true" "Mozilla/5.0 (Windows NT 10.0; Win64; x64; rv:62.0) Gecko/20100101 Firefox/62.0"
213.153.47.173 - - [14/Sep/2018:08:51:19 +0200] "GET /reload?ser=1536907879721 HTTP/1.1" 200 28 "http://renault.activities.at/login?required=true" "Mozilla/5.0 (Windows NT 10.0; Win64; x64; rv:62.0) Gecko/20100101 Firefox/62.0"
193.194.132.28 - - [14/Sep/2018:08:51:25 +0200] "GET /reload?ser=1536907884958 HTTP/1.1" 200 28 "http://renault.2web.at/result?searchterm=true&search=REH100601020" "Mozilla/5.0 (Windows NT 6.1; WOW64; Trident/7.0; rv:11.0) like Gecko"
213.153.47.173 - - [14/Sep/2018:08:51:50 +0200] "GET /reload?ser=1536907910260 HTTP/1.1" 200 28 "http://renault.activities.at/login?required=true" "Mozilla/5.0 (Windows NT 10.0; Win64; x64; rv:62.0) Gecko/20100101 Firefox/62.0"
213.153.47.173 - - [14/Sep/2018:08:52:20 +0200] "GET /reload?ser=1536907940390 HTTP/1.1" 200 28 "http://renault.activities.at/login?required=true" "Mozilla/5.0 (Windows NT 10.0; Win64; x64; rv:62.0) Gecko/20100101 Firefox/62.0"
193.194.132.28 - - [14/Sep/2018:08:52:26 +0200] "GET /reload?ser=1536907946023 HTTP/1.1" 200 28 "http://renault.2web.at/result?searchterm=true&search=REH100601020" "Mozilla/5.0 (Windows NT 6.1; WOW64; Trident/7.0; rv:11.0) like Gecko"
213.153.47.173 - - [14/Sep/2018:08:52:50 +0200] "GET /reload?ser=1536907970929 HTTP/1.1" 200 28 "http://renault.activities.at/login?required=true" "Mozilla/5.0 (Windows NT 10.0; Win64; x64; rv:62.0) Gecko/20100101 Firefox/62.0"
213.153.47.173 - - [14/Sep/2018:08:53:21 +0200] "GET /reload?ser=1536908001059 HTTP/1.1" 200 28 "http://renault.activities.at/login?required=true" "Mozilla/5.0 (Windows NT 10.0; Win64; x64; rv:62.0) Gecko/20100101 Firefox/62.0"
193.194.132.28 - - [14/Sep/2018:08:53:27 +0200] "GET /reload?ser=1536908007135 HTTP/1.1" 200 28 "http://renault.2web.at/result?searchterm=true&search=REH100601020" "Mozilla/5.0 (Windows NT 6.1; WOW64; Trident/7.0; rv:11.0) like Gecko"
213.153.47.173 - - [14/Sep/2018:08:53:51 +0200] "GET /reload?ser=1536908031579 HTTP/1.1" 200 28 "http://renault.activities.at/login?required=true" "Mozilla/5.0 (Windows NT 10.0; Win64; x64; rv:62.0) Gecko/20100101 Firefox/62.0"
213.153.47.173 - - [14/Sep/2018:08:54:21 +0200] "GET /reload?ser=1536908061709 HTTP/1.1" 200 28 "http://renault.activities.at/login?required=true" "Mozilla/5.0 (Windows NT 10.0; Win64; x64; rv:62.0) Gecko/20100101 Firefox/62.0"
193.194.132.28 - - [14/Sep/2018:08:54:28 +0200] "GET /reload?ser=1536908068206 HTTP/1.1" 200 28 "http://renault.2web.at/result?searchterm=true&search=REH100601020" "Mozilla/5.0 (Windows NT 6.1; WOW64; Trident/7.0; rv:11.0) like Gecko"
213.153.47.173 - - [14/Sep/2018:08:54:52 +0200] "GET /reload?ser=1536908092240 HTTP/1.1" 200 28 "http://renault.activities.at/login?required=true" "Mozilla/5.0 (Windows NT 10.0; Win64; x64; rv:62.0) Gecko/20100101 Firefox/62.0"
213.153.47.173 - - [14/Sep/2018:08:55:22 +0200] "GET /reload?ser=1536908122370 HTTP/1.1" 200 28 "http://renault.activities.at/login?required=true" "Mozilla/5.0 (Windows NT 10.0; Win64; x64; rv:62.0) Gecko/20100101 Firefox/62.0"
193.194.132.28 - - [14/Sep/2018:08:55:29 +0200] "GET /reload?ser=1536908129291 HTTP/1.1" 200 28 "http://renault.2web.at/result?searchterm=true&search=REH100601020" "Mozilla/5.0 (Windows NT 6.1; WOW64; Trident/7.0; rv:11.0) like Gecko"
213.153.47.173 - - [14/Sep/2018:08:55:52 +0200] "GET /reload?ser=1536908152891 HTTP/1.1" 200 28 "http://renault.activities.at/login?required=true" "Mozilla/5.0 (Windows NT 10.0; Win64; x64; rv:62.0) Gecko/20100101 Firefox/62.0"
213.153.47.173 - - [14/Sep/2018:08:56:23 +0200] "GET /reload?ser=1536908183031 HTTP/1.1" 200 28 "http://renault.activities.at/login?required=true" "Mozilla/5.0 (Windows NT 10.0; Win64; x64; rv:62.0) Gecko/20100101 Firefox/62.0"
193.194.132.28 - - [14/Sep/2018:08:56:30 +0200] "GET /reload?ser=1536908190381 HTTP/1.1" 200 28 "http://renault.2web.at/result?searchterm=true&search=REH100601020" "Mozilla/5.0 (Windows NT 6.1; WOW64; Trident/7.0; rv:11.0) like Gecko"
213.153.47.173 - - [14/Sep/2018:08:56:53 +0200] "GET /reload?ser=1536908213561 HTTP/1.1" 200 28 "http://renault.activities.at/login?required=true" "Mozilla/5.0 (Windows NT 10.0; Win64; x64; rv:62.0) Gecko/20100101 Firefox/62.0"
213.153.47.173 - - [14/Sep/2018:08:57:23 +0200] "GET /reload?ser=1536908243691 HTTP/1.1" 200 28 "http://renault.activities.at/login?required=true" "Mozilla/5.0 (Windows NT 10.0; Win64; x64; rv:62.0) Gecko/20100101 Firefox/62.0"
193.194.132.28 - - [14/Sep/2018:08:57:31 +0200] "GET /reload?ser=1536908251475 HTTP/1.1" 200 28 "http://renault.2web.at/result?searchterm=true&search=REH100601020" "Mozilla/5.0 (Windows NT 6.1; WOW64; Trident/7.0; rv:11.0) like Gecko"
213.153.47.173 - - [14/Sep/2018:08:57:54 +0200] "GET /reload?ser=1536908274242 HTTP/1.1" 200 28 "http://renault.activities.at/login?required=true" "Mozilla/5.0 (Windows NT 10.0; Win64; x64; rv:62.0) Gecko/20100101 Firefox/62.0"
213.153.47.173 - - [14/Sep/2018:08:58:24 +0200] "GET /reload?ser=1536908304353 HTTP/1.1" 200 28 "http://renault.activities.at/login?required=true" "Mozilla/5.0 (Windows NT 10.0; Win64; x64; rv:62.0) Gecko/20100101 Firefox/62.0"
193.194.132.28 - - [14/Sep/2018:08:58:32 +0200] "GET /reload?ser=1536908312579 HTTP/1.1" 200 28 "http://renault.2web.at/result?searchterm=true&search=REH100601020" "Mozilla/5.0 (Windows NT 6.1; WOW64; Trident/7.0; rv:11.0) like Gecko"
213.153.47.173 - - [14/Sep/2018:08:58:54 +0200] "GET /reload?ser=1536908334903 HTTP/1.1" 200 28 "http://renault.activities.at/login?required=true" "Mozilla/5.0 (Windows NT 10.0; Win64; x64; rv:62.0) Gecko/20100101 Firefox/62.0"
213.153.47.173 - - [14/Sep/2018:08:59:25 +0200] "GET /reload?ser=1536908365003 HTTP/1.1" 200 28 "http://renault.activities.at/login?required=true" "Mozilla/5.0 (Windows NT 10.0; Win64; x64; rv:62.0) Gecko/20100101 Firefox/62.0"
193.194.132.28 - - [14/Sep/2018:08:59:33 +0200] "GET /reload?ser=1536908373675 HTTP/1.1" 200 28 "http://renault.2web.at/result?searchterm=true&search=REH100601020" "Mozilla/5.0 (Windows NT 6.1; WOW64; Trident/7.0; rv:11.0) like Gecko"
213.153.47.173 - - [14/Sep/2018:08:59:55 +0200] "GET /reload?ser=1536908395572 HTTP/1.1" 200 28 "http://renault.activities.at/login?required=true" "Mozilla/5.0 (Windows NT 10.0; Win64; x64; rv:62.0) Gecko/20100101 Firefox/62.0"
213.153.47.173 - - [14/Sep/2018:09:00:25 +0200] "GET /reload?ser=1536908425673 HTTP/1.1" 200 28 "http://renault.activities.at/login?required=true" "Mozilla/5.0 (Windows NT 10.0; Win64; x64; rv:62.0) Gecko/20100101 Firefox/62.0"
193.194.132.28 - - [14/Sep/2018:09:00:34 +0200] "GET /reload?ser=1536908434751 HTTP/1.1" 200 28 "http://renault.2web.at/result?searchterm=true&search=REH100601020" "Mozilla/5.0 (Windows NT 6.1; WOW64; Trident/7.0; rv:11.0) like Gecko"
213.153.47.173 - - [14/Sep/2018:09:00:56 +0200] "GET /reload?ser=1536908456233 HTTP/1.1" 200 28 "http://renault.activities.at/login?required=true" "Mozilla/5.0 (Windows NT 10.0; Win64; x64; rv:62.0) Gecko/20100101 Firefox/62.0"
213.153.47.173 - - [14/Sep/2018:09:01:26 +0200] "GET /reload?ser=1536908486332 HTTP/1.1" 200 28 "http://renault.activities.at/login?required=true" "Mozilla/5.0 (Windows NT 10.0; Win64; x64; rv:62.0) Gecko/20100101 Firefox/62.0"
193.194.132.28 - - [14/Sep/2018:09:01:35 +0200] "GET /reload?ser=1536908495835 HTTP/1.1" 200 28 "http://renault.2web.at/result?searchterm=true&search=REH100601020" "Mozilla/5.0 (Windows NT 6.1; WOW64; Trident/7.0; rv:11.0) like Gecko"
213.153.47.173 - - [14/Sep/2018:09:01:56 +0200] "GET /reload?ser=1536908516881 HTTP/1.1" 200 28 "http://renault.activities.at/login?required=true" "Mozilla/5.0 (Windows NT 10.0; Win64; x64; rv:62.0) Gecko/20100101 Firefox/62.0"
213.153.47.173 - - [14/Sep/2018:09:02:27 +0200] "GET /reload?ser=1536908547002 HTTP/1.1" 200 28 "http://renault.activities.at/login?required=true" "Mozilla/5.0 (Windows NT 10.0; Win64; x64; rv:62.0) Gecko/20100101 Firefox/62.0"
193.194.132.28 - - [14/Sep/2018:09:02:36 +0200] "GET /reload?ser=1536908556893 HTTP/1.1" 200 28 "http://renault.2web.at/result?searchterm=true&search=REH100601020" "Mozilla/5.0 (Windows NT 6.1; WOW64; Trident/7.0; rv:11.0) like Gecko"
213.153.47.173 - - [14/Sep/2018:09:02:57 +0200] "GET /reload?ser=1536908577541 HTTP/1.1" 200 28 "http://renault.activities.at/login?required=true" "Mozilla/5.0 (Windows NT 10.0; Win64; x64; rv:62.0) Gecko/20100101 Firefox/62.0"
213.153.47.173 - - [14/Sep/2018:09:03:27 +0200] "GET /reload?ser=1536908607643 HTTP/1.1" 200 28 "http://renault.activities.at/login?required=true" "Mozilla/5.0 (Windows NT 10.0; Win64; x64; rv:62.0) Gecko/20100101 Firefox/62.0"
193.194.132.28 - - [14/Sep/2018:09:03:38 +0200] "GET /reload?ser=1536908617992 HTTP/1.1" 200 28 "http://renault.2web.at/result?searchterm=true&search=REH100601020" "Mozilla/5.0 (Windows NT 6.1; WOW64; Trident/7.0; rv:11.0) like Gecko"
207.46.13.234 - - [14/Sep/2018:09:03:40 +0200] "GET /10260004?mode=grid&order=name&limit=15&page=1 HTTP/1.1" 200 4832 "-" "Mozilla/5.0 (compatible; bingbot/2.0; +http://www.bing.com/bingbot.htm)"
213.153.47.173 - - [14/Sep/2018:09:03:58 +0200] "GET /reload?ser=1536908638202 HTTP/1.1" 200 28 "http://renault.activities.at/login?required=true" "Mozilla/5.0 (Windows NT 10.0; Win64; x64; rv:62.0) Gecko/20100101 Firefox/62.0"
213.153.47.173 - - [14/Sep/2018:09:04:28 +0200] "GET /reload?ser=1536908668322 HTTP/1.1" 200 28 "http://renault.activities.at/login?required=true" "Mozilla/5.0 (Windows NT 10.0; Win64; x64; rv:62.0) Gecko/20100101 Firefox/62.0"
193.194.132.28 - - [14/Sep/2018:09:04:39 +0200] "GET /reload?ser=1536908679062 HTTP/1.1" 200 28 "http://renault.2web.at/result?searchterm=true&search=REH100601020" "Mozilla/5.0 (Windows NT 6.1; WOW64; Trident/7.0; rv:11.0) like Gecko"
213.153.47.173 - - [14/Sep/2018:09:04:58 +0200] "GET /reload?ser=1536908698862 HTTP/1.1" 200 28 "http://renault.activities.at/login?required=true" "Mozilla/5.0 (Windows NT 10.0; Win64; x64; rv:62.0) Gecko/20100101 Firefox/62.0"
213.153.47.173 - - [14/Sep/2018:09:05:29 +0200] "GET /reload?ser=1536908728991 HTTP/1.1" 200 28 "http://renault.activities.at/login?required=true" "Mozilla/5.0 (Windows NT 10.0; Win64; x64; rv:62.0) Gecko/20100101 Firefox/62.0"
193.194.132.28 - - [14/Sep/2018:09:05:40 +0200] "GET /reload?ser=1536908740090 HTTP/1.1" 200 28 "http://renault.2web.at/result?searchterm=true&search=REH100601020" "Mozilla/5.0 (Windows NT 6.1; WOW64; Trident/7.0; rv:11.0) like Gecko"
213.153.47.173 - - [14/Sep/2018:09:05:59 +0200] "GET /reload?ser=1536908759532 HTTP/1.1" 200 28 "http://renault.activities.at/login?required=true" "Mozilla/5.0 (Windows NT 10.0; Win64; x64; rv:62.0) Gecko/20100101 Firefox/62.0"
213.153.47.173 - - [14/Sep/2018:09:06:29 +0200] "GET /reload?ser=1536908789711 HTTP/1.1" 200 28 "http://renault.activities.at/login?required=true" "Mozilla/5.0 (Windows NT 10.0; Win64; x64; rv:62.0) Gecko/20100101 Firefox/62.0"
193.194.132.28 - - [14/Sep/2018:09:06:41 +0200] "GET /reload?ser=1536908801172 HTTP/1.1" 200 28 "http://renault.2web.at/result?searchterm=true&search=REH100601020" "Mozilla/5.0 (Windows NT 6.1; WOW64; Trident/7.0; rv:11.0) like Gecko"
213.153.47.173 - - [14/Sep/2018:09:07:00 +0200] "GET /reload?ser=1536908820192 HTTP/1.1" 200 28 "http://renault.activities.at/login?required=true" "Mozilla/5.0 (Windows NT 10.0; Win64; x64; rv:62.0) Gecko/20100101 Firefox/62.0"
213.153.47.173 - - [14/Sep/2018:09:07:30 +0200] "GET /reload?ser=1536908850382 HTTP/1.1" 200 28 "http://renault.activities.at/login?required=true" "Mozilla/5.0 (Windows NT 10.0; Win64; x64; rv:62.0) Gecko/20100101 Firefox/62.0"
193.194.132.28 - - [14/Sep/2018:09:07:42 +0200] "GET /result?searchterm=true&search=REH100601020 HTTP/1.1" 200 8616 "http://renault.2web.at/account?loadrequest=true" "Mozilla/5.0 (Windows NT 6.1; WOW64; Trident/7.0; rv:11.0) like Gecko"
213.153.47.173 - - [14/Sep/2018:09:08:00 +0200] "GET /reload?ser=1536908880871 HTTP/1.1" 200 28 "http://renault.activities.at/login?required=true" "Mozilla/5.0 (Windows NT 10.0; Win64; x64; rv:62.0) Gecko/20100101 Firefox/62.0"
213.153.47.173 - - [14/Sep/2018:09:08:31 +0200] "GET /reload?ser=1536908911030 HTTP/1.1" 200 28 "http://renault.activities.at/login?required=true" "Mozilla/5.0 (Windows NT 10.0; Win64; x64; rv:62.0) Gecko/20100101 Firefox/62.0"
193.194.132.28 - - [14/Sep/2018:09:08:44 +0200] "GET /reload?ser=1536908924827 HTTP/1.1" 200 28 "http://renault.2web.at/result?searchterm=true&search=REH100601020" "Mozilla/5.0 (Windows NT 6.1; WOW64; Trident/7.0; rv:11.0) like Gecko"
213.153.47.173 - - [14/Sep/2018:09:09:01 +0200] "GET /reload?ser=1536908941530 HTTP/1.1" 200 28 "http://renault.activities.at/login?required=true" "Mozilla/5.0 (Windows NT 10.0; Win64; x64; rv:62.0) Gecko/20100101 Firefox/62.0"
213.153.47.173 - - [14/Sep/2018:09:09:31 +0200] "GET /reload?ser=1536908971690 HTTP/1.1" 200 28 "http://renault.activities.at/login?required=true" "Mozilla/5.0 (Windows NT 10.0; Win64; x64; rv:62.0) Gecko/20100101 Firefox/62.0"
193.194.132.28 - - [14/Sep/2018:09:09:46 +0200] "GET /reload?ser=1536908986006 HTTP/1.1" 200 28 "http://renault.2web.at/result?searchterm=true&search=REH100601020" "Mozilla/5.0 (Windows NT 6.1; WOW64; Trident/7.0; rv:11.0) like Gecko"
213.153.47.173 - - [14/Sep/2018:09:10:02 +0200] "GET /reload?ser=1536909002190 HTTP/1.1" 200 28 "http://renault.activities.at/login?required=true" "Mozilla/5.0 (Windows NT 10.0; Win64; x64; rv:62.0) Gecko/20100101 Firefox/62.0"
213.153.47.173 - - [14/Sep/2018:09:10:32 +0200] "GET /reload?ser=1536909032339 HTTP/1.1" 200 28 "http://renault.activities.at/login?required=true" "Mozilla/5.0 (Windows NT 10.0; Win64; x64; rv:62.0) Gecko/20100101 Firefox/62.0"
193.194.132.28 - - [14/Sep/2018:09:10:47 +0200] "GET /reload?ser=1536909047079 HTTP/1.1" 200 28 "http://renault.2web.at/result?searchterm=true&search=REH100601020" "Mozilla/5.0 (Windows NT 6.1; WOW64; Trident/7.0; rv:11.0) like Gecko"
213.153.47.173 - - [14/Sep/2018:09:11:02 +0200] "GET /reload?ser=1536909062841 HTTP/1.1" 200 28 "http://renault.activities.at/login?required=true" "Mozilla/5.0 (Windows NT 10.0; Win64; x64; rv:62.0) Gecko/20100101 Firefox/62.0"
213.153.47.173 - - [14/Sep/2018:09:11:33 +0200] "GET /reload?ser=1536909093012 HTTP/1.1" 200 28 "http://renault.activities.at/login?required=true" "Mozilla/5.0 (Windows NT 10.0; Win64; x64; rv:62.0) Gecko/20100101 Firefox/62.0"
80.120.5.131 - - [14/Sep/2018:09:11:34 +0200] "GET /10201637 HTTP/1.1" 302 150 "-" "Mozilla/5.0 (Macintosh; Intel Mac OS X 10_13_6) AppleWebKit/605.1.15 (KHTML, like Gecko)"
80.120.5.131 - - [14/Sep/2018:09:11:36 +0200] "GET /login?required=true HTTP/1.1" 200 2086 "-" "Mozilla/5.0 (Macintosh; Intel Mac OS X 10_13_6) AppleWebKit/605.1.15 (KHTML, like Gecko)"
80.120.5.131 - - [14/Sep/2018:09:11:37 +0200] "GET /apple-touch-icon-precomposed.png HTTP/1.1" 200 1559 "-" "Safari/13605.3.8 CFNetwork/902.1 Darwin/17.7.0 (x86_64)"
80.120.5.131 - - [14/Sep/2018:09:11:38 +0200] "GET /apple-touch-icon.png HTTP/1.1" 200 1559 "-" "Safari/13605.3.8 CFNetwork/902.1 Darwin/17.7.0 (x86_64)"
80.120.5.131 - - [14/Sep/2018:09:11:39 +0200] "GET /images/favicon.ico HTTP/1.1" 404 305 "-" "Safari/13605.3.8 CFNetwork/902.1 Darwin/17.7.0 (x86_64)"
80.120.5.131 - - [14/Sep/2018:09:11:39 +0200] "GET /images/favicon.ico HTTP/1.1" 404 305 "-" "Safari/13605.3.8 CFNetwork/902.1 Darwin/17.7.0 (x86_64)"
80.120.5.131 - - [14/Sep/2018:09:11:39 +0200] "GET /favicon.ico HTTP/1.1" 200 3250 "-" "Safari/13605.3.8 CFNetwork/902.1 Darwin/17.7.0 (x86_64)"
80.120.5.131 - - [14/Sep/2018:09:11:39 +0200] "GET /apple-touch-icon-precomposed.png HTTP/1.1" 200 1559 "-" "Safari/13605.3.8 CFNetwork/902.1 Darwin/17.7.0 (x86_64)"
80.120.5.131 - - [14/Sep/2018:09:11:40 +0200] "GET /apple-touch-icon.png HTTP/1.1" 200 1559 "-" "Safari/13605.3.8 CFNetwork/902.1 Darwin/17.7.0 (x86_64)"
80.120.5.131 - - [14/Sep/2018:09:11:41 +0200] "GET /images/favicon.ico HTTP/1.1" 404 305 "-" "Safari/13605.3.8 CFNetwork/902.1 Darwin/17.7.0 (x86_64)"
80.120.5.131 - - [14/Sep/2018:09:11:41 +0200] "GET /images/favicon.ico HTTP/1.1" 404 305 "-" "Safari/13605.3.8 CFNetwork/902.1 Darwin/17.7.0 (x86_64)"
80.120.5.131 - - [14/Sep/2018:09:11:41 +0200] "GET /favicon.ico HTTP/1.1" 200 3250 "-" "Safari/13605.3.8 CFNetwork/902.1 Darwin/17.7.0 (x86_64)"
80.120.5.131 - - [14/Sep/2018:09:11:41 +0200] "GET /10201637 HTTP/1.1" 302 150 "-" "\"Mozilla/5.0 (iPhone; CPU iPhone OS 11_0 like Mac OS X) AppleWebKit/604.1.38 (KHTML, like Gecko) Version/11.0 Mobile/15A372 Safari/604.1\""
80.120.5.131 - - [14/Sep/2018:09:11:42 +0200] "GET /login?required=true HTTP/1.1" 200 2086 "-" "\"Mozilla/5.0 (iPhone; CPU iPhone OS 11_0 like Mac OS X) AppleWebKit/604.1.38 (KHTML, like Gecko) Version/11.0 Mobile/15A372 Safari/604.1\""
80.120.5.131 - - [14/Sep/2018:09:11:43 +0200] "GET /apple-touch-icon-precomposed.png HTTP/1.1" 200 1559 "-" "Safari/13605.3.8 CFNetwork/902.1 Darwin/17.7.0 (x86_64)"
80.120.5.131 - - [14/Sep/2018:09:11:44 +0200] "GET /apple-touch-icon.png HTTP/1.1" 200 1559 "-" "Safari/13605.3.8 CFNetwork/902.1 Darwin/17.7.0 (x86_64)"
80.120.5.131 - - [14/Sep/2018:09:11:45 +0200] "GET /images/favicon.ico HTTP/1.1" 404 305 "-" "Safari/13605.3.8 CFNetwork/902.1 Darwin/17.7.0 (x86_64)"
80.120.5.131 - - [14/Sep/2018:09:11:45 +0200] "GET /images/favicon.ico HTTP/1.1" 404 305 "-" "Safari/13605.3.8 CFNetwork/902.1 Darwin/17.7.0 (x86_64)"
80.120.5.131 - - [14/Sep/2018:09:11:45 +0200] "GET /favicon.ico HTTP/1.1" 200 3250 "-" "Safari/13605.3.8 CFNetwork/902.1 Darwin/17.7.0 (x86_64)"
80.120.5.131 - - [14/Sep/2018:09:11:45 +0200] "GET /apple-touch-icon-precomposed.png HTTP/1.1" 200 1559 "-" "Safari/13605.3.8 CFNetwork/902.1 Darwin/17.7.0 (x86_64)"
80.120.5.131 - - [14/Sep/2018:09:11:46 +0200] "GET /apple-touch-icon.png HTTP/1.1" 200 1559 "-" "Safari/13605.3.8 CFNetwork/902.1 Darwin/17.7.0 (x86_64)"
80.120.5.131 - - [14/Sep/2018:09:11:47 +0200] "GET /images/favicon.ico HTTP/1.1" 404 305 "-" "Safari/13605.3.8 CFNetwork/902.1 Darwin/17.7.0 (x86_64)"
80.120.5.131 - - [14/Sep/2018:09:11:47 +0200] "GET /images/favicon.ico HTTP/1.1" 404 305 "-" "Safari/13605.3.8 CFNetwork/902.1 Darwin/17.7.0 (x86_64)"
80.120.5.131 - - [14/Sep/2018:09:11:47 +0200] "GET /favicon.ico HTTP/1.1" 200 3250 "-" "Safari/13605.3.8 CFNetwork/902.1 Darwin/17.7.0 (x86_64)"
193.194.132.28 - - [14/Sep/2018:09:11:48 +0200] "GET /reload?ser=1536909108169 HTTP/1.1" 200 28 "http://renault.2web.at/result?searchterm=true&search=REH100601020" "Mozilla/5.0 (Windows NT 6.1; WOW64; Trident/7.0; rv:11.0) like Gecko"
213.153.47.173 - - [14/Sep/2018:09:12:03 +0200] "GET /reload?ser=1536909123511 HTTP/1.1" 200 28 "http://renault.activities.at/login?required=true" "Mozilla/5.0 (Windows NT 10.0; Win64; x64; rv:62.0) Gecko/20100101 Firefox/62.0"
213.153.47.173 - - [14/Sep/2018:09:12:33 +0200] "GET /reload?ser=1536909153673 HTTP/1.1" 200 28 "http://renault.activities.at/login?required=true" "Mozilla/5.0 (Windows NT 10.0; Win64; x64; rv:62.0) Gecko/20100101 Firefox/62.0"
193.194.132.28 - - [14/Sep/2018:09:12:49 +0200] "GET /reload?ser=1536909169311 HTTP/1.1" 200 28 "http://renault.2web.at/result?searchterm=true&search=REH100601020" "Mozilla/5.0 (Windows NT 6.1; WOW64; Trident/7.0; rv:11.0) like Gecko"
213.153.47.173 - - [14/Sep/2018:09:13:04 +0200] "GET /reload?ser=1536909184184 HTTP/1.1" 200 28 "http://renault.activities.at/login?required=true" "Mozilla/5.0 (Windows NT 10.0; Win64; x64; rv:62.0) Gecko/20100101 Firefox/62.0"
213.153.47.173 - - [14/Sep/2018:09:13:34 +0200] "GET /reload?ser=1536909214335 HTTP/1.1" 200 28 "http://renault.activities.at/login?required=true" "Mozilla/5.0 (Windows NT 10.0; Win64; x64; rv:62.0) Gecko/20100101 Firefox/62.0"
193.194.132.28 - - [14/Sep/2018:09:13:50 +0200] "GET /reload?ser=1536909230381 HTTP/1.1" 200 28 "http://renault.2web.at/result?searchterm=true&search=REH100601020" "Mozilla/5.0 (Windows NT 6.1; WOW64; Trident/7.0; rv:11.0) like Gecko"
213.153.47.173 - - [14/Sep/2018:09:14:04 +0200] "GET /reload?ser=1536909244836 HTTP/1.1" 200 28 "http://renault.activities.at/login?required=true" "Mozilla/5.0 (Windows NT 10.0; Win64; x64; rv:62.0) Gecko/20100101 Firefox/62.0"
213.153.47.173 - - [14/Sep/2018:09:14:35 +0200] "GET /reload?ser=1536909274997 HTTP/1.1" 200 28 "http://renault.activities.at/login?required=true" "Mozilla/5.0 (Windows NT 10.0; Win64; x64; rv:62.0) Gecko/20100101 Firefox/62.0"
193.194.132.28 - - [14/Sep/2018:09:14:51 +0200] "GET /reload?ser=1536909291470 HTTP/1.1" 200 28 "http://renault.2web.at/result?searchterm=true&search=REH100601020" "Mozilla/5.0 (Windows NT 6.1; WOW64; Trident/7.0; rv:11.0) like Gecko"
213.153.47.173 - - [14/Sep/2018:09:15:05 +0200] "GET /reload?ser=1536909305479 HTTP/1.1" 200 28 "http://renault.activities.at/login?required=true" "Mozilla/5.0 (Windows NT 10.0; Win64; x64; rv:62.0) Gecko/20100101 Firefox/62.0"
213.153.47.173 - - [14/Sep/2018:09:15:35 +0200] "GET /reload?ser=1536909335648 HTTP/1.1" 200 28 "http://renault.activities.at/login?required=true" "Mozilla/5.0 (Windows NT 10.0; Win64; x64; rv:62.0) Gecko/20100101 Firefox/62.0"
157.55.39.208 - - [14/Sep/2018:09:15:39 +0200] "GET /10260004?dir=898&mode=list&order=name&limit=10&detail=715564 HTTP/1.1" 200 3609 "-" "Mozilla/5.0 (compatible; bingbot/2.0; +http://www.bing.com/bingbot.htm)"
193.194.132.28 - - [14/Sep/2018:09:15:52 +0200] "GET /reload?ser=1536909352521 HTTP/1.1" 200 28 "http://renault.2web.at/result?searchterm=true&search=REH100601020" "Mozilla/5.0 (Windows NT 6.1; WOW64; Trident/7.0; rv:11.0) like Gecko"
213.153.47.173 - - [14/Sep/2018:09:16:06 +0200] "GET /reload?ser=1536909366129 HTTP/1.1" 200 28 "http://renault.activities.at/login?required=true" "Mozilla/5.0 (Windows NT 10.0; Win64; x64; rv:62.0) Gecko/20100101 Firefox/62.0"
213.153.47.173 - - [14/Sep/2018:09:16:36 +0200] "GET /reload?ser=1536909396308 HTTP/1.1" 200 28 "http://renault.activities.at/login?required=true" "Mozilla/5.0 (Windows NT 10.0; Win64; x64; rv:62.0) Gecko/20100101 Firefox/62.0"
193.194.132.28 - - [14/Sep/2018:09:16:53 +0200] "GET /reload?ser=1536909413580 HTTP/1.1" 200 28 "http://renault.2web.at/result?searchterm=true&search=REH100601020" "Mozilla/5.0 (Windows NT 6.1; WOW64; Trident/7.0; rv:11.0) like Gecko"
213.153.47.173 - - [14/Sep/2018:09:17:06 +0200] "GET /reload?ser=1536909426789 HTTP/1.1" 200 28 "http://renault.activities.at/login?required=true" "Mozilla/5.0 (Windows NT 10.0; Win64; x64; rv:62.0) Gecko/20100101 Firefox/62.0"
213.153.47.173 - - [14/Sep/2018:09:17:37 +0200] "GET /reload?ser=1536909456980 HTTP/1.1" 200 28 "http://renault.activities.at/login?required=true" "Mozilla/5.0 (Windows NT 10.0; Win64; x64; rv:62.0) Gecko/20100101 Firefox/62.0"
193.194.132.28 - - [14/Sep/2018:09:17:54 +0200] "GET /reload?ser=1536909474620 HTTP/1.1" 200 28 "http://renault.2web.at/result?searchterm=true&search=REH100601020" "Mozilla/5.0 (Windows NT 6.1; WOW64; Trident/7.0; rv:11.0) like Gecko"
213.153.47.173 - - [14/Sep/2018:09:18:07 +0200] "GET /reload?ser=1536909487439 HTTP/1.1" 200 28 "http://renault.activities.at/login?required=true" "Mozilla/5.0 (Windows NT 10.0; Win64; x64; rv:62.0) Gecko/20100101 Firefox/62.0"
213.153.47.173 - - [14/Sep/2018:09:18:37 +0200] "GET /reload?ser=1536909517639 HTTP/1.1" 200 28 "http://renault.activities.at/login?required=true" "Mozilla/5.0 (Windows NT 10.0; Win64; x64; rv:62.0) Gecko/20100101 Firefox/62.0"
193.194.132.28 - - [14/Sep/2018:09:18:56 +0200] "GET /reload?ser=1536909535794 HTTP/1.1" 200 28 "http://renault.2web.at/result?searchterm=true&search=REH100601020" "Mozilla/5.0 (Windows NT 6.1; WOW64; Trident/7.0; rv:11.0) like Gecko"
213.153.47.173 - - [14/Sep/2018:09:19:08 +0200] "GET /reload?ser=1536909548110 HTTP/1.1" 200 28 "http://renault.activities.at/login?required=true" "Mozilla/5.0 (Windows NT 10.0; Win64; x64; rv:62.0) Gecko/20100101 Firefox/62.0"
213.153.47.173 - - [14/Sep/2018:09:19:38 +0200] "GET /reload?ser=1536909578311 HTTP/1.1" 200 28 "http://renault.activities.at/login?required=true" "Mozilla/5.0 (Windows NT 10.0; Win64; x64; rv:62.0) Gecko/20100101 Firefox/62.0"
193.194.132.28 - - [14/Sep/2018:09:19:57 +0200] "GET /reload?ser=1536909596932 HTTP/1.1" 200 28 "http://renault.2web.at/result?searchterm=true&search=REH100601020" "Mozilla/5.0 (Windows NT 6.1; WOW64; Trident/7.0; rv:11.0) like Gecko"
213.153.47.173 - - [14/Sep/2018:09:20:08 +0200] "GET /reload?ser=1536909608780 HTTP/1.1" 200 28 "http://renault.activities.at/login?required=true" "Mozilla/5.0 (Windows NT 10.0; Win64; x64; rv:62.0) Gecko/20100101 Firefox/62.0"
213.153.47.173 - - [14/Sep/2018:09:20:39 +0200] "GET /reload?ser=1536909638980 HTTP/1.1" 200 28 "http://renault.activities.at/login?required=true" "Mozilla/5.0 (Windows NT 10.0; Win64; x64; rv:62.0) Gecko/20100101 Firefox/62.0"
193.194.132.28 - - [14/Sep/2018:09:20:58 +0200] "GET /reload?ser=1536909658007 HTTP/1.1" 200 28 "http://renault.2web.at/result?searchterm=true&search=REH100601020" "Mozilla/5.0 (Windows NT 6.1; WOW64; Trident/7.0; rv:11.0) like Gecko"
213.153.47.173 - - [14/Sep/2018:09:21:09 +0200] "GET /reload?ser=1536909669441 HTTP/1.1" 200 28 "http://renault.activities.at/login?required=true" "Mozilla/5.0 (Windows NT 10.0; Win64; x64; rv:62.0) Gecko/20100101 Firefox/62.0"
213.153.47.173 - - [14/Sep/2018:09:21:39 +0200] "GET /reload?ser=1536909699630 HTTP/1.1" 200 28 "http://renault.activities.at/login?required=true" "Mozilla/5.0 (Windows NT 10.0; Win64; x64; rv:62.0) Gecko/20100101 Firefox/62.0"
213.153.47.173 - - [14/Sep/2018:09:22:10 +0200] "GET /reload?ser=1536909730120 HTTP/1.1" 200 28 "http://renault.activities.at/login?required=true" "Mozilla/5.0 (Windows NT 10.0; Win64; x64; rv:62.0) Gecko/20100101 Firefox/62.0"
193.194.132.28 - - [14/Sep/2018:09:22:11 +0200] "GET /reload?ser=1536909719151 HTTP/1.1" 200 28 "http://renault.2web.at/result?searchterm=true&search=REH100601020" "Mozilla/5.0 (Windows NT 6.1; WOW64; Trident/7.0; rv:11.0) like Gecko"
213.153.47.173 - - [14/Sep/2018:09:22:40 +0200] "GET /reload?ser=1536909760300 HTTP/1.1" 200 28 "http://renault.activities.at/login?required=true" "Mozilla/5.0 (Windows NT 10.0; Win64; x64; rv:62.0) Gecko/20100101 Firefox/62.0"
213.153.47.173 - - [14/Sep/2018:09:23:10 +0200] "GET /reload?ser=1536909790779 HTTP/1.1" 200 28 "http://renault.activities.at/login?required=true" "Mozilla/5.0 (Windows NT 10.0; Win64; x64; rv:62.0) Gecko/20100101 Firefox/62.0"
193.194.132.28 - - [14/Sep/2018:09:23:12 +0200] "GET /reload?ser=1536909792318 HTTP/1.1" 200 28 "http://renault.2web.at/result?searchterm=true&search=REH100601020" "Mozilla/5.0 (Windows NT 6.1; WOW64; Trident/7.0; rv:11.0) like Gecko"
213.153.47.173 - - [14/Sep/2018:09:23:41 +0200] "GET /reload?ser=1536909820980 HTTP/1.1" 200 28 "http://renault.activities.at/login?required=true" "Mozilla/5.0 (Windows NT 10.0; Win64; x64; rv:62.0) Gecko/20100101 Firefox/62.0"
213.153.47.173 - - [14/Sep/2018:09:24:11 +0200] "GET /reload?ser=1536909851430 HTTP/1.1" 200 28 "http://renault.activities.at/login?required=true" "Mozilla/5.0 (Windows NT 10.0; Win64; x64; rv:62.0) Gecko/20100101 Firefox/62.0"
193.194.132.28 - - [14/Sep/2018:09:24:13 +0200] "GET /reload?ser=1536909853429 HTTP/1.1" 200 28 "http://renault.2web.at/result?searchterm=true&search=REH100601020" "Mozilla/5.0 (Windows NT 6.1; WOW64; Trident/7.0; rv:11.0) like Gecko"
213.153.47.173 - - [14/Sep/2018:09:24:41 +0200] "GET /reload?ser=1536909881639 HTTP/1.1" 200 28 "http://renault.activities.at/login?required=true" "Mozilla/5.0 (Windows NT 10.0; Win64; x64; rv:62.0) Gecko/20100101 Firefox/62.0"
213.153.47.173 - - [14/Sep/2018:09:25:12 +0200] "GET /reload?ser=1536909912089 HTTP/1.1" 200 28 "http://renault.activities.at/login?required=true" "Mozilla/5.0 (Windows NT 10.0; Win64; x64; rv:62.0) Gecko/20100101 Firefox/62.0"
193.194.132.28 - - [14/Sep/2018:09:25:14 +0200] "GET /reload?ser=1536909914532 HTTP/1.1" 200 28 "http://renault.2web.at/result?searchterm=true&search=REH100601020" "Mozilla/5.0 (Windows NT 6.1; WOW64; Trident/7.0; rv:11.0) like Gecko"
213.153.47.173 - - [14/Sep/2018:09:25:42 +0200] "GET /reload?ser=1536909942298 HTTP/1.1" 200 28 "http://renault.activities.at/login?required=true" "Mozilla/5.0 (Windows NT 10.0; Win64; x64; rv:62.0) Gecko/20100101 Firefox/62.0"
213.153.47.173 - - [14/Sep/2018:09:26:12 +0200] "GET /reload?ser=1536909972739 HTTP/1.1" 200 28 "http://renault.activities.at/login?required=true" "Mozilla/5.0 (Windows NT 10.0; Win64; x64; rv:62.0) Gecko/20100101 Firefox/62.0"
193.194.132.28 - - [14/Sep/2018:09:26:15 +0200] "GET /reload?ser=1536909975607 HTTP/1.1" 200 28 "http://renault.2web.at/result?searchterm=true&search=REH100601020" "Mozilla/5.0 (Windows NT 6.1; WOW64; Trident/7.0; rv:11.0) like Gecko"
213.153.47.173 - - [14/Sep/2018:09:26:43 +0200] "GET /reload?ser=1536910002958 HTTP/1.1" 200 28 "http://renault.activities.at/login?required=true" "Mozilla/5.0 (Windows NT 10.0; Win64; x64; rv:62.0) Gecko/20100101 Firefox/62.0"
