212.152.246.130 - - [17/Sep/2018:07:36:02 +0200] "GET /images/sidebar_title_corner_right_top.gif HTTP/1.1" 304 - "http://renault.activities.at/10201637?dir=DESC&mode=grid&order=name&limit=15&page=16" "Mozilla/5.0 (Windows NT 6.1; WOW64; Trident/7.0; rv:11.0) like Gecko"
212.152.246.130 - - [17/Sep/2018:07:36:02 +0200] "GET /images/pager_bg.gif HTTP/1.1" 304 - "http://renault.activities.at/10201637?dir=DESC&mode=grid&order=name&limit=15&page=16" "Mozilla/5.0 (Windows NT 6.1; WOW64; Trident/7.0; rv:11.0) like Gecko"
212.152.246.130 - - [17/Sep/2018:07:36:02 +0200] "GET /images/title_corner_right_top.jpg HTTP/1.1" 304 - "http://renault.activities.at/10201637?dir=DESC&mode=grid&order=name&limit=15&page=16" "Mozilla/5.0 (Windows NT 6.1; WOW64; Trident/7.0; rv:11.0) like Gecko"
212.152.246.130 - - [17/Sep/2018:07:36:02 +0200] "GET /images/vista-up.gif HTTP/1.1" 304 - "http://renault.activities.at/10201637?dir=DESC&mode=grid&order=name&limit=15&page=16" "Mozilla/5.0 (Windows NT 6.1; WOW64; Trident/7.0; rv:11.0) like Gecko"
212.152.246.130 - - [17/Sep/2018:07:36:02 +0200] "GET /images/title_border_top.jpg HTTP/1.1" 304 - "http://renault.activities.at/10201637?dir=DESC&mode=grid&order=name&limit=15&page=16" "Mozilla/5.0 (Windows NT 6.1; WOW64; Trident/7.0; rv:11.0) like Gecko"
212.152.246.130 - - [17/Sep/2018:07:36:02 +0200] "GET /images/validation_advice_bg.gif HTTP/1.1" 304 - "http://renault.activities.at/10201637?dir=DESC&mode=grid&order=name&limit=15&page=16" "Mozilla/5.0 (Windows NT 6.1; WOW64; Trident/7.0; rv:11.0) like Gecko"
212.152.246.130 - - [17/Sep/2018:07:36:02 +0200] "GET /images/footer_divider.gif HTTP/1.1" 304 - "http://renault.activities.at/10201637?dir=DESC&mode=grid&order=name&limit=15&page=16" "Mozilla/5.0 (Windows NT 6.1; WOW64; Trident/7.0; rv:11.0) like Gecko"
212.152.246.130 - - [17/Sep/2018:07:36:02 +0200] "GET /images/title_corner_left_top.jpg HTTP/1.1" 304 - "http://renault.activities.at/10201637?dir=DESC&mode=grid&order=name&limit=15&page=16" "Mozilla/5.0 (Windows NT 6.1; WOW64; Trident/7.0; rv:11.0) like Gecko"
212.152.246.130 - - [17/Sep/2018:07:36:02 +0200] "GET /images/title_border.jpg HTTP/1.1" 304 - "http://renault.activities.at/10201637?dir=DESC&mode=grid&order=name&limit=15&page=16" "Mozilla/5.0 (Windows NT 6.1; WOW64; Trident/7.0; rv:11.0) like Gecko"
212.152.246.130 - - [17/Sep/2018:07:36:02 +0200] "GET /images/vista-dn.gif HTTP/1.1" 304 - "http://renault.activities.at/10201637?dir=DESC&mode=grid&order=name&limit=15&page=16" "Mozilla/5.0 (Windows NT 6.1; WOW64; Trident/7.0; rv:11.0) like Gecko"
193.194.132.28 - - [17/Sep/2018:07:36:04 +0200] "GET /reload?ser=1537162564589 HTTP/1.1" 200 28 "http://renault.2web.at/account?loadrequest=true" "Mozilla/5.0 (Windows NT 6.1; WOW64; Trident/7.0; rv:11.0) like Gecko"
212.152.246.130 - - [17/Sep/2018:07:36:21 +0200] "GET /cart HTTP/1.1" 200 5403 "http://renault.activities.at/10201637?dir=DESC&mode=grid&order=name&limit=15&page=16" "Mozilla/5.0 (Windows NT 6.1; WOW64; Trident/7.0; rv:11.0) like Gecko"
212.152.246.130 - - [17/Sep/2018:07:36:23 +0200] "GET /js/default.js HTTP/1.1" 304 - "http://renault.activities.at/cart" "Mozilla/5.0 (Windows NT 6.1; WOW64; Trident/7.0; rv:11.0) like Gecko"
212.152.246.130 - - [17/Sep/2018:07:36:24 +0200] "GET /css/reset.css HTTP/1.1" 304 - "http://renault.activities.at/cart" "Mozilla/5.0 (Windows NT 6.1; WOW64; Trident/7.0; rv:11.0) like Gecko"
212.152.246.130 - - [17/Sep/2018:07:36:24 +0200] "GET /css/styles.css HTTP/1.1" 304 - "http://renault.activities.at/cart" "Mozilla/5.0 (Windows NT 6.1; WOW64; Trident/7.0; rv:11.0) like Gecko"
212.152.246.130 - - [17/Sep/2018:07:36:24 +0200] "GET /css/clears.css HTTP/1.1" 304 - "http://renault.activities.at/cart" "Mozilla/5.0 (Windows NT 6.1; WOW64; Trident/7.0; rv:11.0) like Gecko"
212.152.246.130 - - [17/Sep/2018:07:36:24 +0200] "GET /css/print.css HTTP/1.1" 304 - "http://renault.activities.at/cart" "Mozilla/5.0 (Windows NT 6.1; WOW64; Trident/7.0; rv:11.0) like Gecko"
212.152.246.130 - - [17/Sep/2018:07:36:24 +0200] "GET /js/checkout.css HTTP/1.1" 304 - "http://renault.activities.at/cart" "Mozilla/5.0 (Windows NT 6.1; WOW64; Trident/7.0; rv:11.0) like Gecko"
212.152.246.130 - - [17/Sep/2018:07:36:24 +0200] "GET /css/prototip.css HTTP/1.1" 304 - "http://renault.activities.at/cart" "Mozilla/5.0 (Windows NT 6.1; WOW64; Trident/7.0; rv:11.0) like Gecko"
212.152.246.130 - - [17/Sep/2018:07:36:24 +0200] "GET /css/themes/default.css HTTP/1.1" 304 - "http://renault.activities.at/cart" "Mozilla/5.0 (Windows NT 6.1; WOW64; Trident/7.0; rv:11.0) like Gecko"
212.152.246.130 - - [17/Sep/2018:07:36:24 +0200] "GET /css/themes/alphacube.css HTTP/1.1" 304 - "http://renault.activities.at/cart" "Mozilla/5.0 (Windows NT 6.1; WOW64; Trident/7.0; rv:11.0) like Gecko"
212.152.246.130 - - [17/Sep/2018:07:36:24 +0200] "GET /js/ProduktGrp.js HTTP/1.1" 304 - "http://renault.activities.at/cart" "Mozilla/5.0 (Windows NT 6.1; WOW64; Trident/7.0; rv:11.0) like Gecko"
212.152.246.130 - - [17/Sep/2018:07:36:24 +0200] "GET /images/header_block_corner_right_top.gif HTTP/1.1" 304 - "http://renault.activities.at/cart" "Mozilla/5.0 (Windows NT 6.1; WOW64; Trident/7.0; rv:11.0) like Gecko"
212.152.246.130 - - [17/Sep/2018:07:36:24 +0200] "GET /images/search_bg.gif HTTP/1.1" 304 - "http://renault.activities.at/cart" "Mozilla/5.0 (Windows NT 6.1; WOW64; Trident/7.0; rv:11.0) like Gecko"
212.152.246.130 - - [17/Sep/2018:07:36:24 +0200] "GET /loadthumbnail.php?id=10232009&width=16&height=16 HTTP/1.1" 200 700 "http://renault.activities.at/cart" "Mozilla/5.0 (Windows NT 6.1; WOW64; Trident/7.0; rv:11.0) like Gecko"
212.152.246.130 - - [17/Sep/2018:07:36:24 +0200] "GET /loadthumbnail.php?id=11847427&width=100 HTTP/1.1" 200 2304 "http://renault.activities.at/cart" "Mozilla/5.0 (Windows NT 6.1; WOW64; Trident/7.0; rv:11.0) like Gecko"
212.152.246.130 - - [17/Sep/2018:07:36:24 +0200] "GET /loadthumbnail.php?id=11181225&width=100 HTTP/1.1" 200 1159 "http://renault.activities.at/cart" "Mozilla/5.0 (Windows NT 6.1; WOW64; Trident/7.0; rv:11.0) like Gecko"
212.152.246.130 - - [17/Sep/2018:07:36:24 +0200] "GET /images/header_block_border.gif HTTP/1.1" 304 - "http://renault.activities.at/cart" "Mozilla/5.0 (Windows NT 6.1; WOW64; Trident/7.0; rv:11.0) like Gecko"
212.152.246.130 - - [17/Sep/2018:07:36:24 +0200] "GET /images/header_block_corner_left_top.gif HTTP/1.1" 304 - "http://renault.activities.at/cart" "Mozilla/5.0 (Windows NT 6.1; WOW64; Trident/7.0; rv:11.0) like Gecko"
212.152.246.130 - - [17/Sep/2018:07:36:24 +0200] "GET /loadthumbnail.php?id=11648009&width=100 HTTP/1.1" 200 2006 "http://renault.activities.at/cart" "Mozilla/5.0 (Windows NT 6.1; WOW64; Trident/7.0; rv:11.0) like Gecko"
212.152.246.130 - - [17/Sep/2018:07:36:24 +0200] "GET /images/main_block_corner_right_bot.gif HTTP/1.1" 304 - "http://renault.activities.at/cart" "Mozilla/5.0 (Windows NT 6.1; WOW64; Trident/7.0; rv:11.0) like Gecko"
212.152.246.130 - - [17/Sep/2018:07:36:24 +0200] "GET /images/main_block_corner_right_top.gif HTTP/1.1" 304 - "http://renault.activities.at/cart" "Mozilla/5.0 (Windows NT 6.1; WOW64; Trident/7.0; rv:11.0) like Gecko"
212.152.246.130 - - [17/Sep/2018:07:36:24 +0200] "GET /images/main_block_border.gif HTTP/1.1" 304 - "http://renault.activities.at/cart" "Mozilla/5.0 (Windows NT 6.1; WOW64; Trident/7.0; rv:11.0) like Gecko"
212.152.246.130 - - [17/Sep/2018:07:36:24 +0200] "GET /images/main_block_corner_left_bot.gif HTTP/1.1" 304 - "http://renault.activities.at/cart" "Mozilla/5.0 (Windows NT 6.1; WOW64; Trident/7.0; rv:11.0) like Gecko"
212.152.246.130 - - [17/Sep/2018:07:36:24 +0200] "GET /images/main_block_corner_left_top.gif HTTP/1.1" 304 - "http://renault.activities.at/cart" "Mozilla/5.0 (Windows NT 6.1; WOW64; Trident/7.0; rv:11.0) like Gecko"
212.152.246.130 - - [17/Sep/2018:07:36:24 +0200] "GET /images/menu_button_bg.jpg HTTP/1.1" 304 - "http://renault.activities.at/cart" "Mozilla/5.0 (Windows NT 6.1; WOW64; Trident/7.0; rv:11.0) like Gecko"
212.152.246.130 - - [17/Sep/2018:07:36:24 +0200] "GET /images/menu_divider.gif HTTP/1.1" 304 - "http://renault.activities.at/cart" "Mozilla/5.0 (Windows NT 6.1; WOW64; Trident/7.0; rv:11.0) like Gecko"
212.152.246.130 - - [17/Sep/2018:07:36:24 +0200] "GET /images/button_left_bg.gif HTTP/1.1" 304 - "http://renault.activities.at/cart" "Mozilla/5.0 (Windows NT 6.1; WOW64; Trident/7.0; rv:11.0) like Gecko"
212.152.246.130 - - [17/Sep/2018:07:36:24 +0200] "GET /images/nav_divider.gif HTTP/1.1" 304 - "http://renault.activities.at/cart" "Mozilla/5.0 (Windows NT 6.1; WOW64; Trident/7.0; rv:11.0) like Gecko"
212.152.246.130 - - [17/Sep/2018:07:36:24 +0200] "GET /images/top_links_divider.gif HTTP/1.1" 304 - "http://renault.activities.at/cart" "Mozilla/5.0 (Windows NT 6.1; WOW64; Trident/7.0; rv:11.0) like Gecko"
212.152.246.130 - - [17/Sep/2018:07:36:24 +0200] "GET /images/validation_advice_bg.gif HTTP/1.1" 304 - "http://renault.activities.at/cart" "Mozilla/5.0 (Windows NT 6.1; WOW64; Trident/7.0; rv:11.0) like Gecko"
212.152.246.130 - - [17/Sep/2018:07:36:24 +0200] "GET /images/title_corner_right_top.jpg HTTP/1.1" 304 - "http://renault.activities.at/cart" "Mozilla/5.0 (Windows NT 6.1; WOW64; Trident/7.0; rv:11.0) like Gecko"
212.152.246.130 - - [17/Sep/2018:07:36:24 +0200] "GET /images/title_border.jpg HTTP/1.1" 304 - "http://renault.activities.at/cart" "Mozilla/5.0 (Windows NT 6.1; WOW64; Trident/7.0; rv:11.0) like Gecko"
212.152.246.130 - - [17/Sep/2018:07:36:24 +0200] "GET /images/vista-dn.gif HTTP/1.1" 304 - "http://renault.activities.at/cart" "Mozilla/5.0 (Windows NT 6.1; WOW64; Trident/7.0; rv:11.0) like Gecko"
212.152.246.130 - - [17/Sep/2018:07:36:24 +0200] "GET /images/vista-up.gif HTTP/1.1" 304 - "http://renault.activities.at/cart" "Mozilla/5.0 (Windows NT 6.1; WOW64; Trident/7.0; rv:11.0) like Gecko"
212.152.246.130 - - [17/Sep/2018:07:36:24 +0200] "GET /images/title_border_top.jpg HTTP/1.1" 304 - "http://renault.activities.at/cart" "Mozilla/5.0 (Windows NT 6.1; WOW64; Trident/7.0; rv:11.0) like Gecko"
212.152.246.130 - - [17/Sep/2018:07:36:24 +0200] "GET /images/title_corner_left_top.jpg HTTP/1.1" 304 - "http://renault.activities.at/cart" "Mozilla/5.0 (Windows NT 6.1; WOW64; Trident/7.0; rv:11.0) like Gecko"
212.152.246.130 - - [17/Sep/2018:07:36:25 +0200] "GET /images/button_bg.gif HTTP/1.1" 304 - "http://renault.activities.at/cart" "Mozilla/5.0 (Windows NT 6.1; WOW64; Trident/7.0; rv:11.0) like Gecko"
212.152.246.130 - - [17/Sep/2018:07:36:25 +0200] "GET /images/button_right_bg.gif HTTP/1.1" 304 - "http://renault.activities.at/cart" "Mozilla/5.0 (Windows NT 6.1; WOW64; Trident/7.0; rv:11.0) like Gecko"
212.152.246.130 - - [17/Sep/2018:07:36:25 +0200] "GET /images/footer_divider.gif HTTP/1.1" 304 - "http://renault.activities.at/cart" "Mozilla/5.0 (Windows NT 6.1; WOW64; Trident/7.0; rv:11.0) like Gecko"
212.152.246.130 - - [17/Sep/2018:07:36:27 +0200] "GET /checkout HTTP/1.1" 200 10257 "http://renault.activities.at/cart" "Mozilla/5.0 (Windows NT 6.1; WOW64; Trident/7.0; rv:11.0) like Gecko"
212.152.246.130 - - [17/Sep/2018:07:36:32 +0200] "GET /js/default.js HTTP/1.1" 304 - "http://renault.activities.at/checkout" "Mozilla/5.0 (Windows NT 6.1; WOW64; Trident/7.0; rv:11.0) like Gecko"
212.152.246.130 - - [17/Sep/2018:07:36:32 +0200] "GET /css/reset.css HTTP/1.1" 304 - "http://renault.activities.at/checkout" "Mozilla/5.0 (Windows NT 6.1; WOW64; Trident/7.0; rv:11.0) like Gecko"
212.152.246.130 - - [17/Sep/2018:07:36:32 +0200] "GET /css/styles.css HTTP/1.1" 304 - "http://renault.activities.at/checkout" "Mozilla/5.0 (Windows NT 6.1; WOW64; Trident/7.0; rv:11.0) like Gecko"
212.152.246.130 - - [17/Sep/2018:07:36:32 +0200] "GET /css/clears.css HTTP/1.1" 304 - "http://renault.activities.at/checkout" "Mozilla/5.0 (Windows NT 6.1; WOW64; Trident/7.0; rv:11.0) like Gecko"
212.152.246.130 - - [17/Sep/2018:07:36:32 +0200] "GET /css/print.css HTTP/1.1" 304 - "http://renault.activities.at/checkout" "Mozilla/5.0 (Windows NT 6.1; WOW64; Trident/7.0; rv:11.0) like Gecko"
212.152.246.130 - - [17/Sep/2018:07:36:32 +0200] "GET /js/checkout.css HTTP/1.1" 304 - "http://renault.activities.at/checkout" "Mozilla/5.0 (Windows NT 6.1; WOW64; Trident/7.0; rv:11.0) like Gecko"
212.152.246.130 - - [17/Sep/2018:07:36:32 +0200] "GET /css/prototip.css HTTP/1.1" 304 - "http://renault.activities.at/checkout" "Mozilla/5.0 (Windows NT 6.1; WOW64; Trident/7.0; rv:11.0) like Gecko"
212.152.246.130 - - [17/Sep/2018:07:36:32 +0200] "GET /css/themes/default.css HTTP/1.1" 304 - "http://renault.activities.at/checkout" "Mozilla/5.0 (Windows NT 6.1; WOW64; Trident/7.0; rv:11.0) like Gecko"
212.152.246.130 - - [17/Sep/2018:07:36:32 +0200] "GET /css/themes/alphacube.css HTTP/1.1" 304 - "http://renault.activities.at/checkout" "Mozilla/5.0 (Windows NT 6.1; WOW64; Trident/7.0; rv:11.0) like Gecko"
212.152.246.130 - - [17/Sep/2018:07:36:32 +0200] "GET /js/checkout2.js HTTP/1.1" 200 4122 "http://renault.activities.at/checkout" "Mozilla/5.0 (Windows NT 6.1; WOW64; Trident/7.0; rv:11.0) like Gecko"
212.152.246.130 - - [17/Sep/2018:07:36:32 +0200] "GET /images/ajax_loading.gif HTTP/1.1" 200 1542 "http://renault.activities.at/checkout" "Mozilla/5.0 (Windows NT 6.1; WOW64; Trident/7.0; rv:11.0) like Gecko"
212.152.246.130 - - [17/Sep/2018:07:36:32 +0200] "GET /images/header_block_border.gif HTTP/1.1" 304 - "http://renault.activities.at/checkout" "Mozilla/5.0 (Windows NT 6.1; WOW64; Trident/7.0; rv:11.0) like Gecko"
212.152.246.130 - - [17/Sep/2018:07:36:32 +0200] "GET /images/main_block_corner_right_bot.gif HTTP/1.1" 304 - "http://renault.activities.at/checkout" "Mozilla/5.0 (Windows NT 6.1; WOW64; Trident/7.0; rv:11.0) like Gecko"
212.152.246.130 - - [17/Sep/2018:07:36:32 +0200] "GET /images/main_block_corner_right_top.gif HTTP/1.1" 304 - "http://renault.activities.at/checkout" "Mozilla/5.0 (Windows NT 6.1; WOW64; Trident/7.0; rv:11.0) like Gecko"
212.152.246.130 - - [17/Sep/2018:07:36:32 +0200] "GET /loadthumbnail.php?id=10201939 HTTP/1.1" 200 201 "http://renault.activities.at/checkout" "Mozilla/5.0 (Windows NT 6.1; WOW64; Trident/7.0; rv:11.0) like Gecko"
212.152.246.130 - - [17/Sep/2018:07:36:32 +0200] "GET /images/main_block_border.gif HTTP/1.1" 304 - "http://renault.activities.at/checkout" "Mozilla/5.0 (Windows NT 6.1; WOW64; Trident/7.0; rv:11.0) like Gecko"
212.152.246.130 - - [17/Sep/2018:07:36:32 +0200] "GET /loadthumbnail.php?id=10202698 HTTP/1.1" 200 16686 "http://renault.activities.at/checkout" "Mozilla/5.0 (Windows NT 6.1; WOW64; Trident/7.0; rv:11.0) like Gecko"
212.152.246.130 - - [17/Sep/2018:07:36:32 +0200] "GET /images/main_block_corner_left_bot.gif HTTP/1.1" 304 - "http://renault.activities.at/checkout" "Mozilla/5.0 (Windows NT 6.1; WOW64; Trident/7.0; rv:11.0) like Gecko"
212.152.246.130 - - [17/Sep/2018:07:36:32 +0200] "GET /images/header_block_corner_left_top.gif HTTP/1.1" 304 - "http://renault.activities.at/checkout" "Mozilla/5.0 (Windows NT 6.1; WOW64; Trident/7.0; rv:11.0) like Gecko"
212.152.246.130 - - [17/Sep/2018:07:36:32 +0200] "GET /images/main_block_corner_left_top.gif HTTP/1.1" 304 - "http://renault.activities.at/checkout" "Mozilla/5.0 (Windows NT 6.1; WOW64; Trident/7.0; rv:11.0) like Gecko"
212.152.246.130 - - [17/Sep/2018:07:36:32 +0200] "GET /images/search_bg.gif HTTP/1.1" 304 - "http://renault.activities.at/checkout" "Mozilla/5.0 (Windows NT 6.1; WOW64; Trident/7.0; rv:11.0) like Gecko"
212.152.246.130 - - [17/Sep/2018:07:36:32 +0200] "GET /images/header_block_corner_right_top.gif HTTP/1.1" 304 - "http://renault.activities.at/checkout" "Mozilla/5.0 (Windows NT 6.1; WOW64; Trident/7.0; rv:11.0) like Gecko"
212.152.246.130 - - [17/Sep/2018:07:36:32 +0200] "GET /images/checkout_border.gif HTTP/1.1" 200 43 "http://renault.activities.at/checkout" "Mozilla/5.0 (Windows NT 6.1; WOW64; Trident/7.0; rv:11.0) like Gecko"
212.152.246.130 - - [17/Sep/2018:07:36:32 +0200] "GET /images/step_marker.gif HTTP/1.1" 200 650 "http://renault.activities.at/checkout" "Mozilla/5.0 (Windows NT 6.1; WOW64; Trident/7.0; rv:11.0) like Gecko"
212.152.246.130 - - [17/Sep/2018:07:36:32 +0200] "GET /images/sidebar_title_corner_left_top.gif HTTP/1.1" 304 - "http://renault.activities.at/checkout" "Mozilla/5.0 (Windows NT 6.1; WOW64; Trident/7.0; rv:11.0) like Gecko"
212.152.246.130 - - [17/Sep/2018:07:36:32 +0200] "GET /images/button_left_bg.gif HTTP/1.1" 304 - "http://renault.activities.at/checkout" "Mozilla/5.0 (Windows NT 6.1; WOW64; Trident/7.0; rv:11.0) like Gecko"
212.152.246.130 - - [17/Sep/2018:07:36:33 +0200] "GET /images/top_links_divider.gif HTTP/1.1" 304 - "http://renault.activities.at/checkout" "Mozilla/5.0 (Windows NT 6.1; WOW64; Trident/7.0; rv:11.0) like Gecko"
212.152.246.130 - - [17/Sep/2018:07:36:33 +0200] "GET /images/checkout_border_top.gif HTTP/1.1" 200 156 "http://renault.activities.at/checkout" "Mozilla/5.0 (Windows NT 6.1; WOW64; Trident/7.0; rv:11.0) like Gecko"
212.152.246.130 - - [17/Sep/2018:07:36:33 +0200] "GET /images/footer_divider.gif HTTP/1.1" 304 - "http://renault.activities.at/checkout" "Mozilla/5.0 (Windows NT 6.1; WOW64; Trident/7.0; rv:11.0) like Gecko"
212.152.246.130 - - [17/Sep/2018:07:36:33 +0200] "GET /images/sidebar_title_border.gif HTTP/1.1" 304 - "http://renault.activities.at/checkout" "Mozilla/5.0 (Windows NT 6.1; WOW64; Trident/7.0; rv:11.0) like Gecko"
212.152.246.130 - - [17/Sep/2018:07:36:33 +0200] "GET /images/menu_button_bg.jpg HTTP/1.1" 304 - "http://renault.activities.at/checkout" "Mozilla/5.0 (Windows NT 6.1; WOW64; Trident/7.0; rv:11.0) like Gecko"
212.152.246.130 - - [17/Sep/2018:07:36:33 +0200] "GET /images/sidebar_title_border_top.gif HTTP/1.1" 304 - "http://renault.activities.at/checkout" "Mozilla/5.0 (Windows NT 6.1; WOW64; Trident/7.0; rv:11.0) like Gecko"
212.152.246.130 - - [17/Sep/2018:07:36:33 +0200] "GET /images/sidebar_title_corner_right_top.gif HTTP/1.1" 304 - "http://renault.activities.at/checkout" "Mozilla/5.0 (Windows NT 6.1; WOW64; Trident/7.0; rv:11.0) like Gecko"
212.152.246.130 - - [17/Sep/2018:07:36:33 +0200] "GET /images/button_right_bg.gif HTTP/1.1" 304 - "http://renault.activities.at/checkout" "Mozilla/5.0 (Windows NT 6.1; WOW64; Trident/7.0; rv:11.0) like Gecko"
212.152.246.130 - - [17/Sep/2018:07:36:33 +0200] "GET /images/step_bg.jpg HTTP/1.1" 200 319 "http://renault.activities.at/checkout" "Mozilla/5.0 (Windows NT 6.1; WOW64; Trident/7.0; rv:11.0) like Gecko"
212.152.246.130 - - [17/Sep/2018:07:36:33 +0200] "GET /images/button_bg.gif HTTP/1.1" 304 - "http://renault.activities.at/checkout" "Mozilla/5.0 (Windows NT 6.1; WOW64; Trident/7.0; rv:11.0) like Gecko"
212.152.246.130 - - [17/Sep/2018:07:36:33 +0200] "GET /images/nav_divider.gif HTTP/1.1" 304 - "http://renault.activities.at/checkout" "Mozilla/5.0 (Windows NT 6.1; WOW64; Trident/7.0; rv:11.0) like Gecko"
212.152.246.130 - - [17/Sep/2018:07:36:33 +0200] "GET /images/menu_divider.gif HTTP/1.1" 304 - "http://renault.activities.at/checkout" "Mozilla/5.0 (Windows NT 6.1; WOW64; Trident/7.0; rv:11.0) like Gecko"
193.194.132.28 - - [17/Sep/2018:07:37:05 +0200] "GET /reload?ser=1537162625859 HTTP/1.1" 200 28 "http://renault.2web.at/account?loadrequest=true" "Mozilla/5.0 (Windows NT 6.1; WOW64; Trident/7.0; rv:11.0) like Gecko"
212.152.246.130 - - [17/Sep/2018:07:37:33 +0200] "GET /reload?ser=1537162653369 HTTP/1.1" 200 28 "http://renault.activities.at/checkout" "Mozilla/5.0 (Windows NT 6.1; WOW64; Trident/7.0; rv:11.0) like Gecko"
212.152.246.130 - - [17/Sep/2018:07:38:03 +0200] "POST /docheckout HTTP/1.1" 200 448 "http://renault.activities.at/checkout" "Mozilla/5.0 (Windows NT 6.1; WOW64; Trident/7.0; rv:11.0) like Gecko"
212.152.246.130 - - [17/Sep/2018:07:38:05 +0200] "POST /docheckout HTTP/1.1" 200 727 "http://renault.activities.at/checkout" "Mozilla/5.0 (Windows NT 6.1; WOW64; Trident/7.0; rv:11.0) like Gecko"
212.152.246.130 - - [17/Sep/2018:07:38:07 +0200] "GET /images/error_msg_icon.gif HTTP/1.1" 200 1013 "http://renault.activities.at/checkout" "Mozilla/5.0 (Windows NT 6.1; WOW64; Trident/7.0; rv:11.0) like Gecko"
193.194.132.28 - - [17/Sep/2018:07:38:07 +0200] "GET /reload?ser=1537162686928 HTTP/1.1" 200 28 "http://renault.2web.at/account?loadrequest=true" "Mozilla/5.0 (Windows NT 6.1; WOW64; Trident/7.0; rv:11.0) like Gecko"
212.152.246.130 - - [17/Sep/2018:07:38:11 +0200] "POST /docheckout HTTP/1.1" 200 68 "http://renault.activities.at/checkout" "Mozilla/5.0 (Windows NT 6.1; WOW64; Trident/7.0; rv:11.0) like Gecko"
212.152.246.130 - - [17/Sep/2018:07:38:14 +0200] "GET /success HTTP/1.1" 200 3780 "http://renault.activities.at/checkout" "Mozilla/5.0 (Windows NT 6.1; WOW64; Trident/7.0; rv:11.0) like Gecko"
212.152.246.130 - - [17/Sep/2018:07:38:16 +0200] "GET /js/default.js HTTP/1.1" 304 - "http://renault.activities.at/success" "Mozilla/5.0 (Windows NT 6.1; WOW64; Trident/7.0; rv:11.0) like Gecko"
212.152.246.130 - - [17/Sep/2018:07:38:16 +0200] "GET /css/reset.css HTTP/1.1" 304 - "http://renault.activities.at/success" "Mozilla/5.0 (Windows NT 6.1; WOW64; Trident/7.0; rv:11.0) like Gecko"
212.152.246.130 - - [17/Sep/2018:07:38:16 +0200] "GET /css/styles.css HTTP/1.1" 304 - "http://renault.activities.at/success" "Mozilla/5.0 (Windows NT 6.1; WOW64; Trident/7.0; rv:11.0) like Gecko"
212.152.246.130 - - [17/Sep/2018:07:38:16 +0200] "GET /css/clears.css HTTP/1.1" 304 - "http://renault.activities.at/success" "Mozilla/5.0 (Windows NT 6.1; WOW64; Trident/7.0; rv:11.0) like Gecko"
212.152.246.130 - - [17/Sep/2018:07:38:16 +0200] "GET /css/print.css HTTP/1.1" 304 - "http://renault.activities.at/success" "Mozilla/5.0 (Windows NT 6.1; WOW64; Trident/7.0; rv:11.0) like Gecko"
212.152.246.130 - - [17/Sep/2018:07:38:16 +0200] "GET /js/checkout.css HTTP/1.1" 304 - "http://renault.activities.at/success" "Mozilla/5.0 (Windows NT 6.1; WOW64; Trident/7.0; rv:11.0) like Gecko"
212.152.246.130 - - [17/Sep/2018:07:38:16 +0200] "GET /css/prototip.css HTTP/1.1" 304 - "http://renault.activities.at/success" "Mozilla/5.0 (Windows NT 6.1; WOW64; Trident/7.0; rv:11.0) like Gecko"
212.152.246.130 - - [17/Sep/2018:07:38:16 +0200] "GET /css/themes/default.css HTTP/1.1" 304 - "http://renault.activities.at/success" "Mozilla/5.0 (Windows NT 6.1; WOW64; Trident/7.0; rv:11.0) like Gecko"
212.152.246.130 - - [17/Sep/2018:07:38:16 +0200] "GET /css/themes/alphacube.css HTTP/1.1" 304 - "http://renault.activities.at/success" "Mozilla/5.0 (Windows NT 6.1; WOW64; Trident/7.0; rv:11.0) like Gecko"
212.152.246.130 - - [17/Sep/2018:07:38:16 +0200] "GET /images/search_bg.gif HTTP/1.1" 304 - "http://renault.activities.at/success" "Mozilla/5.0 (Windows NT 6.1; WOW64; Trident/7.0; rv:11.0) like Gecko"
212.152.246.130 - - [17/Sep/2018:07:38:16 +0200] "GET /images/header_block_border.gif HTTP/1.1" 304 - "http://renault.activities.at/success" "Mozilla/5.0 (Windows NT 6.1; WOW64; Trident/7.0; rv:11.0) like Gecko"
212.152.246.130 - - [17/Sep/2018:07:38:16 +0200] "GET /images/header_block_corner_left_top.gif HTTP/1.1" 304 - "http://renault.activities.at/success" "Mozilla/5.0 (Windows NT 6.1; WOW64; Trident/7.0; rv:11.0) like Gecko"
212.152.246.130 - - [17/Sep/2018:07:38:16 +0200] "GET /images/header_block_corner_right_top.gif HTTP/1.1" 304 - "http://renault.activities.at/success" "Mozilla/5.0 (Windows NT 6.1; WOW64; Trident/7.0; rv:11.0) like Gecko"
212.152.246.130 - - [17/Sep/2018:07:38:16 +0200] "GET /images/nav_divider.gif HTTP/1.1" 304 - "http://renault.activities.at/success" "Mozilla/5.0 (Windows NT 6.1; WOW64; Trident/7.0; rv:11.0) like Gecko"
212.152.246.130 - - [17/Sep/2018:07:38:16 +0200] "GET /images/menu_divider.gif HTTP/1.1" 304 - "http://renault.activities.at/success" "Mozilla/5.0 (Windows NT 6.1; WOW64; Trident/7.0; rv:11.0) like Gecko"
212.152.246.130 - - [17/Sep/2018:07:38:16 +0200] "GET /images/title_border.jpg HTTP/1.1" 304 - "http://renault.activities.at/success" "Mozilla/5.0 (Windows NT 6.1; WOW64; Trident/7.0; rv:11.0) like Gecko"
212.152.246.130 - - [17/Sep/2018:07:38:16 +0200] "GET /images/main_block_corner_right_bot.gif HTTP/1.1" 304 - "http://renault.activities.at/success" "Mozilla/5.0 (Windows NT 6.1; WOW64; Trident/7.0; rv:11.0) like Gecko"
212.152.246.130 - - [17/Sep/2018:07:38:17 +0200] "GET /images/main_block_corner_left_bot.gif HTTP/1.1" 304 - "http://renault.activities.at/success" "Mozilla/5.0 (Windows NT 6.1; WOW64; Trident/7.0; rv:11.0) like Gecko"
212.152.246.130 - - [17/Sep/2018:07:38:17 +0200] "GET /images/menu_button_bg.jpg HTTP/1.1" 304 - "http://renault.activities.at/success" "Mozilla/5.0 (Windows NT 6.1; WOW64; Trident/7.0; rv:11.0) like Gecko"
212.152.246.130 - - [17/Sep/2018:07:38:17 +0200] "GET /images/main_block_corner_left_top.gif HTTP/1.1" 304 - "http://renault.activities.at/success" "Mozilla/5.0 (Windows NT 6.1; WOW64; Trident/7.0; rv:11.0) like Gecko"
212.152.246.130 - - [17/Sep/2018:07:38:17 +0200] "GET /images/title_corner_right_top.jpg HTTP/1.1" 304 - "http://renault.activities.at/success" "Mozilla/5.0 (Windows NT 6.1; WOW64; Trident/7.0; rv:11.0) like Gecko"
212.152.246.130 - - [17/Sep/2018:07:38:17 +0200] "GET /images/main_block_corner_right_top.gif HTTP/1.1" 304 - "http://renault.activities.at/success" "Mozilla/5.0 (Windows NT 6.1; WOW64; Trident/7.0; rv:11.0) like Gecko"
212.152.246.130 - - [17/Sep/2018:07:38:17 +0200] "GET /images/title_border_top.jpg HTTP/1.1" 304 - "http://renault.activities.at/success" "Mozilla/5.0 (Windows NT 6.1; WOW64; Trident/7.0; rv:11.0) like Gecko"
212.152.246.130 - - [17/Sep/2018:07:38:17 +0200] "GET /images/main_block_border.gif HTTP/1.1" 304 - "http://renault.activities.at/success" "Mozilla/5.0 (Windows NT 6.1; WOW64; Trident/7.0; rv:11.0) like Gecko"
212.152.246.130 - - [17/Sep/2018:07:38:17 +0200] "GET /images/button_left_bg.gif HTTP/1.1" 304 - "http://renault.activities.at/success" "Mozilla/5.0 (Windows NT 6.1; WOW64; Trident/7.0; rv:11.0) like Gecko"
212.152.246.130 - - [17/Sep/2018:07:38:17 +0200] "GET /images/top_links_divider.gif HTTP/1.1" 304 - "http://renault.activities.at/success" "Mozilla/5.0 (Windows NT 6.1; WOW64; Trident/7.0; rv:11.0) like Gecko"
212.152.246.130 - - [17/Sep/2018:07:38:17 +0200] "GET /images/title_corner_left_top.jpg HTTP/1.1" 304 - "http://renault.activities.at/success" "Mozilla/5.0 (Windows NT 6.1; WOW64; Trident/7.0; rv:11.0) like Gecko"
212.152.246.130 - - [17/Sep/2018:07:38:17 +0200] "GET /images/footer_divider.gif HTTP/1.1" 304 - "http://renault.activities.at/success" "Mozilla/5.0 (Windows NT 6.1; WOW64; Trident/7.0; rv:11.0) like Gecko"
193.194.132.28 - - [17/Sep/2018:07:39:08 +0200] "GET /reload?ser=1537162748016 HTTP/1.1" 200 28 "http://renault.2web.at/account?loadrequest=true" "Mozilla/5.0 (Windows NT 6.1; WOW64; Trident/7.0; rv:11.0) like Gecko"
212.152.246.130 - - [17/Sep/2018:07:39:17 +0200] "GET /reload?ser=1537162757366 HTTP/1.1" 200 28 "http://renault.activities.at/success" "Mozilla/5.0 (Windows NT 6.1; WOW64; Trident/7.0; rv:11.0) like Gecko"
193.194.132.28 - - [17/Sep/2018:07:40:09 +0200] "GET /reload?ser=1537162809112 HTTP/1.1" 200 28 "http://renault.2web.at/account?loadrequest=true" "Mozilla/5.0 (Windows NT 6.1; WOW64; Trident/7.0; rv:11.0) like Gecko"
212.152.246.130 - - [17/Sep/2018:07:40:18 +0200] "GET /reload?ser=1537162818405 HTTP/1.1" 200 28 "http://renault.activities.at/success" "Mozilla/5.0 (Windows NT 6.1; WOW64; Trident/7.0; rv:11.0) like Gecko"
193.194.132.28 - - [17/Sep/2018:07:41:10 +0200] "GET /reload?ser=1537162870222 HTTP/1.1" 200 28 "http://renault.2web.at/account?loadrequest=true" "Mozilla/5.0 (Windows NT 6.1; WOW64; Trident/7.0; rv:11.0) like Gecko"
212.152.246.130 - - [17/Sep/2018:07:41:19 +0200] "GET /reload?ser=1537162879460 HTTP/1.1" 200 28 "http://renault.activities.at/success" "Mozilla/5.0 (Windows NT 6.1; WOW64; Trident/7.0; rv:11.0) like Gecko"
193.194.132.28 - - [17/Sep/2018:07:42:11 +0200] "GET /reload?ser=1537162931275 HTTP/1.1" 200 28 "http://renault.2web.at/account?loadrequest=true" "Mozilla/5.0 (Windows NT 6.1; WOW64; Trident/7.0; rv:11.0) like Gecko"
212.152.246.130 - - [17/Sep/2018:07:42:20 +0200] "GET /reload?ser=1537162940514 HTTP/1.1" 200 28 "http://renault.activities.at/success" "Mozilla/5.0 (Windows NT 6.1; WOW64; Trident/7.0; rv:11.0) like Gecko"
193.194.132.28 - - [17/Sep/2018:07:43:12 +0200] "GET /reload?ser=1537162992348 HTTP/1.1" 200 28 "http://renault.2web.at/account?loadrequest=true" "Mozilla/5.0 (Windows NT 6.1; WOW64; Trident/7.0; rv:11.0) like Gecko"
212.152.246.130 - - [17/Sep/2018:07:43:21 +0200] "GET /reload?ser=1537163001564 HTTP/1.1" 200 28 "http://renault.activities.at/success" "Mozilla/5.0 (Windows NT 6.1; WOW64; Trident/7.0; rv:11.0) like Gecko"
193.194.132.28 - - [17/Sep/2018:07:44:13 +0200] "GET /reload?ser=1537163053446 HTTP/1.1" 200 28 "http://renault.2web.at/account?loadrequest=true" "Mozilla/5.0 (Windows NT 6.1; WOW64; Trident/7.0; rv:11.0) like Gecko"
212.152.246.130 - - [17/Sep/2018:07:44:22 +0200] "GET /reload?ser=1537163062603 HTTP/1.1" 200 28 "http://renault.activities.at/success" "Mozilla/5.0 (Windows NT 6.1; WOW64; Trident/7.0; rv:11.0) like Gecko"
193.194.132.28 - - [17/Sep/2018:07:45:14 +0200] "GET /reload?ser=1537163114550 HTTP/1.1" 200 28 "http://renault.2web.at/account?loadrequest=true" "Mozilla/5.0 (Windows NT 6.1; WOW64; Trident/7.0; rv:11.0) like Gecko"
212.152.246.130 - - [17/Sep/2018:07:45:23 +0200] "GET /reload?ser=1537163123611 HTTP/1.1" 200 28 "http://renault.activities.at/success" "Mozilla/5.0 (Windows NT 6.1; WOW64; Trident/7.0; rv:11.0) like Gecko"
193.194.132.28 - - [17/Sep/2018:07:46:15 +0200] "GET /reload?ser=1537163175648 HTTP/1.1" 200 28 "http://renault.2web.at/account?loadrequest=true" "Mozilla/5.0 (Windows NT 6.1; WOW64; Trident/7.0; rv:11.0) like Gecko"
212.152.246.130 - - [17/Sep/2018:07:46:24 +0200] "GET /reload?ser=1537163184696 HTTP/1.1" 200 28 "http://renault.activities.at/success" "Mozilla/5.0 (Windows NT 6.1; WOW64; Trident/7.0; rv:11.0) like Gecko"
193.194.132.28 - - [17/Sep/2018:07:47:17 +0200] "GET /reload?ser=1537163236750 HTTP/1.1" 200 28 "http://renault.2web.at/account?loadrequest=true" "Mozilla/5.0 (Windows NT 6.1; WOW64; Trident/7.0; rv:11.0) like Gecko"
212.152.246.130 - - [17/Sep/2018:07:47:25 +0200] "GET /reload?ser=1537163245735 HTTP/1.1" 200 28 "http://renault.activities.at/success" "Mozilla/5.0 (Windows NT 6.1; WOW64; Trident/7.0; rv:11.0) like Gecko"
193.194.132.28 - - [17/Sep/2018:07:48:18 +0200] "GET /reload?ser=1537163297883 HTTP/1.1" 200 28 "http://renault.2web.at/account?loadrequest=true" "Mozilla/5.0 (Windows NT 6.1; WOW64; Trident/7.0; rv:11.0) like Gecko"
212.152.246.130 - - [17/Sep/2018:07:48:26 +0200] "GET /reload?ser=1537163306805 HTTP/1.1" 200 28 "http://renault.activities.at/success" "Mozilla/5.0 (Windows NT 6.1; WOW64; Trident/7.0; rv:11.0) like Gecko"
193.194.132.28 - - [17/Sep/2018:07:49:19 +0200] "GET /reload?ser=1537163359009 HTTP/1.1" 200 28 "http://renault.2web.at/account?loadrequest=true" "Mozilla/5.0 (Windows NT 6.1; WOW64; Trident/7.0; rv:11.0) like Gecko"
80.123.225.36 - - [17/Sep/2018:07:49:52 +0200] "GET /account HTTP/1.1" 302 150 "-" "Mozilla/5.0 (Windows NT 10.0; Win64; x64) AppleWebKit/537.36 (KHTML, like Gecko) Chrome/69.0.3497.92 Safari/537.36"
80.123.225.36 - - [17/Sep/2018:07:49:52 +0200] "GET /login?required=true HTTP/1.1" 200 2086 "-" "Mozilla/5.0 (Windows NT 10.0; Win64; x64) AppleWebKit/537.36 (KHTML, like Gecko) Chrome/69.0.3497.92 Safari/537.36"
80.123.225.36 - - [17/Sep/2018:07:49:53 +0200] "GET /js/default.js HTTP/1.1" 200 14698 "http://renault.activities.at/login?required=true" "Mozilla/5.0 (Windows NT 10.0; Win64; x64) AppleWebKit/537.36 (KHTML, like Gecko) Chrome/69.0.3497.92 Safari/537.36"
80.123.225.36 - - [17/Sep/2018:07:49:53 +0200] "GET /css/reset.css HTTP/1.1" 200 1356 "http://renault.activities.at/login?required=true" "Mozilla/5.0 (Windows NT 10.0; Win64; x64) AppleWebKit/537.36 (KHTML, like Gecko) Chrome/69.0.3497.92 Safari/537.36"
80.123.225.36 - - [17/Sep/2018:07:49:53 +0200] "GET /css/styles.css HTTP/1.1" 200 14664 "http://renault.activities.at/login?required=true" "Mozilla/5.0 (Windows NT 10.0; Win64; x64) AppleWebKit/537.36 (KHTML, like Gecko) Chrome/69.0.3497.92 Safari/537.36"
80.123.225.36 - - [17/Sep/2018:07:49:53 +0200] "GET /css/clears.css HTTP/1.1" 200 851 "http://renault.activities.at/login?required=true" "Mozilla/5.0 (Windows NT 10.0; Win64; x64) AppleWebKit/537.36 (KHTML, like Gecko) Chrome/69.0.3497.92 Safari/537.36"
80.123.225.36 - - [17/Sep/2018:07:49:53 +0200] "GET /js/checkout.css HTTP/1.1" 200 359 "http://renault.activities.at/login?required=true" "Mozilla/5.0 (Windows NT 10.0; Win64; x64) AppleWebKit/537.36 (KHTML, like Gecko) Chrome/69.0.3497.92 Safari/537.36"
80.123.225.36 - - [17/Sep/2018:07:49:53 +0200] "GET /css/prototip.css HTTP/1.1" 200 968 "http://renault.activities.at/login?required=true" "Mozilla/5.0 (Windows NT 10.0; Win64; x64) AppleWebKit/537.36 (KHTML, like Gecko) Chrome/69.0.3497.92 Safari/537.36"
80.123.225.36 - - [17/Sep/2018:07:49:53 +0200] "GET /css/themes/default.css HTTP/1.1" 200 769 "http://renault.activities.at/login?required=true" "Mozilla/5.0 (Windows NT 10.0; Win64; x64) AppleWebKit/537.36 (KHTML, like Gecko) Chrome/69.0.3497.92 Safari/537.36"
80.123.225.36 - - [17/Sep/2018:07:49:53 +0200] "GET /css/themes/alphacube.css HTTP/1.1" 200 743 "http://renault.activities.at/login?required=true" "Mozilla/5.0 (Windows NT 10.0; Win64; x64) AppleWebKit/537.36 (KHTML, like Gecko) Chrome/69.0.3497.92 Safari/537.36"
80.123.225.36 - - [17/Sep/2018:07:49:53 +0200] "GET /js/index.php?c=auto&f=,prototype/prototype.js,prototype/validation.js,scriptaculous/builder.js,scriptaculous/effects.js,scriptaculous/dragdrop.js,scriptaculous/controls.js,scriptaculous/slider.js,varien/js.js,varien/form.js,varien/menu.js,mage/translate.js,mage/cookies.js,varien/product.js,spinner/SpinnerControl.jsmin.js,prototype/window.js,prototype/window_ext.js HTTP/1.1" 200 94182 "http://renault.activities.at/login?required=true" "Mozilla/5.0 (Windows NT 10.0; Win64; x64) AppleWebKit/537.36 (KHTML, like Gecko) Chrome/69.0.3497.92 Safari/537.36"
80.123.225.36 - - [17/Sep/2018:07:49:54 +0200] "GET /css/print.css HTTP/1.1" 200 543 "http://renault.activities.at/login?required=true" "Mozilla/5.0 (Windows NT 10.0; Win64; x64) AppleWebKit/537.36 (KHTML, like Gecko) Chrome/69.0.3497.92 Safari/537.36"
80.123.225.36 - - [17/Sep/2018:07:49:54 +0200] "GET /images/main_block_border.gif HTTP/1.1" 200 43 "http://renault.activities.at/css/styles.css" "Mozilla/5.0 (Windows NT 10.0; Win64; x64) AppleWebKit/537.36 (KHTML, like Gecko) Chrome/69.0.3497.92 Safari/537.36"
80.123.225.36 - - [17/Sep/2018:07:49:54 +0200] "GET /images/main_block_corner_left_top.gif HTTP/1.1" 200 159 "http://renault.activities.at/css/styles.css" "Mozilla/5.0 (Windows NT 10.0; Win64; x64) AppleWebKit/537.36 (KHTML, like Gecko) Chrome/69.0.3497.92 Safari/537.36"
80.123.225.36 - - [17/Sep/2018:07:49:54 +0200] "GET /images/main_block_corner_right_top.gif HTTP/1.1" 200 159 "http://renault.activities.at/css/styles.css" "Mozilla/5.0 (Windows NT 10.0; Win64; x64) AppleWebKit/537.36 (KHTML, like Gecko) Chrome/69.0.3497.92 Safari/537.36"
80.123.225.36 - - [17/Sep/2018:07:49:54 +0200] "GET /images/main_block_corner_left_bot.gif HTTP/1.1" 200 159 "http://renault.activities.at/css/styles.css" "Mozilla/5.0 (Windows NT 10.0; Win64; x64) AppleWebKit/537.36 (KHTML, like Gecko) Chrome/69.0.3497.92 Safari/537.36"
80.123.225.36 - - [17/Sep/2018:07:49:54 +0200] "GET /images/main_block_corner_right_bot.gif HTTP/1.1" 200 158 "http://renault.activities.at/css/styles.css" "Mozilla/5.0 (Windows NT 10.0; Win64; x64) AppleWebKit/537.36 (KHTML, like Gecko) Chrome/69.0.3497.92 Safari/537.36"
80.123.225.36 - - [17/Sep/2018:07:49:54 +0200] "GET /images/button_right_bg.gif HTTP/1.1" 200 561 "http://renault.activities.at/css/styles.css" "Mozilla/5.0 (Windows NT 10.0; Win64; x64) AppleWebKit/537.36 (KHTML, like Gecko) Chrome/69.0.3497.92 Safari/537.36"
80.123.225.36 - - [17/Sep/2018:07:49:54 +0200] "GET /images/header_block_border.gif HTTP/1.1" 200 43 "http://renault.activities.at/css/styles.css" "Mozilla/5.0 (Windows NT 10.0; Win64; x64) AppleWebKit/537.36 (KHTML, like Gecko) Chrome/69.0.3497.92 Safari/537.36"
80.123.225.36 - - [17/Sep/2018:07:49:54 +0200] "GET /images/title_corner_right_top.jpg HTTP/1.1" 200 389 "http://renault.activities.at/css/styles.css" "Mozilla/5.0 (Windows NT 10.0; Win64; x64) AppleWebKit/537.36 (KHTML, like Gecko) Chrome/69.0.3497.92 Safari/537.36"
80.123.225.36 - - [17/Sep/2018:07:49:54 +0200] "GET /images/button_bg.gif HTTP/1.1" 200 151 "http://renault.activities.at/css/styles.css" "Mozilla/5.0 (Windows NT 10.0; Win64; x64) AppleWebKit/537.36 (KHTML, like Gecko) Chrome/69.0.3497.92 Safari/537.36"
80.123.225.36 - - [17/Sep/2018:07:49:54 +0200] "GET /images/header_block_corner_left_top.gif HTTP/1.1" 200 160 "http://renault.activities.at/css/styles.css" "Mozilla/5.0 (Windows NT 10.0; Win64; x64) AppleWebKit/537.36 (KHTML, like Gecko) Chrome/69.0.3497.92 Safari/537.36"
80.123.225.36 - - [17/Sep/2018:07:49:54 +0200] "GET /images/header_block_corner_right_top.gif HTTP/1.1" 200 160 "http://renault.activities.at/css/styles.css" "Mozilla/5.0 (Windows NT 10.0; Win64; x64) AppleWebKit/537.36 (KHTML, like Gecko) Chrome/69.0.3497.92 Safari/537.36"
80.123.225.36 - - [17/Sep/2018:07:49:54 +0200] "GET /images/title_border.jpg HTTP/1.1" 200 304 "http://renault.activities.at/css/styles.css" "Mozilla/5.0 (Windows NT 10.0; Win64; x64) AppleWebKit/537.36 (KHTML, like Gecko) Chrome/69.0.3497.92 Safari/537.36"
80.123.225.36 - - [17/Sep/2018:07:49:54 +0200] "GET /images/title_corner_left_top.jpg HTTP/1.1" 200 372 "http://renault.activities.at/css/styles.css" "Mozilla/5.0 (Windows NT 10.0; Win64; x64) AppleWebKit/537.36 (KHTML, like Gecko) Chrome/69.0.3497.92 Safari/537.36"
80.123.225.36 - - [17/Sep/2018:07:49:54 +0200] "GET /images/title_border_top.jpg HTTP/1.1" 200 336 "http://renault.activities.at/css/styles.css" "Mozilla/5.0 (Windows NT 10.0; Win64; x64) AppleWebKit/537.36 (KHTML, like Gecko) Chrome/69.0.3497.92 Safari/537.36"
80.123.225.36 - - [17/Sep/2018:07:49:54 +0200] "GET /images/button_left_bg.gif HTTP/1.1" 200 564 "http://renault.activities.at/css/styles.css" "Mozilla/5.0 (Windows NT 10.0; Win64; x64) AppleWebKit/537.36 (KHTML, like Gecko) Chrome/69.0.3497.92 Safari/537.36"
80.123.225.36 - - [17/Sep/2018:07:49:54 +0200] "GET /loadthumbnail.php?id=11127982 HTTP/1.1" 200 399614 "http://renault.activities.at/login?required=true" "Mozilla/5.0 (Windows NT 10.0; Win64; x64) AppleWebKit/537.36 (KHTML, like Gecko) Chrome/69.0.3497.92 Safari/537.36"
80.123.225.36 - - [17/Sep/2018:07:49:55 +0200] "GET /images/favicon.ico HTTP/1.1" 404 305 "http://renault.activities.at/login?required=true" "Mozilla/5.0 (Windows NT 10.0; Win64; x64) AppleWebKit/537.36 (KHTML, like Gecko) Chrome/69.0.3497.92 Safari/537.36"
193.194.132.28 - - [17/Sep/2018:07:50:20 +0200] "GET /reload?ser=1537163420141 HTTP/1.1" 200 28 "http://renault.2web.at/account?loadrequest=true" "Mozilla/5.0 (Windows NT 6.1; WOW64; Trident/7.0; rv:11.0) like Gecko"
80.123.225.36 - - [17/Sep/2018:07:50:55 +0200] "GET /reload?ser=1537163456511 HTTP/1.1" 200 28 "http://renault.activities.at/login?required=true" "Mozilla/5.0 (Windows NT 10.0; Win64; x64) AppleWebKit/537.36 (KHTML, like Gecko) Chrome/69.0.3497.92 Safari/537.36"
80.123.225.36 - - [17/Sep/2018:07:50:59 +0200] "POST /login HTTP/1.1" 302 152 "http://renault.activities.at/login?required=true" "Mozilla/5.0 (Windows NT 10.0; Win64; x64) AppleWebKit/537.36 (KHTML, like Gecko) Chrome/69.0.3497.92 Safari/537.36"
80.123.225.36 - - [17/Sep/2018:07:51:01 +0200] "GET /account?loadrequest=true HTTP/1.1" 200 6188 "http://renault.activities.at/login?required=true" "Mozilla/5.0 (Windows NT 10.0; Win64; x64) AppleWebKit/537.36 (KHTML, like Gecko) Chrome/69.0.3497.92 Safari/537.36"
80.123.225.36 - - [17/Sep/2018:07:51:04 +0200] "GET /js/account.js HTTP/1.1" 200 953 "http://renault.activities.at/account?loadrequest=true" "Mozilla/5.0 (Windows NT 10.0; Win64; x64) AppleWebKit/537.36 (KHTML, like Gecko) Chrome/69.0.3497.92 Safari/537.36"
80.123.225.36 - - [17/Sep/2018:07:51:04 +0200] "GET /loadthumbnail.php?id=10460287&width=50&height=50 HTTP/1.1" 200 936 "http://renault.activities.at/account?loadrequest=true" "Mozilla/5.0 (Windows NT 10.0; Win64; x64) AppleWebKit/537.36 (KHTML, like Gecko) Chrome/69.0.3497.92 Safari/537.36"
80.123.225.36 - - [17/Sep/2018:07:51:04 +0200] "GET /loadthumbnail.php?id=11075482&width=50&height=50 HTTP/1.1" 200 1114 "http://renault.activities.at/account?loadrequest=true" "Mozilla/5.0 (Windows NT 10.0; Win64; x64) AppleWebKit/537.36 (KHTML, like Gecko) Chrome/69.0.3497.92 Safari/537.36"
80.123.225.36 - - [17/Sep/2018:07:51:04 +0200] "GET /images/search_bg.gif HTTP/1.1" 200 1726 "http://renault.activities.at/css/styles.css" "Mozilla/5.0 (Windows NT 10.0; Win64; x64) AppleWebKit/537.36 (KHTML, like Gecko) Chrome/69.0.3497.92 Safari/537.36"
80.123.225.36 - - [17/Sep/2018:07:51:04 +0200] "GET /images/menu_divider.gif HTTP/1.1" 200 176 "http://renault.activities.at/css/styles.css" "Mozilla/5.0 (Windows NT 10.0; Win64; x64) AppleWebKit/537.36 (KHTML, like Gecko) Chrome/69.0.3497.92 Safari/537.36"
80.123.225.36 - - [17/Sep/2018:07:51:04 +0200] "GET /images/menu_button_bg.jpg HTTP/1.1" 200 322 "http://renault.activities.at/css/styles.css" "Mozilla/5.0 (Windows NT 10.0; Win64; x64) AppleWebKit/537.36 (KHTML, like Gecko) Chrome/69.0.3497.92 Safari/537.36"
80.123.225.36 - - [17/Sep/2018:07:51:04 +0200] "GET /loadthumbnail.php?id=11075492&width=50&height=50 HTTP/1.1" 200 1114 "http://renault.activities.at/account?loadrequest=true" "Mozilla/5.0 (Windows NT 10.0; Win64; x64) AppleWebKit/537.36 (KHTML, like Gecko) Chrome/69.0.3497.92 Safari/537.36"
80.123.225.36 - - [17/Sep/2018:07:51:04 +0200] "GET /images/sidebar_title_corner_right_top.gif HTTP/1.1" 200 383 "http://renault.activities.at/css/styles.css" "Mozilla/5.0 (Windows NT 10.0; Win64; x64) AppleWebKit/537.36 (KHTML, like Gecko) Chrome/69.0.3497.92 Safari/537.36"
80.123.225.36 - - [17/Sep/2018:07:51:04 +0200] "GET /loadthumbnail.php?id=10269567&width=50&height=50 HTTP/1.1" 200 845 "http://renault.activities.at/account?loadrequest=true" "Mozilla/5.0 (Windows NT 10.0; Win64; x64) AppleWebKit/537.36 (KHTML, like Gecko) Chrome/69.0.3497.92 Safari/537.36"
80.123.225.36 - - [17/Sep/2018:07:51:04 +0200] "GET /loadthumbnail.php?id=10269569&width=50&height=50 HTTP/1.1" 200 774 "http://renault.activities.at/account?loadrequest=true" "Mozilla/5.0 (Windows NT 10.0; Win64; x64) AppleWebKit/537.36 (KHTML, like Gecko) Chrome/69.0.3497.92 Safari/537.36"
80.123.225.36 - - [17/Sep/2018:07:51:04 +0200] "GET /images/sidebar_title_border.gif HTTP/1.1" 200 43 "http://renault.activities.at/css/styles.css" "Mozilla/5.0 (Windows NT 10.0; Win64; x64) AppleWebKit/537.36 (KHTML, like Gecko) Chrome/69.0.3497.92 Safari/537.36"
80.123.225.36 - - [17/Sep/2018:07:51:05 +0200] "GET /images/sidebar_title_corner_left_top.gif HTTP/1.1" 200 1124 "http://renault.activities.at/css/styles.css" "Mozilla/5.0 (Windows NT 10.0; Win64; x64) AppleWebKit/537.36 (KHTML, like Gecko) Chrome/69.0.3497.92 Safari/537.36"
80.123.225.36 - - [17/Sep/2018:07:51:05 +0200] "GET /images/sidebar_title_border_top.gif HTTP/1.1" 200 155 "http://renault.activities.at/css/styles.css" "Mozilla/5.0 (Windows NT 10.0; Win64; x64) AppleWebKit/537.36 (KHTML, like Gecko) Chrome/69.0.3497.92 Safari/537.36"
80.123.225.36 - - [17/Sep/2018:07:51:05 +0200] "GET /images/nav_divider.gif HTTP/1.1" 200 43 "http://renault.activities.at/css/styles.css" "Mozilla/5.0 (Windows NT 10.0; Win64; x64) AppleWebKit/537.36 (KHTML, like Gecko) Chrome/69.0.3497.92 Safari/537.36"
80.123.225.36 - - [17/Sep/2018:07:51:05 +0200] "GET /images/top_links_divider.gif HTTP/1.1" 200 44 "http://renault.activities.at/css/styles.css" "Mozilla/5.0 (Windows NT 10.0; Win64; x64) AppleWebKit/537.36 (KHTML, like Gecko) Chrome/69.0.3497.92 Safari/537.36"
80.123.225.36 - - [17/Sep/2018:07:51:05 +0200] "GET /images/footer_divider.gif HTTP/1.1" 200 44 "http://renault.activities.at/css/styles.css" "Mozilla/5.0 (Windows NT 10.0; Win64; x64) AppleWebKit/537.36 (KHTML, like Gecko) Chrome/69.0.3497.92 Safari/537.36"
193.194.132.28 - - [17/Sep/2018:07:51:21 +0200] "GET /reload?ser=1537163481230 HTTP/1.1" 200 28 "http://renault.2web.at/account?loadrequest=true" "Mozilla/5.0 (Windows NT 6.1; WOW64; Trident/7.0; rv:11.0) like Gecko"
80.123.225.36 - - [17/Sep/2018:07:52:05 +0200] "GET /reload?ser=1537163525967 HTTP/1.1" 200 28 "http://renault.activities.at/account?loadrequest=true" "Mozilla/5.0 (Windows NT 10.0; Win64; x64) AppleWebKit/537.36 (KHTML, like Gecko) Chrome/69.0.3497.92 Safari/537.36"
193.194.132.28 - - [17/Sep/2018:07:52:22 +0200] "GET /reload?ser=1537163542322 HTTP/1.1" 200 28 "http://renault.2web.at/account?loadrequest=true" "Mozilla/5.0 (Windows NT 6.1; WOW64; Trident/7.0; rv:11.0) like Gecko"
80.123.225.36 - - [17/Sep/2018:07:53:06 +0200] "GET /reload?ser=1537163586975 HTTP/1.1" 200 28 "http://renault.activities.at/account?loadrequest=true" "Mozilla/5.0 (Windows NT 10.0; Win64; x64) AppleWebKit/537.36 (KHTML, like Gecko) Chrome/69.0.3497.92 Safari/537.36"
193.194.132.28 - - [17/Sep/2018:07:53:23 +0200] "GET /reload?ser=1537163603370 HTTP/1.1" 200 28 "http://renault.2web.at/account?loadrequest=true" "Mozilla/5.0 (Windows NT 6.1; WOW64; Trident/7.0; rv:11.0) like Gecko"
80.123.225.36 - - [17/Sep/2018:07:54:07 +0200] "GET /reload?ser=1537163647962 HTTP/1.1" 200 28 "http://renault.activities.at/account?loadrequest=true" "Mozilla/5.0 (Windows NT 10.0; Win64; x64) AppleWebKit/537.36 (KHTML, like Gecko) Chrome/69.0.3497.92 Safari/537.36"
193.194.132.28 - - [17/Sep/2018:07:54:24 +0200] "GET /reload?ser=1537163664523 HTTP/1.1" 200 28 "http://renault.2web.at/account?loadrequest=true" "Mozilla/5.0 (Windows NT 6.1; WOW64; Trident/7.0; rv:11.0) like Gecko"
80.123.225.36 - - [17/Sep/2018:07:55:08 +0200] "GET /reload?ser=1537163708979 HTTP/1.1" 200 28 "http://renault.activities.at/account?loadrequest=true" "Mozilla/5.0 (Windows NT 10.0; Win64; x64) AppleWebKit/537.36 (KHTML, like Gecko) Chrome/69.0.3497.92 Safari/537.36"
193.194.132.28 - - [17/Sep/2018:07:55:25 +0200] "GET /reload?ser=1537163725601 HTTP/1.1" 200 28 "http://renault.2web.at/account?loadrequest=true" "Mozilla/5.0 (Windows NT 6.1; WOW64; Trident/7.0; rv:11.0) like Gecko"
213.153.47.173 - - [17/Sep/2018:07:55:52 +0200] "GET /account HTTP/1.1" 302 150 "-" "Mozilla/5.0 (Windows NT 10.0; Win64; x64; rv:62.0) Gecko/20100101 Firefox/62.0"
213.153.47.173 - - [17/Sep/2018:07:55:53 +0200] "GET /login?required=true HTTP/1.1" 200 2086 "-" "Mozilla/5.0 (Windows NT 10.0; Win64; x64; rv:62.0) Gecko/20100101 Firefox/62.0"
213.153.47.173 - - [17/Sep/2018:07:55:54 +0200] "GET /css/clears.css HTTP/1.1" 200 851 "http://renault.activities.at/login?required=true" "Mozilla/5.0 (Windows NT 10.0; Win64; x64; rv:62.0) Gecko/20100101 Firefox/62.0"
213.153.47.173 - - [17/Sep/2018:07:55:54 +0200] "GET /css/reset.css HTTP/1.1" 200 1356 "http://renault.activities.at/login?required=true" "Mozilla/5.0 (Windows NT 10.0; Win64; x64; rv:62.0) Gecko/20100101 Firefox/62.0"
213.153.47.173 - - [17/Sep/2018:07:55:54 +0200] "GET /js/default.js HTTP/1.1" 200 14698 "http://renault.activities.at/login?required=true" "Mozilla/5.0 (Windows NT 10.0; Win64; x64; rv:62.0) Gecko/20100101 Firefox/62.0"
213.153.47.173 - - [17/Sep/2018:07:55:54 +0200] "GET /css/styles.css HTTP/1.1" 200 14664 "http://renault.activities.at/login?required=true" "Mozilla/5.0 (Windows NT 10.0; Win64; x64; rv:62.0) Gecko/20100101 Firefox/62.0"
213.153.47.173 - - [17/Sep/2018:07:55:54 +0200] "GET /css/print.css HTTP/1.1" 200 543 "http://renault.activities.at/login?required=true" "Mozilla/5.0 (Windows NT 10.0; Win64; x64; rv:62.0) Gecko/20100101 Firefox/62.0"
213.153.47.173 - - [17/Sep/2018:07:55:54 +0200] "GET /js/checkout.css HTTP/1.1" 200 359 "http://renault.activities.at/login?required=true" "Mozilla/5.0 (Windows NT 10.0; Win64; x64; rv:62.0) Gecko/20100101 Firefox/62.0"
213.153.47.173 - - [17/Sep/2018:07:55:54 +0200] "GET /css/themes/default.css HTTP/1.1" 200 769 "http://renault.activities.at/login?required=true" "Mozilla/5.0 (Windows NT 10.0; Win64; x64; rv:62.0) Gecko/20100101 Firefox/62.0"
213.153.47.173 - - [17/Sep/2018:07:55:54 +0200] "GET /css/prototip.css HTTP/1.1" 200 968 "http://renault.activities.at/login?required=true" "Mozilla/5.0 (Windows NT 10.0; Win64; x64; rv:62.0) Gecko/20100101 Firefox/62.0"
213.153.47.173 - - [17/Sep/2018:07:55:54 +0200] "GET /css/themes/alphacube.css HTTP/1.1" 200 743 "http://renault.activities.at/login?required=true" "Mozilla/5.0 (Windows NT 10.0; Win64; x64; rv:62.0) Gecko/20100101 Firefox/62.0"
213.153.47.173 - - [17/Sep/2018:07:55:54 +0200] "GET /js/index.php?c=auto&f=,prototype/prototype.js,prototype/validation.js,scriptaculous/builder.js,scriptaculous/effects.js,scriptaculous/dragdrop.js,scriptaculous/controls.js,scriptaculous/slider.js,varien/js.js,varien/form.js,varien/menu.js,mage/translate.js,mage/cookies.js,varien/product.js,spinner/SpinnerControl.jsmin.js,prototype/window.js,prototype/window_ext.js HTTP/1.1" 200 94182 "http://renault.activities.at/login?required=true" "Mozilla/5.0 (Windows NT 10.0; Win64; x64; rv:62.0) Gecko/20100101 Firefox/62.0"
213.153.47.173 - - [17/Sep/2018:07:55:55 +0200] "GET /images/main_block_corner_left_bot.gif HTTP/1.1" 200 159 "http://renault.activities.at/css/styles.css" "Mozilla/5.0 (Windows NT 10.0; Win64; x64; rv:62.0) Gecko/20100101 Firefox/62.0"
213.153.47.173 - - [17/Sep/2018:07:55:55 +0200] "GET /images/header_block_border.gif HTTP/1.1" 200 43 "http://renault.activities.at/css/styles.css" "Mozilla/5.0 (Windows NT 10.0; Win64; x64; rv:62.0) Gecko/20100101 Firefox/62.0"
213.153.47.173 - - [17/Sep/2018:07:55:55 +0200] "GET /images/header_block_corner_left_top.gif HTTP/1.1" 200 160 "http://renault.activities.at/css/styles.css" "Mozilla/5.0 (Windows NT 10.0; Win64; x64; rv:62.0) Gecko/20100101 Firefox/62.0"
