80.122.53.230 - - [20/Sep/2018:09:46:40 +0200] "GET /images/vista-up.gif HTTP/1.1" 304 - "http://renault.activities.at/11875108" "Mozilla/5.0 (Windows NT 6.1; WOW64; Trident/7.0; rv:11.0) like Gecko"
80.122.53.230 - - [20/Sep/2018:09:46:40 +0200] "GET /images/tabs_corner_left_top.gif HTTP/1.1" 304 - "http://renault.activities.at/11875108" "Mozilla/5.0 (Windows NT 6.1; WOW64; Trident/7.0; rv:11.0) like Gecko"
80.122.53.230 - - [20/Sep/2018:09:46:46 +0200] "GET /images/vista-up-hover.gif HTTP/1.1" 304 - "http://renault.activities.at/11875108" "Mozilla/5.0 (Windows NT 6.1; WOW64; Trident/7.0; rv:11.0) like Gecko"
80.122.53.230 - - [20/Sep/2018:09:46:50 +0200] "GET /images/vista-dn-hover.gif HTTP/1.1" 304 - "http://renault.activities.at/11875108" "Mozilla/5.0 (Windows NT 6.1; WOW64; Trident/7.0; rv:11.0) like Gecko"
80.122.53.230 - - [20/Sep/2018:09:46:54 +0200] "GET /insertactionorder?print=true&Document=11880780&Event=11875108&action=insert&article=11875102&amount=100 HTTP/1.1" 200 2507 "http://renault.activities.at/11875108" "Mozilla/5.0 (Windows NT 6.1; WOW64; Trident/7.0; rv:11.0) like Gecko"
80.122.53.230 - - [20/Sep/2018:09:46:57 +0200] "GET /js/default.js HTTP/1.1" 304 - "http://renault.activities.at/insertactionorder?print=true&Document=11880780&Event=11875108&action=insert&article=11875102&amount=100" "Mozilla/5.0 (Windows NT 6.1; WOW64; Trident/7.0; rv:11.0) like Gecko"
80.122.53.230 - - [20/Sep/2018:09:46:57 +0200] "GET /css/print.css HTTP/1.1" 304 - "http://renault.activities.at/insertactionorder?print=true&Document=11880780&Event=11875108&action=insert&article=11875102&amount=100" "Mozilla/5.0 (Windows NT 6.1; WOW64; Trident/7.0; rv:11.0) like Gecko"
80.122.53.230 - - [20/Sep/2018:09:46:57 +0200] "GET /js/checkout.css HTTP/1.1" 304 - "http://renault.activities.at/insertactionorder?print=true&Document=11880780&Event=11875108&action=insert&article=11875102&amount=100" "Mozilla/5.0 (Windows NT 6.1; WOW64; Trident/7.0; rv:11.0) like Gecko"
80.122.53.230 - - [20/Sep/2018:09:46:57 +0200] "GET /css/prototip.css HTTP/1.1" 304 - "http://renault.activities.at/insertactionorder?print=true&Document=11880780&Event=11875108&action=insert&article=11875102&amount=100" "Mozilla/5.0 (Windows NT 6.1; WOW64; Trident/7.0; rv:11.0) like Gecko"
80.122.53.230 - - [20/Sep/2018:09:46:57 +0200] "GET /css/reset.css HTTP/1.1" 304 - "http://renault.activities.at/insertactionorder?print=true&Document=11880780&Event=11875108&action=insert&article=11875102&amount=100" "Mozilla/5.0 (Windows NT 6.1; WOW64; Trident/7.0; rv:11.0) like Gecko"
80.122.53.230 - - [20/Sep/2018:09:46:57 +0200] "GET /css/styles.css HTTP/1.1" 304 - "http://renault.activities.at/insertactionorder?print=true&Document=11880780&Event=11875108&action=insert&article=11875102&amount=100" "Mozilla/5.0 (Windows NT 6.1; WOW64; Trident/7.0; rv:11.0) like Gecko"
80.122.53.230 - - [20/Sep/2018:09:46:57 +0200] "GET /css/clears.css HTTP/1.1" 304 - "http://renault.activities.at/insertactionorder?print=true&Document=11880780&Event=11875108&action=insert&article=11875102&amount=100" "Mozilla/5.0 (Windows NT 6.1; WOW64; Trident/7.0; rv:11.0) like Gecko"
80.122.53.230 - - [20/Sep/2018:09:46:57 +0200] "GET /css/themes/alphacube.css HTTP/1.1" 304 - "http://renault.activities.at/insertactionorder?print=true&Document=11880780&Event=11875108&action=insert&article=11875102&amount=100" "Mozilla/5.0 (Windows NT 6.1; WOW64; Trident/7.0; rv:11.0) like Gecko"
80.122.53.230 - - [20/Sep/2018:09:46:57 +0200] "GET /css/themes/default.css HTTP/1.1" 304 - "http://renault.activities.at/insertactionorder?print=true&Document=11880780&Event=11875108&action=insert&article=11875102&amount=100" "Mozilla/5.0 (Windows NT 6.1; WOW64; Trident/7.0; rv:11.0) like Gecko"
80.122.53.230 - - [20/Sep/2018:09:46:57 +0200] "GET /images/success_msg_icon.gif HTTP/1.1" 304 - "http://renault.activities.at/11875108" "Mozilla/5.0 (Windows NT 6.1; WOW64; Trident/7.0; rv:11.0) like Gecko"
213.153.47.173 - - [20/Sep/2018:09:46:59 +0200] "GET /reload?ser=1537429619607 HTTP/1.1" 200 28 "http://renault.activities.at/login?required=true" "Mozilla/5.0 (Windows NT 10.0; Win64; x64; rv:62.0) Gecko/20100101 Firefox/62.0"
80.123.225.36 - - [20/Sep/2018:09:47:33 +0200] "GET /reload?ser=1537429655649 HTTP/1.1" 200 28 "http://renault.activities.at/11878015" "Mozilla/5.0 (Windows NT 6.1; WOW64; Trident/7.0; rv:11.0) like Gecko"
193.194.132.24 - - [20/Sep/2018:09:47:36 +0200] "GET /reload?ser=1537429656819 HTTP/1.1" 200 28 "http://renault.2web.at/account?loadrequest=true" "Mozilla/5.0 (Windows NT 6.1; WOW64; Trident/7.0; rv:11.0) like Gecko"
80.122.53.230 - - [20/Sep/2018:09:47:38 +0200] "GET /insertactionorder?print=true&Document=11880780&Event=11875108&action=insert&article=11875105&amount=30 HTTP/1.1" 200 2661 "http://renault.activities.at/11875108" "Mozilla/5.0 (Windows NT 6.1; WOW64; Trident/7.0; rv:11.0) like Gecko"
80.122.53.230 - - [20/Sep/2018:09:47:41 +0200] "GET /js/default.js HTTP/1.1" 304 - "http://renault.activities.at/insertactionorder?print=true&Document=11880780&Event=11875108&action=insert&article=11875105&amount=30" "Mozilla/5.0 (Windows NT 6.1; WOW64; Trident/7.0; rv:11.0) like Gecko"
80.122.53.230 - - [20/Sep/2018:09:47:41 +0200] "GET /css/reset.css HTTP/1.1" 304 - "http://renault.activities.at/insertactionorder?print=true&Document=11880780&Event=11875108&action=insert&article=11875105&amount=30" "Mozilla/5.0 (Windows NT 6.1; WOW64; Trident/7.0; rv:11.0) like Gecko"
80.122.53.230 - - [20/Sep/2018:09:47:41 +0200] "GET /css/clears.css HTTP/1.1" 304 - "http://renault.activities.at/insertactionorder?print=true&Document=11880780&Event=11875108&action=insert&article=11875105&amount=30" "Mozilla/5.0 (Windows NT 6.1; WOW64; Trident/7.0; rv:11.0) like Gecko"
80.122.53.230 - - [20/Sep/2018:09:47:41 +0200] "GET /css/print.css HTTP/1.1" 304 - "http://renault.activities.at/insertactionorder?print=true&Document=11880780&Event=11875108&action=insert&article=11875105&amount=30" "Mozilla/5.0 (Windows NT 6.1; WOW64; Trident/7.0; rv:11.0) like Gecko"
80.122.53.230 - - [20/Sep/2018:09:47:41 +0200] "GET /css/styles.css HTTP/1.1" 304 - "http://renault.activities.at/insertactionorder?print=true&Document=11880780&Event=11875108&action=insert&article=11875105&amount=30" "Mozilla/5.0 (Windows NT 6.1; WOW64; Trident/7.0; rv:11.0) like Gecko"
80.122.53.230 - - [20/Sep/2018:09:47:41 +0200] "GET /js/checkout.css HTTP/1.1" 304 - "http://renault.activities.at/insertactionorder?print=true&Document=11880780&Event=11875108&action=insert&article=11875105&amount=30" "Mozilla/5.0 (Windows NT 6.1; WOW64; Trident/7.0; rv:11.0) like Gecko"
80.122.53.230 - - [20/Sep/2018:09:47:41 +0200] "GET /css/prototip.css HTTP/1.1" 304 - "http://renault.activities.at/insertactionorder?print=true&Document=11880780&Event=11875108&action=insert&article=11875105&amount=30" "Mozilla/5.0 (Windows NT 6.1; WOW64; Trident/7.0; rv:11.0) like Gecko"
80.122.53.230 - - [20/Sep/2018:09:47:41 +0200] "GET /css/themes/default.css HTTP/1.1" 304 - "http://renault.activities.at/insertactionorder?print=true&Document=11880780&Event=11875108&action=insert&article=11875105&amount=30" "Mozilla/5.0 (Windows NT 6.1; WOW64; Trident/7.0; rv:11.0) like Gecko"
80.122.53.230 - - [20/Sep/2018:09:47:41 +0200] "GET /css/themes/alphacube.css HTTP/1.1" 304 - "http://renault.activities.at/insertactionorder?print=true&Document=11880780&Event=11875108&action=insert&article=11875105&amount=30" "Mozilla/5.0 (Windows NT 6.1; WOW64; Trident/7.0; rv:11.0) like Gecko"
80.122.53.230 - - [20/Sep/2018:09:47:40 +0200] "GET /reload?ser=1537429660681 HTTP/1.1" 200 28 "http://renault.activities.at/11875108" "Mozilla/5.0 (Windows NT 6.1; WOW64; Trident/7.0; rv:11.0) like Gecko"
213.153.47.173 - - [20/Sep/2018:09:47:41 +0200] "GET /layout.php HTTP/1.1" 200 1559 "-" "Mozilla/5.0 (Windows NT 10.0; Win64; x64) AppleWebKit/537.36 (KHTML, like Gecko) Chrome/68.0.3440.106 Safari/537.36 OPR/55.0.2994.61"
213.153.47.173 - - [20/Sep/2018:09:47:42 +0200] "GET /images/favicon.ico HTTP/1.1" 404 305 "-" "Mozilla/5.0 (Windows NT 10.0; Win64; x64) AppleWebKit/537.36 (KHTML, like Gecko) Chrome/68.0.3440.106 Safari/537.36 OPR/55.0.2994.61"
213.153.47.173 - - [20/Sep/2018:09:48:00 +0200] "GET /reload?ser=1537429680253 HTTP/1.1" 200 28 "http://renault.activities.at/login?required=true" "Mozilla/5.0 (Windows NT 10.0; Win64; x64; rv:62.0) Gecko/20100101 Firefox/62.0"
80.122.53.230 - - [20/Sep/2018:09:48:12 +0200] "POST /updateactionorder?req=true HTTP/1.1" 200 1511 "http://renault.activities.at/11875108" "Mozilla/5.0 (Windows NT 6.1; WOW64; Trident/7.0; rv:11.0) like Gecko"
80.122.53.230 - - [20/Sep/2018:09:48:31 +0200] "GET /11880780?print=true HTTP/1.1" 200 2120 "-" "Mozilla/5.0 (Windows NT 6.1; WOW64; Trident/7.0; rv:11.0) like Gecko"
80.122.53.230 - - [20/Sep/2018:09:48:33 +0200] "GET /js/default.js HTTP/1.1" 304 - "http://renault.activities.at/11880780?print=true" "Mozilla/5.0 (Windows NT 6.1; WOW64; Trident/7.0; rv:11.0) like Gecko"
80.122.53.230 - - [20/Sep/2018:09:48:34 +0200] "GET /css/reset.css HTTP/1.1" 304 - "http://renault.activities.at/11880780?print=true" "Mozilla/5.0 (Windows NT 6.1; WOW64; Trident/7.0; rv:11.0) like Gecko"
80.122.53.230 - - [20/Sep/2018:09:48:34 +0200] "GET /js/checkout.css HTTP/1.1" 304 - "http://renault.activities.at/11880780?print=true" "Mozilla/5.0 (Windows NT 6.1; WOW64; Trident/7.0; rv:11.0) like Gecko"
80.122.53.230 - - [20/Sep/2018:09:48:34 +0200] "GET /css/clears.css HTTP/1.1" 304 - "http://renault.activities.at/11880780?print=true" "Mozilla/5.0 (Windows NT 6.1; WOW64; Trident/7.0; rv:11.0) like Gecko"
80.122.53.230 - - [20/Sep/2018:09:48:34 +0200] "GET /css/print.css HTTP/1.1" 304 - "http://renault.activities.at/11880780?print=true" "Mozilla/5.0 (Windows NT 6.1; WOW64; Trident/7.0; rv:11.0) like Gecko"
80.122.53.230 - - [20/Sep/2018:09:48:34 +0200] "GET /css/styles.css HTTP/1.1" 304 - "http://renault.activities.at/11880780?print=true" "Mozilla/5.0 (Windows NT 6.1; WOW64; Trident/7.0; rv:11.0) like Gecko"
80.122.53.230 - - [20/Sep/2018:09:48:34 +0200] "GET /css/prototip.css HTTP/1.1" 304 - "http://renault.activities.at/11880780?print=true" "Mozilla/5.0 (Windows NT 6.1; WOW64; Trident/7.0; rv:11.0) like Gecko"
80.122.53.230 - - [20/Sep/2018:09:48:34 +0200] "GET /css/themes/default.css HTTP/1.1" 304 - "http://renault.activities.at/11880780?print=true" "Mozilla/5.0 (Windows NT 6.1; WOW64; Trident/7.0; rv:11.0) like Gecko"
80.122.53.230 - - [20/Sep/2018:09:48:34 +0200] "GET /css/themes/alphacube.css HTTP/1.1" 304 - "http://renault.activities.at/11880780?print=true" "Mozilla/5.0 (Windows NT 6.1; WOW64; Trident/7.0; rv:11.0) like Gecko"
80.122.53.230 - - [20/Sep/2018:09:48:34 +0200] "GET /images/button_left_bg.gif HTTP/1.1" 304 - "http://renault.activities.at/11880780?print=true" "Mozilla/5.0 (Windows NT 6.1; WOW64; Trident/7.0; rv:11.0) like Gecko"
80.122.53.230 - - [20/Sep/2018:09:48:34 +0200] "GET /images/button_bg.gif HTTP/1.1" 304 - "http://renault.activities.at/11880780?print=true" "Mozilla/5.0 (Windows NT 6.1; WOW64; Trident/7.0; rv:11.0) like Gecko"
80.122.53.230 - - [20/Sep/2018:09:48:34 +0200] "GET /images/button_right_bg.gif HTTP/1.1" 304 - "http://renault.activities.at/11880780?print=true" "Mozilla/5.0 (Windows NT 6.1; WOW64; Trident/7.0; rv:11.0) like Gecko"
80.122.53.230 - - [20/Sep/2018:09:48:34 +0200] "GET /js/default.js HTTP/1.1" 304 - "-" "Mozilla/5.0 (Windows NT 6.1; WOW64; Trident/7.0; rv:11.0) like Gecko"
80.122.53.230 - - [20/Sep/2018:09:48:34 +0200] "GET /css/print.css HTTP/1.1" 304 - "-" "Mozilla/5.0 (Windows NT 6.1; WOW64; Trident/7.0; rv:11.0) like Gecko"
80.122.53.230 - - [20/Sep/2018:09:48:34 +0200] "GET /css/styles.css HTTP/1.1" 304 - "-" "Mozilla/5.0 (Windows NT 6.1; WOW64; Trident/7.0; rv:11.0) like Gecko"
80.122.53.230 - - [20/Sep/2018:09:48:34 +0200] "GET /css/clears.css HTTP/1.1" 304 - "-" "Mozilla/5.0 (Windows NT 6.1; WOW64; Trident/7.0; rv:11.0) like Gecko"
80.122.53.230 - - [20/Sep/2018:09:48:34 +0200] "GET /js/checkout.css HTTP/1.1" 304 - "-" "Mozilla/5.0 (Windows NT 6.1; WOW64; Trident/7.0; rv:11.0) like Gecko"
80.122.53.230 - - [20/Sep/2018:09:48:34 +0200] "GET /css/reset.css HTTP/1.1" 304 - "-" "Mozilla/5.0 (Windows NT 6.1; WOW64; Trident/7.0; rv:11.0) like Gecko"
80.122.53.230 - - [20/Sep/2018:09:48:34 +0200] "GET /css/prototip.css HTTP/1.1" 304 - "-" "Mozilla/5.0 (Windows NT 6.1; WOW64; Trident/7.0; rv:11.0) like Gecko"
80.122.53.230 - - [20/Sep/2018:09:48:34 +0200] "GET /css/themes/alphacube.css HTTP/1.1" 304 - "-" "Mozilla/5.0 (Windows NT 6.1; WOW64; Trident/7.0; rv:11.0) like Gecko"
80.122.53.230 - - [20/Sep/2018:09:48:34 +0200] "GET /css/themes/default.css HTTP/1.1" 304 - "-" "Mozilla/5.0 (Windows NT 6.1; WOW64; Trident/7.0; rv:11.0) like Gecko"
80.123.225.36 - - [20/Sep/2018:09:48:34 +0200] "GET /reload?ser=1537429716637 HTTP/1.1" 200 28 "http://renault.activities.at/11878015" "Mozilla/5.0 (Windows NT 6.1; WOW64; Trident/7.0; rv:11.0) like Gecko"
193.194.132.24 - - [20/Sep/2018:09:48:38 +0200] "GET /reload?ser=1537429717896 HTTP/1.1" 200 28 "http://renault.2web.at/account?loadrequest=true" "Mozilla/5.0 (Windows NT 6.1; WOW64; Trident/7.0; rv:11.0) like Gecko"
80.122.53.230 - - [20/Sep/2018:09:48:41 +0200] "GET /js/default.js HTTP/1.1" 304 - "-" "Mozilla/5.0 (Windows NT 6.1; WOW64; Trident/7.0; rv:11.0) like Gecko"
80.122.53.230 - - [20/Sep/2018:09:48:41 +0200] "GET /css/reset.css HTTP/1.1" 304 - "-" "Mozilla/5.0 (Windows NT 6.1; WOW64; Trident/7.0; rv:11.0) like Gecko"
80.122.53.230 - - [20/Sep/2018:09:48:41 +0200] "GET /css/clears.css HTTP/1.1" 304 - "-" "Mozilla/5.0 (Windows NT 6.1; WOW64; Trident/7.0; rv:11.0) like Gecko"
80.122.53.230 - - [20/Sep/2018:09:48:41 +0200] "GET /css/prototip.css HTTP/1.1" 304 - "-" "Mozilla/5.0 (Windows NT 6.1; WOW64; Trident/7.0; rv:11.0) like Gecko"
80.122.53.230 - - [20/Sep/2018:09:48:41 +0200] "GET /css/print.css HTTP/1.1" 304 - "-" "Mozilla/5.0 (Windows NT 6.1; WOW64; Trident/7.0; rv:11.0) like Gecko"
80.122.53.230 - - [20/Sep/2018:09:48:41 +0200] "GET /css/styles.css HTTP/1.1" 304 - "-" "Mozilla/5.0 (Windows NT 6.1; WOW64; Trident/7.0; rv:11.0) like Gecko"
80.122.53.230 - - [20/Sep/2018:09:48:41 +0200] "GET /js/checkout.css HTTP/1.1" 304 - "-" "Mozilla/5.0 (Windows NT 6.1; WOW64; Trident/7.0; rv:11.0) like Gecko"
80.122.53.230 - - [20/Sep/2018:09:48:41 +0200] "GET /css/themes/alphacube.css HTTP/1.1" 304 - "-" "Mozilla/5.0 (Windows NT 6.1; WOW64; Trident/7.0; rv:11.0) like Gecko"
80.122.53.230 - - [20/Sep/2018:09:48:41 +0200] "GET /css/themes/default.css HTTP/1.1" 304 - "-" "Mozilla/5.0 (Windows NT 6.1; WOW64; Trident/7.0; rv:11.0) like Gecko"
80.122.53.230 - - [20/Sep/2018:09:48:42 +0200] "GET /reload?ser=1537429721991 HTTP/1.1" 200 28 "http://renault.activities.at/11875108" "Mozilla/5.0 (Windows NT 6.1; WOW64; Trident/7.0; rv:11.0) like Gecko"
213.153.47.173 - - [20/Sep/2018:09:49:00 +0200] "GET /reload?ser=1537429740898 HTTP/1.1" 200 28 "http://renault.activities.at/login?required=true" "Mozilla/5.0 (Windows NT 10.0; Win64; x64; rv:62.0) Gecko/20100101 Firefox/62.0"
80.122.53.230 - - [20/Sep/2018:09:49:18 +0200] "GET /11880780?print=true HTTP/1.1" 200 2120 "-" "Mozilla/5.0 (Windows NT 6.1; WOW64; Trident/7.0; rv:11.0) like Gecko"
80.122.53.230 - - [20/Sep/2018:09:49:20 +0200] "GET /js/default.js HTTP/1.1" 304 - "http://renault.activities.at/11880780?print=true" "Mozilla/5.0 (Windows NT 6.1; WOW64; Trident/7.0; rv:11.0) like Gecko"
80.122.53.230 - - [20/Sep/2018:09:49:20 +0200] "GET /css/reset.css HTTP/1.1" 304 - "http://renault.activities.at/11880780?print=true" "Mozilla/5.0 (Windows NT 6.1; WOW64; Trident/7.0; rv:11.0) like Gecko"
80.122.53.230 - - [20/Sep/2018:09:49:20 +0200] "GET /css/clears.css HTTP/1.1" 304 - "http://renault.activities.at/11880780?print=true" "Mozilla/5.0 (Windows NT 6.1; WOW64; Trident/7.0; rv:11.0) like Gecko"
80.122.53.230 - - [20/Sep/2018:09:49:20 +0200] "GET /css/styles.css HTTP/1.1" 304 - "http://renault.activities.at/11880780?print=true" "Mozilla/5.0 (Windows NT 6.1; WOW64; Trident/7.0; rv:11.0) like Gecko"
80.122.53.230 - - [20/Sep/2018:09:49:20 +0200] "GET /css/print.css HTTP/1.1" 304 - "http://renault.activities.at/11880780?print=true" "Mozilla/5.0 (Windows NT 6.1; WOW64; Trident/7.0; rv:11.0) like Gecko"
80.122.53.230 - - [20/Sep/2018:09:49:20 +0200] "GET /css/themes/default.css HTTP/1.1" 304 - "http://renault.activities.at/11880780?print=true" "Mozilla/5.0 (Windows NT 6.1; WOW64; Trident/7.0; rv:11.0) like Gecko"
80.122.53.230 - - [20/Sep/2018:09:49:20 +0200] "GET /css/prototip.css HTTP/1.1" 304 - "http://renault.activities.at/11880780?print=true" "Mozilla/5.0 (Windows NT 6.1; WOW64; Trident/7.0; rv:11.0) like Gecko"
80.122.53.230 - - [20/Sep/2018:09:49:20 +0200] "GET /js/checkout.css HTTP/1.1" 304 - "http://renault.activities.at/11880780?print=true" "Mozilla/5.0 (Windows NT 6.1; WOW64; Trident/7.0; rv:11.0) like Gecko"
80.122.53.230 - - [20/Sep/2018:09:49:20 +0200] "GET /css/themes/alphacube.css HTTP/1.1" 304 - "http://renault.activities.at/11880780?print=true" "Mozilla/5.0 (Windows NT 6.1; WOW64; Trident/7.0; rv:11.0) like Gecko"
80.122.53.230 - - [20/Sep/2018:09:49:20 +0200] "GET /images/button_left_bg.gif HTTP/1.1" 304 - "http://renault.activities.at/11880780?print=true" "Mozilla/5.0 (Windows NT 6.1; WOW64; Trident/7.0; rv:11.0) like Gecko"
80.122.53.230 - - [20/Sep/2018:09:49:20 +0200] "GET /images/button_right_bg.gif HTTP/1.1" 304 - "http://renault.activities.at/11880780?print=true" "Mozilla/5.0 (Windows NT 6.1; WOW64; Trident/7.0; rv:11.0) like Gecko"
80.122.53.230 - - [20/Sep/2018:09:49:20 +0200] "GET /images/button_bg.gif HTTP/1.1" 304 - "http://renault.activities.at/11880780?print=true" "Mozilla/5.0 (Windows NT 6.1; WOW64; Trident/7.0; rv:11.0) like Gecko"
80.122.53.230 - - [20/Sep/2018:09:49:20 +0200] "GET /js/default.js HTTP/1.1" 304 - "-" "Mozilla/5.0 (Windows NT 6.1; WOW64; Trident/7.0; rv:11.0) like Gecko"
80.122.53.230 - - [20/Sep/2018:09:49:20 +0200] "GET /css/styles.css HTTP/1.1" 304 - "-" "Mozilla/5.0 (Windows NT 6.1; WOW64; Trident/7.0; rv:11.0) like Gecko"
80.122.53.230 - - [20/Sep/2018:09:49:20 +0200] "GET /css/clears.css HTTP/1.1" 304 - "-" "Mozilla/5.0 (Windows NT 6.1; WOW64; Trident/7.0; rv:11.0) like Gecko"
80.122.53.230 - - [20/Sep/2018:09:49:20 +0200] "GET /css/prototip.css HTTP/1.1" 304 - "-" "Mozilla/5.0 (Windows NT 6.1; WOW64; Trident/7.0; rv:11.0) like Gecko"
80.122.53.230 - - [20/Sep/2018:09:49:20 +0200] "GET /css/reset.css HTTP/1.1" 304 - "-" "Mozilla/5.0 (Windows NT 6.1; WOW64; Trident/7.0; rv:11.0) like Gecko"
80.122.53.230 - - [20/Sep/2018:09:49:20 +0200] "GET /js/checkout.css HTTP/1.1" 304 - "-" "Mozilla/5.0 (Windows NT 6.1; WOW64; Trident/7.0; rv:11.0) like Gecko"
80.122.53.230 - - [20/Sep/2018:09:49:20 +0200] "GET /css/print.css HTTP/1.1" 304 - "-" "Mozilla/5.0 (Windows NT 6.1; WOW64; Trident/7.0; rv:11.0) like Gecko"
80.122.53.230 - - [20/Sep/2018:09:49:20 +0200] "GET /css/themes/alphacube.css HTTP/1.1" 304 - "-" "Mozilla/5.0 (Windows NT 6.1; WOW64; Trident/7.0; rv:11.0) like Gecko"
80.122.53.230 - - [20/Sep/2018:09:49:20 +0200] "GET /css/themes/default.css HTTP/1.1" 304 - "-" "Mozilla/5.0 (Windows NT 6.1; WOW64; Trident/7.0; rv:11.0) like Gecko"
80.123.225.36 - - [20/Sep/2018:09:49:35 +0200] "GET /reload?ser=1537429777628 HTTP/1.1" 200 28 "http://renault.activities.at/11878015" "Mozilla/5.0 (Windows NT 6.1; WOW64; Trident/7.0; rv:11.0) like Gecko"
193.194.132.24 - - [20/Sep/2018:09:49:39 +0200] "GET /reload?ser=1537429778992 HTTP/1.1" 200 28 "http://renault.2web.at/account?loadrequest=true" "Mozilla/5.0 (Windows NT 6.1; WOW64; Trident/7.0; rv:11.0) like Gecko"
213.153.47.173 - - [20/Sep/2018:09:50:01 +0200] "GET /reload?ser=1537429801556 HTTP/1.1" 200 28 "http://renault.activities.at/login?required=true" "Mozilla/5.0 (Windows NT 10.0; Win64; x64; rv:62.0) Gecko/20100101 Firefox/62.0"
80.123.225.36 - - [20/Sep/2018:09:50:36 +0200] "GET /reload?ser=1537429838598 HTTP/1.1" 200 28 "http://renault.activities.at/11878015" "Mozilla/5.0 (Windows NT 6.1; WOW64; Trident/7.0; rv:11.0) like Gecko"
193.194.132.24 - - [20/Sep/2018:09:50:40 +0200] "GET /reload?ser=1537429840065 HTTP/1.1" 200 28 "http://renault.2web.at/account?loadrequest=true" "Mozilla/5.0 (Windows NT 6.1; WOW64; Trident/7.0; rv:11.0) like Gecko"
213.153.47.173 - - [20/Sep/2018:09:51:02 +0200] "GET /reload?ser=1537429862227 HTTP/1.1" 200 28 "http://renault.activities.at/login?required=true" "Mozilla/5.0 (Windows NT 10.0; Win64; x64; rv:62.0) Gecko/20100101 Firefox/62.0"
80.123.225.36 - - [20/Sep/2018:09:51:37 +0200] "GET /reload?ser=1537429899643 HTTP/1.1" 200 28 "http://renault.activities.at/11878015" "Mozilla/5.0 (Windows NT 6.1; WOW64; Trident/7.0; rv:11.0) like Gecko"
193.194.132.24 - - [20/Sep/2018:09:51:41 +0200] "GET /reload?ser=1537429901140 HTTP/1.1" 200 28 "http://renault.2web.at/account?loadrequest=true" "Mozilla/5.0 (Windows NT 6.1; WOW64; Trident/7.0; rv:11.0) like Gecko"
213.153.47.173 - - [20/Sep/2018:09:52:02 +0200] "GET /reload?ser=1537429922891 HTTP/1.1" 200 28 "http://renault.activities.at/login?required=true" "Mozilla/5.0 (Windows NT 10.0; Win64; x64; rv:62.0) Gecko/20100101 Firefox/62.0"
80.123.225.36 - - [20/Sep/2018:09:52:38 +0200] "GET /reload?ser=1537429960676 HTTP/1.1" 200 28 "http://renault.activities.at/11878015" "Mozilla/5.0 (Windows NT 6.1; WOW64; Trident/7.0; rv:11.0) like Gecko"
193.194.132.24 - - [20/Sep/2018:09:52:42 +0200] "GET /reload?ser=1537429962229 HTTP/1.1" 200 28 "http://renault.2web.at/account?loadrequest=true" "Mozilla/5.0 (Windows NT 6.1; WOW64; Trident/7.0; rv:11.0) like Gecko"
213.153.47.173 - - [20/Sep/2018:09:53:03 +0200] "GET /reload?ser=1537429983559 HTTP/1.1" 200 28 "http://renault.activities.at/login?required=true" "Mozilla/5.0 (Windows NT 10.0; Win64; x64; rv:62.0) Gecko/20100101 Firefox/62.0"
80.123.225.36 - - [20/Sep/2018:09:53:39 +0200] "GET /reload?ser=1537430021670 HTTP/1.1" 200 28 "http://renault.activities.at/11878015" "Mozilla/5.0 (Windows NT 6.1; WOW64; Trident/7.0; rv:11.0) like Gecko"
193.194.132.24 - - [20/Sep/2018:09:53:43 +0200] "GET /reload?ser=1537430023318 HTTP/1.1" 200 28 "http://renault.2web.at/account?loadrequest=true" "Mozilla/5.0 (Windows NT 6.1; WOW64; Trident/7.0; rv:11.0) like Gecko"
213.153.47.173 - - [20/Sep/2018:09:54:04 +0200] "GET /reload?ser=1537430044204 HTTP/1.1" 200 28 "http://renault.activities.at/login?required=true" "Mozilla/5.0 (Windows NT 10.0; Win64; x64; rv:62.0) Gecko/20100101 Firefox/62.0"
213.153.47.173 - - [20/Sep/2018:09:54:14 +0200] "GET /layout.php HTTP/1.1" 200 1559 "-" "Mozilla/5.0 (Windows NT 10.0; Win64; x64) AppleWebKit/537.36 (KHTML, like Gecko) Chrome/68.0.3440.106 Safari/537.36 OPR/55.0.2994.61"
213.153.47.173 - - [20/Sep/2018:09:54:16 +0200] "GET /images/favicon.ico HTTP/1.1" 404 305 "-" "Mozilla/5.0 (Windows NT 10.0; Win64; x64) AppleWebKit/537.36 (KHTML, like Gecko) Chrome/68.0.3440.106 Safari/537.36 OPR/55.0.2994.61"
80.123.225.36 - - [20/Sep/2018:09:54:40 +0200] "GET /reload?ser=1537430082677 HTTP/1.1" 200 28 "http://renault.activities.at/11878015" "Mozilla/5.0 (Windows NT 6.1; WOW64; Trident/7.0; rv:11.0) like Gecko"
193.194.132.24 - - [20/Sep/2018:09:54:44 +0200] "GET /reload?ser=1537430084337 HTTP/1.1" 200 28 "http://renault.2web.at/account?loadrequest=true" "Mozilla/5.0 (Windows NT 6.1; WOW64; Trident/7.0; rv:11.0) like Gecko"
213.153.47.173 - - [20/Sep/2018:09:55:04 +0200] "GET /reload?ser=1537430104863 HTTP/1.1" 200 28 "http://renault.activities.at/login?required=true" "Mozilla/5.0 (Windows NT 10.0; Win64; x64; rv:62.0) Gecko/20100101 Firefox/62.0"
80.123.225.36 - - [20/Sep/2018:09:55:41 +0200] "GET /reload?ser=1537430143661 HTTP/1.1" 200 28 "http://renault.activities.at/11878015" "Mozilla/5.0 (Windows NT 6.1; WOW64; Trident/7.0; rv:11.0) like Gecko"
193.194.132.24 - - [20/Sep/2018:09:55:45 +0200] "GET /reload?ser=1537430145430 HTTP/1.1" 200 28 "http://renault.2web.at/account?loadrequest=true" "Mozilla/5.0 (Windows NT 6.1; WOW64; Trident/7.0; rv:11.0) like Gecko"
213.153.47.173 - - [20/Sep/2018:09:56:05 +0200] "GET /reload?ser=1537430165516 HTTP/1.1" 200 28 "http://renault.activities.at/login?required=true" "Mozilla/5.0 (Windows NT 10.0; Win64; x64; rv:62.0) Gecko/20100101 Firefox/62.0"
80.123.225.36 - - [20/Sep/2018:09:56:42 +0200] "GET /reload?ser=1537430204655 HTTP/1.1" 200 28 "http://renault.activities.at/11878015" "Mozilla/5.0 (Windows NT 6.1; WOW64; Trident/7.0; rv:11.0) like Gecko"
193.194.132.24 - - [20/Sep/2018:09:56:46 +0200] "GET /reload?ser=1537430206522 HTTP/1.1" 200 28 "http://renault.2web.at/account?loadrequest=true" "Mozilla/5.0 (Windows NT 6.1; WOW64; Trident/7.0; rv:11.0) like Gecko"
213.153.47.173 - - [20/Sep/2018:09:57:06 +0200] "GET /reload?ser=1537430226174 HTTP/1.1" 200 28 "http://renault.activities.at/login?required=true" "Mozilla/5.0 (Windows NT 10.0; Win64; x64; rv:62.0) Gecko/20100101 Firefox/62.0"
80.123.225.36 - - [20/Sep/2018:09:57:43 +0200] "GET /reload?ser=1537430265692 HTTP/1.1" 200 28 "http://renault.activities.at/11878015" "Mozilla/5.0 (Windows NT 6.1; WOW64; Trident/7.0; rv:11.0) like Gecko"
193.194.132.24 - - [20/Sep/2018:09:57:47 +0200] "GET /reload?ser=1537430267604 HTTP/1.1" 200 28 "http://renault.2web.at/account?loadrequest=true" "Mozilla/5.0 (Windows NT 6.1; WOW64; Trident/7.0; rv:11.0) like Gecko"
213.153.47.173 - - [20/Sep/2018:09:58:06 +0200] "GET /reload?ser=1537430286825 HTTP/1.1" 200 28 "http://renault.activities.at/login?required=true" "Mozilla/5.0 (Windows NT 10.0; Win64; x64; rv:62.0) Gecko/20100101 Firefox/62.0"
80.123.225.36 - - [20/Sep/2018:09:58:44 +0200] "GET /reload?ser=1537430326680 HTTP/1.1" 200 28 "http://renault.activities.at/11878015" "Mozilla/5.0 (Windows NT 6.1; WOW64; Trident/7.0; rv:11.0) like Gecko"
193.194.132.24 - - [20/Sep/2018:09:58:48 +0200] "GET /reload?ser=1537430328720 HTTP/1.1" 200 28 "http://renault.2web.at/account?loadrequest=true" "Mozilla/5.0 (Windows NT 6.1; WOW64; Trident/7.0; rv:11.0) like Gecko"
213.153.47.173 - - [20/Sep/2018:09:59:07 +0200] "GET /reload?ser=1537430347508 HTTP/1.1" 200 28 "http://renault.activities.at/login?required=true" "Mozilla/5.0 (Windows NT 10.0; Win64; x64; rv:62.0) Gecko/20100101 Firefox/62.0"
80.123.225.36 - - [20/Sep/2018:09:59:45 +0200] "GET /reload?ser=1537430387699 HTTP/1.1" 200 28 "http://renault.activities.at/11878015" "Mozilla/5.0 (Windows NT 6.1; WOW64; Trident/7.0; rv:11.0) like Gecko"
193.194.132.24 - - [20/Sep/2018:09:59:49 +0200] "GET /reload?ser=1537430389855 HTTP/1.1" 200 28 "http://renault.2web.at/account?loadrequest=true" "Mozilla/5.0 (Windows NT 6.1; WOW64; Trident/7.0; rv:11.0) like Gecko"
213.153.47.173 - - [20/Sep/2018:10:00:08 +0200] "GET /reload?ser=1537430408156 HTTP/1.1" 200 28 "http://renault.activities.at/login?required=true" "Mozilla/5.0 (Windows NT 10.0; Win64; x64; rv:62.0) Gecko/20100101 Firefox/62.0"
80.123.225.36 - - [20/Sep/2018:10:00:46 +0200] "GET /reload?ser=1537430448697 HTTP/1.1" 200 28 "http://renault.activities.at/11878015" "Mozilla/5.0 (Windows NT 6.1; WOW64; Trident/7.0; rv:11.0) like Gecko"
193.194.132.24 - - [20/Sep/2018:10:00:51 +0200] "GET /reload?ser=1537430450982 HTTP/1.1" 200 28 "http://renault.2web.at/account?loadrequest=true" "Mozilla/5.0 (Windows NT 6.1; WOW64; Trident/7.0; rv:11.0) like Gecko"
213.153.47.173 - - [20/Sep/2018:10:01:08 +0200] "GET /reload?ser=1537430468809 HTTP/1.1" 200 28 "http://renault.activities.at/login?required=true" "Mozilla/5.0 (Windows NT 10.0; Win64; x64; rv:62.0) Gecko/20100101 Firefox/62.0"
80.123.225.36 - - [20/Sep/2018:10:01:47 +0200] "GET /reload?ser=1537430509689 HTTP/1.1" 200 28 "http://renault.activities.at/11878015" "Mozilla/5.0 (Windows NT 6.1; WOW64; Trident/7.0; rv:11.0) like Gecko"
193.194.132.24 - - [20/Sep/2018:10:01:52 +0200] "GET /reload?ser=1537430512011 HTTP/1.1" 200 28 "http://renault.2web.at/account?loadrequest=true" "Mozilla/5.0 (Windows NT 6.1; WOW64; Trident/7.0; rv:11.0) like Gecko"
213.153.47.173 - - [20/Sep/2018:10:02:09 +0200] "GET /reload?ser=1537430529464 HTTP/1.1" 200 28 "http://renault.activities.at/login?required=true" "Mozilla/5.0 (Windows NT 10.0; Win64; x64; rv:62.0) Gecko/20100101 Firefox/62.0"
80.123.225.36 - - [20/Sep/2018:10:02:48 +0200] "GET /reload?ser=1537430570716 HTTP/1.1" 200 28 "http://renault.activities.at/11878015" "Mozilla/5.0 (Windows NT 6.1; WOW64; Trident/7.0; rv:11.0) like Gecko"
193.194.132.24 - - [20/Sep/2018:10:02:53 +0200] "GET /reload?ser=1537430573128 HTTP/1.1" 200 28 "http://renault.2web.at/account?loadrequest=true" "Mozilla/5.0 (Windows NT 6.1; WOW64; Trident/7.0; rv:11.0) like Gecko"
213.153.47.173 - - [20/Sep/2018:10:03:10 +0200] "GET /reload?ser=1537430590115 HTTP/1.1" 200 28 "http://renault.activities.at/login?required=true" "Mozilla/5.0 (Windows NT 10.0; Win64; x64; rv:62.0) Gecko/20100101 Firefox/62.0"
80.123.225.36 - - [20/Sep/2018:10:03:49 +0200] "GET /reload?ser=1537430631744 HTTP/1.1" 200 28 "http://renault.activities.at/11878015" "Mozilla/5.0 (Windows NT 6.1; WOW64; Trident/7.0; rv:11.0) like Gecko"
193.194.132.24 - - [20/Sep/2018:10:03:54 +0200] "GET /reload?ser=1537430634203 HTTP/1.1" 200 28 "http://renault.2web.at/account?loadrequest=true" "Mozilla/5.0 (Windows NT 6.1; WOW64; Trident/7.0; rv:11.0) like Gecko"
213.153.47.173 - - [20/Sep/2018:10:04:10 +0200] "GET /reload?ser=1537430650764 HTTP/1.1" 200 28 "http://renault.activities.at/login?required=true" "Mozilla/5.0 (Windows NT 10.0; Win64; x64; rv:62.0) Gecko/20100101 Firefox/62.0"
80.123.225.36 - - [20/Sep/2018:10:04:50 +0200] "GET /reload?ser=1537430692755 HTTP/1.1" 200 28 "http://renault.activities.at/11878015" "Mozilla/5.0 (Windows NT 6.1; WOW64; Trident/7.0; rv:11.0) like Gecko"
193.194.132.24 - - [20/Sep/2018:10:04:55 +0200] "GET /reload?ser=1537430695273 HTTP/1.1" 200 28 "http://renault.2web.at/account?loadrequest=true" "Mozilla/5.0 (Windows NT 6.1; WOW64; Trident/7.0; rv:11.0) like Gecko"
213.153.47.173 - - [20/Sep/2018:10:05:11 +0200] "GET /reload?ser=1537430711422 HTTP/1.1" 200 28 "http://renault.activities.at/login?required=true" "Mozilla/5.0 (Windows NT 10.0; Win64; x64; rv:62.0) Gecko/20100101 Firefox/62.0"
80.123.225.36 - - [20/Sep/2018:10:05:51 +0200] "GET /reload?ser=1537430753783 HTTP/1.1" 200 28 "http://renault.activities.at/11878015" "Mozilla/5.0 (Windows NT 6.1; WOW64; Trident/7.0; rv:11.0) like Gecko"
193.194.132.24 - - [20/Sep/2018:10:05:56 +0200] "GET /reload?ser=1537430756394 HTTP/1.1" 200 28 "http://renault.2web.at/account?loadrequest=true" "Mozilla/5.0 (Windows NT 6.1; WOW64; Trident/7.0; rv:11.0) like Gecko"
213.153.47.173 - - [20/Sep/2018:10:06:12 +0200] "GET /reload?ser=1537430772082 HTTP/1.1" 200 28 "http://renault.activities.at/login?required=true" "Mozilla/5.0 (Windows NT 10.0; Win64; x64; rv:62.0) Gecko/20100101 Firefox/62.0"
80.123.225.36 - - [20/Sep/2018:10:06:53 +0200] "GET /reload?ser=1537430814838 HTTP/1.1" 200 28 "http://renault.activities.at/11878015" "Mozilla/5.0 (Windows NT 6.1; WOW64; Trident/7.0; rv:11.0) like Gecko"
193.194.132.24 - - [20/Sep/2018:10:06:57 +0200] "GET /reload?ser=1537430817471 HTTP/1.1" 200 28 "http://renault.2web.at/account?loadrequest=true" "Mozilla/5.0 (Windows NT 6.1; WOW64; Trident/7.0; rv:11.0) like Gecko"
213.153.47.173 - - [20/Sep/2018:10:07:12 +0200] "GET /reload?ser=1537430832730 HTTP/1.1" 200 28 "http://renault.activities.at/login?required=true" "Mozilla/5.0 (Windows NT 10.0; Win64; x64; rv:62.0) Gecko/20100101 Firefox/62.0"
80.123.225.36 - - [20/Sep/2018:10:07:54 +0200] "GET /reload?ser=1537430875895 HTTP/1.1" 200 28 "http://renault.activities.at/11878015" "Mozilla/5.0 (Windows NT 6.1; WOW64; Trident/7.0; rv:11.0) like Gecko"
193.194.132.24 - - [20/Sep/2018:10:07:58 +0200] "GET /reload?ser=1537430878577 HTTP/1.1" 200 28 "http://renault.2web.at/account?loadrequest=true" "Mozilla/5.0 (Windows NT 6.1; WOW64; Trident/7.0; rv:11.0) like Gecko"
213.153.47.173 - - [20/Sep/2018:10:08:13 +0200] "GET /reload?ser=1537430893394 HTTP/1.1" 200 28 "http://renault.activities.at/login?required=true" "Mozilla/5.0 (Windows NT 10.0; Win64; x64; rv:62.0) Gecko/20100101 Firefox/62.0"
80.123.225.36 - - [20/Sep/2018:10:08:55 +0200] "GET /reload?ser=1537430936892 HTTP/1.1" 200 28 "http://renault.activities.at/11878015" "Mozilla/5.0 (Windows NT 6.1; WOW64; Trident/7.0; rv:11.0) like Gecko"
193.194.132.24 - - [20/Sep/2018:10:08:59 +0200] "GET /reload?ser=1537430939627 HTTP/1.1" 200 28 "http://renault.2web.at/account?loadrequest=true" "Mozilla/5.0 (Windows NT 6.1; WOW64; Trident/7.0; rv:11.0) like Gecko"
213.153.47.173 - - [20/Sep/2018:10:09:14 +0200] "GET /reload?ser=1537430954042 HTTP/1.1" 200 28 "http://renault.activities.at/login?required=true" "Mozilla/5.0 (Windows NT 10.0; Win64; x64; rv:62.0) Gecko/20100101 Firefox/62.0"
80.123.225.36 - - [20/Sep/2018:10:09:56 +0200] "GET /reload?ser=1537430997920 HTTP/1.1" 200 28 "http://renault.activities.at/11878015" "Mozilla/5.0 (Windows NT 6.1; WOW64; Trident/7.0; rv:11.0) like Gecko"
193.194.132.24 - - [20/Sep/2018:10:10:00 +0200] "GET /reload?ser=1537431000687 HTTP/1.1" 200 28 "http://renault.2web.at/account?loadrequest=true" "Mozilla/5.0 (Windows NT 6.1; WOW64; Trident/7.0; rv:11.0) like Gecko"
213.153.47.173 - - [20/Sep/2018:10:10:14 +0200] "GET /reload?ser=1537431014713 HTTP/1.1" 200 28 "http://renault.activities.at/login?required=true" "Mozilla/5.0 (Windows NT 10.0; Win64; x64; rv:62.0) Gecko/20100101 Firefox/62.0"
80.123.225.36 - - [20/Sep/2018:10:10:57 +0200] "GET /reload?ser=1537431058967 HTTP/1.1" 200 28 "http://renault.activities.at/11878015" "Mozilla/5.0 (Windows NT 6.1; WOW64; Trident/7.0; rv:11.0) like Gecko"
193.194.132.24 - - [20/Sep/2018:10:11:01 +0200] "GET /reload?ser=1537431061780 HTTP/1.1" 200 28 "http://renault.2web.at/account?loadrequest=true" "Mozilla/5.0 (Windows NT 6.1; WOW64; Trident/7.0; rv:11.0) like Gecko"
213.153.47.173 - - [20/Sep/2018:10:11:15 +0200] "GET /reload?ser=1537431075395 HTTP/1.1" 200 28 "http://renault.activities.at/login?required=true" "Mozilla/5.0 (Windows NT 10.0; Win64; x64; rv:62.0) Gecko/20100101 Firefox/62.0"
80.123.225.36 - - [20/Sep/2018:10:11:58 +0200] "GET /reload?ser=1537431119999 HTTP/1.1" 200 28 "http://renault.activities.at/11878015" "Mozilla/5.0 (Windows NT 6.1; WOW64; Trident/7.0; rv:11.0) like Gecko"
193.194.132.24 - - [20/Sep/2018:10:12:02 +0200] "GET /reload?ser=1537431122806 HTTP/1.1" 200 28 "http://renault.2web.at/account?loadrequest=true" "Mozilla/5.0 (Windows NT 6.1; WOW64; Trident/7.0; rv:11.0) like Gecko"
213.153.47.173 - - [20/Sep/2018:10:12:16 +0200] "GET /reload?ser=1537431136055 HTTP/1.1" 200 28 "http://renault.activities.at/login?required=true" "Mozilla/5.0 (Windows NT 10.0; Win64; x64; rv:62.0) Gecko/20100101 Firefox/62.0"
80.123.225.36 - - [20/Sep/2018:10:12:59 +0200] "GET /reload?ser=1537431181034 HTTP/1.1" 200 28 "http://renault.activities.at/11878015" "Mozilla/5.0 (Windows NT 6.1; WOW64; Trident/7.0; rv:11.0) like Gecko"
193.194.132.24 - - [20/Sep/2018:10:13:03 +0200] "GET /reload?ser=1537431183869 HTTP/1.1" 200 28 "http://renault.2web.at/account?loadrequest=true" "Mozilla/5.0 (Windows NT 6.1; WOW64; Trident/7.0; rv:11.0) like Gecko"
213.153.47.173 - - [20/Sep/2018:10:13:16 +0200] "GET /reload?ser=1537431196707 HTTP/1.1" 200 28 "http://renault.activities.at/login?required=true" "Mozilla/5.0 (Windows NT 10.0; Win64; x64; rv:62.0) Gecko/20100101 Firefox/62.0"
207.46.13.248 - - [20/Sep/2018:10:13:19 +0200] "GET /cart HTTP/1.1" 200 1714 "-" "Mozilla/5.0 (compatible; bingbot/2.0; +http://www.bing.com/bingbot.htm)"
80.123.225.36 - - [20/Sep/2018:10:14:00 +0200] "GET /reload?ser=1537431242038 HTTP/1.1" 200 28 "http://renault.activities.at/11878015" "Mozilla/5.0 (Windows NT 6.1; WOW64; Trident/7.0; rv:11.0) like Gecko"
193.194.132.24 - - [20/Sep/2018:10:14:05 +0200] "GET /reload?ser=1537431244939 HTTP/1.1" 200 28 "http://renault.2web.at/account?loadrequest=true" "Mozilla/5.0 (Windows NT 6.1; WOW64; Trident/7.0; rv:11.0) like Gecko"
213.153.47.173 - - [20/Sep/2018:10:14:17 +0200] "GET /reload?ser=1537431257367 HTTP/1.1" 200 28 "http://renault.activities.at/login?required=true" "Mozilla/5.0 (Windows NT 10.0; Win64; x64; rv:62.0) Gecko/20100101 Firefox/62.0"
80.123.225.36 - - [20/Sep/2018:10:15:01 +0200] "GET /reload?ser=1537431303086 HTTP/1.1" 200 28 "http://renault.activities.at/11878015" "Mozilla/5.0 (Windows NT 6.1; WOW64; Trident/7.0; rv:11.0) like Gecko"
193.194.132.24 - - [20/Sep/2018:10:15:06 +0200] "GET /reload?ser=1537431306193 HTTP/1.1" 200 28 "http://renault.2web.at/account?loadrequest=true" "Mozilla/5.0 (Windows NT 6.1; WOW64; Trident/7.0; rv:11.0) like Gecko"
213.153.47.173 - - [20/Sep/2018:10:15:18 +0200] "GET /reload?ser=1537431318027 HTTP/1.1" 200 28 "http://renault.activities.at/login?required=true" "Mozilla/5.0 (Windows NT 10.0; Win64; x64; rv:62.0) Gecko/20100101 Firefox/62.0"
80.123.225.36 - - [20/Sep/2018:10:16:02 +0200] "GET /reload?ser=1537431364098 HTTP/1.1" 200 28 "http://renault.activities.at/11878015" "Mozilla/5.0 (Windows NT 6.1; WOW64; Trident/7.0; rv:11.0) like Gecko"
193.194.132.24 - - [20/Sep/2018:10:16:07 +0200] "GET /reload?ser=1537431367275 HTTP/1.1" 200 28 "http://renault.2web.at/account?loadrequest=true" "Mozilla/5.0 (Windows NT 6.1; WOW64; Trident/7.0; rv:11.0) like Gecko"
213.153.47.173 - - [20/Sep/2018:10:16:18 +0200] "GET /reload?ser=1537431378729 HTTP/1.1" 200 28 "http://renault.activities.at/login?required=true" "Mozilla/5.0 (Windows NT 10.0; Win64; x64; rv:62.0) Gecko/20100101 Firefox/62.0"
80.123.225.36 - - [20/Sep/2018:10:17:03 +0200] "GET /reload?ser=1537431425070 HTTP/1.1" 200 28 "http://renault.activities.at/11878015" "Mozilla/5.0 (Windows NT 6.1; WOW64; Trident/7.0; rv:11.0) like Gecko"
193.194.132.24 - - [20/Sep/2018:10:17:08 +0200] "GET /reload?ser=1537431428339 HTTP/1.1" 200 28 "http://renault.2web.at/account?loadrequest=true" "Mozilla/5.0 (Windows NT 6.1; WOW64; Trident/7.0; rv:11.0) like Gecko"
213.153.47.173 - - [20/Sep/2018:10:17:19 +0200] "GET /reload?ser=1537431439409 HTTP/1.1" 200 28 "http://renault.activities.at/login?required=true" "Mozilla/5.0 (Windows NT 10.0; Win64; x64; rv:62.0) Gecko/20100101 Firefox/62.0"
80.123.225.36 - - [20/Sep/2018:10:18:04 +0200] "GET /reload?ser=1537431486105 HTTP/1.1" 200 28 "http://renault.activities.at/11878015" "Mozilla/5.0 (Windows NT 6.1; WOW64; Trident/7.0; rv:11.0) like Gecko"
193.194.132.24 - - [20/Sep/2018:10:18:09 +0200] "GET /reload?ser=1537431489474 HTTP/1.1" 200 28 "http://renault.2web.at/account?loadrequest=true" "Mozilla/5.0 (Windows NT 6.1; WOW64; Trident/7.0; rv:11.0) like Gecko"
213.153.47.173 - - [20/Sep/2018:10:18:20 +0200] "GET /reload?ser=1537431500070 HTTP/1.1" 200 28 "http://renault.activities.at/login?required=true" "Mozilla/5.0 (Windows NT 10.0; Win64; x64; rv:62.0) Gecko/20100101 Firefox/62.0"
80.123.225.36 - - [20/Sep/2018:10:19:05 +0200] "GET /reload?ser=1537431547139 HTTP/1.1" 200 28 "http://renault.activities.at/11878015" "Mozilla/5.0 (Windows NT 6.1; WOW64; Trident/7.0; rv:11.0) like Gecko"
193.194.132.24 - - [20/Sep/2018:10:19:10 +0200] "GET /reload?ser=1537431550564 HTTP/1.1" 200 28 "http://renault.2web.at/account?loadrequest=true" "Mozilla/5.0 (Windows NT 6.1; WOW64; Trident/7.0; rv:11.0) like Gecko"
213.153.47.173 - - [20/Sep/2018:10:19:20 +0200] "GET /reload?ser=1537431560729 HTTP/1.1" 200 28 "http://renault.activities.at/login?required=true" "Mozilla/5.0 (Windows NT 10.0; Win64; x64; rv:62.0) Gecko/20100101 Firefox/62.0"
80.123.225.36 - - [20/Sep/2018:10:20:06 +0200] "GET /reload?ser=1537431608132 HTTP/1.1" 200 28 "http://renault.activities.at/11878015" "Mozilla/5.0 (Windows NT 6.1; WOW64; Trident/7.0; rv:11.0) like Gecko"
193.194.132.24 - - [20/Sep/2018:10:20:11 +0200] "GET /reload?ser=1537431611666 HTTP/1.1" 200 28 "http://renault.2web.at/account?loadrequest=true" "Mozilla/5.0 (Windows NT 6.1; WOW64; Trident/7.0; rv:11.0) like Gecko"
213.153.47.173 - - [20/Sep/2018:10:20:21 +0200] "GET /reload?ser=1537431621375 HTTP/1.1" 200 28 "http://renault.activities.at/login?required=true" "Mozilla/5.0 (Windows NT 10.0; Win64; x64; rv:62.0) Gecko/20100101 Firefox/62.0"
80.123.225.36 - - [20/Sep/2018:10:21:07 +0200] "GET /reload?ser=1537431669204 HTTP/1.1" 200 28 "http://renault.activities.at/11878015" "Mozilla/5.0 (Windows NT 6.1; WOW64; Trident/7.0; rv:11.0) like Gecko"
193.194.132.24 - - [20/Sep/2018:10:21:12 +0200] "GET /reload?ser=1537431672797 HTTP/1.1" 200 28 "http://renault.2web.at/account?loadrequest=true" "Mozilla/5.0 (Windows NT 6.1; WOW64; Trident/7.0; rv:11.0) like Gecko"
213.153.47.173 - - [20/Sep/2018:10:21:22 +0200] "GET /reload?ser=1537431682030 HTTP/1.1" 200 28 "http://renault.activities.at/login?required=true" "Mozilla/5.0 (Windows NT 10.0; Win64; x64; rv:62.0) Gecko/20100101 Firefox/62.0"
80.123.225.36 - - [20/Sep/2018:10:22:08 +0200] "GET /reload?ser=1537431730225 HTTP/1.1" 200 28 "http://renault.activities.at/11878015" "Mozilla/5.0 (Windows NT 6.1; WOW64; Trident/7.0; rv:11.0) like Gecko"
193.194.132.24 - - [20/Sep/2018:10:22:13 +0200] "GET /reload?ser=1537431733891 HTTP/1.1" 200 28 "http://renault.2web.at/account?loadrequest=true" "Mozilla/5.0 (Windows NT 6.1; WOW64; Trident/7.0; rv:11.0) like Gecko"
213.153.47.173 - - [20/Sep/2018:10:22:22 +0200] "GET /reload?ser=1537431742688 HTTP/1.1" 200 28 "http://renault.activities.at/login?required=true" "Mozilla/5.0 (Windows NT 10.0; Win64; x64; rv:62.0) Gecko/20100101 Firefox/62.0"
80.123.225.36 - - [20/Sep/2018:10:23:09 +0200] "GET /reload?ser=1537431791275 HTTP/1.1" 200 28 "http://renault.activities.at/11878015" "Mozilla/5.0 (Windows NT 6.1; WOW64; Trident/7.0; rv:11.0) like Gecko"
193.194.132.24 - - [20/Sep/2018:10:23:15 +0200] "GET /reload?ser=1537431794946 HTTP/1.1" 200 28 "http://renault.2web.at/account?loadrequest=true" "Mozilla/5.0 (Windows NT 6.1; WOW64; Trident/7.0; rv:11.0) like Gecko"
213.153.47.173 - - [20/Sep/2018:10:23:23 +0200] "GET /reload?ser=1537431803341 HTTP/1.1" 200 28 "http://renault.activities.at/login?required=true" "Mozilla/5.0 (Windows NT 10.0; Win64; x64; rv:62.0) Gecko/20100101 Firefox/62.0"
80.123.225.36 - - [20/Sep/2018:10:24:10 +0200] "GET /reload?ser=1537431852294 HTTP/1.1" 200 28 "http://renault.activities.at/11878015" "Mozilla/5.0 (Windows NT 6.1; WOW64; Trident/7.0; rv:11.0) like Gecko"
193.194.132.24 - - [20/Sep/2018:10:24:16 +0200] "GET /reload?ser=1537431856065 HTTP/1.1" 200 28 "http://renault.2web.at/account?loadrequest=true" "Mozilla/5.0 (Windows NT 6.1; WOW64; Trident/7.0; rv:11.0) like Gecko"
213.153.47.173 - - [20/Sep/2018:10:24:24 +0200] "GET /reload?ser=1537431863999 HTTP/1.1" 200 28 "http://renault.activities.at/login?required=true" "Mozilla/5.0 (Windows NT 10.0; Win64; x64; rv:62.0) Gecko/20100101 Firefox/62.0"
80.123.225.36 - - [20/Sep/2018:10:25:11 +0200] "GET /reload?ser=1537431913314 HTTP/1.1" 200 28 "http://renault.activities.at/11878015" "Mozilla/5.0 (Windows NT 6.1; WOW64; Trident/7.0; rv:11.0) like Gecko"
193.194.132.24 - - [20/Sep/2018:10:25:17 +0200] "GET /reload?ser=1537431917181 HTTP/1.1" 200 28 "http://renault.2web.at/account?loadrequest=true" "Mozilla/5.0 (Windows NT 6.1; WOW64; Trident/7.0; rv:11.0) like Gecko"
213.153.47.173 - - [20/Sep/2018:10:25:24 +0200] "GET /reload?ser=1537431924671 HTTP/1.1" 200 28 "http://renault.activities.at/login?required=true" "Mozilla/5.0 (Windows NT 10.0; Win64; x64; rv:62.0) Gecko/20100101 Firefox/62.0"
80.123.225.36 - - [20/Sep/2018:10:26:12 +0200] "GET /reload?ser=1537431974328 HTTP/1.1" 200 28 "http://renault.activities.at/11878015" "Mozilla/5.0 (Windows NT 6.1; WOW64; Trident/7.0; rv:11.0) like Gecko"
193.194.132.24 - - [20/Sep/2018:10:26:18 +0200] "GET /reload?ser=1537431978275 HTTP/1.1" 200 28 "http://renault.2web.at/account?loadrequest=true" "Mozilla/5.0 (Windows NT 6.1; WOW64; Trident/7.0; rv:11.0) like Gecko"
213.153.47.173 - - [20/Sep/2018:10:26:25 +0200] "GET /reload?ser=1537431985336 HTTP/1.1" 200 28 "http://renault.activities.at/login?required=true" "Mozilla/5.0 (Windows NT 10.0; Win64; x64; rv:62.0) Gecko/20100101 Firefox/62.0"
80.123.225.36 - - [20/Sep/2018:10:27:13 +0200] "GET /reload?ser=1537432035344 HTTP/1.1" 200 28 "http://renault.activities.at/11878015" "Mozilla/5.0 (Windows NT 6.1; WOW64; Trident/7.0; rv:11.0) like Gecko"
193.194.132.24 - - [20/Sep/2018:10:27:19 +0200] "GET /reload?ser=1537432039354 HTTP/1.1" 200 28 "http://renault.2web.at/account?loadrequest=true" "Mozilla/5.0 (Windows NT 6.1; WOW64; Trident/7.0; rv:11.0) like Gecko"
212.186.92.126 - - [20/Sep/2018:10:27:25 +0200] "GET / HTTP/1.1" 200 3683 "http://www.google.at/url?sa=t&rct=j&q=&esrc=s&source=web&cd=1&ved=2ahUKEwiZsqvWlMndAhVMKywKHfTeCv0QFjAAegQIBhAC&url=http%3A%2F%2Frenault.activities.at%2F&usg=AOvVaw3f4IMOXk6tNg001mjujamn" "Mozilla/5.0 (Windows NT 6.1; WOW64; Trident/7.0; rv:11.0) like Gecko"
212.186.92.126 - - [20/Sep/2018:10:27:26 +0200] "GET /js/default.js HTTP/1.1" 200 14698 "http://renault.activities.at/" "Mozilla/5.0 (Windows NT 6.1; WOW64; Trident/7.0; rv:11.0) like Gecko"
212.186.92.126 - - [20/Sep/2018:10:27:26 +0200] "GET /css/reset.css HTTP/1.1" 200 1356 "http://renault.activities.at/" "Mozilla/5.0 (Windows NT 6.1; WOW64; Trident/7.0; rv:11.0) like Gecko"
212.186.92.126 - - [20/Sep/2018:10:27:26 +0200] "GET /js/flashdetection.js HTTP/1.1" 200 1059 "http://renault.activities.at/" "Mozilla/5.0 (Windows NT 6.1; WOW64; Trident/7.0; rv:11.0) like Gecko"
212.186.92.126 - - [20/Sep/2018:10:27:26 +0200] "GET /css/clears.css HTTP/1.1" 200 851 "http://renault.activities.at/" "Mozilla/5.0 (Windows NT 6.1; WOW64; Trident/7.0; rv:11.0) like Gecko"
212.186.92.126 - - [20/Sep/2018:10:27:26 +0200] "GET /css/styles.css HTTP/1.1" 200 14664 "http://renault.activities.at/" "Mozilla/5.0 (Windows NT 6.1; WOW64; Trident/7.0; rv:11.0) like Gecko"
212.186.92.126 - - [20/Sep/2018:10:27:26 +0200] "GET /css/prototip.css HTTP/1.1" 200 968 "http://renault.activities.at/" "Mozilla/5.0 (Windows NT 6.1; WOW64; Trident/7.0; rv:11.0) like Gecko"
212.186.92.126 - - [20/Sep/2018:10:27:26 +0200] "GET /css/print.css HTTP/1.1" 200 543 "http://renault.activities.at/" "Mozilla/5.0 (Windows NT 6.1; WOW64; Trident/7.0; rv:11.0) like Gecko"
212.186.92.126 - - [20/Sep/2018:10:27:26 +0200] "GET /js/checkout.css HTTP/1.1" 200 359 "http://renault.activities.at/" "Mozilla/5.0 (Windows NT 6.1; WOW64; Trident/7.0; rv:11.0) like Gecko"
212.186.92.126 - - [20/Sep/2018:10:27:26 +0200] "GET /css/themes/default.css HTTP/1.1" 200 769 "http://renault.activities.at/" "Mozilla/5.0 (Windows NT 6.1; WOW64; Trident/7.0; rv:11.0) like Gecko"
212.186.92.126 - - [20/Sep/2018:10:27:26 +0200] "GET /css/themes/alphacube.css HTTP/1.1" 200 743 "http://renault.activities.at/" "Mozilla/5.0 (Windows NT 6.1; WOW64; Trident/7.0; rv:11.0) like Gecko"
213.153.47.173 - - [20/Sep/2018:10:27:26 +0200] "GET /reload?ser=1537432046012 HTTP/1.1" 200 28 "http://renault.activities.at/login?required=true" "Mozilla/5.0 (Windows NT 10.0; Win64; x64; rv:62.0) Gecko/20100101 Firefox/62.0"
212.186.92.126 - - [20/Sep/2018:10:27:26 +0200] "GET /js/index.php?c=auto&f=,prototype/prototype.js,prototype/validation.js,scriptaculous/builder.js,scriptaculous/effects.js,scriptaculous/dragdrop.js,scriptaculous/controls.js,scriptaculous/slider.js,varien/js.js,varien/form.js,varien/menu.js,mage/translate.js,mage/cookies.js,varien/product.js,spinner/SpinnerControl.jsmin.js,prototype/window.js,prototype/window_ext.js HTTP/1.1" 200 94182 "http://renault.activities.at/" "Mozilla/5.0 (Windows NT 6.1; WOW64; Trident/7.0; rv:11.0) like Gecko"
212.186.92.126 - - [20/Sep/2018:10:27:27 +0200] "GET /images/header_block_border.gif HTTP/1.1" 200 43 "http://renault.activities.at/" "Mozilla/5.0 (Windows NT 6.1; WOW64; Trident/7.0; rv:11.0) like Gecko"
212.186.92.126 - - [20/Sep/2018:10:27:27 +0200] "GET /images/header_block_corner_left_top.gif HTTP/1.1" 200 160 "http://renault.activities.at/" "Mozilla/5.0 (Windows NT 6.1; WOW64; Trident/7.0; rv:11.0) like Gecko"
212.186.92.126 - - [20/Sep/2018:10:27:27 +0200] "GET /images/main_block_border.gif HTTP/1.1" 200 43 "http://renault.activities.at/" "Mozilla/5.0 (Windows NT 6.1; WOW64; Trident/7.0; rv:11.0) like Gecko"
212.186.92.126 - - [20/Sep/2018:10:27:27 +0200] "GET /images/main_block_corner_right_bot.gif HTTP/1.1" 200 158 "http://renault.activities.at/" "Mozilla/5.0 (Windows NT 6.1; WOW64; Trident/7.0; rv:11.0) like Gecko"
212.186.92.126 - - [20/Sep/2018:10:27:27 +0200] "GET /images/header_block_corner_right_top.gif HTTP/1.1" 200 160 "http://renault.activities.at/" "Mozilla/5.0 (Windows NT 6.1; WOW64; Trident/7.0; rv:11.0) like Gecko"
212.186.92.126 - - [20/Sep/2018:10:27:27 +0200] "GET /images/main_block_corner_left_bot.gif HTTP/1.1" 200 159 "http://renault.activities.at/" "Mozilla/5.0 (Windows NT 6.1; WOW64; Trident/7.0; rv:11.0) like Gecko"
212.186.92.126 - - [20/Sep/2018:10:27:27 +0200] "GET /images/favicon.ico HTTP/1.1" 404 305 "-" "Mozilla/5.0 (Windows NT 6.1; Win64; x64; Trident/7.0; rv:11.0) like Gecko"
212.186.92.126 - - [20/Sep/2018:10:27:27 +0200] "GET /images/main_block_corner_left_top.gif HTTP/1.1" 200 159 "http://renault.activities.at/" "Mozilla/5.0 (Windows NT 6.1; WOW64; Trident/7.0; rv:11.0) like Gecko"
212.186.92.126 - - [20/Sep/2018:10:27:27 +0200] "GET /images/main_block_corner_right_top.gif HTTP/1.1" 200 159 "http://renault.activities.at/" "Mozilla/5.0 (Windows NT 6.1; WOW64; Trident/7.0; rv:11.0) like Gecko"
212.186.92.126 - - [20/Sep/2018:10:27:27 +0200] "GET /images/title_corner_left_top.jpg HTTP/1.1" 200 372 "http://renault.activities.at/" "Mozilla/5.0 (Windows NT 6.1; WOW64; Trident/7.0; rv:11.0) like Gecko"
212.186.92.126 - - [20/Sep/2018:10:27:27 +0200] "GET /images/title_border.jpg HTTP/1.1" 200 304 "http://renault.activities.at/" "Mozilla/5.0 (Windows NT 6.1; WOW64; Trident/7.0; rv:11.0) like Gecko"
212.186.92.126 - - [20/Sep/2018:10:27:27 +0200] "GET /images/title_border_top.jpg HTTP/1.1" 200 336 "http://renault.activities.at/" "Mozilla/5.0 (Windows NT 6.1; WOW64; Trident/7.0; rv:11.0) like Gecko"
