80.123.225.36 - - [25/Sep/2018:09:58:40 +0200] "GET /images/sidebar_title_corner_left_top.gif HTTP/1.1" 304 - "http://renault.activities.at/orders" "Mozilla/5.0 (compatible; MSIE 10.0; Windows NT 6.1; WOW64; Trident/6.0)"
80.123.225.36 - - [25/Sep/2018:09:58:40 +0200] "GET /images/sidebar_title_border_top.gif HTTP/1.1" 304 - "http://renault.activities.at/orders" "Mozilla/5.0 (compatible; MSIE 10.0; Windows NT 6.1; WOW64; Trident/6.0)"
80.123.225.36 - - [25/Sep/2018:09:58:40 +0200] "GET /images/sidebar_title_border.gif HTTP/1.1" 304 - "http://renault.activities.at/orders" "Mozilla/5.0 (compatible; MSIE 10.0; Windows NT 6.1; WOW64; Trident/6.0)"
80.123.225.36 - - [25/Sep/2018:09:58:40 +0200] "GET /images/button_left_bg.gif HTTP/1.1" 304 - "http://renault.activities.at/orders" "Mozilla/5.0 (compatible; MSIE 10.0; Windows NT 6.1; WOW64; Trident/6.0)"
80.123.225.36 - - [25/Sep/2018:09:58:40 +0200] "GET /images/menu_divider.gif HTTP/1.1" 304 - "http://renault.activities.at/orders" "Mozilla/5.0 (compatible; MSIE 10.0; Windows NT 6.1; WOW64; Trident/6.0)"
80.123.225.36 - - [25/Sep/2018:09:58:40 +0200] "GET /images/top_links_divider.gif HTTP/1.1" 304 - "http://renault.activities.at/orders" "Mozilla/5.0 (compatible; MSIE 10.0; Windows NT 6.1; WOW64; Trident/6.0)"
80.123.225.36 - - [25/Sep/2018:09:58:40 +0200] "GET /images/pager_bg.gif HTTP/1.1" 304 - "http://renault.activities.at/orders" "Mozilla/5.0 (compatible; MSIE 10.0; Windows NT 6.1; WOW64; Trident/6.0)"
80.123.225.36 - - [25/Sep/2018:09:58:43 +0200] "GET /images/title_border_top.jpg HTTP/1.1" 304 - "http://renault.activities.at/orders" "Mozilla/5.0 (compatible; MSIE 10.0; Windows NT 6.1; WOW64; Trident/6.0)"
80.123.225.36 - - [25/Sep/2018:09:58:45 +0200] "GET /11791961 HTTP/1.1" 200 5755 "http://renault.activities.at/orders" "Mozilla/5.0 (compatible; MSIE 10.0; Windows NT 6.1; WOW64; Trident/6.0)"
80.123.225.36 - - [25/Sep/2018:09:58:48 +0200] "GET /js/default.js HTTP/1.1" 304 - "http://renault.activities.at/11791961" "Mozilla/5.0 (compatible; MSIE 10.0; Windows NT 6.1; WOW64; Trident/6.0)"
80.123.225.36 - - [25/Sep/2018:09:58:50 +0200] "GET /css/reset.css HTTP/1.1" 304 - "http://renault.activities.at/11791961" "Mozilla/5.0 (compatible; MSIE 10.0; Windows NT 6.1; WOW64; Trident/6.0)"
80.123.225.36 - - [25/Sep/2018:09:58:50 +0200] "GET /css/styles.css HTTP/1.1" 304 - "http://renault.activities.at/11791961" "Mozilla/5.0 (compatible; MSIE 10.0; Windows NT 6.1; WOW64; Trident/6.0)"
80.123.225.36 - - [25/Sep/2018:09:58:50 +0200] "GET /css/clears.css HTTP/1.1" 304 - "http://renault.activities.at/11791961" "Mozilla/5.0 (compatible; MSIE 10.0; Windows NT 6.1; WOW64; Trident/6.0)"
80.123.225.36 - - [25/Sep/2018:09:58:50 +0200] "GET /images/icons/lupe.gif HTTP/1.1" 200 324 "http://renault.activities.at/11791961" "Mozilla/5.0 (compatible; MSIE 10.0; Windows NT 6.1; WOW64; Trident/6.0)"
80.123.225.36 - - [25/Sep/2018:09:58:52 +0200] "GET /css/print.css HTTP/1.1" 304 - "http://renault.activities.at/11791961" "Mozilla/5.0 (compatible; MSIE 10.0; Windows NT 6.1; WOW64; Trident/6.0)"
80.123.225.36 - - [25/Sep/2018:09:58:53 +0200] "GET /js/checkout.css HTTP/1.1" 304 - "http://renault.activities.at/11791961" "Mozilla/5.0 (compatible; MSIE 10.0; Windows NT 6.1; WOW64; Trident/6.0)"
80.123.225.36 - - [25/Sep/2018:09:58:54 +0200] "GET /css/themes/alphacube.css HTTP/1.1" 304 - "http://renault.activities.at/11791961" "Mozilla/5.0 (compatible; MSIE 10.0; Windows NT 6.1; WOW64; Trident/6.0)"
80.123.225.36 - - [25/Sep/2018:09:58:54 +0200] "GET /css/themes/default.css HTTP/1.1" 304 - "http://renault.activities.at/11791961" "Mozilla/5.0 (compatible; MSIE 10.0; Windows NT 6.1; WOW64; Trident/6.0)"
80.123.225.36 - - [25/Sep/2018:09:58:54 +0200] "GET /css/prototip.css HTTP/1.1" 304 - "http://renault.activities.at/11791961" "Mozilla/5.0 (compatible; MSIE 10.0; Windows NT 6.1; WOW64; Trident/6.0)"
80.123.225.36 - - [25/Sep/2018:09:58:54 +0200] "GET /images/main_block_corner_right_bot.gif HTTP/1.1" 304 - "http://renault.activities.at/11791961" "Mozilla/5.0 (compatible; MSIE 10.0; Windows NT 6.1; WOW64; Trident/6.0)"
80.123.225.36 - - [25/Sep/2018:09:58:54 +0200] "GET /images/main_block_corner_left_bot.gif HTTP/1.1" 304 - "http://renault.activities.at/11791961" "Mozilla/5.0 (compatible; MSIE 10.0; Windows NT 6.1; WOW64; Trident/6.0)"
80.123.225.36 - - [25/Sep/2018:09:58:54 +0200] "GET /images/main_block_corner_left_top.gif HTTP/1.1" 304 - "http://renault.activities.at/11791961" "Mozilla/5.0 (compatible; MSIE 10.0; Windows NT 6.1; WOW64; Trident/6.0)"
80.123.225.36 - - [25/Sep/2018:09:58:54 +0200] "GET /images/main_block_corner_right_top.gif HTTP/1.1" 304 - "http://renault.activities.at/11791961" "Mozilla/5.0 (compatible; MSIE 10.0; Windows NT 6.1; WOW64; Trident/6.0)"
80.123.225.36 - - [25/Sep/2018:09:58:54 +0200] "GET /images/main_block_border.gif HTTP/1.1" 304 - "http://renault.activities.at/11791961" "Mozilla/5.0 (compatible; MSIE 10.0; Windows NT 6.1; WOW64; Trident/6.0)"
80.123.225.36 - - [25/Sep/2018:09:58:54 +0200] "GET /images/search_bg.gif HTTP/1.1" 304 - "http://renault.activities.at/11791961" "Mozilla/5.0 (compatible; MSIE 10.0; Windows NT 6.1; WOW64; Trident/6.0)"
80.123.225.36 - - [25/Sep/2018:09:58:54 +0200] "GET /images/nav_divider.gif HTTP/1.1" 304 - "http://renault.activities.at/11791961" "Mozilla/5.0 (compatible; MSIE 10.0; Windows NT 6.1; WOW64; Trident/6.0)"
80.123.225.36 - - [25/Sep/2018:09:58:54 +0200] "GET /images/menu_button_bg.jpg HTTP/1.1" 304 - "http://renault.activities.at/11791961" "Mozilla/5.0 (compatible; MSIE 10.0; Windows NT 6.1; WOW64; Trident/6.0)"
80.123.225.36 - - [25/Sep/2018:09:58:54 +0200] "GET /images/header_block_corner_right_top.gif HTTP/1.1" 304 - "http://renault.activities.at/11791961" "Mozilla/5.0 (compatible; MSIE 10.0; Windows NT 6.1; WOW64; Trident/6.0)"
80.123.225.36 - - [25/Sep/2018:09:58:54 +0200] "GET /images/header_block_corner_left_top.gif HTTP/1.1" 304 - "http://renault.activities.at/11791961" "Mozilla/5.0 (compatible; MSIE 10.0; Windows NT 6.1; WOW64; Trident/6.0)"
80.123.225.36 - - [25/Sep/2018:09:58:54 +0200] "GET /images/header_block_border.gif HTTP/1.1" 304 - "http://renault.activities.at/11791961" "Mozilla/5.0 (compatible; MSIE 10.0; Windows NT 6.1; WOW64; Trident/6.0)"
80.123.225.36 - - [25/Sep/2018:09:58:54 +0200] "GET /images/footer_divider.gif HTTP/1.1" 304 - "http://renault.activities.at/11791961" "Mozilla/5.0 (compatible; MSIE 10.0; Windows NT 6.1; WOW64; Trident/6.0)"
80.123.225.36 - - [25/Sep/2018:09:58:54 +0200] "GET /images/pager_bg.gif HTTP/1.1" 304 - "http://renault.activities.at/11791961" "Mozilla/5.0 (compatible; MSIE 10.0; Windows NT 6.1; WOW64; Trident/6.0)"
80.123.225.36 - - [25/Sep/2018:09:58:54 +0200] "GET /images/title_corner_right_top.jpg HTTP/1.1" 304 - "http://renault.activities.at/11791961" "Mozilla/5.0 (compatible; MSIE 10.0; Windows NT 6.1; WOW64; Trident/6.0)"
80.123.225.36 - - [25/Sep/2018:09:58:54 +0200] "GET /images/title_corner_left_top.jpg HTTP/1.1" 304 - "http://renault.activities.at/11791961" "Mozilla/5.0 (compatible; MSIE 10.0; Windows NT 6.1; WOW64; Trident/6.0)"
80.123.225.36 - - [25/Sep/2018:09:58:54 +0200] "GET /images/title_border_top.jpg HTTP/1.1" 304 - "http://renault.activities.at/11791961" "Mozilla/5.0 (compatible; MSIE 10.0; Windows NT 6.1; WOW64; Trident/6.0)"
80.123.225.36 - - [25/Sep/2018:09:58:54 +0200] "GET /images/title_border.jpg HTTP/1.1" 304 - "http://renault.activities.at/11791961" "Mozilla/5.0 (compatible; MSIE 10.0; Windows NT 6.1; WOW64; Trident/6.0)"
80.123.225.36 - - [25/Sep/2018:09:58:54 +0200] "GET /images/button_bg.gif HTTP/1.1" 304 - "http://renault.activities.at/11791961" "Mozilla/5.0 (compatible; MSIE 10.0; Windows NT 6.1; WOW64; Trident/6.0)"
80.123.225.36 - - [25/Sep/2018:09:58:54 +0200] "GET /images/button_right_bg.gif HTTP/1.1" 304 - "http://renault.activities.at/11791961" "Mozilla/5.0 (compatible; MSIE 10.0; Windows NT 6.1; WOW64; Trident/6.0)"
80.123.225.36 - - [25/Sep/2018:09:58:54 +0200] "GET /images/sidebar_title_corner_right_top.gif HTTP/1.1" 304 - "http://renault.activities.at/11791961" "Mozilla/5.0 (compatible; MSIE 10.0; Windows NT 6.1; WOW64; Trident/6.0)"
80.123.225.36 - - [25/Sep/2018:09:58:54 +0200] "GET /images/sidebar_title_corner_left_top.gif HTTP/1.1" 304 - "http://renault.activities.at/11791961" "Mozilla/5.0 (compatible; MSIE 10.0; Windows NT 6.1; WOW64; Trident/6.0)"
80.123.225.36 - - [25/Sep/2018:09:58:54 +0200] "GET /images/sidebar_title_border_top.gif HTTP/1.1" 304 - "http://renault.activities.at/11791961" "Mozilla/5.0 (compatible; MSIE 10.0; Windows NT 6.1; WOW64; Trident/6.0)"
80.123.225.36 - - [25/Sep/2018:09:58:54 +0200] "GET /images/sidebar_title_border.gif HTTP/1.1" 304 - "http://renault.activities.at/11791961" "Mozilla/5.0 (compatible; MSIE 10.0; Windows NT 6.1; WOW64; Trident/6.0)"
80.123.225.36 - - [25/Sep/2018:09:58:54 +0200] "GET /images/button_left_bg.gif HTTP/1.1" 304 - "http://renault.activities.at/11791961" "Mozilla/5.0 (compatible; MSIE 10.0; Windows NT 6.1; WOW64; Trident/6.0)"
80.123.225.36 - - [25/Sep/2018:09:58:55 +0200] "GET /images/menu_divider.gif HTTP/1.1" 304 - "http://renault.activities.at/11791961" "Mozilla/5.0 (compatible; MSIE 10.0; Windows NT 6.1; WOW64; Trident/6.0)"
80.123.225.36 - - [25/Sep/2018:09:58:55 +0200] "GET /images/top_links_divider.gif HTTP/1.1" 304 - "http://renault.activities.at/11791961" "Mozilla/5.0 (compatible; MSIE 10.0; Windows NT 6.1; WOW64; Trident/6.0)"
91.114.99.206 - - [25/Sep/2018:09:59:01 +0200] "GET /reload?ser=1537862341029 HTTP/1.1" 200 28 "http://renault.activities.at/11820559" "Mozilla/5.0 (Windows NT 6.1; WOW64; Trident/7.0; rv:11.0) like Gecko"
213.153.47.173 - - [25/Sep/2018:09:59:10 +0200] "GET /reload?ser=1537862350375 HTTP/1.1" 200 28 "http://renault.activities.at/login?required=true" "Mozilla/5.0 (Windows NT 10.0; Win64; x64; rv:62.0) Gecko/20100101 Firefox/62.0"
91.114.99.206 - - [25/Sep/2018:10:00:02 +0200] "GET /reload?ser=1537862401993 HTTP/1.1" 200 28 "http://renault.activities.at/11820559" "Mozilla/5.0 (Windows NT 6.1; WOW64; Trident/7.0; rv:11.0) like Gecko"
213.153.47.173 - - [25/Sep/2018:10:00:11 +0200] "GET /reload?ser=1537862411056 HTTP/1.1" 200 28 "http://renault.activities.at/login?required=true" "Mozilla/5.0 (Windows NT 10.0; Win64; x64; rv:62.0) Gecko/20100101 Firefox/62.0"
138.21.12.22 - - [25/Sep/2018:10:00:30 +0200] "GET /account HTTP/1.1" 302 146 "-" "Mozilla/5.0 (Windows NT 6.1; WOW64; Trident/7.0; rv:11.0) like Gecko"
138.21.12.22 - - [25/Sep/2018:10:00:31 +0200] "GET /login?required=true HTTP/1.1" 200 2095 "-" "Mozilla/5.0 (Windows NT 6.1; WOW64; Trident/7.0; rv:11.0) like Gecko"
138.21.12.21 - - [25/Sep/2018:10:00:32 +0200] "GET /loadthumbnail.php?id=11127982 HTTP/1.1" 200 586642 "-" "Mozilla/4.0 (compatible;)"
138.21.12.22 - - [25/Sep/2018:10:00:38 +0200] "POST /login HTTP/1.1" 302 149 "http://renault.2web.at/login?required=true" "Mozilla/5.0 (Windows NT 6.1; WOW64; Trident/7.0; rv:11.0) like Gecko"
138.21.12.22 - - [25/Sep/2018:10:00:40 +0200] "GET /account?loadrequest=true HTTP/1.1" 200 10015 "http://renault.2web.at/login?required=true" "Mozilla/5.0 (Windows NT 6.1; WOW64; Trident/7.0; rv:11.0) like Gecko"
138.21.12.22 - - [25/Sep/2018:10:00:47 +0200] "GET /loadthumbnail.php?id=10203651&width=50&height=50 HTTP/1.1" 200 1234 "http://renault.2web.at/account?loadrequest=true" "Mozilla/5.0 (Windows NT 6.1; WOW64; Trident/7.0; rv:11.0) like Gecko"
138.21.12.22 - - [25/Sep/2018:10:00:47 +0200] "GET /loadthumbnail.php?id=11489808&width=50&height=50 HTTP/1.1" 200 1333 "http://renault.2web.at/account?loadrequest=true" "Mozilla/5.0 (Windows NT 6.1; WOW64; Trident/7.0; rv:11.0) like Gecko"
138.21.12.22 - - [25/Sep/2018:10:00:47 +0200] "GET /loadthumbnail.php?id=11846537&width=50&height=50 HTTP/1.1" 200 815 "http://renault.2web.at/account?loadrequest=true" "Mozilla/5.0 (Windows NT 6.1; WOW64; Trident/7.0; rv:11.0) like Gecko"
138.21.12.22 - - [25/Sep/2018:10:00:47 +0200] "GET /loadthumbnail.php?id=11138561&width=50&height=50 HTTP/1.1" 200 802 "http://renault.2web.at/account?loadrequest=true" "Mozilla/5.0 (Windows NT 6.1; WOW64; Trident/7.0; rv:11.0) like Gecko"
138.21.12.22 - - [25/Sep/2018:10:00:47 +0200] "GET /loadthumbnail.php?id=11883942&width=50&height=50 HTTP/1.1" 200 1105 "http://renault.2web.at/account?loadrequest=true" "Mozilla/5.0 (Windows NT 6.1; WOW64; Trident/7.0; rv:11.0) like Gecko"
91.114.99.206 - - [25/Sep/2018:10:01:03 +0200] "GET /reload?ser=1537862463038 HTTP/1.1" 200 28 "http://renault.activities.at/11820559" "Mozilla/5.0 (Windows NT 6.1; WOW64; Trident/7.0; rv:11.0) like Gecko"
213.153.47.173 - - [25/Sep/2018:10:01:11 +0200] "GET /reload?ser=1537862471717 HTTP/1.1" 200 28 "http://renault.activities.at/login?required=true" "Mozilla/5.0 (Windows NT 10.0; Win64; x64; rv:62.0) Gecko/20100101 Firefox/62.0"
80.123.225.36 - - [25/Sep/2018:10:01:31 +0200] "GET /account HTTP/1.1" 200 5913 "-" "Mozilla/5.0 (compatible; MSIE 10.0; Windows NT 6.1; WOW64; Trident/6.0)"
80.123.225.36 - - [25/Sep/2018:10:01:32 +0200] "GET /js/default.js HTTP/1.1" 304 - "http://renault.activities.at/account" "Mozilla/5.0 (compatible; MSIE 10.0; Windows NT 6.1; WOW64; Trident/6.0)"
80.123.225.36 - - [25/Sep/2018:10:01:32 +0200] "GET /css/reset.css HTTP/1.1" 304 - "http://renault.activities.at/account" "Mozilla/5.0 (compatible; MSIE 10.0; Windows NT 6.1; WOW64; Trident/6.0)"
80.123.225.36 - - [25/Sep/2018:10:01:32 +0200] "GET /css/styles.css HTTP/1.1" 304 - "http://renault.activities.at/account" "Mozilla/5.0 (compatible; MSIE 10.0; Windows NT 6.1; WOW64; Trident/6.0)"
80.123.225.36 - - [25/Sep/2018:10:01:32 +0200] "GET /css/clears.css HTTP/1.1" 304 - "http://renault.activities.at/account" "Mozilla/5.0 (compatible; MSIE 10.0; Windows NT 6.1; WOW64; Trident/6.0)"
80.123.225.36 - - [25/Sep/2018:10:01:32 +0200] "GET /css/print.css HTTP/1.1" 304 - "http://renault.activities.at/account" "Mozilla/5.0 (compatible; MSIE 10.0; Windows NT 6.1; WOW64; Trident/6.0)"
80.123.225.36 - - [25/Sep/2018:10:01:32 +0200] "GET /js/checkout.css HTTP/1.1" 304 - "http://renault.activities.at/account" "Mozilla/5.0 (compatible; MSIE 10.0; Windows NT 6.1; WOW64; Trident/6.0)"
80.123.225.36 - - [25/Sep/2018:10:01:32 +0200] "GET /css/prototip.css HTTP/1.1" 304 - "http://renault.activities.at/account" "Mozilla/5.0 (compatible; MSIE 10.0; Windows NT 6.1; WOW64; Trident/6.0)"
80.123.225.36 - - [25/Sep/2018:10:01:32 +0200] "GET /css/themes/default.css HTTP/1.1" 304 - "http://renault.activities.at/account" "Mozilla/5.0 (compatible; MSIE 10.0; Windows NT 6.1; WOW64; Trident/6.0)"
80.123.225.36 - - [25/Sep/2018:10:01:32 +0200] "GET /css/themes/alphacube.css HTTP/1.1" 304 - "http://renault.activities.at/account" "Mozilla/5.0 (compatible; MSIE 10.0; Windows NT 6.1; WOW64; Trident/6.0)"
80.123.225.36 - - [25/Sep/2018:10:01:32 +0200] "GET /js/account.js HTTP/1.1" 304 - "http://renault.activities.at/account" "Mozilla/5.0 (compatible; MSIE 10.0; Windows NT 6.1; WOW64; Trident/6.0)"
80.123.225.36 - - [25/Sep/2018:10:01:33 +0200] "GET /images/header_block_border.gif HTTP/1.1" 304 - "http://renault.activities.at/account" "Mozilla/5.0 (compatible; MSIE 10.0; Windows NT 6.1; WOW64; Trident/6.0)"
80.123.225.36 - - [25/Sep/2018:10:01:33 +0200] "GET /images/header_block_corner_left_top.gif HTTP/1.1" 304 - "http://renault.activities.at/account" "Mozilla/5.0 (compatible; MSIE 10.0; Windows NT 6.1; WOW64; Trident/6.0)"
80.123.225.36 - - [25/Sep/2018:10:01:33 +0200] "GET /images/header_block_corner_right_top.gif HTTP/1.1" 304 - "http://renault.activities.at/account" "Mozilla/5.0 (compatible; MSIE 10.0; Windows NT 6.1; WOW64; Trident/6.0)"
80.123.225.36 - - [25/Sep/2018:10:01:33 +0200] "GET /images/menu_button_bg.jpg HTTP/1.1" 304 - "http://renault.activities.at/account" "Mozilla/5.0 (compatible; MSIE 10.0; Windows NT 6.1; WOW64; Trident/6.0)"
80.123.225.36 - - [25/Sep/2018:10:01:33 +0200] "GET /images/nav_divider.gif HTTP/1.1" 304 - "http://renault.activities.at/account" "Mozilla/5.0 (compatible; MSIE 10.0; Windows NT 6.1; WOW64; Trident/6.0)"
80.123.225.36 - - [25/Sep/2018:10:01:33 +0200] "GET /images/search_bg.gif HTTP/1.1" 304 - "http://renault.activities.at/account" "Mozilla/5.0 (compatible; MSIE 10.0; Windows NT 6.1; WOW64; Trident/6.0)"
80.123.225.36 - - [25/Sep/2018:10:01:33 +0200] "GET /images/main_block_border.gif HTTP/1.1" 304 - "http://renault.activities.at/account" "Mozilla/5.0 (compatible; MSIE 10.0; Windows NT 6.1; WOW64; Trident/6.0)"
80.123.225.36 - - [25/Sep/2018:10:01:33 +0200] "GET /images/main_block_corner_left_top.gif HTTP/1.1" 304 - "http://renault.activities.at/account" "Mozilla/5.0 (compatible; MSIE 10.0; Windows NT 6.1; WOW64; Trident/6.0)"
80.123.225.36 - - [25/Sep/2018:10:01:33 +0200] "GET /images/main_block_corner_right_top.gif HTTP/1.1" 304 - "http://renault.activities.at/account" "Mozilla/5.0 (compatible; MSIE 10.0; Windows NT 6.1; WOW64; Trident/6.0)"
80.123.225.36 - - [25/Sep/2018:10:01:33 +0200] "GET /images/main_block_corner_left_bot.gif HTTP/1.1" 304 - "http://renault.activities.at/account" "Mozilla/5.0 (compatible; MSIE 10.0; Windows NT 6.1; WOW64; Trident/6.0)"
80.123.225.36 - - [25/Sep/2018:10:01:33 +0200] "GET /images/main_block_corner_right_bot.gif HTTP/1.1" 304 - "http://renault.activities.at/account" "Mozilla/5.0 (compatible; MSIE 10.0; Windows NT 6.1; WOW64; Trident/6.0)"
80.123.225.36 - - [25/Sep/2018:10:01:33 +0200] "GET /images/top_links_divider.gif HTTP/1.1" 304 - "http://renault.activities.at/account" "Mozilla/5.0 (compatible; MSIE 10.0; Windows NT 6.1; WOW64; Trident/6.0)"
80.123.225.36 - - [25/Sep/2018:10:01:33 +0200] "GET /images/menu_divider.gif HTTP/1.1" 304 - "http://renault.activities.at/account" "Mozilla/5.0 (compatible; MSIE 10.0; Windows NT 6.1; WOW64; Trident/6.0)"
80.123.225.36 - - [25/Sep/2018:10:01:33 +0200] "GET /images/button_left_bg.gif HTTP/1.1" 304 - "http://renault.activities.at/account" "Mozilla/5.0 (compatible; MSIE 10.0; Windows NT 6.1; WOW64; Trident/6.0)"
80.123.225.36 - - [25/Sep/2018:10:01:33 +0200] "GET /images/sidebar_title_border.gif HTTP/1.1" 304 - "http://renault.activities.at/account" "Mozilla/5.0 (compatible; MSIE 10.0; Windows NT 6.1; WOW64; Trident/6.0)"
80.123.225.36 - - [25/Sep/2018:10:01:33 +0200] "GET /images/sidebar_title_border_top.gif HTTP/1.1" 304 - "http://renault.activities.at/account" "Mozilla/5.0 (compatible; MSIE 10.0; Windows NT 6.1; WOW64; Trident/6.0)"
80.123.225.36 - - [25/Sep/2018:10:01:33 +0200] "GET /images/sidebar_title_corner_left_top.gif HTTP/1.1" 304 - "http://renault.activities.at/account" "Mozilla/5.0 (compatible; MSIE 10.0; Windows NT 6.1; WOW64; Trident/6.0)"
80.123.225.36 - - [25/Sep/2018:10:01:33 +0200] "GET /images/sidebar_title_corner_right_top.gif HTTP/1.1" 304 - "http://renault.activities.at/account" "Mozilla/5.0 (compatible; MSIE 10.0; Windows NT 6.1; WOW64; Trident/6.0)"
80.123.225.36 - - [25/Sep/2018:10:01:33 +0200] "GET /images/button_right_bg.gif HTTP/1.1" 304 - "http://renault.activities.at/account" "Mozilla/5.0 (compatible; MSIE 10.0; Windows NT 6.1; WOW64; Trident/6.0)"
80.123.225.36 - - [25/Sep/2018:10:01:33 +0200] "GET /images/button_bg.gif HTTP/1.1" 304 - "http://renault.activities.at/account" "Mozilla/5.0 (compatible; MSIE 10.0; Windows NT 6.1; WOW64; Trident/6.0)"
80.123.225.36 - - [25/Sep/2018:10:01:33 +0200] "GET /images/title_border.jpg HTTP/1.1" 304 - "http://renault.activities.at/account" "Mozilla/5.0 (compatible; MSIE 10.0; Windows NT 6.1; WOW64; Trident/6.0)"
80.123.225.36 - - [25/Sep/2018:10:01:33 +0200] "GET /images/title_border_top.jpg HTTP/1.1" 304 - "http://renault.activities.at/account" "Mozilla/5.0 (compatible; MSIE 10.0; Windows NT 6.1; WOW64; Trident/6.0)"
80.123.225.36 - - [25/Sep/2018:10:01:33 +0200] "GET /images/title_corner_left_top.jpg HTTP/1.1" 304 - "http://renault.activities.at/account" "Mozilla/5.0 (compatible; MSIE 10.0; Windows NT 6.1; WOW64; Trident/6.0)"
80.123.225.36 - - [25/Sep/2018:10:01:33 +0200] "GET /images/title_corner_right_top.jpg HTTP/1.1" 304 - "http://renault.activities.at/account" "Mozilla/5.0 (compatible; MSIE 10.0; Windows NT 6.1; WOW64; Trident/6.0)"
80.123.225.36 - - [25/Sep/2018:10:01:33 +0200] "GET /images/footer_divider.gif HTTP/1.1" 304 - "http://renault.activities.at/account" "Mozilla/5.0 (compatible; MSIE 10.0; Windows NT 6.1; WOW64; Trident/6.0)"
80.123.225.36 - - [25/Sep/2018:10:01:36 +0200] "GET /result?searchterm=true&search=REH5326 HTTP/1.1" 200 4570 "http://renault.activities.at/account" "Mozilla/5.0 (compatible; MSIE 10.0; Windows NT 6.1; WOW64; Trident/6.0)"
80.123.225.36 - - [25/Sep/2018:10:01:37 +0200] "GET /js/default.js HTTP/1.1" 304 - "http://renault.activities.at/result?searchterm=true&search=REH5326" "Mozilla/5.0 (compatible; MSIE 10.0; Windows NT 6.1; WOW64; Trident/6.0)"
80.123.225.36 - - [25/Sep/2018:10:01:37 +0200] "GET /js/prototip.js HTTP/1.1" 304 - "http://renault.activities.at/result?searchterm=true&search=REH5326" "Mozilla/5.0 (compatible; MSIE 10.0; Windows NT 6.1; WOW64; Trident/6.0)"
80.123.225.36 - - [25/Sep/2018:10:01:37 +0200] "GET /css/reset.css HTTP/1.1" 304 - "http://renault.activities.at/result?searchterm=true&search=REH5326" "Mozilla/5.0 (compatible; MSIE 10.0; Windows NT 6.1; WOW64; Trident/6.0)"
80.123.225.36 - - [25/Sep/2018:10:01:37 +0200] "GET /css/styles.css HTTP/1.1" 304 - "http://renault.activities.at/result?searchterm=true&search=REH5326" "Mozilla/5.0 (compatible; MSIE 10.0; Windows NT 6.1; WOW64; Trident/6.0)"
80.123.225.36 - - [25/Sep/2018:10:01:37 +0200] "GET /css/clears.css HTTP/1.1" 304 - "http://renault.activities.at/result?searchterm=true&search=REH5326" "Mozilla/5.0 (compatible; MSIE 10.0; Windows NT 6.1; WOW64; Trident/6.0)"
80.123.225.36 - - [25/Sep/2018:10:01:37 +0200] "GET /css/print.css HTTP/1.1" 304 - "http://renault.activities.at/result?searchterm=true&search=REH5326" "Mozilla/5.0 (compatible; MSIE 10.0; Windows NT 6.1; WOW64; Trident/6.0)"
80.123.225.36 - - [25/Sep/2018:10:01:37 +0200] "GET /js/checkout.css HTTP/1.1" 304 - "http://renault.activities.at/result?searchterm=true&search=REH5326" "Mozilla/5.0 (compatible; MSIE 10.0; Windows NT 6.1; WOW64; Trident/6.0)"
80.123.225.36 - - [25/Sep/2018:10:01:37 +0200] "GET /css/prototip.css HTTP/1.1" 304 - "http://renault.activities.at/result?searchterm=true&search=REH5326" "Mozilla/5.0 (compatible; MSIE 10.0; Windows NT 6.1; WOW64; Trident/6.0)"
80.123.225.36 - - [25/Sep/2018:10:01:37 +0200] "GET /css/themes/default.css HTTP/1.1" 304 - "http://renault.activities.at/result?searchterm=true&search=REH5326" "Mozilla/5.0 (compatible; MSIE 10.0; Windows NT 6.1; WOW64; Trident/6.0)"
80.123.225.36 - - [25/Sep/2018:10:01:37 +0200] "GET /css/themes/alphacube.css HTTP/1.1" 304 - "http://renault.activities.at/result?searchterm=true&search=REH5326" "Mozilla/5.0 (compatible; MSIE 10.0; Windows NT 6.1; WOW64; Trident/6.0)"
80.123.225.36 - - [25/Sep/2018:10:01:37 +0200] "GET /js/ProduktGrp.js HTTP/1.1" 304 - "http://renault.activities.at/result?searchterm=true&search=REH5326" "Mozilla/5.0 (compatible; MSIE 10.0; Windows NT 6.1; WOW64; Trident/6.0)"
80.123.225.36 - - [25/Sep/2018:10:01:37 +0200] "GET /images/loading.gif HTTP/1.1" 304 - "http://renault.activities.at/result?searchterm=true&search=REH5326" "Mozilla/5.0 (compatible; MSIE 10.0; Windows NT 6.1; WOW64; Trident/6.0)"
80.123.225.36 - - [25/Sep/2018:10:01:37 +0200] "GET /images/main_block_corner_right_bot.gif HTTP/1.1" 304 - "http://renault.activities.at/result?searchterm=true&search=REH5326" "Mozilla/5.0 (compatible; MSIE 10.0; Windows NT 6.1; WOW64; Trident/6.0)"
80.123.225.36 - - [25/Sep/2018:10:01:37 +0200] "GET /images/main_block_corner_left_bot.gif HTTP/1.1" 304 - "http://renault.activities.at/result?searchterm=true&search=REH5326" "Mozilla/5.0 (compatible; MSIE 10.0; Windows NT 6.1; WOW64; Trident/6.0)"
80.123.225.36 - - [25/Sep/2018:10:01:37 +0200] "GET /images/main_block_corner_right_top.gif HTTP/1.1" 304 - "http://renault.activities.at/result?searchterm=true&search=REH5326" "Mozilla/5.0 (compatible; MSIE 10.0; Windows NT 6.1; WOW64; Trident/6.0)"
80.123.225.36 - - [25/Sep/2018:10:01:37 +0200] "GET /images/main_block_corner_left_top.gif HTTP/1.1" 304 - "http://renault.activities.at/result?searchterm=true&search=REH5326" "Mozilla/5.0 (compatible; MSIE 10.0; Windows NT 6.1; WOW64; Trident/6.0)"
80.123.225.36 - - [25/Sep/2018:10:01:37 +0200] "GET /images/main_block_border.gif HTTP/1.1" 304 - "http://renault.activities.at/result?searchterm=true&search=REH5326" "Mozilla/5.0 (compatible; MSIE 10.0; Windows NT 6.1; WOW64; Trident/6.0)"
80.123.225.36 - - [25/Sep/2018:10:01:37 +0200] "GET /images/search_bg.gif HTTP/1.1" 304 - "http://renault.activities.at/result?searchterm=true&search=REH5326" "Mozilla/5.0 (compatible; MSIE 10.0; Windows NT 6.1; WOW64; Trident/6.0)"
80.123.225.36 - - [25/Sep/2018:10:01:37 +0200] "GET /images/nav_divider.gif HTTP/1.1" 304 - "http://renault.activities.at/result?searchterm=true&search=REH5326" "Mozilla/5.0 (compatible; MSIE 10.0; Windows NT 6.1; WOW64; Trident/6.0)"
80.123.225.36 - - [25/Sep/2018:10:01:38 +0200] "GET /images/menu_button_bg.jpg HTTP/1.1" 304 - "http://renault.activities.at/result?searchterm=true&search=REH5326" "Mozilla/5.0 (compatible; MSIE 10.0; Windows NT 6.1; WOW64; Trident/6.0)"
80.123.225.36 - - [25/Sep/2018:10:01:38 +0200] "GET /images/header_block_corner_right_top.gif HTTP/1.1" 304 - "http://renault.activities.at/result?searchterm=true&search=REH5326" "Mozilla/5.0 (compatible; MSIE 10.0; Windows NT 6.1; WOW64; Trident/6.0)"
80.123.225.36 - - [25/Sep/2018:10:01:38 +0200] "GET /images/header_block_corner_left_top.gif HTTP/1.1" 304 - "http://renault.activities.at/result?searchterm=true&search=REH5326" "Mozilla/5.0 (compatible; MSIE 10.0; Windows NT 6.1; WOW64; Trident/6.0)"
80.123.225.36 - - [25/Sep/2018:10:01:38 +0200] "GET /images/header_block_border.gif HTTP/1.1" 304 - "http://renault.activities.at/result?searchterm=true&search=REH5326" "Mozilla/5.0 (compatible; MSIE 10.0; Windows NT 6.1; WOW64; Trident/6.0)"
80.123.225.36 - - [25/Sep/2018:10:01:38 +0200] "GET /images/note_msg_icon.gif HTTP/1.1" 200 1022 "http://renault.activities.at/result?searchterm=true&search=REH5326" "Mozilla/5.0 (compatible; MSIE 10.0; Windows NT 6.1; WOW64; Trident/6.0)"
80.123.225.36 - - [25/Sep/2018:10:01:38 +0200] "GET /images/title_corner_right_top.jpg HTTP/1.1" 304 - "http://renault.activities.at/result?searchterm=true&search=REH5326" "Mozilla/5.0 (compatible; MSIE 10.0; Windows NT 6.1; WOW64; Trident/6.0)"
80.123.225.36 - - [25/Sep/2018:10:01:38 +0200] "GET /images/title_corner_left_top.jpg HTTP/1.1" 304 - "http://renault.activities.at/result?searchterm=true&search=REH5326" "Mozilla/5.0 (compatible; MSIE 10.0; Windows NT 6.1; WOW64; Trident/6.0)"
80.123.225.36 - - [25/Sep/2018:10:01:38 +0200] "GET /images/title_border_top.jpg HTTP/1.1" 304 - "http://renault.activities.at/result?searchterm=true&search=REH5326" "Mozilla/5.0 (compatible; MSIE 10.0; Windows NT 6.1; WOW64; Trident/6.0)"
80.123.225.36 - - [25/Sep/2018:10:01:38 +0200] "GET /images/title_border.jpg HTTP/1.1" 304 - "http://renault.activities.at/result?searchterm=true&search=REH5326" "Mozilla/5.0 (compatible; MSIE 10.0; Windows NT 6.1; WOW64; Trident/6.0)"
80.123.225.36 - - [25/Sep/2018:10:01:38 +0200] "GET /images/button_bg.gif HTTP/1.1" 304 - "http://renault.activities.at/result?searchterm=true&search=REH5326" "Mozilla/5.0 (compatible; MSIE 10.0; Windows NT 6.1; WOW64; Trident/6.0)"
80.123.225.36 - - [25/Sep/2018:10:01:38 +0200] "GET /images/button_right_bg.gif HTTP/1.1" 304 - "http://renault.activities.at/result?searchterm=true&search=REH5326" "Mozilla/5.0 (compatible; MSIE 10.0; Windows NT 6.1; WOW64; Trident/6.0)"
80.123.225.36 - - [25/Sep/2018:10:01:38 +0200] "GET /images/sidebar_title_corner_right_top.gif HTTP/1.1" 304 - "http://renault.activities.at/result?searchterm=true&search=REH5326" "Mozilla/5.0 (compatible; MSIE 10.0; Windows NT 6.1; WOW64; Trident/6.0)"
80.123.225.36 - - [25/Sep/2018:10:01:38 +0200] "GET /images/sidebar_title_corner_left_top.gif HTTP/1.1" 304 - "http://renault.activities.at/result?searchterm=true&search=REH5326" "Mozilla/5.0 (compatible; MSIE 10.0; Windows NT 6.1; WOW64; Trident/6.0)"
80.123.225.36 - - [25/Sep/2018:10:01:38 +0200] "GET /images/sidebar_title_border_top.gif HTTP/1.1" 304 - "http://renault.activities.at/result?searchterm=true&search=REH5326" "Mozilla/5.0 (compatible; MSIE 10.0; Windows NT 6.1; WOW64; Trident/6.0)"
80.123.225.36 - - [25/Sep/2018:10:01:38 +0200] "GET /images/sidebar_title_border.gif HTTP/1.1" 304 - "http://renault.activities.at/result?searchterm=true&search=REH5326" "Mozilla/5.0 (compatible; MSIE 10.0; Windows NT 6.1; WOW64; Trident/6.0)"
80.123.225.36 - - [25/Sep/2018:10:01:38 +0200] "GET /images/button_left_bg.gif HTTP/1.1" 304 - "http://renault.activities.at/result?searchterm=true&search=REH5326" "Mozilla/5.0 (compatible; MSIE 10.0; Windows NT 6.1; WOW64; Trident/6.0)"
80.123.225.36 - - [25/Sep/2018:10:01:38 +0200] "GET /images/menu_divider.gif HTTP/1.1" 304 - "http://renault.activities.at/result?searchterm=true&search=REH5326" "Mozilla/5.0 (compatible; MSIE 10.0; Windows NT 6.1; WOW64; Trident/6.0)"
80.123.225.36 - - [25/Sep/2018:10:01:38 +0200] "GET /images/top_links_divider.gif HTTP/1.1" 304 - "http://renault.activities.at/result?searchterm=true&search=REH5326" "Mozilla/5.0 (compatible; MSIE 10.0; Windows NT 6.1; WOW64; Trident/6.0)"
80.123.225.36 - - [25/Sep/2018:10:01:38 +0200] "GET /images/footer_divider.gif HTTP/1.1" 304 - "http://renault.activities.at/result?searchterm=true&search=REH5326" "Mozilla/5.0 (compatible; MSIE 10.0; Windows NT 6.1; WOW64; Trident/6.0)"
138.21.12.22 - - [25/Sep/2018:10:01:48 +0200] "GET /reload?ser=1537862508341 HTTP/1.1" 200 28 "http://renault.2web.at/account?loadrequest=true" "Mozilla/5.0 (Windows NT 6.1; WOW64; Trident/7.0; rv:11.0) like Gecko"
91.114.99.206 - - [25/Sep/2018:10:02:04 +0200] "GET /reload?ser=1537862524026 HTTP/1.1" 200 28 "http://renault.activities.at/11820559" "Mozilla/5.0 (Windows NT 6.1; WOW64; Trident/7.0; rv:11.0) like Gecko"
213.153.47.173 - - [25/Sep/2018:10:02:12 +0200] "GET /reload?ser=1537862532399 HTTP/1.1" 200 28 "http://renault.activities.at/login?required=true" "Mozilla/5.0 (Windows NT 10.0; Win64; x64; rv:62.0) Gecko/20100101 Firefox/62.0"
80.123.225.36 - - [25/Sep/2018:10:02:38 +0200] "GET /reload?ser=1537862558812 HTTP/1.1" 200 28 "http://renault.activities.at/result?searchterm=true&search=REH5326" "Mozilla/5.0 (compatible; MSIE 10.0; Windows NT 6.1; WOW64; Trident/6.0)"
138.21.12.22 - - [25/Sep/2018:10:02:49 +0200] "GET /reload?ser=1537862569559 HTTP/1.1" 200 28 "http://renault.2web.at/account?loadrequest=true" "Mozilla/5.0 (Windows NT 6.1; WOW64; Trident/7.0; rv:11.0) like Gecko"
91.114.99.206 - - [25/Sep/2018:10:03:05 +0200] "GET /reload?ser=1537862585019 HTTP/1.1" 200 28 "http://renault.activities.at/11820559" "Mozilla/5.0 (Windows NT 6.1; WOW64; Trident/7.0; rv:11.0) like Gecko"
213.153.47.173 - - [25/Sep/2018:10:03:13 +0200] "GET /reload?ser=1537862593059 HTTP/1.1" 200 28 "http://renault.activities.at/login?required=true" "Mozilla/5.0 (Windows NT 10.0; Win64; x64; rv:62.0) Gecko/20100101 Firefox/62.0"
80.123.225.36 - - [25/Sep/2018:10:03:39 +0200] "GET /reload?ser=1537862619852 HTTP/1.1" 200 28 "http://renault.activities.at/result?searchterm=true&search=REH5326" "Mozilla/5.0 (compatible; MSIE 10.0; Windows NT 6.1; WOW64; Trident/6.0)"
138.21.12.22 - - [25/Sep/2018:10:03:50 +0200] "GET /reload?ser=1537862630594 HTTP/1.1" 200 28 "http://renault.2web.at/account?loadrequest=true" "Mozilla/5.0 (Windows NT 6.1; WOW64; Trident/7.0; rv:11.0) like Gecko"
91.114.99.206 - - [25/Sep/2018:10:04:06 +0200] "GET /reload?ser=1537862645988 HTTP/1.1" 200 28 "http://renault.activities.at/11820559" "Mozilla/5.0 (Windows NT 6.1; WOW64; Trident/7.0; rv:11.0) like Gecko"
213.153.47.173 - - [25/Sep/2018:10:04:13 +0200] "GET /reload?ser=1537862653721 HTTP/1.1" 200 28 "http://renault.activities.at/login?required=true" "Mozilla/5.0 (Windows NT 10.0; Win64; x64; rv:62.0) Gecko/20100101 Firefox/62.0"
80.123.225.36 - - [25/Sep/2018:10:04:40 +0200] "GET /reload?ser=1537862680851 HTTP/1.1" 200 28 "http://renault.activities.at/result?searchterm=true&search=REH5326" "Mozilla/5.0 (compatible; MSIE 10.0; Windows NT 6.1; WOW64; Trident/6.0)"
138.21.12.22 - - [25/Sep/2018:10:04:51 +0200] "GET /reload?ser=1537862691701 HTTP/1.1" 200 28 "http://renault.2web.at/account?loadrequest=true" "Mozilla/5.0 (Windows NT 6.1; WOW64; Trident/7.0; rv:11.0) like Gecko"
91.114.99.206 - - [25/Sep/2018:10:05:07 +0200] "GET /reload?ser=1537862707017 HTTP/1.1" 200 28 "http://renault.activities.at/11820559" "Mozilla/5.0 (Windows NT 6.1; WOW64; Trident/7.0; rv:11.0) like Gecko"
213.153.47.173 - - [25/Sep/2018:10:05:14 +0200] "GET /reload?ser=1537862714391 HTTP/1.1" 200 28 "http://renault.activities.at/login?required=true" "Mozilla/5.0 (Windows NT 10.0; Win64; x64; rv:62.0) Gecko/20100101 Firefox/62.0"
80.123.225.36 - - [25/Sep/2018:10:05:41 +0200] "GET /reload?ser=1537862741882 HTTP/1.1" 200 28 "http://renault.activities.at/result?searchterm=true&search=REH5326" "Mozilla/5.0 (compatible; MSIE 10.0; Windows NT 6.1; WOW64; Trident/6.0)"
138.21.12.22 - - [25/Sep/2018:10:05:52 +0200] "GET /reload?ser=1537862752760 HTTP/1.1" 200 28 "http://renault.2web.at/account?loadrequest=true" "Mozilla/5.0 (Windows NT 6.1; WOW64; Trident/7.0; rv:11.0) like Gecko"
91.114.99.206 - - [25/Sep/2018:10:06:08 +0200] "GET /reload?ser=1537862768031 HTTP/1.1" 200 28 "http://renault.activities.at/11820559" "Mozilla/5.0 (Windows NT 6.1; WOW64; Trident/7.0; rv:11.0) like Gecko"
213.153.47.173 - - [25/Sep/2018:10:06:15 +0200] "GET /reload?ser=1537862775101 HTTP/1.1" 200 28 "http://renault.activities.at/login?required=true" "Mozilla/5.0 (Windows NT 10.0; Win64; x64; rv:62.0) Gecko/20100101 Firefox/62.0"
80.123.225.36 - - [25/Sep/2018:10:06:42 +0200] "GET /reload?ser=1537862802851 HTTP/1.1" 200 28 "http://renault.activities.at/result?searchterm=true&search=REH5326" "Mozilla/5.0 (compatible; MSIE 10.0; Windows NT 6.1; WOW64; Trident/6.0)"
138.21.12.22 - - [25/Sep/2018:10:06:53 +0200] "GET /reload?ser=1537862813791 HTTP/1.1" 200 28 "http://renault.2web.at/account?loadrequest=true" "Mozilla/5.0 (Windows NT 6.1; WOW64; Trident/7.0; rv:11.0) like Gecko"
91.114.99.206 - - [25/Sep/2018:10:07:09 +0200] "GET /reload?ser=1537862829018 HTTP/1.1" 200 28 "http://renault.activities.at/11820559" "Mozilla/5.0 (Windows NT 6.1; WOW64; Trident/7.0; rv:11.0) like Gecko"
213.153.47.173 - - [25/Sep/2018:10:07:15 +0200] "GET /reload?ser=1537862835762 HTTP/1.1" 200 28 "http://renault.activities.at/login?required=true" "Mozilla/5.0 (Windows NT 10.0; Win64; x64; rv:62.0) Gecko/20100101 Firefox/62.0"
80.123.225.36 - - [25/Sep/2018:10:07:43 +0200] "GET /reload?ser=1537862863835 HTTP/1.1" 200 28 "http://renault.activities.at/result?searchterm=true&search=REH5326" "Mozilla/5.0 (compatible; MSIE 10.0; Windows NT 6.1; WOW64; Trident/6.0)"
138.21.12.22 - - [25/Sep/2018:10:07:54 +0200] "GET /reload?ser=1537862874848 HTTP/1.1" 200 28 "http://renault.2web.at/account?loadrequest=true" "Mozilla/5.0 (Windows NT 6.1; WOW64; Trident/7.0; rv:11.0) like Gecko"
91.114.99.206 - - [25/Sep/2018:10:08:10 +0200] "GET /reload?ser=1537862890058 HTTP/1.1" 200 28 "http://renault.activities.at/11820559" "Mozilla/5.0 (Windows NT 6.1; WOW64; Trident/7.0; rv:11.0) like Gecko"
213.153.47.173 - - [25/Sep/2018:10:08:16 +0200] "GET /reload?ser=1537862896421 HTTP/1.1" 200 28 "http://renault.activities.at/login?required=true" "Mozilla/5.0 (Windows NT 10.0; Win64; x64; rv:62.0) Gecko/20100101 Firefox/62.0"
80.123.225.36 - - [25/Sep/2018:10:08:44 +0200] "GET /reload?ser=1537862924817 HTTP/1.1" 200 28 "http://renault.activities.at/result?searchterm=true&search=REH5326" "Mozilla/5.0 (compatible; MSIE 10.0; Windows NT 6.1; WOW64; Trident/6.0)"
138.21.12.22 - - [25/Sep/2018:10:08:56 +0200] "GET /reload?ser=1537862935877 HTTP/1.1" 200 28 "http://renault.2web.at/account?loadrequest=true" "Mozilla/5.0 (Windows NT 6.1; WOW64; Trident/7.0; rv:11.0) like Gecko"
91.114.99.206 - - [25/Sep/2018:10:09:11 +0200] "GET /reload?ser=1537862951086 HTTP/1.1" 200 28 "http://renault.activities.at/11820559" "Mozilla/5.0 (Windows NT 6.1; WOW64; Trident/7.0; rv:11.0) like Gecko"
213.153.47.173 - - [25/Sep/2018:10:09:17 +0200] "GET /reload?ser=1537862957082 HTTP/1.1" 200 28 "http://renault.activities.at/login?required=true" "Mozilla/5.0 (Windows NT 10.0; Win64; x64; rv:62.0) Gecko/20100101 Firefox/62.0"
80.123.225.36 - - [25/Sep/2018:10:09:45 +0200] "GET /reload?ser=1537862985847 HTTP/1.1" 200 28 "http://renault.activities.at/result?searchterm=true&search=REH5326" "Mozilla/5.0 (compatible; MSIE 10.0; Windows NT 6.1; WOW64; Trident/6.0)"
138.21.12.22 - - [25/Sep/2018:10:09:57 +0200] "GET /reload?ser=1537862996931 HTTP/1.1" 200 28 "http://renault.2web.at/account?loadrequest=true" "Mozilla/5.0 (Windows NT 6.1; WOW64; Trident/7.0; rv:11.0) like Gecko"
91.114.99.206 - - [25/Sep/2018:10:10:12 +0200] "GET /reload?ser=1537863012106 HTTP/1.1" 200 28 "http://renault.activities.at/11820559" "Mozilla/5.0 (Windows NT 6.1; WOW64; Trident/7.0; rv:11.0) like Gecko"
213.153.47.173 - - [25/Sep/2018:10:10:17 +0200] "GET /reload?ser=1537863017751 HTTP/1.1" 200 28 "http://renault.activities.at/login?required=true" "Mozilla/5.0 (Windows NT 10.0; Win64; x64; rv:62.0) Gecko/20100101 Firefox/62.0"
80.123.225.36 - - [25/Sep/2018:10:10:46 +0200] "GET /reload?ser=1537863046800 HTTP/1.1" 200 28 "http://renault.activities.at/result?searchterm=true&search=REH5326" "Mozilla/5.0 (compatible; MSIE 10.0; Windows NT 6.1; WOW64; Trident/6.0)"
138.21.12.22 - - [25/Sep/2018:10:10:58 +0200] "GET /reload?ser=1537863058063 HTTP/1.1" 200 28 "http://renault.2web.at/account?loadrequest=true" "Mozilla/5.0 (Windows NT 6.1; WOW64; Trident/7.0; rv:11.0) like Gecko"
91.114.99.206 - - [25/Sep/2018:10:11:13 +0200] "GET /reload?ser=1537863073128 HTTP/1.1" 200 28 "http://renault.activities.at/11820559" "Mozilla/5.0 (Windows NT 6.1; WOW64; Trident/7.0; rv:11.0) like Gecko"
213.153.47.173 - - [25/Sep/2018:10:11:18 +0200] "GET /reload?ser=1537863078412 HTTP/1.1" 200 28 "http://renault.activities.at/login?required=true" "Mozilla/5.0 (Windows NT 10.0; Win64; x64; rv:62.0) Gecko/20100101 Firefox/62.0"
80.123.225.36 - - [25/Sep/2018:10:11:47 +0200] "GET /reload?ser=1537863107815 HTTP/1.1" 200 28 "http://renault.activities.at/result?searchterm=true&search=REH5326" "Mozilla/5.0 (compatible; MSIE 10.0; Windows NT 6.1; WOW64; Trident/6.0)"
138.21.12.22 - - [25/Sep/2018:10:11:59 +0200] "GET /reload?ser=1537863119141 HTTP/1.1" 200 28 "http://renault.2web.at/account?loadrequest=true" "Mozilla/5.0 (Windows NT 6.1; WOW64; Trident/7.0; rv:11.0) like Gecko"
91.114.99.206 - - [25/Sep/2018:10:12:14 +0200] "GET /reload?ser=1537863134097 HTTP/1.1" 200 28 "http://renault.activities.at/11820559" "Mozilla/5.0 (Windows NT 6.1; WOW64; Trident/7.0; rv:11.0) like Gecko"
213.153.47.173 - - [25/Sep/2018:10:12:19 +0200] "GET /reload?ser=1537863139072 HTTP/1.1" 200 28 "http://renault.activities.at/login?required=true" "Mozilla/5.0 (Windows NT 10.0; Win64; x64; rv:62.0) Gecko/20100101 Firefox/62.0"
80.123.225.36 - - [25/Sep/2018:10:12:48 +0200] "GET /reload?ser=1537863168829 HTTP/1.1" 200 28 "http://renault.activities.at/result?searchterm=true&search=REH5326" "Mozilla/5.0 (compatible; MSIE 10.0; Windows NT 6.1; WOW64; Trident/6.0)"
138.21.12.22 - - [25/Sep/2018:10:13:00 +0200] "GET /reload?ser=1537863180225 HTTP/1.1" 200 28 "http://renault.2web.at/account?loadrequest=true" "Mozilla/5.0 (Windows NT 6.1; WOW64; Trident/7.0; rv:11.0) like Gecko"
91.114.99.206 - - [25/Sep/2018:10:13:15 +0200] "GET /reload?ser=1537863195086 HTTP/1.1" 200 28 "http://renault.activities.at/11820559" "Mozilla/5.0 (Windows NT 6.1; WOW64; Trident/7.0; rv:11.0) like Gecko"
213.153.47.173 - - [25/Sep/2018:10:13:19 +0200] "GET /reload?ser=1537863199743 HTTP/1.1" 200 28 "http://renault.activities.at/login?required=true" "Mozilla/5.0 (Windows NT 10.0; Win64; x64; rv:62.0) Gecko/20100101 Firefox/62.0"
80.123.225.36 - - [25/Sep/2018:10:13:49 +0200] "GET /reload?ser=1537863229828 HTTP/1.1" 200 28 "http://renault.activities.at/result?searchterm=true&search=REH5326" "Mozilla/5.0 (compatible; MSIE 10.0; Windows NT 6.1; WOW64; Trident/6.0)"
138.21.12.22 - - [25/Sep/2018:10:14:01 +0200] "GET /reload?ser=1537863241266 HTTP/1.1" 200 28 "http://renault.2web.at/account?loadrequest=true" "Mozilla/5.0 (Windows NT 6.1; WOW64; Trident/7.0; rv:11.0) like Gecko"
91.114.99.206 - - [25/Sep/2018:10:14:16 +0200] "GET /reload?ser=1537863256065 HTTP/1.1" 200 28 "http://renault.activities.at/11820559" "Mozilla/5.0 (Windows NT 6.1; WOW64; Trident/7.0; rv:11.0) like Gecko"
213.153.47.173 - - [25/Sep/2018:10:14:20 +0200] "GET /reload?ser=1537863260422 HTTP/1.1" 200 28 "http://renault.activities.at/login?required=true" "Mozilla/5.0 (Windows NT 10.0; Win64; x64; rv:62.0) Gecko/20100101 Firefox/62.0"
80.123.225.36 - - [25/Sep/2018:10:14:50 +0200] "GET /reload?ser=1537863290859 HTTP/1.1" 200 28 "http://renault.activities.at/result?searchterm=true&search=REH5326" "Mozilla/5.0 (compatible; MSIE 10.0; Windows NT 6.1; WOW64; Trident/6.0)"
138.21.12.22 - - [25/Sep/2018:10:15:02 +0200] "GET /reload?ser=1537863302336 HTTP/1.1" 200 28 "http://renault.2web.at/account?loadrequest=true" "Mozilla/5.0 (Windows NT 6.1; WOW64; Trident/7.0; rv:11.0) like Gecko"
91.114.99.206 - - [25/Sep/2018:10:15:17 +0200] "GET /reload?ser=1537863317064 HTTP/1.1" 200 28 "http://renault.activities.at/11820559" "Mozilla/5.0 (Windows NT 6.1; WOW64; Trident/7.0; rv:11.0) like Gecko"
213.153.47.173 - - [25/Sep/2018:10:15:21 +0200] "GET /reload?ser=1537863321112 HTTP/1.1" 200 28 "http://renault.activities.at/login?required=true" "Mozilla/5.0 (Windows NT 10.0; Win64; x64; rv:62.0) Gecko/20100101 Firefox/62.0"
80.123.225.36 - - [25/Sep/2018:10:15:51 +0200] "GET /reload?ser=1537863351843 HTTP/1.1" 200 28 "http://renault.activities.at/result?searchterm=true&search=REH5326" "Mozilla/5.0 (compatible; MSIE 10.0; Windows NT 6.1; WOW64; Trident/6.0)"
138.21.12.22 - - [25/Sep/2018:10:16:03 +0200] "GET /reload?ser=1537863363382 HTTP/1.1" 200 28 "http://renault.2web.at/account?loadrequest=true" "Mozilla/5.0 (Windows NT 6.1; WOW64; Trident/7.0; rv:11.0) like Gecko"
91.114.99.206 - - [25/Sep/2018:10:16:18 +0200] "GET /reload?ser=1537863378033 HTTP/1.1" 200 28 "http://renault.activities.at/11820559" "Mozilla/5.0 (Windows NT 6.1; WOW64; Trident/7.0; rv:11.0) like Gecko"
213.153.47.173 - - [25/Sep/2018:10:16:21 +0200] "GET /reload?ser=1537863381772 HTTP/1.1" 200 28 "http://renault.activities.at/login?required=true" "Mozilla/5.0 (Windows NT 10.0; Win64; x64; rv:62.0) Gecko/20100101 Firefox/62.0"
80.123.225.36 - - [25/Sep/2018:10:16:52 +0200] "GET /reload?ser=1537863412859 HTTP/1.1" 200 28 "http://renault.activities.at/result?searchterm=true&search=REH5326" "Mozilla/5.0 (compatible; MSIE 10.0; Windows NT 6.1; WOW64; Trident/6.0)"
138.21.12.22 - - [25/Sep/2018:10:17:04 +0200] "GET /reload?ser=1537863424451 HTTP/1.1" 200 28 "http://renault.2web.at/account?loadrequest=true" "Mozilla/5.0 (Windows NT 6.1; WOW64; Trident/7.0; rv:11.0) like Gecko"
91.114.99.206 - - [25/Sep/2018:10:17:19 +0200] "GET /reload?ser=1537863439048 HTTP/1.1" 200 28 "http://renault.activities.at/11820559" "Mozilla/5.0 (Windows NT 6.1; WOW64; Trident/7.0; rv:11.0) like Gecko"
213.153.47.173 - - [25/Sep/2018:10:17:22 +0200] "GET /reload?ser=1537863442443 HTTP/1.1" 200 28 "http://renault.activities.at/login?required=true" "Mozilla/5.0 (Windows NT 10.0; Win64; x64; rv:62.0) Gecko/20100101 Firefox/62.0"
80.123.225.36 - - [25/Sep/2018:10:17:53 +0200] "GET /reload?ser=1537863473874 HTTP/1.1" 200 28 "http://renault.activities.at/result?searchterm=true&search=REH5326" "Mozilla/5.0 (compatible; MSIE 10.0; Windows NT 6.1; WOW64; Trident/6.0)"
138.21.12.22 - - [25/Sep/2018:10:18:05 +0200] "GET /reload?ser=1537863485529 HTTP/1.1" 200 28 "http://renault.2web.at/account?loadrequest=true" "Mozilla/5.0 (Windows NT 6.1; WOW64; Trident/7.0; rv:11.0) like Gecko"
91.114.99.206 - - [25/Sep/2018:10:18:20 +0200] "GET /reload?ser=1537863500014 HTTP/1.1" 200 28 "http://renault.activities.at/11820559" "Mozilla/5.0 (Windows NT 6.1; WOW64; Trident/7.0; rv:11.0) like Gecko"
213.153.47.173 - - [25/Sep/2018:10:18:23 +0200] "GET /reload?ser=1537863503103 HTTP/1.1" 200 28 "http://renault.activities.at/login?required=true" "Mozilla/5.0 (Windows NT 10.0; Win64; x64; rv:62.0) Gecko/20100101 Firefox/62.0"
80.123.225.36 - - [25/Sep/2018:10:18:54 +0200] "GET /reload?ser=1537863534883 HTTP/1.1" 200 28 "http://renault.activities.at/result?searchterm=true&search=REH5326" "Mozilla/5.0 (compatible; MSIE 10.0; Windows NT 6.1; WOW64; Trident/6.0)"
138.21.12.22 - - [25/Sep/2018:10:19:06 +0200] "GET /reload?ser=1537863546589 HTTP/1.1" 200 28 "http://renault.2web.at/account?loadrequest=true" "Mozilla/5.0 (Windows NT 6.1; WOW64; Trident/7.0; rv:11.0) like Gecko"
91.114.99.206 - - [25/Sep/2018:10:19:21 +0200] "GET /reload?ser=1537863561013 HTTP/1.1" 200 28 "http://renault.activities.at/11820559" "Mozilla/5.0 (Windows NT 6.1; WOW64; Trident/7.0; rv:11.0) like Gecko"
213.153.47.173 - - [25/Sep/2018:10:19:23 +0200] "GET /reload?ser=1537863563763 HTTP/1.1" 200 28 "http://renault.activities.at/login?required=true" "Mozilla/5.0 (Windows NT 10.0; Win64; x64; rv:62.0) Gecko/20100101 Firefox/62.0"
80.123.225.36 - - [25/Sep/2018:10:19:55 +0200] "GET /reload?ser=1537863595920 HTTP/1.1" 200 28 "http://renault.activities.at/result?searchterm=true&search=REH5326" "Mozilla/5.0 (compatible; MSIE 10.0; Windows NT 6.1; WOW64; Trident/6.0)"
138.21.12.22 - - [25/Sep/2018:10:20:07 +0200] "GET /reload?ser=1537863607682 HTTP/1.1" 200 28 "http://renault.2web.at/account?loadrequest=true" "Mozilla/5.0 (Windows NT 6.1; WOW64; Trident/7.0; rv:11.0) like Gecko"
91.114.99.206 - - [25/Sep/2018:10:20:22 +0200] "GET /reload?ser=1537863622051 HTTP/1.1" 200 28 "http://renault.activities.at/11820559" "Mozilla/5.0 (Windows NT 6.1; WOW64; Trident/7.0; rv:11.0) like Gecko"
213.153.47.173 - - [25/Sep/2018:10:20:24 +0200] "GET /reload?ser=1537863624412 HTTP/1.1" 200 28 "http://renault.activities.at/login?required=true" "Mozilla/5.0 (Windows NT 10.0; Win64; x64; rv:62.0) Gecko/20100101 Firefox/62.0"
80.123.225.36 - - [25/Sep/2018:10:20:56 +0200] "GET /reload?ser=1537863656960 HTTP/1.1" 200 28 "http://renault.activities.at/result?searchterm=true&search=REH5326" "Mozilla/5.0 (compatible; MSIE 10.0; Windows NT 6.1; WOW64; Trident/6.0)"
138.21.12.22 - - [25/Sep/2018:10:21:08 +0200] "GET /reload?ser=1537863668735 HTTP/1.1" 200 28 "http://renault.2web.at/account?loadrequest=true" "Mozilla/5.0 (Windows NT 6.1; WOW64; Trident/7.0; rv:11.0) like Gecko"
91.114.99.206 - - [25/Sep/2018:10:21:23 +0200] "GET /reload?ser=1537863683070 HTTP/1.1" 200 28 "http://renault.activities.at/11820559" "Mozilla/5.0 (Windows NT 6.1; WOW64; Trident/7.0; rv:11.0) like Gecko"
213.153.47.173 - - [25/Sep/2018:10:21:25 +0200] "GET /reload?ser=1537863685083 HTTP/1.1" 200 28 "http://renault.activities.at/login?required=true" "Mozilla/5.0 (Windows NT 10.0; Win64; x64; rv:62.0) Gecko/20100101 Firefox/62.0"
80.123.225.36 - - [25/Sep/2018:10:21:57 +0200] "GET /reload?ser=1537863717927 HTTP/1.1" 200 28 "http://renault.activities.at/result?searchterm=true&search=REH5326" "Mozilla/5.0 (compatible; MSIE 10.0; Windows NT 6.1; WOW64; Trident/6.0)"
138.21.12.22 - - [25/Sep/2018:10:22:09 +0200] "GET /reload?ser=1537863729769 HTTP/1.1" 200 28 "http://renault.2web.at/account?loadrequest=true" "Mozilla/5.0 (Windows NT 6.1; WOW64; Trident/7.0; rv:11.0) like Gecko"
91.114.99.206 - - [25/Sep/2018:10:22:24 +0200] "GET /reload?ser=1537863744058 HTTP/1.1" 200 28 "http://renault.activities.at/11820559" "Mozilla/5.0 (Windows NT 6.1; WOW64; Trident/7.0; rv:11.0) like Gecko"
213.153.47.173 - - [25/Sep/2018:10:22:25 +0200] "GET /reload?ser=1537863745733 HTTP/1.1" 200 28 "http://renault.activities.at/login?required=true" "Mozilla/5.0 (Windows NT 10.0; Win64; x64; rv:62.0) Gecko/20100101 Firefox/62.0"
80.123.225.36 - - [25/Sep/2018:10:22:58 +0200] "GET /reload?ser=1537863778927 HTTP/1.1" 200 28 "http://renault.activities.at/result?searchterm=true&search=REH5326" "Mozilla/5.0 (compatible; MSIE 10.0; Windows NT 6.1; WOW64; Trident/6.0)"
138.21.12.22 - - [25/Sep/2018:10:23:10 +0200] "GET /reload?ser=1537863790809 HTTP/1.1" 200 28 "http://renault.2web.at/account?loadrequest=true" "Mozilla/5.0 (Windows NT 6.1; WOW64; Trident/7.0; rv:11.0) like Gecko"
91.114.99.206 - - [25/Sep/2018:10:23:25 +0200] "GET /reload?ser=1537863805037 HTTP/1.1" 200 28 "http://renault.activities.at/11820559" "Mozilla/5.0 (Windows NT 6.1; WOW64; Trident/7.0; rv:11.0) like Gecko"
213.153.47.173 - - [25/Sep/2018:10:23:26 +0200] "GET /reload?ser=1537863806383 HTTP/1.1" 200 28 "http://renault.activities.at/login?required=true" "Mozilla/5.0 (Windows NT 10.0; Win64; x64; rv:62.0) Gecko/20100101 Firefox/62.0"
80.123.225.36 - - [25/Sep/2018:10:23:59 +0200] "GET /reload?ser=1537863839910 HTTP/1.1" 200 28 "http://renault.activities.at/result?searchterm=true&search=REH5326" "Mozilla/5.0 (compatible; MSIE 10.0; Windows NT 6.1; WOW64; Trident/6.0)"
138.21.12.22 - - [25/Sep/2018:10:24:11 +0200] "GET /reload?ser=1537863851890 HTTP/1.1" 200 28 "http://renault.2web.at/account?loadrequest=true" "Mozilla/5.0 (Windows NT 6.1; WOW64; Trident/7.0; rv:11.0) like Gecko"
91.114.99.206 - - [25/Sep/2018:10:24:26 +0200] "GET /reload?ser=1537863866006 HTTP/1.1" 200 28 "http://renault.activities.at/11820559" "Mozilla/5.0 (Windows NT 6.1; WOW64; Trident/7.0; rv:11.0) like Gecko"
213.153.47.173 - - [25/Sep/2018:10:24:27 +0200] "GET /reload?ser=1537863867063 HTTP/1.1" 200 28 "http://renault.activities.at/login?required=true" "Mozilla/5.0 (Windows NT 10.0; Win64; x64; rv:62.0) Gecko/20100101 Firefox/62.0"
80.123.225.36 - - [25/Sep/2018:10:25:00 +0200] "GET /reload?ser=1537863900957 HTTP/1.1" 200 28 "http://renault.activities.at/result?searchterm=true&search=REH5326" "Mozilla/5.0 (compatible; MSIE 10.0; Windows NT 6.1; WOW64; Trident/6.0)"
