213.153.47.173 - - [25/Sep/2018:12:22:44 +0200] "GET /reload?ser=1537870964868 HTTP/1.1" 200 28 "http://renault.activities.at/login?required=true" "Mozilla/5.0 (Windows NT 10.0; Win64; x64; rv:62.0) Gecko/20100101 Firefox/62.0"
212.152.246.135 - - [25/Sep/2018:12:23:20 +0200] "GET /reload?ser=1537870999166 HTTP/1.1" 200 28 "http://renault.activities.at/success" "Mozilla/5.0 (Windows NT 6.1; WOW64; Trident/7.0; rv:11.0) like Gecko"
138.21.12.22 - - [25/Sep/2018:12:23:20 +0200] "GET /reload?ser=1537871000919 HTTP/1.1" 200 28 "http://renault.2web.at/success" "Mozilla/5.0 (Windows NT 6.1; WOW64; Trident/7.0; rv:11.0) like Gecko"
91.114.99.206 - - [25/Sep/2018:12:23:25 +0200] "GET /reload?ser=1537871004959 HTTP/1.1" 200 28 "http://renault.activities.at/11820559" "Mozilla/5.0 (Windows NT 6.1; WOW64; Trident/7.0; rv:11.0) like Gecko"
213.153.47.173 - - [25/Sep/2018:12:23:45 +0200] "GET /reload?ser=1537871025528 HTTP/1.1" 200 28 "http://renault.activities.at/login?required=true" "Mozilla/5.0 (Windows NT 10.0; Win64; x64; rv:62.0) Gecko/20100101 Firefox/62.0"
212.152.246.135 - - [25/Sep/2018:12:24:21 +0200] "GET /reload?ser=1537871060170 HTTP/1.1" 200 28 "http://renault.activities.at/success" "Mozilla/5.0 (Windows NT 6.1; WOW64; Trident/7.0; rv:11.0) like Gecko"
138.21.12.22 - - [25/Sep/2018:12:24:22 +0200] "GET /reload?ser=1537871061975 HTTP/1.1" 200 28 "http://renault.2web.at/success" "Mozilla/5.0 (Windows NT 6.1; WOW64; Trident/7.0; rv:11.0) like Gecko"
91.114.99.206 - - [25/Sep/2018:12:24:26 +0200] "GET /reload?ser=1537871065969 HTTP/1.1" 200 28 "http://renault.activities.at/11820559" "Mozilla/5.0 (Windows NT 6.1; WOW64; Trident/7.0; rv:11.0) like Gecko"
213.153.47.173 - - [25/Sep/2018:12:24:46 +0200] "GET /reload?ser=1537871086199 HTTP/1.1" 200 28 "http://renault.activities.at/login?required=true" "Mozilla/5.0 (Windows NT 10.0; Win64; x64; rv:62.0) Gecko/20100101 Firefox/62.0"
212.152.246.135 - - [25/Sep/2018:12:25:22 +0200] "GET /reload?ser=1537871121205 HTTP/1.1" 200 28 "http://renault.activities.at/success" "Mozilla/5.0 (Windows NT 6.1; WOW64; Trident/7.0; rv:11.0) like Gecko"
138.21.12.22 - - [25/Sep/2018:12:25:23 +0200] "GET /reload?ser=1537871123108 HTTP/1.1" 200 28 "http://renault.2web.at/success" "Mozilla/5.0 (Windows NT 6.1; WOW64; Trident/7.0; rv:11.0) like Gecko"
91.114.99.206 - - [25/Sep/2018:12:25:27 +0200] "GET /reload?ser=1537871126964 HTTP/1.1" 200 28 "http://renault.activities.at/11820559" "Mozilla/5.0 (Windows NT 6.1; WOW64; Trident/7.0; rv:11.0) like Gecko"
213.153.47.173 - - [25/Sep/2018:12:25:46 +0200] "GET /reload?ser=1537871146888 HTTP/1.1" 200 28 "http://renault.activities.at/login?required=true" "Mozilla/5.0 (Windows NT 10.0; Win64; x64; rv:62.0) Gecko/20100101 Firefox/62.0"
212.152.246.135 - - [25/Sep/2018:12:26:23 +0200] "GET /reload?ser=1537871182259 HTTP/1.1" 200 28 "http://renault.activities.at/success" "Mozilla/5.0 (Windows NT 6.1; WOW64; Trident/7.0; rv:11.0) like Gecko"
138.21.12.22 - - [25/Sep/2018:12:26:24 +0200] "GET /reload?ser=1537871184244 HTTP/1.1" 200 28 "http://renault.2web.at/success" "Mozilla/5.0 (Windows NT 6.1; WOW64; Trident/7.0; rv:11.0) like Gecko"
91.114.99.206 - - [25/Sep/2018:12:26:28 +0200] "GET /reload?ser=1537871187952 HTTP/1.1" 200 28 "http://renault.activities.at/11820559" "Mozilla/5.0 (Windows NT 6.1; WOW64; Trident/7.0; rv:11.0) like Gecko"
213.153.47.173 - - [25/Sep/2018:12:26:47 +0200] "GET /reload?ser=1537871207548 HTTP/1.1" 200 28 "http://renault.activities.at/login?required=true" "Mozilla/5.0 (Windows NT 10.0; Win64; x64; rv:62.0) Gecko/20100101 Firefox/62.0"
212.152.246.135 - - [25/Sep/2018:12:27:24 +0200] "GET /reload?ser=1537871243298 HTTP/1.1" 200 28 "http://renault.activities.at/success" "Mozilla/5.0 (Windows NT 6.1; WOW64; Trident/7.0; rv:11.0) like Gecko"
138.21.12.22 - - [25/Sep/2018:12:27:25 +0200] "GET /reload?ser=1537871245274 HTTP/1.1" 200 28 "http://renault.2web.at/success" "Mozilla/5.0 (Windows NT 6.1; WOW64; Trident/7.0; rv:11.0) like Gecko"
91.114.99.206 - - [25/Sep/2018:12:27:29 +0200] "GET /reload?ser=1537871248934 HTTP/1.1" 200 28 "http://renault.activities.at/11820559" "Mozilla/5.0 (Windows NT 6.1; WOW64; Trident/7.0; rv:11.0) like Gecko"
213.153.47.173 - - [25/Sep/2018:12:27:48 +0200] "GET /reload?ser=1537871268218 HTTP/1.1" 200 28 "http://renault.activities.at/login?required=true" "Mozilla/5.0 (Windows NT 10.0; Win64; x64; rv:62.0) Gecko/20100101 Firefox/62.0"
212.152.246.135 - - [25/Sep/2018:12:28:25 +0200] "GET /reload?ser=1537871304307 HTTP/1.1" 200 28 "http://renault.activities.at/success" "Mozilla/5.0 (Windows NT 6.1; WOW64; Trident/7.0; rv:11.0) like Gecko"
138.21.12.22 - - [25/Sep/2018:12:28:26 +0200] "GET /reload?ser=1537871306331 HTTP/1.1" 200 28 "http://renault.2web.at/success" "Mozilla/5.0 (Windows NT 6.1; WOW64; Trident/7.0; rv:11.0) like Gecko"
91.114.99.206 - - [25/Sep/2018:12:28:30 +0200] "GET /reload?ser=1537871309971 HTTP/1.1" 200 28 "http://renault.activities.at/11820559" "Mozilla/5.0 (Windows NT 6.1; WOW64; Trident/7.0; rv:11.0) like Gecko"
213.153.47.173 - - [25/Sep/2018:12:28:48 +0200] "GET /reload?ser=1537871328889 HTTP/1.1" 200 28 "http://renault.activities.at/login?required=true" "Mozilla/5.0 (Windows NT 10.0; Win64; x64; rv:62.0) Gecko/20100101 Firefox/62.0"
212.152.246.135 - - [25/Sep/2018:12:29:26 +0200] "GET /reload?ser=1537871365306 HTTP/1.1" 200 28 "http://renault.activities.at/success" "Mozilla/5.0 (Windows NT 6.1; WOW64; Trident/7.0; rv:11.0) like Gecko"
138.21.12.22 - - [25/Sep/2018:12:29:27 +0200] "GET /reload?ser=1537871367410 HTTP/1.1" 200 28 "http://renault.2web.at/success" "Mozilla/5.0 (Windows NT 6.1; WOW64; Trident/7.0; rv:11.0) like Gecko"
91.114.99.206 - - [25/Sep/2018:12:29:31 +0200] "GET /reload?ser=1537871370989 HTTP/1.1" 200 28 "http://renault.activities.at/11820559" "Mozilla/5.0 (Windows NT 6.1; WOW64; Trident/7.0; rv:11.0) like Gecko"
213.153.47.173 - - [25/Sep/2018:12:29:49 +0200] "GET /reload?ser=1537871389548 HTTP/1.1" 200 28 "http://renault.activities.at/login?required=true" "Mozilla/5.0 (Windows NT 10.0; Win64; x64; rv:62.0) Gecko/20100101 Firefox/62.0"
212.152.246.135 - - [25/Sep/2018:12:30:27 +0200] "GET /reload?ser=1537871426282 HTTP/1.1" 200 28 "http://renault.activities.at/success" "Mozilla/5.0 (Windows NT 6.1; WOW64; Trident/7.0; rv:11.0) like Gecko"
138.21.12.22 - - [25/Sep/2018:12:30:28 +0200] "GET /reload?ser=1537871428499 HTTP/1.1" 200 28 "http://renault.2web.at/success" "Mozilla/5.0 (Windows NT 6.1; WOW64; Trident/7.0; rv:11.0) like Gecko"
91.114.99.206 - - [25/Sep/2018:12:30:32 +0200] "GET /reload?ser=1537871431992 HTTP/1.1" 200 28 "http://renault.activities.at/11820559" "Mozilla/5.0 (Windows NT 6.1; WOW64; Trident/7.0; rv:11.0) like Gecko"
213.153.47.173 - - [25/Sep/2018:12:30:50 +0200] "GET /reload?ser=1537871450200 HTTP/1.1" 200 28 "http://renault.activities.at/login?required=true" "Mozilla/5.0 (Windows NT 10.0; Win64; x64; rv:62.0) Gecko/20100101 Firefox/62.0"
212.152.246.135 - - [25/Sep/2018:12:31:28 +0200] "GET /reload?ser=1537871487313 HTTP/1.1" 200 28 "http://renault.activities.at/success" "Mozilla/5.0 (Windows NT 6.1; WOW64; Trident/7.0; rv:11.0) like Gecko"
138.21.12.22 - - [25/Sep/2018:12:31:29 +0200] "GET /reload?ser=1537871489562 HTTP/1.1" 200 28 "http://renault.2web.at/success" "Mozilla/5.0 (Windows NT 6.1; WOW64; Trident/7.0; rv:11.0) like Gecko"
91.114.99.206 - - [25/Sep/2018:12:31:33 +0200] "GET /reload?ser=1537871493029 HTTP/1.1" 200 28 "http://renault.activities.at/11820559" "Mozilla/5.0 (Windows NT 6.1; WOW64; Trident/7.0; rv:11.0) like Gecko"
213.153.47.173 - - [25/Sep/2018:12:31:50 +0200] "GET /reload?ser=1537871510870 HTTP/1.1" 200 28 "http://renault.activities.at/login?required=true" "Mozilla/5.0 (Windows NT 10.0; Win64; x64; rv:62.0) Gecko/20100101 Firefox/62.0"
212.152.246.135 - - [25/Sep/2018:12:32:29 +0200] "GET /reload?ser=1537871548315 HTTP/1.1" 200 28 "http://renault.activities.at/success" "Mozilla/5.0 (Windows NT 6.1; WOW64; Trident/7.0; rv:11.0) like Gecko"
138.21.12.22 - - [25/Sep/2018:12:32:30 +0200] "GET /reload?ser=1537871550616 HTTP/1.1" 200 28 "http://renault.2web.at/success" "Mozilla/5.0 (Windows NT 6.1; WOW64; Trident/7.0; rv:11.0) like Gecko"
91.114.99.206 - - [25/Sep/2018:12:32:34 +0200] "GET /reload?ser=1537871554008 HTTP/1.1" 200 28 "http://renault.activities.at/11820559" "Mozilla/5.0 (Windows NT 6.1; WOW64; Trident/7.0; rv:11.0) like Gecko"
213.153.47.173 - - [25/Sep/2018:12:32:51 +0200] "GET /reload?ser=1537871571539 HTTP/1.1" 200 28 "http://renault.activities.at/login?required=true" "Mozilla/5.0 (Windows NT 10.0; Win64; x64; rv:62.0) Gecko/20100101 Firefox/62.0"
212.152.246.135 - - [25/Sep/2018:12:33:30 +0200] "GET /reload?ser=1537871609357 HTTP/1.1" 200 28 "http://renault.activities.at/success" "Mozilla/5.0 (Windows NT 6.1; WOW64; Trident/7.0; rv:11.0) like Gecko"
138.21.12.22 - - [25/Sep/2018:12:33:31 +0200] "GET /reload?ser=1537871611727 HTTP/1.1" 200 28 "http://renault.2web.at/success" "Mozilla/5.0 (Windows NT 6.1; WOW64; Trident/7.0; rv:11.0) like Gecko"
188.22.118.105 - - [25/Sep/2018:12:33:32 +0200] "GET / HTTP/1.1" 200 3683 "-" "Mozilla/5.0 (iPhone; CPU iPhone OS 12_0 like Mac OS X) AppleWebKit/605.1.15 (KHTML, like Gecko) Version/12.0 Mobile/15E148 Safari/604.1"
188.22.118.105 - - [25/Sep/2018:12:33:33 +0200] "GET /apple-touch-icon-120x120-precomposed.png HTTP/1.1" 200 1559 "-" "MobileSafari/604.1 CFNetwork/974.2.1 Darwin/18.0.0"
188.22.118.105 - - [25/Sep/2018:12:33:34 +0200] "GET /apple-touch-icon-120x120.png HTTP/1.1" 200 1559 "-" "MobileSafari/604.1 CFNetwork/974.2.1 Darwin/18.0.0"
91.114.99.206 - - [25/Sep/2018:12:33:35 +0200] "GET /reload?ser=1537871615034 HTTP/1.1" 200 28 "http://renault.activities.at/11820559" "Mozilla/5.0 (Windows NT 6.1; WOW64; Trident/7.0; rv:11.0) like Gecko"
188.22.118.105 - - [25/Sep/2018:12:33:35 +0200] "GET /apple-touch-icon-precomposed.png HTTP/1.1" 200 1559 "-" "MobileSafari/604.1 CFNetwork/974.2.1 Darwin/18.0.0"
188.22.118.105 - - [25/Sep/2018:12:33:36 +0200] "GET /apple-touch-icon.png HTTP/1.1" 200 1559 "-" "MobileSafari/604.1 CFNetwork/974.2.1 Darwin/18.0.0"
188.22.118.105 - - [25/Sep/2018:12:33:37 +0200] "GET /images/favicon.ico HTTP/1.1" 404 305 "-" "MobileSafari/604.1 CFNetwork/974.2.1 Darwin/18.0.0"
188.22.118.105 - - [25/Sep/2018:12:33:37 +0200] "GET /images/favicon.ico HTTP/1.1" 404 305 "-" "MobileSafari/604.1 CFNetwork/974.2.1 Darwin/18.0.0"
188.22.118.105 - - [25/Sep/2018:12:33:37 +0200] "GET /favicon.ico HTTP/1.1" 200 3250 "-" "MobileSafari/604.1 CFNetwork/974.2.1 Darwin/18.0.0"
188.22.118.105 - - [25/Sep/2018:12:33:37 +0200] "GET /apple-touch-icon-120x120-precomposed.png HTTP/1.1" 200 1559 "-" "MobileSafari/604.1 CFNetwork/974.2.1 Darwin/18.0.0"
188.22.118.105 - - [25/Sep/2018:12:33:38 +0200] "GET /apple-touch-icon-120x120.png HTTP/1.1" 200 1559 "-" "MobileSafari/604.1 CFNetwork/974.2.1 Darwin/18.0.0"
188.22.118.105 - - [25/Sep/2018:12:33:39 +0200] "GET /apple-touch-icon-precomposed.png HTTP/1.1" 200 1559 "-" "MobileSafari/604.1 CFNetwork/974.2.1 Darwin/18.0.0"
188.22.118.105 - - [25/Sep/2018:12:33:40 +0200] "GET /apple-touch-icon.png HTTP/1.1" 200 1559 "-" "MobileSafari/604.1 CFNetwork/974.2.1 Darwin/18.0.0"
188.22.118.105 - - [25/Sep/2018:12:33:41 +0200] "GET /images/favicon.ico HTTP/1.1" 404 305 "-" "MobileSafari/604.1 CFNetwork/974.2.1 Darwin/18.0.0"
188.22.118.105 - - [25/Sep/2018:12:33:42 +0200] "GET /images/favicon.ico HTTP/1.1" 404 305 "-" "MobileSafari/604.1 CFNetwork/974.2.1 Darwin/18.0.0"
188.22.118.105 - - [25/Sep/2018:12:33:42 +0200] "GET /favicon.ico HTTP/1.1" 200 3250 "-" "MobileSafari/604.1 CFNetwork/974.2.1 Darwin/18.0.0"
213.153.47.173 - - [25/Sep/2018:12:33:52 +0200] "GET /reload?ser=1537871632209 HTTP/1.1" 200 28 "http://renault.activities.at/login?required=true" "Mozilla/5.0 (Windows NT 10.0; Win64; x64; rv:62.0) Gecko/20100101 Firefox/62.0"
212.152.246.135 - - [25/Sep/2018:12:34:31 +0200] "GET /reload?ser=1537871670419 HTTP/1.1" 200 28 "http://renault.activities.at/success" "Mozilla/5.0 (Windows NT 6.1; WOW64; Trident/7.0; rv:11.0) like Gecko"
138.21.12.22 - - [25/Sep/2018:12:34:32 +0200] "GET /reload?ser=1537871672805 HTTP/1.1" 200 28 "http://renault.2web.at/success" "Mozilla/5.0 (Windows NT 6.1; WOW64; Trident/7.0; rv:11.0) like Gecko"
91.114.99.206 - - [25/Sep/2018:12:34:36 +0200] "GET /reload?ser=1537871676074 HTTP/1.1" 200 28 "http://renault.activities.at/11820559" "Mozilla/5.0 (Windows NT 6.1; WOW64; Trident/7.0; rv:11.0) like Gecko"
213.153.47.173 - - [25/Sep/2018:12:34:52 +0200] "GET /reload?ser=1537871692879 HTTP/1.1" 200 28 "http://renault.activities.at/login?required=true" "Mozilla/5.0 (Windows NT 10.0; Win64; x64; rv:62.0) Gecko/20100101 Firefox/62.0"
212.152.246.135 - - [25/Sep/2018:12:35:32 +0200] "GET /reload?ser=1537871731441 HTTP/1.1" 200 28 "http://renault.activities.at/success" "Mozilla/5.0 (Windows NT 6.1; WOW64; Trident/7.0; rv:11.0) like Gecko"
138.21.12.22 - - [25/Sep/2018:12:35:33 +0200] "GET /reload?ser=1537871733898 HTTP/1.1" 200 28 "http://renault.2web.at/success" "Mozilla/5.0 (Windows NT 6.1; WOW64; Trident/7.0; rv:11.0) like Gecko"
91.114.99.206 - - [25/Sep/2018:12:35:37 +0200] "GET /reload?ser=1537871737109 HTTP/1.1" 200 28 "http://renault.activities.at/11820559" "Mozilla/5.0 (Windows NT 6.1; WOW64; Trident/7.0; rv:11.0) like Gecko"
213.153.47.173 - - [25/Sep/2018:12:35:53 +0200] "GET /reload?ser=1537871753559 HTTP/1.1" 200 28 "http://renault.activities.at/login?required=true" "Mozilla/5.0 (Windows NT 10.0; Win64; x64; rv:62.0) Gecko/20100101 Firefox/62.0"
212.152.246.135 - - [25/Sep/2018:12:36:33 +0200] "GET /reload?ser=1537871792409 HTTP/1.1" 200 28 "http://renault.activities.at/success" "Mozilla/5.0 (Windows NT 6.1; WOW64; Trident/7.0; rv:11.0) like Gecko"
138.21.12.22 - - [25/Sep/2018:12:36:35 +0200] "GET /reload?ser=1537871794999 HTTP/1.1" 200 28 "http://renault.2web.at/success" "Mozilla/5.0 (Windows NT 6.1; WOW64; Trident/7.0; rv:11.0) like Gecko"
91.114.99.206 - - [25/Sep/2018:12:36:38 +0200] "GET /reload?ser=1537871798105 HTTP/1.1" 200 28 "http://renault.activities.at/11820559" "Mozilla/5.0 (Windows NT 6.1; WOW64; Trident/7.0; rv:11.0) like Gecko"
213.153.47.173 - - [25/Sep/2018:12:36:54 +0200] "GET /reload?ser=1537871814220 HTTP/1.1" 200 28 "http://renault.activities.at/login?required=true" "Mozilla/5.0 (Windows NT 10.0; Win64; x64; rv:62.0) Gecko/20100101 Firefox/62.0"
212.152.246.135 - - [25/Sep/2018:12:37:34 +0200] "GET /reload?ser=1537871853431 HTTP/1.1" 200 28 "http://renault.activities.at/success" "Mozilla/5.0 (Windows NT 6.1; WOW64; Trident/7.0; rv:11.0) like Gecko"
138.21.12.22 - - [25/Sep/2018:12:37:36 +0200] "GET /reload?ser=1537871856090 HTTP/1.1" 200 28 "http://renault.2web.at/success" "Mozilla/5.0 (Windows NT 6.1; WOW64; Trident/7.0; rv:11.0) like Gecko"
91.114.99.206 - - [25/Sep/2018:12:37:39 +0200] "GET /reload?ser=1537871859131 HTTP/1.1" 200 28 "http://renault.activities.at/11820559" "Mozilla/5.0 (Windows NT 6.1; WOW64; Trident/7.0; rv:11.0) like Gecko"
213.153.47.173 - - [25/Sep/2018:12:37:54 +0200] "GET /reload?ser=1537871874879 HTTP/1.1" 200 28 "http://renault.activities.at/login?required=true" "Mozilla/5.0 (Windows NT 10.0; Win64; x64; rv:62.0) Gecko/20100101 Firefox/62.0"
212.152.246.135 - - [25/Sep/2018:12:38:35 +0200] "GET /reload?ser=1537871914401 HTTP/1.1" 200 28 "http://renault.activities.at/success" "Mozilla/5.0 (Windows NT 6.1; WOW64; Trident/7.0; rv:11.0) like Gecko"
138.21.12.22 - - [25/Sep/2018:12:38:37 +0200] "GET /reload?ser=1537871917148 HTTP/1.1" 200 28 "http://renault.2web.at/success" "Mozilla/5.0 (Windows NT 6.1; WOW64; Trident/7.0; rv:11.0) like Gecko"
91.114.99.206 - - [25/Sep/2018:12:38:40 +0200] "GET /reload?ser=1537871920187 HTTP/1.1" 200 28 "http://renault.activities.at/11820559" "Mozilla/5.0 (Windows NT 6.1; WOW64; Trident/7.0; rv:11.0) like Gecko"
213.153.47.173 - - [25/Sep/2018:12:38:55 +0200] "GET /reload?ser=1537871935549 HTTP/1.1" 200 28 "http://renault.activities.at/login?required=true" "Mozilla/5.0 (Windows NT 10.0; Win64; x64; rv:62.0) Gecko/20100101 Firefox/62.0"
212.152.246.135 - - [25/Sep/2018:12:39:36 +0200] "GET /reload?ser=1537871975400 HTTP/1.1" 200 28 "http://renault.activities.at/success" "Mozilla/5.0 (Windows NT 6.1; WOW64; Trident/7.0; rv:11.0) like Gecko"
138.21.12.22 - - [25/Sep/2018:12:39:38 +0200] "GET /reload?ser=1537871978232 HTTP/1.1" 200 28 "http://renault.2web.at/success" "Mozilla/5.0 (Windows NT 6.1; WOW64; Trident/7.0; rv:11.0) like Gecko"
91.114.99.206 - - [25/Sep/2018:12:39:41 +0200] "GET /reload?ser=1537871981185 HTTP/1.1" 200 28 "http://renault.activities.at/11820559" "Mozilla/5.0 (Windows NT 6.1; WOW64; Trident/7.0; rv:11.0) like Gecko"
213.153.47.173 - - [25/Sep/2018:12:39:56 +0200] "GET /reload?ser=1537871996209 HTTP/1.1" 200 28 "http://renault.activities.at/login?required=true" "Mozilla/5.0 (Windows NT 10.0; Win64; x64; rv:62.0) Gecko/20100101 Firefox/62.0"
212.152.246.135 - - [25/Sep/2018:12:40:37 +0200] "GET /reload?ser=1537872036421 HTTP/1.1" 200 28 "http://renault.activities.at/success" "Mozilla/5.0 (Windows NT 6.1; WOW64; Trident/7.0; rv:11.0) like Gecko"
138.21.12.22 - - [25/Sep/2018:12:40:39 +0200] "GET /reload?ser=1537872039322 HTTP/1.1" 200 28 "http://renault.2web.at/success" "Mozilla/5.0 (Windows NT 6.1; WOW64; Trident/7.0; rv:11.0) like Gecko"
91.114.99.206 - - [25/Sep/2018:12:40:42 +0200] "GET /reload?ser=1537872042196 HTTP/1.1" 200 28 "http://renault.activities.at/11820559" "Mozilla/5.0 (Windows NT 6.1; WOW64; Trident/7.0; rv:11.0) like Gecko"
213.153.47.173 - - [25/Sep/2018:12:40:56 +0200] "GET /reload?ser=1537872056869 HTTP/1.1" 200 28 "http://renault.activities.at/login?required=true" "Mozilla/5.0 (Windows NT 10.0; Win64; x64; rv:62.0) Gecko/20100101 Firefox/62.0"
212.152.246.135 - - [25/Sep/2018:12:41:38 +0200] "GET /reload?ser=1537872097465 HTTP/1.1" 200 28 "http://renault.activities.at/success" "Mozilla/5.0 (Windows NT 6.1; WOW64; Trident/7.0; rv:11.0) like Gecko"
138.21.12.22 - - [25/Sep/2018:12:41:40 +0200] "GET /reload?ser=1537872100411 HTTP/1.1" 200 28 "http://renault.2web.at/success" "Mozilla/5.0 (Windows NT 6.1; WOW64; Trident/7.0; rv:11.0) like Gecko"
91.114.99.206 - - [25/Sep/2018:12:41:43 +0200] "GET /reload?ser=1537872103205 HTTP/1.1" 200 28 "http://renault.activities.at/11820559" "Mozilla/5.0 (Windows NT 6.1; WOW64; Trident/7.0; rv:11.0) like Gecko"
213.153.47.173 - - [25/Sep/2018:12:41:57 +0200] "GET /reload?ser=1537872117540 HTTP/1.1" 200 28 "http://renault.activities.at/login?required=true" "Mozilla/5.0 (Windows NT 10.0; Win64; x64; rv:62.0) Gecko/20100101 Firefox/62.0"
212.152.246.135 - - [25/Sep/2018:12:42:39 +0200] "GET /reload?ser=1537872158479 HTTP/1.1" 200 28 "http://renault.activities.at/success" "Mozilla/5.0 (Windows NT 6.1; WOW64; Trident/7.0; rv:11.0) like Gecko"
138.21.12.22 - - [25/Sep/2018:12:42:41 +0200] "GET /reload?ser=1537872161479 HTTP/1.1" 200 28 "http://renault.2web.at/success" "Mozilla/5.0 (Windows NT 6.1; WOW64; Trident/7.0; rv:11.0) like Gecko"
91.114.99.206 - - [25/Sep/2018:12:42:44 +0200] "GET /reload?ser=1537872164202 HTTP/1.1" 200 28 "http://renault.activities.at/11820559" "Mozilla/5.0 (Windows NT 6.1; WOW64; Trident/7.0; rv:11.0) like Gecko"
213.153.47.173 - - [25/Sep/2018:12:42:58 +0200] "GET /reload?ser=1537872178209 HTTP/1.1" 200 28 "http://renault.activities.at/login?required=true" "Mozilla/5.0 (Windows NT 10.0; Win64; x64; rv:62.0) Gecko/20100101 Firefox/62.0"
212.152.246.135 - - [25/Sep/2018:12:43:40 +0200] "GET /reload?ser=1537872219457 HTTP/1.1" 200 28 "http://renault.activities.at/success" "Mozilla/5.0 (Windows NT 6.1; WOW64; Trident/7.0; rv:11.0) like Gecko"
138.21.12.22 - - [25/Sep/2018:12:43:42 +0200] "GET /reload?ser=1537872222572 HTTP/1.1" 200 28 "http://renault.2web.at/success" "Mozilla/5.0 (Windows NT 6.1; WOW64; Trident/7.0; rv:11.0) like Gecko"
91.114.99.206 - - [25/Sep/2018:12:43:45 +0200] "GET /reload?ser=1537872225193 HTTP/1.1" 200 28 "http://renault.activities.at/11820559" "Mozilla/5.0 (Windows NT 6.1; WOW64; Trident/7.0; rv:11.0) like Gecko"
213.153.47.173 - - [25/Sep/2018:12:43:58 +0200] "GET /reload?ser=1537872238891 HTTP/1.1" 200 28 "http://renault.activities.at/login?required=true" "Mozilla/5.0 (Windows NT 10.0; Win64; x64; rv:62.0) Gecko/20100101 Firefox/62.0"
212.152.246.135 - - [25/Sep/2018:12:44:41 +0200] "GET /reload?ser=1537872280471 HTTP/1.1" 200 28 "http://renault.activities.at/success" "Mozilla/5.0 (Windows NT 6.1; WOW64; Trident/7.0; rv:11.0) like Gecko"
138.21.12.22 - - [25/Sep/2018:12:44:43 +0200] "GET /reload?ser=1537872283638 HTTP/1.1" 200 28 "http://renault.2web.at/success" "Mozilla/5.0 (Windows NT 6.1; WOW64; Trident/7.0; rv:11.0) like Gecko"
91.114.99.206 - - [25/Sep/2018:12:44:46 +0200] "GET /reload?ser=1537872286193 HTTP/1.1" 200 28 "http://renault.activities.at/11820559" "Mozilla/5.0 (Windows NT 6.1; WOW64; Trident/7.0; rv:11.0) like Gecko"
213.153.47.173 - - [25/Sep/2018:12:44:59 +0200] "GET /reload?ser=1537872299549 HTTP/1.1" 200 28 "http://renault.activities.at/login?required=true" "Mozilla/5.0 (Windows NT 10.0; Win64; x64; rv:62.0) Gecko/20100101 Firefox/62.0"
212.152.246.135 - - [25/Sep/2018:12:45:42 +0200] "GET /reload?ser=1537872341484 HTTP/1.1" 200 28 "http://renault.activities.at/success" "Mozilla/5.0 (Windows NT 6.1; WOW64; Trident/7.0; rv:11.0) like Gecko"
138.21.12.22 - - [25/Sep/2018:12:45:44 +0200] "GET /reload?ser=1537872344696 HTTP/1.1" 200 28 "http://renault.2web.at/success" "Mozilla/5.0 (Windows NT 6.1; WOW64; Trident/7.0; rv:11.0) like Gecko"
91.114.99.206 - - [25/Sep/2018:12:45:47 +0200] "GET /reload?ser=1537872347227 HTTP/1.1" 200 28 "http://renault.activities.at/11820559" "Mozilla/5.0 (Windows NT 6.1; WOW64; Trident/7.0; rv:11.0) like Gecko"
213.153.47.173 - - [25/Sep/2018:12:46:00 +0200] "GET /reload?ser=1537872360220 HTTP/1.1" 200 28 "http://renault.activities.at/login?required=true" "Mozilla/5.0 (Windows NT 10.0; Win64; x64; rv:62.0) Gecko/20100101 Firefox/62.0"
212.152.246.135 - - [25/Sep/2018:12:46:43 +0200] "GET /reload?ser=1537872402495 HTTP/1.1" 200 28 "http://renault.activities.at/success" "Mozilla/5.0 (Windows NT 6.1; WOW64; Trident/7.0; rv:11.0) like Gecko"
138.21.12.22 - - [25/Sep/2018:12:46:45 +0200] "GET /reload?ser=1537872405756 HTTP/1.1" 200 28 "http://renault.2web.at/success" "Mozilla/5.0 (Windows NT 6.1; WOW64; Trident/7.0; rv:11.0) like Gecko"
91.114.99.206 - - [25/Sep/2018:12:46:48 +0200] "GET /reload?ser=1537872408218 HTTP/1.1" 200 28 "http://renault.activities.at/11820559" "Mozilla/5.0 (Windows NT 6.1; WOW64; Trident/7.0; rv:11.0) like Gecko"
213.153.47.173 - - [25/Sep/2018:12:47:00 +0200] "GET /reload?ser=1537872420880 HTTP/1.1" 200 28 "http://renault.activities.at/login?required=true" "Mozilla/5.0 (Windows NT 10.0; Win64; x64; rv:62.0) Gecko/20100101 Firefox/62.0"
212.152.246.135 - - [25/Sep/2018:12:47:44 +0200] "GET /reload?ser=1537872463497 HTTP/1.1" 200 28 "http://renault.activities.at/success" "Mozilla/5.0 (Windows NT 6.1; WOW64; Trident/7.0; rv:11.0) like Gecko"
138.21.12.22 - - [25/Sep/2018:12:47:46 +0200] "GET /reload?ser=1537872466818 HTTP/1.1" 200 28 "http://renault.2web.at/success" "Mozilla/5.0 (Windows NT 6.1; WOW64; Trident/7.0; rv:11.0) like Gecko"
91.114.99.206 - - [25/Sep/2018:12:47:49 +0200] "GET /reload?ser=1537872469192 HTTP/1.1" 200 28 "http://renault.activities.at/11820559" "Mozilla/5.0 (Windows NT 6.1; WOW64; Trident/7.0; rv:11.0) like Gecko"
213.153.47.173 - - [25/Sep/2018:12:48:01 +0200] "GET /reload?ser=1537872481550 HTTP/1.1" 200 28 "http://renault.activities.at/login?required=true" "Mozilla/5.0 (Windows NT 10.0; Win64; x64; rv:62.0) Gecko/20100101 Firefox/62.0"
212.152.246.135 - - [25/Sep/2018:12:48:45 +0200] "GET /reload?ser=1537872524496 HTTP/1.1" 200 28 "http://renault.activities.at/success" "Mozilla/5.0 (Windows NT 6.1; WOW64; Trident/7.0; rv:11.0) like Gecko"
138.21.12.22 - - [25/Sep/2018:12:48:47 +0200] "GET /reload?ser=1537872527872 HTTP/1.1" 200 28 "http://renault.2web.at/success" "Mozilla/5.0 (Windows NT 6.1; WOW64; Trident/7.0; rv:11.0) like Gecko"
91.114.99.206 - - [25/Sep/2018:12:48:50 +0200] "GET /reload?ser=1537872530233 HTTP/1.1" 200 28 "http://renault.activities.at/11820559" "Mozilla/5.0 (Windows NT 6.1; WOW64; Trident/7.0; rv:11.0) like Gecko"
213.153.47.173 - - [25/Sep/2018:12:49:02 +0200] "GET /reload?ser=1537872542209 HTTP/1.1" 200 28 "http://renault.activities.at/login?required=true" "Mozilla/5.0 (Windows NT 10.0; Win64; x64; rv:62.0) Gecko/20100101 Firefox/62.0"
212.152.246.135 - - [25/Sep/2018:12:49:46 +0200] "GET /reload?ser=1537872585508 HTTP/1.1" 200 28 "http://renault.activities.at/success" "Mozilla/5.0 (Windows NT 6.1; WOW64; Trident/7.0; rv:11.0) like Gecko"
138.21.12.22 - - [25/Sep/2018:12:49:49 +0200] "GET /reload?ser=1537872588951 HTTP/1.1" 200 28 "http://renault.2web.at/success" "Mozilla/5.0 (Windows NT 6.1; WOW64; Trident/7.0; rv:11.0) like Gecko"
91.114.99.206 - - [25/Sep/2018:12:49:51 +0200] "GET /reload?ser=1537872591265 HTTP/1.1" 200 28 "http://renault.activities.at/11820559" "Mozilla/5.0 (Windows NT 6.1; WOW64; Trident/7.0; rv:11.0) like Gecko"
213.153.47.173 - - [25/Sep/2018:12:50:02 +0200] "GET /reload?ser=1537872602870 HTTP/1.1" 200 28 "http://renault.activities.at/login?required=true" "Mozilla/5.0 (Windows NT 10.0; Win64; x64; rv:62.0) Gecko/20100101 Firefox/62.0"
212.152.246.135 - - [25/Sep/2018:12:50:47 +0200] "GET /reload?ser=1537872646515 HTTP/1.1" 200 28 "http://renault.activities.at/success" "Mozilla/5.0 (Windows NT 6.1; WOW64; Trident/7.0; rv:11.0) like Gecko"
138.21.12.22 - - [25/Sep/2018:12:50:50 +0200] "GET /reload?ser=1537872650021 HTTP/1.1" 200 28 "http://renault.2web.at/success" "Mozilla/5.0 (Windows NT 6.1; WOW64; Trident/7.0; rv:11.0) like Gecko"
91.114.99.206 - - [25/Sep/2018:12:50:52 +0200] "GET /reload?ser=1537872652253 HTTP/1.1" 200 28 "http://renault.activities.at/11820559" "Mozilla/5.0 (Windows NT 6.1; WOW64; Trident/7.0; rv:11.0) like Gecko"
213.153.47.173 - - [25/Sep/2018:12:51:03 +0200] "GET /reload?ser=1537872663550 HTTP/1.1" 200 28 "http://renault.activities.at/login?required=true" "Mozilla/5.0 (Windows NT 10.0; Win64; x64; rv:62.0) Gecko/20100101 Firefox/62.0"
212.152.246.135 - - [25/Sep/2018:12:51:48 +0200] "GET /reload?ser=1537872707551 HTTP/1.1" 200 28 "http://renault.activities.at/success" "Mozilla/5.0 (Windows NT 6.1; WOW64; Trident/7.0; rv:11.0) like Gecko"
138.21.12.22 - - [25/Sep/2018:12:51:51 +0200] "GET /reload?ser=1537872711091 HTTP/1.1" 200 28 "http://renault.2web.at/success" "Mozilla/5.0 (Windows NT 6.1; WOW64; Trident/7.0; rv:11.0) like Gecko"
91.114.99.206 - - [25/Sep/2018:12:51:53 +0200] "GET /reload?ser=1537872713251 HTTP/1.1" 200 28 "http://renault.activities.at/11820559" "Mozilla/5.0 (Windows NT 6.1; WOW64; Trident/7.0; rv:11.0) like Gecko"
213.153.47.173 - - [25/Sep/2018:12:52:04 +0200] "GET /reload?ser=1537872724210 HTTP/1.1" 200 28 "http://renault.activities.at/login?required=true" "Mozilla/5.0 (Windows NT 10.0; Win64; x64; rv:62.0) Gecko/20100101 Firefox/62.0"
212.152.246.135 - - [25/Sep/2018:12:52:49 +0200] "GET /reload?ser=1537872768559 HTTP/1.1" 200 28 "http://renault.activities.at/success" "Mozilla/5.0 (Windows NT 6.1; WOW64; Trident/7.0; rv:11.0) like Gecko"
138.21.12.22 - - [25/Sep/2018:12:52:52 +0200] "GET /reload?ser=1537872772171 HTTP/1.1" 200 28 "http://renault.2web.at/success" "Mozilla/5.0 (Windows NT 6.1; WOW64; Trident/7.0; rv:11.0) like Gecko"
80.120.5.131 - - [25/Sep/2018:12:52:52 +0200] "GET /10201637 HTTP/1.1" 302 150 "-" "Mozilla/5.0 (Macintosh; Intel Mac OS X 10_13_6) AppleWebKit/605.1.15 (KHTML, like Gecko)"
91.114.99.206 - - [25/Sep/2018:12:52:54 +0200] "GET /reload?ser=1537872774251 HTTP/1.1" 200 28 "http://renault.activities.at/11820559" "Mozilla/5.0 (Windows NT 6.1; WOW64; Trident/7.0; rv:11.0) like Gecko"
80.120.5.131 - - [25/Sep/2018:12:52:54 +0200] "GET /login?required=true HTTP/1.1" 200 2086 "-" "Mozilla/5.0 (Macintosh; Intel Mac OS X 10_13_6) AppleWebKit/605.1.15 (KHTML, like Gecko)"
80.120.5.131 - - [25/Sep/2018:12:52:55 +0200] "GET /apple-touch-icon-precomposed.png HTTP/1.1" 200 1559 "-" "Safari/13606.2.11 CFNetwork/902.1 Darwin/17.7.0 (x86_64)"
80.120.5.131 - - [25/Sep/2018:12:52:56 +0200] "GET /apple-touch-icon.png HTTP/1.1" 200 1559 "-" "Safari/13606.2.11 CFNetwork/902.1 Darwin/17.7.0 (x86_64)"
80.120.5.131 - - [25/Sep/2018:12:52:57 +0200] "GET /images/favicon.ico HTTP/1.1" 404 305 "-" "Safari/13606.2.11 CFNetwork/902.1 Darwin/17.7.0 (x86_64)"
80.120.5.131 - - [25/Sep/2018:12:52:57 +0200] "GET /images/favicon.ico HTTP/1.1" 404 305 "-" "Safari/13606.2.11 CFNetwork/902.1 Darwin/17.7.0 (x86_64)"
80.120.5.131 - - [25/Sep/2018:12:52:57 +0200] "GET /favicon.ico HTTP/1.1" 200 3250 "-" "Safari/13606.2.11 CFNetwork/902.1 Darwin/17.7.0 (x86_64)"
80.120.5.131 - - [25/Sep/2018:12:52:57 +0200] "GET /apple-touch-icon-precomposed.png HTTP/1.1" 200 1559 "-" "Safari/13606.2.11 CFNetwork/902.1 Darwin/17.7.0 (x86_64)"
80.120.5.131 - - [25/Sep/2018:12:52:58 +0200] "GET /apple-touch-icon.png HTTP/1.1" 200 1559 "-" "Safari/13606.2.11 CFNetwork/902.1 Darwin/17.7.0 (x86_64)"
80.120.5.131 - - [25/Sep/2018:12:52:59 +0200] "GET /images/favicon.ico HTTP/1.1" 404 305 "-" "Safari/13606.2.11 CFNetwork/902.1 Darwin/17.7.0 (x86_64)"
80.120.5.131 - - [25/Sep/2018:12:52:59 +0200] "GET /images/favicon.ico HTTP/1.1" 404 305 "-" "Safari/13606.2.11 CFNetwork/902.1 Darwin/17.7.0 (x86_64)"
80.120.5.131 - - [25/Sep/2018:12:52:59 +0200] "GET /favicon.ico HTTP/1.1" 200 3250 "-" "Safari/13606.2.11 CFNetwork/902.1 Darwin/17.7.0 (x86_64)"
80.120.5.131 - - [25/Sep/2018:12:52:59 +0200] "GET /10201637 HTTP/1.1" 302 150 "-" "Mozilla/5.0 (iPhone; CPU iPhone OS 11_3 like Mac OS X) AppleWebKit/605.1.15 (KHTML, like Gecko) Version/11.0 Mobile/15E148 Safari/604.1"
80.120.5.131 - - [25/Sep/2018:12:53:00 +0200] "GET /login?required=true HTTP/1.1" 200 2086 "-" "Mozilla/5.0 (iPhone; CPU iPhone OS 11_3 like Mac OS X) AppleWebKit/605.1.15 (KHTML, like Gecko) Version/11.0 Mobile/15E148 Safari/604.1"
80.120.5.131 - - [25/Sep/2018:12:53:01 +0200] "GET /apple-touch-icon-precomposed.png HTTP/1.1" 200 1559 "-" "Safari/13606.2.11 CFNetwork/902.1 Darwin/17.7.0 (x86_64)"
80.120.5.131 - - [25/Sep/2018:12:53:02 +0200] "GET /apple-touch-icon.png HTTP/1.1" 200 1559 "-" "Safari/13606.2.11 CFNetwork/902.1 Darwin/17.7.0 (x86_64)"
80.120.5.131 - - [25/Sep/2018:12:53:03 +0200] "GET /images/favicon.ico HTTP/1.1" 404 305 "-" "Safari/13606.2.11 CFNetwork/902.1 Darwin/17.7.0 (x86_64)"
80.120.5.131 - - [25/Sep/2018:12:53:03 +0200] "GET /images/favicon.ico HTTP/1.1" 404 305 "-" "Safari/13606.2.11 CFNetwork/902.1 Darwin/17.7.0 (x86_64)"
80.120.5.131 - - [25/Sep/2018:12:53:03 +0200] "GET /favicon.ico HTTP/1.1" 200 3250 "-" "Safari/13606.2.11 CFNetwork/902.1 Darwin/17.7.0 (x86_64)"
80.120.5.131 - - [25/Sep/2018:12:53:03 +0200] "GET /apple-touch-icon-precomposed.png HTTP/1.1" 200 1559 "-" "Safari/13606.2.11 CFNetwork/902.1 Darwin/17.7.0 (x86_64)"
80.120.5.131 - - [25/Sep/2018:12:53:04 +0200] "GET /apple-touch-icon.png HTTP/1.1" 200 1559 "-" "Safari/13606.2.11 CFNetwork/902.1 Darwin/17.7.0 (x86_64)"
80.120.5.131 - - [25/Sep/2018:12:53:05 +0200] "GET /images/favicon.ico HTTP/1.1" 404 305 "-" "Safari/13606.2.11 CFNetwork/902.1 Darwin/17.7.0 (x86_64)"
80.120.5.131 - - [25/Sep/2018:12:53:05 +0200] "GET /images/favicon.ico HTTP/1.1" 404 305 "-" "Safari/13606.2.11 CFNetwork/902.1 Darwin/17.7.0 (x86_64)"
80.120.5.131 - - [25/Sep/2018:12:53:05 +0200] "GET /favicon.ico HTTP/1.1" 200 3250 "-" "Safari/13606.2.11 CFNetwork/902.1 Darwin/17.7.0 (x86_64)"
213.153.47.173 - - [25/Sep/2018:12:53:04 +0200] "GET /reload?ser=1537872784880 HTTP/1.1" 200 28 "http://renault.activities.at/login?required=true" "Mozilla/5.0 (Windows NT 10.0; Win64; x64; rv:62.0) Gecko/20100101 Firefox/62.0"
212.152.246.135 - - [25/Sep/2018:12:53:50 +0200] "GET /reload?ser=1537872829568 HTTP/1.1" 200 28 "http://renault.activities.at/success" "Mozilla/5.0 (Windows NT 6.1; WOW64; Trident/7.0; rv:11.0) like Gecko"
138.21.12.22 - - [25/Sep/2018:12:53:53 +0200] "GET /reload?ser=1537872833260 HTTP/1.1" 200 28 "http://renault.2web.at/success" "Mozilla/5.0 (Windows NT 6.1; WOW64; Trident/7.0; rv:11.0) like Gecko"
91.114.99.206 - - [25/Sep/2018:12:53:55 +0200] "GET /reload?ser=1537872835280 HTTP/1.1" 200 28 "http://renault.activities.at/11820559" "Mozilla/5.0 (Windows NT 6.1; WOW64; Trident/7.0; rv:11.0) like Gecko"
213.153.47.173 - - [25/Sep/2018:12:54:05 +0200] "GET /reload?ser=1537872845540 HTTP/1.1" 200 28 "http://renault.activities.at/login?required=true" "Mozilla/5.0 (Windows NT 10.0; Win64; x64; rv:62.0) Gecko/20100101 Firefox/62.0"
212.152.246.135 - - [25/Sep/2018:12:54:51 +0200] "GET /reload?ser=1537872890591 HTTP/1.1" 200 28 "http://renault.activities.at/success" "Mozilla/5.0 (Windows NT 6.1; WOW64; Trident/7.0; rv:11.0) like Gecko"
138.21.12.22 - - [25/Sep/2018:12:54:54 +0200] "GET /reload?ser=1537872894285 HTTP/1.1" 200 28 "http://renault.2web.at/success" "Mozilla/5.0 (Windows NT 6.1; WOW64; Trident/7.0; rv:11.0) like Gecko"
91.114.99.206 - - [25/Sep/2018:12:54:56 +0200] "GET /reload?ser=1537872896289 HTTP/1.1" 200 28 "http://renault.activities.at/11820559" "Mozilla/5.0 (Windows NT 6.1; WOW64; Trident/7.0; rv:11.0) like Gecko"
213.153.47.173 - - [25/Sep/2018:12:55:06 +0200] "GET /reload?ser=1537872906190 HTTP/1.1" 200 28 "http://renault.activities.at/login?required=true" "Mozilla/5.0 (Windows NT 10.0; Win64; x64; rv:62.0) Gecko/20100101 Firefox/62.0"
212.152.246.135 - - [25/Sep/2018:12:55:52 +0200] "GET /reload?ser=1537872951593 HTTP/1.1" 200 28 "http://renault.activities.at/success" "Mozilla/5.0 (Windows NT 6.1; WOW64; Trident/7.0; rv:11.0) like Gecko"
138.21.12.22 - - [25/Sep/2018:12:55:55 +0200] "GET /reload?ser=1537872955316 HTTP/1.1" 200 28 "http://renault.2web.at/success" "Mozilla/5.0 (Windows NT 6.1; WOW64; Trident/7.0; rv:11.0) like Gecko"
91.114.99.206 - - [25/Sep/2018:12:55:57 +0200] "GET /reload?ser=1537872957299 HTTP/1.1" 200 28 "http://renault.activities.at/11820559" "Mozilla/5.0 (Windows NT 6.1; WOW64; Trident/7.0; rv:11.0) like Gecko"
213.153.47.173 - - [25/Sep/2018:12:56:06 +0200] "GET /reload?ser=1537872966860 HTTP/1.1" 200 28 "http://renault.activities.at/login?required=true" "Mozilla/5.0 (Windows NT 10.0; Win64; x64; rv:62.0) Gecko/20100101 Firefox/62.0"
212.152.246.135 - - [25/Sep/2018:12:56:53 +0200] "GET /reload?ser=1537873012631 HTTP/1.1" 200 28 "http://renault.activities.at/success" "Mozilla/5.0 (Windows NT 6.1; WOW64; Trident/7.0; rv:11.0) like Gecko"
138.21.12.22 - - [25/Sep/2018:12:56:56 +0200] "GET /reload?ser=1537873016347 HTTP/1.1" 200 28 "http://renault.2web.at/success" "Mozilla/5.0 (Windows NT 6.1; WOW64; Trident/7.0; rv:11.0) like Gecko"
91.114.99.206 - - [25/Sep/2018:12:56:58 +0200] "GET /reload?ser=1537873018278 HTTP/1.1" 200 28 "http://renault.activities.at/11820559" "Mozilla/5.0 (Windows NT 6.1; WOW64; Trident/7.0; rv:11.0) like Gecko"
213.153.47.173 - - [25/Sep/2018:12:57:07 +0200] "GET /reload?ser=1537873027540 HTTP/1.1" 200 28 "http://renault.activities.at/login?required=true" "Mozilla/5.0 (Windows NT 10.0; Win64; x64; rv:62.0) Gecko/20100101 Firefox/62.0"
212.152.246.135 - - [25/Sep/2018:12:57:54 +0200] "GET /reload?ser=1537873073639 HTTP/1.1" 200 28 "http://renault.activities.at/success" "Mozilla/5.0 (Windows NT 6.1; WOW64; Trident/7.0; rv:11.0) like Gecko"
138.21.12.22 - - [25/Sep/2018:12:57:57 +0200] "GET /reload?ser=1537873077421 HTTP/1.1" 200 28 "http://renault.2web.at/success" "Mozilla/5.0 (Windows NT 6.1; WOW64; Trident/7.0; rv:11.0) like Gecko"
91.114.99.206 - - [25/Sep/2018:12:57:59 +0200] "GET /reload?ser=1537873079277 HTTP/1.1" 200 28 "http://renault.activities.at/11820559" "Mozilla/5.0 (Windows NT 6.1; WOW64; Trident/7.0; rv:11.0) like Gecko"
213.153.47.173 - - [25/Sep/2018:12:58:08 +0200] "GET /reload?ser=1537873088210 HTTP/1.1" 200 28 "http://renault.activities.at/login?required=true" "Mozilla/5.0 (Windows NT 10.0; Win64; x64; rv:62.0) Gecko/20100101 Firefox/62.0"
212.152.246.135 - - [25/Sep/2018:12:58:55 +0200] "GET /reload?ser=1537873134639 HTTP/1.1" 200 28 "http://renault.activities.at/success" "Mozilla/5.0 (Windows NT 6.1; WOW64; Trident/7.0; rv:11.0) like Gecko"
138.21.12.22 - - [25/Sep/2018:12:58:58 +0200] "GET /reload?ser=1537873138479 HTTP/1.1" 200 28 "http://renault.2web.at/success" "Mozilla/5.0 (Windows NT 6.1; WOW64; Trident/7.0; rv:11.0) like Gecko"
91.114.99.206 - - [25/Sep/2018:12:59:00 +0200] "GET /reload?ser=1537873140276 HTTP/1.1" 200 28 "http://renault.activities.at/11820559" "Mozilla/5.0 (Windows NT 6.1; WOW64; Trident/7.0; rv:11.0) like Gecko"
213.153.47.173 - - [25/Sep/2018:12:59:08 +0200] "GET /reload?ser=1537873148890 HTTP/1.1" 200 28 "http://renault.activities.at/login?required=true" "Mozilla/5.0 (Windows NT 10.0; Win64; x64; rv:62.0) Gecko/20100101 Firefox/62.0"
212.152.246.135 - - [25/Sep/2018:12:59:56 +0200] "GET /reload?ser=1537873195619 HTTP/1.1" 200 28 "http://renault.activities.at/success" "Mozilla/5.0 (Windows NT 6.1; WOW64; Trident/7.0; rv:11.0) like Gecko"
138.21.12.22 - - [25/Sep/2018:12:59:59 +0200] "GET /reload?ser=1537873199496 HTTP/1.1" 200 28 "http://renault.2web.at/success" "Mozilla/5.0 (Windows NT 6.1; WOW64; Trident/7.0; rv:11.0) like Gecko"
91.114.99.206 - - [25/Sep/2018:13:00:01 +0200] "GET /reload?ser=1537873201296 HTTP/1.1" 200 28 "http://renault.activities.at/11820559" "Mozilla/5.0 (Windows NT 6.1; WOW64; Trident/7.0; rv:11.0) like Gecko"
213.153.47.173 - - [25/Sep/2018:13:00:09 +0200] "GET /reload?ser=1537873209562 HTTP/1.1" 200 28 "http://renault.activities.at/login?required=true" "Mozilla/5.0 (Windows NT 10.0; Win64; x64; rv:62.0) Gecko/20100101 Firefox/62.0"
212.152.246.135 - - [25/Sep/2018:13:00:57 +0200] "GET /reload?ser=1537873256659 HTTP/1.1" 200 28 "http://renault.activities.at/success" "Mozilla/5.0 (Windows NT 6.1; WOW64; Trident/7.0; rv:11.0) like Gecko"
138.21.12.22 - - [25/Sep/2018:13:01:00 +0200] "GET /reload?ser=1537873260540 HTTP/1.1" 200 28 "http://renault.2web.at/success" "Mozilla/5.0 (Windows NT 6.1; WOW64; Trident/7.0; rv:11.0) like Gecko"
91.114.99.206 - - [25/Sep/2018:13:01:02 +0200] "GET /reload?ser=1537873262316 HTTP/1.1" 200 28 "http://renault.activities.at/11820559" "Mozilla/5.0 (Windows NT 6.1; WOW64; Trident/7.0; rv:11.0) like Gecko"
213.153.47.173 - - [25/Sep/2018:13:01:10 +0200] "GET /reload?ser=1537873270231 HTTP/1.1" 200 28 "http://renault.activities.at/login?required=true" "Mozilla/5.0 (Windows NT 10.0; Win64; x64; rv:62.0) Gecko/20100101 Firefox/62.0"
212.152.246.135 - - [25/Sep/2018:13:01:58 +0200] "GET /reload?ser=1537873317637 HTTP/1.1" 200 28 "http://renault.activities.at/success" "Mozilla/5.0 (Windows NT 6.1; WOW64; Trident/7.0; rv:11.0) like Gecko"
138.21.12.22 - - [25/Sep/2018:13:02:01 +0200] "GET /reload?ser=1537873321677 HTTP/1.1" 200 28 "http://renault.2web.at/success" "Mozilla/5.0 (Windows NT 6.1; WOW64; Trident/7.0; rv:11.0) like Gecko"
91.114.99.206 - - [25/Sep/2018:13:02:03 +0200] "GET /reload?ser=1537873323324 HTTP/1.1" 200 28 "http://renault.activities.at/11820559" "Mozilla/5.0 (Windows NT 6.1; WOW64; Trident/7.0; rv:11.0) like Gecko"
213.153.47.173 - - [25/Sep/2018:13:02:10 +0200] "GET /reload?ser=1537873330911 HTTP/1.1" 200 28 "http://renault.activities.at/login?required=true" "Mozilla/5.0 (Windows NT 10.0; Win64; x64; rv:62.0) Gecko/20100101 Firefox/62.0"
212.152.246.135 - - [25/Sep/2018:13:02:59 +0200] "GET /reload?ser=1537873378678 HTTP/1.1" 200 28 "http://renault.activities.at/success" "Mozilla/5.0 (Windows NT 6.1; WOW64; Trident/7.0; rv:11.0) like Gecko"
138.21.12.22 - - [25/Sep/2018:13:03:02 +0200] "GET /reload?ser=1537873382756 HTTP/1.1" 200 28 "http://renault.2web.at/success" "Mozilla/5.0 (Windows NT 6.1; WOW64; Trident/7.0; rv:11.0) like Gecko"
91.114.99.206 - - [25/Sep/2018:13:03:04 +0200] "GET /reload?ser=1537873384325 HTTP/1.1" 200 28 "http://renault.activities.at/11820559" "Mozilla/5.0 (Windows NT 6.1; WOW64; Trident/7.0; rv:11.0) like Gecko"
213.153.47.173 - - [25/Sep/2018:13:03:11 +0200] "GET /reload?ser=1537873391561 HTTP/1.1" 200 28 "http://renault.activities.at/login?required=true" "Mozilla/5.0 (Windows NT 10.0; Win64; x64; rv:62.0) Gecko/20100101 Firefox/62.0"
212.152.246.135 - - [25/Sep/2018:13:04:00 +0200] "GET /reload?ser=1537873439708 HTTP/1.1" 200 28 "http://renault.activities.at/success" "Mozilla/5.0 (Windows NT 6.1; WOW64; Trident/7.0; rv:11.0) like Gecko"
138.21.12.22 - - [25/Sep/2018:13:04:04 +0200] "GET /reload?ser=1537873443823 HTTP/1.1" 200 28 "http://renault.2web.at/success" "Mozilla/5.0 (Windows NT 6.1; WOW64; Trident/7.0; rv:11.0) like Gecko"
91.114.99.206 - - [25/Sep/2018:13:04:05 +0200] "GET /reload?ser=1537873445373 HTTP/1.1" 200 28 "http://renault.activities.at/11820559" "Mozilla/5.0 (Windows NT 6.1; WOW64; Trident/7.0; rv:11.0) like Gecko"
213.153.47.173 - - [25/Sep/2018:13:04:12 +0200] "GET /reload?ser=1537873452213 HTTP/1.1" 200 28 "http://renault.activities.at/login?required=true" "Mozilla/5.0 (Windows NT 10.0; Win64; x64; rv:62.0) Gecko/20100101 Firefox/62.0"
178.165.129.215 - - [25/Sep/2018:13:04:54 +0200] "GET /account HTTP/1.1" 302 150 "-" "Mozilla/5.0 (iPhone; CPU iPhone OS 12_0 like Mac OS X) AppleWebKit/605.1.15 (KHTML, like Gecko) Version/12.0 Mobile/15E148 Safari/604.1"
178.165.129.215 - - [25/Sep/2018:13:04:55 +0200] "GET /login?required=true HTTP/1.1" 200 2086 "-" "Mozilla/5.0 (iPhone; CPU iPhone OS 12_0 like Mac OS X) AppleWebKit/605.1.15 (KHTML, like Gecko) Version/12.0 Mobile/15E148 Safari/604.1"
178.165.129.215 - - [25/Sep/2018:13:04:56 +0200] "GET /apple-touch-icon-120x120-precomposed.png HTTP/1.1" 200 1559 "-" "MobileSafari/604.1 CFNetwork/974.2.1 Darwin/18.0.0"
178.165.129.215 - - [25/Sep/2018:13:04:57 +0200] "GET /apple-touch-icon-120x120.png HTTP/1.1" 200 1559 "-" "MobileSafari/604.1 CFNetwork/974.2.1 Darwin/18.0.0"
178.165.129.215 - - [25/Sep/2018:13:04:58 +0200] "GET /apple-touch-icon-precomposed.png HTTP/1.1" 200 1559 "-" "MobileSafari/604.1 CFNetwork/974.2.1 Darwin/18.0.0"
178.165.129.215 - - [25/Sep/2018:13:04:59 +0200] "GET /apple-touch-icon.png HTTP/1.1" 200 1559 "-" "MobileSafari/604.1 CFNetwork/974.2.1 Darwin/18.0.0"
178.165.129.215 - - [25/Sep/2018:13:05:00 +0200] "GET /images/favicon.ico HTTP/1.1" 404 305 "-" "MobileSafari/604.1 CFNetwork/974.2.1 Darwin/18.0.0"
178.165.129.215 - - [25/Sep/2018:13:05:00 +0200] "GET /images/favicon.ico HTTP/1.1" 404 305 "-" "MobileSafari/604.1 CFNetwork/974.2.1 Darwin/18.0.0"
178.165.129.215 - - [25/Sep/2018:13:05:00 +0200] "GET /favicon.ico HTTP/1.1" 200 3250 "-" "MobileSafari/604.1 CFNetwork/974.2.1 Darwin/18.0.0"
178.165.129.215 - - [25/Sep/2018:13:05:00 +0200] "GET /apple-touch-icon-120x120-precomposed.png HTTP/1.1" 200 1559 "-" "MobileSafari/604.1 CFNetwork/974.2.1 Darwin/18.0.0"
212.152.246.135 - - [25/Sep/2018:13:05:01 +0200] "GET /reload?ser=1537873500742 HTTP/1.1" 200 28 "http://renault.activities.at/success" "Mozilla/5.0 (Windows NT 6.1; WOW64; Trident/7.0; rv:11.0) like Gecko"
178.165.129.215 - - [25/Sep/2018:13:05:01 +0200] "GET /apple-touch-icon-120x120.png HTTP/1.1" 200 1559 "-" "MobileSafari/604.1 CFNetwork/974.2.1 Darwin/18.0.0"
178.165.129.215 - - [25/Sep/2018:13:05:02 +0200] "GET /apple-touch-icon-precomposed.png HTTP/1.1" 200 1559 "-" "MobileSafari/604.1 CFNetwork/974.2.1 Darwin/18.0.0"
178.165.129.215 - - [25/Sep/2018:13:05:03 +0200] "GET /apple-touch-icon.png HTTP/1.1" 200 1559 "-" "MobileSafari/604.1 CFNetwork/974.2.1 Darwin/18.0.0"
178.165.129.215 - - [25/Sep/2018:13:05:05 +0200] "GET /images/favicon.ico HTTP/1.1" 404 305 "-" "MobileSafari/604.1 CFNetwork/974.2.1 Darwin/18.0.0"
178.165.129.215 - - [25/Sep/2018:13:05:05 +0200] "GET /images/favicon.ico HTTP/1.1" 404 305 "-" "MobileSafari/604.1 CFNetwork/974.2.1 Darwin/18.0.0"
178.165.129.215 - - [25/Sep/2018:13:05:05 +0200] "GET /favicon.ico HTTP/1.1" 200 3250 "-" "MobileSafari/604.1 CFNetwork/974.2.1 Darwin/18.0.0"
138.21.12.22 - - [25/Sep/2018:13:05:05 +0200] "GET /reload?ser=1537873504942 HTTP/1.1" 200 28 "http://renault.2web.at/success" "Mozilla/5.0 (Windows NT 6.1; WOW64; Trident/7.0; rv:11.0) like Gecko"
91.114.99.206 - - [25/Sep/2018:13:05:06 +0200] "GET /reload?ser=1537873506352 HTTP/1.1" 200 28 "http://renault.activities.at/11820559" "Mozilla/5.0 (Windows NT 6.1; WOW64; Trident/7.0; rv:11.0) like Gecko"
213.153.47.173 - - [25/Sep/2018:13:05:12 +0200] "GET /reload?ser=1537873512880 HTTP/1.1" 200 28 "http://renault.activities.at/login?required=true" "Mozilla/5.0 (Windows NT 10.0; Win64; x64; rv:62.0) Gecko/20100101 Firefox/62.0"
212.152.246.135 - - [25/Sep/2018:13:06:02 +0200] "GET /reload?ser=1537873561720 HTTP/1.1" 200 28 "http://renault.activities.at/success" "Mozilla/5.0 (Windows NT 6.1; WOW64; Trident/7.0; rv:11.0) like Gecko"
138.21.12.22 - - [25/Sep/2018:13:06:06 +0200] "GET /reload?ser=1537873566255 HTTP/1.1" 200 28 "http://renault.2web.at/success" "Mozilla/5.0 (Windows NT 6.1; WOW64; Trident/7.0; rv:11.0) like Gecko"
91.114.99.206 - - [25/Sep/2018:13:06:07 +0200] "GET /reload?ser=1537873567322 HTTP/1.1" 200 28 "http://renault.activities.at/11820559" "Mozilla/5.0 (Windows NT 6.1; WOW64; Trident/7.0; rv:11.0) like Gecko"
212.152.158.195 - - [25/Sep/2018:13:06:12 +0200] "GET / HTTP/1.1" 200 3683 "-" "Mozilla/5.0 (Windows NT 10.0; WOW64; Trident/7.0; Touch; rv:11.0) like Gecko"
213.153.47.173 - - [25/Sep/2018:13:06:13 +0200] "GET /reload?ser=1537873573530 HTTP/1.1" 200 28 "http://renault.activities.at/login?required=true" "Mozilla/5.0 (Windows NT 10.0; Win64; x64; rv:62.0) Gecko/20100101 Firefox/62.0"
212.152.158.195 - - [25/Sep/2018:13:06:13 +0200] "GET /loadthumbnail.php?id=11127982 HTTP/1.1" 200 399614 "http://renault.activities.at/" "Mozilla/5.0 (Windows NT 10.0; WOW64; Trident/7.0; Touch; rv:11.0) like Gecko"
212.152.158.195 - - [25/Sep/2018:13:06:26 +0200] "GET /login HTTP/1.1" 200 2086 "http://renault.activities.at/" "Mozilla/5.0 (Windows NT 10.0; WOW64; Trident/7.0; Touch; rv:11.0) like Gecko"
212.152.158.195 - - [25/Sep/2018:13:06:37 +0200] "POST /login HTTP/1.1" 302 140 "http://renault.activities.at/login" "Mozilla/5.0 (Windows NT 10.0; WOW64; Trident/7.0; Touch; rv:11.0) like Gecko"
212.152.158.195 - - [25/Sep/2018:13:06:39 +0200] "GET /account HTTP/1.1" 200 6022 "http://renault.activities.at/login" "Mozilla/5.0 (Windows NT 10.0; WOW64; Trident/7.0; Touch; rv:11.0) like Gecko"
212.152.158.195 - - [25/Sep/2018:13:06:42 +0200] "GET /loadthumbnail.php?id=11615283&width=50&height=50 HTTP/1.1" 200 2672 "http://renault.activities.at/account" "Mozilla/5.0 (Windows NT 10.0; WOW64; Trident/7.0; Touch; rv:11.0) like Gecko"
212.152.158.195 - - [25/Sep/2018:13:06:49 +0200] "GET /orders HTTP/1.1" 200 5564 "http://renault.activities.at/account" "Mozilla/5.0 (Windows NT 10.0; WOW64; Trident/7.0; Touch; rv:11.0) like Gecko"
212.152.158.195 - - [25/Sep/2018:13:06:51 +0200] "GET /loadthumbnail.php?id=10203276 HTTP/1.1" 200 75 "http://renault.activities.at/orders" "Mozilla/5.0 (Windows NT 10.0; WOW64; Trident/7.0; Touch; rv:11.0) like Gecko"
212.152.158.195 - - [25/Sep/2018:13:06:59 +0200] "GET /11883904 HTTP/1.1" 200 5850 "http://renault.activities.at/orders" "Mozilla/5.0 (Windows NT 10.0; WOW64; Trident/7.0; Touch; rv:11.0) like Gecko"
212.152.246.135 - - [25/Sep/2018:13:07:03 +0200] "GET /reload?ser=1537873622722 HTTP/1.1" 200 28 "http://renault.activities.at/success" "Mozilla/5.0 (Windows NT 6.1; WOW64; Trident/7.0; rv:11.0) like Gecko"
212.152.158.195 - - [25/Sep/2018:13:07:05 +0200] "GET /orders HTTP/1.1" 200 5564 "http://renault.activities.at/account" "Mozilla/5.0 (Windows NT 10.0; WOW64; Trident/7.0; Touch; rv:11.0) like Gecko"
138.21.12.22 - - [25/Sep/2018:13:07:07 +0200] "GET /reload?ser=1537873627281 HTTP/1.1" 200 28 "http://renault.2web.at/success" "Mozilla/5.0 (Windows NT 6.1; WOW64; Trident/7.0; rv:11.0) like Gecko"
91.114.99.206 - - [25/Sep/2018:13:07:08 +0200] "GET /reload?ser=1537873628311 HTTP/1.1" 200 28 "http://renault.activities.at/11820559" "Mozilla/5.0 (Windows NT 6.1; WOW64; Trident/7.0; rv:11.0) like Gecko"
212.152.158.195 - - [25/Sep/2018:13:07:09 +0200] "GET /11882179 HTTP/1.1" 200 5799 "http://renault.activities.at/orders" "Mozilla/5.0 (Windows NT 10.0; WOW64; Trident/7.0; Touch; rv:11.0) like Gecko"
213.153.47.173 - - [25/Sep/2018:13:07:14 +0200] "GET /reload?ser=1537873634200 HTTP/1.1" 200 28 "http://renault.activities.at/login?required=true" "Mozilla/5.0 (Windows NT 10.0; Win64; x64; rv:62.0) Gecko/20100101 Firefox/62.0"
212.152.158.195 - - [25/Sep/2018:13:07:14 +0200] "GET /orders HTTP/1.1" 200 5564 "http://renault.activities.at/account" "Mozilla/5.0 (Windows NT 10.0; WOW64; Trident/7.0; Touch; rv:11.0) like Gecko"
212.152.158.195 - - [25/Sep/2018:13:07:19 +0200] "GET /11846823 HTTP/1.1" 200 5931 "http://renault.activities.at/orders" "Mozilla/5.0 (Windows NT 10.0; WOW64; Trident/7.0; Touch; rv:11.0) like Gecko"
212.152.246.135 - - [25/Sep/2018:13:08:04 +0200] "GET /reload?ser=1537873683701 HTTP/1.1" 200 28 "http://renault.activities.at/success" "Mozilla/5.0 (Windows NT 6.1; WOW64; Trident/7.0; rv:11.0) like Gecko"
138.21.12.22 - - [25/Sep/2018:13:08:08 +0200] "GET /reload?ser=1537873688368 HTTP/1.1" 200 28 "http://renault.2web.at/success" "Mozilla/5.0 (Windows NT 6.1; WOW64; Trident/7.0; rv:11.0) like Gecko"
91.114.99.206 - - [25/Sep/2018:13:08:09 +0200] "GET /reload?ser=1537873689341 HTTP/1.1" 200 28 "http://renault.activities.at/11820559" "Mozilla/5.0 (Windows NT 6.1; WOW64; Trident/7.0; rv:11.0) like Gecko"
213.153.47.173 - - [25/Sep/2018:13:08:14 +0200] "GET /reload?ser=1537873694890 HTTP/1.1" 200 28 "http://renault.activities.at/login?required=true" "Mozilla/5.0 (Windows NT 10.0; Win64; x64; rv:62.0) Gecko/20100101 Firefox/62.0"
212.152.158.195 - - [25/Sep/2018:13:08:22 +0200] "GET /reload?ser=1537873701778 HTTP/1.1" 200 28 "http://renault.activities.at/11846823" "Mozilla/5.0 (Windows NT 10.0; WOW64; Trident/7.0; Touch; rv:11.0) like Gecko"
212.152.246.135 - - [25/Sep/2018:13:09:05 +0200] "GET /reload?ser=1537873744671 HTTP/1.1" 200 28 "http://renault.activities.at/success" "Mozilla/5.0 (Windows NT 6.1; WOW64; Trident/7.0; rv:11.0) like Gecko"
