188.21.129.54 - - [26/Sep/2018:11:51:22 +0200] "GET /css/themes/default.css HTTP/1.1" 304 - "http://renault.activities.at/login" "Mozilla/5.0 (Windows NT 6.3; WOW64; Trident/7.0; rv:11.0) like Gecko"
188.21.129.54 - - [26/Sep/2018:11:51:23 +0200] "GET /images/main_block_border.gif HTTP/1.1" 200 43 "http://renault.activities.at/login" "Mozilla/5.0 (Windows NT 6.3; WOW64; Trident/7.0; rv:11.0) like Gecko"
188.21.129.54 - - [26/Sep/2018:11:51:23 +0200] "GET /images/main_block_corner_left_top.gif HTTP/1.1" 200 159 "http://renault.activities.at/login" "Mozilla/5.0 (Windows NT 6.3; WOW64; Trident/7.0; rv:11.0) like Gecko"
188.21.129.54 - - [26/Sep/2018:11:51:23 +0200] "GET /images/header_block_border.gif HTTP/1.1" 200 43 "http://renault.activities.at/login" "Mozilla/5.0 (Windows NT 6.3; WOW64; Trident/7.0; rv:11.0) like Gecko"
188.21.129.54 - - [26/Sep/2018:11:51:23 +0200] "GET /images/main_block_corner_left_bot.gif HTTP/1.1" 200 159 "http://renault.activities.at/login" "Mozilla/5.0 (Windows NT 6.3; WOW64; Trident/7.0; rv:11.0) like Gecko"
188.21.129.54 - - [26/Sep/2018:11:51:23 +0200] "GET /images/main_block_corner_right_top.gif HTTP/1.1" 200 159 "http://renault.activities.at/login" "Mozilla/5.0 (Windows NT 6.3; WOW64; Trident/7.0; rv:11.0) like Gecko"
188.21.129.54 - - [26/Sep/2018:11:51:23 +0200] "GET /images/main_block_corner_right_bot.gif HTTP/1.1" 200 158 "http://renault.activities.at/login" "Mozilla/5.0 (Windows NT 6.3; WOW64; Trident/7.0; rv:11.0) like Gecko"
188.21.129.54 - - [26/Sep/2018:11:51:23 +0200] "GET /images/header_block_corner_left_top.gif HTTP/1.1" 200 160 "http://renault.activities.at/login" "Mozilla/5.0 (Windows NT 6.3; WOW64; Trident/7.0; rv:11.0) like Gecko"
188.21.129.54 - - [26/Sep/2018:11:51:23 +0200] "GET /images/header_block_corner_right_top.gif HTTP/1.1" 200 160 "http://renault.activities.at/login" "Mozilla/5.0 (Windows NT 6.3; WOW64; Trident/7.0; rv:11.0) like Gecko"
188.21.129.54 - - [26/Sep/2018:11:51:23 +0200] "GET /images/title_border_top.jpg HTTP/1.1" 200 336 "http://renault.activities.at/login" "Mozilla/5.0 (Windows NT 6.3; WOW64; Trident/7.0; rv:11.0) like Gecko"
188.21.129.54 - - [26/Sep/2018:11:51:23 +0200] "GET /images/title_border.jpg HTTP/1.1" 200 304 "http://renault.activities.at/login" "Mozilla/5.0 (Windows NT 6.3; WOW64; Trident/7.0; rv:11.0) like Gecko"
188.21.129.54 - - [26/Sep/2018:11:51:23 +0200] "GET /images/title_corner_left_top.jpg HTTP/1.1" 200 372 "http://renault.activities.at/login" "Mozilla/5.0 (Windows NT 6.3; WOW64; Trident/7.0; rv:11.0) like Gecko"
188.21.129.54 - - [26/Sep/2018:11:51:23 +0200] "GET /images/title_corner_right_top.jpg HTTP/1.1" 200 389 "http://renault.activities.at/login" "Mozilla/5.0 (Windows NT 6.3; WOW64; Trident/7.0; rv:11.0) like Gecko"
188.21.129.54 - - [26/Sep/2018:11:51:23 +0200] "GET /images/button_left_bg.gif HTTP/1.1" 200 564 "http://renault.activities.at/login" "Mozilla/5.0 (Windows NT 6.3; WOW64; Trident/7.0; rv:11.0) like Gecko"
188.21.129.54 - - [26/Sep/2018:11:51:23 +0200] "GET /images/button_right_bg.gif HTTP/1.1" 200 561 "http://renault.activities.at/login" "Mozilla/5.0 (Windows NT 6.3; WOW64; Trident/7.0; rv:11.0) like Gecko"
188.21.129.54 - - [26/Sep/2018:11:51:23 +0200] "GET /images/button_bg.gif HTTP/1.1" 200 151 "http://renault.activities.at/login" "Mozilla/5.0 (Windows NT 6.3; WOW64; Trident/7.0; rv:11.0) like Gecko"
188.21.129.54 - - [26/Sep/2018:11:51:23 +0200] "GET /loadthumbnail.php?id=11127982 HTTP/1.1" 200 399614 "http://renault.activities.at/login" "Mozilla/5.0 (Windows NT 6.3; WOW64; Trident/7.0; rv:11.0) like Gecko"
193.194.132.26 - - [26/Sep/2018:11:51:33 +0200] "GET /reload?ser=1537955493285 HTTP/1.1" 200 28 "http://renault.2web.at/imprintaddress" "Mozilla/5.0 (Windows NT 6.1; WOW64; Trident/7.0; rv:11.0) like Gecko"
213.153.47.173 - - [26/Sep/2018:11:51:41 +0200] "GET /reload?ser=1537955501224 HTTP/1.1" 200 28 "http://renault.activities.at/login?required=true" "Mozilla/5.0 (Windows NT 10.0; Win64; x64; rv:62.0) Gecko/20100101 Firefox/62.0"
212.152.246.135 - - [26/Sep/2018:11:51:59 +0200] "GET /reload?ser=1537955517774 HTTP/1.1" 200 28 "http://renault.activities.at/result?searchterm=true&search=Uhr" "Mozilla/5.0 (Windows NT 10.0; WOW64; Trident/7.0; rv:11.0) like Gecko"
66.249.64.77 - - [26/Sep/2018:11:52:17 +0200] "GET / HTTP/1.1" 200 3683 "-" "Mozilla/5.0 (Linux; Android 6.0.1; Nexus 5X Build/MMB29P) AppleWebKit/537.36 (KHTML, like Gecko) Chrome/41.0.2272.96 Mobile Safari/537.36 (compatible; Googlebot/2.1; +http://www.google.com/bot.html)"
193.194.132.26 - - [26/Sep/2018:11:52:34 +0200] "GET /reload?ser=1537955554330 HTTP/1.1" 200 28 "http://renault.2web.at/imprintaddress" "Mozilla/5.0 (Windows NT 6.1; WOW64; Trident/7.0; rv:11.0) like Gecko"
213.153.47.173 - - [26/Sep/2018:11:52:41 +0200] "GET /reload?ser=1537955561871 HTTP/1.1" 200 28 "http://renault.activities.at/login?required=true" "Mozilla/5.0 (Windows NT 10.0; Win64; x64; rv:62.0) Gecko/20100101 Firefox/62.0"
212.152.246.135 - - [26/Sep/2018:11:53:00 +0200] "GET /reload?ser=1537955578823 HTTP/1.1" 200 28 "http://renault.activities.at/result?searchterm=true&search=Uhr" "Mozilla/5.0 (Windows NT 10.0; WOW64; Trident/7.0; rv:11.0) like Gecko"
193.194.132.26 - - [26/Sep/2018:11:53:35 +0200] "GET /reload?ser=1537955615435 HTTP/1.1" 200 28 "http://renault.2web.at/imprintaddress" "Mozilla/5.0 (Windows NT 6.1; WOW64; Trident/7.0; rv:11.0) like Gecko"
213.153.47.173 - - [26/Sep/2018:11:53:42 +0200] "GET /reload?ser=1537955622533 HTTP/1.1" 200 28 "http://renault.activities.at/login?required=true" "Mozilla/5.0 (Windows NT 10.0; Win64; x64; rv:62.0) Gecko/20100101 Firefox/62.0"
212.152.246.135 - - [26/Sep/2018:11:54:01 +0200] "GET /reload?ser=1537955639807 HTTP/1.1" 200 28 "http://renault.activities.at/result?searchterm=true&search=Uhr" "Mozilla/5.0 (Windows NT 10.0; WOW64; Trident/7.0; rv:11.0) like Gecko"
193.194.132.26 - - [26/Sep/2018:11:54:36 +0200] "GET /reload?ser=1537955676516 HTTP/1.1" 200 28 "http://renault.2web.at/imprintaddress" "Mozilla/5.0 (Windows NT 6.1; WOW64; Trident/7.0; rv:11.0) like Gecko"
213.153.47.173 - - [26/Sep/2018:11:54:43 +0200] "GET /reload?ser=1537955683194 HTTP/1.1" 200 28 "http://renault.activities.at/login?required=true" "Mozilla/5.0 (Windows NT 10.0; Win64; x64; rv:62.0) Gecko/20100101 Firefox/62.0"
212.152.246.135 - - [26/Sep/2018:11:55:02 +0200] "GET /reload?ser=1537955700843 HTTP/1.1" 200 28 "http://renault.activities.at/result?searchterm=true&search=Uhr" "Mozilla/5.0 (Windows NT 10.0; WOW64; Trident/7.0; rv:11.0) like Gecko"
193.194.132.26 - - [26/Sep/2018:11:55:37 +0200] "GET /reload?ser=1537955737571 HTTP/1.1" 200 28 "http://renault.2web.at/imprintaddress" "Mozilla/5.0 (Windows NT 6.1; WOW64; Trident/7.0; rv:11.0) like Gecko"
213.153.47.173 - - [26/Sep/2018:11:55:43 +0200] "GET /reload?ser=1537955743865 HTTP/1.1" 200 28 "http://renault.activities.at/login?required=true" "Mozilla/5.0 (Windows NT 10.0; Win64; x64; rv:62.0) Gecko/20100101 Firefox/62.0"
212.152.246.135 - - [26/Sep/2018:11:56:03 +0200] "GET /reload?ser=1537955761846 HTTP/1.1" 200 28 "http://renault.activities.at/result?searchterm=true&search=Uhr" "Mozilla/5.0 (Windows NT 10.0; WOW64; Trident/7.0; rv:11.0) like Gecko"
193.194.132.26 - - [26/Sep/2018:11:56:38 +0200] "GET /reload?ser=1537955798637 HTTP/1.1" 200 28 "http://renault.2web.at/imprintaddress" "Mozilla/5.0 (Windows NT 6.1; WOW64; Trident/7.0; rv:11.0) like Gecko"
213.153.47.173 - - [26/Sep/2018:11:56:44 +0200] "GET /reload?ser=1537955804524 HTTP/1.1" 200 28 "http://renault.activities.at/login?required=true" "Mozilla/5.0 (Windows NT 10.0; Win64; x64; rv:62.0) Gecko/20100101 Firefox/62.0"
212.152.246.135 - - [26/Sep/2018:11:57:04 +0200] "GET /reload?ser=1537955822845 HTTP/1.1" 200 28 "http://renault.activities.at/result?searchterm=true&search=Uhr" "Mozilla/5.0 (Windows NT 10.0; WOW64; Trident/7.0; rv:11.0) like Gecko"
193.194.132.26 - - [26/Sep/2018:11:57:39 +0200] "GET /reload?ser=1537955859736 HTTP/1.1" 200 28 "http://renault.2web.at/imprintaddress" "Mozilla/5.0 (Windows NT 6.1; WOW64; Trident/7.0; rv:11.0) like Gecko"
213.153.47.173 - - [26/Sep/2018:11:57:45 +0200] "GET /reload?ser=1537955865204 HTTP/1.1" 200 28 "http://renault.activities.at/login?required=true" "Mozilla/5.0 (Windows NT 10.0; Win64; x64; rv:62.0) Gecko/20100101 Firefox/62.0"
212.152.246.135 - - [26/Sep/2018:11:58:05 +0200] "GET /reload?ser=1537955883881 HTTP/1.1" 200 28 "http://renault.activities.at/result?searchterm=true&search=Uhr" "Mozilla/5.0 (Windows NT 10.0; WOW64; Trident/7.0; rv:11.0) like Gecko"
193.194.132.26 - - [26/Sep/2018:11:58:40 +0200] "GET /reload?ser=1537955920810 HTTP/1.1" 200 28 "http://renault.2web.at/imprintaddress" "Mozilla/5.0 (Windows NT 6.1; WOW64; Trident/7.0; rv:11.0) like Gecko"
213.153.47.173 - - [26/Sep/2018:11:58:45 +0200] "GET /reload?ser=1537955925855 HTTP/1.1" 200 28 "http://renault.activities.at/login?required=true" "Mozilla/5.0 (Windows NT 10.0; Win64; x64; rv:62.0) Gecko/20100101 Firefox/62.0"
212.152.246.135 - - [26/Sep/2018:11:59:06 +0200] "GET /reload?ser=1537955944889 HTTP/1.1" 200 28 "http://renault.activities.at/result?searchterm=true&search=Uhr" "Mozilla/5.0 (Windows NT 10.0; WOW64; Trident/7.0; rv:11.0) like Gecko"
193.194.132.26 - - [26/Sep/2018:11:59:41 +0200] "GET /reload?ser=1537955981895 HTTP/1.1" 200 28 "http://renault.2web.at/imprintaddress" "Mozilla/5.0 (Windows NT 6.1; WOW64; Trident/7.0; rv:11.0) like Gecko"
213.153.47.173 - - [26/Sep/2018:11:59:46 +0200] "GET /reload?ser=1537955986496 HTTP/1.1" 200 28 "http://renault.activities.at/login?required=true" "Mozilla/5.0 (Windows NT 10.0; Win64; x64; rv:62.0) Gecko/20100101 Firefox/62.0"
212.152.246.135 - - [26/Sep/2018:12:00:07 +0200] "GET /reload?ser=1537956005930 HTTP/1.1" 200 28 "http://renault.activities.at/result?searchterm=true&search=Uhr" "Mozilla/5.0 (Windows NT 10.0; WOW64; Trident/7.0; rv:11.0) like Gecko"
193.194.132.26 - - [26/Sep/2018:12:00:43 +0200] "GET /reload?ser=1537956043006 HTTP/1.1" 200 28 "http://renault.2web.at/imprintaddress" "Mozilla/5.0 (Windows NT 6.1; WOW64; Trident/7.0; rv:11.0) like Gecko"
213.153.47.173 - - [26/Sep/2018:12:00:47 +0200] "GET /reload?ser=1537956047156 HTTP/1.1" 200 28 "http://renault.activities.at/login?required=true" "Mozilla/5.0 (Windows NT 10.0; Win64; x64; rv:62.0) Gecko/20100101 Firefox/62.0"
212.152.246.135 - - [26/Sep/2018:12:01:08 +0200] "GET /reload?ser=1537956066922 HTTP/1.1" 200 28 "http://renault.activities.at/result?searchterm=true&search=Uhr" "Mozilla/5.0 (Windows NT 10.0; WOW64; Trident/7.0; rv:11.0) like Gecko"
193.194.132.26 - - [26/Sep/2018:12:01:44 +0200] "GET /reload?ser=1537956104100 HTTP/1.1" 200 28 "http://renault.2web.at/imprintaddress" "Mozilla/5.0 (Windows NT 6.1; WOW64; Trident/7.0; rv:11.0) like Gecko"
213.153.47.173 - - [26/Sep/2018:12:01:47 +0200] "GET /reload?ser=1537956107817 HTTP/1.1" 200 28 "http://renault.activities.at/login?required=true" "Mozilla/5.0 (Windows NT 10.0; Win64; x64; rv:62.0) Gecko/20100101 Firefox/62.0"
212.152.246.135 - - [26/Sep/2018:12:02:09 +0200] "GET /reload?ser=1537956127890 HTTP/1.1" 200 28 "http://renault.activities.at/result?searchterm=true&search=Uhr" "Mozilla/5.0 (Windows NT 10.0; WOW64; Trident/7.0; rv:11.0) like Gecko"
193.194.132.26 - - [26/Sep/2018:12:02:45 +0200] "GET /reload?ser=1537956165167 HTTP/1.1" 200 28 "http://renault.2web.at/imprintaddress" "Mozilla/5.0 (Windows NT 6.1; WOW64; Trident/7.0; rv:11.0) like Gecko"
213.153.47.173 - - [26/Sep/2018:12:02:48 +0200] "GET /reload?ser=1537956168478 HTTP/1.1" 200 28 "http://renault.activities.at/login?required=true" "Mozilla/5.0 (Windows NT 10.0; Win64; x64; rv:62.0) Gecko/20100101 Firefox/62.0"
212.152.246.135 - - [26/Sep/2018:12:03:10 +0200] "GET /reload?ser=1537956188897 HTTP/1.1" 200 28 "http://renault.activities.at/result?searchterm=true&search=Uhr" "Mozilla/5.0 (Windows NT 10.0; WOW64; Trident/7.0; rv:11.0) like Gecko"
193.194.132.26 - - [26/Sep/2018:12:03:46 +0200] "GET /reload?ser=1537956226281 HTTP/1.1" 200 28 "http://renault.2web.at/imprintaddress" "Mozilla/5.0 (Windows NT 6.1; WOW64; Trident/7.0; rv:11.0) like Gecko"
213.153.47.173 - - [26/Sep/2018:12:03:49 +0200] "GET /reload?ser=1537956229138 HTTP/1.1" 200 28 "http://renault.activities.at/login?required=true" "Mozilla/5.0 (Windows NT 10.0; Win64; x64; rv:62.0) Gecko/20100101 Firefox/62.0"
212.152.246.135 - - [26/Sep/2018:12:04:11 +0200] "GET /reload?ser=1537956249888 HTTP/1.1" 200 28 "http://renault.activities.at/result?searchterm=true&search=Uhr" "Mozilla/5.0 (Windows NT 10.0; WOW64; Trident/7.0; rv:11.0) like Gecko"
193.194.132.26 - - [26/Sep/2018:12:04:47 +0200] "GET /reload?ser=1537956287328 HTTP/1.1" 200 28 "http://renault.2web.at/imprintaddress" "Mozilla/5.0 (Windows NT 6.1; WOW64; Trident/7.0; rv:11.0) like Gecko"
213.153.47.173 - - [26/Sep/2018:12:04:49 +0200] "GET /reload?ser=1537956289808 HTTP/1.1" 200 28 "http://renault.activities.at/login?required=true" "Mozilla/5.0 (Windows NT 10.0; Win64; x64; rv:62.0) Gecko/20100101 Firefox/62.0"
212.152.246.135 - - [26/Sep/2018:12:05:12 +0200] "GET /reload?ser=1537956310875 HTTP/1.1" 200 28 "http://renault.activities.at/result?searchterm=true&search=Uhr" "Mozilla/5.0 (Windows NT 10.0; WOW64; Trident/7.0; rv:11.0) like Gecko"
193.194.132.26 - - [26/Sep/2018:12:05:48 +0200] "GET /reload?ser=1537956348420 HTTP/1.1" 200 28 "http://renault.2web.at/imprintaddress" "Mozilla/5.0 (Windows NT 6.1; WOW64; Trident/7.0; rv:11.0) like Gecko"
213.153.47.173 - - [26/Sep/2018:12:05:50 +0200] "GET /reload?ser=1537956350469 HTTP/1.1" 200 28 "http://renault.activities.at/login?required=true" "Mozilla/5.0 (Windows NT 10.0; Win64; x64; rv:62.0) Gecko/20100101 Firefox/62.0"
212.152.246.135 - - [26/Sep/2018:12:06:13 +0200] "GET /reload?ser=1537956371871 HTTP/1.1" 200 28 "http://renault.activities.at/result?searchterm=true&search=Uhr" "Mozilla/5.0 (Windows NT 10.0; WOW64; Trident/7.0; rv:11.0) like Gecko"
193.194.132.26 - - [26/Sep/2018:12:06:49 +0200] "GET /reload?ser=1537956409521 HTTP/1.1" 200 28 "http://renault.2web.at/imprintaddress" "Mozilla/5.0 (Windows NT 6.1; WOW64; Trident/7.0; rv:11.0) like Gecko"
213.153.47.173 - - [26/Sep/2018:12:06:51 +0200] "GET /reload?ser=1537956411139 HTTP/1.1" 200 28 "http://renault.activities.at/login?required=true" "Mozilla/5.0 (Windows NT 10.0; Win64; x64; rv:62.0) Gecko/20100101 Firefox/62.0"
212.152.246.135 - - [26/Sep/2018:12:07:14 +0200] "GET /reload?ser=1537956432920 HTTP/1.1" 200 28 "http://renault.activities.at/result?searchterm=true&search=Uhr" "Mozilla/5.0 (Windows NT 10.0; WOW64; Trident/7.0; rv:11.0) like Gecko"
193.194.132.26 - - [26/Sep/2018:12:07:50 +0200] "GET /reload?ser=1537956470642 HTTP/1.1" 200 28 "http://renault.2web.at/imprintaddress" "Mozilla/5.0 (Windows NT 6.1; WOW64; Trident/7.0; rv:11.0) like Gecko"
213.153.47.173 - - [26/Sep/2018:12:07:51 +0200] "GET /reload?ser=1537956471809 HTTP/1.1" 200 28 "http://renault.activities.at/login?required=true" "Mozilla/5.0 (Windows NT 10.0; Win64; x64; rv:62.0) Gecko/20100101 Firefox/62.0"
212.152.246.135 - - [26/Sep/2018:12:08:15 +0200] "GET /reload?ser=1537956493949 HTTP/1.1" 200 28 "http://renault.activities.at/result?searchterm=true&search=Uhr" "Mozilla/5.0 (Windows NT 10.0; WOW64; Trident/7.0; rv:11.0) like Gecko"
193.194.132.26 - - [26/Sep/2018:12:08:51 +0200] "GET /reload?ser=1537956531747 HTTP/1.1" 200 28 "http://renault.2web.at/imprintaddress" "Mozilla/5.0 (Windows NT 6.1; WOW64; Trident/7.0; rv:11.0) like Gecko"
213.153.47.173 - - [26/Sep/2018:12:08:52 +0200] "GET /reload?ser=1537956532480 HTTP/1.1" 200 28 "http://renault.activities.at/login?required=true" "Mozilla/5.0 (Windows NT 10.0; Win64; x64; rv:62.0) Gecko/20100101 Firefox/62.0"
212.152.246.135 - - [26/Sep/2018:12:09:16 +0200] "GET /reload?ser=1537956554946 HTTP/1.1" 200 28 "http://renault.activities.at/result?searchterm=true&search=Uhr" "Mozilla/5.0 (Windows NT 10.0; WOW64; Trident/7.0; rv:11.0) like Gecko"
213.153.47.173 - - [26/Sep/2018:12:09:53 +0200] "GET /reload?ser=1537956593130 HTTP/1.1" 200 28 "http://renault.activities.at/login?required=true" "Mozilla/5.0 (Windows NT 10.0; Win64; x64; rv:62.0) Gecko/20100101 Firefox/62.0"
193.194.132.26 - - [26/Sep/2018:12:09:52 +0200] "GET /reload?ser=1537956592811 HTTP/1.1" 200 28 "http://renault.2web.at/imprintaddress" "Mozilla/5.0 (Windows NT 6.1; WOW64; Trident/7.0; rv:11.0) like Gecko"
212.152.246.135 - - [26/Sep/2018:12:10:17 +0200] "GET /reload?ser=1537956615962 HTTP/1.1" 200 28 "http://renault.activities.at/result?searchterm=true&search=Uhr" "Mozilla/5.0 (Windows NT 10.0; WOW64; Trident/7.0; rv:11.0) like Gecko"
178.115.128.249 - - [26/Sep/2018:12:10:25 +0200] "GET /account HTTP/1.1" 302 150 "-" "Mozilla/5.0 (iPhone; CPU iPhone OS 12_0 like Mac OS X) AppleWebKit/605.1.15 (KHTML, like Gecko) Version/12.0 Mobile/15E148 Safari/604.1"
178.115.128.249 - - [26/Sep/2018:12:10:26 +0200] "GET /login?required=true HTTP/1.1" 200 2086 "-" "Mozilla/5.0 (iPhone; CPU iPhone OS 12_0 like Mac OS X) AppleWebKit/605.1.15 (KHTML, like Gecko) Version/12.0 Mobile/15E148 Safari/604.1"
178.115.128.249 - - [26/Sep/2018:12:10:27 +0200] "GET /apple-touch-icon-120x120-precomposed.png HTTP/1.1" 200 1559 "-" "MobileSafari/604.1 CFNetwork/974.2.1 Darwin/18.0.0"
178.115.128.249 - - [26/Sep/2018:12:10:28 +0200] "GET /apple-touch-icon-120x120.png HTTP/1.1" 200 1559 "-" "MobileSafari/604.1 CFNetwork/974.2.1 Darwin/18.0.0"
178.115.128.249 - - [26/Sep/2018:12:10:29 +0200] "GET /apple-touch-icon-precomposed.png HTTP/1.1" 200 1559 "-" "MobileSafari/604.1 CFNetwork/974.2.1 Darwin/18.0.0"
178.115.128.249 - - [26/Sep/2018:12:10:30 +0200] "GET /apple-touch-icon.png HTTP/1.1" 200 1559 "-" "MobileSafari/604.1 CFNetwork/974.2.1 Darwin/18.0.0"
178.115.128.249 - - [26/Sep/2018:12:10:31 +0200] "GET /images/favicon.ico HTTP/1.1" 404 305 "-" "MobileSafari/604.1 CFNetwork/974.2.1 Darwin/18.0.0"
178.115.128.249 - - [26/Sep/2018:12:10:31 +0200] "GET /images/favicon.ico HTTP/1.1" 404 305 "-" "MobileSafari/604.1 CFNetwork/974.2.1 Darwin/18.0.0"
178.115.128.249 - - [26/Sep/2018:12:10:31 +0200] "GET /favicon.ico HTTP/1.1" 200 3250 "-" "MobileSafari/604.1 CFNetwork/974.2.1 Darwin/18.0.0"
178.115.128.249 - - [26/Sep/2018:12:10:31 +0200] "GET /apple-touch-icon-120x120-precomposed.png HTTP/1.1" 200 1559 "-" "MobileSafari/604.1 CFNetwork/974.2.1 Darwin/18.0.0"
178.115.128.249 - - [26/Sep/2018:12:10:33 +0200] "GET /apple-touch-icon-120x120.png HTTP/1.1" 200 1559 "-" "MobileSafari/604.1 CFNetwork/974.2.1 Darwin/18.0.0"
178.115.128.249 - - [26/Sep/2018:12:10:34 +0200] "GET /apple-touch-icon-precomposed.png HTTP/1.1" 200 1559 "-" "MobileSafari/604.1 CFNetwork/974.2.1 Darwin/18.0.0"
178.115.128.249 - - [26/Sep/2018:12:10:35 +0200] "GET /apple-touch-icon.png HTTP/1.1" 200 1559 "-" "MobileSafari/604.1 CFNetwork/974.2.1 Darwin/18.0.0"
178.115.128.249 - - [26/Sep/2018:12:10:36 +0200] "GET /images/favicon.ico HTTP/1.1" 404 305 "-" "MobileSafari/604.1 CFNetwork/974.2.1 Darwin/18.0.0"
178.115.128.249 - - [26/Sep/2018:12:10:36 +0200] "GET /images/favicon.ico HTTP/1.1" 404 305 "-" "MobileSafari/604.1 CFNetwork/974.2.1 Darwin/18.0.0"
178.115.128.249 - - [26/Sep/2018:12:10:36 +0200] "GET /favicon.ico HTTP/1.1" 200 3250 "-" "MobileSafari/604.1 CFNetwork/974.2.1 Darwin/18.0.0"
213.153.47.173 - - [26/Sep/2018:12:10:53 +0200] "GET /reload?ser=1537956653781 HTTP/1.1" 200 28 "http://renault.activities.at/login?required=true" "Mozilla/5.0 (Windows NT 10.0; Win64; x64; rv:62.0) Gecko/20100101 Firefox/62.0"
193.194.132.26 - - [26/Sep/2018:12:10:53 +0200] "GET /reload?ser=1537956653919 HTTP/1.1" 200 28 "http://renault.2web.at/imprintaddress" "Mozilla/5.0 (Windows NT 6.1; WOW64; Trident/7.0; rv:11.0) like Gecko"
212.152.246.135 - - [26/Sep/2018:12:11:18 +0200] "GET /reload?ser=1537956677000 HTTP/1.1" 200 28 "http://renault.activities.at/result?searchterm=true&search=Uhr" "Mozilla/5.0 (Windows NT 10.0; WOW64; Trident/7.0; rv:11.0) like Gecko"
213.153.47.173 - - [26/Sep/2018:12:11:54 +0200] "GET /reload?ser=1537956714431 HTTP/1.1" 200 28 "http://renault.activities.at/login?required=true" "Mozilla/5.0 (Windows NT 10.0; Win64; x64; rv:62.0) Gecko/20100101 Firefox/62.0"
193.194.132.26 - - [26/Sep/2018:12:11:54 +0200] "GET /reload?ser=1537956714948 HTTP/1.1" 200 28 "http://renault.2web.at/imprintaddress" "Mozilla/5.0 (Windows NT 6.1; WOW64; Trident/7.0; rv:11.0) like Gecko"
212.152.246.135 - - [26/Sep/2018:12:12:19 +0200] "GET /reload?ser=1537956738039 HTTP/1.1" 200 28 "http://renault.activities.at/result?searchterm=true&search=Uhr" "Mozilla/5.0 (Windows NT 10.0; WOW64; Trident/7.0; rv:11.0) like Gecko"
213.153.47.173 - - [26/Sep/2018:12:12:55 +0200] "GET /reload?ser=1537956775111 HTTP/1.1" 200 28 "http://renault.activities.at/login?required=true" "Mozilla/5.0 (Windows NT 10.0; Win64; x64; rv:62.0) Gecko/20100101 Firefox/62.0"
193.194.132.26 - - [26/Sep/2018:12:12:56 +0200] "GET /reload?ser=1537956776034 HTTP/1.1" 200 28 "http://renault.2web.at/imprintaddress" "Mozilla/5.0 (Windows NT 6.1; WOW64; Trident/7.0; rv:11.0) like Gecko"
212.152.246.135 - - [26/Sep/2018:12:13:20 +0200] "GET /reload?ser=1537956799098 HTTP/1.1" 200 28 "http://renault.activities.at/result?searchterm=true&search=Uhr" "Mozilla/5.0 (Windows NT 10.0; WOW64; Trident/7.0; rv:11.0) like Gecko"
213.153.47.173 - - [26/Sep/2018:12:13:55 +0200] "GET /reload?ser=1537956835781 HTTP/1.1" 200 28 "http://renault.activities.at/login?required=true" "Mozilla/5.0 (Windows NT 10.0; Win64; x64; rv:62.0) Gecko/20100101 Firefox/62.0"
193.194.132.26 - - [26/Sep/2018:12:13:57 +0200] "GET /reload?ser=1537956837148 HTTP/1.1" 200 28 "http://renault.2web.at/imprintaddress" "Mozilla/5.0 (Windows NT 6.1; WOW64; Trident/7.0; rv:11.0) like Gecko"
212.152.246.135 - - [26/Sep/2018:12:14:21 +0200] "GET /reload?ser=1537956860107 HTTP/1.1" 200 28 "http://renault.activities.at/result?searchterm=true&search=Uhr" "Mozilla/5.0 (Windows NT 10.0; WOW64; Trident/7.0; rv:11.0) like Gecko"
213.153.47.173 - - [26/Sep/2018:12:14:56 +0200] "GET /reload?ser=1537956896452 HTTP/1.1" 200 28 "http://renault.activities.at/login?required=true" "Mozilla/5.0 (Windows NT 10.0; Win64; x64; rv:62.0) Gecko/20100101 Firefox/62.0"
193.194.132.26 - - [26/Sep/2018:12:14:58 +0200] "GET /reload?ser=1537956898204 HTTP/1.1" 200 28 "http://renault.2web.at/imprintaddress" "Mozilla/5.0 (Windows NT 6.1; WOW64; Trident/7.0; rv:11.0) like Gecko"
212.152.246.135 - - [26/Sep/2018:12:15:22 +0200] "GET /reload?ser=1537956921161 HTTP/1.1" 200 28 "http://renault.activities.at/result?searchterm=true&search=Uhr" "Mozilla/5.0 (Windows NT 10.0; WOW64; Trident/7.0; rv:11.0) like Gecko"
213.153.47.173 - - [26/Sep/2018:12:15:57 +0200] "GET /reload?ser=1537956957112 HTTP/1.1" 200 28 "http://renault.activities.at/login?required=true" "Mozilla/5.0 (Windows NT 10.0; Win64; x64; rv:62.0) Gecko/20100101 Firefox/62.0"
193.194.132.26 - - [26/Sep/2018:12:15:59 +0200] "GET /reload?ser=1537956959212 HTTP/1.1" 200 28 "http://renault.2web.at/imprintaddress" "Mozilla/5.0 (Windows NT 6.1; WOW64; Trident/7.0; rv:11.0) like Gecko"
212.152.246.135 - - [26/Sep/2018:12:16:23 +0200] "GET /reload?ser=1537956982283 HTTP/1.1" 200 28 "http://renault.activities.at/result?searchterm=true&search=Uhr" "Mozilla/5.0 (Windows NT 10.0; WOW64; Trident/7.0; rv:11.0) like Gecko"
213.153.47.173 - - [26/Sep/2018:12:16:57 +0200] "GET /reload?ser=1537957017762 HTTP/1.1" 200 28 "http://renault.activities.at/login?required=true" "Mozilla/5.0 (Windows NT 10.0; Win64; x64; rv:62.0) Gecko/20100101 Firefox/62.0"
193.194.132.26 - - [26/Sep/2018:12:17:00 +0200] "GET /reload?ser=1537957020219 HTTP/1.1" 200 28 "http://renault.2web.at/imprintaddress" "Mozilla/5.0 (Windows NT 6.1; WOW64; Trident/7.0; rv:11.0) like Gecko"
212.152.246.135 - - [26/Sep/2018:12:17:24 +0200] "GET /reload?ser=1537957043308 HTTP/1.1" 200 28 "http://renault.activities.at/result?searchterm=true&search=Uhr" "Mozilla/5.0 (Windows NT 10.0; WOW64; Trident/7.0; rv:11.0) like Gecko"
213.153.47.173 - - [26/Sep/2018:12:17:58 +0200] "GET /reload?ser=1537957078413 HTTP/1.1" 200 28 "http://renault.activities.at/login?required=true" "Mozilla/5.0 (Windows NT 10.0; Win64; x64; rv:62.0) Gecko/20100101 Firefox/62.0"
193.194.132.26 - - [26/Sep/2018:12:18:01 +0200] "GET /reload?ser=1537957081280 HTTP/1.1" 200 28 "http://renault.2web.at/imprintaddress" "Mozilla/5.0 (Windows NT 6.1; WOW64; Trident/7.0; rv:11.0) like Gecko"
212.152.246.135 - - [26/Sep/2018:12:18:25 +0200] "GET /reload?ser=1537957104351 HTTP/1.1" 200 28 "http://renault.activities.at/result?searchterm=true&search=Uhr" "Mozilla/5.0 (Windows NT 10.0; WOW64; Trident/7.0; rv:11.0) like Gecko"
213.153.47.173 - - [26/Sep/2018:12:18:59 +0200] "GET /reload?ser=1537957139062 HTTP/1.1" 200 28 "http://renault.activities.at/login?required=true" "Mozilla/5.0 (Windows NT 10.0; Win64; x64; rv:62.0) Gecko/20100101 Firefox/62.0"
193.194.132.26 - - [26/Sep/2018:12:19:02 +0200] "GET /reload?ser=1537957142331 HTTP/1.1" 200 28 "http://renault.2web.at/imprintaddress" "Mozilla/5.0 (Windows NT 6.1; WOW64; Trident/7.0; rv:11.0) like Gecko"
212.152.246.135 - - [26/Sep/2018:12:19:26 +0200] "GET /reload?ser=1537957165339 HTTP/1.1" 200 28 "http://renault.activities.at/result?searchterm=true&search=Uhr" "Mozilla/5.0 (Windows NT 10.0; WOW64; Trident/7.0; rv:11.0) like Gecko"
213.153.47.173 - - [26/Sep/2018:12:19:59 +0200] "GET /reload?ser=1537957199720 HTTP/1.1" 200 28 "http://renault.activities.at/login?required=true" "Mozilla/5.0 (Windows NT 10.0; Win64; x64; rv:62.0) Gecko/20100101 Firefox/62.0"
193.194.132.26 - - [26/Sep/2018:12:20:03 +0200] "GET /reload?ser=1537957203399 HTTP/1.1" 200 28 "http://renault.2web.at/imprintaddress" "Mozilla/5.0 (Windows NT 6.1; WOW64; Trident/7.0; rv:11.0) like Gecko"
212.152.246.135 - - [26/Sep/2018:12:20:27 +0200] "GET /reload?ser=1537957226357 HTTP/1.1" 200 28 "http://renault.activities.at/result?searchterm=true&search=Uhr" "Mozilla/5.0 (Windows NT 10.0; WOW64; Trident/7.0; rv:11.0) like Gecko"
213.153.47.173 - - [26/Sep/2018:12:21:00 +0200] "GET /reload?ser=1537957260422 HTTP/1.1" 200 28 "http://renault.activities.at/login?required=true" "Mozilla/5.0 (Windows NT 10.0; Win64; x64; rv:62.0) Gecko/20100101 Firefox/62.0"
193.194.132.26 - - [26/Sep/2018:12:21:04 +0200] "GET /reload?ser=1537957264453 HTTP/1.1" 200 28 "http://renault.2web.at/imprintaddress" "Mozilla/5.0 (Windows NT 6.1; WOW64; Trident/7.0; rv:11.0) like Gecko"
212.152.246.135 - - [26/Sep/2018:12:21:28 +0200] "GET /reload?ser=1537957287372 HTTP/1.1" 200 28 "http://renault.activities.at/result?searchterm=true&search=Uhr" "Mozilla/5.0 (Windows NT 10.0; WOW64; Trident/7.0; rv:11.0) like Gecko"
213.153.47.173 - - [26/Sep/2018:12:22:01 +0200] "GET /reload?ser=1537957321082 HTTP/1.1" 200 28 "http://renault.activities.at/login?required=true" "Mozilla/5.0 (Windows NT 10.0; Win64; x64; rv:62.0) Gecko/20100101 Firefox/62.0"
193.194.132.26 - - [26/Sep/2018:12:22:05 +0200] "GET /reload?ser=1537957325541 HTTP/1.1" 200 28 "http://renault.2web.at/imprintaddress" "Mozilla/5.0 (Windows NT 6.1; WOW64; Trident/7.0; rv:11.0) like Gecko"
212.152.246.135 - - [26/Sep/2018:12:22:29 +0200] "GET /reload?ser=1537957348372 HTTP/1.1" 200 28 "http://renault.activities.at/result?searchterm=true&search=Uhr" "Mozilla/5.0 (Windows NT 10.0; WOW64; Trident/7.0; rv:11.0) like Gecko"
213.153.47.173 - - [26/Sep/2018:12:23:01 +0200] "GET /reload?ser=1537957381743 HTTP/1.1" 200 28 "http://renault.activities.at/login?required=true" "Mozilla/5.0 (Windows NT 10.0; Win64; x64; rv:62.0) Gecko/20100101 Firefox/62.0"
193.194.132.26 - - [26/Sep/2018:12:23:06 +0200] "GET /reload?ser=1537957386601 HTTP/1.1" 200 28 "http://renault.2web.at/imprintaddress" "Mozilla/5.0 (Windows NT 6.1; WOW64; Trident/7.0; rv:11.0) like Gecko"
212.152.246.135 - - [26/Sep/2018:12:23:30 +0200] "GET /reload?ser=1537957409398 HTTP/1.1" 200 28 "http://renault.activities.at/result?searchterm=true&search=Uhr" "Mozilla/5.0 (Windows NT 10.0; WOW64; Trident/7.0; rv:11.0) like Gecko"
213.153.47.173 - - [26/Sep/2018:12:24:02 +0200] "GET /reload?ser=1537957442393 HTTP/1.1" 200 28 "http://renault.activities.at/login?required=true" "Mozilla/5.0 (Windows NT 10.0; Win64; x64; rv:62.0) Gecko/20100101 Firefox/62.0"
193.194.132.26 - - [26/Sep/2018:12:24:07 +0200] "GET /reload?ser=1537957447749 HTTP/1.1" 200 28 "http://renault.2web.at/imprintaddress" "Mozilla/5.0 (Windows NT 6.1; WOW64; Trident/7.0; rv:11.0) like Gecko"
212.152.246.135 - - [26/Sep/2018:12:24:31 +0200] "GET /reload?ser=1537957470378 HTTP/1.1" 200 28 "http://renault.activities.at/result?searchterm=true&search=Uhr" "Mozilla/5.0 (Windows NT 10.0; WOW64; Trident/7.0; rv:11.0) like Gecko"
213.153.47.173 - - [26/Sep/2018:12:25:03 +0200] "GET /reload?ser=1537957503063 HTTP/1.1" 200 28 "http://renault.activities.at/login?required=true" "Mozilla/5.0 (Windows NT 10.0; Win64; x64; rv:62.0) Gecko/20100101 Firefox/62.0"
193.194.132.26 - - [26/Sep/2018:12:25:08 +0200] "GET /reload?ser=1537957508851 HTTP/1.1" 200 28 "http://renault.2web.at/imprintaddress" "Mozilla/5.0 (Windows NT 6.1; WOW64; Trident/7.0; rv:11.0) like Gecko"
212.152.246.135 - - [26/Sep/2018:12:25:32 +0200] "GET /reload?ser=1537957531378 HTTP/1.1" 200 28 "http://renault.activities.at/result?searchterm=true&search=Uhr" "Mozilla/5.0 (Windows NT 10.0; WOW64; Trident/7.0; rv:11.0) like Gecko"
213.153.47.173 - - [26/Sep/2018:12:26:03 +0200] "GET /reload?ser=1537957563734 HTTP/1.1" 200 28 "http://renault.activities.at/login?required=true" "Mozilla/5.0 (Windows NT 10.0; Win64; x64; rv:62.0) Gecko/20100101 Firefox/62.0"
193.194.132.26 - - [26/Sep/2018:12:26:10 +0200] "GET /reload?ser=1537957569913 HTTP/1.1" 200 28 "http://renault.2web.at/imprintaddress" "Mozilla/5.0 (Windows NT 6.1; WOW64; Trident/7.0; rv:11.0) like Gecko"
212.152.246.135 - - [26/Sep/2018:12:26:33 +0200] "GET /reload?ser=1537957592359 HTTP/1.1" 200 28 "http://renault.activities.at/result?searchterm=true&search=Uhr" "Mozilla/5.0 (Windows NT 10.0; WOW64; Trident/7.0; rv:11.0) like Gecko"
213.153.47.173 - - [26/Sep/2018:12:27:04 +0200] "GET /reload?ser=1537957624404 HTTP/1.1" 200 28 "http://renault.activities.at/login?required=true" "Mozilla/5.0 (Windows NT 10.0; Win64; x64; rv:62.0) Gecko/20100101 Firefox/62.0"
193.194.132.26 - - [26/Sep/2018:12:27:11 +0200] "GET /reload?ser=1537957630998 HTTP/1.1" 200 28 "http://renault.2web.at/imprintaddress" "Mozilla/5.0 (Windows NT 6.1; WOW64; Trident/7.0; rv:11.0) like Gecko"
212.152.246.135 - - [26/Sep/2018:12:27:34 +0200] "GET /reload?ser=1537957653384 HTTP/1.1" 200 28 "http://renault.activities.at/result?searchterm=true&search=Uhr" "Mozilla/5.0 (Windows NT 10.0; WOW64; Trident/7.0; rv:11.0) like Gecko"
213.153.47.173 - - [26/Sep/2018:12:28:05 +0200] "GET /reload?ser=1537957685073 HTTP/1.1" 200 28 "http://renault.activities.at/login?required=true" "Mozilla/5.0 (Windows NT 10.0; Win64; x64; rv:62.0) Gecko/20100101 Firefox/62.0"
193.194.132.26 - - [26/Sep/2018:12:28:12 +0200] "GET /reload?ser=1537957692104 HTTP/1.1" 200 28 "http://renault.2web.at/imprintaddress" "Mozilla/5.0 (Windows NT 6.1; WOW64; Trident/7.0; rv:11.0) like Gecko"
212.152.246.135 - - [26/Sep/2018:12:28:35 +0200] "GET /reload?ser=1537957714426 HTTP/1.1" 200 28 "http://renault.activities.at/result?searchterm=true&search=Uhr" "Mozilla/5.0 (Windows NT 10.0; WOW64; Trident/7.0; rv:11.0) like Gecko"
213.153.47.173 - - [26/Sep/2018:12:29:05 +0200] "GET /reload?ser=1537957745743 HTTP/1.1" 200 28 "http://renault.activities.at/login?required=true" "Mozilla/5.0 (Windows NT 10.0; Win64; x64; rv:62.0) Gecko/20100101 Firefox/62.0"
193.194.132.26 - - [26/Sep/2018:12:29:13 +0200] "GET /reload?ser=1537957753162 HTTP/1.1" 200 28 "http://renault.2web.at/imprintaddress" "Mozilla/5.0 (Windows NT 6.1; WOW64; Trident/7.0; rv:11.0) like Gecko"
212.152.246.135 - - [26/Sep/2018:12:29:36 +0200] "GET /reload?ser=1537957775442 HTTP/1.1" 200 28 "http://renault.activities.at/result?searchterm=true&search=Uhr" "Mozilla/5.0 (Windows NT 10.0; WOW64; Trident/7.0; rv:11.0) like Gecko"
213.153.47.173 - - [26/Sep/2018:12:30:06 +0200] "GET /reload?ser=1537957806394 HTTP/1.1" 200 28 "http://renault.activities.at/login?required=true" "Mozilla/5.0 (Windows NT 10.0; Win64; x64; rv:62.0) Gecko/20100101 Firefox/62.0"
193.194.132.26 - - [26/Sep/2018:12:30:14 +0200] "GET /reload?ser=1537957814268 HTTP/1.1" 200 28 "http://renault.2web.at/imprintaddress" "Mozilla/5.0 (Windows NT 6.1; WOW64; Trident/7.0; rv:11.0) like Gecko"
212.152.246.135 - - [26/Sep/2018:12:30:37 +0200] "GET /reload?ser=1537957836441 HTTP/1.1" 200 28 "http://renault.activities.at/result?searchterm=true&search=Uhr" "Mozilla/5.0 (Windows NT 10.0; WOW64; Trident/7.0; rv:11.0) like Gecko"
213.153.47.173 - - [26/Sep/2018:12:31:07 +0200] "GET /reload?ser=1537957867074 HTTP/1.1" 200 28 "http://renault.activities.at/login?required=true" "Mozilla/5.0 (Windows NT 10.0; Win64; x64; rv:62.0) Gecko/20100101 Firefox/62.0"
193.194.132.26 - - [26/Sep/2018:12:31:15 +0200] "GET /reload?ser=1537957875290 HTTP/1.1" 200 28 "http://renault.2web.at/imprintaddress" "Mozilla/5.0 (Windows NT 6.1; WOW64; Trident/7.0; rv:11.0) like Gecko"
212.152.246.135 - - [26/Sep/2018:12:31:38 +0200] "GET /reload?ser=1537957897479 HTTP/1.1" 200 28 "http://renault.activities.at/result?searchterm=true&search=Uhr" "Mozilla/5.0 (Windows NT 10.0; WOW64; Trident/7.0; rv:11.0) like Gecko"
213.153.47.173 - - [26/Sep/2018:12:32:07 +0200] "GET /reload?ser=1537957927743 HTTP/1.1" 200 28 "http://renault.activities.at/login?required=true" "Mozilla/5.0 (Windows NT 10.0; Win64; x64; rv:62.0) Gecko/20100101 Firefox/62.0"
193.194.132.26 - - [26/Sep/2018:12:32:16 +0200] "GET /reload?ser=1537957936339 HTTP/1.1" 200 28 "http://renault.2web.at/imprintaddress" "Mozilla/5.0 (Windows NT 6.1; WOW64; Trident/7.0; rv:11.0) like Gecko"
212.152.246.135 - - [26/Sep/2018:12:32:39 +0200] "GET /reload?ser=1537957958519 HTTP/1.1" 200 28 "http://renault.activities.at/result?searchterm=true&search=Uhr" "Mozilla/5.0 (Windows NT 10.0; WOW64; Trident/7.0; rv:11.0) like Gecko"
213.153.47.173 - - [26/Sep/2018:12:33:08 +0200] "GET /reload?ser=1537957988414 HTTP/1.1" 200 28 "http://renault.activities.at/login?required=true" "Mozilla/5.0 (Windows NT 10.0; Win64; x64; rv:62.0) Gecko/20100101 Firefox/62.0"
193.194.132.26 - - [26/Sep/2018:12:33:17 +0200] "GET /reload?ser=1537957997350 HTTP/1.1" 200 28 "http://renault.2web.at/imprintaddress" "Mozilla/5.0 (Windows NT 6.1; WOW64; Trident/7.0; rv:11.0) like Gecko"
212.152.246.135 - - [26/Sep/2018:12:33:40 +0200] "GET /reload?ser=1537958019516 HTTP/1.1" 200 28 "http://renault.activities.at/result?searchterm=true&search=Uhr" "Mozilla/5.0 (Windows NT 10.0; WOW64; Trident/7.0; rv:11.0) like Gecko"
213.153.47.173 - - [26/Sep/2018:12:34:09 +0200] "GET /reload?ser=1537958049084 HTTP/1.1" 200 28 "http://renault.activities.at/login?required=true" "Mozilla/5.0 (Windows NT 10.0; Win64; x64; rv:62.0) Gecko/20100101 Firefox/62.0"
193.194.132.26 - - [26/Sep/2018:12:34:18 +0200] "GET /reload?ser=1537958058370 HTTP/1.1" 200 28 "http://renault.2web.at/imprintaddress" "Mozilla/5.0 (Windows NT 6.1; WOW64; Trident/7.0; rv:11.0) like Gecko"
212.152.246.135 - - [26/Sep/2018:12:34:41 +0200] "GET /reload?ser=1537958080541 HTTP/1.1" 200 28 "http://renault.activities.at/result?searchterm=true&search=Uhr" "Mozilla/5.0 (Windows NT 10.0; WOW64; Trident/7.0; rv:11.0) like Gecko"
213.153.47.173 - - [26/Sep/2018:12:35:09 +0200] "GET /reload?ser=1537958109744 HTTP/1.1" 200 28 "http://renault.activities.at/login?required=true" "Mozilla/5.0 (Windows NT 10.0; Win64; x64; rv:62.0) Gecko/20100101 Firefox/62.0"
193.194.132.26 - - [26/Sep/2018:12:35:19 +0200] "GET /reload?ser=1537958119389 HTTP/1.1" 200 28 "http://renault.2web.at/imprintaddress" "Mozilla/5.0 (Windows NT 6.1; WOW64; Trident/7.0; rv:11.0) like Gecko"
212.152.246.135 - - [26/Sep/2018:12:35:42 +0200] "GET /reload?ser=1537958141599 HTTP/1.1" 200 28 "http://renault.activities.at/result?searchterm=true&search=Uhr" "Mozilla/5.0 (Windows NT 10.0; WOW64; Trident/7.0; rv:11.0) like Gecko"
213.153.47.173 - - [26/Sep/2018:12:36:10 +0200] "GET /reload?ser=1537958170404 HTTP/1.1" 200 28 "http://renault.activities.at/login?required=true" "Mozilla/5.0 (Windows NT 10.0; Win64; x64; rv:62.0) Gecko/20100101 Firefox/62.0"
193.194.132.26 - - [26/Sep/2018:12:36:20 +0200] "GET /reload?ser=1537958180458 HTTP/1.1" 200 28 "http://renault.2web.at/imprintaddress" "Mozilla/5.0 (Windows NT 6.1; WOW64; Trident/7.0; rv:11.0) like Gecko"
212.152.246.135 - - [26/Sep/2018:12:36:43 +0200] "GET /reload?ser=1537958202621 HTTP/1.1" 200 28 "http://renault.activities.at/result?searchterm=true&search=Uhr" "Mozilla/5.0 (Windows NT 10.0; WOW64; Trident/7.0; rv:11.0) like Gecko"
213.153.47.173 - - [26/Sep/2018:12:37:11 +0200] "GET /reload?ser=1537958231066 HTTP/1.1" 200 28 "http://renault.activities.at/login?required=true" "Mozilla/5.0 (Windows NT 10.0; Win64; x64; rv:62.0) Gecko/20100101 Firefox/62.0"
193.194.132.26 - - [26/Sep/2018:12:37:21 +0200] "GET /reload?ser=1537958241564 HTTP/1.1" 200 28 "http://renault.2web.at/imprintaddress" "Mozilla/5.0 (Windows NT 6.1; WOW64; Trident/7.0; rv:11.0) like Gecko"
212.152.246.135 - - [26/Sep/2018:12:37:44 +0200] "GET /reload?ser=1537958263670 HTTP/1.1" 200 28 "http://renault.activities.at/result?searchterm=true&search=Uhr" "Mozilla/5.0 (Windows NT 10.0; WOW64; Trident/7.0; rv:11.0) like Gecko"
213.153.47.173 - - [26/Sep/2018:12:38:11 +0200] "GET /reload?ser=1537958291745 HTTP/1.1" 200 28 "http://renault.activities.at/login?required=true" "Mozilla/5.0 (Windows NT 10.0; Win64; x64; rv:62.0) Gecko/20100101 Firefox/62.0"
193.194.132.26 - - [26/Sep/2018:12:38:22 +0200] "GET /reload?ser=1537958302582 HTTP/1.1" 200 28 "http://renault.2web.at/imprintaddress" "Mozilla/5.0 (Windows NT 6.1; WOW64; Trident/7.0; rv:11.0) like Gecko"
212.152.246.135 - - [26/Sep/2018:12:38:45 +0200] "GET /reload?ser=1537958324718 HTTP/1.1" 200 28 "http://renault.activities.at/result?searchterm=true&search=Uhr" "Mozilla/5.0 (Windows NT 10.0; WOW64; Trident/7.0; rv:11.0) like Gecko"
213.153.47.173 - - [26/Sep/2018:12:39:12 +0200] "GET /reload?ser=1537958352405 HTTP/1.1" 200 28 "http://renault.activities.at/login?required=true" "Mozilla/5.0 (Windows NT 10.0; Win64; x64; rv:62.0) Gecko/20100101 Firefox/62.0"
193.194.132.26 - - [26/Sep/2018:12:39:23 +0200] "GET /reload?ser=1537958363651 HTTP/1.1" 200 28 "http://renault.2web.at/imprintaddress" "Mozilla/5.0 (Windows NT 6.1; WOW64; Trident/7.0; rv:11.0) like Gecko"
212.152.246.135 - - [26/Sep/2018:12:39:47 +0200] "GET /reload?ser=1537958385745 HTTP/1.1" 200 28 "http://renault.activities.at/result?searchterm=true&search=Uhr" "Mozilla/5.0 (Windows NT 10.0; WOW64; Trident/7.0; rv:11.0) like Gecko"
213.153.47.173 - - [26/Sep/2018:12:40:13 +0200] "GET /reload?ser=1537958413054 HTTP/1.1" 200 28 "http://renault.activities.at/login?required=true" "Mozilla/5.0 (Windows NT 10.0; Win64; x64; rv:62.0) Gecko/20100101 Firefox/62.0"
193.194.132.26 - - [26/Sep/2018:12:40:24 +0200] "GET /reload?ser=1537958424739 HTTP/1.1" 200 28 "http://renault.2web.at/imprintaddress" "Mozilla/5.0 (Windows NT 6.1; WOW64; Trident/7.0; rv:11.0) like Gecko"
212.152.246.135 - - [26/Sep/2018:12:40:48 +0200] "GET /reload?ser=1537958446784 HTTP/1.1" 200 28 "http://renault.activities.at/result?searchterm=true&search=Uhr" "Mozilla/5.0 (Windows NT 10.0; WOW64; Trident/7.0; rv:11.0) like Gecko"
213.153.47.173 - - [26/Sep/2018:12:41:13 +0200] "GET /reload?ser=1537958473704 HTTP/1.1" 200 28 "http://renault.activities.at/login?required=true" "Mozilla/5.0 (Windows NT 10.0; Win64; x64; rv:62.0) Gecko/20100101 Firefox/62.0"
193.194.132.26 - - [26/Sep/2018:12:41:25 +0200] "GET /reload?ser=1537958485783 HTTP/1.1" 200 28 "http://renault.2web.at/imprintaddress" "Mozilla/5.0 (Windows NT 6.1; WOW64; Trident/7.0; rv:11.0) like Gecko"
212.152.246.135 - - [26/Sep/2018:12:41:49 +0200] "GET /reload?ser=1537958507800 HTTP/1.1" 200 28 "http://renault.activities.at/result?searchterm=true&search=Uhr" "Mozilla/5.0 (Windows NT 10.0; WOW64; Trident/7.0; rv:11.0) like Gecko"
213.153.47.173 - - [26/Sep/2018:12:42:14 +0200] "GET /reload?ser=1537958534365 HTTP/1.1" 200 28 "http://renault.activities.at/login?required=true" "Mozilla/5.0 (Windows NT 10.0; Win64; x64; rv:62.0) Gecko/20100101 Firefox/62.0"
193.194.132.26 - - [26/Sep/2018:12:42:26 +0200] "GET /reload?ser=1537958546872 HTTP/1.1" 200 28 "http://renault.2web.at/imprintaddress" "Mozilla/5.0 (Windows NT 6.1; WOW64; Trident/7.0; rv:11.0) like Gecko"
212.152.246.135 - - [26/Sep/2018:12:42:50 +0200] "GET /reload?ser=1537958568858 HTTP/1.1" 200 28 "http://renault.activities.at/result?searchterm=true&search=Uhr" "Mozilla/5.0 (Windows NT 10.0; WOW64; Trident/7.0; rv:11.0) like Gecko"
213.153.47.173 - - [26/Sep/2018:12:43:15 +0200] "GET /reload?ser=1537958595015 HTTP/1.1" 200 28 "http://renault.activities.at/login?required=true" "Mozilla/5.0 (Windows NT 10.0; Win64; x64; rv:62.0) Gecko/20100101 Firefox/62.0"
193.194.132.26 - - [26/Sep/2018:12:43:28 +0200] "GET /reload?ser=1537958607944 HTTP/1.1" 200 28 "http://renault.2web.at/imprintaddress" "Mozilla/5.0 (Windows NT 6.1; WOW64; Trident/7.0; rv:11.0) like Gecko"
212.152.246.135 - - [26/Sep/2018:12:43:51 +0200] "GET /reload?ser=1537958629919 HTTP/1.1" 200 28 "http://renault.activities.at/result?searchterm=true&search=Uhr" "Mozilla/5.0 (Windows NT 10.0; WOW64; Trident/7.0; rv:11.0) like Gecko"
213.153.47.173 - - [26/Sep/2018:12:44:15 +0200] "GET /reload?ser=1537958655665 HTTP/1.1" 200 28 "http://renault.activities.at/login?required=true" "Mozilla/5.0 (Windows NT 10.0; Win64; x64; rv:62.0) Gecko/20100101 Firefox/62.0"
193.194.132.26 - - [26/Sep/2018:12:44:29 +0200] "GET /reload?ser=1537958669026 HTTP/1.1" 200 28 "http://renault.2web.at/imprintaddress" "Mozilla/5.0 (Windows NT 6.1; WOW64; Trident/7.0; rv:11.0) like Gecko"
212.152.246.135 - - [26/Sep/2018:12:44:52 +0200] "GET /reload?ser=1537958690938 HTTP/1.1" 200 28 "http://renault.activities.at/result?searchterm=true&search=Uhr" "Mozilla/5.0 (Windows NT 10.0; WOW64; Trident/7.0; rv:11.0) like Gecko"
213.153.47.173 - - [26/Sep/2018:12:45:16 +0200] "GET /reload?ser=1537958716325 HTTP/1.1" 200 28 "http://renault.activities.at/login?required=true" "Mozilla/5.0 (Windows NT 10.0; Win64; x64; rv:62.0) Gecko/20100101 Firefox/62.0"
193.194.132.26 - - [26/Sep/2018:12:45:30 +0200] "GET /reload?ser=1537958730145 HTTP/1.1" 200 28 "http://renault.2web.at/imprintaddress" "Mozilla/5.0 (Windows NT 6.1; WOW64; Trident/7.0; rv:11.0) like Gecko"
212.152.246.135 - - [26/Sep/2018:12:45:53 +0200] "GET /reload?ser=1537958751972 HTTP/1.1" 200 28 "http://renault.activities.at/result?searchterm=true&search=Uhr" "Mozilla/5.0 (Windows NT 10.0; WOW64; Trident/7.0; rv:11.0) like Gecko"
213.153.47.173 - - [26/Sep/2018:12:46:17 +0200] "GET /reload?ser=1537958776986 HTTP/1.1" 200 28 "http://renault.activities.at/login?required=true" "Mozilla/5.0 (Windows NT 10.0; Win64; x64; rv:62.0) Gecko/20100101 Firefox/62.0"
193.194.132.26 - - [26/Sep/2018:12:46:31 +0200] "GET /reload?ser=1537958791192 HTTP/1.1" 200 28 "http://renault.2web.at/imprintaddress" "Mozilla/5.0 (Windows NT 6.1; WOW64; Trident/7.0; rv:11.0) like Gecko"
212.152.246.135 - - [26/Sep/2018:12:46:54 +0200] "GET /reload?ser=1537958812976 HTTP/1.1" 200 28 "http://renault.activities.at/result?searchterm=true&search=Uhr" "Mozilla/5.0 (Windows NT 10.0; WOW64; Trident/7.0; rv:11.0) like Gecko"
213.153.47.173 - - [26/Sep/2018:12:47:17 +0200] "GET /reload?ser=1537958837645 HTTP/1.1" 200 28 "http://renault.activities.at/login?required=true" "Mozilla/5.0 (Windows NT 10.0; Win64; x64; rv:62.0) Gecko/20100101 Firefox/62.0"
193.194.132.26 - - [26/Sep/2018:12:47:32 +0200] "GET /reload?ser=1537958852277 HTTP/1.1" 200 28 "http://renault.2web.at/imprintaddress" "Mozilla/5.0 (Windows NT 6.1; WOW64; Trident/7.0; rv:11.0) like Gecko"
212.152.246.135 - - [26/Sep/2018:12:47:55 +0200] "GET /reload?ser=1537958874008 HTTP/1.1" 200 28 "http://renault.activities.at/result?searchterm=true&search=Uhr" "Mozilla/5.0 (Windows NT 10.0; WOW64; Trident/7.0; rv:11.0) like Gecko"
213.153.47.173 - - [26/Sep/2018:12:48:18 +0200] "GET /reload?ser=1537958898315 HTTP/1.1" 200 28 "http://renault.activities.at/login?required=true" "Mozilla/5.0 (Windows NT 10.0; Win64; x64; rv:62.0) Gecko/20100101 Firefox/62.0"
193.194.132.26 - - [26/Sep/2018:12:48:33 +0200] "GET /reload?ser=1537958913337 HTTP/1.1" 200 28 "http://renault.2web.at/imprintaddress" "Mozilla/5.0 (Windows NT 6.1; WOW64; Trident/7.0; rv:11.0) like Gecko"
212.152.246.135 - - [26/Sep/2018:12:48:56 +0200] "GET /reload?ser=1537958935046 HTTP/1.1" 200 28 "http://renault.activities.at/result?searchterm=true&search=Uhr" "Mozilla/5.0 (Windows NT 10.0; WOW64; Trident/7.0; rv:11.0) like Gecko"
213.153.47.173 - - [26/Sep/2018:12:49:19 +0200] "GET /reload?ser=1537958958975 HTTP/1.1" 200 28 "http://renault.activities.at/login?required=true" "Mozilla/5.0 (Windows NT 10.0; Win64; x64; rv:62.0) Gecko/20100101 Firefox/62.0"
193.194.132.26 - - [26/Sep/2018:12:49:34 +0200] "GET /reload?ser=1537958974405 HTTP/1.1" 200 28 "http://renault.2web.at/imprintaddress" "Mozilla/5.0 (Windows NT 6.1; WOW64; Trident/7.0; rv:11.0) like Gecko"
212.152.246.135 - - [26/Sep/2018:12:49:57 +0200] "GET /reload?ser=1537958996089 HTTP/1.1" 200 28 "http://renault.activities.at/result?searchterm=true&search=Uhr" "Mozilla/5.0 (Windows NT 10.0; WOW64; Trident/7.0; rv:11.0) like Gecko"
213.153.47.173 - - [26/Sep/2018:12:50:19 +0200] "GET /reload?ser=1537959019625 HTTP/1.1" 200 28 "http://renault.activities.at/login?required=true" "Mozilla/5.0 (Windows NT 10.0; Win64; x64; rv:62.0) Gecko/20100101 Firefox/62.0"
212.152.246.130 - - [26/Sep/2018:12:50:21 +0200] "GET /login HTTP/1.1" 200 2086 "-" "Mozilla/5.0 (Windows NT 6.1; Win64; x64) AppleWebKit/537.36 (KHTML, like Gecko) Chrome/68.0.3440.106 Safari/537.36 OPR/55.0.2994.61"
212.152.246.130 - - [26/Sep/2018:12:50:22 +0200] "GET /images/favicon.ico HTTP/1.1" 404 305 "-" "Mozilla/5.0 (Windows NT 6.1; Win64; x64) AppleWebKit/537.36 (KHTML, like Gecko) Chrome/68.0.3440.106 Safari/537.36 OPR/55.0.2994.61"
193.194.132.26 - - [26/Sep/2018:12:50:35 +0200] "GET /reload?ser=1537959035507 HTTP/1.1" 200 28 "http://renault.2web.at/imprintaddress" "Mozilla/5.0 (Windows NT 6.1; WOW64; Trident/7.0; rv:11.0) like Gecko"
212.152.246.135 - - [26/Sep/2018:12:50:58 +0200] "GET /reload?ser=1537959057105 HTTP/1.1" 200 28 "http://renault.activities.at/result?searchterm=true&search=Uhr" "Mozilla/5.0 (Windows NT 10.0; WOW64; Trident/7.0; rv:11.0) like Gecko"
213.153.47.173 - - [26/Sep/2018:12:51:20 +0200] "GET /reload?ser=1537959080296 HTTP/1.1" 200 28 "http://renault.activities.at/login?required=true" "Mozilla/5.0 (Windows NT 10.0; Win64; x64; rv:62.0) Gecko/20100101 Firefox/62.0"
193.194.132.26 - - [26/Sep/2018:12:51:36 +0200] "GET /reload?ser=1537959096549 HTTP/1.1" 200 28 "http://renault.2web.at/imprintaddress" "Mozilla/5.0 (Windows NT 6.1; WOW64; Trident/7.0; rv:11.0) like Gecko"
212.152.246.135 - - [26/Sep/2018:12:51:59 +0200] "GET /reload?ser=1537959118128 HTTP/1.1" 200 28 "http://renault.activities.at/result?searchterm=true&search=Uhr" "Mozilla/5.0 (Windows NT 10.0; WOW64; Trident/7.0; rv:11.0) like Gecko"
213.153.47.173 - - [26/Sep/2018:12:52:21 +0200] "GET /reload?ser=1537959140975 HTTP/1.1" 200 28 "http://renault.activities.at/login?required=true" "Mozilla/5.0 (Windows NT 10.0; Win64; x64; rv:62.0) Gecko/20100101 Firefox/62.0"
193.194.132.26 - - [26/Sep/2018:12:52:37 +0200] "GET /reload?ser=1537959157671 HTTP/1.1" 200 28 "http://renault.2web.at/imprintaddress" "Mozilla/5.0 (Windows NT 6.1; WOW64; Trident/7.0; rv:11.0) like Gecko"
212.152.246.135 - - [26/Sep/2018:12:53:00 +0200] "GET /reload?ser=1537959179148 HTTP/1.1" 200 28 "http://renault.activities.at/result?searchterm=true&search=Uhr" "Mozilla/5.0 (Windows NT 10.0; WOW64; Trident/7.0; rv:11.0) like Gecko"
213.153.47.173 - - [26/Sep/2018:12:53:21 +0200] "GET /reload?ser=1537959201625 HTTP/1.1" 200 28 "http://renault.activities.at/login?required=true" "Mozilla/5.0 (Windows NT 10.0; Win64; x64; rv:62.0) Gecko/20100101 Firefox/62.0"
193.194.132.26 - - [26/Sep/2018:12:53:38 +0200] "GET /reload?ser=1537959218746 HTTP/1.1" 200 28 "http://renault.2web.at/imprintaddress" "Mozilla/5.0 (Windows NT 6.1; WOW64; Trident/7.0; rv:11.0) like Gecko"
212.152.246.135 - - [26/Sep/2018:12:54:01 +0200] "GET /reload?ser=1537959240145 HTTP/1.1" 200 28 "http://renault.activities.at/result?searchterm=true&search=Uhr" "Mozilla/5.0 (Windows NT 10.0; WOW64; Trident/7.0; rv:11.0) like Gecko"
213.153.47.173 - - [26/Sep/2018:12:54:22 +0200] "GET /reload?ser=1537959262285 HTTP/1.1" 200 28 "http://renault.activities.at/login?required=true" "Mozilla/5.0 (Windows NT 10.0; Win64; x64; rv:62.0) Gecko/20100101 Firefox/62.0"
193.194.132.26 - - [26/Sep/2018:12:54:39 +0200] "GET /reload?ser=1537959279806 HTTP/1.1" 200 28 "http://renault.2web.at/imprintaddress" "Mozilla/5.0 (Windows NT 6.1; WOW64; Trident/7.0; rv:11.0) like Gecko"
212.152.246.135 - - [26/Sep/2018:12:55:02 +0200] "GET /reload?ser=1537959301160 HTTP/1.1" 200 28 "http://renault.activities.at/result?searchterm=true&search=Uhr" "Mozilla/5.0 (Windows NT 10.0; WOW64; Trident/7.0; rv:11.0) like Gecko"
213.153.47.173 - - [26/Sep/2018:12:55:23 +0200] "GET /reload?ser=1537959322955 HTTP/1.1" 200 28 "http://renault.activities.at/login?required=true" "Mozilla/5.0 (Windows NT 10.0; Win64; x64; rv:62.0) Gecko/20100101 Firefox/62.0"
193.194.132.26 - - [26/Sep/2018:12:55:41 +0200] "GET /reload?ser=1537959340911 HTTP/1.1" 200 28 "http://renault.2web.at/imprintaddress" "Mozilla/5.0 (Windows NT 6.1; WOW64; Trident/7.0; rv:11.0) like Gecko"
212.152.246.135 - - [26/Sep/2018:12:56:03 +0200] "GET /reload?ser=1537959362166 HTTP/1.1" 200 28 "http://renault.activities.at/result?searchterm=true&search=Uhr" "Mozilla/5.0 (Windows NT 10.0; WOW64; Trident/7.0; rv:11.0) like Gecko"
213.153.47.173 - - [26/Sep/2018:12:56:23 +0200] "GET /reload?ser=1537959383615 HTTP/1.1" 200 28 "http://renault.activities.at/login?required=true" "Mozilla/5.0 (Windows NT 10.0; Win64; x64; rv:62.0) Gecko/20100101 Firefox/62.0"
