185.22.23.252 - - [26/Sep/2018:15:46:23 +0200] "GET /js/checkout.css HTTP/1.1" 304 - "http://renault.activities.at/checkout" "Mozilla/5.0 (Windows NT 6.3; WOW64; Trident/7.0; rv:11.0) like Gecko"
185.22.23.252 - - [26/Sep/2018:15:46:23 +0200] "GET /css/prototip.css HTTP/1.1" 304 - "http://renault.activities.at/checkout" "Mozilla/5.0 (Windows NT 6.3; WOW64; Trident/7.0; rv:11.0) like Gecko"
185.22.23.252 - - [26/Sep/2018:15:46:24 +0200] "GET /css/themes/alphacube.css HTTP/1.1" 304 - "http://renault.activities.at/checkout" "Mozilla/5.0 (Windows NT 6.3; WOW64; Trident/7.0; rv:11.0) like Gecko"
185.22.23.252 - - [26/Sep/2018:15:46:24 +0200] "GET /css/themes/default.css HTTP/1.1" 304 - "http://renault.activities.at/checkout" "Mozilla/5.0 (Windows NT 6.3; WOW64; Trident/7.0; rv:11.0) like Gecko"
185.22.23.252 - - [26/Sep/2018:15:46:24 +0200] "GET /js/checkout2.js HTTP/1.1" 304 - "http://renault.activities.at/checkout" "Mozilla/5.0 (Windows NT 6.3; WOW64; Trident/7.0; rv:11.0) like Gecko"
185.22.23.252 - - [26/Sep/2018:15:46:24 +0200] "GET /images/ajax_loading.gif HTTP/1.1" 304 - "http://renault.activities.at/checkout" "Mozilla/5.0 (Windows NT 6.3; WOW64; Trident/7.0; rv:11.0) like Gecko"
185.22.23.252 - - [26/Sep/2018:15:46:24 +0200] "GET /images/main_block_border.gif HTTP/1.1" 304 - "http://renault.activities.at/checkout" "Mozilla/5.0 (Windows NT 6.3; WOW64; Trident/7.0; rv:11.0) like Gecko"
185.22.23.252 - - [26/Sep/2018:15:46:24 +0200] "GET /images/header_block_border.gif HTTP/1.1" 304 - "http://renault.activities.at/checkout" "Mozilla/5.0 (Windows NT 6.3; WOW64; Trident/7.0; rv:11.0) like Gecko"
185.22.23.252 - - [26/Sep/2018:15:46:24 +0200] "GET /images/search_bg.gif HTTP/1.1" 304 - "http://renault.activities.at/checkout" "Mozilla/5.0 (Windows NT 6.3; WOW64; Trident/7.0; rv:11.0) like Gecko"
185.22.23.252 - - [26/Sep/2018:15:46:24 +0200] "GET /images/main_block_corner_left_bot.gif HTTP/1.1" 304 - "http://renault.activities.at/checkout" "Mozilla/5.0 (Windows NT 6.3; WOW64; Trident/7.0; rv:11.0) like Gecko"
185.22.23.252 - - [26/Sep/2018:15:46:24 +0200] "GET /images/main_block_corner_left_top.gif HTTP/1.1" 304 - "http://renault.activities.at/checkout" "Mozilla/5.0 (Windows NT 6.3; WOW64; Trident/7.0; rv:11.0) like Gecko"
185.22.23.252 - - [26/Sep/2018:15:46:24 +0200] "GET /images/main_block_corner_right_bot.gif HTTP/1.1" 304 - "http://renault.activities.at/checkout" "Mozilla/5.0 (Windows NT 6.3; WOW64; Trident/7.0; rv:11.0) like Gecko"
185.22.23.252 - - [26/Sep/2018:15:46:24 +0200] "GET /images/main_block_corner_right_top.gif HTTP/1.1" 304 - "http://renault.activities.at/checkout" "Mozilla/5.0 (Windows NT 6.3; WOW64; Trident/7.0; rv:11.0) like Gecko"
185.22.23.252 - - [26/Sep/2018:15:46:24 +0200] "GET /images/header_block_corner_right_top.gif HTTP/1.1" 304 - "http://renault.activities.at/checkout" "Mozilla/5.0 (Windows NT 6.3; WOW64; Trident/7.0; rv:11.0) like Gecko"
185.22.23.252 - - [26/Sep/2018:15:46:24 +0200] "GET /images/header_block_corner_left_top.gif HTTP/1.1" 304 - "http://renault.activities.at/checkout" "Mozilla/5.0 (Windows NT 6.3; WOW64; Trident/7.0; rv:11.0) like Gecko"
185.22.23.252 - - [26/Sep/2018:15:46:24 +0200] "GET /images/button_bg.gif HTTP/1.1" 304 - "http://renault.activities.at/checkout" "Mozilla/5.0 (Windows NT 6.3; WOW64; Trident/7.0; rv:11.0) like Gecko"
185.22.23.252 - - [26/Sep/2018:15:46:24 +0200] "GET /images/sidebar_title_corner_left_top.gif HTTP/1.1" 304 - "http://renault.activities.at/checkout" "Mozilla/5.0 (Windows NT 6.3; WOW64; Trident/7.0; rv:11.0) like Gecko"
185.22.23.252 - - [26/Sep/2018:15:46:24 +0200] "GET /images/menu_divider.gif HTTP/1.1" 304 - "http://renault.activities.at/checkout" "Mozilla/5.0 (Windows NT 6.3; WOW64; Trident/7.0; rv:11.0) like Gecko"
185.22.23.252 - - [26/Sep/2018:15:46:24 +0200] "GET /loadthumbnail.php?id=10201939 HTTP/1.1" 200 201 "http://renault.activities.at/checkout" "Mozilla/5.0 (Windows NT 6.3; WOW64; Trident/7.0; rv:11.0) like Gecko"
185.22.23.252 - - [26/Sep/2018:15:46:24 +0200] "GET /loadthumbnail.php?id=10202698 HTTP/1.1" 200 16686 "http://renault.activities.at/checkout" "Mozilla/5.0 (Windows NT 6.3; WOW64; Trident/7.0; rv:11.0) like Gecko"
185.22.23.252 - - [26/Sep/2018:15:46:24 +0200] "GET /images/sidebar_title_border_top.gif HTTP/1.1" 304 - "http://renault.activities.at/checkout" "Mozilla/5.0 (Windows NT 6.3; WOW64; Trident/7.0; rv:11.0) like Gecko"
185.22.23.252 - - [26/Sep/2018:15:46:24 +0200] "GET /images/top_links_divider.gif HTTP/1.1" 304 - "http://renault.activities.at/checkout" "Mozilla/5.0 (Windows NT 6.3; WOW64; Trident/7.0; rv:11.0) like Gecko"
185.22.23.252 - - [26/Sep/2018:15:46:24 +0200] "GET /images/sidebar_title_border.gif HTTP/1.1" 304 - "http://renault.activities.at/checkout" "Mozilla/5.0 (Windows NT 6.3; WOW64; Trident/7.0; rv:11.0) like Gecko"
185.22.23.252 - - [26/Sep/2018:15:46:24 +0200] "GET /images/button_left_bg.gif HTTP/1.1" 304 - "http://renault.activities.at/checkout" "Mozilla/5.0 (Windows NT 6.3; WOW64; Trident/7.0; rv:11.0) like Gecko"
185.22.23.252 - - [26/Sep/2018:15:46:24 +0200] "GET /images/footer_divider.gif HTTP/1.1" 304 - "http://renault.activities.at/checkout" "Mozilla/5.0 (Windows NT 6.3; WOW64; Trident/7.0; rv:11.0) like Gecko"
185.22.23.252 - - [26/Sep/2018:15:46:24 +0200] "GET /images/step_marker.gif HTTP/1.1" 304 - "http://renault.activities.at/checkout" "Mozilla/5.0 (Windows NT 6.3; WOW64; Trident/7.0; rv:11.0) like Gecko"
185.22.23.252 - - [26/Sep/2018:15:46:24 +0200] "GET /images/checkout_border.gif HTTP/1.1" 304 - "http://renault.activities.at/checkout" "Mozilla/5.0 (Windows NT 6.3; WOW64; Trident/7.0; rv:11.0) like Gecko"
185.22.23.252 - - [26/Sep/2018:15:46:24 +0200] "GET /images/button_right_bg.gif HTTP/1.1" 304 - "http://renault.activities.at/checkout" "Mozilla/5.0 (Windows NT 6.3; WOW64; Trident/7.0; rv:11.0) like Gecko"
185.22.23.252 - - [26/Sep/2018:15:46:24 +0200] "GET /images/sidebar_title_corner_right_top.gif HTTP/1.1" 304 - "http://renault.activities.at/checkout" "Mozilla/5.0 (Windows NT 6.3; WOW64; Trident/7.0; rv:11.0) like Gecko"
185.22.23.252 - - [26/Sep/2018:15:46:24 +0200] "GET /images/step_bg.jpg HTTP/1.1" 304 - "http://renault.activities.at/checkout" "Mozilla/5.0 (Windows NT 6.3; WOW64; Trident/7.0; rv:11.0) like Gecko"
185.22.23.252 - - [26/Sep/2018:15:46:24 +0200] "GET /images/checkout_border_top.gif HTTP/1.1" 304 - "http://renault.activities.at/checkout" "Mozilla/5.0 (Windows NT 6.3; WOW64; Trident/7.0; rv:11.0) like Gecko"
185.22.23.252 - - [26/Sep/2018:15:46:24 +0200] "GET /images/menu_button_bg.jpg HTTP/1.1" 304 - "http://renault.activities.at/checkout" "Mozilla/5.0 (Windows NT 6.3; WOW64; Trident/7.0; rv:11.0) like Gecko"
185.22.23.252 - - [26/Sep/2018:15:46:24 +0200] "GET /images/nav_divider.gif HTTP/1.1" 304 - "http://renault.activities.at/checkout" "Mozilla/5.0 (Windows NT 6.3; WOW64; Trident/7.0; rv:11.0) like Gecko"
185.22.23.252 - - [26/Sep/2018:15:46:24 +0200] "GET /browserconfig.xml HTTP/1.1" 200 1559 "-" "Mozilla/5.0 (Windows NT 6.3; Win64; x64; Trident/7.0; rv:11.0) like Gecko"
80.120.5.131 - - [26/Sep/2018:15:46:31 +0200] "GET /reload?ser=1537969590902 HTTP/1.1" 200 2 "http://renault.activities.at/" "Mozilla/5.0 (Windows NT 6.1; WOW64; Trident/7.0; rv:11.0) like Gecko"
185.22.23.252 - - [26/Sep/2018:15:46:43 +0200] "POST /docheckout HTTP/1.1" 200 458 "http://renault.activities.at/checkout" "Mozilla/5.0 (Windows NT 6.3; WOW64; Trident/7.0; rv:11.0) like Gecko"
185.22.23.252 - - [26/Sep/2018:15:46:47 +0200] "POST /docheckout HTTP/1.1" 200 624 "http://renault.activities.at/checkout" "Mozilla/5.0 (Windows NT 6.3; WOW64; Trident/7.0; rv:11.0) like Gecko"
185.22.23.252 - - [26/Sep/2018:15:46:48 +0200] "GET /images/error_msg_icon.gif HTTP/1.1" 304 - "http://renault.activities.at/checkout" "Mozilla/5.0 (Windows NT 6.3; WOW64; Trident/7.0; rv:11.0) like Gecko"
185.22.23.252 - - [26/Sep/2018:15:46:54 +0200] "POST /docheckout HTTP/1.1" 200 68 "http://renault.activities.at/checkout" "Mozilla/5.0 (Windows NT 6.3; WOW64; Trident/7.0; rv:11.0) like Gecko"
185.22.23.252 - - [26/Sep/2018:15:46:57 +0200] "GET /success HTTP/1.1" 200 3787 "http://renault.activities.at/checkout" "Mozilla/5.0 (Windows NT 6.3; WOW64; Trident/7.0; rv:11.0) like Gecko"
185.22.23.252 - - [26/Sep/2018:15:46:59 +0200] "GET /js/default.js HTTP/1.1" 304 - "http://renault.activities.at/success" "Mozilla/5.0 (Windows NT 6.3; WOW64; Trident/7.0; rv:11.0) like Gecko"
185.22.23.252 - - [26/Sep/2018:15:46:59 +0200] "GET /css/clears.css HTTP/1.1" 304 - "http://renault.activities.at/success" "Mozilla/5.0 (Windows NT 6.3; WOW64; Trident/7.0; rv:11.0) like Gecko"
185.22.23.252 - - [26/Sep/2018:15:46:59 +0200] "GET /css/reset.css HTTP/1.1" 304 - "http://renault.activities.at/success" "Mozilla/5.0 (Windows NT 6.3; WOW64; Trident/7.0; rv:11.0) like Gecko"
185.22.23.252 - - [26/Sep/2018:15:46:59 +0200] "GET /css/styles.css HTTP/1.1" 304 - "http://renault.activities.at/success" "Mozilla/5.0 (Windows NT 6.3; WOW64; Trident/7.0; rv:11.0) like Gecko"
185.22.23.252 - - [26/Sep/2018:15:46:59 +0200] "GET /css/print.css HTTP/1.1" 304 - "http://renault.activities.at/success" "Mozilla/5.0 (Windows NT 6.3; WOW64; Trident/7.0; rv:11.0) like Gecko"
185.22.23.252 - - [26/Sep/2018:15:46:59 +0200] "GET /js/checkout.css HTTP/1.1" 304 - "http://renault.activities.at/success" "Mozilla/5.0 (Windows NT 6.3; WOW64; Trident/7.0; rv:11.0) like Gecko"
185.22.23.252 - - [26/Sep/2018:15:46:59 +0200] "GET /css/prototip.css HTTP/1.1" 304 - "http://renault.activities.at/success" "Mozilla/5.0 (Windows NT 6.3; WOW64; Trident/7.0; rv:11.0) like Gecko"
185.22.23.252 - - [26/Sep/2018:15:46:59 +0200] "GET /css/themes/default.css HTTP/1.1" 304 - "http://renault.activities.at/success" "Mozilla/5.0 (Windows NT 6.3; WOW64; Trident/7.0; rv:11.0) like Gecko"
185.22.23.252 - - [26/Sep/2018:15:46:59 +0200] "GET /css/themes/alphacube.css HTTP/1.1" 304 - "http://renault.activities.at/success" "Mozilla/5.0 (Windows NT 6.3; WOW64; Trident/7.0; rv:11.0) like Gecko"
185.22.23.252 - - [26/Sep/2018:15:46:59 +0200] "GET /images/header_block_corner_left_top.gif HTTP/1.1" 304 - "http://renault.activities.at/success" "Mozilla/5.0 (Windows NT 6.3; WOW64; Trident/7.0; rv:11.0) like Gecko"
185.22.23.252 - - [26/Sep/2018:15:46:59 +0200] "GET /images/header_block_border.gif HTTP/1.1" 304 - "http://renault.activities.at/success" "Mozilla/5.0 (Windows NT 6.3; WOW64; Trident/7.0; rv:11.0) like Gecko"
185.22.23.252 - - [26/Sep/2018:15:46:59 +0200] "GET /images/header_block_corner_right_top.gif HTTP/1.1" 304 - "http://renault.activities.at/success" "Mozilla/5.0 (Windows NT 6.3; WOW64; Trident/7.0; rv:11.0) like Gecko"
185.22.23.252 - - [26/Sep/2018:15:46:59 +0200] "GET /images/search_bg.gif HTTP/1.1" 304 - "http://renault.activities.at/success" "Mozilla/5.0 (Windows NT 6.3; WOW64; Trident/7.0; rv:11.0) like Gecko"
185.22.23.252 - - [26/Sep/2018:15:46:59 +0200] "GET /images/button_left_bg.gif HTTP/1.1" 304 - "http://renault.activities.at/success" "Mozilla/5.0 (Windows NT 6.3; WOW64; Trident/7.0; rv:11.0) like Gecko"
185.22.23.252 - - [26/Sep/2018:15:46:59 +0200] "GET /images/main_block_corner_right_top.gif HTTP/1.1" 304 - "http://renault.activities.at/success" "Mozilla/5.0 (Windows NT 6.3; WOW64; Trident/7.0; rv:11.0) like Gecko"
185.22.23.252 - - [26/Sep/2018:15:46:59 +0200] "GET /images/title_corner_right_top.jpg HTTP/1.1" 304 - "http://renault.activities.at/success" "Mozilla/5.0 (Windows NT 6.3; WOW64; Trident/7.0; rv:11.0) like Gecko"
185.22.23.252 - - [26/Sep/2018:15:46:59 +0200] "GET /images/main_block_corner_left_bot.gif HTTP/1.1" 304 - "http://renault.activities.at/success" "Mozilla/5.0 (Windows NT 6.3; WOW64; Trident/7.0; rv:11.0) like Gecko"
185.22.23.252 - - [26/Sep/2018:15:46:59 +0200] "GET /images/nav_divider.gif HTTP/1.1" 304 - "http://renault.activities.at/success" "Mozilla/5.0 (Windows NT 6.3; WOW64; Trident/7.0; rv:11.0) like Gecko"
185.22.23.252 - - [26/Sep/2018:15:46:59 +0200] "GET /images/menu_divider.gif HTTP/1.1" 304 - "http://renault.activities.at/success" "Mozilla/5.0 (Windows NT 6.3; WOW64; Trident/7.0; rv:11.0) like Gecko"
185.22.23.252 - - [26/Sep/2018:15:46:59 +0200] "GET /images/main_block_corner_right_bot.gif HTTP/1.1" 304 - "http://renault.activities.at/success" "Mozilla/5.0 (Windows NT 6.3; WOW64; Trident/7.0; rv:11.0) like Gecko"
185.22.23.252 - - [26/Sep/2018:15:46:59 +0200] "GET /images/main_block_corner_left_top.gif HTTP/1.1" 304 - "http://renault.activities.at/success" "Mozilla/5.0 (Windows NT 6.3; WOW64; Trident/7.0; rv:11.0) like Gecko"
185.22.23.252 - - [26/Sep/2018:15:46:59 +0200] "GET /images/footer_divider.gif HTTP/1.1" 304 - "http://renault.activities.at/success" "Mozilla/5.0 (Windows NT 6.3; WOW64; Trident/7.0; rv:11.0) like Gecko"
185.22.23.252 - - [26/Sep/2018:15:46:59 +0200] "GET /images/title_border.jpg HTTP/1.1" 304 - "http://renault.activities.at/success" "Mozilla/5.0 (Windows NT 6.3; WOW64; Trident/7.0; rv:11.0) like Gecko"
185.22.23.252 - - [26/Sep/2018:15:46:59 +0200] "GET /images/menu_button_bg.jpg HTTP/1.1" 304 - "http://renault.activities.at/success" "Mozilla/5.0 (Windows NT 6.3; WOW64; Trident/7.0; rv:11.0) like Gecko"
185.22.23.252 - - [26/Sep/2018:15:46:59 +0200] "GET /images/top_links_divider.gif HTTP/1.1" 304 - "http://renault.activities.at/success" "Mozilla/5.0 (Windows NT 6.3; WOW64; Trident/7.0; rv:11.0) like Gecko"
185.22.23.252 - - [26/Sep/2018:15:46:59 +0200] "GET /images/title_corner_left_top.jpg HTTP/1.1" 304 - "http://renault.activities.at/success" "Mozilla/5.0 (Windows NT 6.3; WOW64; Trident/7.0; rv:11.0) like Gecko"
185.22.23.252 - - [26/Sep/2018:15:46:59 +0200] "GET /images/title_border_top.jpg HTTP/1.1" 304 - "http://renault.activities.at/success" "Mozilla/5.0 (Windows NT 6.3; WOW64; Trident/7.0; rv:11.0) like Gecko"
185.22.23.252 - - [26/Sep/2018:15:46:59 +0200] "GET /images/main_block_border.gif HTTP/1.1" 304 - "http://renault.activities.at/success" "Mozilla/5.0 (Windows NT 6.3; WOW64; Trident/7.0; rv:11.0) like Gecko"
80.120.5.131 - - [26/Sep/2018:15:47:16 +0200] "GET /reload?ser=1537969636141 HTTP/1.1" 200 2 "http://renault.activities.at/" "Mozilla/5.0 (Windows NT 6.1; WOW64; Trident/7.0; rv:11.0) like Gecko"
213.153.47.173 - - [26/Sep/2018:15:47:16 +0200] "GET /reload?ser=1537969636178 HTTP/1.1" 200 28 "http://renault.activities.at/login?required=true" "Mozilla/5.0 (Windows NT 10.0; Win64; x64; rv:62.0) Gecko/20100101 Firefox/62.0"
80.120.5.131 - - [26/Sep/2018:15:47:31 +0200] "GET /reload?ser=1537969651633 HTTP/1.1" 200 2 "http://renault.activities.at/" "Mozilla/5.0 (Windows NT 6.1; WOW64; Trident/7.0; rv:11.0) like Gecko"
185.22.23.252 - - [26/Sep/2018:15:47:59 +0200] "GET /reload?ser=1537969679300 HTTP/1.1" 200 28 "http://renault.activities.at/success" "Mozilla/5.0 (Windows NT 6.3; WOW64; Trident/7.0; rv:11.0) like Gecko"
213.153.47.173 - - [26/Sep/2018:15:48:16 +0200] "GET /reload?ser=1537969696849 HTTP/1.1" 200 28 "http://renault.activities.at/login?required=true" "Mozilla/5.0 (Windows NT 10.0; Win64; x64; rv:62.0) Gecko/20100101 Firefox/62.0"
80.120.5.131 - - [26/Sep/2018:15:48:16 +0200] "GET /reload?ser=1537969696873 HTTP/1.1" 200 2 "http://renault.activities.at/" "Mozilla/5.0 (Windows NT 6.1; WOW64; Trident/7.0; rv:11.0) like Gecko"
80.120.5.131 - - [26/Sep/2018:15:48:32 +0200] "GET /reload?ser=1537969712301 HTTP/1.1" 200 2 "http://renault.activities.at/" "Mozilla/5.0 (Windows NT 6.1; WOW64; Trident/7.0; rv:11.0) like Gecko"
185.22.23.252 - - [26/Sep/2018:15:49:00 +0200] "GET /reload?ser=1537969740259 HTTP/1.1" 200 28 "http://renault.activities.at/success" "Mozilla/5.0 (Windows NT 6.3; WOW64; Trident/7.0; rv:11.0) like Gecko"
213.153.47.173 - - [26/Sep/2018:15:49:17 +0200] "GET /reload?ser=1537969757518 HTTP/1.1" 200 28 "http://renault.activities.at/login?required=true" "Mozilla/5.0 (Windows NT 10.0; Win64; x64; rv:62.0) Gecko/20100101 Firefox/62.0"
80.120.5.131 - - [26/Sep/2018:15:49:17 +0200] "GET /reload?ser=1537969757524 HTTP/1.1" 200 2 "http://renault.activities.at/" "Mozilla/5.0 (Windows NT 6.1; WOW64; Trident/7.0; rv:11.0) like Gecko"
80.120.5.131 - - [26/Sep/2018:15:49:33 +0200] "GET /reload?ser=1537969772938 HTTP/1.1" 200 2 "http://renault.activities.at/" "Mozilla/5.0 (Windows NT 6.1; WOW64; Trident/7.0; rv:11.0) like Gecko"
185.22.23.252 - - [26/Sep/2018:15:50:01 +0200] "GET /reload?ser=1537969801216 HTTP/1.1" 200 28 "http://renault.activities.at/success" "Mozilla/5.0 (Windows NT 6.3; WOW64; Trident/7.0; rv:11.0) like Gecko"
80.120.5.131 - - [26/Sep/2018:15:50:12 +0200] "GET /login HTTP/1.1" 200 7269 "http://renault.activities.at/" "Mozilla/5.0 (Windows NT 6.1; WOW64; Trident/7.0; rv:11.0) like Gecko"
80.120.5.131 - - [26/Sep/2018:15:50:12 +0200] "GET /js/default.js HTTP/1.1" 304 - "http://renault.activities.at/login" "Mozilla/5.0 (Windows NT 6.1; WOW64; Trident/7.0; rv:11.0) like Gecko"
80.120.5.131 - - [26/Sep/2018:15:50:12 +0200] "GET /css/reset.css HTTP/1.1" 304 - "http://renault.activities.at/login" "Mozilla/5.0 (Windows NT 6.1; WOW64; Trident/7.0; rv:11.0) like Gecko"
80.120.5.131 - - [26/Sep/2018:15:50:12 +0200] "GET /css/clears.css HTTP/1.1" 304 - "http://renault.activities.at/login" "Mozilla/5.0 (Windows NT 6.1; WOW64; Trident/7.0; rv:11.0) like Gecko"
80.120.5.131 - - [26/Sep/2018:15:50:12 +0200] "GET /css/styles.css HTTP/1.1" 304 - "http://renault.activities.at/login" "Mozilla/5.0 (Windows NT 6.1; WOW64; Trident/7.0; rv:11.0) like Gecko"
80.120.5.131 - - [26/Sep/2018:15:50:12 +0200] "GET /css/themes/alphacube.css HTTP/1.1" 304 - "http://renault.activities.at/login" "Mozilla/5.0 (Windows NT 6.1; WOW64; Trident/7.0; rv:11.0) like Gecko"
80.120.5.131 - - [26/Sep/2018:15:50:12 +0200] "GET /css/prototip.css HTTP/1.1" 304 - "http://renault.activities.at/login" "Mozilla/5.0 (Windows NT 6.1; WOW64; Trident/7.0; rv:11.0) like Gecko"
80.120.5.131 - - [26/Sep/2018:15:50:12 +0200] "GET /css/themes/default.css HTTP/1.1" 304 - "http://renault.activities.at/login" "Mozilla/5.0 (Windows NT 6.1; WOW64; Trident/7.0; rv:11.0) like Gecko"
80.120.5.131 - - [26/Sep/2018:15:50:12 +0200] "GET /js/checkout.css HTTP/1.1" 304 - "http://renault.activities.at/login" "Mozilla/5.0 (Windows NT 6.1; WOW64; Trident/7.0; rv:11.0) like Gecko"
80.120.5.131 - - [26/Sep/2018:15:50:12 +0200] "GET /css/print.css HTTP/1.1" 304 - "http://renault.activities.at/login" "Mozilla/5.0 (Windows NT 6.1; WOW64; Trident/7.0; rv:11.0) like Gecko"
80.120.5.131 - - [26/Sep/2018:15:50:12 +0200] "GET /images/main_block_corner_left_top.gif HTTP/1.1" 304 - "http://renault.activities.at/login" "Mozilla/5.0 (Windows NT 6.1; WOW64; Trident/7.0; rv:11.0) like Gecko"
80.120.5.131 - - [26/Sep/2018:15:50:12 +0200] "GET /images/main_block_border.gif HTTP/1.1" 304 - "http://renault.activities.at/login" "Mozilla/5.0 (Windows NT 6.1; WOW64; Trident/7.0; rv:11.0) like Gecko"
80.120.5.131 - - [26/Sep/2018:15:50:12 +0200] "GET /images/header_block_border.gif HTTP/1.1" 304 - "http://renault.activities.at/login" "Mozilla/5.0 (Windows NT 6.1; WOW64; Trident/7.0; rv:11.0) like Gecko"
80.120.5.131 - - [26/Sep/2018:15:50:12 +0200] "GET /images/main_block_corner_right_bot.gif HTTP/1.1" 304 - "http://renault.activities.at/login" "Mozilla/5.0 (Windows NT 6.1; WOW64; Trident/7.0; rv:11.0) like Gecko"
80.120.5.131 - - [26/Sep/2018:15:50:12 +0200] "GET /images/header_block_corner_right_top.gif HTTP/1.1" 304 - "http://renault.activities.at/login" "Mozilla/5.0 (Windows NT 6.1; WOW64; Trident/7.0; rv:11.0) like Gecko"
80.120.5.131 - - [26/Sep/2018:15:50:12 +0200] "GET /images/main_block_corner_left_bot.gif HTTP/1.1" 304 - "http://renault.activities.at/login" "Mozilla/5.0 (Windows NT 6.1; WOW64; Trident/7.0; rv:11.0) like Gecko"
80.120.5.131 - - [26/Sep/2018:15:50:12 +0200] "GET /images/main_block_corner_right_top.gif HTTP/1.1" 304 - "http://renault.activities.at/login" "Mozilla/5.0 (Windows NT 6.1; WOW64; Trident/7.0; rv:11.0) like Gecko"
80.120.5.131 - - [26/Sep/2018:15:50:12 +0200] "GET /images/header_block_corner_left_top.gif HTTP/1.1" 304 - "http://renault.activities.at/login" "Mozilla/5.0 (Windows NT 6.1; WOW64; Trident/7.0; rv:11.0) like Gecko"
80.120.5.131 - - [26/Sep/2018:15:50:12 +0200] "GET /images/title_border.jpg HTTP/1.1" 304 - "http://renault.activities.at/login" "Mozilla/5.0 (Windows NT 6.1; WOW64; Trident/7.0; rv:11.0) like Gecko"
80.120.5.131 - - [26/Sep/2018:15:50:12 +0200] "GET /images/title_border_top.jpg HTTP/1.1" 304 - "http://renault.activities.at/login" "Mozilla/5.0 (Windows NT 6.1; WOW64; Trident/7.0; rv:11.0) like Gecko"
80.120.5.131 - - [26/Sep/2018:15:50:12 +0200] "GET /images/title_corner_left_top.jpg HTTP/1.1" 304 - "http://renault.activities.at/login" "Mozilla/5.0 (Windows NT 6.1; WOW64; Trident/7.0; rv:11.0) like Gecko"
80.120.5.131 - - [26/Sep/2018:15:50:13 +0200] "GET /images/title_corner_right_top.jpg HTTP/1.1" 304 - "http://renault.activities.at/login" "Mozilla/5.0 (Windows NT 6.1; WOW64; Trident/7.0; rv:11.0) like Gecko"
80.120.5.131 - - [26/Sep/2018:15:50:13 +0200] "GET /images/button_left_bg.gif HTTP/1.1" 304 - "http://renault.activities.at/login" "Mozilla/5.0 (Windows NT 6.1; WOW64; Trident/7.0; rv:11.0) like Gecko"
80.120.5.131 - - [26/Sep/2018:15:50:13 +0200] "GET /images/button_right_bg.gif HTTP/1.1" 304 - "http://renault.activities.at/login" "Mozilla/5.0 (Windows NT 6.1; WOW64; Trident/7.0; rv:11.0) like Gecko"
80.120.5.131 - - [26/Sep/2018:15:50:13 +0200] "GET /images/button_bg.gif HTTP/1.1" 304 - "http://renault.activities.at/login" "Mozilla/5.0 (Windows NT 6.1; WOW64; Trident/7.0; rv:11.0) like Gecko"
213.153.47.173 - - [26/Sep/2018:15:50:18 +0200] "GET /reload?ser=1537969818189 HTTP/1.1" 200 28 "http://renault.activities.at/login?required=true" "Mozilla/5.0 (Windows NT 10.0; Win64; x64; rv:62.0) Gecko/20100101 Firefox/62.0"
185.22.23.252 - - [26/Sep/2018:15:51:02 +0200] "GET /reload?ser=1537969862173 HTTP/1.1" 200 28 "http://renault.activities.at/success" "Mozilla/5.0 (Windows NT 6.3; WOW64; Trident/7.0; rv:11.0) like Gecko"
213.153.47.173 - - [26/Sep/2018:15:51:18 +0200] "GET /reload?ser=1537969878858 HTTP/1.1" 200 28 "http://renault.activities.at/login?required=true" "Mozilla/5.0 (Windows NT 10.0; Win64; x64; rv:62.0) Gecko/20100101 Firefox/62.0"
185.22.23.252 - - [26/Sep/2018:15:52:03 +0200] "GET /reload?ser=1537969923179 HTTP/1.1" 200 28 "http://renault.activities.at/success" "Mozilla/5.0 (Windows NT 6.3; WOW64; Trident/7.0; rv:11.0) like Gecko"
213.153.47.173 - - [26/Sep/2018:15:52:19 +0200] "GET /reload?ser=1537969939509 HTTP/1.1" 200 28 "http://renault.activities.at/login?required=true" "Mozilla/5.0 (Windows NT 10.0; Win64; x64; rv:62.0) Gecko/20100101 Firefox/62.0"
185.22.23.252 - - [26/Sep/2018:15:53:04 +0200] "GET /reload?ser=1537969984146 HTTP/1.1" 200 28 "http://renault.activities.at/success" "Mozilla/5.0 (Windows NT 6.3; WOW64; Trident/7.0; rv:11.0) like Gecko"
213.153.47.173 - - [26/Sep/2018:15:53:20 +0200] "GET /reload?ser=1537970000178 HTTP/1.1" 200 28 "http://renault.activities.at/login?required=true" "Mozilla/5.0 (Windows NT 10.0; Win64; x64; rv:62.0) Gecko/20100101 Firefox/62.0"
185.22.23.252 - - [26/Sep/2018:15:54:05 +0200] "GET /reload?ser=1537970045076 HTTP/1.1" 200 28 "http://renault.activities.at/success" "Mozilla/5.0 (Windows NT 6.3; WOW64; Trident/7.0; rv:11.0) like Gecko"
213.153.47.173 - - [26/Sep/2018:15:54:20 +0200] "GET /reload?ser=1537970060859 HTTP/1.1" 200 28 "http://renault.activities.at/login?required=true" "Mozilla/5.0 (Windows NT 10.0; Win64; x64; rv:62.0) Gecko/20100101 Firefox/62.0"
185.22.23.252 - - [26/Sep/2018:15:55:06 +0200] "GET /reload?ser=1537970106053 HTTP/1.1" 200 28 "http://renault.activities.at/success" "Mozilla/5.0 (Windows NT 6.3; WOW64; Trident/7.0; rv:11.0) like Gecko"
213.153.47.173 - - [26/Sep/2018:15:55:21 +0200] "GET /reload?ser=1537970121518 HTTP/1.1" 200 28 "http://renault.activities.at/login?required=true" "Mozilla/5.0 (Windows NT 10.0; Win64; x64; rv:62.0) Gecko/20100101 Firefox/62.0"
212.152.246.130 - - [26/Sep/2018:15:55:49 +0200] "GET /login HTTP/1.1" 200 2086 "-" "Mozilla/5.0 (Windows NT 6.1; Win64; x64) AppleWebKit/537.36 (KHTML, like Gecko) Chrome/68.0.3440.106 Safari/537.36 OPR/55.0.2994.61"
212.152.246.130 - - [26/Sep/2018:15:55:50 +0200] "GET /images/favicon.ico HTTP/1.1" 404 305 "-" "Mozilla/5.0 (Windows NT 6.1; Win64; x64) AppleWebKit/537.36 (KHTML, like Gecko) Chrome/68.0.3440.106 Safari/537.36 OPR/55.0.2994.61"
185.22.23.252 - - [26/Sep/2018:15:56:07 +0200] "GET /reload?ser=1537970167022 HTTP/1.1" 200 28 "http://renault.activities.at/success" "Mozilla/5.0 (Windows NT 6.3; WOW64; Trident/7.0; rv:11.0) like Gecko"
213.153.47.173 - - [26/Sep/2018:15:56:22 +0200] "GET /reload?ser=1537970182168 HTTP/1.1" 200 28 "http://renault.activities.at/login?required=true" "Mozilla/5.0 (Windows NT 10.0; Win64; x64; rv:62.0) Gecko/20100101 Firefox/62.0"
185.22.23.252 - - [26/Sep/2018:15:57:08 +0200] "GET /reload?ser=1537970228000 HTTP/1.1" 200 28 "http://renault.activities.at/success" "Mozilla/5.0 (Windows NT 6.3; WOW64; Trident/7.0; rv:11.0) like Gecko"
213.153.47.173 - - [26/Sep/2018:15:57:22 +0200] "GET /reload?ser=1537970242818 HTTP/1.1" 200 28 "http://renault.activities.at/login?required=true" "Mozilla/5.0 (Windows NT 10.0; Win64; x64; rv:62.0) Gecko/20100101 Firefox/62.0"
185.22.23.252 - - [26/Sep/2018:15:58:09 +0200] "GET /reload?ser=1537970289002 HTTP/1.1" 200 28 "http://renault.activities.at/success" "Mozilla/5.0 (Windows NT 6.3; WOW64; Trident/7.0; rv:11.0) like Gecko"
213.153.47.173 - - [26/Sep/2018:15:58:23 +0200] "GET /reload?ser=1537970303489 HTTP/1.1" 200 28 "http://renault.activities.at/login?required=true" "Mozilla/5.0 (Windows NT 10.0; Win64; x64; rv:62.0) Gecko/20100101 Firefox/62.0"
185.22.23.252 - - [26/Sep/2018:15:59:10 +0200] "GET /reload?ser=1537970349991 HTTP/1.1" 200 28 "http://renault.activities.at/success" "Mozilla/5.0 (Windows NT 6.3; WOW64; Trident/7.0; rv:11.0) like Gecko"
213.153.47.173 - - [26/Sep/2018:15:59:24 +0200] "GET /reload?ser=1537970364168 HTTP/1.1" 200 28 "http://renault.activities.at/login?required=true" "Mozilla/5.0 (Windows NT 10.0; Win64; x64; rv:62.0) Gecko/20100101 Firefox/62.0"
213.153.47.173 - - [26/Sep/2018:16:00:24 +0200] "GET /reload?ser=1537970424829 HTTP/1.1" 200 28 "http://renault.activities.at/login?required=true" "Mozilla/5.0 (Windows NT 10.0; Win64; x64; rv:62.0) Gecko/20100101 Firefox/62.0"
213.153.47.173 - - [26/Sep/2018:16:01:25 +0200] "GET /reload?ser=1537970485490 HTTP/1.1" 200 28 "http://renault.activities.at/login?required=true" "Mozilla/5.0 (Windows NT 10.0; Win64; x64; rv:62.0) Gecko/20100101 Firefox/62.0"
213.153.47.173 - - [26/Sep/2018:16:02:26 +0200] "GET /reload?ser=1537970546170 HTTP/1.1" 200 28 "http://renault.activities.at/login?required=true" "Mozilla/5.0 (Windows NT 10.0; Win64; x64; rv:62.0) Gecko/20100101 Firefox/62.0"
213.153.47.173 - - [26/Sep/2018:16:03:26 +0200] "GET /reload?ser=1537970606819 HTTP/1.1" 200 28 "http://renault.activities.at/login?required=true" "Mozilla/5.0 (Windows NT 10.0; Win64; x64; rv:62.0) Gecko/20100101 Firefox/62.0"
213.153.47.173 - - [26/Sep/2018:16:04:27 +0200] "GET /reload?ser=1537970667500 HTTP/1.1" 200 28 "http://renault.activities.at/login?required=true" "Mozilla/5.0 (Windows NT 10.0; Win64; x64; rv:62.0) Gecko/20100101 Firefox/62.0"
213.153.47.173 - - [26/Sep/2018:16:05:28 +0200] "GET /reload?ser=1537970728170 HTTP/1.1" 200 28 "http://renault.activities.at/login?required=true" "Mozilla/5.0 (Windows NT 10.0; Win64; x64; rv:62.0) Gecko/20100101 Firefox/62.0"
213.153.47.173 - - [26/Sep/2018:16:06:28 +0200] "GET /reload?ser=1537970788820 HTTP/1.1" 200 28 "http://renault.activities.at/login?required=true" "Mozilla/5.0 (Windows NT 10.0; Win64; x64; rv:62.0) Gecko/20100101 Firefox/62.0"
213.153.47.173 - - [26/Sep/2018:16:07:29 +0200] "GET /reload?ser=1537970849481 HTTP/1.1" 200 28 "http://renault.activities.at/login?required=true" "Mozilla/5.0 (Windows NT 10.0; Win64; x64; rv:62.0) Gecko/20100101 Firefox/62.0"
213.153.47.173 - - [26/Sep/2018:16:08:30 +0200] "GET /reload?ser=1537970910149 HTTP/1.1" 200 28 "http://renault.activities.at/login?required=true" "Mozilla/5.0 (Windows NT 10.0; Win64; x64; rv:62.0) Gecko/20100101 Firefox/62.0"
213.153.47.173 - - [26/Sep/2018:16:09:30 +0200] "GET /reload?ser=1537970970831 HTTP/1.1" 200 28 "http://renault.activities.at/login?required=true" "Mozilla/5.0 (Windows NT 10.0; Win64; x64; rv:62.0) Gecko/20100101 Firefox/62.0"
213.153.47.173 - - [26/Sep/2018:16:10:31 +0200] "GET /reload?ser=1537971031501 HTTP/1.1" 200 28 "http://renault.activities.at/login?required=true" "Mozilla/5.0 (Windows NT 10.0; Win64; x64; rv:62.0) Gecko/20100101 Firefox/62.0"
213.153.47.173 - - [26/Sep/2018:16:11:32 +0200] "GET /reload?ser=1537971092160 HTTP/1.1" 200 28 "http://renault.activities.at/login?required=true" "Mozilla/5.0 (Windows NT 10.0; Win64; x64; rv:62.0) Gecko/20100101 Firefox/62.0"
213.153.47.173 - - [26/Sep/2018:16:12:32 +0200] "GET /reload?ser=1537971152831 HTTP/1.1" 200 28 "http://renault.activities.at/login?required=true" "Mozilla/5.0 (Windows NT 10.0; Win64; x64; rv:62.0) Gecko/20100101 Firefox/62.0"
213.153.47.173 - - [26/Sep/2018:16:13:33 +0200] "GET /reload?ser=1537971213490 HTTP/1.1" 200 28 "http://renault.activities.at/login?required=true" "Mozilla/5.0 (Windows NT 10.0; Win64; x64; rv:62.0) Gecko/20100101 Firefox/62.0"
213.153.47.173 - - [26/Sep/2018:16:14:34 +0200] "GET /reload?ser=1537971274171 HTTP/1.1" 200 28 "http://renault.activities.at/login?required=true" "Mozilla/5.0 (Windows NT 10.0; Win64; x64; rv:62.0) Gecko/20100101 Firefox/62.0"
213.153.47.173 - - [26/Sep/2018:16:15:34 +0200] "GET /reload?ser=1537971334831 HTTP/1.1" 200 28 "http://renault.activities.at/login?required=true" "Mozilla/5.0 (Windows NT 10.0; Win64; x64; rv:62.0) Gecko/20100101 Firefox/62.0"
213.153.47.173 - - [26/Sep/2018:16:16:35 +0200] "GET /reload?ser=1537971395502 HTTP/1.1" 200 28 "http://renault.activities.at/login?required=true" "Mozilla/5.0 (Windows NT 10.0; Win64; x64; rv:62.0) Gecko/20100101 Firefox/62.0"
213.153.47.173 - - [26/Sep/2018:16:17:36 +0200] "GET /reload?ser=1537971456161 HTTP/1.1" 200 28 "http://renault.activities.at/login?required=true" "Mozilla/5.0 (Windows NT 10.0; Win64; x64; rv:62.0) Gecko/20100101 Firefox/62.0"
213.153.47.173 - - [26/Sep/2018:16:18:36 +0200] "GET /reload?ser=1537971516832 HTTP/1.1" 200 28 "http://renault.activities.at/login?required=true" "Mozilla/5.0 (Windows NT 10.0; Win64; x64; rv:62.0) Gecko/20100101 Firefox/62.0"
213.153.47.173 - - [26/Sep/2018:16:19:37 +0200] "GET /reload?ser=1537971577492 HTTP/1.1" 200 28 "http://renault.activities.at/login?required=true" "Mozilla/5.0 (Windows NT 10.0; Win64; x64; rv:62.0) Gecko/20100101 Firefox/62.0"
213.153.47.173 - - [26/Sep/2018:16:20:38 +0200] "GET /reload?ser=1537971638161 HTTP/1.1" 200 28 "http://renault.activities.at/login?required=true" "Mozilla/5.0 (Windows NT 10.0; Win64; x64; rv:62.0) Gecko/20100101 Firefox/62.0"
213.153.47.173 - - [26/Sep/2018:16:21:38 +0200] "GET /reload?ser=1537971698812 HTTP/1.1" 200 28 "http://renault.activities.at/login?required=true" "Mozilla/5.0 (Windows NT 10.0; Win64; x64; rv:62.0) Gecko/20100101 Firefox/62.0"
213.153.47.173 - - [26/Sep/2018:16:22:39 +0200] "GET /reload?ser=1537971759472 HTTP/1.1" 200 28 "http://renault.activities.at/login?required=true" "Mozilla/5.0 (Windows NT 10.0; Win64; x64; rv:62.0) Gecko/20100101 Firefox/62.0"
213.153.47.173 - - [26/Sep/2018:16:23:40 +0200] "GET /reload?ser=1537971820162 HTTP/1.1" 200 28 "http://renault.activities.at/login?required=true" "Mozilla/5.0 (Windows NT 10.0; Win64; x64; rv:62.0) Gecko/20100101 Firefox/62.0"
80.120.5.131 - - [26/Sep/2018:16:24:33 +0200] "GET /10201637 HTTP/1.1" 302 150 "-" "Mozilla/5.0 (Macintosh; Intel Mac OS X 10_13_6) AppleWebKit/605.1.15 (KHTML, like Gecko)"
80.120.5.131 - - [26/Sep/2018:16:24:36 +0200] "GET /login?required=true HTTP/1.1" 200 2086 "-" "Mozilla/5.0 (Macintosh; Intel Mac OS X 10_13_6) AppleWebKit/605.1.15 (KHTML, like Gecko)"
80.120.5.131 - - [26/Sep/2018:16:24:36 +0200] "GET /apple-touch-icon-precomposed.png HTTP/1.1" 200 1559 "-" "Safari/13606.2.11 CFNetwork/902.1 Darwin/17.7.0 (x86_64)"
80.120.5.131 - - [26/Sep/2018:16:24:37 +0200] "GET /apple-touch-icon.png HTTP/1.1" 200 1559 "-" "Safari/13606.2.11 CFNetwork/902.1 Darwin/17.7.0 (x86_64)"
80.120.5.131 - - [26/Sep/2018:16:24:38 +0200] "GET /images/favicon.ico HTTP/1.1" 404 305 "-" "Safari/13606.2.11 CFNetwork/902.1 Darwin/17.7.0 (x86_64)"
80.120.5.131 - - [26/Sep/2018:16:24:38 +0200] "GET /images/favicon.ico HTTP/1.1" 404 305 "-" "Safari/13606.2.11 CFNetwork/902.1 Darwin/17.7.0 (x86_64)"
80.120.5.131 - - [26/Sep/2018:16:24:39 +0200] "GET /favicon.ico HTTP/1.1" 200 3250 "-" "Safari/13606.2.11 CFNetwork/902.1 Darwin/17.7.0 (x86_64)"
80.120.5.131 - - [26/Sep/2018:16:24:39 +0200] "GET /apple-touch-icon-precomposed.png HTTP/1.1" 200 1559 "-" "Safari/13606.2.11 CFNetwork/902.1 Darwin/17.7.0 (x86_64)"
80.120.5.131 - - [26/Sep/2018:16:24:40 +0200] "GET /apple-touch-icon.png HTTP/1.1" 200 1559 "-" "Safari/13606.2.11 CFNetwork/902.1 Darwin/17.7.0 (x86_64)"
80.120.5.131 - - [26/Sep/2018:16:24:41 +0200] "GET /images/favicon.ico HTTP/1.1" 404 305 "-" "Safari/13606.2.11 CFNetwork/902.1 Darwin/17.7.0 (x86_64)"
80.120.5.131 - - [26/Sep/2018:16:24:41 +0200] "GET /images/favicon.ico HTTP/1.1" 404 305 "-" "Safari/13606.2.11 CFNetwork/902.1 Darwin/17.7.0 (x86_64)"
80.120.5.131 - - [26/Sep/2018:16:24:41 +0200] "GET /favicon.ico HTTP/1.1" 200 3250 "-" "Safari/13606.2.11 CFNetwork/902.1 Darwin/17.7.0 (x86_64)"
213.153.47.173 - - [26/Sep/2018:16:24:40 +0200] "GET /reload?ser=1537971880832 HTTP/1.1" 200 28 "http://renault.activities.at/login?required=true" "Mozilla/5.0 (Windows NT 10.0; Win64; x64; rv:62.0) Gecko/20100101 Firefox/62.0"
80.120.5.131 - - [26/Sep/2018:16:24:41 +0200] "GET /10201637 HTTP/1.1" 302 150 "-" "Mozilla/5.0 (iPhone; CPU iPhone OS 11_3 like Mac OS X) AppleWebKit/605.1.15 (KHTML, like Gecko) Version/11.0 Mobile/15E148 Safari/604.1"
80.120.5.131 - - [26/Sep/2018:16:24:42 +0200] "GET /login?required=true HTTP/1.1" 200 2086 "-" "Mozilla/5.0 (iPhone; CPU iPhone OS 11_3 like Mac OS X) AppleWebKit/605.1.15 (KHTML, like Gecko) Version/11.0 Mobile/15E148 Safari/604.1"
80.120.5.131 - - [26/Sep/2018:16:24:42 +0200] "GET /apple-touch-icon-precomposed.png HTTP/1.1" 200 1559 "-" "Safari/13606.2.11 CFNetwork/902.1 Darwin/17.7.0 (x86_64)"
80.120.5.131 - - [26/Sep/2018:16:24:43 +0200] "GET /apple-touch-icon.png HTTP/1.1" 200 1559 "-" "Safari/13606.2.11 CFNetwork/902.1 Darwin/17.7.0 (x86_64)"
80.120.5.131 - - [26/Sep/2018:16:24:44 +0200] "GET /images/favicon.ico HTTP/1.1" 404 305 "-" "Safari/13606.2.11 CFNetwork/902.1 Darwin/17.7.0 (x86_64)"
80.120.5.131 - - [26/Sep/2018:16:24:44 +0200] "GET /images/favicon.ico HTTP/1.1" 404 305 "-" "Safari/13606.2.11 CFNetwork/902.1 Darwin/17.7.0 (x86_64)"
80.120.5.131 - - [26/Sep/2018:16:24:44 +0200] "GET /favicon.ico HTTP/1.1" 200 3250 "-" "Safari/13606.2.11 CFNetwork/902.1 Darwin/17.7.0 (x86_64)"
80.120.5.131 - - [26/Sep/2018:16:24:44 +0200] "GET /apple-touch-icon-precomposed.png HTTP/1.1" 200 1559 "-" "Safari/13606.2.11 CFNetwork/902.1 Darwin/17.7.0 (x86_64)"
80.120.5.131 - - [26/Sep/2018:16:24:45 +0200] "GET /apple-touch-icon.png HTTP/1.1" 200 1559 "-" "Safari/13606.2.11 CFNetwork/902.1 Darwin/17.7.0 (x86_64)"
80.120.5.131 - - [26/Sep/2018:16:24:46 +0200] "GET /images/favicon.ico HTTP/1.1" 404 305 "-" "Safari/13606.2.11 CFNetwork/902.1 Darwin/17.7.0 (x86_64)"
80.120.5.131 - - [26/Sep/2018:16:24:47 +0200] "GET /images/favicon.ico HTTP/1.1" 404 305 "-" "Safari/13606.2.11 CFNetwork/902.1 Darwin/17.7.0 (x86_64)"
80.120.5.131 - - [26/Sep/2018:16:24:47 +0200] "GET /favicon.ico HTTP/1.1" 200 3250 "-" "Safari/13606.2.11 CFNetwork/902.1 Darwin/17.7.0 (x86_64)"
213.153.47.173 - - [26/Sep/2018:16:25:41 +0200] "GET /reload?ser=1537971941503 HTTP/1.1" 200 28 "http://renault.activities.at/login?required=true" "Mozilla/5.0 (Windows NT 10.0; Win64; x64; rv:62.0) Gecko/20100101 Firefox/62.0"
213.153.47.173 - - [26/Sep/2018:16:26:42 +0200] "GET /reload?ser=1537972002173 HTTP/1.1" 200 28 "http://renault.activities.at/login?required=true" "Mozilla/5.0 (Windows NT 10.0; Win64; x64; rv:62.0) Gecko/20100101 Firefox/62.0"
213.153.47.173 - - [26/Sep/2018:16:27:42 +0200] "GET /reload?ser=1537972062823 HTTP/1.1" 200 28 "http://renault.activities.at/login?required=true" "Mozilla/5.0 (Windows NT 10.0; Win64; x64; rv:62.0) Gecko/20100101 Firefox/62.0"
213.153.47.173 - - [26/Sep/2018:16:28:43 +0200] "GET /reload?ser=1537972123472 HTTP/1.1" 200 28 "http://renault.activities.at/login?required=true" "Mozilla/5.0 (Windows NT 10.0; Win64; x64; rv:62.0) Gecko/20100101 Firefox/62.0"
213.153.47.173 - - [26/Sep/2018:16:29:44 +0200] "GET /reload?ser=1537972184152 HTTP/1.1" 200 28 "http://renault.activities.at/login?required=true" "Mozilla/5.0 (Windows NT 10.0; Win64; x64; rv:62.0) Gecko/20100101 Firefox/62.0"
213.153.47.173 - - [26/Sep/2018:16:30:44 +0200] "GET /reload?ser=1537972244822 HTTP/1.1" 200 28 "http://renault.activities.at/login?required=true" "Mozilla/5.0 (Windows NT 10.0; Win64; x64; rv:62.0) Gecko/20100101 Firefox/62.0"
213.153.47.173 - - [26/Sep/2018:16:31:45 +0200] "GET /reload?ser=1537972305472 HTTP/1.1" 200 28 "http://renault.activities.at/login?required=true" "Mozilla/5.0 (Windows NT 10.0; Win64; x64; rv:62.0) Gecko/20100101 Firefox/62.0"
213.153.47.173 - - [26/Sep/2018:16:32:46 +0200] "GET /reload?ser=1537972366133 HTTP/1.1" 200 28 "http://renault.activities.at/login?required=true" "Mozilla/5.0 (Windows NT 10.0; Win64; x64; rv:62.0) Gecko/20100101 Firefox/62.0"
213.153.47.173 - - [26/Sep/2018:16:33:46 +0200] "GET /reload?ser=1537972426792 HTTP/1.1" 200 28 "http://renault.activities.at/login?required=true" "Mozilla/5.0 (Windows NT 10.0; Win64; x64; rv:62.0) Gecko/20100101 Firefox/62.0"
213.153.47.173 - - [26/Sep/2018:16:34:47 +0200] "GET /reload?ser=1537972487453 HTTP/1.1" 200 28 "http://renault.activities.at/login?required=true" "Mozilla/5.0 (Windows NT 10.0; Win64; x64; rv:62.0) Gecko/20100101 Firefox/62.0"
213.153.47.173 - - [26/Sep/2018:16:35:48 +0200] "GET /reload?ser=1537972548103 HTTP/1.1" 200 28 "http://renault.activities.at/login?required=true" "Mozilla/5.0 (Windows NT 10.0; Win64; x64; rv:62.0) Gecko/20100101 Firefox/62.0"
213.153.47.173 - - [26/Sep/2018:16:36:48 +0200] "GET /reload?ser=1537972608753 HTTP/1.1" 200 28 "http://renault.activities.at/login?required=true" "Mozilla/5.0 (Windows NT 10.0; Win64; x64; rv:62.0) Gecko/20100101 Firefox/62.0"
213.153.47.173 - - [26/Sep/2018:16:37:49 +0200] "GET /reload?ser=1537972669412 HTTP/1.1" 200 28 "http://renault.activities.at/login?required=true" "Mozilla/5.0 (Windows NT 10.0; Win64; x64; rv:62.0) Gecko/20100101 Firefox/62.0"
213.153.47.173 - - [26/Sep/2018:16:38:50 +0200] "GET /reload?ser=1537972730093 HTTP/1.1" 200 28 "http://renault.activities.at/login?required=true" "Mozilla/5.0 (Windows NT 10.0; Win64; x64; rv:62.0) Gecko/20100101 Firefox/62.0"
213.153.47.173 - - [26/Sep/2018:16:39:50 +0200] "GET /reload?ser=1537972790773 HTTP/1.1" 200 28 "http://renault.activities.at/login?required=true" "Mozilla/5.0 (Windows NT 10.0; Win64; x64; rv:62.0) Gecko/20100101 Firefox/62.0"
213.153.47.173 - - [26/Sep/2018:16:40:51 +0200] "GET /reload?ser=1537972851423 HTTP/1.1" 200 28 "http://renault.activities.at/login?required=true" "Mozilla/5.0 (Windows NT 10.0; Win64; x64; rv:62.0) Gecko/20100101 Firefox/62.0"
213.153.47.173 - - [26/Sep/2018:16:41:52 +0200] "GET /reload?ser=1537972912074 HTTP/1.1" 200 28 "http://renault.activities.at/login?required=true" "Mozilla/5.0 (Windows NT 10.0; Win64; x64; rv:62.0) Gecko/20100101 Firefox/62.0"
213.153.47.173 - - [26/Sep/2018:16:42:52 +0200] "GET /reload?ser=1537972972742 HTTP/1.1" 200 28 "http://renault.activities.at/login?required=true" "Mozilla/5.0 (Windows NT 10.0; Win64; x64; rv:62.0) Gecko/20100101 Firefox/62.0"
213.153.47.173 - - [26/Sep/2018:16:43:53 +0200] "GET /reload?ser=1537973033414 HTTP/1.1" 200 28 "http://renault.activities.at/login?required=true" "Mozilla/5.0 (Windows NT 10.0; Win64; x64; rv:62.0) Gecko/20100101 Firefox/62.0"
213.153.47.173 - - [26/Sep/2018:16:44:54 +0200] "GET /reload?ser=1537973094084 HTTP/1.1" 200 28 "http://renault.activities.at/login?required=true" "Mozilla/5.0 (Windows NT 10.0; Win64; x64; rv:62.0) Gecko/20100101 Firefox/62.0"
213.153.47.173 - - [26/Sep/2018:16:45:54 +0200] "GET /reload?ser=1537973154743 HTTP/1.1" 200 28 "http://renault.activities.at/login?required=true" "Mozilla/5.0 (Windows NT 10.0; Win64; x64; rv:62.0) Gecko/20100101 Firefox/62.0"
213.153.47.173 - - [26/Sep/2018:16:46:55 +0200] "GET /reload?ser=1537973215403 HTTP/1.1" 200 28 "http://renault.activities.at/login?required=true" "Mozilla/5.0 (Windows NT 10.0; Win64; x64; rv:62.0) Gecko/20100101 Firefox/62.0"
80.120.5.131 - - [26/Sep/2018:17:38:38 +0200] "GET /10201637 HTTP/1.1" 302 150 "-" "Mozilla/5.0 (Macintosh; Intel Mac OS X 10_13_6) AppleWebKit/605.1.15 (KHTML, like Gecko)"
80.120.5.131 - - [26/Sep/2018:17:38:39 +0200] "GET /login?required=true HTTP/1.1" 200 2086 "-" "Mozilla/5.0 (Macintosh; Intel Mac OS X 10_13_6) AppleWebKit/605.1.15 (KHTML, like Gecko)"
80.120.5.131 - - [26/Sep/2018:17:38:39 +0200] "GET /apple-touch-icon-precomposed.png HTTP/1.1" 200 1559 "-" "Safari/13606.2.11 CFNetwork/902.1 Darwin/17.7.0 (x86_64)"
80.120.5.131 - - [26/Sep/2018:17:38:40 +0200] "GET /apple-touch-icon.png HTTP/1.1" 200 1559 "-" "Safari/13606.2.11 CFNetwork/902.1 Darwin/17.7.0 (x86_64)"
80.120.5.131 - - [26/Sep/2018:17:38:41 +0200] "GET /images/favicon.ico HTTP/1.1" 404 305 "-" "Safari/13606.2.11 CFNetwork/902.1 Darwin/17.7.0 (x86_64)"
80.120.5.131 - - [26/Sep/2018:17:38:42 +0200] "GET /images/favicon.ico HTTP/1.1" 404 305 "-" "Safari/13606.2.11 CFNetwork/902.1 Darwin/17.7.0 (x86_64)"
80.120.5.131 - - [26/Sep/2018:17:38:42 +0200] "GET /favicon.ico HTTP/1.1" 200 3250 "-" "Safari/13606.2.11 CFNetwork/902.1 Darwin/17.7.0 (x86_64)"
80.120.5.131 - - [26/Sep/2018:17:38:42 +0200] "GET /apple-touch-icon-precomposed.png HTTP/1.1" 200 1559 "-" "Safari/13606.2.11 CFNetwork/902.1 Darwin/17.7.0 (x86_64)"
80.120.5.131 - - [26/Sep/2018:17:38:43 +0200] "GET /apple-touch-icon.png HTTP/1.1" 200 1559 "-" "Safari/13606.2.11 CFNetwork/902.1 Darwin/17.7.0 (x86_64)"
80.120.5.131 - - [26/Sep/2018:17:38:44 +0200] "GET /images/favicon.ico HTTP/1.1" 404 305 "-" "Safari/13606.2.11 CFNetwork/902.1 Darwin/17.7.0 (x86_64)"
80.120.5.131 - - [26/Sep/2018:17:38:44 +0200] "GET /images/favicon.ico HTTP/1.1" 404 305 "-" "Safari/13606.2.11 CFNetwork/902.1 Darwin/17.7.0 (x86_64)"
80.120.5.131 - - [26/Sep/2018:17:38:44 +0200] "GET /favicon.ico HTTP/1.1" 200 3250 "-" "Safari/13606.2.11 CFNetwork/902.1 Darwin/17.7.0 (x86_64)"
80.120.5.131 - - [26/Sep/2018:17:38:44 +0200] "GET /10201637 HTTP/1.1" 302 150 "-" "Mozilla/5.0 (iPhone; CPU iPhone OS 11_3 like Mac OS X) AppleWebKit/605.1.15 (KHTML, like Gecko) Version/11.0 Mobile/15E148 Safari/604.1"
80.120.5.131 - - [26/Sep/2018:17:38:45 +0200] "GET /login?required=true HTTP/1.1" 200 2086 "-" "Mozilla/5.0 (iPhone; CPU iPhone OS 11_3 like Mac OS X) AppleWebKit/605.1.15 (KHTML, like Gecko) Version/11.0 Mobile/15E148 Safari/604.1"
80.120.5.131 - - [26/Sep/2018:17:38:45 +0200] "GET /apple-touch-icon-precomposed.png HTTP/1.1" 200 1559 "-" "Safari/13606.2.11 CFNetwork/902.1 Darwin/17.7.0 (x86_64)"
80.120.5.131 - - [26/Sep/2018:17:38:46 +0200] "GET /apple-touch-icon.png HTTP/1.1" 200 1559 "-" "Safari/13606.2.11 CFNetwork/902.1 Darwin/17.7.0 (x86_64)"
80.120.5.131 - - [26/Sep/2018:17:38:47 +0200] "GET /images/favicon.ico HTTP/1.1" 404 305 "-" "Safari/13606.2.11 CFNetwork/902.1 Darwin/17.7.0 (x86_64)"
80.120.5.131 - - [26/Sep/2018:17:38:47 +0200] "GET /images/favicon.ico HTTP/1.1" 404 305 "-" "Safari/13606.2.11 CFNetwork/902.1 Darwin/17.7.0 (x86_64)"
80.120.5.131 - - [26/Sep/2018:17:38:48 +0200] "GET /favicon.ico HTTP/1.1" 200 3250 "-" "Safari/13606.2.11 CFNetwork/902.1 Darwin/17.7.0 (x86_64)"
80.120.5.131 - - [26/Sep/2018:17:38:48 +0200] "GET /apple-touch-icon-precomposed.png HTTP/1.1" 200 1559 "-" "Safari/13606.2.11 CFNetwork/902.1 Darwin/17.7.0 (x86_64)"
80.120.5.131 - - [26/Sep/2018:17:38:49 +0200] "GET /apple-touch-icon.png HTTP/1.1" 200 1559 "-" "Safari/13606.2.11 CFNetwork/902.1 Darwin/17.7.0 (x86_64)"
80.120.5.131 - - [26/Sep/2018:17:38:50 +0200] "GET /images/favicon.ico HTTP/1.1" 404 305 "-" "Safari/13606.2.11 CFNetwork/902.1 Darwin/17.7.0 (x86_64)"
80.120.5.131 - - [26/Sep/2018:17:38:50 +0200] "GET /images/favicon.ico HTTP/1.1" 404 305 "-" "Safari/13606.2.11 CFNetwork/902.1 Darwin/17.7.0 (x86_64)"
80.120.5.131 - - [26/Sep/2018:17:38:50 +0200] "GET /favicon.ico HTTP/1.1" 200 3250 "-" "Safari/13606.2.11 CFNetwork/902.1 Darwin/17.7.0 (x86_64)"
80.120.5.131 - - [26/Sep/2018:17:53:24 +0200] "GET /10201637 HTTP/1.1" 302 150 "-" "Mozilla/5.0 (Macintosh; Intel Mac OS X 10_13_6) AppleWebKit/605.1.15 (KHTML, like Gecko)"
80.120.5.131 - - [26/Sep/2018:17:53:25 +0200] "GET /login?required=true HTTP/1.1" 200 2086 "-" "Mozilla/5.0 (Macintosh; Intel Mac OS X 10_13_6) AppleWebKit/605.1.15 (KHTML, like Gecko)"
80.120.5.131 - - [26/Sep/2018:17:53:26 +0200] "GET /apple-touch-icon-precomposed.png HTTP/1.1" 200 1559 "-" "Safari/13606.2.11 CFNetwork/902.1 Darwin/17.7.0 (x86_64)"
80.120.5.131 - - [26/Sep/2018:17:53:27 +0200] "GET /apple-touch-icon.png HTTP/1.1" 200 1559 "-" "Safari/13606.2.11 CFNetwork/902.1 Darwin/17.7.0 (x86_64)"
80.120.5.131 - - [26/Sep/2018:17:53:28 +0200] "GET /images/favicon.ico HTTP/1.1" 404 305 "-" "Safari/13606.2.11 CFNetwork/902.1 Darwin/17.7.0 (x86_64)"
80.120.5.131 - - [26/Sep/2018:17:53:28 +0200] "GET /images/favicon.ico HTTP/1.1" 404 305 "-" "Safari/13606.2.11 CFNetwork/902.1 Darwin/17.7.0 (x86_64)"
80.120.5.131 - - [26/Sep/2018:17:53:28 +0200] "GET /favicon.ico HTTP/1.1" 200 3250 "-" "Safari/13606.2.11 CFNetwork/902.1 Darwin/17.7.0 (x86_64)"
80.120.5.131 - - [26/Sep/2018:17:53:28 +0200] "GET /apple-touch-icon-precomposed.png HTTP/1.1" 200 1559 "-" "Safari/13606.2.11 CFNetwork/902.1 Darwin/17.7.0 (x86_64)"
80.120.5.131 - - [26/Sep/2018:17:53:29 +0200] "GET /apple-touch-icon.png HTTP/1.1" 200 1559 "-" "Safari/13606.2.11 CFNetwork/902.1 Darwin/17.7.0 (x86_64)"
80.120.5.131 - - [26/Sep/2018:17:53:30 +0200] "GET /images/favicon.ico HTTP/1.1" 404 305 "-" "Safari/13606.2.11 CFNetwork/902.1 Darwin/17.7.0 (x86_64)"
80.120.5.131 - - [26/Sep/2018:17:53:30 +0200] "GET /images/favicon.ico HTTP/1.1" 404 305 "-" "Safari/13606.2.11 CFNetwork/902.1 Darwin/17.7.0 (x86_64)"
80.120.5.131 - - [26/Sep/2018:17:53:30 +0200] "GET /favicon.ico HTTP/1.1" 200 3250 "-" "Safari/13606.2.11 CFNetwork/902.1 Darwin/17.7.0 (x86_64)"
80.120.5.131 - - [26/Sep/2018:17:53:30 +0200] "GET /10201637 HTTP/1.1" 302 150 "-" "Mozilla/5.0 (iPhone; CPU iPhone OS 11_3 like Mac OS X) AppleWebKit/605.1.15 (KHTML, like Gecko) Version/11.0 Mobile/15E148 Safari/604.1"
80.120.5.131 - - [26/Sep/2018:17:53:31 +0200] "GET /login?required=true HTTP/1.1" 200 2086 "-" "Mozilla/5.0 (iPhone; CPU iPhone OS 11_3 like Mac OS X) AppleWebKit/605.1.15 (KHTML, like Gecko) Version/11.0 Mobile/15E148 Safari/604.1"
80.120.5.131 - - [26/Sep/2018:17:53:32 +0200] "GET /apple-touch-icon-precomposed.png HTTP/1.1" 200 1559 "-" "Safari/13606.2.11 CFNetwork/902.1 Darwin/17.7.0 (x86_64)"
80.120.5.131 - - [26/Sep/2018:17:53:33 +0200] "GET /apple-touch-icon.png HTTP/1.1" 200 1559 "-" "Safari/13606.2.11 CFNetwork/902.1 Darwin/17.7.0 (x86_64)"
80.120.5.131 - - [26/Sep/2018:17:53:34 +0200] "GET /images/favicon.ico HTTP/1.1" 404 305 "-" "Safari/13606.2.11 CFNetwork/902.1 Darwin/17.7.0 (x86_64)"
80.120.5.131 - - [26/Sep/2018:17:53:34 +0200] "GET /images/favicon.ico HTTP/1.1" 404 305 "-" "Safari/13606.2.11 CFNetwork/902.1 Darwin/17.7.0 (x86_64)"
80.120.5.131 - - [26/Sep/2018:17:53:34 +0200] "GET /favicon.ico HTTP/1.1" 200 3250 "-" "Safari/13606.2.11 CFNetwork/902.1 Darwin/17.7.0 (x86_64)"
80.120.5.131 - - [26/Sep/2018:17:53:34 +0200] "GET /apple-touch-icon-precomposed.png HTTP/1.1" 200 1559 "-" "Safari/13606.2.11 CFNetwork/902.1 Darwin/17.7.0 (x86_64)"
80.120.5.131 - - [26/Sep/2018:17:53:35 +0200] "GET /apple-touch-icon.png HTTP/1.1" 200 1559 "-" "Safari/13606.2.11 CFNetwork/902.1 Darwin/17.7.0 (x86_64)"
80.120.5.131 - - [26/Sep/2018:17:53:36 +0200] "GET /images/favicon.ico HTTP/1.1" 404 305 "-" "Safari/13606.2.11 CFNetwork/902.1 Darwin/17.7.0 (x86_64)"
80.120.5.131 - - [26/Sep/2018:17:53:36 +0200] "GET /images/favicon.ico HTTP/1.1" 404 305 "-" "Safari/13606.2.11 CFNetwork/902.1 Darwin/17.7.0 (x86_64)"
80.120.5.131 - - [26/Sep/2018:17:53:36 +0200] "GET /favicon.ico HTTP/1.1" 200 3250 "-" "Safari/13606.2.11 CFNetwork/902.1 Darwin/17.7.0 (x86_64)"
66.249.64.73 - - [26/Sep/2018:20:45:51 +0200] "GET /robots.txt HTTP/1.1" 404 300 "-" "Mozilla/5.0 (compatible; Googlebot/2.1; +http://www.google.com/bot.html)"
66.249.64.77 - - [26/Sep/2018:20:45:51 +0200] "GET / HTTP/1.1" 200 3683 "-" "Mozilla/5.0 (Linux; Android 6.0.1; Nexus 5X Build/MMB29P) AppleWebKit/537.36 (KHTML, like Gecko) Chrome/41.0.2272.96 Mobile Safari/537.36 (compatible; Googlebot/2.1; +http://www.google.com/bot.html)"
194.118.84.210 - - [26/Sep/2018:21:53:59 +0200] "GET / HTTP/1.1" 200 3683 "-" "Mozilla/5.0 (iPhone; CPU iPhone OS 12_0 like Mac OS X) AppleWebKit/605.1.15 (KHTML, like Gecko) Version/12.0 Mobile/15E148 Safari/604.1"
194.118.84.210 - - [26/Sep/2018:21:54:01 +0200] "GET /apple-touch-icon-120x120-precomposed.png HTTP/1.1" 200 1559 "-" "MobileSafari/604.1 CFNetwork/974.2.1 Darwin/18.0.0"
194.118.84.210 - - [26/Sep/2018:21:54:02 +0200] "GET /apple-touch-icon-120x120.png HTTP/1.1" 200 1559 "-" "MobileSafari/604.1 CFNetwork/974.2.1 Darwin/18.0.0"
194.118.84.210 - - [26/Sep/2018:21:54:03 +0200] "GET /apple-touch-icon-precomposed.png HTTP/1.1" 200 1559 "-" "MobileSafari/604.1 CFNetwork/974.2.1 Darwin/18.0.0"
194.118.84.210 - - [26/Sep/2018:21:54:04 +0200] "GET /apple-touch-icon.png HTTP/1.1" 200 1559 "-" "MobileSafari/604.1 CFNetwork/974.2.1 Darwin/18.0.0"
194.118.84.210 - - [26/Sep/2018:21:54:06 +0200] "GET /images/favicon.ico HTTP/1.1" 404 305 "-" "MobileSafari/604.1 CFNetwork/974.2.1 Darwin/18.0.0"
