93.82.180.122 - - [03/Oct/2018:16:18:22 +0200] "GET /js/checkout.css HTTP/1.1" 304 - "http://renault.activities.at/logout" "Mozilla/5.0 (Windows NT 6.1; WOW64; Trident/7.0; MASBJS; rv:11.0) like Gecko"
93.82.180.122 - - [03/Oct/2018:16:18:22 +0200] "GET /css/clears.css HTTP/1.1" 304 - "http://renault.activities.at/logout" "Mozilla/5.0 (Windows NT 6.1; WOW64; Trident/7.0; MASBJS; rv:11.0) like Gecko"
93.82.180.122 - - [03/Oct/2018:16:18:22 +0200] "GET /css/print.css HTTP/1.1" 304 - "http://renault.activities.at/logout" "Mozilla/5.0 (Windows NT 6.1; WOW64; Trident/7.0; MASBJS; rv:11.0) like Gecko"
93.82.180.122 - - [03/Oct/2018:16:18:22 +0200] "GET /css/prototip.css HTTP/1.1" 304 - "http://renault.activities.at/logout" "Mozilla/5.0 (Windows NT 6.1; WOW64; Trident/7.0; MASBJS; rv:11.0) like Gecko"
93.82.180.122 - - [03/Oct/2018:16:18:22 +0200] "GET /css/themes/default.css HTTP/1.1" 304 - "http://renault.activities.at/logout" "Mozilla/5.0 (Windows NT 6.1; WOW64; Trident/7.0; MASBJS; rv:11.0) like Gecko"
93.82.180.122 - - [03/Oct/2018:16:18:22 +0200] "GET /css/themes/alphacube.css HTTP/1.1" 304 - "http://renault.activities.at/logout" "Mozilla/5.0 (Windows NT 6.1; WOW64; Trident/7.0; MASBJS; rv:11.0) like Gecko"
93.82.180.122 - - [03/Oct/2018:16:18:22 +0200] "GET /images/main_block_corner_left_bot.gif HTTP/1.1" 304 - "http://renault.activities.at/logout" "Mozilla/5.0 (Windows NT 6.1; WOW64; Trident/7.0; MASBJS; rv:11.0) like Gecko"
93.82.180.122 - - [03/Oct/2018:16:18:22 +0200] "GET /images/main_block_corner_right_top.gif HTTP/1.1" 304 - "http://renault.activities.at/logout" "Mozilla/5.0 (Windows NT 6.1; WOW64; Trident/7.0; MASBJS; rv:11.0) like Gecko"
93.82.180.122 - - [03/Oct/2018:16:18:22 +0200] "GET /images/main_block_corner_left_top.gif HTTP/1.1" 304 - "http://renault.activities.at/logout" "Mozilla/5.0 (Windows NT 6.1; WOW64; Trident/7.0; MASBJS; rv:11.0) like Gecko"
93.82.180.122 - - [03/Oct/2018:16:18:22 +0200] "GET /images/main_block_border.gif HTTP/1.1" 304 - "http://renault.activities.at/logout" "Mozilla/5.0 (Windows NT 6.1; WOW64; Trident/7.0; MASBJS; rv:11.0) like Gecko"
93.82.180.122 - - [03/Oct/2018:16:18:22 +0200] "GET /images/main_block_corner_right_bot.gif HTTP/1.1" 304 - "http://renault.activities.at/logout" "Mozilla/5.0 (Windows NT 6.1; WOW64; Trident/7.0; MASBJS; rv:11.0) like Gecko"
93.82.180.122 - - [03/Oct/2018:16:18:22 +0200] "GET /images/title_border_top.jpg HTTP/1.1" 304 - "http://renault.activities.at/logout" "Mozilla/5.0 (Windows NT 6.1; WOW64; Trident/7.0; MASBJS; rv:11.0) like Gecko"
93.82.180.122 - - [03/Oct/2018:16:18:22 +0200] "GET /images/title_corner_right_top.jpg HTTP/1.1" 304 - "http://renault.activities.at/logout" "Mozilla/5.0 (Windows NT 6.1; WOW64; Trident/7.0; MASBJS; rv:11.0) like Gecko"
93.82.180.122 - - [03/Oct/2018:16:18:22 +0200] "GET /images/title_corner_left_top.jpg HTTP/1.1" 304 - "http://renault.activities.at/logout" "Mozilla/5.0 (Windows NT 6.1; WOW64; Trident/7.0; MASBJS; rv:11.0) like Gecko"
93.82.180.122 - - [03/Oct/2018:16:18:22 +0200] "GET /images/title_border.jpg HTTP/1.1" 304 - "http://renault.activities.at/logout" "Mozilla/5.0 (Windows NT 6.1; WOW64; Trident/7.0; MASBJS; rv:11.0) like Gecko"
93.82.180.122 - - [03/Oct/2018:16:18:22 +0200] "GET /images/header_block_border.gif HTTP/1.1" 304 - "http://renault.activities.at/logout" "Mozilla/5.0 (Windows NT 6.1; WOW64; Trident/7.0; MASBJS; rv:11.0) like Gecko"
93.82.180.122 - - [03/Oct/2018:16:18:22 +0200] "GET /images/header_block_corner_left_top.gif HTTP/1.1" 304 - "http://renault.activities.at/logout" "Mozilla/5.0 (Windows NT 6.1; WOW64; Trident/7.0; MASBJS; rv:11.0) like Gecko"
93.82.180.122 - - [03/Oct/2018:16:18:22 +0200] "GET /images/header_block_corner_right_top.gif HTTP/1.1" 304 - "http://renault.activities.at/logout" "Mozilla/5.0 (Windows NT 6.1; WOW64; Trident/7.0; MASBJS; rv:11.0) like Gecko"
91.130.52.141 - - [03/Oct/2018:16:18:21 +0200] "GET /reload?ser=1538576301740 HTTP/1.1" 200 28 "http://renault.activities.at/result?searchterm=true&search=Servicemappen" "Mozilla/5.0 (Windows NT 6.1; Trident/7.0; rv:11.0) like Gecko"
193.194.132.28 - - [03/Oct/2018:16:18:31 +0200] "GET /reload?ser=1538576311204 HTTP/1.1" 200 28 "http://renault.2web.at/success" "Mozilla/5.0 (Windows NT 6.1; WOW64; Trident/7.0; rv:11.0) like Gecko"
213.153.47.173 - - [03/Oct/2018:16:18:53 +0200] "GET /reload?ser=1538576333744 HTTP/1.1" 200 28 "http://renault.activities.at/login?required=true" "Mozilla/5.0 (Windows NT 10.0; Win64; x64; rv:62.0) Gecko/20100101 Firefox/62.0"
91.130.52.141 - - [03/Oct/2018:16:19:22 +0200] "GET /reload?ser=1538576362780 HTTP/1.1" 200 28 "http://renault.activities.at/result?searchterm=true&search=Servicemappen" "Mozilla/5.0 (Windows NT 6.1; Trident/7.0; rv:11.0) like Gecko"
193.194.132.28 - - [03/Oct/2018:16:19:32 +0200] "GET /reload?ser=1538576372292 HTTP/1.1" 200 28 "http://renault.2web.at/success" "Mozilla/5.0 (Windows NT 6.1; WOW64; Trident/7.0; rv:11.0) like Gecko"
213.153.47.173 - - [03/Oct/2018:16:19:54 +0200] "GET /reload?ser=1538576394403 HTTP/1.1" 200 28 "http://renault.activities.at/login?required=true" "Mozilla/5.0 (Windows NT 10.0; Win64; x64; rv:62.0) Gecko/20100101 Firefox/62.0"
91.130.52.141 - - [03/Oct/2018:16:20:23 +0200] "GET /reload?ser=1538576423826 HTTP/1.1" 200 28 "http://renault.activities.at/result?searchterm=true&search=Servicemappen" "Mozilla/5.0 (Windows NT 6.1; Trident/7.0; rv:11.0) like Gecko"
193.194.132.28 - - [03/Oct/2018:16:20:33 +0200] "GET /reload?ser=1538576433375 HTTP/1.1" 200 28 "http://renault.2web.at/success" "Mozilla/5.0 (Windows NT 6.1; WOW64; Trident/7.0; rv:11.0) like Gecko"
213.153.47.173 - - [03/Oct/2018:16:20:55 +0200] "GET /reload?ser=1538576455055 HTTP/1.1" 200 28 "http://renault.activities.at/login?required=true" "Mozilla/5.0 (Windows NT 10.0; Win64; x64; rv:62.0) Gecko/20100101 Firefox/62.0"
78.132.38.43 - - [03/Oct/2018:16:21:14 +0200] "GET /account HTTP/1.1" 302 150 "-" "Mozilla/5.0 (iPhone; CPU iPhone OS 12_0 like Mac OS X) AppleWebKit/605.1.15 (KHTML, like Gecko) Version/12.0 Mobile/15E148 Safari/604.1"
78.132.38.43 - - [03/Oct/2018:16:21:14 +0200] "GET /login?required=true HTTP/1.1" 200 2086 "-" "Mozilla/5.0 (iPhone; CPU iPhone OS 12_0 like Mac OS X) AppleWebKit/605.1.15 (KHTML, like Gecko) Version/12.0 Mobile/15E148 Safari/604.1"
78.132.38.43 - - [03/Oct/2018:16:21:15 +0200] "GET /apple-touch-icon-120x120-precomposed.png HTTP/1.1" 200 1559 "-" "MobileSafari/604.1 CFNetwork/974.2.1 Darwin/18.0.0"
78.132.38.43 - - [03/Oct/2018:16:21:16 +0200] "GET /apple-touch-icon-120x120.png HTTP/1.1" 200 1559 "-" "MobileSafari/604.1 CFNetwork/974.2.1 Darwin/18.0.0"
78.132.38.43 - - [03/Oct/2018:16:21:17 +0200] "GET /apple-touch-icon-precomposed.png HTTP/1.1" 200 1559 "-" "MobileSafari/604.1 CFNetwork/974.2.1 Darwin/18.0.0"
78.132.38.43 - - [03/Oct/2018:16:21:18 +0200] "GET /apple-touch-icon.png HTTP/1.1" 200 1559 "-" "MobileSafari/604.1 CFNetwork/974.2.1 Darwin/18.0.0"
78.132.38.43 - - [03/Oct/2018:16:21:19 +0200] "GET /images/favicon.ico HTTP/1.1" 404 305 "-" "MobileSafari/604.1 CFNetwork/974.2.1 Darwin/18.0.0"
78.132.38.43 - - [03/Oct/2018:16:21:20 +0200] "GET /images/favicon.ico HTTP/1.1" 404 305 "-" "MobileSafari/604.1 CFNetwork/974.2.1 Darwin/18.0.0"
78.132.38.43 - - [03/Oct/2018:16:21:20 +0200] "GET /favicon.ico HTTP/1.1" 200 3250 "-" "MobileSafari/604.1 CFNetwork/974.2.1 Darwin/18.0.0"
78.132.38.43 - - [03/Oct/2018:16:21:20 +0200] "GET /apple-touch-icon-120x120-precomposed.png HTTP/1.1" 200 1559 "-" "MobileSafari/604.1 CFNetwork/974.2.1 Darwin/18.0.0"
78.132.38.43 - - [03/Oct/2018:16:21:21 +0200] "GET /apple-touch-icon-120x120.png HTTP/1.1" 200 1559 "-" "MobileSafari/604.1 CFNetwork/974.2.1 Darwin/18.0.0"
78.132.38.43 - - [03/Oct/2018:16:21:22 +0200] "GET /apple-touch-icon-precomposed.png HTTP/1.1" 200 1559 "-" "MobileSafari/604.1 CFNetwork/974.2.1 Darwin/18.0.0"
78.132.38.43 - - [03/Oct/2018:16:21:23 +0200] "GET /apple-touch-icon.png HTTP/1.1" 200 1559 "-" "MobileSafari/604.1 CFNetwork/974.2.1 Darwin/18.0.0"
78.132.38.43 - - [03/Oct/2018:16:21:24 +0200] "GET /images/favicon.ico HTTP/1.1" 404 305 "-" "MobileSafari/604.1 CFNetwork/974.2.1 Darwin/18.0.0"
78.132.38.43 - - [03/Oct/2018:16:21:24 +0200] "GET /images/favicon.ico HTTP/1.1" 404 305 "-" "MobileSafari/604.1 CFNetwork/974.2.1 Darwin/18.0.0"
78.132.38.43 - - [03/Oct/2018:16:21:24 +0200] "GET /favicon.ico HTTP/1.1" 200 3250 "-" "MobileSafari/604.1 CFNetwork/974.2.1 Darwin/18.0.0"
91.130.52.141 - - [03/Oct/2018:16:21:25 +0200] "GET /reload?ser=1538576484836 HTTP/1.1" 200 28 "http://renault.activities.at/result?searchterm=true&search=Servicemappen" "Mozilla/5.0 (Windows NT 6.1; Trident/7.0; rv:11.0) like Gecko"
193.194.132.28 - - [03/Oct/2018:16:21:34 +0200] "GET /reload?ser=1538576494460 HTTP/1.1" 200 28 "http://renault.2web.at/success" "Mozilla/5.0 (Windows NT 6.1; WOW64; Trident/7.0; rv:11.0) like Gecko"
213.153.47.173 - - [03/Oct/2018:16:21:55 +0200] "GET /reload?ser=1538576515725 HTTP/1.1" 200 28 "http://renault.activities.at/login?required=true" "Mozilla/5.0 (Windows NT 10.0; Win64; x64; rv:62.0) Gecko/20100101 Firefox/62.0"
91.130.52.141 - - [03/Oct/2018:16:22:25 +0200] "GET /reload?ser=1538576545823 HTTP/1.1" 200 28 "http://renault.activities.at/result?searchterm=true&search=Servicemappen" "Mozilla/5.0 (Windows NT 6.1; Trident/7.0; rv:11.0) like Gecko"
193.194.132.28 - - [03/Oct/2018:16:22:35 +0200] "GET /reload?ser=1538576555490 HTTP/1.1" 200 28 "http://renault.2web.at/success" "Mozilla/5.0 (Windows NT 6.1; WOW64; Trident/7.0; rv:11.0) like Gecko"
213.153.47.173 - - [03/Oct/2018:16:22:56 +0200] "GET /reload?ser=1538576576386 HTTP/1.1" 200 28 "http://renault.activities.at/login?required=true" "Mozilla/5.0 (Windows NT 10.0; Win64; x64; rv:62.0) Gecko/20100101 Firefox/62.0"
91.130.52.141 - - [03/Oct/2018:16:23:27 +0200] "GET /reload?ser=1538576606840 HTTP/1.1" 200 28 "http://renault.activities.at/result?searchterm=true&search=Servicemappen" "Mozilla/5.0 (Windows NT 6.1; Trident/7.0; rv:11.0) like Gecko"
193.194.132.28 - - [03/Oct/2018:16:23:36 +0200] "GET /reload?ser=1538576616541 HTTP/1.1" 200 28 "http://renault.2web.at/success" "Mozilla/5.0 (Windows NT 6.1; WOW64; Trident/7.0; rv:11.0) like Gecko"
213.153.47.173 - - [03/Oct/2018:16:23:57 +0200] "GET /reload?ser=1538576637056 HTTP/1.1" 200 28 "http://renault.activities.at/login?required=true" "Mozilla/5.0 (Windows NT 10.0; Win64; x64; rv:62.0) Gecko/20100101 Firefox/62.0"
91.130.52.141 - - [03/Oct/2018:16:24:27 +0200] "GET /reload?ser=1538576667825 HTTP/1.1" 200 28 "http://renault.activities.at/result?searchterm=true&search=Servicemappen" "Mozilla/5.0 (Windows NT 6.1; Trident/7.0; rv:11.0) like Gecko"
193.194.132.28 - - [03/Oct/2018:16:24:37 +0200] "GET /reload?ser=1538576677617 HTTP/1.1" 200 28 "http://renault.2web.at/success" "Mozilla/5.0 (Windows NT 6.1; WOW64; Trident/7.0; rv:11.0) like Gecko"
213.153.47.173 - - [03/Oct/2018:16:24:57 +0200] "GET /reload?ser=1538576697736 HTTP/1.1" 200 28 "http://renault.activities.at/login?required=true" "Mozilla/5.0 (Windows NT 10.0; Win64; x64; rv:62.0) Gecko/20100101 Firefox/62.0"
91.130.52.141 - - [03/Oct/2018:16:25:29 +0200] "GET /reload?ser=1538576728868 HTTP/1.1" 200 28 "http://renault.activities.at/result?searchterm=true&search=Servicemappen" "Mozilla/5.0 (Windows NT 6.1; Trident/7.0; rv:11.0) like Gecko"
193.194.132.28 - - [03/Oct/2018:16:25:38 +0200] "GET /reload?ser=1538576738733 HTTP/1.1" 200 28 "http://renault.2web.at/success" "Mozilla/5.0 (Windows NT 6.1; WOW64; Trident/7.0; rv:11.0) like Gecko"
213.153.47.173 - - [03/Oct/2018:16:25:58 +0200] "GET /reload?ser=1538576758427 HTTP/1.1" 200 28 "http://renault.activities.at/login?required=true" "Mozilla/5.0 (Windows NT 10.0; Win64; x64; rv:62.0) Gecko/20100101 Firefox/62.0"
91.130.52.141 - - [03/Oct/2018:16:26:30 +0200] "GET /reload?ser=1538576790011 HTTP/1.1" 200 28 "http://renault.activities.at/result?searchterm=true&search=Servicemappen" "Mozilla/5.0 (Windows NT 6.1; Trident/7.0; rv:11.0) like Gecko"
193.194.132.28 - - [03/Oct/2018:16:26:39 +0200] "GET /reload?ser=1538576799807 HTTP/1.1" 200 28 "http://renault.2web.at/success" "Mozilla/5.0 (Windows NT 6.1; WOW64; Trident/7.0; rv:11.0) like Gecko"
213.153.47.173 - - [03/Oct/2018:16:26:59 +0200] "GET /reload?ser=1538576819086 HTTP/1.1" 200 28 "http://renault.activities.at/login?required=true" "Mozilla/5.0 (Windows NT 10.0; Win64; x64; rv:62.0) Gecko/20100101 Firefox/62.0"
91.130.52.141 - - [03/Oct/2018:16:27:31 +0200] "GET /reload?ser=1538576851001 HTTP/1.1" 200 28 "http://renault.activities.at/result?searchterm=true&search=Servicemappen" "Mozilla/5.0 (Windows NT 6.1; Trident/7.0; rv:11.0) like Gecko"
193.194.132.28 - - [03/Oct/2018:16:27:41 +0200] "GET /reload?ser=1538576860916 HTTP/1.1" 200 28 "http://renault.2web.at/success" "Mozilla/5.0 (Windows NT 6.1; WOW64; Trident/7.0; rv:11.0) like Gecko"
213.153.47.173 - - [03/Oct/2018:16:27:59 +0200] "GET /reload?ser=1538576879757 HTTP/1.1" 200 28 "http://renault.activities.at/login?required=true" "Mozilla/5.0 (Windows NT 10.0; Win64; x64; rv:62.0) Gecko/20100101 Firefox/62.0"
91.130.52.141 - - [03/Oct/2018:16:28:32 +0200] "GET /reload?ser=1538576912051 HTTP/1.1" 200 28 "http://renault.activities.at/result?searchterm=true&search=Servicemappen" "Mozilla/5.0 (Windows NT 6.1; Trident/7.0; rv:11.0) like Gecko"
193.194.132.28 - - [03/Oct/2018:16:28:42 +0200] "GET /reload?ser=1538576921960 HTTP/1.1" 200 28 "http://renault.2web.at/success" "Mozilla/5.0 (Windows NT 6.1; WOW64; Trident/7.0; rv:11.0) like Gecko"
213.153.47.173 - - [03/Oct/2018:16:29:00 +0200] "GET /reload?ser=1538576940417 HTTP/1.1" 200 28 "http://renault.activities.at/login?required=true" "Mozilla/5.0 (Windows NT 10.0; Win64; x64; rv:62.0) Gecko/20100101 Firefox/62.0"
91.130.52.141 - - [03/Oct/2018:16:29:33 +0200] "GET /reload?ser=1538576973288 HTTP/1.1" 200 28 "http://renault.activities.at/result?searchterm=true&search=Servicemappen" "Mozilla/5.0 (Windows NT 6.1; Trident/7.0; rv:11.0) like Gecko"
193.194.132.28 - - [03/Oct/2018:16:29:43 +0200] "GET /reload?ser=1538576983076 HTTP/1.1" 200 28 "http://renault.2web.at/success" "Mozilla/5.0 (Windows NT 6.1; WOW64; Trident/7.0; rv:11.0) like Gecko"
213.153.47.173 - - [03/Oct/2018:16:30:01 +0200] "GET /reload?ser=1538577001068 HTTP/1.1" 200 28 "http://renault.activities.at/login?required=true" "Mozilla/5.0 (Windows NT 10.0; Win64; x64; rv:62.0) Gecko/20100101 Firefox/62.0"
91.130.52.141 - - [03/Oct/2018:16:30:34 +0200] "GET /reload?ser=1538577034328 HTTP/1.1" 200 28 "http://renault.activities.at/result?searchterm=true&search=Servicemappen" "Mozilla/5.0 (Windows NT 6.1; Trident/7.0; rv:11.0) like Gecko"
66.249.64.141 - - [03/Oct/2018:16:30:38 +0200] "GET /binaries/10019519.pdf HTTP/1.1" 304 - "-" "Mozilla/5.0 (Linux; Android 6.0.1; Nexus 5X Build/MMB29P) AppleWebKit/537.36 (KHTML, like Gecko) Chrome/41.0.2272.96 Mobile Safari/537.36 (compatible; Googlebot/2.1; +http://www.google.com/bot.html)"
193.194.132.28 - - [03/Oct/2018:16:30:44 +0200] "GET /reload?ser=1538577044207 HTTP/1.1" 200 28 "http://renault.2web.at/success" "Mozilla/5.0 (Windows NT 6.1; WOW64; Trident/7.0; rv:11.0) like Gecko"
213.153.47.173 - - [03/Oct/2018:16:31:01 +0200] "GET /reload?ser=1538577061728 HTTP/1.1" 200 28 "http://renault.activities.at/login?required=true" "Mozilla/5.0 (Windows NT 10.0; Win64; x64; rv:62.0) Gecko/20100101 Firefox/62.0"
91.130.52.141 - - [03/Oct/2018:16:31:35 +0200] "GET /reload?ser=1538577095314 HTTP/1.1" 200 28 "http://renault.activities.at/result?searchterm=true&search=Servicemappen" "Mozilla/5.0 (Windows NT 6.1; Trident/7.0; rv:11.0) like Gecko"
193.194.132.28 - - [03/Oct/2018:16:31:45 +0200] "GET /reload?ser=1538577105329 HTTP/1.1" 200 28 "http://renault.2web.at/success" "Mozilla/5.0 (Windows NT 6.1; WOW64; Trident/7.0; rv:11.0) like Gecko"
213.153.47.173 - - [03/Oct/2018:16:32:02 +0200] "GET /reload?ser=1538577122387 HTTP/1.1" 200 28 "http://renault.activities.at/login?required=true" "Mozilla/5.0 (Windows NT 10.0; Win64; x64; rv:62.0) Gecko/20100101 Firefox/62.0"
91.130.52.141 - - [03/Oct/2018:16:32:36 +0200] "GET /reload?ser=1538577156360 HTTP/1.1" 200 28 "http://renault.activities.at/result?searchterm=true&search=Servicemappen" "Mozilla/5.0 (Windows NT 6.1; Trident/7.0; rv:11.0) like Gecko"
193.194.132.28 - - [03/Oct/2018:16:32:46 +0200] "GET /reload?ser=1538577166384 HTTP/1.1" 200 28 "http://renault.2web.at/success" "Mozilla/5.0 (Windows NT 6.1; WOW64; Trident/7.0; rv:11.0) like Gecko"
213.153.47.173 - - [03/Oct/2018:16:33:03 +0200] "GET /reload?ser=1538577183037 HTTP/1.1" 200 28 "http://renault.activities.at/login?required=true" "Mozilla/5.0 (Windows NT 10.0; Win64; x64; rv:62.0) Gecko/20100101 Firefox/62.0"
91.130.52.141 - - [03/Oct/2018:16:33:37 +0200] "GET /reload?ser=1538577217352 HTTP/1.1" 200 28 "http://renault.activities.at/result?searchterm=true&search=Servicemappen" "Mozilla/5.0 (Windows NT 6.1; Trident/7.0; rv:11.0) like Gecko"
193.194.132.28 - - [03/Oct/2018:16:33:47 +0200] "GET /reload?ser=1538577227497 HTTP/1.1" 200 28 "http://renault.2web.at/success" "Mozilla/5.0 (Windows NT 6.1; WOW64; Trident/7.0; rv:11.0) like Gecko"
213.153.47.173 - - [03/Oct/2018:16:34:03 +0200] "GET /reload?ser=1538577243708 HTTP/1.1" 200 28 "http://renault.activities.at/login?required=true" "Mozilla/5.0 (Windows NT 10.0; Win64; x64; rv:62.0) Gecko/20100101 Firefox/62.0"
91.130.52.141 - - [03/Oct/2018:16:34:38 +0200] "GET /reload?ser=1538577278342 HTTP/1.1" 200 28 "http://renault.activities.at/result?searchterm=true&search=Servicemappen" "Mozilla/5.0 (Windows NT 6.1; Trident/7.0; rv:11.0) like Gecko"
193.194.132.28 - - [03/Oct/2018:16:34:48 +0200] "GET /reload?ser=1538577288619 HTTP/1.1" 200 28 "http://renault.2web.at/success" "Mozilla/5.0 (Windows NT 6.1; WOW64; Trident/7.0; rv:11.0) like Gecko"
213.153.47.173 - - [03/Oct/2018:16:35:04 +0200] "GET /reload?ser=1538577304368 HTTP/1.1" 200 28 "http://renault.activities.at/login?required=true" "Mozilla/5.0 (Windows NT 10.0; Win64; x64; rv:62.0) Gecko/20100101 Firefox/62.0"
91.130.52.141 - - [03/Oct/2018:16:35:39 +0200] "GET /reload?ser=1538577339330 HTTP/1.1" 200 28 "http://renault.activities.at/result?searchterm=true&search=Servicemappen" "Mozilla/5.0 (Windows NT 6.1; Trident/7.0; rv:11.0) like Gecko"
193.194.132.28 - - [03/Oct/2018:16:35:49 +0200] "GET /reload?ser=1538577349709 HTTP/1.1" 200 28 "http://renault.2web.at/success" "Mozilla/5.0 (Windows NT 6.1; WOW64; Trident/7.0; rv:11.0) like Gecko"
213.153.47.173 - - [03/Oct/2018:16:36:05 +0200] "GET /reload?ser=1538577365028 HTTP/1.1" 200 28 "http://renault.activities.at/login?required=true" "Mozilla/5.0 (Windows NT 10.0; Win64; x64; rv:62.0) Gecko/20100101 Firefox/62.0"
91.130.52.141 - - [03/Oct/2018:16:36:40 +0200] "GET /reload?ser=1538577400373 HTTP/1.1" 200 28 "http://renault.activities.at/result?searchterm=true&search=Servicemappen" "Mozilla/5.0 (Windows NT 6.1; Trident/7.0; rv:11.0) like Gecko"
193.194.132.28 - - [03/Oct/2018:16:36:50 +0200] "GET /reload?ser=1538577410772 HTTP/1.1" 200 28 "http://renault.2web.at/success" "Mozilla/5.0 (Windows NT 6.1; WOW64; Trident/7.0; rv:11.0) like Gecko"
213.153.47.173 - - [03/Oct/2018:16:37:05 +0200] "GET /reload?ser=1538577425698 HTTP/1.1" 200 28 "http://renault.activities.at/login?required=true" "Mozilla/5.0 (Windows NT 10.0; Win64; x64; rv:62.0) Gecko/20100101 Firefox/62.0"
91.130.52.141 - - [03/Oct/2018:16:37:41 +0200] "GET /reload?ser=1538577461365 HTTP/1.1" 200 28 "http://renault.activities.at/result?searchterm=true&search=Servicemappen" "Mozilla/5.0 (Windows NT 6.1; Trident/7.0; rv:11.0) like Gecko"
193.194.132.28 - - [03/Oct/2018:16:37:51 +0200] "GET /reload?ser=1538577471834 HTTP/1.1" 200 28 "http://renault.2web.at/success" "Mozilla/5.0 (Windows NT 6.1; WOW64; Trident/7.0; rv:11.0) like Gecko"
213.153.47.173 - - [03/Oct/2018:16:38:06 +0200] "GET /reload?ser=1538577486368 HTTP/1.1" 200 28 "http://renault.activities.at/login?required=true" "Mozilla/5.0 (Windows NT 10.0; Win64; x64; rv:62.0) Gecko/20100101 Firefox/62.0"
91.130.52.141 - - [03/Oct/2018:16:38:42 +0200] "GET /reload?ser=1538577522377 HTTP/1.1" 200 28 "http://renault.activities.at/result?searchterm=true&search=Servicemappen" "Mozilla/5.0 (Windows NT 6.1; Trident/7.0; rv:11.0) like Gecko"
193.194.132.28 - - [03/Oct/2018:16:38:52 +0200] "GET /reload?ser=1538577532894 HTTP/1.1" 200 28 "http://renault.2web.at/success" "Mozilla/5.0 (Windows NT 6.1; WOW64; Trident/7.0; rv:11.0) like Gecko"
213.153.47.173 - - [03/Oct/2018:16:39:07 +0200] "GET /reload?ser=1538577547028 HTTP/1.1" 200 28 "http://renault.activities.at/login?required=true" "Mozilla/5.0 (Windows NT 10.0; Win64; x64; rv:62.0) Gecko/20100101 Firefox/62.0"
91.130.52.141 - - [03/Oct/2018:16:39:43 +0200] "GET /reload?ser=1538577583424 HTTP/1.1" 200 28 "http://renault.activities.at/result?searchterm=true&search=Servicemappen" "Mozilla/5.0 (Windows NT 6.1; Trident/7.0; rv:11.0) like Gecko"
193.194.132.28 - - [03/Oct/2018:16:39:54 +0200] "GET /reload?ser=1538577593959 HTTP/1.1" 200 28 "http://renault.2web.at/success" "Mozilla/5.0 (Windows NT 6.1; WOW64; Trident/7.0; rv:11.0) like Gecko"
213.153.47.173 - - [03/Oct/2018:16:40:07 +0200] "GET /reload?ser=1538577607698 HTTP/1.1" 200 28 "http://renault.activities.at/login?required=true" "Mozilla/5.0 (Windows NT 10.0; Win64; x64; rv:62.0) Gecko/20100101 Firefox/62.0"
91.130.52.141 - - [03/Oct/2018:16:40:44 +0200] "GET /reload?ser=1538577644417 HTTP/1.1" 200 28 "http://renault.activities.at/result?searchterm=true&search=Servicemappen" "Mozilla/5.0 (Windows NT 6.1; Trident/7.0; rv:11.0) like Gecko"
66.249.64.139 - - [03/Oct/2018:16:40:46 +0200] "GET /robots.txt HTTP/1.1" 404 300 "-" "Mozilla/5.0 (compatible; Googlebot/2.1; +http://www.google.com/bot.html)"
66.249.64.139 - - [03/Oct/2018:16:40:46 +0200] "GET /forgotpassword HTTP/1.1" 200 2187 "-" "Mozilla/5.0 (Linux; Android 6.0.1; Nexus 5X Build/MMB29P) AppleWebKit/537.36 (KHTML, like Gecko) Chrome/41.0.2272.96 Mobile Safari/537.36 (compatible; Googlebot/2.1; +http://www.google.com/bot.html)"
193.194.132.28 - - [03/Oct/2018:16:40:55 +0200] "GET /reload?ser=1538577655138 HTTP/1.1" 200 28 "http://renault.2web.at/success" "Mozilla/5.0 (Windows NT 6.1; WOW64; Trident/7.0; rv:11.0) like Gecko"
213.153.47.173 - - [03/Oct/2018:16:41:08 +0200] "GET /reload?ser=1538577668358 HTTP/1.1" 200 28 "http://renault.activities.at/login?required=true" "Mozilla/5.0 (Windows NT 10.0; Win64; x64; rv:62.0) Gecko/20100101 Firefox/62.0"
91.130.52.141 - - [03/Oct/2018:16:41:45 +0200] "GET /reload?ser=1538577705437 HTTP/1.1" 200 28 "http://renault.activities.at/result?searchterm=true&search=Servicemappen" "Mozilla/5.0 (Windows NT 6.1; Trident/7.0; rv:11.0) like Gecko"
193.194.132.28 - - [03/Oct/2018:16:41:56 +0200] "GET /reload?ser=1538577716262 HTTP/1.1" 200 28 "http://renault.2web.at/success" "Mozilla/5.0 (Windows NT 6.1; WOW64; Trident/7.0; rv:11.0) like Gecko"
213.153.47.173 - - [03/Oct/2018:16:42:09 +0200] "GET /reload?ser=1538577729020 HTTP/1.1" 200 28 "http://renault.activities.at/login?required=true" "Mozilla/5.0 (Windows NT 10.0; Win64; x64; rv:62.0) Gecko/20100101 Firefox/62.0"
91.130.52.141 - - [03/Oct/2018:16:42:46 +0200] "GET /reload?ser=1538577766480 HTTP/1.1" 200 28 "http://renault.activities.at/result?searchterm=true&search=Servicemappen" "Mozilla/5.0 (Windows NT 6.1; Trident/7.0; rv:11.0) like Gecko"
193.194.132.28 - - [03/Oct/2018:16:42:57 +0200] "GET /reload?ser=1538577777303 HTTP/1.1" 200 28 "http://renault.2web.at/success" "Mozilla/5.0 (Windows NT 6.1; WOW64; Trident/7.0; rv:11.0) like Gecko"
91.130.52.141 - - [03/Oct/2018:16:43:47 +0200] "GET /reload?ser=1538577827468 HTTP/1.1" 200 28 "http://renault.activities.at/result?searchterm=true&search=Servicemappen" "Mozilla/5.0 (Windows NT 6.1; Trident/7.0; rv:11.0) like Gecko"
193.194.132.28 - - [03/Oct/2018:16:43:58 +0200] "GET /reload?ser=1538577838355 HTTP/1.1" 200 28 "http://renault.2web.at/success" "Mozilla/5.0 (Windows NT 6.1; WOW64; Trident/7.0; rv:11.0) like Gecko"
91.130.52.141 - - [03/Oct/2018:16:44:48 +0200] "GET /reload?ser=1538577888512 HTTP/1.1" 200 28 "http://renault.activities.at/result?searchterm=true&search=Servicemappen" "Mozilla/5.0 (Windows NT 6.1; Trident/7.0; rv:11.0) like Gecko"
193.194.132.28 - - [03/Oct/2018:16:44:59 +0200] "GET /reload?ser=1538577899421 HTTP/1.1" 200 28 "http://renault.2web.at/success" "Mozilla/5.0 (Windows NT 6.1; WOW64; Trident/7.0; rv:11.0) like Gecko"
91.130.52.141 - - [03/Oct/2018:16:45:49 +0200] "GET /reload?ser=1538577949579 HTTP/1.1" 200 28 "http://renault.activities.at/result?searchterm=true&search=Servicemappen" "Mozilla/5.0 (Windows NT 6.1; Trident/7.0; rv:11.0) like Gecko"
193.194.132.28 - - [03/Oct/2018:16:46:00 +0200] "GET /reload?ser=1538577960554 HTTP/1.1" 200 28 "http://renault.2web.at/success" "Mozilla/5.0 (Windows NT 6.1; WOW64; Trident/7.0; rv:11.0) like Gecko"
91.130.52.141 - - [03/Oct/2018:16:46:50 +0200] "GET /reload?ser=1538578010612 HTTP/1.1" 200 28 "http://renault.activities.at/result?searchterm=true&search=Servicemappen" "Mozilla/5.0 (Windows NT 6.1; Trident/7.0; rv:11.0) like Gecko"
193.194.132.28 - - [03/Oct/2018:16:47:01 +0200] "GET /reload?ser=1538578021622 HTTP/1.1" 200 28 "http://renault.2web.at/success" "Mozilla/5.0 (Windows NT 6.1; WOW64; Trident/7.0; rv:11.0) like Gecko"
91.130.52.141 - - [03/Oct/2018:16:47:51 +0200] "GET /reload?ser=1538578071637 HTTP/1.1" 200 28 "http://renault.activities.at/result?searchterm=true&search=Servicemappen" "Mozilla/5.0 (Windows NT 6.1; Trident/7.0; rv:11.0) like Gecko"
193.194.132.28 - - [03/Oct/2018:16:48:02 +0200] "GET /reload?ser=1538578082693 HTTP/1.1" 200 28 "http://renault.2web.at/success" "Mozilla/5.0 (Windows NT 6.1; WOW64; Trident/7.0; rv:11.0) like Gecko"
91.130.52.141 - - [03/Oct/2018:16:48:52 +0200] "GET /reload?ser=1538578132665 HTTP/1.1" 200 28 "http://renault.activities.at/result?searchterm=true&search=Servicemappen" "Mozilla/5.0 (Windows NT 6.1; Trident/7.0; rv:11.0) like Gecko"
193.194.132.28 - - [03/Oct/2018:16:49:03 +0200] "GET /reload?ser=1538578143792 HTTP/1.1" 200 28 "http://renault.2web.at/success" "Mozilla/5.0 (Windows NT 6.1; WOW64; Trident/7.0; rv:11.0) like Gecko"
91.130.52.141 - - [03/Oct/2018:16:49:53 +0200] "GET /reload?ser=1538578193659 HTTP/1.1" 200 28 "http://renault.activities.at/result?searchterm=true&search=Servicemappen" "Mozilla/5.0 (Windows NT 6.1; Trident/7.0; rv:11.0) like Gecko"
193.194.132.28 - - [03/Oct/2018:16:50:04 +0200] "GET /reload?ser=1538578204816 HTTP/1.1" 200 28 "http://renault.2web.at/success" "Mozilla/5.0 (Windows NT 6.1; WOW64; Trident/7.0; rv:11.0) like Gecko"
91.130.52.141 - - [03/Oct/2018:16:50:54 +0200] "GET /reload?ser=1538578254667 HTTP/1.1" 200 28 "http://renault.activities.at/result?searchterm=true&search=Servicemappen" "Mozilla/5.0 (Windows NT 6.1; Trident/7.0; rv:11.0) like Gecko"
193.194.132.28 - - [03/Oct/2018:16:51:05 +0200] "GET /reload?ser=1538578265869 HTTP/1.1" 200 28 "http://renault.2web.at/success" "Mozilla/5.0 (Windows NT 6.1; WOW64; Trident/7.0; rv:11.0) like Gecko"
91.130.52.141 - - [03/Oct/2018:16:51:55 +0200] "GET /reload?ser=1538578315719 HTTP/1.1" 200 28 "http://renault.activities.at/result?searchterm=true&search=Servicemappen" "Mozilla/5.0 (Windows NT 6.1; Trident/7.0; rv:11.0) like Gecko"
193.194.132.28 - - [03/Oct/2018:16:52:06 +0200] "GET /reload?ser=1538578326895 HTTP/1.1" 200 28 "http://renault.2web.at/success" "Mozilla/5.0 (Windows NT 6.1; WOW64; Trident/7.0; rv:11.0) like Gecko"
91.130.52.141 - - [03/Oct/2018:16:52:56 +0200] "GET /reload?ser=1538578376714 HTTP/1.1" 200 28 "http://renault.activities.at/result?searchterm=true&search=Servicemappen" "Mozilla/5.0 (Windows NT 6.1; Trident/7.0; rv:11.0) like Gecko"
193.194.132.28 - - [03/Oct/2018:16:53:08 +0200] "GET /reload?ser=1538578387982 HTTP/1.1" 200 28 "http://renault.2web.at/success" "Mozilla/5.0 (Windows NT 6.1; WOW64; Trident/7.0; rv:11.0) like Gecko"
91.130.52.141 - - [03/Oct/2018:16:53:57 +0200] "GET /reload?ser=1538578437762 HTTP/1.1" 200 28 "http://renault.activities.at/result?searchterm=true&search=Servicemappen" "Mozilla/5.0 (Windows NT 6.1; Trident/7.0; rv:11.0) like Gecko"
193.194.132.28 - - [03/Oct/2018:16:54:09 +0200] "GET /reload?ser=1538578449060 HTTP/1.1" 200 28 "http://renault.2web.at/success" "Mozilla/5.0 (Windows NT 6.1; WOW64; Trident/7.0; rv:11.0) like Gecko"
91.130.52.141 - - [03/Oct/2018:16:54:59 +0200] "GET /reload?ser=1538578498842 HTTP/1.1" 200 28 "http://renault.activities.at/result?searchterm=true&search=Servicemappen" "Mozilla/5.0 (Windows NT 6.1; Trident/7.0; rv:11.0) like Gecko"
193.194.132.28 - - [03/Oct/2018:16:55:10 +0200] "GET /reload?ser=1538578510103 HTTP/1.1" 200 28 "http://renault.2web.at/success" "Mozilla/5.0 (Windows NT 6.1; WOW64; Trident/7.0; rv:11.0) like Gecko"
91.130.52.141 - - [03/Oct/2018:16:56:00 +0200] "GET /reload?ser=1538578559907 HTTP/1.1" 200 28 "http://renault.activities.at/result?searchterm=true&search=Servicemappen" "Mozilla/5.0 (Windows NT 6.1; Trident/7.0; rv:11.0) like Gecko"
193.194.132.28 - - [03/Oct/2018:16:56:11 +0200] "GET /reload?ser=1538578571184 HTTP/1.1" 200 28 "http://renault.2web.at/success" "Mozilla/5.0 (Windows NT 6.1; WOW64; Trident/7.0; rv:11.0) like Gecko"
91.130.52.141 - - [03/Oct/2018:16:57:01 +0200] "GET /reload?ser=1538578620978 HTTP/1.1" 200 28 "http://renault.activities.at/result?searchterm=true&search=Servicemappen" "Mozilla/5.0 (Windows NT 6.1; Trident/7.0; rv:11.0) like Gecko"
91.130.52.141 - - [03/Oct/2018:16:58:02 +0200] "GET /reload?ser=1538578681991 HTTP/1.1" 200 28 "http://renault.activities.at/result?searchterm=true&search=Servicemappen" "Mozilla/5.0 (Windows NT 6.1; Trident/7.0; rv:11.0) like Gecko"
91.130.52.141 - - [03/Oct/2018:16:59:03 +0200] "GET /reload?ser=1538578743065 HTTP/1.1" 200 28 "http://renault.activities.at/result?searchterm=true&search=Servicemappen" "Mozilla/5.0 (Windows NT 6.1; Trident/7.0; rv:11.0) like Gecko"
91.130.52.141 - - [03/Oct/2018:17:00:04 +0200] "GET /reload?ser=1538578804118 HTTP/1.1" 200 28 "http://renault.activities.at/result?searchterm=true&search=Servicemappen" "Mozilla/5.0 (Windows NT 6.1; Trident/7.0; rv:11.0) like Gecko"
91.130.52.141 - - [03/Oct/2018:17:01:05 +0200] "GET /reload?ser=1538578865178 HTTP/1.1" 200 28 "http://renault.activities.at/result?searchterm=true&search=Servicemappen" "Mozilla/5.0 (Windows NT 6.1; Trident/7.0; rv:11.0) like Gecko"
91.130.52.141 - - [03/Oct/2018:17:02:06 +0200] "GET /reload?ser=1538578926227 HTTP/1.1" 200 28 "http://renault.activities.at/result?searchterm=true&search=Servicemappen" "Mozilla/5.0 (Windows NT 6.1; Trident/7.0; rv:11.0) like Gecko"
91.130.52.141 - - [03/Oct/2018:17:03:07 +0200] "GET /reload?ser=1538578987255 HTTP/1.1" 200 28 "http://renault.activities.at/result?searchterm=true&search=Servicemappen" "Mozilla/5.0 (Windows NT 6.1; Trident/7.0; rv:11.0) like Gecko"
93.82.180.122 - - [03/Oct/2018:17:36:27 +0200] "GET / HTTP/1.1" 200 3683 "-" "Mozilla/5.0 (Windows NT 6.1; WOW64; Trident/7.0; MASBJS; rv:11.0) like Gecko"
93.82.180.122 - - [03/Oct/2018:17:36:28 +0200] "GET /js/default.js HTTP/1.1" 304 - "http://renault.activities.at/" "Mozilla/5.0 (Windows NT 6.1; WOW64; Trident/7.0; MASBJS; rv:11.0) like Gecko"
93.82.180.122 - - [03/Oct/2018:17:36:28 +0200] "GET /js/flashdetection.js HTTP/1.1" 304 - "http://renault.activities.at/" "Mozilla/5.0 (Windows NT 6.1; WOW64; Trident/7.0; MASBJS; rv:11.0) like Gecko"
93.82.180.122 - - [03/Oct/2018:17:36:28 +0200] "GET /css/reset.css HTTP/1.1" 304 - "http://renault.activities.at/" "Mozilla/5.0 (Windows NT 6.1; WOW64; Trident/7.0; MASBJS; rv:11.0) like Gecko"
93.82.180.122 - - [03/Oct/2018:17:36:28 +0200] "GET /css/styles.css HTTP/1.1" 304 - "http://renault.activities.at/" "Mozilla/5.0 (Windows NT 6.1; WOW64; Trident/7.0; MASBJS; rv:11.0) like Gecko"
93.82.180.122 - - [03/Oct/2018:17:36:28 +0200] "GET /css/clears.css HTTP/1.1" 304 - "http://renault.activities.at/" "Mozilla/5.0 (Windows NT 6.1; WOW64; Trident/7.0; MASBJS; rv:11.0) like Gecko"
93.82.180.122 - - [03/Oct/2018:17:36:28 +0200] "GET /css/prototip.css HTTP/1.1" 304 - "http://renault.activities.at/" "Mozilla/5.0 (Windows NT 6.1; WOW64; Trident/7.0; MASBJS; rv:11.0) like Gecko"
93.82.180.122 - - [03/Oct/2018:17:36:28 +0200] "GET /css/print.css HTTP/1.1" 304 - "http://renault.activities.at/" "Mozilla/5.0 (Windows NT 6.1; WOW64; Trident/7.0; MASBJS; rv:11.0) like Gecko"
93.82.180.122 - - [03/Oct/2018:17:36:28 +0200] "GET /js/checkout.css HTTP/1.1" 304 - "http://renault.activities.at/" "Mozilla/5.0 (Windows NT 6.1; WOW64; Trident/7.0; MASBJS; rv:11.0) like Gecko"
93.82.180.122 - - [03/Oct/2018:17:36:28 +0200] "GET /css/themes/default.css HTTP/1.1" 304 - "http://renault.activities.at/" "Mozilla/5.0 (Windows NT 6.1; WOW64; Trident/7.0; MASBJS; rv:11.0) like Gecko"
93.82.180.122 - - [03/Oct/2018:17:36:28 +0200] "GET /css/themes/alphacube.css HTTP/1.1" 304 - "http://renault.activities.at/" "Mozilla/5.0 (Windows NT 6.1; WOW64; Trident/7.0; MASBJS; rv:11.0) like Gecko"
93.82.180.122 - - [03/Oct/2018:17:36:29 +0200] "GET /images/main_block_border.gif HTTP/1.1" 304 - "http://renault.activities.at/" "Mozilla/5.0 (Windows NT 6.1; WOW64; Trident/7.0; MASBJS; rv:11.0) like Gecko"
93.82.180.122 - - [03/Oct/2018:17:36:29 +0200] "GET /images/main_block_corner_left_bot.gif HTTP/1.1" 304 - "http://renault.activities.at/" "Mozilla/5.0 (Windows NT 6.1; WOW64; Trident/7.0; MASBJS; rv:11.0) like Gecko"
93.82.180.122 - - [03/Oct/2018:17:36:29 +0200] "GET /images/title_corner_right_top.jpg HTTP/1.1" 304 - "http://renault.activities.at/" "Mozilla/5.0 (Windows NT 6.1; WOW64; Trident/7.0; MASBJS; rv:11.0) like Gecko"
93.82.180.122 - - [03/Oct/2018:17:36:29 +0200] "GET /images/main_block_corner_right_bot.gif HTTP/1.1" 304 - "http://renault.activities.at/" "Mozilla/5.0 (Windows NT 6.1; WOW64; Trident/7.0; MASBJS; rv:11.0) like Gecko"
93.82.180.122 - - [03/Oct/2018:17:36:29 +0200] "GET /images/main_block_corner_right_top.gif HTTP/1.1" 304 - "http://renault.activities.at/" "Mozilla/5.0 (Windows NT 6.1; WOW64; Trident/7.0; MASBJS; rv:11.0) like Gecko"
93.82.180.122 - - [03/Oct/2018:17:36:29 +0200] "GET /images/main_block_corner_left_top.gif HTTP/1.1" 304 - "http://renault.activities.at/" "Mozilla/5.0 (Windows NT 6.1; WOW64; Trident/7.0; MASBJS; rv:11.0) like Gecko"
93.82.180.122 - - [03/Oct/2018:17:36:29 +0200] "GET /images/title_border_top.jpg HTTP/1.1" 304 - "http://renault.activities.at/" "Mozilla/5.0 (Windows NT 6.1; WOW64; Trident/7.0; MASBJS; rv:11.0) like Gecko"
93.82.180.122 - - [03/Oct/2018:17:36:29 +0200] "GET /images/title_border.jpg HTTP/1.1" 304 - "http://renault.activities.at/" "Mozilla/5.0 (Windows NT 6.1; WOW64; Trident/7.0; MASBJS; rv:11.0) like Gecko"
93.82.180.122 - - [03/Oct/2018:17:36:29 +0200] "GET /images/header_block_corner_right_top.gif HTTP/1.1" 304 - "http://renault.activities.at/" "Mozilla/5.0 (Windows NT 6.1; WOW64; Trident/7.0; MASBJS; rv:11.0) like Gecko"
93.82.180.122 - - [03/Oct/2018:17:36:29 +0200] "GET /images/header_block_corner_left_top.gif HTTP/1.1" 304 - "http://renault.activities.at/" "Mozilla/5.0 (Windows NT 6.1; WOW64; Trident/7.0; MASBJS; rv:11.0) like Gecko"
93.82.180.122 - - [03/Oct/2018:17:36:29 +0200] "GET /images/title_corner_left_top.jpg HTTP/1.1" 304 - "http://renault.activities.at/" "Mozilla/5.0 (Windows NT 6.1; WOW64; Trident/7.0; MASBJS; rv:11.0) like Gecko"
93.82.180.122 - - [03/Oct/2018:17:36:29 +0200] "GET /images/header_block_border.gif HTTP/1.1" 304 - "http://renault.activities.at/" "Mozilla/5.0 (Windows NT 6.1; WOW64; Trident/7.0; MASBJS; rv:11.0) like Gecko"
93.82.180.122 - - [03/Oct/2018:17:36:30 +0200] "GET /login HTTP/1.1" 200 2086 "http://renault.activities.at/" "Mozilla/5.0 (Windows NT 6.1; WOW64; Trident/7.0; MASBJS; rv:11.0) like Gecko"
93.82.180.122 - - [03/Oct/2018:17:36:31 +0200] "GET /js/default.js HTTP/1.1" 304 - "http://renault.activities.at/login" "Mozilla/5.0 (Windows NT 6.1; WOW64; Trident/7.0; MASBJS; rv:11.0) like Gecko"
93.82.180.122 - - [03/Oct/2018:17:36:31 +0200] "GET /css/reset.css HTTP/1.1" 304 - "http://renault.activities.at/login" "Mozilla/5.0 (Windows NT 6.1; WOW64; Trident/7.0; MASBJS; rv:11.0) like Gecko"
93.82.180.122 - - [03/Oct/2018:17:36:31 +0200] "GET /css/styles.css HTTP/1.1" 304 - "http://renault.activities.at/login" "Mozilla/5.0 (Windows NT 6.1; WOW64; Trident/7.0; MASBJS; rv:11.0) like Gecko"
93.82.180.122 - - [03/Oct/2018:17:36:31 +0200] "GET /css/clears.css HTTP/1.1" 304 - "http://renault.activities.at/login" "Mozilla/5.0 (Windows NT 6.1; WOW64; Trident/7.0; MASBJS; rv:11.0) like Gecko"
93.82.180.122 - - [03/Oct/2018:17:36:31 +0200] "GET /css/print.css HTTP/1.1" 304 - "http://renault.activities.at/login" "Mozilla/5.0 (Windows NT 6.1; WOW64; Trident/7.0; MASBJS; rv:11.0) like Gecko"
93.82.180.122 - - [03/Oct/2018:17:36:31 +0200] "GET /js/checkout.css HTTP/1.1" 304 - "http://renault.activities.at/login" "Mozilla/5.0 (Windows NT 6.1; WOW64; Trident/7.0; MASBJS; rv:11.0) like Gecko"
93.82.180.122 - - [03/Oct/2018:17:36:31 +0200] "GET /css/themes/default.css HTTP/1.1" 304 - "http://renault.activities.at/login" "Mozilla/5.0 (Windows NT 6.1; WOW64; Trident/7.0; MASBJS; rv:11.0) like Gecko"
93.82.180.122 - - [03/Oct/2018:17:36:31 +0200] "GET /css/themes/alphacube.css HTTP/1.1" 304 - "http://renault.activities.at/login" "Mozilla/5.0 (Windows NT 6.1; WOW64; Trident/7.0; MASBJS; rv:11.0) like Gecko"
93.82.180.122 - - [03/Oct/2018:17:36:31 +0200] "GET /css/prototip.css HTTP/1.1" 304 - "http://renault.activities.at/login" "Mozilla/5.0 (Windows NT 6.1; WOW64; Trident/7.0; MASBJS; rv:11.0) like Gecko"
93.82.180.122 - - [03/Oct/2018:17:36:31 +0200] "GET /images/main_block_corner_right_bot.gif HTTP/1.1" 304 - "http://renault.activities.at/login" "Mozilla/5.0 (Windows NT 6.1; WOW64; Trident/7.0; MASBJS; rv:11.0) like Gecko"
93.82.180.122 - - [03/Oct/2018:17:36:31 +0200] "GET /images/header_block_border.gif HTTP/1.1" 304 - "http://renault.activities.at/login" "Mozilla/5.0 (Windows NT 6.1; WOW64; Trident/7.0; MASBJS; rv:11.0) like Gecko"
93.82.180.122 - - [03/Oct/2018:17:36:31 +0200] "GET /images/main_block_corner_left_bot.gif HTTP/1.1" 304 - "http://renault.activities.at/login" "Mozilla/5.0 (Windows NT 6.1; WOW64; Trident/7.0; MASBJS; rv:11.0) like Gecko"
93.82.180.122 - - [03/Oct/2018:17:36:32 +0200] "GET /images/main_block_corner_left_top.gif HTTP/1.1" 304 - "http://renault.activities.at/login" "Mozilla/5.0 (Windows NT 6.1; WOW64; Trident/7.0; MASBJS; rv:11.0) like Gecko"
93.82.180.122 - - [03/Oct/2018:17:36:32 +0200] "GET /images/title_border.jpg HTTP/1.1" 304 - "http://renault.activities.at/login" "Mozilla/5.0 (Windows NT 6.1; WOW64; Trident/7.0; MASBJS; rv:11.0) like Gecko"
93.82.180.122 - - [03/Oct/2018:17:36:32 +0200] "GET /images/main_block_corner_right_top.gif HTTP/1.1" 304 - "http://renault.activities.at/login" "Mozilla/5.0 (Windows NT 6.1; WOW64; Trident/7.0; MASBJS; rv:11.0) like Gecko"
93.82.180.122 - - [03/Oct/2018:17:36:32 +0200] "GET /images/header_block_corner_left_top.gif HTTP/1.1" 304 - "http://renault.activities.at/login" "Mozilla/5.0 (Windows NT 6.1; WOW64; Trident/7.0; MASBJS; rv:11.0) like Gecko"
93.82.180.122 - - [03/Oct/2018:17:36:32 +0200] "GET /images/title_corner_right_top.jpg HTTP/1.1" 304 - "http://renault.activities.at/login" "Mozilla/5.0 (Windows NT 6.1; WOW64; Trident/7.0; MASBJS; rv:11.0) like Gecko"
93.82.180.122 - - [03/Oct/2018:17:36:32 +0200] "GET /images/header_block_corner_right_top.gif HTTP/1.1" 304 - "http://renault.activities.at/login" "Mozilla/5.0 (Windows NT 6.1; WOW64; Trident/7.0; MASBJS; rv:11.0) like Gecko"
93.82.180.122 - - [03/Oct/2018:17:36:32 +0200] "GET /images/button_right_bg.gif HTTP/1.1" 304 - "http://renault.activities.at/login" "Mozilla/5.0 (Windows NT 6.1; WOW64; Trident/7.0; MASBJS; rv:11.0) like Gecko"
93.82.180.122 - - [03/Oct/2018:17:36:32 +0200] "GET /images/title_border_top.jpg HTTP/1.1" 304 - "http://renault.activities.at/login" "Mozilla/5.0 (Windows NT 6.1; WOW64; Trident/7.0; MASBJS; rv:11.0) like Gecko"
93.82.180.122 - - [03/Oct/2018:17:36:32 +0200] "GET /images/title_corner_left_top.jpg HTTP/1.1" 304 - "http://renault.activities.at/login" "Mozilla/5.0 (Windows NT 6.1; WOW64; Trident/7.0; MASBJS; rv:11.0) like Gecko"
93.82.180.122 - - [03/Oct/2018:17:36:32 +0200] "GET /images/button_left_bg.gif HTTP/1.1" 304 - "http://renault.activities.at/login" "Mozilla/5.0 (Windows NT 6.1; WOW64; Trident/7.0; MASBJS; rv:11.0) like Gecko"
93.82.180.122 - - [03/Oct/2018:17:36:32 +0200] "GET /images/button_bg.gif HTTP/1.1" 304 - "http://renault.activities.at/login" "Mozilla/5.0 (Windows NT 6.1; WOW64; Trident/7.0; MASBJS; rv:11.0) like Gecko"
93.82.180.122 - - [03/Oct/2018:17:36:32 +0200] "GET /images/main_block_border.gif HTTP/1.1" 304 - "http://renault.activities.at/login" "Mozilla/5.0 (Windows NT 6.1; WOW64; Trident/7.0; MASBJS; rv:11.0) like Gecko"
93.82.180.122 - - [03/Oct/2018:17:36:38 +0200] "POST /login HTTP/1.1" 302 140 "http://renault.activities.at/login" "Mozilla/5.0 (Windows NT 6.1; WOW64; Trident/7.0; MASBJS; rv:11.0) like Gecko"
93.82.180.122 - - [03/Oct/2018:17:36:39 +0200] "GET /account HTTP/1.1" 200 5934 "http://renault.activities.at/login" "Mozilla/5.0 (Windows NT 6.1; WOW64; Trident/7.0; MASBJS; rv:11.0) like Gecko"
93.82.180.122 - - [03/Oct/2018:17:36:42 +0200] "GET /js/default.js HTTP/1.1" 304 - "http://renault.activities.at/account" "Mozilla/5.0 (Windows NT 6.1; WOW64; Trident/7.0; MASBJS; rv:11.0) like Gecko"
93.82.180.122 - - [03/Oct/2018:17:36:42 +0200] "GET /css/reset.css HTTP/1.1" 304 - "http://renault.activities.at/account" "Mozilla/5.0 (Windows NT 6.1; WOW64; Trident/7.0; MASBJS; rv:11.0) like Gecko"
93.82.180.122 - - [03/Oct/2018:17:36:42 +0200] "GET /css/styles.css HTTP/1.1" 304 - "http://renault.activities.at/account" "Mozilla/5.0 (Windows NT 6.1; WOW64; Trident/7.0; MASBJS; rv:11.0) like Gecko"
93.82.180.122 - - [03/Oct/2018:17:36:42 +0200] "GET /css/clears.css HTTP/1.1" 304 - "http://renault.activities.at/account" "Mozilla/5.0 (Windows NT 6.1; WOW64; Trident/7.0; MASBJS; rv:11.0) like Gecko"
93.82.180.122 - - [03/Oct/2018:17:36:43 +0200] "GET /js/checkout.css HTTP/1.1" 304 - "http://renault.activities.at/account" "Mozilla/5.0 (Windows NT 6.1; WOW64; Trident/7.0; MASBJS; rv:11.0) like Gecko"
93.82.180.122 - - [03/Oct/2018:17:36:43 +0200] "GET /css/themes/default.css HTTP/1.1" 304 - "http://renault.activities.at/account" "Mozilla/5.0 (Windows NT 6.1; WOW64; Trident/7.0; MASBJS; rv:11.0) like Gecko"
93.82.180.122 - - [03/Oct/2018:17:36:43 +0200] "GET /css/print.css HTTP/1.1" 304 - "http://renault.activities.at/account" "Mozilla/5.0 (Windows NT 6.1; WOW64; Trident/7.0; MASBJS; rv:11.0) like Gecko"
93.82.180.122 - - [03/Oct/2018:17:36:43 +0200] "GET /css/prototip.css HTTP/1.1" 304 - "http://renault.activities.at/account" "Mozilla/5.0 (Windows NT 6.1; WOW64; Trident/7.0; MASBJS; rv:11.0) like Gecko"
93.82.180.122 - - [03/Oct/2018:17:36:43 +0200] "GET /css/themes/alphacube.css HTTP/1.1" 304 - "http://renault.activities.at/account" "Mozilla/5.0 (Windows NT 6.1; WOW64; Trident/7.0; MASBJS; rv:11.0) like Gecko"
93.82.180.122 - - [03/Oct/2018:17:36:43 +0200] "GET /js/account.js HTTP/1.1" 304 - "http://renault.activities.at/account" "Mozilla/5.0 (Windows NT 6.1; WOW64; Trident/7.0; MASBJS; rv:11.0) like Gecko"
93.82.180.122 - - [03/Oct/2018:17:36:43 +0200] "GET /loadthumbnail.php?id=11543815&width=50&height=50 HTTP/1.1" 200 905 "http://renault.activities.at/account" "Mozilla/5.0 (Windows NT 6.1; WOW64; Trident/7.0; MASBJS; rv:11.0) like Gecko"
93.82.180.122 - - [03/Oct/2018:17:36:43 +0200] "GET /images/main_block_border.gif HTTP/1.1" 304 - "http://renault.activities.at/account" "Mozilla/5.0 (Windows NT 6.1; WOW64; Trident/7.0; MASBJS; rv:11.0) like Gecko"
93.82.180.122 - - [03/Oct/2018:17:36:43 +0200] "GET /images/main_block_corner_left_top.gif HTTP/1.1" 304 - "http://renault.activities.at/account" "Mozilla/5.0 (Windows NT 6.1; WOW64; Trident/7.0; MASBJS; rv:11.0) like Gecko"
93.82.180.122 - - [03/Oct/2018:17:36:43 +0200] "GET /images/main_block_corner_left_bot.gif HTTP/1.1" 304 - "http://renault.activities.at/account" "Mozilla/5.0 (Windows NT 6.1; WOW64; Trident/7.0; MASBJS; rv:11.0) like Gecko"
93.82.180.122 - - [03/Oct/2018:17:36:43 +0200] "GET /images/main_block_corner_right_top.gif HTTP/1.1" 304 - "http://renault.activities.at/account" "Mozilla/5.0 (Windows NT 6.1; WOW64; Trident/7.0; MASBJS; rv:11.0) like Gecko"
93.82.180.122 - - [03/Oct/2018:17:36:43 +0200] "GET /images/header_block_corner_left_top.gif HTTP/1.1" 304 - "http://renault.activities.at/account" "Mozilla/5.0 (Windows NT 6.1; WOW64; Trident/7.0; MASBJS; rv:11.0) like Gecko"
93.82.180.122 - - [03/Oct/2018:17:36:43 +0200] "GET /images/header_block_corner_right_top.gif HTTP/1.1" 304 - "http://renault.activities.at/account" "Mozilla/5.0 (Windows NT 6.1; WOW64; Trident/7.0; MASBJS; rv:11.0) like Gecko"
93.82.180.122 - - [03/Oct/2018:17:36:43 +0200] "GET /images/search_bg.gif HTTP/1.1" 304 - "http://renault.activities.at/account" "Mozilla/5.0 (Windows NT 6.1; WOW64; Trident/7.0; MASBJS; rv:11.0) like Gecko"
93.82.180.122 - - [03/Oct/2018:17:36:43 +0200] "GET /images/header_block_border.gif HTTP/1.1" 304 - "http://renault.activities.at/account" "Mozilla/5.0 (Windows NT 6.1; WOW64; Trident/7.0; MASBJS; rv:11.0) like Gecko"
93.82.180.122 - - [03/Oct/2018:17:36:43 +0200] "GET /images/main_block_corner_right_bot.gif HTTP/1.1" 304 - "http://renault.activities.at/account" "Mozilla/5.0 (Windows NT 6.1; WOW64; Trident/7.0; MASBJS; rv:11.0) like Gecko"
93.82.180.122 - - [03/Oct/2018:17:36:43 +0200] "GET /images/button_left_bg.gif HTTP/1.1" 304 - "http://renault.activities.at/account" "Mozilla/5.0 (Windows NT 6.1; WOW64; Trident/7.0; MASBJS; rv:11.0) like Gecko"
93.82.180.122 - - [03/Oct/2018:17:36:43 +0200] "GET /images/menu_divider.gif HTTP/1.1" 304 - "http://renault.activities.at/account" "Mozilla/5.0 (Windows NT 6.1; WOW64; Trident/7.0; MASBJS; rv:11.0) like Gecko"
93.82.180.122 - - [03/Oct/2018:17:36:43 +0200] "GET /images/nav_divider.gif HTTP/1.1" 304 - "http://renault.activities.at/account" "Mozilla/5.0 (Windows NT 6.1; WOW64; Trident/7.0; MASBJS; rv:11.0) like Gecko"
93.82.180.122 - - [03/Oct/2018:17:36:43 +0200] "GET /images/menu_button_bg.jpg HTTP/1.1" 304 - "http://renault.activities.at/account" "Mozilla/5.0 (Windows NT 6.1; WOW64; Trident/7.0; MASBJS; rv:11.0) like Gecko"
93.82.180.122 - - [03/Oct/2018:17:36:43 +0200] "GET /images/sidebar_title_border.gif HTTP/1.1" 304 - "http://renault.activities.at/account" "Mozilla/5.0 (Windows NT 6.1; WOW64; Trident/7.0; MASBJS; rv:11.0) like Gecko"
93.82.180.122 - - [03/Oct/2018:17:36:43 +0200] "GET /images/sidebar_title_corner_left_top.gif HTTP/1.1" 304 - "http://renault.activities.at/account" "Mozilla/5.0 (Windows NT 6.1; WOW64; Trident/7.0; MASBJS; rv:11.0) like Gecko"
93.82.180.122 - - [03/Oct/2018:17:36:43 +0200] "GET /images/sidebar_title_corner_right_top.gif HTTP/1.1" 304 - "http://renault.activities.at/account" "Mozilla/5.0 (Windows NT 6.1; WOW64; Trident/7.0; MASBJS; rv:11.0) like Gecko"
93.82.180.122 - - [03/Oct/2018:17:36:43 +0200] "GET /images/sidebar_title_border_top.gif HTTP/1.1" 304 - "http://renault.activities.at/account" "Mozilla/5.0 (Windows NT 6.1; WOW64; Trident/7.0; MASBJS; rv:11.0) like Gecko"
93.82.180.122 - - [03/Oct/2018:17:36:43 +0200] "GET /images/button_right_bg.gif HTTP/1.1" 304 - "http://renault.activities.at/account" "Mozilla/5.0 (Windows NT 6.1; WOW64; Trident/7.0; MASBJS; rv:11.0) like Gecko"
93.82.180.122 - - [03/Oct/2018:17:36:43 +0200] "GET /images/button_bg.gif HTTP/1.1" 304 - "http://renault.activities.at/account" "Mozilla/5.0 (Windows NT 6.1; WOW64; Trident/7.0; MASBJS; rv:11.0) like Gecko"
93.82.180.122 - - [03/Oct/2018:17:36:43 +0200] "GET /images/top_links_divider.gif HTTP/1.1" 304 - "http://renault.activities.at/account" "Mozilla/5.0 (Windows NT 6.1; WOW64; Trident/7.0; MASBJS; rv:11.0) like Gecko"
93.82.180.122 - - [03/Oct/2018:17:36:43 +0200] "GET /images/title_border.jpg HTTP/1.1" 304 - "http://renault.activities.at/account" "Mozilla/5.0 (Windows NT 6.1; WOW64; Trident/7.0; MASBJS; rv:11.0) like Gecko"
93.82.180.122 - - [03/Oct/2018:17:36:43 +0200] "GET /images/title_border_top.jpg HTTP/1.1" 304 - "http://renault.activities.at/account" "Mozilla/5.0 (Windows NT 6.1; WOW64; Trident/7.0; MASBJS; rv:11.0) like Gecko"
93.82.180.122 - - [03/Oct/2018:17:36:43 +0200] "GET /images/title_corner_right_top.jpg HTTP/1.1" 304 - "http://renault.activities.at/account" "Mozilla/5.0 (Windows NT 6.1; WOW64; Trident/7.0; MASBJS; rv:11.0) like Gecko"
93.82.180.122 - - [03/Oct/2018:17:36:43 +0200] "GET /images/footer_divider.gif HTTP/1.1" 304 - "http://renault.activities.at/account" "Mozilla/5.0 (Windows NT 6.1; WOW64; Trident/7.0; MASBJS; rv:11.0) like Gecko"
93.82.180.122 - - [03/Oct/2018:17:36:43 +0200] "GET /images/title_corner_left_top.jpg HTTP/1.1" 304 - "http://renault.activities.at/account" "Mozilla/5.0 (Windows NT 6.1; WOW64; Trident/7.0; MASBJS; rv:11.0) like Gecko"
93.82.180.122 - - [03/Oct/2018:17:36:46 +0200] "POST /axjaxrequest?mode=suggest HTTP/1.1" 200 153 "http://renault.activities.at/account" "Mozilla/5.0 (Windows NT 6.1; WOW64; Trident/7.0; MASBJS; rv:11.0) like Gecko"
93.82.180.122 - - [03/Oct/2018:17:36:49 +0200] "GET /result?searchterm=true&search=COC-H%FClle HTTP/1.1" 200 5805 "http://renault.activities.at/account" "Mozilla/5.0 (Windows NT 6.1; WOW64; Trident/7.0; MASBJS; rv:11.0) like Gecko"
93.82.180.122 - - [03/Oct/2018:17:36:51 +0200] "GET /js/prototip.js HTTP/1.1" 304 - "http://renault.activities.at/result?searchterm=true&search=COC-H%FClle" "Mozilla/5.0 (Windows NT 6.1; WOW64; Trident/7.0; MASBJS; rv:11.0) like Gecko"
93.82.180.122 - - [03/Oct/2018:17:36:51 +0200] "GET /css/styles.css HTTP/1.1" 304 - "http://renault.activities.at/result?searchterm=true&search=COC-H%FClle" "Mozilla/5.0 (Windows NT 6.1; WOW64; Trident/7.0; MASBJS; rv:11.0) like Gecko"
