193.194.132.28 - - [03/Oct/2018:09:38:30 +0200] "GET /reload?ser=1538552310744 HTTP/1.1" 200 28 "http://renault.2web.at/result?searchterm=true&search=Z.E." "Mozilla/5.0 (Windows NT 6.1; WOW64; Trident/7.0; rv:11.0) like Gecko"
193.194.132.25 - - [03/Oct/2018:09:38:53 +0200] "GET /reload?ser=1538552332940 HTTP/1.1" 200 28 "http://renault.2web.at/result?dir=DESC&mode=grid&order=name&limit=15&page=2&search=megane" "Mozilla/5.0 (Windows NT 6.1; WOW64; Trident/7.0; rv:11.0) like Gecko"
213.153.47.173 - - [03/Oct/2018:09:39:31 +0200] "GET /reload?ser=1538552371094 HTTP/1.1" 200 28 "http://renault.activities.at/login?required=true" "Mozilla/5.0 (Windows NT 10.0; Win64; x64; rv:62.0) Gecko/20100101 Firefox/62.0"
193.194.132.28 - - [03/Oct/2018:09:39:31 +0200] "GET /reload?ser=1538552371857 HTTP/1.1" 200 28 "http://renault.2web.at/result?searchterm=true&search=Z.E." "Mozilla/5.0 (Windows NT 6.1; WOW64; Trident/7.0; rv:11.0) like Gecko"
193.194.132.25 - - [03/Oct/2018:09:39:54 +0200] "GET /reload?ser=1538552394023 HTTP/1.1" 200 28 "http://renault.2web.at/result?dir=DESC&mode=grid&order=name&limit=15&page=2&search=megane" "Mozilla/5.0 (Windows NT 6.1; WOW64; Trident/7.0; rv:11.0) like Gecko"
212.152.246.130 - - [03/Oct/2018:09:39:56 +0200] "GET /login HTTP/1.1" 200 2086 "-" "Mozilla/5.0 (Windows NT 6.1; Win64; x64) AppleWebKit/537.36 (KHTML, like Gecko) Chrome/68.0.3440.106 Safari/537.36 OPR/55.0.2994.61"
212.152.246.130 - - [03/Oct/2018:09:39:56 +0200] "GET /images/favicon.ico HTTP/1.1" 404 305 "-" "Mozilla/5.0 (Windows NT 6.1; Win64; x64) AppleWebKit/537.36 (KHTML, like Gecko) Chrome/68.0.3440.106 Safari/537.36 OPR/55.0.2994.61"
213.153.47.173 - - [03/Oct/2018:09:40:31 +0200] "GET /reload?ser=1538552431743 HTTP/1.1" 200 28 "http://renault.activities.at/login?required=true" "Mozilla/5.0 (Windows NT 10.0; Win64; x64; rv:62.0) Gecko/20100101 Firefox/62.0"
193.194.132.28 - - [03/Oct/2018:09:40:33 +0200] "GET /reload?ser=1538552432983 HTTP/1.1" 200 28 "http://renault.2web.at/result?searchterm=true&search=Z.E." "Mozilla/5.0 (Windows NT 6.1; WOW64; Trident/7.0; rv:11.0) like Gecko"
193.194.132.25 - - [03/Oct/2018:09:40:55 +0200] "GET /reload?ser=1538552455130 HTTP/1.1" 200 28 "http://renault.2web.at/result?dir=DESC&mode=grid&order=name&limit=15&page=2&search=megane" "Mozilla/5.0 (Windows NT 6.1; WOW64; Trident/7.0; rv:11.0) like Gecko"
213.153.47.173 - - [03/Oct/2018:09:41:32 +0200] "GET /reload?ser=1538552492414 HTTP/1.1" 200 28 "http://renault.activities.at/login?required=true" "Mozilla/5.0 (Windows NT 10.0; Win64; x64; rv:62.0) Gecko/20100101 Firefox/62.0"
193.194.132.28 - - [03/Oct/2018:09:41:34 +0200] "GET /reload?ser=1538552494043 HTTP/1.1" 200 28 "http://renault.2web.at/result?searchterm=true&search=Z.E." "Mozilla/5.0 (Windows NT 6.1; WOW64; Trident/7.0; rv:11.0) like Gecko"
193.194.132.25 - - [03/Oct/2018:09:41:56 +0200] "GET /reload?ser=1538552516178 HTTP/1.1" 200 28 "http://renault.2web.at/result?dir=DESC&mode=grid&order=name&limit=15&page=2&search=megane" "Mozilla/5.0 (Windows NT 6.1; WOW64; Trident/7.0; rv:11.0) like Gecko"
213.153.47.173 - - [03/Oct/2018:09:42:33 +0200] "GET /reload?ser=1538552553069 HTTP/1.1" 200 28 "http://renault.activities.at/login?required=true" "Mozilla/5.0 (Windows NT 10.0; Win64; x64; rv:62.0) Gecko/20100101 Firefox/62.0"
193.194.132.28 - - [03/Oct/2018:09:42:35 +0200] "GET /reload?ser=1538552555179 HTTP/1.1" 200 28 "http://renault.2web.at/result?searchterm=true&search=Z.E." "Mozilla/5.0 (Windows NT 6.1; WOW64; Trident/7.0; rv:11.0) like Gecko"
193.194.132.25 - - [03/Oct/2018:09:42:57 +0200] "GET /reload?ser=1538552577204 HTTP/1.1" 200 28 "http://renault.2web.at/result?dir=DESC&mode=grid&order=name&limit=15&page=2&search=megane" "Mozilla/5.0 (Windows NT 6.1; WOW64; Trident/7.0; rv:11.0) like Gecko"
213.153.47.173 - - [03/Oct/2018:09:43:33 +0200] "GET /reload?ser=1538552613733 HTTP/1.1" 200 28 "http://renault.activities.at/login?required=true" "Mozilla/5.0 (Windows NT 10.0; Win64; x64; rv:62.0) Gecko/20100101 Firefox/62.0"
193.194.132.28 - - [03/Oct/2018:09:43:36 +0200] "GET /reload?ser=1538552616288 HTTP/1.1" 200 28 "http://renault.2web.at/result?searchterm=true&search=Z.E." "Mozilla/5.0 (Windows NT 6.1; WOW64; Trident/7.0; rv:11.0) like Gecko"
193.194.132.28 - - [03/Oct/2018:09:43:47 +0200] "GET /result?searchterm=true&search=dokker HTTP/1.1" 200 9019 "http://renault.2web.at/result?searchterm=true&search=Z.E." "Mozilla/5.0 (Windows NT 6.1; WOW64; Trident/7.0; rv:11.0) like Gecko"
193.194.132.28 - - [03/Oct/2018:09:43:50 +0200] "GET /js/prototip.js HTTP/1.1" 304 - "http://renault.2web.at/result?searchterm=true&search=dokker" "Mozilla/5.0 (Windows NT 6.1; WOW64; Trident/7.0; rv:11.0) like Gecko"
193.194.132.28 - - [03/Oct/2018:09:43:50 +0200] "GET /css/print.css HTTP/1.1" 304 - "http://renault.2web.at/result?searchterm=true&search=dokker" "Mozilla/5.0 (Windows NT 6.1; WOW64; Trident/7.0; rv:11.0) like Gecko"
193.194.132.28 - - [03/Oct/2018:09:43:50 +0200] "GET /css/clears.css HTTP/1.1" 304 - "http://renault.2web.at/result?searchterm=true&search=dokker" "Mozilla/5.0 (Windows NT 6.1; WOW64; Trident/7.0; rv:11.0) like Gecko"
193.194.132.28 - - [03/Oct/2018:09:43:50 +0200] "GET /css/reset.css HTTP/1.1" 304 - "http://renault.2web.at/result?searchterm=true&search=dokker" "Mozilla/5.0 (Windows NT 6.1; WOW64; Trident/7.0; rv:11.0) like Gecko"
193.194.132.28 - - [03/Oct/2018:09:43:50 +0200] "GET /js/checkout.css HTTP/1.1" 304 - "http://renault.2web.at/result?searchterm=true&search=dokker" "Mozilla/5.0 (Windows NT 6.1; WOW64; Trident/7.0; rv:11.0) like Gecko"
193.194.132.28 - - [03/Oct/2018:09:43:50 +0200] "GET /css/prototip.css HTTP/1.1" 304 - "http://renault.2web.at/result?searchterm=true&search=dokker" "Mozilla/5.0 (Windows NT 6.1; WOW64; Trident/7.0; rv:11.0) like Gecko"
193.194.132.28 - - [03/Oct/2018:09:43:50 +0200] "GET /css/themes/alphacube.css HTTP/1.1" 304 - "http://renault.2web.at/result?searchterm=true&search=dokker" "Mozilla/5.0 (Windows NT 6.1; WOW64; Trident/7.0; rv:11.0) like Gecko"
193.194.132.28 - - [03/Oct/2018:09:43:50 +0200] "GET /css/themes/default.css HTTP/1.1" 304 - "http://renault.2web.at/result?searchterm=true&search=dokker" "Mozilla/5.0 (Windows NT 6.1; WOW64; Trident/7.0; rv:11.0) like Gecko"
193.194.132.28 - - [03/Oct/2018:09:43:50 +0200] "GET /images/loading.gif HTTP/1.1" 304 - "http://renault.2web.at/result?searchterm=true&search=dokker" "Mozilla/5.0 (Windows NT 6.1; WOW64; Trident/7.0; rv:11.0) like Gecko"
193.194.132.28 - - [03/Oct/2018:09:43:50 +0200] "GET /js/ProduktGrp.js HTTP/1.1" 304 - "http://renault.2web.at/result?searchterm=true&search=dokker" "Mozilla/5.0 (Windows NT 6.1; WOW64; Trident/7.0; rv:11.0) like Gecko"
193.194.132.28 - - [03/Oct/2018:09:43:50 +0200] "GET /images/header_block_corner_left_top.gif HTTP/1.1" 304 - "http://renault.2web.at/result?searchterm=true&search=dokker" "Mozilla/5.0 (Windows NT 6.1; WOW64; Trident/7.0; rv:11.0) like Gecko"
193.194.132.28 - - [03/Oct/2018:09:43:50 +0200] "GET /images/main_block_corner_right_top.gif HTTP/1.1" 304 - "http://renault.2web.at/result?searchterm=true&search=dokker" "Mozilla/5.0 (Windows NT 6.1; WOW64; Trident/7.0; rv:11.0) like Gecko"
193.194.132.28 - - [03/Oct/2018:09:43:50 +0200] "GET /images/search_bg.gif HTTP/1.1" 304 - "http://renault.2web.at/result?searchterm=true&search=dokker" "Mozilla/5.0 (Windows NT 6.1; WOW64; Trident/7.0; rv:11.0) like Gecko"
193.194.132.28 - - [03/Oct/2018:09:43:50 +0200] "GET /images/header_block_corner_right_top.gif HTTP/1.1" 304 - "http://renault.2web.at/result?searchterm=true&search=dokker" "Mozilla/5.0 (Windows NT 6.1; WOW64; Trident/7.0; rv:11.0) like Gecko"
193.194.132.28 - - [03/Oct/2018:09:43:50 +0200] "GET /loadthumbnail.php?id=11679155&width=113 HTTP/1.1" 200 34091 "http://renault.2web.at/result?searchterm=true&search=dokker" "Mozilla/5.0 (Windows NT 6.1; WOW64; Trident/7.0; rv:11.0) like Gecko"
193.194.132.28 - - [03/Oct/2018:09:43:50 +0200] "GET /loadthumbnail.php?id=11878139&width=113 HTTP/1.1" 200 19930 "http://renault.2web.at/result?searchterm=true&search=dokker" "Mozilla/5.0 (Windows NT 6.1; WOW64; Trident/7.0; rv:11.0) like Gecko"
193.194.132.28 - - [03/Oct/2018:09:43:50 +0200] "GET /images/main_block_corner_right_bot.gif HTTP/1.1" 304 - "http://renault.2web.at/result?searchterm=true&search=dokker" "Mozilla/5.0 (Windows NT 6.1; WOW64; Trident/7.0; rv:11.0) like Gecko"
193.194.132.28 - - [03/Oct/2018:09:43:50 +0200] "GET /images/main_block_border.gif HTTP/1.1" 304 - "http://renault.2web.at/result?searchterm=true&search=dokker" "Mozilla/5.0 (Windows NT 6.1; WOW64; Trident/7.0; rv:11.0) like Gecko"
193.194.132.28 - - [03/Oct/2018:09:43:50 +0200] "GET /images/main_block_corner_left_top.gif HTTP/1.1" 304 - "http://renault.2web.at/result?searchterm=true&search=dokker" "Mozilla/5.0 (Windows NT 6.1; WOW64; Trident/7.0; rv:11.0) like Gecko"
193.194.132.28 - - [03/Oct/2018:09:43:50 +0200] "GET /images/main_block_corner_left_bot.gif HTTP/1.1" 304 - "http://renault.2web.at/result?searchterm=true&search=dokker" "Mozilla/5.0 (Windows NT 6.1; WOW64; Trident/7.0; rv:11.0) like Gecko"
193.194.132.28 - - [03/Oct/2018:09:43:50 +0200] "GET /loadthumbnail.php?id=11825626&width=113 HTTP/1.1" 200 2138 "http://renault.2web.at/result?searchterm=true&search=dokker" "Mozilla/5.0 (Windows NT 6.1; WOW64; Trident/7.0; rv:11.0) like Gecko"
193.194.132.28 - - [03/Oct/2018:09:43:50 +0200] "GET /loadthumbnail.php?id=11524431&width=113 HTTP/1.1" 200 2743 "http://renault.2web.at/result?searchterm=true&search=dokker" "Mozilla/5.0 (Windows NT 6.1; WOW64; Trident/7.0; rv:11.0) like Gecko"
193.194.132.28 - - [03/Oct/2018:09:43:50 +0200] "GET /loadthumbnail.php?id=11784464&width=113 HTTP/1.1" 200 2802 "http://renault.2web.at/result?searchterm=true&search=dokker" "Mozilla/5.0 (Windows NT 6.1; WOW64; Trident/7.0; rv:11.0) like Gecko"
193.194.132.28 - - [03/Oct/2018:09:43:50 +0200] "GET /images/header_block_border.gif HTTP/1.1" 304 - "http://renault.2web.at/result?searchterm=true&search=dokker" "Mozilla/5.0 (Windows NT 6.1; WOW64; Trident/7.0; rv:11.0) like Gecko"
193.194.132.28 - - [03/Oct/2018:09:43:50 +0200] "GET /images/pager_bg.gif HTTP/1.1" 304 - "http://renault.2web.at/result?searchterm=true&search=dokker" "Mozilla/5.0 (Windows NT 6.1; WOW64; Trident/7.0; rv:11.0) like Gecko"
193.194.132.28 - - [03/Oct/2018:09:43:50 +0200] "GET /loadthumbnail.php?id=11825625&width=113 HTTP/1.1" 200 2138 "http://renault.2web.at/result?searchterm=true&search=dokker" "Mozilla/5.0 (Windows NT 6.1; WOW64; Trident/7.0; rv:11.0) like Gecko"
193.194.132.28 - - [03/Oct/2018:09:43:50 +0200] "GET /loadthumbnail.php?id=11847427&width=113 HTTP/1.1" 200 2698 "http://renault.2web.at/result?searchterm=true&search=dokker" "Mozilla/5.0 (Windows NT 6.1; WOW64; Trident/7.0; rv:11.0) like Gecko"
193.194.132.28 - - [03/Oct/2018:09:43:50 +0200] "GET /images/top_links_divider.gif HTTP/1.1" 304 - "http://renault.2web.at/result?searchterm=true&search=dokker" "Mozilla/5.0 (Windows NT 6.1; WOW64; Trident/7.0; rv:11.0) like Gecko"
193.194.132.28 - - [03/Oct/2018:09:43:50 +0200] "GET /images/footer_divider.gif HTTP/1.1" 304 - "http://renault.2web.at/result?searchterm=true&search=dokker" "Mozilla/5.0 (Windows NT 6.1; WOW64; Trident/7.0; rv:11.0) like Gecko"
193.194.132.28 - - [03/Oct/2018:09:43:50 +0200] "GET /images/vista-dn.gif HTTP/1.1" 304 - "http://renault.2web.at/result?searchterm=true&search=dokker" "Mozilla/5.0 (Windows NT 6.1; WOW64; Trident/7.0; rv:11.0) like Gecko"
193.194.132.28 - - [03/Oct/2018:09:43:50 +0200] "GET /images/validation_advice_bg.gif HTTP/1.1" 304 - "http://renault.2web.at/result?searchterm=true&search=dokker" "Mozilla/5.0 (Windows NT 6.1; WOW64; Trident/7.0; rv:11.0) like Gecko"
193.194.132.28 - - [03/Oct/2018:09:43:50 +0200] "GET /images/button_right_bg.gif HTTP/1.1" 304 - "http://renault.2web.at/result?searchterm=true&search=dokker" "Mozilla/5.0 (Windows NT 6.1; WOW64; Trident/7.0; rv:11.0) like Gecko"
193.194.132.28 - - [03/Oct/2018:09:43:50 +0200] "GET /loadthumbnail.php?id=10260890&width=113 HTTP/1.1" 200 1170 "http://renault.2web.at/result?searchterm=true&search=dokker" "Mozilla/5.0 (Windows NT 6.1; WOW64; Trident/7.0; rv:11.0) like Gecko"
193.194.132.28 - - [03/Oct/2018:09:43:50 +0200] "GET /images/button_left_bg.gif HTTP/1.1" 304 - "http://renault.2web.at/result?searchterm=true&search=dokker" "Mozilla/5.0 (Windows NT 6.1; WOW64; Trident/7.0; rv:11.0) like Gecko"
193.194.132.28 - - [03/Oct/2018:09:43:50 +0200] "GET /images/menu_divider.gif HTTP/1.1" 304 - "http://renault.2web.at/result?searchterm=true&search=dokker" "Mozilla/5.0 (Windows NT 6.1; WOW64; Trident/7.0; rv:11.0) like Gecko"
193.194.132.28 - - [03/Oct/2018:09:43:50 +0200] "GET /images/sidebar_title_border_top.gif HTTP/1.1" 304 - "http://renault.2web.at/result?searchterm=true&search=dokker" "Mozilla/5.0 (Windows NT 6.1; WOW64; Trident/7.0; rv:11.0) like Gecko"
193.194.132.28 - - [03/Oct/2018:09:43:50 +0200] "GET /images/nav_divider.gif HTTP/1.1" 304 - "http://renault.2web.at/result?searchterm=true&search=dokker" "Mozilla/5.0 (Windows NT 6.1; WOW64; Trident/7.0; rv:11.0) like Gecko"
193.194.132.28 - - [03/Oct/2018:09:43:50 +0200] "GET /images/menu_button_bg.jpg HTTP/1.1" 304 - "http://renault.2web.at/result?searchterm=true&search=dokker" "Mozilla/5.0 (Windows NT 6.1; WOW64; Trident/7.0; rv:11.0) like Gecko"
193.194.132.28 - - [03/Oct/2018:09:43:50 +0200] "GET /images/sidebar_title_corner_left_top.gif HTTP/1.1" 304 - "http://renault.2web.at/result?searchterm=true&search=dokker" "Mozilla/5.0 (Windows NT 6.1; WOW64; Trident/7.0; rv:11.0) like Gecko"
193.194.132.28 - - [03/Oct/2018:09:43:50 +0200] "GET /images/sidebar_title_corner_right_top.gif HTTP/1.1" 304 - "http://renault.2web.at/result?searchterm=true&search=dokker" "Mozilla/5.0 (Windows NT 6.1; WOW64; Trident/7.0; rv:11.0) like Gecko"
193.194.132.28 - - [03/Oct/2018:09:43:50 +0200] "GET /images/title_corner_right_top.jpg HTTP/1.1" 304 - "http://renault.2web.at/result?searchterm=true&search=dokker" "Mozilla/5.0 (Windows NT 6.1; WOW64; Trident/7.0; rv:11.0) like Gecko"
193.194.132.28 - - [03/Oct/2018:09:43:50 +0200] "GET /images/title_border_top.jpg HTTP/1.1" 304 - "http://renault.2web.at/result?searchterm=true&search=dokker" "Mozilla/5.0 (Windows NT 6.1; WOW64; Trident/7.0; rv:11.0) like Gecko"
193.194.132.28 - - [03/Oct/2018:09:43:50 +0200] "GET /images/title_border.jpg HTTP/1.1" 304 - "http://renault.2web.at/result?searchterm=true&search=dokker" "Mozilla/5.0 (Windows NT 6.1; WOW64; Trident/7.0; rv:11.0) like Gecko"
193.194.132.28 - - [03/Oct/2018:09:43:50 +0200] "GET /images/sidebar_title_border.gif HTTP/1.1" 304 - "http://renault.2web.at/result?searchterm=true&search=dokker" "Mozilla/5.0 (Windows NT 6.1; WOW64; Trident/7.0; rv:11.0) like Gecko"
193.194.132.28 - - [03/Oct/2018:09:43:50 +0200] "GET /images/title_corner_left_top.jpg HTTP/1.1" 304 - "http://renault.2web.at/result?searchterm=true&search=dokker" "Mozilla/5.0 (Windows NT 6.1; WOW64; Trident/7.0; rv:11.0) like Gecko"
193.194.132.28 - - [03/Oct/2018:09:43:50 +0200] "GET /images/button_bg.gif HTTP/1.1" 304 - "http://renault.2web.at/result?searchterm=true&search=dokker" "Mozilla/5.0 (Windows NT 6.1; WOW64; Trident/7.0; rv:11.0) like Gecko"
193.194.132.28 - - [03/Oct/2018:09:43:51 +0200] "GET /images/vista-up.gif HTTP/1.1" 304 - "http://renault.2web.at/result?searchterm=true&search=dokker" "Mozilla/5.0 (Windows NT 6.1; WOW64; Trident/7.0; rv:11.0) like Gecko"
193.194.132.28 - - [03/Oct/2018:09:43:48 +0200] "POST /axjaxrequest?mode=suggest HTTP/1.1" 200 111 "http://renault.2web.at/result?searchterm=true&search=Z.E." "Mozilla/5.0 (Windows NT 6.1; WOW64; Trident/7.0; rv:11.0) like Gecko"
193.194.132.25 - - [03/Oct/2018:09:43:58 +0200] "GET /reload?ser=1538552638292 HTTP/1.1" 200 28 "http://renault.2web.at/result?dir=DESC&mode=grid&order=name&limit=15&page=2&search=megane" "Mozilla/5.0 (Windows NT 6.1; WOW64; Trident/7.0; rv:11.0) like Gecko"
193.194.132.28 - - [03/Oct/2018:09:44:01 +0200] "GET /images/vista-up-hover.gif HTTP/1.1" 304 - "http://renault.2web.at/result?searchterm=true&search=dokker" "Mozilla/5.0 (Windows NT 6.1; WOW64; Trident/7.0; rv:11.0) like Gecko"
193.194.132.28 - - [03/Oct/2018:09:44:06 +0200] "POST /result?searchterm=true&search=dokker HTTP/1.1" 200 9220 "http://renault.2web.at/result?searchterm=true&search=dokker" "Mozilla/5.0 (Windows NT 6.1; WOW64; Trident/7.0; rv:11.0) like Gecko"
193.194.132.28 - - [03/Oct/2018:09:44:10 +0200] "GET /css/clears.css HTTP/1.1" 304 - "http://renault.2web.at/result?searchterm=true&search=dokker" "Mozilla/5.0 (Windows NT 6.1; WOW64; Trident/7.0; rv:11.0) like Gecko"
193.194.132.28 - - [03/Oct/2018:09:44:10 +0200] "GET /css/reset.css HTTP/1.1" 304 - "http://renault.2web.at/result?searchterm=true&search=dokker" "Mozilla/5.0 (Windows NT 6.1; WOW64; Trident/7.0; rv:11.0) like Gecko"
193.194.132.28 - - [03/Oct/2018:09:44:10 +0200] "GET /css/print.css HTTP/1.1" 304 - "http://renault.2web.at/result?searchterm=true&search=dokker" "Mozilla/5.0 (Windows NT 6.1; WOW64; Trident/7.0; rv:11.0) like Gecko"
193.194.132.28 - - [03/Oct/2018:09:44:10 +0200] "GET /js/checkout.css HTTP/1.1" 304 - "http://renault.2web.at/result?searchterm=true&search=dokker" "Mozilla/5.0 (Windows NT 6.1; WOW64; Trident/7.0; rv:11.0) like Gecko"
193.194.132.28 - - [03/Oct/2018:09:44:10 +0200] "GET /js/prototip.js HTTP/1.1" 304 - "http://renault.2web.at/result?searchterm=true&search=dokker" "Mozilla/5.0 (Windows NT 6.1; WOW64; Trident/7.0; rv:11.0) like Gecko"
193.194.132.28 - - [03/Oct/2018:09:44:10 +0200] "GET /css/themes/alphacube.css HTTP/1.1" 304 - "http://renault.2web.at/result?searchterm=true&search=dokker" "Mozilla/5.0 (Windows NT 6.1; WOW64; Trident/7.0; rv:11.0) like Gecko"
193.194.132.28 - - [03/Oct/2018:09:44:10 +0200] "GET /css/themes/default.css HTTP/1.1" 304 - "http://renault.2web.at/result?searchterm=true&search=dokker" "Mozilla/5.0 (Windows NT 6.1; WOW64; Trident/7.0; rv:11.0) like Gecko"
193.194.132.28 - - [03/Oct/2018:09:44:10 +0200] "GET /css/prototip.css HTTP/1.1" 304 - "http://renault.2web.at/result?searchterm=true&search=dokker" "Mozilla/5.0 (Windows NT 6.1; WOW64; Trident/7.0; rv:11.0) like Gecko"
193.194.132.28 - - [03/Oct/2018:09:44:10 +0200] "GET /js/ProduktGrp.js HTTP/1.1" 304 - "http://renault.2web.at/result?searchterm=true&search=dokker" "Mozilla/5.0 (Windows NT 6.1; WOW64; Trident/7.0; rv:11.0) like Gecko"
193.194.132.28 - - [03/Oct/2018:09:44:10 +0200] "GET /images/loading.gif HTTP/1.1" 304 - "http://renault.2web.at/result?searchterm=true&search=dokker" "Mozilla/5.0 (Windows NT 6.1; WOW64; Trident/7.0; rv:11.0) like Gecko"
193.194.132.28 - - [03/Oct/2018:09:44:10 +0200] "GET /images/header_block_border.gif HTTP/1.1" 304 - "http://renault.2web.at/result?searchterm=true&search=dokker" "Mozilla/5.0 (Windows NT 6.1; WOW64; Trident/7.0; rv:11.0) like Gecko"
193.194.132.28 - - [03/Oct/2018:09:44:10 +0200] "GET /images/main_block_corner_right_top.gif HTTP/1.1" 304 - "http://renault.2web.at/result?searchterm=true&search=dokker" "Mozilla/5.0 (Windows NT 6.1; WOW64; Trident/7.0; rv:11.0) like Gecko"
193.194.132.28 - - [03/Oct/2018:09:44:10 +0200] "GET /images/main_block_corner_right_bot.gif HTTP/1.1" 304 - "http://renault.2web.at/result?searchterm=true&search=dokker" "Mozilla/5.0 (Windows NT 6.1; WOW64; Trident/7.0; rv:11.0) like Gecko"
193.194.132.28 - - [03/Oct/2018:09:44:10 +0200] "GET /images/header_block_corner_left_top.gif HTTP/1.1" 304 - "http://renault.2web.at/result?searchterm=true&search=dokker" "Mozilla/5.0 (Windows NT 6.1; WOW64; Trident/7.0; rv:11.0) like Gecko"
193.194.132.28 - - [03/Oct/2018:09:44:10 +0200] "GET /images/main_block_corner_left_bot.gif HTTP/1.1" 304 - "http://renault.2web.at/result?searchterm=true&search=dokker" "Mozilla/5.0 (Windows NT 6.1; WOW64; Trident/7.0; rv:11.0) like Gecko"
193.194.132.28 - - [03/Oct/2018:09:44:10 +0200] "GET /images/header_block_corner_right_top.gif HTTP/1.1" 304 - "http://renault.2web.at/result?searchterm=true&search=dokker" "Mozilla/5.0 (Windows NT 6.1; WOW64; Trident/7.0; rv:11.0) like Gecko"
193.194.132.28 - - [03/Oct/2018:09:44:10 +0200] "GET /images/main_block_corner_left_top.gif HTTP/1.1" 304 - "http://renault.2web.at/result?searchterm=true&search=dokker" "Mozilla/5.0 (Windows NT 6.1; WOW64; Trident/7.0; rv:11.0) like Gecko"
193.194.132.28 - - [03/Oct/2018:09:44:10 +0200] "GET /images/search_bg.gif HTTP/1.1" 304 - "http://renault.2web.at/result?searchterm=true&search=dokker" "Mozilla/5.0 (Windows NT 6.1; WOW64; Trident/7.0; rv:11.0) like Gecko"
193.194.132.28 - - [03/Oct/2018:09:44:10 +0200] "GET /images/button_bg.gif HTTP/1.1" 304 - "http://renault.2web.at/result?searchterm=true&search=dokker" "Mozilla/5.0 (Windows NT 6.1; WOW64; Trident/7.0; rv:11.0) like Gecko"
193.194.132.28 - - [03/Oct/2018:09:44:10 +0200] "GET /images/main_block_border.gif HTTP/1.1" 304 - "http://renault.2web.at/result?searchterm=true&search=dokker" "Mozilla/5.0 (Windows NT 6.1; WOW64; Trident/7.0; rv:11.0) like Gecko"
193.194.132.28 - - [03/Oct/2018:09:44:10 +0200] "GET /images/sidebar_title_corner_left_top.gif HTTP/1.1" 304 - "http://renault.2web.at/result?searchterm=true&search=dokker" "Mozilla/5.0 (Windows NT 6.1; WOW64; Trident/7.0; rv:11.0) like Gecko"
193.194.132.28 - - [03/Oct/2018:09:44:10 +0200] "GET /images/top_links_divider.gif HTTP/1.1" 304 - "http://renault.2web.at/result?searchterm=true&search=dokker" "Mozilla/5.0 (Windows NT 6.1; WOW64; Trident/7.0; rv:11.0) like Gecko"
193.194.132.28 - - [03/Oct/2018:09:44:10 +0200] "GET /images/sidebar_title_corner_right_top.gif HTTP/1.1" 304 - "http://renault.2web.at/result?searchterm=true&search=dokker" "Mozilla/5.0 (Windows NT 6.1; WOW64; Trident/7.0; rv:11.0) like Gecko"
193.194.132.28 - - [03/Oct/2018:09:44:10 +0200] "GET /images/button_right_bg.gif HTTP/1.1" 304 - "http://renault.2web.at/result?searchterm=true&search=dokker" "Mozilla/5.0 (Windows NT 6.1; WOW64; Trident/7.0; rv:11.0) like Gecko"
193.194.132.28 - - [03/Oct/2018:09:44:10 +0200] "GET /images/sidebar_title_border.gif HTTP/1.1" 304 - "http://renault.2web.at/result?searchterm=true&search=dokker" "Mozilla/5.0 (Windows NT 6.1; WOW64; Trident/7.0; rv:11.0) like Gecko"
193.194.132.28 - - [03/Oct/2018:09:44:10 +0200] "GET /images/title_corner_right_top.jpg HTTP/1.1" 304 - "http://renault.2web.at/result?searchterm=true&search=dokker" "Mozilla/5.0 (Windows NT 6.1; WOW64; Trident/7.0; rv:11.0) like Gecko"
193.194.132.28 - - [03/Oct/2018:09:44:10 +0200] "GET /images/menu_button_bg.jpg HTTP/1.1" 304 - "http://renault.2web.at/result?searchterm=true&search=dokker" "Mozilla/5.0 (Windows NT 6.1; WOW64; Trident/7.0; rv:11.0) like Gecko"
193.194.132.28 - - [03/Oct/2018:09:44:10 +0200] "GET /images/button_left_bg.gif HTTP/1.1" 304 - "http://renault.2web.at/result?searchterm=true&search=dokker" "Mozilla/5.0 (Windows NT 6.1; WOW64; Trident/7.0; rv:11.0) like Gecko"
193.194.132.28 - - [03/Oct/2018:09:44:10 +0200] "GET /images/menu_divider.gif HTTP/1.1" 304 - "http://renault.2web.at/result?searchterm=true&search=dokker" "Mozilla/5.0 (Windows NT 6.1; WOW64; Trident/7.0; rv:11.0) like Gecko"
193.194.132.28 - - [03/Oct/2018:09:44:10 +0200] "GET /images/sidebar_title_border_top.gif HTTP/1.1" 304 - "http://renault.2web.at/result?searchterm=true&search=dokker" "Mozilla/5.0 (Windows NT 6.1; WOW64; Trident/7.0; rv:11.0) like Gecko"
193.194.132.28 - - [03/Oct/2018:09:44:10 +0200] "GET /images/title_corner_left_top.jpg HTTP/1.1" 304 - "http://renault.2web.at/result?searchterm=true&search=dokker" "Mozilla/5.0 (Windows NT 6.1; WOW64; Trident/7.0; rv:11.0) like Gecko"
193.194.132.28 - - [03/Oct/2018:09:44:10 +0200] "GET /images/pager_bg.gif HTTP/1.1" 304 - "http://renault.2web.at/result?searchterm=true&search=dokker" "Mozilla/5.0 (Windows NT 6.1; WOW64; Trident/7.0; rv:11.0) like Gecko"
193.194.132.28 - - [03/Oct/2018:09:44:10 +0200] "GET /images/footer_divider.gif HTTP/1.1" 304 - "http://renault.2web.at/result?searchterm=true&search=dokker" "Mozilla/5.0 (Windows NT 6.1; WOW64; Trident/7.0; rv:11.0) like Gecko"
193.194.132.28 - - [03/Oct/2018:09:44:10 +0200] "GET /images/nav_divider.gif HTTP/1.1" 304 - "http://renault.2web.at/result?searchterm=true&search=dokker" "Mozilla/5.0 (Windows NT 6.1; WOW64; Trident/7.0; rv:11.0) like Gecko"
193.194.132.28 - - [03/Oct/2018:09:44:10 +0200] "GET /images/vista-up.gif HTTP/1.1" 304 - "http://renault.2web.at/result?searchterm=true&search=dokker" "Mozilla/5.0 (Windows NT 6.1; WOW64; Trident/7.0; rv:11.0) like Gecko"
193.194.132.28 - - [03/Oct/2018:09:44:10 +0200] "GET /images/validation_advice_bg.gif HTTP/1.1" 304 - "http://renault.2web.at/result?searchterm=true&search=dokker" "Mozilla/5.0 (Windows NT 6.1; WOW64; Trident/7.0; rv:11.0) like Gecko"
193.194.132.28 - - [03/Oct/2018:09:44:10 +0200] "GET /images/vista-dn.gif HTTP/1.1" 304 - "http://renault.2web.at/result?searchterm=true&search=dokker" "Mozilla/5.0 (Windows NT 6.1; WOW64; Trident/7.0; rv:11.0) like Gecko"
193.194.132.28 - - [03/Oct/2018:09:44:11 +0200] "GET /images/title_border.jpg HTTP/1.1" 304 - "http://renault.2web.at/result?searchterm=true&search=dokker" "Mozilla/5.0 (Windows NT 6.1; WOW64; Trident/7.0; rv:11.0) like Gecko"
193.194.132.28 - - [03/Oct/2018:09:44:11 +0200] "GET /images/title_border_top.jpg HTTP/1.1" 304 - "http://renault.2web.at/result?searchterm=true&search=dokker" "Mozilla/5.0 (Windows NT 6.1; WOW64; Trident/7.0; rv:11.0) like Gecko"
193.194.132.28 - - [03/Oct/2018:09:44:11 +0200] "GET /images/success_msg_icon.gif HTTP/1.1" 304 - "http://renault.2web.at/result?searchterm=true&search=dokker" "Mozilla/5.0 (Windows NT 6.1; WOW64; Trident/7.0; rv:11.0) like Gecko"
193.194.132.28 - - [03/Oct/2018:09:44:11 +0200] "GET /checkout HTTP/1.1" 200 22186 "http://renault.2web.at/result?searchterm=true&search=dokker" "Mozilla/5.0 (Windows NT 6.1; WOW64; Trident/7.0; rv:11.0) like Gecko"
193.194.132.28 - - [03/Oct/2018:09:44:20 +0200] "GET /js/checkout2.js HTTP/1.1" 304 - "http://renault.2web.at/checkout" "Mozilla/5.0 (Windows NT 6.1; WOW64; Trident/7.0; rv:11.0) like Gecko"
193.194.132.28 - - [03/Oct/2018:09:44:21 +0200] "GET /images/ajax_loading.gif HTTP/1.1" 304 - "http://renault.2web.at/checkout" "Mozilla/5.0 (Windows NT 6.1; WOW64; Trident/7.0; rv:11.0) like Gecko"
193.194.132.28 - - [03/Oct/2018:09:44:21 +0200] "GET /images/checkout_border.gif HTTP/1.1" 304 - "http://renault.2web.at/checkout" "Mozilla/5.0 (Windows NT 6.1; WOW64; Trident/7.0; rv:11.0) like Gecko"
193.194.132.28 - - [03/Oct/2018:09:44:21 +0200] "GET /loadthumbnail.php?id=10202698 HTTP/1.1" 200 16686 "http://renault.2web.at/checkout" "Mozilla/5.0 (Windows NT 6.1; WOW64; Trident/7.0; rv:11.0) like Gecko"
193.194.132.28 - - [03/Oct/2018:09:44:21 +0200] "GET /loadthumbnail.php?id=10201939 HTTP/1.1" 200 201 "http://renault.2web.at/checkout" "Mozilla/5.0 (Windows NT 6.1; WOW64; Trident/7.0; rv:11.0) like Gecko"
193.194.132.28 - - [03/Oct/2018:09:44:21 +0200] "GET /images/checkout_border_top.gif HTTP/1.1" 304 - "http://renault.2web.at/checkout" "Mozilla/5.0 (Windows NT 6.1; WOW64; Trident/7.0; rv:11.0) like Gecko"
193.194.132.28 - - [03/Oct/2018:09:44:21 +0200] "GET /images/step_marker.gif HTTP/1.1" 304 - "http://renault.2web.at/checkout" "Mozilla/5.0 (Windows NT 6.1; WOW64; Trident/7.0; rv:11.0) like Gecko"
193.194.132.28 - - [03/Oct/2018:09:44:21 +0200] "GET /images/step_bg.jpg HTTP/1.1" 304 - "http://renault.2web.at/checkout" "Mozilla/5.0 (Windows NT 6.1; WOW64; Trident/7.0; rv:11.0) like Gecko"
193.194.132.28 - - [03/Oct/2018:09:44:22 +0200] "POST /docheckout HTTP/1.1" 200 455 "http://renault.2web.at/checkout" "Mozilla/5.0 (Windows NT 6.1; WOW64; Trident/7.0; rv:11.0) like Gecko"
193.194.132.28 - - [03/Oct/2018:09:44:26 +0200] "POST /docheckout HTTP/1.1" 200 598 "http://renault.2web.at/checkout" "Mozilla/5.0 (Windows NT 6.1; WOW64; Trident/7.0; rv:11.0) like Gecko"
193.194.132.28 - - [03/Oct/2018:09:44:28 +0200] "GET /images/error_msg_icon.gif HTTP/1.1" 304 - "http://renault.2web.at/checkout" "Mozilla/5.0 (Windows NT 6.1; WOW64; Trident/7.0; rv:11.0) like Gecko"
193.194.132.28 - - [03/Oct/2018:09:44:29 +0200] "POST /docheckout HTTP/1.1" 200 68 "http://renault.2web.at/checkout" "Mozilla/5.0 (Windows NT 6.1; WOW64; Trident/7.0; rv:11.0) like Gecko"
213.153.47.173 - - [03/Oct/2018:09:44:34 +0200] "GET /reload?ser=1538552674408 HTTP/1.1" 200 28 "http://renault.activities.at/login?required=true" "Mozilla/5.0 (Windows NT 10.0; Win64; x64; rv:62.0) Gecko/20100101 Firefox/62.0"
193.194.132.28 - - [03/Oct/2018:09:44:32 +0200] "GET /success HTTP/1.1" 200 5902 "http://renault.2web.at/checkout" "Mozilla/5.0 (Windows NT 6.1; WOW64; Trident/7.0; rv:11.0) like Gecko"
193.194.132.28 - - [03/Oct/2018:09:44:35 +0200] "GET /css/reset.css HTTP/1.1" 304 - "http://renault.2web.at/success" "Mozilla/5.0 (Windows NT 6.1; WOW64; Trident/7.0; rv:11.0) like Gecko"
193.194.132.28 - - [03/Oct/2018:09:44:35 +0200] "GET /css/clears.css HTTP/1.1" 304 - "http://renault.2web.at/success" "Mozilla/5.0 (Windows NT 6.1; WOW64; Trident/7.0; rv:11.0) like Gecko"
193.194.132.28 - - [03/Oct/2018:09:44:35 +0200] "GET /css/themes/alphacube.css HTTP/1.1" 304 - "http://renault.2web.at/success" "Mozilla/5.0 (Windows NT 6.1; WOW64; Trident/7.0; rv:11.0) like Gecko"
193.194.132.28 - - [03/Oct/2018:09:44:35 +0200] "GET /css/prototip.css HTTP/1.1" 304 - "http://renault.2web.at/success" "Mozilla/5.0 (Windows NT 6.1; WOW64; Trident/7.0; rv:11.0) like Gecko"
193.194.132.28 - - [03/Oct/2018:09:44:35 +0200] "GET /css/themes/default.css HTTP/1.1" 304 - "http://renault.2web.at/success" "Mozilla/5.0 (Windows NT 6.1; WOW64; Trident/7.0; rv:11.0) like Gecko"
193.194.132.28 - - [03/Oct/2018:09:44:35 +0200] "GET /css/print.css HTTP/1.1" 304 - "http://renault.2web.at/success" "Mozilla/5.0 (Windows NT 6.1; WOW64; Trident/7.0; rv:11.0) like Gecko"
193.194.132.28 - - [03/Oct/2018:09:44:35 +0200] "GET /js/checkout.css HTTP/1.1" 304 - "http://renault.2web.at/success" "Mozilla/5.0 (Windows NT 6.1; WOW64; Trident/7.0; rv:11.0) like Gecko"
193.194.132.28 - - [03/Oct/2018:09:44:35 +0200] "GET /images/header_block_corner_right_top.gif HTTP/1.1" 304 - "http://renault.2web.at/success" "Mozilla/5.0 (Windows NT 6.1; WOW64; Trident/7.0; rv:11.0) like Gecko"
193.194.132.28 - - [03/Oct/2018:09:44:35 +0200] "GET /images/header_block_border.gif HTTP/1.1" 304 - "http://renault.2web.at/success" "Mozilla/5.0 (Windows NT 6.1; WOW64; Trident/7.0; rv:11.0) like Gecko"
193.194.132.28 - - [03/Oct/2018:09:44:35 +0200] "GET /images/search_bg.gif HTTP/1.1" 304 - "http://renault.2web.at/success" "Mozilla/5.0 (Windows NT 6.1; WOW64; Trident/7.0; rv:11.0) like Gecko"
193.194.132.28 - - [03/Oct/2018:09:44:35 +0200] "GET /images/header_block_corner_left_top.gif HTTP/1.1" 304 - "http://renault.2web.at/success" "Mozilla/5.0 (Windows NT 6.1; WOW64; Trident/7.0; rv:11.0) like Gecko"
193.194.132.28 - - [03/Oct/2018:09:44:35 +0200] "GET /images/title_corner_right_top.jpg HTTP/1.1" 304 - "http://renault.2web.at/success" "Mozilla/5.0 (Windows NT 6.1; WOW64; Trident/7.0; rv:11.0) like Gecko"
193.194.132.28 - - [03/Oct/2018:09:44:35 +0200] "GET /images/top_links_divider.gif HTTP/1.1" 304 - "http://renault.2web.at/success" "Mozilla/5.0 (Windows NT 6.1; WOW64; Trident/7.0; rv:11.0) like Gecko"
193.194.132.28 - - [03/Oct/2018:09:44:35 +0200] "GET /images/title_corner_left_top.jpg HTTP/1.1" 304 - "http://renault.2web.at/success" "Mozilla/5.0 (Windows NT 6.1; WOW64; Trident/7.0; rv:11.0) like Gecko"
193.194.132.28 - - [03/Oct/2018:09:44:35 +0200] "GET /images/nav_divider.gif HTTP/1.1" 304 - "http://renault.2web.at/success" "Mozilla/5.0 (Windows NT 6.1; WOW64; Trident/7.0; rv:11.0) like Gecko"
193.194.132.28 - - [03/Oct/2018:09:44:35 +0200] "GET /images/title_border.jpg HTTP/1.1" 304 - "http://renault.2web.at/success" "Mozilla/5.0 (Windows NT 6.1; WOW64; Trident/7.0; rv:11.0) like Gecko"
193.194.132.28 - - [03/Oct/2018:09:44:35 +0200] "GET /images/main_block_corner_right_bot.gif HTTP/1.1" 304 - "http://renault.2web.at/success" "Mozilla/5.0 (Windows NT 6.1; WOW64; Trident/7.0; rv:11.0) like Gecko"
193.194.132.28 - - [03/Oct/2018:09:44:35 +0200] "GET /images/title_border_top.jpg HTTP/1.1" 304 - "http://renault.2web.at/success" "Mozilla/5.0 (Windows NT 6.1; WOW64; Trident/7.0; rv:11.0) like Gecko"
193.194.132.28 - - [03/Oct/2018:09:44:35 +0200] "GET /images/main_block_corner_right_top.gif HTTP/1.1" 304 - "http://renault.2web.at/success" "Mozilla/5.0 (Windows NT 6.1; WOW64; Trident/7.0; rv:11.0) like Gecko"
193.194.132.28 - - [03/Oct/2018:09:44:35 +0200] "GET /images/menu_divider.gif HTTP/1.1" 304 - "http://renault.2web.at/success" "Mozilla/5.0 (Windows NT 6.1; WOW64; Trident/7.0; rv:11.0) like Gecko"
193.194.132.28 - - [03/Oct/2018:09:44:35 +0200] "GET /images/main_block_corner_left_bot.gif HTTP/1.1" 304 - "http://renault.2web.at/success" "Mozilla/5.0 (Windows NT 6.1; WOW64; Trident/7.0; rv:11.0) like Gecko"
193.194.132.28 - - [03/Oct/2018:09:44:35 +0200] "GET /images/footer_divider.gif HTTP/1.1" 304 - "http://renault.2web.at/success" "Mozilla/5.0 (Windows NT 6.1; WOW64; Trident/7.0; rv:11.0) like Gecko"
193.194.132.28 - - [03/Oct/2018:09:44:35 +0200] "GET /images/menu_button_bg.jpg HTTP/1.1" 304 - "http://renault.2web.at/success" "Mozilla/5.0 (Windows NT 6.1; WOW64; Trident/7.0; rv:11.0) like Gecko"
193.194.132.28 - - [03/Oct/2018:09:44:35 +0200] "GET /images/main_block_border.gif HTTP/1.1" 304 - "http://renault.2web.at/success" "Mozilla/5.0 (Windows NT 6.1; WOW64; Trident/7.0; rv:11.0) like Gecko"
193.194.132.28 - - [03/Oct/2018:09:44:35 +0200] "GET /images/main_block_corner_left_top.gif HTTP/1.1" 304 - "http://renault.2web.at/success" "Mozilla/5.0 (Windows NT 6.1; WOW64; Trident/7.0; rv:11.0) like Gecko"
193.194.132.28 - - [03/Oct/2018:09:44:35 +0200] "GET /images/button_left_bg.gif HTTP/1.1" 304 - "http://renault.2web.at/success" "Mozilla/5.0 (Windows NT 6.1; WOW64; Trident/7.0; rv:11.0) like Gecko"
193.194.132.25 - - [03/Oct/2018:09:44:59 +0200] "GET /reload?ser=1538552699381 HTTP/1.1" 200 28 "http://renault.2web.at/result?dir=DESC&mode=grid&order=name&limit=15&page=2&search=megane" "Mozilla/5.0 (Windows NT 6.1; WOW64; Trident/7.0; rv:11.0) like Gecko"
213.153.47.173 - - [03/Oct/2018:09:45:35 +0200] "GET /reload?ser=1538552735073 HTTP/1.1" 200 28 "http://renault.activities.at/login?required=true" "Mozilla/5.0 (Windows NT 10.0; Win64; x64; rv:62.0) Gecko/20100101 Firefox/62.0"
193.194.132.28 - - [03/Oct/2018:09:45:35 +0200] "GET /reload?ser=1538552735676 HTTP/1.1" 200 28 "http://renault.2web.at/success" "Mozilla/5.0 (Windows NT 6.1; WOW64; Trident/7.0; rv:11.0) like Gecko"
193.194.132.25 - - [03/Oct/2018:09:46:00 +0200] "GET /reload?ser=1538552760441 HTTP/1.1" 200 28 "http://renault.2web.at/result?dir=DESC&mode=grid&order=name&limit=15&page=2&search=megane" "Mozilla/5.0 (Windows NT 6.1; WOW64; Trident/7.0; rv:11.0) like Gecko"
213.153.47.173 - - [03/Oct/2018:09:46:35 +0200] "GET /reload?ser=1538552795727 HTTP/1.1" 200 28 "http://renault.activities.at/login?required=true" "Mozilla/5.0 (Windows NT 10.0; Win64; x64; rv:62.0) Gecko/20100101 Firefox/62.0"
193.194.132.28 - - [03/Oct/2018:09:46:36 +0200] "GET /reload?ser=1538552796727 HTTP/1.1" 200 28 "http://renault.2web.at/success" "Mozilla/5.0 (Windows NT 6.1; WOW64; Trident/7.0; rv:11.0) like Gecko"
193.194.132.25 - - [03/Oct/2018:09:47:01 +0200] "GET /reload?ser=1538552821495 HTTP/1.1" 200 28 "http://renault.2web.at/result?dir=DESC&mode=grid&order=name&limit=15&page=2&search=megane" "Mozilla/5.0 (Windows NT 6.1; WOW64; Trident/7.0; rv:11.0) like Gecko"
213.153.47.173 - - [03/Oct/2018:09:47:36 +0200] "GET /reload?ser=1538552856408 HTTP/1.1" 200 28 "http://renault.activities.at/login?required=true" "Mozilla/5.0 (Windows NT 10.0; Win64; x64; rv:62.0) Gecko/20100101 Firefox/62.0"
193.194.132.28 - - [03/Oct/2018:09:47:38 +0200] "GET /reload?ser=1538552857875 HTTP/1.1" 200 28 "http://renault.2web.at/success" "Mozilla/5.0 (Windows NT 6.1; WOW64; Trident/7.0; rv:11.0) like Gecko"
193.194.132.25 - - [03/Oct/2018:09:48:02 +0200] "GET /reload?ser=1538552882572 HTTP/1.1" 200 28 "http://renault.2web.at/result?dir=DESC&mode=grid&order=name&limit=15&page=2&search=megane" "Mozilla/5.0 (Windows NT 6.1; WOW64; Trident/7.0; rv:11.0) like Gecko"
213.153.47.173 - - [03/Oct/2018:09:48:37 +0200] "GET /reload?ser=1538552917081 HTTP/1.1" 200 28 "http://renault.activities.at/login?required=true" "Mozilla/5.0 (Windows NT 10.0; Win64; x64; rv:62.0) Gecko/20100101 Firefox/62.0"
193.194.132.28 - - [03/Oct/2018:09:48:39 +0200] "GET /reload?ser=1538552919000 HTTP/1.1" 200 28 "http://renault.2web.at/success" "Mozilla/5.0 (Windows NT 6.1; WOW64; Trident/7.0; rv:11.0) like Gecko"
193.194.132.25 - - [03/Oct/2018:09:49:03 +0200] "GET /reload?ser=1538552943611 HTTP/1.1" 200 28 "http://renault.2web.at/result?dir=DESC&mode=grid&order=name&limit=15&page=2&search=megane" "Mozilla/5.0 (Windows NT 6.1; WOW64; Trident/7.0; rv:11.0) like Gecko"
213.153.47.173 - - [03/Oct/2018:09:49:37 +0200] "GET /reload?ser=1538552977742 HTTP/1.1" 200 28 "http://renault.activities.at/login?required=true" "Mozilla/5.0 (Windows NT 10.0; Win64; x64; rv:62.0) Gecko/20100101 Firefox/62.0"
193.194.132.28 - - [03/Oct/2018:09:49:40 +0200] "GET /reload?ser=1538552980123 HTTP/1.1" 200 28 "http://renault.2web.at/success" "Mozilla/5.0 (Windows NT 6.1; WOW64; Trident/7.0; rv:11.0) like Gecko"
193.194.132.25 - - [03/Oct/2018:09:50:04 +0200] "GET /reload?ser=1538553004664 HTTP/1.1" 200 28 "http://renault.2web.at/result?dir=DESC&mode=grid&order=name&limit=15&page=2&search=megane" "Mozilla/5.0 (Windows NT 6.1; WOW64; Trident/7.0; rv:11.0) like Gecko"
83.219.165.34 - - [03/Oct/2018:09:50:16 +0200] "GET /login HTTP/1.1" 200 2086 "-" "Mozilla/5.0 (Windows NT 10.0; Win64; x64; rv:62.0) Gecko/20100101 Firefox/62.0"
83.219.165.34 - - [03/Oct/2018:09:50:17 +0200] "GET /js/default.js HTTP/1.1" 200 14698 "http://renault.activities.at/login" "Mozilla/5.0 (Windows NT 10.0; Win64; x64; rv:62.0) Gecko/20100101 Firefox/62.0"
83.219.165.34 - - [03/Oct/2018:09:50:17 +0200] "GET /css/print.css HTTP/1.1" 200 543 "http://renault.activities.at/login" "Mozilla/5.0 (Windows NT 10.0; Win64; x64; rv:62.0) Gecko/20100101 Firefox/62.0"
83.219.165.34 - - [03/Oct/2018:09:50:17 +0200] "GET /js/checkout.css HTTP/1.1" 200 359 "http://renault.activities.at/login" "Mozilla/5.0 (Windows NT 10.0; Win64; x64; rv:62.0) Gecko/20100101 Firefox/62.0"
83.219.165.34 - - [03/Oct/2018:09:50:17 +0200] "GET /css/styles.css HTTP/1.1" 200 14664 "http://renault.activities.at/login" "Mozilla/5.0 (Windows NT 10.0; Win64; x64; rv:62.0) Gecko/20100101 Firefox/62.0"
83.219.165.34 - - [03/Oct/2018:09:50:17 +0200] "GET /css/reset.css HTTP/1.1" 200 1356 "http://renault.activities.at/login" "Mozilla/5.0 (Windows NT 10.0; Win64; x64; rv:62.0) Gecko/20100101 Firefox/62.0"
83.219.165.34 - - [03/Oct/2018:09:50:17 +0200] "GET /css/clears.css HTTP/1.1" 200 851 "http://renault.activities.at/login" "Mozilla/5.0 (Windows NT 10.0; Win64; x64; rv:62.0) Gecko/20100101 Firefox/62.0"
83.219.165.34 - - [03/Oct/2018:09:50:17 +0200] "GET /css/prototip.css HTTP/1.1" 200 968 "http://renault.activities.at/login" "Mozilla/5.0 (Windows NT 10.0; Win64; x64; rv:62.0) Gecko/20100101 Firefox/62.0"
83.219.165.34 - - [03/Oct/2018:09:50:17 +0200] "GET /js/index.php?c=auto&f=,prototype/prototype.js,prototype/validation.js,scriptaculous/builder.js,scriptaculous/effects.js,scriptaculous/dragdrop.js,scriptaculous/controls.js,scriptaculous/slider.js,varien/js.js,varien/form.js,varien/menu.js,mage/translate.js,mage/cookies.js,varien/product.js,spinner/SpinnerControl.jsmin.js,prototype/window.js,prototype/window_ext.js HTTP/1.1" 200 94182 "http://renault.activities.at/login" "Mozilla/5.0 (Windows NT 10.0; Win64; x64; rv:62.0) Gecko/20100101 Firefox/62.0"
83.219.165.34 - - [03/Oct/2018:09:50:17 +0200] "GET /css/themes/default.css HTTP/1.1" 200 769 "http://renault.activities.at/login" "Mozilla/5.0 (Windows NT 10.0; Win64; x64; rv:62.0) Gecko/20100101 Firefox/62.0"
83.219.165.34 - - [03/Oct/2018:09:50:17 +0200] "GET /css/themes/alphacube.css HTTP/1.1" 200 743 "http://renault.activities.at/login" "Mozilla/5.0 (Windows NT 10.0; Win64; x64; rv:62.0) Gecko/20100101 Firefox/62.0"
83.219.165.34 - - [03/Oct/2018:09:50:17 +0200] "GET /images/header_block_corner_left_top.gif HTTP/1.1" 200 160 "http://renault.activities.at/css/styles.css" "Mozilla/5.0 (Windows NT 10.0; Win64; x64; rv:62.0) Gecko/20100101 Firefox/62.0"
83.219.165.34 - - [03/Oct/2018:09:50:17 +0200] "GET /images/main_block_corner_right_bot.gif HTTP/1.1" 200 158 "http://renault.activities.at/css/styles.css" "Mozilla/5.0 (Windows NT 10.0; Win64; x64; rv:62.0) Gecko/20100101 Firefox/62.0"
83.219.165.34 - - [03/Oct/2018:09:50:17 +0200] "GET /images/header_block_border.gif HTTP/1.1" 200 43 "http://renault.activities.at/css/styles.css" "Mozilla/5.0 (Windows NT 10.0; Win64; x64; rv:62.0) Gecko/20100101 Firefox/62.0"
83.219.165.34 - - [03/Oct/2018:09:50:17 +0200] "GET /images/header_block_corner_right_top.gif HTTP/1.1" 200 160 "http://renault.activities.at/css/styles.css" "Mozilla/5.0 (Windows NT 10.0; Win64; x64; rv:62.0) Gecko/20100101 Firefox/62.0"
83.219.165.34 - - [03/Oct/2018:09:50:17 +0200] "GET /images/main_block_corner_left_bot.gif HTTP/1.1" 200 159 "http://renault.activities.at/css/styles.css" "Mozilla/5.0 (Windows NT 10.0; Win64; x64; rv:62.0) Gecko/20100101 Firefox/62.0"
83.219.165.34 - - [03/Oct/2018:09:50:17 +0200] "GET /images/main_block_corner_left_top.gif HTTP/1.1" 200 159 "http://renault.activities.at/css/styles.css" "Mozilla/5.0 (Windows NT 10.0; Win64; x64; rv:62.0) Gecko/20100101 Firefox/62.0"
83.219.165.34 - - [03/Oct/2018:09:50:17 +0200] "GET /images/main_block_border.gif HTTP/1.1" 200 43 "http://renault.activities.at/css/styles.css" "Mozilla/5.0 (Windows NT 10.0; Win64; x64; rv:62.0) Gecko/20100101 Firefox/62.0"
83.219.165.34 - - [03/Oct/2018:09:50:18 +0200] "GET /images/main_block_corner_right_top.gif HTTP/1.1" 200 159 "http://renault.activities.at/css/styles.css" "Mozilla/5.0 (Windows NT 10.0; Win64; x64; rv:62.0) Gecko/20100101 Firefox/62.0"
83.219.165.34 - - [03/Oct/2018:09:50:18 +0200] "GET /images/title_border.jpg HTTP/1.1" 200 304 "http://renault.activities.at/css/styles.css" "Mozilla/5.0 (Windows NT 10.0; Win64; x64; rv:62.0) Gecko/20100101 Firefox/62.0"
83.219.165.34 - - [03/Oct/2018:09:50:18 +0200] "GET /images/title_border_top.jpg HTTP/1.1" 200 336 "http://renault.activities.at/css/styles.css" "Mozilla/5.0 (Windows NT 10.0; Win64; x64; rv:62.0) Gecko/20100101 Firefox/62.0"
83.219.165.34 - - [03/Oct/2018:09:50:18 +0200] "GET /images/title_corner_left_top.jpg HTTP/1.1" 200 372 "http://renault.activities.at/css/styles.css" "Mozilla/5.0 (Windows NT 10.0; Win64; x64; rv:62.0) Gecko/20100101 Firefox/62.0"
83.219.165.34 - - [03/Oct/2018:09:50:18 +0200] "GET /images/title_corner_right_top.jpg HTTP/1.1" 200 389 "http://renault.activities.at/css/styles.css" "Mozilla/5.0 (Windows NT 10.0; Win64; x64; rv:62.0) Gecko/20100101 Firefox/62.0"
83.219.165.34 - - [03/Oct/2018:09:50:18 +0200] "GET /loadthumbnail.php?id=11127982 HTTP/1.1" 200 399614 "http://renault.activities.at/login" "Mozilla/5.0 (Windows NT 10.0; Win64; x64; rv:62.0) Gecko/20100101 Firefox/62.0"
83.219.165.34 - - [03/Oct/2018:09:50:18 +0200] "GET /images/button_right_bg.gif HTTP/1.1" 200 561 "http://renault.activities.at/css/styles.css" "Mozilla/5.0 (Windows NT 10.0; Win64; x64; rv:62.0) Gecko/20100101 Firefox/62.0"
83.219.165.34 - - [03/Oct/2018:09:50:18 +0200] "GET /images/button_left_bg.gif HTTP/1.1" 200 564 "http://renault.activities.at/css/styles.css" "Mozilla/5.0 (Windows NT 10.0; Win64; x64; rv:62.0) Gecko/20100101 Firefox/62.0"
83.219.165.34 - - [03/Oct/2018:09:50:18 +0200] "GET /images/button_bg.gif HTTP/1.1" 200 151 "http://renault.activities.at/css/styles.css" "Mozilla/5.0 (Windows NT 10.0; Win64; x64; rv:62.0) Gecko/20100101 Firefox/62.0"
83.219.165.34 - - [03/Oct/2018:09:50:18 +0200] "GET /images/favicon.ico HTTP/1.1" 404 305 "-" "Mozilla/5.0 (Windows NT 10.0; Win64; x64; rv:62.0) Gecko/20100101 Firefox/62.0"
83.219.165.34 - - [03/Oct/2018:09:50:23 +0200] "POST /login HTTP/1.1" 302 140 "http://renault.activities.at/login" "Mozilla/5.0 (Windows NT 10.0; Win64; x64; rv:62.0) Gecko/20100101 Firefox/62.0"
83.219.165.34 - - [03/Oct/2018:09:50:25 +0200] "GET /account HTTP/1.1" 200 7089 "http://renault.activities.at/login" "Mozilla/5.0 (Windows NT 10.0; Win64; x64; rv:62.0) Gecko/20100101 Firefox/62.0"
83.219.165.34 - - [03/Oct/2018:09:50:29 +0200] "GET /js/account.js HTTP/1.1" 200 953 "http://renault.activities.at/account" "Mozilla/5.0 (Windows NT 10.0; Win64; x64; rv:62.0) Gecko/20100101 Firefox/62.0"
83.219.165.34 - - [03/Oct/2018:09:50:29 +0200] "GET /loadthumbnail.php?id=11181173&width=50&height=50 HTTP/1.1" 200 982 "http://renault.activities.at/account" "Mozilla/5.0 (Windows NT 10.0; Win64; x64; rv:62.0) Gecko/20100101 Firefox/62.0"
83.219.165.34 - - [03/Oct/2018:09:50:29 +0200] "GET /loadthumbnail.php?id=11181167&width=50&height=50 HTTP/1.1" 200 988 "http://renault.activities.at/account" "Mozilla/5.0 (Windows NT 10.0; Win64; x64; rv:62.0) Gecko/20100101 Firefox/62.0"
83.219.165.34 - - [03/Oct/2018:09:50:29 +0200] "GET /loadthumbnail.php?id=11181169&width=50&height=50 HTTP/1.1" 200 982 "http://renault.activities.at/account" "Mozilla/5.0 (Windows NT 10.0; Win64; x64; rv:62.0) Gecko/20100101 Firefox/62.0"
83.219.165.34 - - [03/Oct/2018:09:50:29 +0200] "GET /loadthumbnail.php?id=10995605&width=50&height=50 HTTP/1.1" 200 735 "http://renault.activities.at/account" "Mozilla/5.0 (Windows NT 10.0; Win64; x64; rv:62.0) Gecko/20100101 Firefox/62.0"
83.219.165.34 - - [03/Oct/2018:09:50:29 +0200] "GET /loadthumbnail.php?id=11711045&width=50&height=50 HTTP/1.1" 200 1132 "http://renault.activities.at/account" "Mozilla/5.0 (Windows NT 10.0; Win64; x64; rv:62.0) Gecko/20100101 Firefox/62.0"
83.219.165.34 - - [03/Oct/2018:09:50:29 +0200] "GET /images/menu_button_bg.jpg HTTP/1.1" 200 322 "http://renault.activities.at/css/styles.css" "Mozilla/5.0 (Windows NT 10.0; Win64; x64; rv:62.0) Gecko/20100101 Firefox/62.0"
83.219.165.34 - - [03/Oct/2018:09:50:29 +0200] "GET /images/top_links_divider.gif HTTP/1.1" 200 44 "http://renault.activities.at/css/styles.css" "Mozilla/5.0 (Windows NT 10.0; Win64; x64; rv:62.0) Gecko/20100101 Firefox/62.0"
83.219.165.34 - - [03/Oct/2018:09:50:29 +0200] "GET /images/ajax_loading.gif HTTP/1.1" 304 - "http://renault.activities.at/account" "Mozilla/5.0 (Windows NT 10.0; Win64; x64; rv:62.0) Gecko/20100101 Firefox/62.0"
83.219.165.34 - - [03/Oct/2018:09:50:29 +0200] "GET /loadthumbnail.php?id=11181212&width=50&height=50 HTTP/1.1" 200 1005 "http://renault.activities.at/account" "Mozilla/5.0 (Windows NT 10.0; Win64; x64; rv:62.0) Gecko/20100101 Firefox/62.0"
83.219.165.34 - - [03/Oct/2018:09:50:29 +0200] "GET /images/nav_divider.gif HTTP/1.1" 200 43 "http://renault.activities.at/css/styles.css" "Mozilla/5.0 (Windows NT 10.0; Win64; x64; rv:62.0) Gecko/20100101 Firefox/62.0"
83.219.165.34 - - [03/Oct/2018:09:50:29 +0200] "GET /images/menu_divider.gif HTTP/1.1" 200 176 "http://renault.activities.at/css/styles.css" "Mozilla/5.0 (Windows NT 10.0; Win64; x64; rv:62.0) Gecko/20100101 Firefox/62.0"
83.219.165.34 - - [03/Oct/2018:09:50:29 +0200] "GET /images/sidebar_title_border.gif HTTP/1.1" 200 43 "http://renault.activities.at/css/styles.css" "Mozilla/5.0 (Windows NT 10.0; Win64; x64; rv:62.0) Gecko/20100101 Firefox/62.0"
83.219.165.34 - - [03/Oct/2018:09:50:29 +0200] "GET /images/search_bg.gif HTTP/1.1" 304 - "http://renault.activities.at/css/styles.css" "Mozilla/5.0 (Windows NT 10.0; Win64; x64; rv:62.0) Gecko/20100101 Firefox/62.0"
83.219.165.34 - - [03/Oct/2018:09:50:29 +0200] "GET /images/sidebar_title_border_top.gif HTTP/1.1" 200 155 "http://renault.activities.at/css/styles.css" "Mozilla/5.0 (Windows NT 10.0; Win64; x64; rv:62.0) Gecko/20100101 Firefox/62.0"
83.219.165.34 - - [03/Oct/2018:09:50:29 +0200] "GET /images/sidebar_title_corner_left_top.gif HTTP/1.1" 304 - "http://renault.activities.at/css/styles.css" "Mozilla/5.0 (Windows NT 10.0; Win64; x64; rv:62.0) Gecko/20100101 Firefox/62.0"
83.219.165.34 - - [03/Oct/2018:09:50:29 +0200] "GET /images/sidebar_title_corner_right_top.gif HTTP/1.1" 200 383 "http://renault.activities.at/css/styles.css" "Mozilla/5.0 (Windows NT 10.0; Win64; x64; rv:62.0) Gecko/20100101 Firefox/62.0"
83.219.165.34 - - [03/Oct/2018:09:50:29 +0200] "GET /images/reset_bg.gif HTTP/1.1" 200 785 "http://renault.activities.at/css/styles.css" "Mozilla/5.0 (Windows NT 10.0; Win64; x64; rv:62.0) Gecko/20100101 Firefox/62.0"
83.219.165.34 - - [03/Oct/2018:09:50:29 +0200] "GET /images/footer_divider.gif HTTP/1.1" 200 44 "http://renault.activities.at/css/styles.css" "Mozilla/5.0 (Windows NT 10.0; Win64; x64; rv:62.0) Gecko/20100101 Firefox/62.0"
83.219.165.34 - - [03/Oct/2018:09:50:29 +0200] "GET /loadthumbnail.php?id=11181171&width=50&height=50 HTTP/1.1" 200 982 "http://renault.activities.at/account" "Mozilla/5.0 (Windows NT 10.0; Win64; x64; rv:62.0) Gecko/20100101 Firefox/62.0"
83.219.165.34 - - [03/Oct/2018:09:50:29 +0200] "GET /favicon.ico HTTP/1.1" 304 - "-" "Mozilla/5.0 (Windows NT 10.0; Win64; x64; rv:62.0) Gecko/20100101 Firefox/62.0"
213.153.47.173 - - [03/Oct/2018:09:50:38 +0200] "GET /reload?ser=1538553038395 HTTP/1.1" 200 28 "http://renault.activities.at/login?required=true" "Mozilla/5.0 (Windows NT 10.0; Win64; x64; rv:62.0) Gecko/20100101 Firefox/62.0"
83.219.165.34 - - [03/Oct/2018:09:50:37 +0200] "GET /result?searchterm=true&search=duster HTTP/1.1" 200 8998 "http://renault.activities.at/account" "Mozilla/5.0 (Windows NT 10.0; Win64; x64; rv:62.0) Gecko/20100101 Firefox/62.0"
83.219.165.34 - - [03/Oct/2018:09:50:40 +0200] "GET /js/prototip.js HTTP/1.1" 200 4588 "http://renault.activities.at/result?searchterm=true&search=duster" "Mozilla/5.0 (Windows NT 10.0; Win64; x64; rv:62.0) Gecko/20100101 Firefox/62.0"
